-- Table structure for table `inv_depositos`
--

CREATE TABLE `inv_depositos` (
  `id` bigint(20) unsigned NOT NULL AUTO_INCREMENT,
  `user_id` int(10) unsigned DEFAULT NULL,
  `person_id` int(10) unsigned NOT NULL,
  `descripcion` text COLLATE utf8mb4_unicode_ci NOT NULL,
  `habilitado` tinyint(1) NOT NULL DEFAULT '1',
  `deleted_at` timestamp NULL DEFAULT NULL,
  `created_at` timestamp NULL DEFAULT NULL,
  `updated_at` timestamp NULL DEFAULT NULL,
  PRIMARY KEY (`id`),
  KEY `inv_depositos_person_id_foreign` (`person_id`),
  CONSTRAINT `inv_depositos_person_id_foreign` FOREIGN KEY (`person_id`) REFERENCES `persons` (`id`)
) ENGINE=InnoDB AUTO_INCREMENT=3 DEFAULT CHARSET=utf8mb4 COLLATE=utf8mb4_unicode_ci;

--
-- Dumping data for table `inv_depositos`
--

INSERT INTO `inv_depositos` VALUES (1,7463,40920,'Deposito 1',0,NULL,NULL,'2024-08-29 16:34:50'),(2,NULL,40922,'Deposito 1',1,NULL,NULL,NULL);

--
-- Table structure for table `inv_descarga_details`
--

CREATE TABLE `inv_descarga_details` (
  `id` bigint(20) unsigned NOT NULL AUTO_INCREMENT,
  `user_id` int(10) unsigned DEFAULT NULL,
  `person_id` int(10) unsigned NOT NULL,
  `inv_descarga_id` bigint(20) unsigned DEFAULT NULL,
  `inv_producto_id` bigint(20) unsigned DEFAULT NULL,
  `inv_deposito_id` bigint(20) unsigned DEFAULT NULL,
  `cantidades` decimal(16,2) NOT NULL DEFAULT '0.00',
  `created_at` timestamp NULL DEFAULT NULL,
  `updated_at` timestamp NULL DEFAULT NULL,
  `deleted_at` timestamp NULL DEFAULT NULL,
  PRIMARY KEY (`id`),
  KEY `inv_descarga_details_person_id_foreign` (`person_id`),
  KEY `inv_descarga_details_inv_producto_id_foreign` (`inv_producto_id`),
  KEY `inv_descarga_details_inv_descarga_id_foreign` (`inv_descarga_id`),
  KEY `inv_descarga_details_inv_deposito_id_foreign` (`inv_deposito_id`),
  CONSTRAINT `inv_descarga_details_inv_deposito_id_foreign` FOREIGN KEY (`inv_deposito_id`) REFERENCES `inv_depositos` (`id`),
  CONSTRAINT `inv_descarga_details_inv_descarga_id_foreign` FOREIGN KEY (`inv_descarga_id`) REFERENCES `inv_descargas` (`id`),
  CONSTRAINT `inv_descarga_details_inv_producto_id_foreign` FOREIGN KEY (`inv_producto_id`) REFERENCES `inv_productos` (`id`),
  CONSTRAINT `inv_descarga_details_person_id_foreign` FOREIGN KEY (`person_id`) REFERENCES `persons` (`id`)
) ENGINE=InnoDB DEFAULT CHARSET=utf8mb4 COLLATE=utf8mb4_unicode_ci;

--
-- Dumping data for table `inv_descarga_details`
--


--
-- Table structure for table `inv_descargas`
--

CREATE TABLE `inv_descargas` (
  `id` bigint(20) unsigned NOT NULL AUTO_INCREMENT,
  `user_id` int(10) unsigned DEFAULT NULL,
  `person_id` int(10) unsigned NOT NULL,
  `inv_orden_trabajo_gastos_tipo_id` bigint(20) unsigned DEFAULT NULL,
  `syj_empleado_id` int(10) unsigned DEFAULT NULL,
  `comentario` text COLLATE utf8mb4_unicode_ci,
  `fecha` datetime NOT NULL DEFAULT '2023-03-15 23:51:22',
  `created_at` timestamp NULL DEFAULT NULL,
  `updated_at` timestamp NULL DEFAULT NULL,
  `deleted_at` timestamp NULL DEFAULT NULL,
  PRIMARY KEY (`id`),
  KEY `inv_descargas_person_id_foreign` (`person_id`),
  KEY `inv_descargas_inv_orden_trabajo_gastos_tipo_id_foreign` (`inv_orden_trabajo_gastos_tipo_id`),
  KEY `inv_descargas_syj_empleado_id_foreign` (`syj_empleado_id`),
  CONSTRAINT `inv_descargas_inv_orden_trabajo_gastos_tipo_id_foreign` FOREIGN KEY (`inv_orden_trabajo_gastos_tipo_id`) REFERENCES `inv_orden_trabajo_gastos_tipos` (`id`),
  CONSTRAINT `inv_descargas_person_id_foreign` FOREIGN KEY (`person_id`) REFERENCES `persons` (`id`),
  CONSTRAINT `inv_descargas_syj_empleado_id_foreign` FOREIGN KEY (`syj_empleado_id`) REFERENCES `syj_empleados` (`id`)
) ENGINE=InnoDB DEFAULT CHARSET=utf8mb4 COLLATE=utf8mb4_unicode_ci;

--
-- Dumping data for table `inv_descargas`
--


--
-- Table structure for table `inv_indicadores`
--

CREATE TABLE `inv_indicadores` (
  `id` bigint(20) unsigned NOT NULL AUTO_INCREMENT,
  `user_id` int(10) unsigned DEFAULT NULL,
  `descripcion` varchar(191) COLLATE utf8mb4_unicode_ci NOT NULL,
  `metodo` varchar(191) COLLATE utf8mb4_unicode_ci NOT NULL,
  `tipo` varchar(191) COLLATE utf8mb4_unicode_ci NOT NULL,
  `orden` int(10) unsigned NOT NULL,
  `habilitado` tinyint(1) NOT NULL DEFAULT '1',
  `created_at` timestamp NULL DEFAULT NULL,
  `updated_at` timestamp NULL DEFAULT NULL,
  `deleted_at` timestamp NULL DEFAULT NULL,
  PRIMARY KEY (`id`)
) ENGINE=InnoDB AUTO_INCREMENT=11 DEFAULT CHARSET=utf8mb4 COLLATE=utf8mb4_unicode_ci;

--
-- Dumping data for table `inv_indicadores`
--

INSERT INTO `inv_indicadores` VALUES (1,NULL,'Datos Grales','datos_grales','card_info',5,1,NULL,'2022-06-07 07:50:49',NULL),(2,NULL,'Impuestos Asociados','impuestos_asociados','card_info',6,1,NULL,'2022-06-07 07:50:49',NULL),(3,NULL,'Informacion de Liquidacion','informacion_de_liquidacion','card_info',7,1,NULL,'2022-06-07 07:50:49',NULL),(4,NULL,'Cantidad Ventas del Mes','cantidad_ventas_del_mes','card',1,1,NULL,'2022-06-07 07:50:49',NULL),(5,NULL,'Total Facturado En El Mes','total_facturado_en_el_mes','card',2,1,NULL,'2022-06-07 07:50:49',NULL),(6,NULL,'Total Facturado En El Dia','total_facturado_en_el_dia','card',3,1,NULL,'2022-06-07 07:50:49',NULL),(7,NULL,'Total Facturado En El Año','total_facturado_en_el_anio','card',4,1,NULL,'2022-06-07 07:50:49',NULL),(8,NULL,'Facturacion Mensual','facturacion_mensual','grafico',8,1,NULL,'2022-06-07 07:50:49',NULL),(9,NULL,'Proyeccion de Ganancias','proyeccion_de_ganancias','tabla',9,1,NULL,'2022-06-07 07:50:49',NULL),(10,NULL,'Posicion IVA','posicion_de_iva','tabla',10,1,NULL,'2022-06-07 07:50:49',NULL);

--
-- Table structure for table `inv_indicadores_persons`
--

CREATE TABLE `inv_indicadores_persons` (
  `id` bigint(20) unsigned NOT NULL AUTO_INCREMENT,
  `user_id` int(10) unsigned DEFAULT NULL,
  `person_id` int(10) unsigned NOT NULL,
  `inv_indicador_id` bigint(20) unsigned NOT NULL,
  `objetivo` decimal(16,2) NOT NULL DEFAULT '0.00',
  `created_at` timestamp NULL DEFAULT NULL,
  `updated_at` timestamp NULL DEFAULT NULL,
  `deleted_at` timestamp NULL DEFAULT NULL,
  PRIMARY KEY (`id`),
  KEY `inv_indicadores_persons_person_id_foreign` (`person_id`),
  KEY `inv_indicadores_persons_inv_indicador_id_foreign` (`inv_indicador_id`),
  CONSTRAINT `inv_indicadores_persons_inv_indicador_id_foreign` FOREIGN KEY (`inv_indicador_id`) REFERENCES `inv_indicadores` (`id`),
  CONSTRAINT `inv_indicadores_persons_person_id_foreign` FOREIGN KEY (`person_id`) REFERENCES `persons` (`id`)
) ENGINE=InnoDB AUTO_INCREMENT=19 DEFAULT CHARSET=utf8mb4 COLLATE=utf8mb4_unicode_ci;

--
-- Dumping data for table `inv_indicadores_persons`
--

INSERT INTO `inv_indicadores_persons` VALUES (1,NULL,40784,4,0.00,NULL,'2022-07-04 15:38:01','2022-07-04 15:38:01'),(2,NULL,40784,4,0.00,NULL,NULL,NULL),(3,NULL,40784,8,0.00,NULL,NULL,NULL),(4,NULL,40720,4,0.00,NULL,'2022-07-11 11:01:49','2022-07-11 11:01:49'),(5,NULL,40720,4,0.00,NULL,'2022-07-11 11:01:56','2022-07-11 11:01:56'),(6,NULL,40720,7,0.00,NULL,'2022-07-11 11:01:56','2022-07-11 11:01:56'),(7,NULL,40720,7,0.00,NULL,NULL,NULL),(8,NULL,40922,5,0.00,NULL,NULL,NULL),(9,NULL,40920,8,0.00,NULL,'2022-11-01 12:07:20','2022-11-01 12:07:20'),(10,NULL,40920,4,0.00,NULL,'2022-11-01 12:07:51','2022-11-01 12:07:51'),(11,NULL,40920,8,0.00,NULL,'2022-11-01 12:07:51','2022-11-01 12:07:51'),(12,NULL,40920,4,0.00,NULL,'2022-11-01 12:07:55','2022-11-01 12:07:55'),(13,NULL,40920,6,0.00,NULL,'2022-11-01 12:07:55','2022-11-01 12:07:55'),(14,NULL,40920,8,0.00,NULL,'2022-11-01 12:07:55','2022-11-01 12:07:55'),(15,NULL,40920,4,0.00,NULL,NULL,NULL),(16,NULL,40920,8,0.00,NULL,NULL,NULL),(17,NULL,41366,8,0.00,NULL,NULL,NULL),(18,NULL,40719,4,0.00,NULL,NULL,NULL);

--
-- Table structure for table `inv_ing_egr_stock`
--

CREATE TABLE `inv_ing_egr_stock` (
  `id` bigint(20) unsigned NOT NULL AUTO_INCREMENT,
  `user_id` int(11) DEFAULT NULL,
  `person_id` int(10) unsigned NOT NULL,
  `created_at` timestamp NULL DEFAULT NULL,
  `updated_at` timestamp NULL DEFAULT NULL,
  `deleted_at` timestamp NULL DEFAULT NULL,
  PRIMARY KEY (`id`),
  KEY `inv_ing_egr_stock_person_id_foreign` (`person_id`),
  CONSTRAINT `inv_ing_egr_stock_person_id_foreign` FOREIGN KEY (`person_id`) REFERENCES `persons` (`id`)
) ENGINE=InnoDB AUTO_INCREMENT=492 DEFAULT CHARSET=utf8mb4 COLLATE=utf8mb4_unicode_ci;

--
-- Dumping data for table `inv_ing_egr_stock`
--

INSERT INTO `inv_ing_egr_stock` VALUES (1,7463,40922,'2022-08-13 18:24:32','2022-08-13 18:24:32',NULL),(2,7463,40922,'2022-08-13 18:27:46','2022-08-13 18:27:46',NULL),(3,7463,40920,'2023-07-05 14:50:26','2023-07-05 14:50:26',NULL),(4,7463,40920,'2023-07-05 15:25:20','2023-07-05 15:25:20',NULL),(5,7463,40920,'2023-07-05 15:26:10','2023-07-05 15:26:10',NULL),(6,7463,40920,'2023-07-07 10:57:37','2023-07-07 10:57:37',NULL),(7,7463,40920,'2023-07-12 09:42:22','2023-07-12 09:42:22',NULL),(8,7463,40920,'2023-07-24 19:04:26','2023-07-24 19:04:26',NULL),(9,7463,40920,'2023-07-27 14:16:40','2023-07-27 14:16:40',NULL),(10,7463,40920,'2023-07-28 11:25:22','2023-07-28 11:25:22',NULL),(11,7463,40920,'2023-07-28 11:26:14','2023-07-28 11:26:14',NULL),(12,7463,40920,'2023-07-28 14:26:39','2023-07-28 14:26:39',NULL),(13,7463,40920,'2023-07-28 14:26:59','2023-07-28 14:26:59',NULL),(14,7463,40920,'2023-08-07 17:40:23','2023-08-07 17:40:23',NULL),(15,7463,40920,'2023-08-07 17:41:00','2023-08-07 17:41:00',NULL),(16,7463,40920,'2023-08-09 12:51:46','2023-08-09 12:51:46',NULL),(17,7463,40920,'2023-08-09 12:54:05','2023-08-09 12:54:05',NULL),(18,7463,40920,'2023-08-09 12:58:33','2023-08-09 12:58:33',NULL),(19,7463,40920,'2023-08-15 17:25:00','2023-08-15 17:25:00',NULL),(20,7463,40920,'2023-08-17 14:32:14','2023-08-17 14:32:14',NULL),(21,7463,40920,'2023-08-17 14:32:39','2023-08-17 14:32:39',NULL),(22,7463,40920,'2023-08-19 09:12:36','2023-08-19 09:12:36',NULL),(23,7463,40920,'2023-08-19 09:13:06','2023-08-19 09:13:06',NULL),(24,7463,40920,'2023-08-19 09:13:59','2023-08-19 09:13:59',NULL),(25,7463,40920,'2023-08-19 09:14:38','2023-08-19 09:14:38',NULL),(26,7463,40920,'2023-08-19 09:15:10','2023-08-19 09:15:10',NULL),(27,7463,40920,'2023-08-19 09:15:46','2023-08-19 09:15:46',NULL),(28,7463,40920,'2023-08-19 09:17:59','2023-08-19 09:17:59',NULL),(29,7463,40920,'2023-08-19 09:21:11','2023-08-19 09:21:11',NULL),(30,7463,40920,'2023-08-19 09:39:15','2023-08-19 09:39:15',NULL),(31,7463,40920,'2023-08-19 09:39:49','2023-08-19 09:39:49',NULL),(32,7463,40920,'2023-08-19 09:40:21','2023-08-19 09:40:21',NULL),(33,7463,40920,'2023-08-19 09:40:57','2023-08-19 09:40:57',NULL),(34,7463,40920,'2023-08-19 09:41:22','2023-08-19 09:41:22',NULL),(35,7463,40920,'2023-08-19 10:20:12','2023-08-19 10:20:12',NULL),(36,7463,40920,'2023-08-19 10:20:38','2023-08-19 10:20:38',NULL),(37,7463,40920,'2023-08-19 10:21:11','2023-08-19 10:21:11',NULL),(38,7463,40920,'2023-08-19 10:21:36','2023-08-19 10:21:36',NULL),(39,7463,40920,'2023-08-19 10:22:06','2023-08-19 10:22:06',NULL),(40,7463,40920,'2023-08-19 10:22:35','2023-08-19 10:22:35',NULL),(41,7463,40920,'2023-08-19 10:38:05','2023-08-19 10:38:05',NULL),(42,7463,40920,'2023-08-19 10:38:48','2023-08-19 10:38:48',NULL),(43,7463,40920,'2023-08-19 10:39:28','2023-08-19 10:39:28',NULL),(44,7463,40920,'2023-08-19 10:39:52','2023-08-19 10:39:52',NULL),(45,7463,40920,'2023-08-19 10:40:17','2023-08-19 10:40:17',NULL),(46,7463,40920,'2023-08-19 11:45:04','2023-08-19 11:45:04',NULL),(47,7463,40920,'2023-08-19 18:03:50','2023-08-19 18:03:50',NULL),(48,7463,40920,'2023-08-24 11:47:55','2023-08-24 11:47:55',NULL),(49,7463,40920,'2023-08-24 11:48:21','2023-08-24 11:48:21',NULL),(50,7463,40920,'2023-08-24 11:48:53','2023-08-24 11:48:53',NULL),(51,7463,40920,'2023-08-24 11:49:24','2023-08-24 11:49:24',NULL),(52,7463,40920,'2023-08-24 11:59:55','2023-08-24 11:59:55',NULL),(53,7463,40920,'2023-08-24 12:00:16','2023-08-24 12:00:16',NULL),(54,7463,40920,'2023-08-24 12:00:42','2023-08-24 12:00:42',NULL),(55,7463,40920,'2023-09-04 16:06:36','2023-09-04 16:06:36',NULL),(56,7463,40920,'2023-09-04 16:06:59','2023-09-04 16:06:59',NULL),(57,7463,40920,'2023-09-04 16:07:28','2023-09-04 16:07:28',NULL),(58,7463,40920,'2023-09-04 16:07:55','2023-09-04 16:07:55',NULL),(59,7463,40920,'2023-09-04 17:19:14','2023-09-04 17:19:14',NULL),(60,7463,40920,'2023-09-04 17:25:12','2023-09-04 17:25:12',NULL),(61,7463,40920,'2023-09-05 15:47:35','2023-09-05 15:47:35',NULL);
INSERT INTO `inv_ing_egr_stock` VALUES (62,7463,40920,'2023-09-05 15:48:00','2023-09-05 15:48:00',NULL),(63,7463,40920,'2023-09-05 15:48:24','2023-09-05 15:48:24',NULL),(64,7463,40920,'2023-09-06 09:55:33','2023-09-06 09:55:33',NULL),(65,7463,40920,'2023-09-06 18:15:18','2023-09-06 18:15:18',NULL),(66,7463,40920,'2023-09-09 10:56:49','2023-09-09 10:56:49',NULL),(67,7463,40920,'2023-09-09 11:17:41','2023-09-09 11:17:41',NULL),(68,7463,40920,'2023-09-09 12:17:02','2023-09-09 12:17:02',NULL),(69,7463,40920,'2023-09-09 12:17:25','2023-09-09 12:17:25',NULL),(70,7463,40920,'2023-09-09 12:27:03','2023-09-09 12:27:03',NULL),(71,7463,40920,'2023-09-11 17:34:20','2023-09-11 17:34:20',NULL),(72,7463,40920,'2023-09-11 17:34:56','2023-09-11 17:34:56',NULL),(73,7463,40920,'2023-09-11 17:35:28','2023-09-11 17:35:28',NULL),(74,7463,40920,'2023-09-11 17:49:05','2023-09-11 17:49:05',NULL),(75,7463,40920,'2023-09-11 18:22:27','2023-09-11 18:22:27',NULL),(76,7463,40920,'2023-09-14 11:53:41','2023-09-14 11:53:41',NULL),(77,7463,40920,'2023-09-14 11:55:11','2023-09-14 11:55:11',NULL),(78,7463,40920,'2023-09-14 11:55:41','2023-09-14 11:55:41',NULL),(79,7463,40920,'2023-09-18 16:13:01','2023-09-18 16:13:01',NULL),(80,7463,40920,'2023-09-18 16:13:19','2023-09-18 16:13:19',NULL),(81,7463,40920,'2023-09-18 16:13:40','2023-09-18 16:13:40',NULL),(82,7463,40920,'2023-09-19 11:12:14','2023-09-19 11:12:14',NULL),(83,7463,40920,'2023-09-19 11:12:44','2023-09-19 11:12:44',NULL),(84,7463,40920,'2023-09-21 15:46:20','2023-09-21 15:46:20',NULL),(85,7463,40920,'2023-09-21 15:56:11','2023-09-21 15:56:11',NULL),(86,7463,40920,'2023-09-21 15:59:21','2023-09-21 15:59:21',NULL),(87,7463,40920,'2023-09-21 16:03:33','2023-09-21 16:03:33',NULL),(88,7463,40920,'2023-09-21 18:27:53','2023-09-21 18:27:53',NULL),(89,7463,40920,'2023-09-29 14:50:08','2023-09-29 14:50:08',NULL),(90,7463,40920,'2023-09-29 14:50:25','2023-09-29 14:50:25',NULL),(91,7463,40920,'2023-09-29 17:51:06','2023-09-29 17:51:06',NULL),(92,7463,40920,'2023-10-04 15:43:15','2023-10-04 15:43:15',NULL),(93,7463,40920,'2023-10-06 10:17:02','2023-10-06 10:17:02',NULL),(94,7463,40920,'2023-10-06 10:17:36','2023-10-06 10:17:36',NULL),(95,7463,40920,'2023-10-06 10:18:16','2023-10-06 10:18:16',NULL),(96,7463,40920,'2023-10-11 09:40:52','2023-10-11 09:40:52',NULL),(97,7463,40920,'2023-10-11 09:41:19','2023-10-11 09:41:19',NULL),(98,7463,40920,'2023-10-11 09:41:42','2023-10-11 09:41:42',NULL),(99,7463,40920,'2023-10-11 09:42:00','2023-10-11 09:42:00',NULL),(100,7463,40920,'2023-10-11 09:55:57','2023-10-11 09:55:57',NULL),(101,7463,40920,'2023-10-11 09:56:25','2023-10-11 09:56:25',NULL),(102,7463,40920,'2023-10-11 09:56:45','2023-10-11 09:56:45',NULL),(103,7463,40920,'2023-10-11 09:57:07','2023-10-11 09:57:07',NULL),(104,7463,40920,'2023-10-20 15:34:37','2023-10-20 15:34:37',NULL),(105,7463,40920,'2023-10-20 15:35:09','2023-10-20 15:35:09',NULL),(106,7463,40920,'2023-10-20 15:35:41','2023-10-20 15:35:41',NULL),(107,7463,40920,'2023-10-20 15:36:05','2023-10-20 15:36:05',NULL),(108,7463,40920,'2023-10-23 17:20:24','2023-10-23 17:20:24',NULL),(109,7463,40920,'2023-10-23 19:58:44','2023-10-23 19:58:44',NULL),(110,7463,40920,'2023-10-23 19:59:05','2023-10-23 19:59:05',NULL),(111,7463,40920,'2023-10-23 19:59:34','2023-10-23 19:59:34',NULL),(112,7463,40920,'2023-10-23 19:59:57','2023-10-23 19:59:57',NULL),(113,7463,40920,'2023-10-23 20:00:20','2023-10-23 20:00:20',NULL),(114,7463,40920,'2023-10-24 14:09:54','2023-10-24 14:09:54',NULL),(115,7463,40920,'2023-10-24 14:10:40','2023-10-24 14:10:40',NULL),(116,7463,40920,'2023-10-24 14:11:41','2023-10-24 14:11:41',NULL),(117,7463,40920,'2023-10-24 14:22:00','2023-10-24 14:22:00',NULL),(118,7463,40920,'2023-10-24 14:22:24','2023-10-24 14:22:24',NULL),(119,7463,40920,'2023-10-24 14:22:57','2023-10-24 14:22:57',NULL),(120,7463,40920,'2023-10-24 14:34:49','2023-10-24 14:34:49',NULL),(121,7463,40920,'2023-10-24 14:35:20','2023-10-24 14:35:20',NULL),(122,7463,40920,'2023-10-25 10:10:42','2023-10-25 10:10:42',NULL);
INSERT INTO `inv_ing_egr_stock` VALUES (123,7463,40920,'2023-10-25 10:21:04','2023-10-25 10:21:04',NULL),(124,7463,40920,'2023-10-25 10:21:30','2023-10-25 10:21:30',NULL),(125,7463,40920,'2023-10-25 10:22:17','2023-10-25 10:22:17',NULL),(126,7463,40920,'2023-10-25 10:22:52','2023-10-25 10:22:52',NULL),(127,7463,40920,'2023-10-25 10:23:51','2023-10-25 10:23:51',NULL),(128,7463,40920,'2023-10-25 10:24:19','2023-10-25 10:24:19',NULL),(129,7463,40920,'2023-10-25 10:24:38','2023-10-25 10:24:38',NULL),(130,7463,40920,'2023-10-25 10:25:02','2023-10-25 10:25:02',NULL),(131,7463,40920,'2023-10-25 10:25:27','2023-10-25 10:25:27',NULL),(132,7463,40920,'2023-10-25 10:25:56','2023-10-25 10:25:56',NULL),(133,7463,40920,'2023-10-25 10:26:25','2023-10-25 10:26:25',NULL),(134,7463,40920,'2023-10-25 10:26:49','2023-10-25 10:26:49',NULL),(135,7463,40920,'2023-10-27 11:27:03','2023-10-27 11:27:03',NULL),(136,7463,40920,'2023-10-27 11:27:34','2023-10-27 11:27:34',NULL),(137,7463,40920,'2023-10-27 11:28:07','2023-10-27 11:28:07',NULL),(138,7463,40920,'2023-10-27 11:28:36','2023-10-27 11:28:36',NULL),(139,7463,40920,'2023-10-27 11:28:58','2023-10-27 11:28:58',NULL),(140,7463,40920,'2023-10-27 11:29:29','2023-10-27 11:29:29',NULL),(141,7463,40920,'2023-10-27 11:40:20','2023-10-27 11:40:20',NULL),(142,7463,40920,'2023-10-27 11:40:39','2023-10-27 11:40:39',NULL),(143,7463,40920,'2023-10-29 07:15:44','2023-10-29 07:15:44',NULL),(144,7463,40920,'2023-11-02 14:22:51','2023-11-02 14:22:51',NULL),(145,7463,40920,'2023-11-02 14:23:19','2023-11-02 14:23:19',NULL),(146,7463,40920,'2023-11-02 14:23:46','2023-11-02 14:23:46',NULL),(147,7463,40920,'2023-11-02 14:24:13','2023-11-02 14:24:13',NULL),(148,7463,40920,'2023-11-02 14:24:36','2023-11-02 14:24:36',NULL),(149,7463,40920,'2023-11-02 14:25:15','2023-11-02 14:25:15',NULL),(150,7463,40920,'2023-11-02 17:08:51','2023-11-02 17:08:51',NULL),(151,7463,40920,'2023-11-03 10:43:48','2023-11-03 10:43:48',NULL),(152,7463,40920,'2023-11-03 10:44:10','2023-11-03 10:44:10',NULL),(153,7463,40920,'2023-11-03 10:44:38','2023-11-03 10:44:38',NULL),(154,7463,40920,'2023-11-03 10:45:04','2023-11-03 10:45:04',NULL),(155,7463,40920,'2023-11-03 10:45:39','2023-11-03 10:45:39',NULL),(156,7463,40920,'2023-11-03 10:46:01','2023-11-03 10:46:01',NULL),(157,7463,40920,'2023-11-03 10:46:30','2023-11-03 10:46:30',NULL),(158,7463,40920,'2023-11-03 10:47:03','2023-11-03 10:47:03',NULL),(159,7463,40920,'2023-11-03 10:47:28','2023-11-03 10:47:28',NULL),(160,7463,40920,'2023-11-03 10:48:01','2023-11-03 10:48:01',NULL),(161,7463,40920,'2023-11-03 10:48:33','2023-11-03 10:48:33',NULL),(162,7463,40920,'2023-11-03 11:24:42','2023-11-03 11:24:42',NULL),(163,7463,40920,'2023-11-03 11:25:06','2023-11-03 11:25:06',NULL),(164,7463,40920,'2023-11-03 12:45:57','2023-11-03 12:45:57',NULL),(165,7463,40920,'2023-11-03 12:46:18','2023-11-03 12:46:18',NULL),(166,7463,40920,'2023-11-03 12:46:37','2023-11-03 12:46:37',NULL),(167,7463,40920,'2023-11-03 13:21:24','2023-11-03 13:21:24',NULL),(168,7463,40920,'2023-11-03 13:21:44','2023-11-03 13:21:44',NULL),(169,7463,40920,'2023-11-04 10:09:10','2023-11-04 10:09:10',NULL),(170,7463,40920,'2023-11-04 10:09:29','2023-11-04 10:09:29',NULL),(171,7463,40920,'2023-11-04 10:09:49','2023-11-04 10:09:49',NULL),(172,7463,40920,'2023-11-04 10:10:16','2023-11-04 10:10:16',NULL),(173,7463,40920,'2023-11-04 10:10:39','2023-11-04 10:10:39',NULL),(174,7463,40920,'2023-11-04 10:11:00','2023-11-04 10:11:00',NULL),(175,7463,40920,'2023-11-04 10:15:12','2023-11-04 10:15:12',NULL),(176,7463,40920,'2023-11-04 10:52:13','2023-11-04 10:52:13',NULL),(177,7463,40920,'2023-11-10 17:27:59','2023-11-10 17:27:59',NULL),(178,7463,40920,'2023-11-10 17:28:19','2023-11-10 17:28:19',NULL),(179,7463,40920,'2023-11-11 10:20:23','2023-11-11 10:20:23',NULL),(180,7463,40920,'2023-11-11 10:20:46','2023-11-11 10:20:46',NULL),(181,7463,40920,'2023-11-11 10:45:28','2023-11-11 10:45:28',NULL),(182,7463,40920,'2023-11-13 17:11:13','2023-11-13 17:11:13',NULL);
INSERT INTO `inv_ing_egr_stock` VALUES (183,7463,40920,'2023-11-13 17:29:18','2023-11-13 17:29:18',NULL),(184,7463,40920,'2023-11-13 17:29:36','2023-11-13 17:29:36',NULL),(185,7463,40920,'2023-11-13 17:30:09','2023-11-13 17:30:09',NULL),(186,7463,40920,'2023-11-13 17:30:29','2023-11-13 17:30:29',NULL),(187,7463,40920,'2023-11-14 11:35:58','2023-11-14 11:35:58',NULL),(188,7463,40920,'2023-11-14 11:36:16','2023-11-14 11:36:16',NULL),(189,7463,40920,'2023-11-14 11:55:59','2023-11-14 11:55:59',NULL),(190,7463,40920,'2023-11-14 11:56:25','2023-11-14 11:56:25',NULL),(191,7463,40920,'2023-11-14 12:09:09','2023-11-14 12:09:09',NULL),(192,7463,40920,'2023-11-14 12:09:32','2023-11-14 12:09:32',NULL),(193,7463,40920,'2023-11-14 12:10:21','2023-11-14 12:10:21',NULL),(194,7463,40920,'2023-11-14 12:18:02','2023-11-14 12:18:02',NULL),(195,7463,40920,'2023-11-14 12:18:27','2023-11-14 12:18:27',NULL),(196,7463,40920,'2023-11-15 09:30:35','2023-11-15 09:30:35',NULL),(197,7463,40920,'2023-11-16 11:09:01','2023-11-16 11:09:01',NULL),(198,7463,40920,'2023-11-16 14:01:30','2023-11-16 14:01:30',NULL),(199,7463,40920,'2023-11-16 14:01:51','2023-11-16 14:01:51',NULL),(200,7463,40920,'2023-11-20 09:28:13','2023-11-20 09:28:13',NULL),(201,7463,40920,'2023-11-21 10:34:38','2023-11-21 10:34:38',NULL),(202,7463,40920,'2023-11-21 10:35:01','2023-11-21 10:35:01',NULL),(203,7463,40920,'2023-11-22 09:06:15','2023-11-22 09:06:15',NULL),(204,7463,40920,'2023-11-22 09:06:33','2023-11-22 09:06:33',NULL),(205,7463,40920,'2023-11-23 13:09:24','2023-11-23 13:09:24',NULL),(206,7463,40920,'2023-11-23 13:09:46','2023-11-23 13:09:46',NULL),(207,7463,40920,'2023-11-23 13:10:13','2023-11-23 13:10:13',NULL),(208,7463,40920,'2023-11-23 13:12:54','2023-11-23 13:12:54',NULL),(209,7463,40920,'2023-11-23 14:55:44','2023-11-23 14:55:44',NULL),(210,7463,40920,'2023-11-24 09:56:09','2023-11-24 09:56:09',NULL),(211,7463,40920,'2023-11-24 11:02:04','2023-11-24 11:02:04',NULL),(212,7463,40920,'2023-11-25 09:33:06','2023-11-25 09:33:06',NULL),(213,7463,40920,'2023-11-25 09:33:30','2023-11-25 09:33:30',NULL),(214,7463,40920,'2023-11-25 09:33:51','2023-11-25 09:33:51',NULL),(215,7463,40920,'2023-11-25 09:34:23','2023-11-25 09:34:23',NULL),(216,7463,40920,'2023-11-25 09:34:43','2023-11-25 09:34:43',NULL),(217,7463,40920,'2023-11-25 09:35:08','2023-11-25 09:35:08',NULL),(218,7463,40920,'2023-11-25 09:35:32','2023-11-25 09:35:32',NULL),(219,7463,40920,'2023-11-28 09:01:45','2023-11-28 09:01:45',NULL),(220,7463,40920,'2023-11-30 16:44:01','2023-11-30 16:44:01',NULL),(221,7463,40920,'2023-12-01 08:54:00','2023-12-01 08:54:00',NULL),(222,7463,40920,'2023-12-01 08:54:18','2023-12-01 08:54:18',NULL),(223,7463,40920,'2023-12-01 13:30:19','2023-12-01 13:30:19',NULL),(224,7463,40920,'2023-12-01 13:30:43','2023-12-01 13:30:43',NULL),(225,7463,40920,'2023-12-01 13:31:11','2023-12-01 13:31:11',NULL),(226,7463,40920,'2023-12-01 13:39:56','2023-12-01 13:39:56',NULL),(227,7463,40920,'2023-12-01 13:40:35','2023-12-01 13:40:35',NULL),(228,7463,40920,'2023-12-01 13:40:56','2023-12-01 13:40:56',NULL),(229,7463,40920,'2023-12-01 13:41:17','2023-12-01 13:41:17',NULL),(230,7463,40920,'2023-12-01 16:59:07','2023-12-01 16:59:07',NULL),(231,7463,40920,'2023-12-01 16:59:25','2023-12-01 16:59:25',NULL),(232,7463,40920,'2023-12-04 13:52:14','2023-12-04 13:52:14',NULL),(233,7463,40920,'2023-12-04 13:52:31','2023-12-04 13:52:31',NULL),(234,7463,40920,'2023-12-04 13:52:50','2023-12-04 13:52:50',NULL),(235,7463,40920,'2023-12-04 13:53:14','2023-12-04 13:53:14',NULL),(236,7463,40920,'2023-12-04 13:53:56','2023-12-04 13:53:56',NULL),(237,7463,40920,'2023-12-04 14:08:41','2023-12-04 14:08:41',NULL),(238,7463,40920,'2023-12-04 15:46:06','2023-12-04 15:46:06',NULL),(239,7463,40920,'2023-12-06 19:59:10','2023-12-06 19:59:10',NULL),(240,7463,40920,'2023-12-07 16:08:38','2023-12-07 16:08:38',NULL),(241,7463,40920,'2023-12-07 16:09:39','2023-12-07 16:09:39',NULL),(242,7463,40920,'2023-12-07 16:10:08','2023-12-07 16:10:08',NULL);
INSERT INTO `inv_ing_egr_stock` VALUES (243,7463,40920,'2023-12-07 16:10:32','2023-12-07 16:10:32',NULL),(244,7463,40920,'2023-12-07 16:10:54','2023-12-07 16:10:54',NULL),(245,7463,40920,'2023-12-07 17:27:01','2023-12-07 17:27:01',NULL),(246,7463,40920,'2023-12-07 17:27:19','2023-12-07 17:27:19',NULL),(247,7463,40920,'2023-12-07 17:27:41','2023-12-07 17:27:41',NULL),(248,7463,40920,'2023-12-07 17:28:09','2023-12-07 17:28:09',NULL),(249,7463,40920,'2023-12-07 19:31:10','2023-12-07 19:31:10',NULL),(250,7463,40920,'2023-12-07 20:19:15','2023-12-07 20:19:15',NULL),(251,7463,40920,'2023-12-07 20:19:34','2023-12-07 20:19:34',NULL),(252,7463,40920,'2023-12-07 20:19:58','2023-12-07 20:19:58',NULL),(253,7463,40920,'2023-12-10 09:34:37','2023-12-10 09:34:37',NULL),(254,7463,40920,'2023-12-10 12:20:04','2023-12-10 12:20:04',NULL),(255,7463,40920,'2023-12-10 12:47:25','2023-12-10 12:47:25',NULL),(256,7463,40920,'2023-12-10 12:47:42','2023-12-10 12:47:42',NULL),(257,7463,40920,'2023-12-11 11:52:10','2023-12-11 11:52:10',NULL),(258,7463,40920,'2023-12-12 11:13:35','2023-12-12 11:13:35',NULL),(259,7463,40920,'2023-12-12 11:14:10','2023-12-12 11:14:10',NULL),(260,7463,40920,'2023-12-12 11:14:30','2023-12-12 11:14:30',NULL),(261,7463,40920,'2023-12-12 11:14:54','2023-12-12 11:14:54',NULL),(262,7463,40920,'2023-12-12 11:57:43','2023-12-12 11:57:43',NULL),(263,7463,40920,'2023-12-13 08:14:37','2023-12-13 08:14:37',NULL),(264,7463,40920,'2023-12-13 12:58:46','2023-12-13 12:58:46',NULL),(265,7463,40920,'2023-12-18 11:52:05','2023-12-18 11:52:05',NULL),(266,7463,40920,'2023-12-18 11:52:36','2023-12-18 11:52:36',NULL),(267,7463,40920,'2023-12-18 11:53:35','2023-12-18 11:53:35',NULL),(268,7463,40920,'2023-12-18 11:53:58','2023-12-18 11:53:58',NULL),(269,7463,40920,'2023-12-18 11:54:32','2023-12-18 11:54:32',NULL),(270,7463,40920,'2023-12-19 12:08:23','2023-12-19 12:08:23',NULL),(271,7463,40920,'2023-12-19 12:08:48','2023-12-19 12:08:48',NULL),(272,7463,40920,'2023-12-19 12:09:09','2023-12-19 12:09:09',NULL),(273,7463,40920,'2023-12-19 12:09:40','2023-12-19 12:09:40',NULL),(274,7463,40920,'2023-12-19 12:10:23','2023-12-19 12:10:23',NULL),(275,7463,40920,'2023-12-19 12:11:02','2023-12-19 12:11:02',NULL),(276,7463,40920,'2023-12-19 12:11:25','2023-12-19 12:11:25',NULL),(277,7463,40920,'2023-12-19 12:11:52','2023-12-19 12:11:52',NULL),(278,7463,40920,'2023-12-20 10:56:59','2023-12-20 10:56:59',NULL),(279,7463,40920,'2023-12-20 10:57:57','2023-12-20 10:57:57',NULL),(280,7463,40920,'2023-12-20 10:58:48','2023-12-20 10:58:48',NULL),(281,7463,40920,'2023-12-20 10:59:11','2023-12-20 10:59:11',NULL),(282,7463,40920,'2023-12-20 10:59:41','2023-12-20 10:59:41',NULL),(283,7463,40920,'2023-12-20 11:00:17','2023-12-20 11:00:17',NULL),(284,7463,40920,'2023-12-20 11:00:48','2023-12-20 11:00:48',NULL),(285,7463,40920,'2023-12-20 11:01:39','2023-12-20 11:01:39',NULL),(286,7463,40920,'2023-12-21 12:15:00','2023-12-21 12:15:00',NULL),(287,7463,40920,'2023-12-21 12:15:28','2023-12-21 12:15:28',NULL),(288,7463,40920,'2023-12-21 12:15:57','2023-12-21 12:15:57',NULL),(289,7463,40920,'2023-12-22 10:17:33','2023-12-22 10:17:33',NULL),(290,7463,40920,'2023-12-23 09:19:57','2023-12-23 09:19:57',NULL),(291,7463,40920,'2023-12-23 09:22:31','2023-12-23 09:22:31',NULL),(292,7463,40920,'2023-12-23 09:36:51','2023-12-23 09:36:51',NULL),(293,7463,40920,'2023-12-23 09:38:06','2023-12-23 09:38:06',NULL),(294,7463,40920,'2023-12-26 09:45:22','2023-12-26 09:45:22',NULL),(295,7463,40920,'2023-12-26 17:34:21','2023-12-26 17:34:21',NULL),(296,7463,40920,'2023-12-26 17:35:07','2023-12-26 17:35:07',NULL),(297,7463,40920,'2023-12-27 12:48:32','2023-12-27 12:48:32',NULL),(298,7463,40920,'2023-12-27 12:49:00','2023-12-27 12:49:00',NULL),(299,7463,40920,'2023-12-28 17:27:24','2023-12-28 17:27:24',NULL),(300,7463,40920,'2023-12-29 11:34:44','2023-12-29 11:34:44',NULL),(301,7463,40920,'2023-12-29 11:36:50','2023-12-29 11:36:50',NULL),(302,7463,40920,'2024-01-02 10:38:24','2024-01-02 10:38:24',NULL);
INSERT INTO `inv_ing_egr_stock` VALUES (303,7463,40920,'2024-01-02 10:38:46','2024-01-02 10:38:46',NULL),(304,7463,40920,'2024-01-02 16:04:44','2024-01-02 16:04:44',NULL),(305,7463,40920,'2024-01-03 20:17:11','2024-01-03 20:17:11',NULL),(306,7463,40920,'2024-01-03 20:17:34','2024-01-03 20:17:34',NULL),(307,7463,40920,'2024-01-04 10:32:33','2024-01-04 10:32:33',NULL),(308,7463,40920,'2024-01-04 19:04:28','2024-01-04 19:04:28',NULL),(309,7463,40920,'2024-01-06 08:26:06','2024-01-06 08:26:06',NULL),(310,7463,40920,'2024-01-06 08:26:55','2024-01-06 08:26:55',NULL),(311,7463,40920,'2024-01-06 08:27:23','2024-01-06 08:27:23',NULL),(312,7463,40920,'2024-01-06 08:27:46','2024-01-06 08:27:46',NULL),(313,7463,40920,'2024-01-06 08:28:06','2024-01-06 08:28:06',NULL),(314,7463,40920,'2024-01-06 08:28:56','2024-01-06 08:28:56',NULL),(315,7463,40920,'2024-01-06 09:35:11','2024-01-06 09:35:11',NULL),(316,7463,40920,'2024-01-06 09:35:32','2024-01-06 09:35:32',NULL),(317,7463,40920,'2024-01-06 09:35:54','2024-01-06 09:35:54',NULL),(318,7463,40920,'2024-01-06 09:36:14','2024-01-06 09:36:14',NULL),(319,7463,40920,'2024-01-06 09:36:34','2024-01-06 09:36:34',NULL),(320,7463,40920,'2024-01-06 09:36:51','2024-01-06 09:36:51',NULL),(321,7463,40920,'2024-01-06 09:37:22','2024-01-06 09:37:22',NULL),(322,7463,40920,'2024-01-06 09:37:49','2024-01-06 09:37:49',NULL),(323,7463,40920,'2024-01-06 09:38:06','2024-01-06 09:38:06',NULL),(324,7463,40920,'2024-01-06 09:38:53','2024-01-06 09:38:53',NULL),(325,7463,40920,'2024-01-06 09:39:22','2024-01-06 09:39:22',NULL),(326,7463,40920,'2024-01-06 09:39:40','2024-01-06 09:39:40',NULL),(327,7463,40920,'2024-01-08 10:14:55','2024-01-08 10:14:55',NULL),(328,7463,40920,'2024-01-08 11:35:42','2024-01-08 11:35:42',NULL),(329,7463,40920,'2024-01-08 11:39:14','2024-01-08 11:39:14',NULL),(330,7463,40920,'2024-01-08 11:39:40','2024-01-08 11:39:40',NULL),(331,7463,40920,'2024-01-08 12:20:43','2024-01-08 12:20:43',NULL),(332,7463,40920,'2024-01-08 12:21:07','2024-01-08 12:21:07',NULL),(333,7463,40920,'2024-01-08 15:56:26','2024-01-08 15:56:26',NULL),(334,7463,40920,'2024-01-08 15:56:59','2024-01-08 15:56:59',NULL),(335,7463,40920,'2024-01-08 15:57:21','2024-01-08 15:57:21',NULL),(336,7463,40920,'2024-01-09 17:39:30','2024-01-09 17:39:30',NULL),(337,7463,40920,'2024-01-10 10:00:46','2024-01-10 10:00:46',NULL),(338,7463,40920,'2024-01-10 10:01:06','2024-01-10 10:01:06',NULL),(339,7463,40920,'2024-01-11 12:00:13','2024-01-11 12:00:13',NULL),(340,7463,40920,'2024-01-11 12:11:30','2024-01-11 12:11:30',NULL),(341,7463,40920,'2024-01-11 12:11:57','2024-01-11 12:11:57',NULL),(342,7463,40920,'2024-01-11 12:12:15','2024-01-11 12:12:15',NULL),(343,7463,40920,'2024-01-11 12:12:31','2024-01-11 12:12:31',NULL),(344,7463,40920,'2024-01-11 16:26:24','2024-01-11 16:26:24',NULL),(345,7463,40920,'2024-01-12 16:06:15','2024-01-12 16:06:15',NULL),(346,7463,40920,'2024-01-15 15:33:14','2024-01-15 15:33:14',NULL),(347,7463,40920,'2024-01-15 15:33:38','2024-01-15 15:33:38',NULL),(348,7463,40920,'2024-01-17 12:50:15','2024-01-17 12:50:15',NULL),(349,7463,40920,'2024-01-17 17:06:03','2024-01-17 17:06:03',NULL),(350,7463,40920,'2024-01-17 17:21:34','2024-01-17 17:21:34',NULL),(351,7463,40920,'2024-01-17 17:26:12','2024-01-17 17:26:12',NULL),(352,7463,40920,'2024-01-17 20:44:28','2024-01-17 20:44:28',NULL),(353,7463,40920,'2024-01-18 10:18:29','2024-01-18 10:18:29',NULL),(354,7463,40920,'2024-01-18 12:22:21','2024-01-18 12:22:21',NULL),(355,7463,40920,'2024-01-18 12:33:48','2024-01-18 12:33:48',NULL),(356,7463,40920,'2024-01-19 17:11:05','2024-01-19 17:11:05',NULL),(357,7463,40920,'2024-01-23 11:08:01','2024-01-23 11:08:01',NULL),(358,7463,40920,'2024-01-23 11:09:04','2024-01-23 11:09:04',NULL),(359,7463,40920,'2024-01-23 11:09:34','2024-01-23 11:09:34',NULL),(360,7463,40920,'2024-01-23 11:10:06','2024-01-23 11:10:06',NULL),(361,7463,40920,'2024-01-23 11:10:29','2024-01-23 11:10:29',NULL),(362,7463,40920,'2024-01-23 11:11:46','2024-01-23 11:11:46',NULL);
INSERT INTO `inv_ing_egr_stock` VALUES (363,7463,40920,'2024-01-30 08:12:15','2024-01-30 08:12:15',NULL),(364,7463,40920,'2024-01-30 15:47:20','2024-01-30 15:47:20',NULL),(365,7463,40920,'2024-01-30 15:59:07','2024-01-30 15:59:07',NULL),(366,7463,40920,'2024-01-30 15:59:22','2024-01-30 15:59:22',NULL),(367,7463,40920,'2024-01-30 19:39:25','2024-01-30 19:39:25',NULL),(368,7463,40920,'2024-02-01 18:31:51','2024-02-01 18:31:51',NULL),(369,7463,40920,'2024-02-02 11:13:18','2024-02-02 11:13:18',NULL),(370,7463,40920,'2024-02-02 11:29:37','2024-02-02 11:29:37',NULL),(371,7463,40920,'2024-02-02 11:43:25','2024-02-02 11:43:25',NULL),(372,7463,40920,'2024-02-02 11:43:47','2024-02-02 11:43:47',NULL),(373,7463,40920,'2024-02-02 11:44:17','2024-02-02 11:44:17',NULL),(374,7463,40920,'2024-02-02 11:51:29','2024-02-02 11:51:29',NULL),(375,7463,40920,'2024-02-03 12:42:30','2024-02-03 12:42:30',NULL),(376,7463,40920,'2024-02-03 12:43:02','2024-02-03 12:43:02',NULL),(377,7463,40920,'2024-02-03 12:43:29','2024-02-03 12:43:29',NULL),(378,7463,40920,'2024-02-03 12:44:08','2024-02-03 12:44:08',NULL),(379,7463,40920,'2024-02-03 13:04:16','2024-02-03 13:04:16',NULL),(380,7463,40920,'2024-02-03 13:04:36','2024-02-03 13:04:36',NULL),(381,7463,40920,'2024-02-03 13:04:55','2024-02-03 13:04:55',NULL),(382,7463,40920,'2024-02-03 18:12:05','2024-02-03 18:12:05',NULL),(383,7463,40920,'2024-02-03 18:12:19','2024-02-03 18:12:19',NULL),(384,7463,40920,'2024-02-03 18:12:36','2024-02-03 18:12:36',NULL),(385,7463,40920,'2024-02-03 18:12:52','2024-02-03 18:12:52',NULL),(386,7463,40920,'2024-02-07 10:41:12','2024-02-07 10:41:12',NULL),(387,7463,40920,'2024-02-07 10:41:43','2024-02-07 10:41:43',NULL),(388,7463,40920,'2024-02-07 11:08:47','2024-02-07 11:08:47',NULL),(389,7463,40920,'2024-02-07 12:57:24','2024-02-07 12:57:24',NULL),(390,7463,40920,'2024-02-07 12:57:51','2024-02-07 12:57:51',NULL),(391,7463,40920,'2024-02-10 08:53:21','2024-02-10 08:53:21',NULL),(392,7463,40920,'2024-02-10 08:53:43','2024-02-10 08:53:43',NULL),(393,7463,40920,'2024-02-13 11:51:16','2024-02-13 11:51:16',NULL),(394,7463,40920,'2024-02-13 11:51:36','2024-02-13 11:51:36',NULL),(395,7463,40920,'2024-02-13 11:52:04','2024-02-13 11:52:04',NULL),(396,7463,40920,'2024-02-13 11:52:27','2024-02-13 11:52:27',NULL),(397,7463,40920,'2024-02-13 11:52:49','2024-02-13 11:52:49',NULL),(398,7463,40920,'2024-02-13 11:53:07','2024-02-13 11:53:07',NULL),(399,7463,40920,'2024-02-13 11:53:28','2024-02-13 11:53:28',NULL),(400,7463,40920,'2024-02-13 11:53:50','2024-02-13 11:53:50',NULL),(401,7463,40920,'2024-02-13 11:54:10','2024-02-13 11:54:10',NULL),(402,7463,40920,'2024-02-14 10:15:48','2024-02-14 10:15:48',NULL),(403,7463,40920,'2024-02-14 10:16:06','2024-02-14 10:16:06',NULL),(404,7463,40920,'2024-02-14 17:57:27','2024-02-14 17:57:27',NULL),(405,7463,40920,'2024-02-15 13:50:11','2024-02-15 13:50:11',NULL),(406,7463,40920,'2024-02-15 13:50:28','2024-02-15 13:50:28',NULL),(407,7463,40920,'2024-02-15 13:50:47','2024-02-15 13:50:47',NULL),(408,7463,40920,'2024-02-16 14:10:12','2024-02-16 14:10:12',NULL),(409,7463,40920,'2024-02-16 14:10:36','2024-02-16 14:10:36',NULL),(410,7463,40920,'2024-02-16 14:25:14','2024-02-16 14:25:14',NULL),(411,7463,40920,'2024-02-16 14:25:39','2024-02-16 14:25:39',NULL),(412,7463,40920,'2024-02-16 14:36:07','2024-02-16 14:36:07',NULL),(413,7463,40920,'2024-02-19 09:12:57','2024-02-19 09:12:57',NULL),(414,7463,40920,'2024-02-23 19:09:53','2024-02-23 19:09:53',NULL),(415,7463,40920,'2024-02-23 19:10:16','2024-02-23 19:10:16',NULL),(416,7463,40920,'2024-02-23 19:10:40','2024-02-23 19:10:40',NULL),(417,7463,40920,'2024-03-04 10:18:02','2024-03-04 10:18:02',NULL),(418,7463,40920,'2024-03-09 11:49:15','2024-03-09 11:49:15',NULL),(419,7463,40920,'2024-03-09 11:58:54','2024-03-09 11:58:54',NULL),(420,7463,40920,'2024-03-09 11:59:19','2024-03-09 11:59:19',NULL),(421,7463,40920,'2024-03-09 11:59:45','2024-03-09 11:59:45',NULL),(422,7463,40920,'2024-03-12 08:30:27','2024-03-12 08:30:27',NULL);
INSERT INTO `inv_ing_egr_stock` VALUES (423,7463,40920,'2024-03-12 08:30:57','2024-03-12 08:30:57',NULL),(424,7463,40920,'2024-04-04 16:03:53','2024-04-04 16:03:53',NULL),(425,7463,40920,'2024-04-04 17:26:03','2024-04-04 17:26:03',NULL),(426,7463,40920,'2024-04-23 13:25:32','2024-04-23 13:25:32',NULL),(427,7463,40920,'2024-04-23 13:26:08','2024-04-23 13:26:08',NULL),(428,7463,40920,'2024-04-23 13:26:40','2024-04-23 13:26:40',NULL),(429,7463,40920,'2024-04-23 13:29:06','2024-04-23 13:29:06',NULL),(430,7463,40920,'2024-04-23 13:29:35','2024-04-23 13:29:35',NULL),(431,7463,40920,'2024-04-23 13:30:00','2024-04-23 13:30:00',NULL),(432,7463,40920,'2024-04-23 13:30:25','2024-04-23 13:30:25',NULL),(433,7463,40920,'2024-04-23 13:30:48','2024-04-23 13:30:48',NULL),(434,7463,40920,'2024-04-23 13:33:05','2024-04-23 13:33:05',NULL),(435,7463,40920,'2024-04-23 13:34:03','2024-04-23 13:34:03',NULL),(436,7463,40920,'2024-04-23 13:34:29','2024-04-23 13:34:29',NULL),(437,7463,40920,'2024-04-23 13:34:57','2024-04-23 13:34:57',NULL),(438,7463,40920,'2024-05-13 09:23:23','2024-05-13 09:23:23',NULL),(439,7463,40920,'2024-05-13 09:24:22','2024-05-13 09:24:22',NULL),(440,7463,40920,'2024-05-31 10:54:33','2024-05-31 10:54:33',NULL),(441,7463,40920,'2024-05-31 10:54:59','2024-05-31 10:54:59',NULL),(442,7463,40920,'2024-05-31 10:55:30','2024-05-31 10:55:30',NULL),(443,7463,40920,'2024-05-31 10:56:00','2024-05-31 10:56:00',NULL),(444,7463,40920,'2024-06-10 13:25:51','2024-06-10 13:25:51',NULL),(445,7463,40920,'2024-06-10 13:26:11','2024-06-10 13:26:11',NULL),(446,7463,40920,'2024-06-10 13:26:59','2024-06-10 13:26:59',NULL),(447,7463,40920,'2024-06-13 11:47:20','2024-06-13 11:47:20',NULL),(448,7463,40920,'2024-06-25 09:52:40','2024-06-25 09:52:40',NULL),(449,7463,40920,'2024-06-27 09:25:52','2024-06-27 09:25:52',NULL),(450,7463,40920,'2024-06-27 09:26:33','2024-06-27 09:26:33',NULL),(451,7463,40920,'2024-06-27 09:27:17','2024-06-27 09:27:17',NULL),(452,7463,40920,'2024-06-27 09:27:57','2024-06-27 09:27:57',NULL),(453,7463,40920,'2024-06-27 09:28:30','2024-06-27 09:28:30',NULL),(454,7463,40920,'2024-06-27 10:03:02','2024-06-27 10:03:02',NULL),(455,7463,40920,'2024-06-27 10:19:24','2024-06-27 10:19:24',NULL),(456,7463,40920,'2024-06-27 10:19:47','2024-06-27 10:19:47',NULL),(457,7463,40920,'2024-07-04 14:00:51','2024-07-04 14:00:51',NULL),(458,7463,40920,'2024-07-04 14:01:21','2024-07-04 14:01:21',NULL),(459,7463,40920,'2024-07-04 14:01:52','2024-07-04 14:01:52',NULL),(460,7463,40920,'2024-07-04 14:02:21','2024-07-04 14:02:21',NULL),(461,7463,40920,'2024-07-04 14:03:05','2024-07-04 14:03:05',NULL),(462,7463,40920,'2024-07-04 14:36:39','2024-07-04 14:36:39',NULL),(463,7463,40920,'2024-07-04 14:37:19','2024-07-04 14:37:19',NULL),(464,7463,40920,'2024-07-04 14:37:53','2024-07-04 14:37:53',NULL),(465,7463,40920,'2024-07-04 14:38:24','2024-07-04 14:38:24',NULL),(466,7463,40920,'2024-07-04 14:38:51','2024-07-04 14:38:51',NULL),(467,7463,40920,'2024-07-04 14:39:23','2024-07-04 14:39:23',NULL),(468,7463,40920,'2024-07-04 14:39:49','2024-07-04 14:39:49',NULL),(469,7463,40920,'2024-07-08 17:54:24','2024-07-08 17:54:24',NULL),(470,7463,40920,'2024-07-08 17:55:40','2024-07-08 17:55:40',NULL),(471,7463,40920,'2024-07-08 17:56:05','2024-07-08 17:56:05',NULL),(472,7463,40920,'2024-07-08 17:56:34','2024-07-08 17:56:34',NULL),(473,7463,40920,'2024-07-08 17:57:20','2024-07-08 17:57:20',NULL),(474,7463,40920,'2024-07-08 17:57:42','2024-07-08 17:57:42',NULL),(475,7463,40920,'2024-07-16 10:55:46','2024-07-16 10:55:46',NULL),(476,7463,40920,'2024-07-19 14:38:44','2024-07-19 14:38:44',NULL),(477,7463,40920,'2024-07-19 14:40:18','2024-07-19 14:40:18',NULL),(478,7463,40920,'2024-07-19 14:40:51','2024-07-19 14:40:51',NULL),(479,7463,40920,'2024-07-19 14:41:34','2024-07-19 14:41:34',NULL),(480,7463,40920,'2024-07-19 14:42:01','2024-07-19 14:42:01',NULL),(481,NULL,40920,'2024-08-29 00:38:12','2024-08-29 00:38:12',NULL),(482,NULL,40920,'2024-08-29 00:38:14','2024-08-29 00:38:14',NULL);
INSERT INTO `inv_ing_egr_stock` VALUES (483,NULL,40920,'2024-08-29 00:38:15','2024-08-29 00:38:15',NULL),(484,NULL,40920,'2024-08-29 00:38:15','2024-08-29 00:38:15',NULL),(485,NULL,40920,'2024-08-29 00:38:15','2024-08-29 00:38:15',NULL),(486,NULL,40920,'2024-08-29 00:38:15','2024-08-29 00:38:15',NULL),(487,NULL,40920,'2024-08-29 00:38:16','2024-08-29 00:38:16',NULL),(488,NULL,40920,'2024-08-29 00:38:16','2024-08-29 00:38:16',NULL),(489,NULL,40920,'2024-08-29 00:38:17','2024-08-29 00:38:17',NULL),(490,NULL,40920,'2024-08-29 00:38:17','2024-08-29 00:38:17',NULL),(491,NULL,40920,'2024-08-29 00:38:18','2024-08-29 00:38:18',NULL);

--
-- Table structure for table `inv_ing_egr_stock_detail`
--

CREATE TABLE `inv_ing_egr_stock_detail` (
  `id` bigint(20) unsigned NOT NULL AUTO_INCREMENT,
  `user_id` int(11) DEFAULT NULL,
  `person_id` int(10) unsigned NOT NULL,
  `inv_ing_egr_stock_id` bigint(20) unsigned NOT NULL,
  `inv_product_id` bigint(20) unsigned NOT NULL,
  `prod_variant_id` bigint(20) unsigned DEFAULT NULL,
  `inv_deposito_id` bigint(20) unsigned DEFAULT NULL,
  `sumar1_restar0` tinyint(1) NOT NULL DEFAULT '1',
  `cantidades` decimal(16,2) NOT NULL DEFAULT '0.00',
  `created_at` timestamp NULL DEFAULT NULL,
  `updated_at` timestamp NULL DEFAULT NULL,
  `deleted_at` timestamp NULL DEFAULT NULL,
  PRIMARY KEY (`id`),
  KEY `inv_ing_egr_stock_detail_person_id_foreign` (`person_id`),
  KEY `inv_ing_egr_stock_detail_inv_ing_egr_stock_id_foreign` (`inv_ing_egr_stock_id`),
  KEY `inv_ing_egr_stock_detail_inv_product_id_foreign` (`inv_product_id`),
  KEY `inv_ing_egr_stock_detail_inv_deposito_id_foreign` (`inv_deposito_id`),
  KEY `inv_ing_egr_stock_detail_prod_variant_id_foreign` (`prod_variant_id`),
  CONSTRAINT `inv_ing_egr_stock_detail_inv_deposito_id_foreign` FOREIGN KEY (`inv_deposito_id`) REFERENCES `inv_depositos` (`id`),
  CONSTRAINT `inv_ing_egr_stock_detail_inv_ing_egr_stock_id_foreign` FOREIGN KEY (`inv_ing_egr_stock_id`) REFERENCES `inv_ing_egr_stock` (`id`),
  CONSTRAINT `inv_ing_egr_stock_detail_inv_product_id_foreign` FOREIGN KEY (`inv_product_id`) REFERENCES `inv_productos` (`id`),
  CONSTRAINT `inv_ing_egr_stock_detail_person_id_foreign` FOREIGN KEY (`person_id`) REFERENCES `persons` (`id`),
  CONSTRAINT `inv_ing_egr_stock_detail_prod_variant_id_foreign` FOREIGN KEY (`prod_variant_id`) REFERENCES `prod_variants` (`id`)
) ENGINE=InnoDB AUTO_INCREMENT=493 DEFAULT CHARSET=utf8mb4 COLLATE=utf8mb4_unicode_ci;

--
-- Dumping data for table `inv_ing_egr_stock_detail`
--

INSERT INTO `inv_ing_egr_stock_detail` VALUES (1,7463,40922,1,299,NULL,2,1,100.00,'2022-08-13 18:24:32','2022-08-13 18:24:32',NULL),(2,7463,40922,2,307,NULL,2,1,100.00,'2022-08-13 18:27:46','2022-08-13 18:27:46',NULL),(3,7463,40920,3,249,NULL,1,1,528.00,'2023-07-05 14:50:26','2023-07-05 14:50:26',NULL),(4,7463,40920,4,346,NULL,1,1,30.00,'2023-07-05 15:25:20','2023-07-05 15:25:20',NULL),(5,7463,40920,5,294,NULL,1,1,20.00,'2023-07-05 15:26:10','2023-07-05 15:26:10',NULL),(6,7463,40920,6,254,NULL,1,0,54.00,'2023-07-07 10:57:37','2023-07-07 10:57:37',NULL),(7,7463,40920,7,281,NULL,1,1,750.00,'2023-07-12 09:42:22','2023-07-12 09:42:22',NULL),(8,7463,40920,8,249,NULL,1,0,30.00,'2023-07-24 19:04:26','2023-07-24 19:04:26',NULL),(9,7463,40920,9,254,NULL,1,0,84.00,'2023-07-27 14:16:40','2023-07-27 14:16:40',NULL),(10,7463,40920,10,355,NULL,1,1,1.50,'2023-07-28 11:25:22','2023-07-28 11:25:22',NULL),(11,7463,40920,11,278,NULL,1,1,480.00,'2023-07-28 11:26:14','2023-07-28 11:26:14',NULL),(12,7463,40920,12,278,NULL,1,0,480.00,'2023-07-28 14:26:39','2023-07-28 14:26:39',NULL),(13,7463,40920,13,355,NULL,1,0,6.00,'2023-07-28 14:26:59','2023-07-28 14:26:59',NULL),(14,7463,40920,14,249,NULL,1,0,168.00,'2023-08-07 17:40:23','2023-08-07 17:40:23',NULL),(15,7463,40920,15,254,NULL,1,0,36.00,'2023-08-07 17:41:00','2023-08-07 17:41:00',NULL),(16,7463,40920,16,249,NULL,1,1,528.00,'2023-08-09 12:51:46','2023-08-09 12:51:46',NULL),(17,7463,40920,17,254,NULL,1,1,528.00,'2023-08-09 12:54:05','2023-08-09 12:54:05',NULL),(18,7463,40920,18,254,NULL,1,0,72.00,'2023-08-09 12:58:33','2023-08-09 12:58:33',NULL),(19,7463,40920,19,401,NULL,1,1,71700.00,'2023-08-15 17:25:00','2023-08-15 17:25:00',NULL),(20,7463,40920,20,249,NULL,1,1,528.00,'2023-08-17 14:32:14','2023-08-17 14:32:14',NULL),(21,7463,40920,21,254,NULL,1,1,528.00,'2023-08-17 14:32:39','2023-08-17 14:32:39',NULL),(22,7463,40920,22,354,NULL,1,1,1420.00,'2023-08-19 09:12:36','2023-08-19 09:12:36',NULL),(23,7463,40920,23,357,NULL,1,1,65.00,'2023-08-19 09:13:06','2023-08-19 09:13:06',NULL),(24,7463,40920,24,358,NULL,1,1,740.00,'2023-08-19 09:13:59','2023-08-19 09:13:59',NULL),(25,7463,40920,25,287,NULL,1,1,110.00,'2023-08-19 09:14:38','2023-08-19 09:14:38',NULL),(26,7463,40920,26,264,NULL,1,1,100.00,'2023-08-19 09:15:10','2023-08-19 09:15:10',NULL),(27,7463,40920,27,284,NULL,1,1,220.00,'2023-08-19 09:15:46','2023-08-19 09:15:46',NULL),(28,7463,40920,28,359,NULL,1,1,40.00,'2023-08-19 09:17:59','2023-08-19 09:17:59',NULL),(29,7463,40920,29,360,NULL,1,1,25.00,'2023-08-19 09:21:11','2023-08-19 09:21:11',NULL),(30,7463,40920,30,354,NULL,1,0,1160.00,'2023-08-19 09:39:15','2023-08-19 09:39:15',NULL),(31,7463,40920,31,357,NULL,1,0,25.00,'2023-08-19 09:39:49','2023-08-19 09:39:49',NULL),(32,7463,40920,32,358,NULL,1,0,420.00,'2023-08-19 09:40:21','2023-08-19 09:40:21',NULL),(33,7463,40920,33,287,NULL,1,0,60.00,'2023-08-19 09:40:57','2023-08-19 09:40:57',NULL),(34,7463,40920,34,249,NULL,1,0,40.00,'2023-08-19 09:41:22','2023-08-19 09:41:22',NULL),(35,7463,40920,35,354,NULL,1,0,260.00,'2023-08-19 10:20:12','2023-08-19 10:20:12',NULL),(36,7463,40920,36,357,NULL,1,0,40.00,'2023-08-19 10:20:38','2023-08-19 10:20:38',NULL),(37,7463,40920,37,358,NULL,1,0,60.00,'2023-08-19 10:21:11','2023-08-19 10:21:11',NULL),(38,7463,40920,38,264,NULL,1,0,100.00,'2023-08-19 10:21:36','2023-08-19 10:21:36',NULL),(39,7463,40920,39,359,NULL,1,0,40.00,'2023-08-19 10:22:06','2023-08-19 10:22:06',NULL),(40,7463,40920,40,284,NULL,1,0,220.00,'2023-08-19 10:22:35','2023-08-19 10:22:35',NULL),(41,7463,40920,41,358,NULL,1,0,260.00,'2023-08-19 10:38:05','2023-08-19 10:38:05',NULL),(42,7463,40920,42,287,NULL,1,0,50.00,'2023-08-19 10:38:48','2023-08-19 10:38:48',NULL),(43,7463,40920,43,360,NULL,1,0,25.00,'2023-08-19 10:39:28','2023-08-19 10:39:28',NULL),(44,7463,40920,44,281,NULL,1,0,105.00,'2023-08-19 10:39:52','2023-08-19 10:39:52',NULL),(45,7463,40920,45,254,NULL,1,0,24.00,'2023-08-19 10:40:17','2023-08-19 10:40:17',NULL);
INSERT INTO `inv_ing_egr_stock_detail` VALUES (46,7463,40920,46,355,NULL,1,1,2.00,'2023-08-19 11:45:04','2023-08-19 11:45:04',NULL),(47,7463,40920,47,249,NULL,1,0,44.00,'2023-08-19 18:03:50','2023-08-19 18:03:50',NULL),(48,7463,40920,48,249,NULL,1,0,3.40,'2023-08-24 11:47:55','2023-08-24 11:47:55',NULL),(49,7463,40920,49,278,NULL,1,0,36.00,'2023-08-24 11:48:21','2023-08-24 11:48:21',NULL),(50,7463,40920,50,307,NULL,1,0,5.00,'2023-08-24 11:48:53','2023-08-24 11:48:53',NULL),(51,7463,40920,51,354,NULL,1,0,100.00,'2023-08-24 11:49:24','2023-08-24 11:49:24',NULL),(52,7463,40920,52,278,NULL,1,0,64.00,'2023-08-24 11:59:55','2023-08-24 11:59:55',NULL),(53,7463,40920,53,249,NULL,1,0,2.60,'2023-08-24 12:00:16','2023-08-24 12:00:16',NULL),(54,7463,40920,54,355,NULL,1,0,2.00,'2023-08-24 12:00:42','2023-08-24 12:00:42',NULL),(55,7463,40920,55,278,NULL,1,0,40.00,'2023-09-04 16:06:36','2023-09-04 16:06:36',NULL),(56,7463,40920,56,287,NULL,1,0,10.00,'2023-09-04 16:06:59','2023-09-04 16:06:59',NULL),(57,7463,40920,57,281,NULL,1,0,105.00,'2023-09-04 16:07:28','2023-09-04 16:07:28',NULL),(58,7463,40920,58,254,NULL,1,0,24.00,'2023-09-04 16:07:55','2023-09-04 16:07:55',NULL),(59,7463,40920,59,276,NULL,1,0,20.00,'2023-09-04 17:19:14','2023-09-04 17:19:14',NULL),(60,7463,40920,60,355,NULL,1,1,3.00,'2023-09-04 17:25:12','2023-09-04 17:25:12',NULL),(61,7463,40920,61,354,NULL,1,0,80.00,'2023-09-05 15:47:35','2023-09-05 15:47:35',NULL),(62,7463,40920,62,355,NULL,1,0,3.00,'2023-09-05 15:48:00','2023-09-05 15:48:00',NULL),(63,7463,40920,63,322,NULL,1,0,5.00,'2023-09-05 15:48:24','2023-09-05 15:48:24',NULL),(64,7463,40920,64,251,NULL,1,0,161.00,'2023-09-06 09:55:33','2023-09-06 09:55:33',NULL),(65,7463,40920,65,355,NULL,1,1,0.50,'2023-09-06 18:15:18','2023-09-06 18:15:18',NULL),(66,7463,40920,66,249,NULL,1,0,12.00,'2023-09-09 10:56:49','2023-09-09 10:56:49',NULL),(67,7463,40920,67,361,NULL,1,1,12.00,'2023-09-09 11:17:41','2023-09-09 11:17:41',NULL),(68,7463,40920,68,355,NULL,1,0,0.50,'2023-09-09 12:17:02','2023-09-09 12:17:02',NULL),(69,7463,40920,69,361,NULL,1,0,8.00,'2023-09-09 12:17:25','2023-09-09 12:17:25',NULL),(70,7463,40920,70,265,NULL,1,1,220.00,'2023-09-09 12:27:03','2023-09-09 12:27:03',NULL),(71,7463,40920,71,362,NULL,1,1,50.00,'2023-09-11 17:34:20','2023-09-11 17:34:20',NULL),(72,7463,40920,72,363,NULL,1,1,10.00,'2023-09-11 17:34:56','2023-09-11 17:34:56',NULL),(73,7463,40920,73,319,NULL,1,1,100.00,'2023-09-11 17:35:28','2023-09-11 17:35:28',NULL),(74,7463,40920,74,361,NULL,1,0,3.00,'2023-09-11 17:49:05','2023-09-11 17:49:05',NULL),(75,7463,40920,75,361,NULL,1,0,1.00,'2023-09-11 18:22:27','2023-09-11 18:22:27',NULL),(76,7463,40920,76,355,NULL,1,1,2.50,'2023-09-14 11:53:41','2023-09-14 11:53:41',NULL),(77,7463,40920,77,343,NULL,1,1,560.00,'2023-09-14 11:55:11','2023-09-14 11:55:11',NULL),(78,7463,40920,78,364,NULL,1,1,560.00,'2023-09-14 11:55:41','2023-09-14 11:55:41',NULL),(79,7463,40920,79,354,NULL,1,0,300.00,'2023-09-18 16:13:01','2023-09-18 16:13:01',NULL),(80,7463,40920,80,278,NULL,1,0,120.00,'2023-09-18 16:13:19','2023-09-18 16:13:19',NULL),(81,7463,40920,81,249,NULL,1,0,12.00,'2023-09-18 16:13:40','2023-09-18 16:13:40',NULL),(82,7463,40920,82,402,NULL,1,1,2365.00,'2023-09-19 11:12:14','2023-09-19 11:12:14',NULL),(83,7463,40920,83,402,NULL,1,0,114930.00,'2023-09-19 11:12:44','2023-09-19 11:12:44',NULL),(84,7463,40920,84,319,NULL,1,0,100.00,'2023-09-21 15:46:20','2023-09-21 15:46:20',NULL),(85,7463,40920,85,366,NULL,1,1,20.00,'2023-09-21 15:56:11','2023-09-21 15:56:11',NULL),(86,7463,40920,86,278,NULL,1,1,200.00,'2023-09-21 15:59:21','2023-09-21 15:59:21',NULL),(87,7463,40920,87,354,NULL,1,1,300.00,'2023-09-21 16:03:33','2023-09-21 16:03:33',NULL),(88,7463,40920,88,249,NULL,1,0,144.00,'2023-09-21 18:27:53','2023-09-21 18:27:53',NULL),(89,7463,40920,89,319,NULL,1,1,145.00,'2023-09-29 14:50:08','2023-09-29 14:50:08',NULL),(90,7463,40920,90,366,NULL,1,1,10.00,'2023-09-29 14:50:25','2023-09-29 14:50:25',NULL);
INSERT INTO `inv_ing_egr_stock_detail` VALUES (91,7463,40920,91,366,NULL,1,0,30.00,'2023-09-29 17:51:06','2023-09-29 17:51:06',NULL),(92,7463,40920,92,249,NULL,1,0,60.00,'2023-10-04 15:43:15','2023-10-04 15:43:15',NULL),(93,7463,40920,93,278,NULL,1,0,100.00,'2023-10-06 10:17:02','2023-10-06 10:17:02',NULL),(94,7463,40920,94,340,NULL,1,0,140.00,'2023-10-06 10:17:36','2023-10-06 10:17:36',NULL),(95,7463,40920,95,254,NULL,1,0,14.00,'2023-10-06 10:18:16','2023-10-06 10:18:16',NULL),(96,7463,40920,96,403,NULL,1,1,1.00,'2023-10-11 09:40:52','2023-10-11 09:40:52',NULL),(97,7463,40920,97,404,NULL,1,1,1.00,'2023-10-11 09:41:19','2023-10-11 09:41:19',NULL),(98,7463,40920,98,405,NULL,1,1,1.00,'2023-10-11 09:41:42','2023-10-11 09:41:42',NULL),(99,7463,40920,99,406,NULL,1,1,1.00,'2023-10-11 09:42:00','2023-10-11 09:42:00',NULL),(100,7463,40920,100,403,NULL,1,0,1.00,'2023-10-11 09:55:57','2023-10-11 09:55:57',NULL),(101,7463,40920,101,404,NULL,1,0,1.00,'2023-10-11 09:56:25','2023-10-11 09:56:25',NULL),(102,7463,40920,102,405,NULL,1,0,1.00,'2023-10-11 09:56:45','2023-10-11 09:56:45',NULL),(103,7463,40920,103,406,NULL,1,0,1.00,'2023-10-11 09:57:07','2023-10-11 09:57:07',NULL),(104,7463,40920,104,279,NULL,1,1,400.00,'2023-10-20 15:34:37','2023-10-20 15:34:37',NULL),(105,7463,40920,105,343,NULL,1,1,840.00,'2023-10-20 15:35:09','2023-10-20 15:35:09',NULL),(106,7463,40920,106,367,NULL,1,1,600.00,'2023-10-20 15:35:41','2023-10-20 15:35:41',NULL),(107,7463,40920,107,266,NULL,1,1,225.00,'2023-10-20 15:36:05','2023-10-20 15:36:05',NULL),(108,7463,40920,108,319,NULL,1,0,145.00,'2023-10-23 17:20:24','2023-10-23 17:20:24',NULL),(109,7463,40920,109,364,NULL,1,0,240.00,'2023-10-23 19:58:44','2023-10-23 19:58:44',NULL),(110,7463,40920,110,343,NULL,1,0,200.00,'2023-10-23 19:59:05','2023-10-23 19:59:05',NULL),(111,7463,40920,111,294,NULL,1,0,20.00,'2023-10-23 19:59:34','2023-10-23 19:59:34',NULL),(112,7463,40920,112,251,NULL,1,0,20.00,'2023-10-23 19:59:57','2023-10-23 19:59:57',NULL),(113,7463,40920,113,355,NULL,1,0,2.50,'2023-10-23 20:00:20','2023-10-23 20:00:20',NULL),(114,7463,40920,114,329,NULL,1,1,160.00,'2023-10-24 14:09:54','2023-10-24 14:09:54',NULL),(115,7463,40920,115,346,NULL,1,1,15.00,'2023-10-24 14:10:40','2023-10-24 14:10:40',NULL),(116,7463,40920,116,294,NULL,1,1,100.00,'2023-10-24 14:11:41','2023-10-24 14:11:41',NULL),(117,7463,40920,117,392,NULL,1,1,20.00,'2023-10-24 14:22:00','2023-10-24 14:22:00',NULL),(118,7463,40920,118,407,NULL,1,1,13.00,'2023-10-24 14:22:24','2023-10-24 14:22:24',NULL),(119,7463,40920,119,408,NULL,1,1,620.00,'2023-10-24 14:22:57','2023-10-24 14:22:57',NULL),(120,7463,40920,120,294,NULL,1,0,5.00,'2023-10-24 14:34:49','2023-10-24 14:34:49',NULL),(121,7463,40920,121,254,NULL,1,0,36.00,'2023-10-24 14:35:20','2023-10-24 14:35:20',NULL),(122,7463,40920,122,267,NULL,1,1,6.00,'2023-10-25 10:10:42','2023-10-25 10:10:42',NULL),(123,7463,40920,123,367,NULL,1,0,340.00,'2023-10-25 10:21:04','2023-10-25 10:21:04',NULL),(124,7463,40920,124,279,NULL,1,0,500.00,'2023-10-25 10:21:30','2023-10-25 10:21:30',NULL),(125,7463,40920,125,281,NULL,1,0,480.00,'2023-10-25 10:22:17','2023-10-25 10:22:17',NULL),(126,7463,40920,126,392,NULL,1,0,20.00,'2023-10-25 10:22:52','2023-10-25 10:22:52',NULL),(127,7463,40920,127,340,NULL,1,0,140.00,'2023-10-25 10:23:51','2023-10-25 10:23:51',NULL),(128,7463,40920,128,408,NULL,1,0,620.00,'2023-10-25 10:24:19','2023-10-25 10:24:19',NULL),(129,7463,40920,129,407,NULL,1,0,13.00,'2023-10-25 10:24:38','2023-10-25 10:24:38',NULL),(130,7463,40920,130,329,NULL,1,0,160.00,'2023-10-25 10:25:02','2023-10-25 10:25:02',NULL),(131,7463,40920,131,346,NULL,1,0,60.00,'2023-10-25 10:25:27','2023-10-25 10:25:27',NULL),(132,7463,40920,132,354,NULL,1,0,340.00,'2023-10-25 10:25:56','2023-10-25 10:25:56',NULL),(133,7463,40920,133,254,NULL,1,0,108.00,'2023-10-25 10:26:25','2023-10-25 10:26:25',NULL),(134,7463,40920,134,267,NULL,1,0,6.00,'2023-10-25 10:26:49','2023-10-25 10:26:49',NULL),(135,7463,40920,135,364,NULL,1,0,320.00,'2023-10-27 11:27:03','2023-10-27 11:27:03',NULL);
INSERT INTO `inv_ing_egr_stock_detail` VALUES (136,7463,40920,136,294,NULL,1,0,45.00,'2023-10-27 11:27:34','2023-10-27 11:27:34',NULL),(137,7463,40920,137,343,NULL,1,0,200.00,'2023-10-27 11:28:07','2023-10-27 11:28:07',NULL),(138,7463,40920,138,251,NULL,1,0,20.00,'2023-10-27 11:28:36','2023-10-27 11:28:36',NULL),(139,7463,40920,139,254,NULL,1,0,30.00,'2023-10-27 11:28:58','2023-10-27 11:28:58',NULL),(140,7463,40920,140,251,NULL,1,0,40.00,'2023-10-27 11:29:29','2023-10-27 11:29:29',NULL),(141,7463,40920,141,251,NULL,1,1,40.00,'2023-10-27 11:40:20','2023-10-27 11:40:20',NULL),(142,7463,40920,142,249,NULL,1,0,40.00,'2023-10-27 11:40:39','2023-10-27 11:40:39',NULL),(143,7463,40920,143,354,NULL,1,0,140.00,'2023-10-29 07:15:44','2023-10-29 07:15:44',NULL),(144,7463,40920,144,256,NULL,1,1,10.00,'2023-11-02 14:22:51','2023-11-02 14:22:51',NULL),(145,7463,40920,145,250,NULL,1,1,104.00,'2023-11-02 14:23:19','2023-11-02 14:23:19',NULL),(146,7463,40920,146,253,NULL,1,1,200.00,'2023-11-02 14:23:46','2023-11-02 14:23:46',NULL),(147,7463,40920,147,254,NULL,1,1,264.00,'2023-11-02 14:24:13','2023-11-02 14:24:13',NULL),(148,7463,40920,148,251,NULL,1,1,1008.00,'2023-11-02 14:24:36','2023-11-02 14:24:36',NULL),(149,7463,40920,149,249,NULL,1,1,888.00,'2023-11-02 14:25:15','2023-11-02 14:25:15',NULL),(150,7463,40920,150,256,NULL,1,0,5.00,'2023-11-02 17:08:51','2023-11-02 17:08:51',NULL),(151,7463,40920,151,346,NULL,1,1,20.00,'2023-11-03 10:43:48','2023-11-03 10:43:48',NULL),(152,7463,40920,152,269,NULL,1,1,2.00,'2023-11-03 10:44:10','2023-11-03 10:44:10',NULL),(153,7463,40920,153,407,NULL,1,1,10.00,'2023-11-03 10:44:38','2023-11-03 10:44:38',NULL),(154,7463,40920,154,314,NULL,1,1,50.00,'2023-11-03 10:45:04','2023-11-03 10:45:04',NULL),(155,7463,40920,155,330,NULL,1,1,100.00,'2023-11-03 10:45:39','2023-11-03 10:45:39',NULL),(156,7463,40920,156,354,NULL,1,1,300.00,'2023-11-03 10:46:01','2023-11-03 10:46:01',NULL),(157,7463,40920,157,410,NULL,1,1,60.00,'2023-11-03 10:46:30','2023-11-03 10:46:30',NULL),(158,7463,40920,158,318,NULL,1,1,4.30,'2023-11-03 10:47:03','2023-11-03 10:47:03',NULL),(159,7463,40920,159,301,NULL,1,1,3.50,'2023-11-03 10:47:28','2023-11-03 10:47:28',NULL),(160,7463,40920,160,293,NULL,1,1,10.00,'2023-11-03 10:48:01','2023-11-03 10:48:01',NULL),(161,7463,40920,161,332,NULL,1,1,240.00,'2023-11-03 10:48:33','2023-11-03 10:48:33',NULL),(162,7463,40920,162,346,NULL,1,0,20.00,'2023-11-03 11:24:42','2023-11-03 11:24:42',NULL),(163,7463,40920,163,407,NULL,1,0,10.00,'2023-11-03 11:25:06','2023-11-03 11:25:06',NULL),(164,7463,40920,164,410,NULL,1,0,60.00,'2023-11-03 12:45:57','2023-11-03 12:45:57',NULL),(165,7463,40920,165,318,NULL,1,0,4.30,'2023-11-03 12:46:18','2023-11-03 12:46:18',NULL),(166,7463,40920,166,269,NULL,1,0,2.00,'2023-11-03 12:46:37','2023-11-03 12:46:37',NULL),(167,7463,40920,167,332,NULL,1,0,120.00,'2023-11-03 13:21:24','2023-11-03 13:21:24',NULL),(168,7463,40920,168,332,NULL,1,0,120.00,'2023-11-03 13:21:44','2023-11-03 13:21:44',NULL),(169,7463,40920,169,367,NULL,1,0,260.00,'2023-11-04 10:09:10','2023-11-04 10:09:10',NULL),(170,7463,40920,170,249,NULL,1,0,24.00,'2023-11-04 10:09:29','2023-11-04 10:09:29',NULL),(171,7463,40920,171,251,NULL,1,0,2.00,'2023-11-04 10:09:49','2023-11-04 10:09:49',NULL),(172,7463,40920,172,322,NULL,1,0,5.00,'2023-11-04 10:10:16','2023-11-04 10:10:16',NULL),(173,7463,40920,173,301,NULL,1,0,2.10,'2023-11-04 10:10:39','2023-11-04 10:10:39',NULL),(174,7463,40920,174,286,NULL,1,0,4.00,'2023-11-04 10:11:00','2023-11-04 10:11:00',NULL),(175,7463,40920,175,363,NULL,1,0,10.00,'2023-11-04 10:15:12','2023-11-04 10:15:12',NULL),(176,7463,40920,176,251,NULL,1,0,120.00,'2023-11-04 10:52:13','2023-11-04 10:52:13',NULL),(177,7463,40920,177,336,NULL,1,1,30.00,'2023-11-10 17:27:59','2023-11-10 17:27:59',NULL),(178,7463,40920,178,301,NULL,1,1,1.40,'2023-11-10 17:28:19','2023-11-10 17:28:19',NULL),(179,7463,40920,179,362,NULL,1,0,50.00,'2023-11-11 10:20:23','2023-11-11 10:20:23',NULL);
INSERT INTO `inv_ing_egr_stock_detail` VALUES (180,7463,40920,180,254,NULL,1,0,12.00,'2023-11-11 10:20:46','2023-11-11 10:20:46',NULL),(181,7463,40920,181,249,NULL,1,0,3.00,'2023-11-11 10:45:28','2023-11-11 10:45:28',NULL),(182,7463,40920,182,336,NULL,1,0,30.00,'2023-11-13 17:11:13','2023-11-13 17:11:13',NULL),(183,7463,40920,183,363,NULL,1,1,19.00,'2023-11-13 17:29:18','2023-11-13 17:29:18',NULL),(184,7463,40920,184,301,NULL,1,1,7.00,'2023-11-13 17:29:36','2023-11-13 17:29:36',NULL),(185,7463,40920,185,411,NULL,1,1,100.00,'2023-11-13 17:30:09','2023-11-13 17:30:09',NULL),(186,7463,40920,186,412,NULL,1,1,100.00,'2023-11-13 17:30:29','2023-11-13 17:30:29',NULL),(187,7463,40920,187,249,NULL,1,0,30.00,'2023-11-14 11:35:58','2023-11-14 11:35:58',NULL),(188,7463,40920,188,250,NULL,1,0,8.00,'2023-11-14 11:36:16','2023-11-14 11:36:16',NULL),(189,7463,40920,189,354,NULL,1,0,100.00,'2023-11-14 11:55:59','2023-11-14 11:55:59',NULL),(190,7463,40920,190,411,NULL,1,0,40.00,'2023-11-14 11:56:25','2023-11-14 11:56:25',NULL),(191,7463,40920,191,301,NULL,1,0,2.45,'2023-11-14 12:09:09','2023-11-14 12:09:09',NULL),(192,7463,40920,192,249,NULL,1,0,5.00,'2023-11-14 12:09:32','2023-11-14 12:09:32',NULL),(193,7463,40920,193,278,NULL,1,0,80.00,'2023-11-14 12:10:21','2023-11-14 12:10:21',NULL),(194,7463,40920,194,293,NULL,1,0,10.00,'2023-11-14 12:18:02','2023-11-14 12:18:02',NULL),(195,7463,40920,195,412,NULL,1,0,100.00,'2023-11-14 12:18:27','2023-11-14 12:18:27',NULL),(196,7463,40920,196,254,NULL,1,0,24.00,'2023-11-15 09:30:35','2023-11-15 09:30:35',NULL),(197,7463,40920,197,256,NULL,1,1,10.00,'2023-11-16 11:09:01','2023-11-16 11:09:01',NULL),(198,7463,40920,198,325,NULL,1,1,390.00,'2023-11-16 14:01:30','2023-11-16 14:01:30',NULL),(199,7463,40920,199,279,NULL,1,1,360.00,'2023-11-16 14:01:51','2023-11-16 14:01:51',NULL),(200,7463,40920,200,256,NULL,1,0,3.00,'2023-11-20 09:28:13','2023-11-20 09:28:13',NULL),(201,7463,40920,201,278,NULL,1,0,20.00,'2023-11-21 10:34:38','2023-11-21 10:34:38',NULL),(202,7463,40920,202,411,NULL,1,1,20.00,'2023-11-21 10:35:01','2023-11-21 10:35:01',NULL),(203,7463,40920,203,399,NULL,1,1,77.00,'2023-11-22 09:06:15','2023-11-22 09:06:15',NULL),(204,7463,40920,204,400,NULL,1,1,8.00,'2023-11-22 09:06:33','2023-11-22 09:06:33',NULL),(205,7463,40920,205,346,NULL,1,1,20.00,'2023-11-23 13:09:24','2023-11-23 13:09:24',NULL),(206,7463,40920,206,334,NULL,1,1,45.00,'2023-11-23 13:09:46','2023-11-23 13:09:46',NULL),(207,7463,40920,207,307,NULL,1,1,35.00,'2023-11-23 13:10:13','2023-11-23 13:10:13',NULL),(208,7463,40920,208,411,NULL,1,0,20.00,'2023-11-23 13:12:54','2023-11-23 13:12:54',NULL),(209,7463,40920,208,278,NULL,1,1,20.00,'2023-11-23 13:12:54','2023-11-23 13:12:54',NULL),(210,7463,40920,209,249,NULL,1,0,108.00,'2023-11-23 14:55:44','2023-11-23 14:55:44',NULL),(211,7463,40920,210,249,NULL,1,0,60.00,'2023-11-24 09:56:09','2023-11-24 09:56:09',NULL),(212,7463,40920,211,413,NULL,1,1,140.00,'2023-11-24 11:02:04','2023-11-24 11:02:04',NULL),(213,7463,40920,212,307,NULL,1,0,20.00,'2023-11-25 09:33:06','2023-11-25 09:33:06',NULL),(214,7463,40920,213,286,NULL,1,0,7.00,'2023-11-25 09:33:30','2023-11-25 09:33:30',NULL),(215,7463,40920,214,413,NULL,1,0,140.00,'2023-11-25 09:33:51','2023-11-25 09:33:51',NULL),(216,7463,40920,215,346,NULL,1,0,20.00,'2023-11-25 09:34:23','2023-11-25 09:34:23',NULL),(217,7463,40920,216,251,NULL,1,0,24.00,'2023-11-25 09:34:43','2023-11-25 09:34:43',NULL),(218,7463,40920,217,254,NULL,1,0,60.00,'2023-11-25 09:35:08','2023-11-25 09:35:08',NULL),(219,7463,40920,218,279,NULL,1,0,100.00,'2023-11-25 09:35:32','2023-11-25 09:35:32',NULL),(220,7463,40920,219,393,NULL,1,1,300.00,'2023-11-28 09:01:45','2023-11-28 09:01:45',NULL),(221,7463,40920,220,393,NULL,1,0,300.00,'2023-11-30 16:44:01','2023-11-30 16:44:01',NULL),(222,7463,40920,221,334,NULL,1,0,45.00,'2023-12-01 08:54:00','2023-12-01 08:54:00',NULL),(223,7463,40920,222,414,NULL,1,1,45.00,'2023-12-01 08:54:18','2023-12-01 08:54:18',NULL);
INSERT INTO `inv_ing_egr_stock_detail` VALUES (224,7463,40920,223,249,NULL,1,0,96.00,'2023-12-01 13:30:19','2023-12-01 13:30:19',NULL),(225,7463,40920,224,254,NULL,1,0,48.00,'2023-12-01 13:30:43','2023-12-01 13:30:43',NULL),(226,7463,40920,225,251,NULL,1,0,48.00,'2023-12-01 13:31:11','2023-12-01 13:31:11',NULL),(227,7463,40920,226,414,NULL,1,0,45.00,'2023-12-01 13:39:56','2023-12-01 13:39:56',NULL),(228,7463,40920,227,279,NULL,1,0,200.00,'2023-12-01 13:40:35','2023-12-01 13:40:35',NULL),(229,7463,40920,228,254,NULL,1,0,24.00,'2023-12-01 13:40:56','2023-12-01 13:40:56',NULL),(230,7463,40920,229,251,NULL,1,0,24.00,'2023-12-01 13:41:17','2023-12-01 13:41:17',NULL),(231,7463,40920,230,343,NULL,1,0,100.00,'2023-12-01 16:59:07','2023-12-01 16:59:07',NULL),(232,7463,40920,231,251,NULL,1,0,10.00,'2023-12-01 16:59:25','2023-12-01 16:59:25',NULL),(233,7463,40920,232,251,NULL,1,0,2.00,'2023-12-04 13:52:14','2023-12-04 13:52:14',NULL),(234,7463,40920,233,249,NULL,1,0,4.00,'2023-12-04 13:52:31','2023-12-04 13:52:31',NULL),(235,7463,40920,234,307,NULL,1,0,15.00,'2023-12-04 13:52:50','2023-12-04 13:52:50',NULL),(236,7463,40920,235,278,NULL,1,0,20.00,'2023-12-04 13:53:14','2023-12-04 13:53:14',NULL),(237,7463,40920,236,320,NULL,1,0,20.00,'2023-12-04 13:53:56','2023-12-04 13:53:56',NULL),(238,7463,40920,237,279,NULL,1,0,100.00,'2023-12-04 14:08:41','2023-12-04 14:08:41',NULL),(239,7463,40920,238,249,NULL,1,0,204.00,'2023-12-04 15:46:06','2023-12-04 15:46:06',NULL),(240,7463,40920,239,249,NULL,1,0,108.00,'2023-12-06 19:59:10','2023-12-06 19:59:10',NULL),(241,7463,40920,240,340,NULL,1,0,100.00,'2023-12-07 16:08:38','2023-12-07 16:08:38',NULL),(242,7463,40920,241,254,NULL,1,0,12.00,'2023-12-07 16:09:39','2023-12-07 16:09:39',NULL),(243,7463,40920,242,286,NULL,1,0,12.00,'2023-12-07 16:10:08','2023-12-07 16:10:08',NULL),(244,7463,40920,243,381,NULL,1,0,5.00,'2023-12-07 16:10:32','2023-12-07 16:10:32',NULL),(245,7463,40920,244,354,NULL,1,0,200.00,'2023-12-07 16:10:54','2023-12-07 16:10:54',NULL),(246,7463,40920,245,367,NULL,1,1,900.00,'2023-12-07 17:27:01','2023-12-07 17:27:01',NULL),(247,7463,40920,246,286,NULL,1,1,12.00,'2023-12-07 17:27:19','2023-12-07 17:27:19',NULL),(248,7463,40920,247,279,NULL,1,1,40.00,'2023-12-07 17:27:41','2023-12-07 17:27:41',NULL),(249,7463,40920,248,307,NULL,1,1,30.00,'2023-12-07 17:28:09','2023-12-07 17:28:09',NULL),(250,7463,40920,249,307,NULL,1,0,25.00,'2023-12-07 19:31:10','2023-12-07 19:31:10',NULL),(251,7463,40920,250,286,NULL,1,0,8.00,'2023-12-07 20:19:15','2023-12-07 20:19:15',NULL),(252,7463,40920,251,279,NULL,1,0,40.00,'2023-12-07 20:19:34','2023-12-07 20:19:34',NULL),(253,7463,40920,252,367,NULL,1,0,900.00,'2023-12-07 20:19:58','2023-12-07 20:19:58',NULL),(254,7463,40920,253,249,NULL,1,0,50.00,'2023-12-10 09:34:37','2023-12-10 09:34:37',NULL),(255,7463,40920,254,415,NULL,1,1,390.00,'2023-12-10 12:20:04','2023-12-10 12:20:04',NULL),(256,7463,40920,255,249,NULL,1,0,2.00,'2023-12-10 12:47:25','2023-12-10 12:47:25',NULL),(257,7463,40920,256,415,NULL,1,0,80.00,'2023-12-10 12:47:42','2023-12-10 12:47:42',NULL),(258,7463,40920,257,253,NULL,1,0,24.00,'2023-12-11 11:52:10','2023-12-11 11:52:10',NULL),(259,7463,40920,258,249,NULL,1,0,2.00,'2023-12-12 11:13:35','2023-12-12 11:13:35',NULL),(260,7463,40920,259,325,NULL,1,0,70.00,'2023-12-12 11:14:10','2023-12-12 11:14:10',NULL),(261,7463,40920,260,381,NULL,1,0,2.00,'2023-12-12 11:14:30','2023-12-12 11:14:30',NULL),(262,7463,40920,261,330,NULL,1,0,50.00,'2023-12-12 11:14:54','2023-12-12 11:14:54',NULL),(263,7463,40920,262,249,NULL,1,0,108.00,'2023-12-12 11:57:43','2023-12-12 11:57:43',NULL),(264,7463,40920,263,332,NULL,1,1,240.00,'2023-12-13 08:14:38','2023-12-13 08:14:38',NULL),(265,7463,40920,264,411,NULL,1,0,20.00,'2023-12-13 12:58:46','2023-12-13 12:58:46',NULL),(266,7463,40920,265,415,NULL,1,0,240.00,'2023-12-18 11:52:05','2023-12-18 11:52:05',NULL),(267,7463,40920,266,332,NULL,1,0,240.00,'2023-12-18 11:52:36','2023-12-18 11:52:36',NULL);
INSERT INTO `inv_ing_egr_stock_detail` VALUES (268,7463,40920,267,330,NULL,1,0,10.00,'2023-12-18 11:53:35','2023-12-18 11:53:35',NULL),(269,7463,40920,268,356,NULL,1,0,140.00,'2023-12-18 11:53:58','2023-12-18 11:53:58',NULL),(270,7463,40920,269,251,NULL,1,0,6.00,'2023-12-18 11:54:32','2023-12-18 11:54:32',NULL),(271,7463,40920,270,408,NULL,1,1,140.00,'2023-12-19 12:08:23','2023-12-19 12:08:23',NULL),(272,7463,40920,271,323,NULL,1,1,4.50,'2023-12-19 12:08:48','2023-12-19 12:08:48',NULL),(273,7463,40920,272,270,NULL,1,1,140.00,'2023-12-19 12:09:09','2023-12-19 12:09:09',NULL),(274,7463,40920,273,413,NULL,1,1,200.00,'2023-12-19 12:09:40','2023-12-19 12:09:40',NULL),(275,7463,40920,274,279,NULL,1,1,200.00,'2023-12-19 12:10:23','2023-12-19 12:10:23',NULL),(276,7463,40920,275,411,NULL,1,1,20.00,'2023-12-19 12:11:02','2023-12-19 12:11:02',NULL),(277,7463,40920,276,377,NULL,1,1,10.00,'2023-12-19 12:11:25','2023-12-19 12:11:25',NULL),(278,7463,40920,277,342,NULL,1,1,55.00,'2023-12-19 12:11:52','2023-12-19 12:11:52',NULL),(279,7463,40920,278,408,NULL,1,0,140.00,'2023-12-20 10:56:59','2023-12-20 10:56:59',NULL),(280,7463,40920,279,330,NULL,1,0,40.00,'2023-12-20 10:57:57','2023-12-20 10:57:57',NULL),(281,7463,40920,280,356,NULL,1,0,20.00,'2023-12-20 10:58:48','2023-12-20 10:58:48',NULL),(282,7463,40920,281,323,NULL,1,0,4.50,'2023-12-20 10:59:11','2023-12-20 10:59:11',NULL),(283,7463,40920,282,270,NULL,1,0,140.00,'2023-12-20 10:59:41','2023-12-20 10:59:41',NULL),(284,7463,40920,283,342,NULL,1,0,55.00,'2023-12-20 11:00:17','2023-12-20 11:00:17',NULL),(285,7463,40920,284,343,NULL,1,0,100.00,'2023-12-20 11:00:48','2023-12-20 11:00:48',NULL),(286,7463,40920,285,253,NULL,1,0,16.00,'2023-12-20 11:01:39','2023-12-20 11:01:39',NULL),(287,7463,40920,286,298,NULL,1,0,40.00,'2023-12-21 12:15:00','2023-12-21 12:15:00',NULL),(288,7463,40920,287,413,NULL,1,0,200.00,'2023-12-21 12:15:28','2023-12-21 12:15:28',NULL),(289,7463,40920,288,253,NULL,1,0,24.00,'2023-12-21 12:15:57','2023-12-21 12:15:57',NULL),(290,7463,40920,289,342,NULL,1,1,225.00,'2023-12-22 10:17:33','2023-12-22 10:17:33',NULL),(291,7463,40920,290,254,NULL,1,0,48.00,'2023-12-23 09:19:57','2023-12-23 09:19:57',NULL),(292,7463,40920,291,249,NULL,1,0,24.00,'2023-12-23 09:22:31','2023-12-23 09:22:31',NULL),(293,7463,40920,292,342,NULL,1,0,225.00,'2023-12-23 09:36:51','2023-12-23 09:36:51',NULL),(294,7463,40920,293,367,NULL,1,1,140.00,'2023-12-23 09:38:06','2023-12-23 09:38:06',NULL),(295,7463,40920,294,253,NULL,1,0,56.00,'2023-12-26 09:45:22','2023-12-26 09:45:22',NULL),(296,7463,40920,295,343,NULL,1,0,300.00,'2023-12-26 17:34:21','2023-12-26 17:34:21',NULL),(297,7463,40920,296,251,NULL,1,0,32.00,'2023-12-26 17:35:07','2023-12-26 17:35:07',NULL),(298,7463,40920,297,343,NULL,1,0,20.00,'2023-12-27 12:48:32','2023-12-27 12:48:32',NULL),(299,7463,40920,298,253,NULL,1,0,10.00,'2023-12-27 12:49:00','2023-12-27 12:49:00',NULL),(300,7463,40920,299,249,NULL,1,0,36.00,'2023-12-28 17:27:24','2023-12-28 17:27:24',NULL),(301,7463,40920,300,253,NULL,1,0,24.00,'2023-12-29 11:34:44','2023-12-29 11:34:44',NULL),(302,7463,40920,301,253,NULL,1,0,10.00,'2023-12-29 11:36:50','2023-12-29 11:36:50',NULL),(303,7463,40920,302,343,NULL,1,0,80.00,'2024-01-02 10:38:24','2024-01-02 10:38:24',NULL),(304,7463,40920,303,253,NULL,1,0,12.00,'2024-01-02 10:38:46','2024-01-02 10:38:46',NULL),(305,7463,40920,304,265,NULL,1,0,140.00,'2024-01-02 16:04:44','2024-01-02 16:04:44',NULL),(306,7463,40920,305,250,NULL,1,0,10.00,'2024-01-03 20:17:11','2024-01-03 20:17:11',NULL),(307,7463,40920,306,251,NULL,1,0,24.00,'2024-01-03 20:17:34','2024-01-03 20:17:34',NULL),(308,7463,40920,307,251,NULL,1,0,36.00,'2024-01-04 10:32:33','2024-01-04 10:32:33',NULL),(309,7463,40920,308,281,NULL,1,0,30.00,'2024-01-04 19:04:28','2024-01-04 19:04:28',NULL),(310,7463,40920,309,332,NULL,1,1,300.00,'2024-01-06 08:26:06','2024-01-06 08:26:06',NULL),(311,7463,40920,310,271,NULL,1,1,35.00,'2024-01-06 08:26:55','2024-01-06 08:26:55',NULL);
INSERT INTO `inv_ing_egr_stock_detail` VALUES (312,7463,40920,311,281,NULL,1,1,120.00,'2024-01-06 08:27:23','2024-01-06 08:27:23',NULL),(313,7463,40920,312,416,NULL,1,1,100.00,'2024-01-06 08:27:46','2024-01-06 08:27:46',NULL),(314,7463,40920,313,387,NULL,1,1,2.00,'2024-01-06 08:28:06','2024-01-06 08:28:06',NULL),(315,7463,40920,314,281,NULL,1,1,30.00,'2024-01-06 08:28:56','2024-01-06 08:28:56',NULL),(316,7463,40920,315,259,NULL,1,0,50.00,'2024-01-06 09:35:11','2024-01-06 09:35:11',NULL),(317,7463,40920,316,271,NULL,1,0,35.00,'2024-01-06 09:35:32','2024-01-06 09:35:32',NULL),(318,7463,40920,317,386,NULL,1,0,45.00,'2024-01-06 09:35:54','2024-01-06 09:35:54',NULL),(319,7463,40920,318,371,NULL,1,0,1.00,'2024-01-06 09:36:14','2024-01-06 09:36:14',NULL),(320,7463,40920,319,377,NULL,1,0,9.00,'2024-01-06 09:36:34','2024-01-06 09:36:34',NULL),(321,7463,40920,320,387,NULL,1,0,2.00,'2024-01-06 09:36:51','2024-01-06 09:36:51',NULL),(322,7463,40920,321,250,NULL,1,0,56.00,'2024-01-06 09:37:22','2024-01-06 09:37:22',NULL),(323,7463,40920,322,415,NULL,1,0,70.00,'2024-01-06 09:37:49','2024-01-06 09:37:49',NULL),(324,7463,40920,323,325,NULL,1,0,10.00,'2024-01-06 09:38:06','2024-01-06 09:38:06',NULL),(325,7463,40920,324,281,NULL,1,0,120.00,'2024-01-06 09:38:54','2024-01-06 09:38:54',NULL),(326,7463,40920,325,332,NULL,1,0,240.00,'2024-01-06 09:39:22','2024-01-06 09:39:22',NULL),(327,7463,40920,326,249,NULL,1,0,12.00,'2024-01-06 09:39:40','2024-01-06 09:39:40',NULL),(328,7463,40920,327,253,NULL,1,0,24.00,'2024-01-08 10:14:55','2024-01-08 10:14:55',NULL),(329,7463,40920,328,367,NULL,1,0,120.00,'2024-01-08 11:35:42','2024-01-08 11:35:42',NULL),(330,7463,40920,329,249,NULL,1,0,96.00,'2024-01-08 11:39:14','2024-01-08 11:39:14',NULL),(331,7463,40920,330,251,NULL,1,0,48.00,'2024-01-08 11:39:40','2024-01-08 11:39:40',NULL),(332,7463,40920,331,251,NULL,1,0,1.00,'2024-01-08 12:20:43','2024-01-08 12:20:43',NULL),(333,7463,40920,332,286,NULL,1,0,1.00,'2024-01-08 12:21:07','2024-01-08 12:21:07',NULL),(334,7463,40920,333,281,NULL,1,0,30.00,'2024-01-08 15:56:26','2024-01-08 15:56:26',NULL),(335,7463,40920,334,286,NULL,1,0,1.00,'2024-01-08 15:56:59','2024-01-08 15:56:59',NULL),(336,7463,40920,335,251,NULL,1,0,3.00,'2024-01-08 15:57:21','2024-01-08 15:57:21',NULL),(337,7463,40920,336,253,NULL,1,1,200.00,'2024-01-09 17:39:30','2024-01-09 17:39:30',NULL),(338,7463,40920,337,251,NULL,1,0,60.00,'2024-01-10 10:00:46','2024-01-10 10:00:46',NULL),(339,7463,40920,338,249,NULL,1,0,72.00,'2024-01-10 10:01:06','2024-01-10 10:01:06',NULL),(340,7463,40920,339,414,NULL,1,1,10.00,'2024-01-11 12:00:13','2024-01-11 12:00:13',NULL),(341,7463,40920,340,414,NULL,1,0,10.00,'2024-01-11 12:11:30','2024-01-11 12:11:30',NULL),(342,7463,40920,341,307,NULL,1,0,5.00,'2024-01-11 12:11:57','2024-01-11 12:11:57',NULL),(343,7463,40920,342,279,NULL,1,0,40.00,'2024-01-11 12:12:15','2024-01-11 12:12:15',NULL),(344,7463,40920,343,283,NULL,1,0,20.00,'2024-01-11 12:12:31','2024-01-11 12:12:31',NULL),(345,7463,40920,344,286,NULL,1,0,2.00,'2024-01-11 16:26:24','2024-01-11 16:26:24',NULL),(346,7463,40920,345,286,NULL,1,1,2.00,'2024-01-12 16:06:15','2024-01-12 16:06:15',NULL),(347,7463,40920,346,250,NULL,1,0,54.00,'2024-01-15 15:33:14','2024-01-15 15:33:14',NULL),(348,7463,40920,347,253,NULL,1,0,24.00,'2024-01-15 15:33:38','2024-01-15 15:33:38',NULL),(349,7463,40920,348,286,NULL,1,0,2.00,'2024-01-17 12:50:15','2024-01-17 12:50:15',NULL),(350,7463,40920,349,250,NULL,1,1,200.00,'2024-01-17 17:06:03','2024-01-17 17:06:03',NULL),(351,7463,40920,350,343,NULL,1,0,100.00,'2024-01-17 17:21:34','2024-01-17 17:21:34',NULL),(352,7463,40920,351,253,NULL,1,0,24.00,'2024-01-17 17:26:12','2024-01-17 17:26:12',NULL),(353,7463,40920,352,253,NULL,1,0,8.00,'2024-01-17 20:44:28','2024-01-17 20:44:28',NULL),(354,7463,40920,353,253,NULL,1,0,8.00,'2024-01-18 10:18:29','2024-01-18 10:18:29',NULL),(355,7463,40920,354,253,NULL,1,0,2.00,'2024-01-18 12:22:21','2024-01-18 12:22:21',NULL),(356,7463,40920,355,416,NULL,1,0,80.00,'2024-01-18 12:33:48','2024-01-18 12:33:48',NULL);
INSERT INTO `inv_ing_egr_stock_detail` VALUES (357,7463,40920,356,249,NULL,1,0,72.00,'2024-01-19 17:11:05','2024-01-19 17:11:05',NULL),(358,7463,40920,357,387,NULL,1,1,3.00,'2024-01-23 11:08:01','2024-01-23 11:08:01',NULL),(359,7463,40920,358,259,NULL,1,1,60.00,'2024-01-23 11:09:04','2024-01-23 11:09:04',NULL),(360,7463,40920,359,286,NULL,1,1,6.00,'2024-01-23 11:09:34','2024-01-23 11:09:34',NULL),(361,7463,40920,360,417,NULL,1,1,80.00,'2024-01-23 11:10:06','2024-01-23 11:10:06',NULL),(362,7463,40920,361,418,NULL,1,1,100.00,'2024-01-23 11:10:29','2024-01-23 11:10:29',NULL),(363,7463,40920,362,419,NULL,1,1,300.00,'2024-01-23 11:11:46','2024-01-23 11:11:46',NULL),(364,7463,40920,363,420,NULL,1,1,65.00,'2024-01-30 08:12:15','2024-01-30 08:12:15',NULL),(365,7463,40920,364,420,NULL,1,0,65.00,'2024-01-30 15:47:20','2024-01-30 15:47:20',NULL),(366,7463,40920,365,377,NULL,1,0,1.00,'2024-01-30 15:59:07','2024-01-30 15:59:07',NULL),(367,7463,40920,366,249,NULL,1,0,3.00,'2024-01-30 15:59:22','2024-01-30 15:59:22',NULL),(368,7463,40920,367,253,NULL,1,0,6.00,'2024-01-30 19:39:25','2024-01-30 19:39:25',NULL),(369,7463,40920,368,250,NULL,1,0,24.00,'2024-02-01 18:31:51','2024-02-01 18:31:51',NULL),(370,7463,40920,369,259,NULL,1,0,55.00,'2024-02-02 11:13:18','2024-02-02 11:13:18',NULL),(371,7463,40920,370,272,NULL,1,1,60.00,'2024-02-02 11:29:37','2024-02-02 11:29:37',NULL),(372,7463,40920,371,250,NULL,1,0,14.00,'2024-02-02 11:43:25','2024-02-02 11:43:25',NULL),(373,7463,40920,372,272,NULL,1,0,20.00,'2024-02-02 11:43:47','2024-02-02 11:43:47',NULL),(374,7463,40920,373,387,NULL,1,0,2.00,'2024-02-02 11:44:17','2024-02-02 11:44:17',NULL),(375,7463,40920,374,249,NULL,1,0,72.00,'2024-02-02 11:51:29','2024-02-02 11:51:29',NULL),(376,7463,40920,375,272,NULL,1,1,360.00,'2024-02-03 12:42:30','2024-02-03 12:42:30',NULL),(377,7463,40920,376,394,NULL,1,1,60.00,'2024-02-03 12:43:02','2024-02-03 12:43:02',NULL),(378,7463,40920,377,395,NULL,1,1,60.00,'2024-02-03 12:43:29','2024-02-03 12:43:29',NULL),(379,7463,40920,378,377,NULL,1,1,6.00,'2024-02-03 12:44:08','2024-02-03 12:44:08',NULL),(380,7463,40920,379,272,NULL,1,0,360.00,'2024-02-03 13:04:16','2024-02-03 13:04:16',NULL),(381,7463,40920,380,251,NULL,1,0,40.00,'2024-02-03 13:04:36','2024-02-03 13:04:36',NULL),(382,7463,40920,381,249,NULL,1,0,60.00,'2024-02-03 13:04:55','2024-02-03 13:04:55',NULL),(383,7463,40920,382,387,NULL,1,0,1.00,'2024-02-03 18:12:05','2024-02-03 18:12:05',NULL),(384,7463,40920,383,377,NULL,1,0,3.00,'2024-02-03 18:12:19','2024-02-03 18:12:19',NULL),(385,7463,40920,384,395,NULL,1,0,10.00,'2024-02-03 18:12:36','2024-02-03 18:12:36',NULL),(386,7463,40920,385,254,NULL,1,0,14.00,'2024-02-03 18:12:52','2024-02-03 18:12:52',NULL),(387,7463,40920,386,377,NULL,1,1,9.00,'2024-02-07 10:41:12','2024-02-07 10:41:12',NULL),(388,7463,40920,387,392,NULL,1,1,6.00,'2024-02-07 10:41:43','2024-02-07 10:41:43',NULL),(389,7463,40920,388,250,NULL,1,0,14.00,'2024-02-07 11:08:47','2024-02-07 11:08:47',NULL),(390,7463,40920,389,249,NULL,1,0,2.00,'2024-02-07 12:57:24','2024-02-07 12:57:24',NULL),(391,7463,40920,390,392,NULL,1,0,2.00,'2024-02-07 12:57:51','2024-02-07 12:57:51',NULL),(392,7463,40920,391,272,NULL,1,0,20.00,'2024-02-10 08:53:21','2024-02-10 08:53:21',NULL),(393,7463,40920,392,377,NULL,1,0,4.00,'2024-02-10 08:53:43','2024-02-10 08:53:43',NULL),(394,7463,40920,393,266,NULL,1,0,225.00,'2024-02-13 11:51:16','2024-02-13 11:51:16',NULL),(395,7463,40920,394,343,NULL,1,0,300.00,'2024-02-13 11:51:36','2024-02-13 11:51:36',NULL),(396,7463,40920,395,339,NULL,1,0,80.00,'2024-02-13 11:52:04','2024-02-13 11:52:04',NULL),(397,7463,40920,396,349,NULL,1,0,40.00,'2024-02-13 11:52:27','2024-02-13 11:52:27',NULL),(398,7463,40920,397,251,NULL,1,0,48.00,'2024-02-13 11:52:49','2024-02-13 11:52:49',NULL),(399,7463,40920,398,272,NULL,1,0,20.00,'2024-02-13 11:53:07','2024-02-13 11:53:07',NULL),(400,7463,40920,399,274,NULL,1,0,20.00,'2024-02-13 11:53:28','2024-02-13 11:53:28',NULL),(401,7463,40920,400,382,NULL,1,0,10.00,'2024-02-13 11:53:50','2024-02-13 11:53:50',NULL);
INSERT INTO `inv_ing_egr_stock_detail` VALUES (402,7463,40920,401,384,NULL,1,0,5.00,'2024-02-13 11:54:10','2024-02-13 11:54:10',NULL),(403,7463,40920,402,399,NULL,1,0,77.00,'2024-02-14 10:15:48','2024-02-14 10:15:48',NULL),(404,7463,40920,403,400,NULL,1,0,8.00,'2024-02-14 10:16:06','2024-02-14 10:16:06',NULL),(405,7463,40920,404,394,NULL,1,0,25.00,'2024-02-14 17:57:27','2024-02-14 17:57:27',NULL),(406,7463,40920,405,253,NULL,1,1,10.00,'2024-02-15 13:50:11','2024-02-15 13:50:11',NULL),(407,7463,40920,406,250,NULL,1,0,6.00,'2024-02-15 13:50:28','2024-02-15 13:50:28',NULL),(408,7463,40920,407,395,NULL,1,0,25.00,'2024-02-15 13:50:47','2024-02-15 13:50:47',NULL),(409,7463,40920,408,385,NULL,1,1,30.00,'2024-02-16 14:10:12','2024-02-16 14:10:12',NULL),(410,7463,40920,409,396,NULL,1,1,10.00,'2024-02-16 14:10:36','2024-02-16 14:10:36',NULL),(411,7463,40920,410,385,NULL,1,0,30.00,'2024-02-16 14:25:14','2024-02-16 14:25:14',NULL),(412,7463,40920,411,396,NULL,1,0,5.00,'2024-02-16 14:25:39','2024-02-16 14:25:39',NULL),(413,7463,40920,412,256,NULL,1,0,2.00,'2024-02-16 14:36:07','2024-02-16 14:36:07',NULL),(414,7463,40920,413,249,NULL,1,0,6.00,'2024-02-19 09:12:57','2024-02-19 09:12:57',NULL),(415,7463,40920,414,419,NULL,1,0,180.00,'2024-02-23 19:09:53','2024-02-23 19:09:53',NULL),(416,7463,40920,415,418,NULL,1,0,100.00,'2024-02-23 19:10:16','2024-02-23 19:10:16',NULL),(417,7463,40920,416,332,NULL,1,0,40.00,'2024-02-23 19:10:40','2024-02-23 19:10:40',NULL),(418,7463,40920,417,395,NULL,1,0,20.00,'2024-03-04 10:18:02','2024-03-04 10:18:02',NULL),(419,7463,40920,418,382,NULL,1,1,40.00,'2024-03-09 11:49:15','2024-03-09 11:49:15',NULL),(420,7463,40920,419,396,NULL,1,0,5.00,'2024-03-09 11:58:54','2024-03-09 11:58:54',NULL),(421,7463,40920,420,382,NULL,1,0,40.00,'2024-03-09 11:59:19','2024-03-09 11:59:19',NULL),(422,7463,40920,421,251,NULL,1,0,15.00,'2024-03-09 11:59:45','2024-03-09 11:59:45',NULL),(423,7463,40920,422,256,NULL,1,0,10.00,'2024-03-12 08:30:27','2024-03-12 08:30:27',NULL),(424,7463,40920,423,265,NULL,1,0,80.00,'2024-03-12 08:30:57','2024-03-12 08:30:57',NULL),(425,7463,40920,424,249,NULL,1,1,7.00,'2024-04-04 16:03:53','2024-04-04 16:03:53',NULL),(426,7463,40920,425,249,NULL,1,0,18.00,'2024-04-04 17:26:03','2024-04-04 17:26:03',NULL),(427,7463,40920,426,294,NULL,1,0,50.00,'2024-04-23 13:25:32','2024-04-23 13:25:32',NULL),(428,7463,40920,427,416,NULL,1,0,20.00,'2024-04-23 13:26:08','2024-04-23 13:26:08',NULL),(429,7463,40920,428,301,NULL,1,0,0.35,'2024-04-23 13:26:40','2024-04-23 13:26:40',NULL),(430,7463,40920,429,392,NULL,1,0,4.00,'2024-04-23 13:29:06','2024-04-23 13:29:06',NULL),(431,7463,40920,430,394,NULL,1,0,35.00,'2024-04-23 13:29:35','2024-04-23 13:29:35',NULL),(432,7463,40920,431,314,NULL,1,0,50.00,'2024-04-23 13:30:00','2024-04-23 13:30:00',NULL),(433,7463,40920,432,377,NULL,1,0,8.00,'2024-04-23 13:30:25','2024-04-23 13:30:25',NULL),(434,7463,40920,433,279,NULL,1,0,160.00,'2024-04-23 13:30:48','2024-04-23 13:30:48',NULL),(435,7463,40920,434,411,NULL,1,0,20.00,'2024-04-23 13:33:05','2024-04-23 13:33:05',NULL),(436,7463,40920,435,281,NULL,1,0,15.00,'2024-04-23 13:34:03','2024-04-23 13:34:03',NULL),(437,7463,40920,436,395,NULL,1,0,5.00,'2024-04-23 13:34:29','2024-04-23 13:34:29',NULL),(438,7463,40920,437,286,NULL,1,0,4.00,'2024-04-23 13:34:57','2024-04-23 13:34:57',NULL),(439,7463,40920,438,253,NULL,1,0,160.00,'2024-05-13 09:23:23','2024-05-13 09:23:23',NULL),(440,7463,40920,439,252,NULL,1,0,33.00,'2024-05-13 09:24:22','2024-05-13 09:24:22',NULL),(441,7463,40920,440,419,NULL,1,1,300.00,'2024-05-31 10:54:33','2024-05-31 10:54:33',NULL),(442,7463,40920,441,411,NULL,1,1,200.00,'2024-05-31 10:54:59','2024-05-31 10:54:59',NULL),(443,7463,40920,442,421,NULL,1,1,60.00,'2024-05-31 10:55:30','2024-05-31 10:55:30',NULL),(444,7463,40920,443,304,NULL,1,1,1.80,'2024-05-31 10:56:00','2024-05-31 10:56:00',NULL),(445,7463,40920,444,251,NULL,1,0,14.00,'2024-06-10 13:25:51','2024-06-10 13:25:51',NULL),(446,7463,40920,445,251,NULL,1,0,50.00,'2024-06-10 13:26:11','2024-06-10 13:26:11',NULL);
INSERT INTO `inv_ing_egr_stock_detail` VALUES (447,7463,40920,446,254,NULL,1,0,15.00,'2024-06-10 13:26:59','2024-06-10 13:26:59',NULL),(448,7463,40920,447,249,NULL,1,0,180.00,'2024-06-13 11:47:20','2024-06-13 11:47:20',NULL),(449,7463,40920,448,254,NULL,1,0,8.00,'2024-06-25 09:52:40','2024-06-25 09:52:40',NULL),(450,7463,40920,449,423,NULL,1,1,40.00,'2024-06-27 09:25:52','2024-06-27 09:25:52',NULL),(451,7463,40920,450,408,NULL,1,1,160.00,'2024-06-27 09:26:33','2024-06-27 09:26:33',NULL),(452,7463,40920,451,329,NULL,1,1,80.00,'2024-06-27 09:27:17','2024-06-27 09:27:17',NULL),(453,7463,40920,452,323,NULL,1,1,7.00,'2024-06-27 09:27:57','2024-06-27 09:27:57',NULL),(454,7463,40920,453,302,NULL,1,1,260.00,'2024-06-27 09:28:30','2024-06-27 09:28:30',NULL),(455,7463,40920,454,424,NULL,1,1,6.00,'2024-06-27 10:03:02','2024-06-27 10:03:02',NULL),(456,7463,40920,455,424,NULL,1,0,6.00,'2024-06-27 10:19:24','2024-06-27 10:19:24',NULL),(457,7463,40920,456,249,NULL,1,0,204.00,'2024-06-27 10:19:47','2024-06-27 10:19:47',NULL),(458,7463,40920,457,288,NULL,1,1,100.00,'2024-07-04 14:00:51','2024-07-04 14:00:51',NULL),(459,7463,40920,458,323,NULL,1,1,13.00,'2024-07-04 14:01:21','2024-07-04 14:01:21',NULL),(460,7463,40920,459,425,NULL,1,1,30.00,'2024-07-04 14:01:52','2024-07-04 14:01:52',NULL),(461,7463,40920,460,418,NULL,1,1,200.00,'2024-07-04 14:02:21','2024-07-04 14:02:21',NULL),(462,7463,40920,461,411,NULL,1,1,500.00,'2024-07-04 14:03:05','2024-07-04 14:03:05',NULL),(463,7463,40920,462,411,NULL,1,0,400.00,'2024-07-04 14:36:39','2024-07-04 14:36:39',NULL),(464,7463,40920,463,288,NULL,1,0,85.00,'2024-07-04 14:37:19','2024-07-04 14:37:19',NULL),(465,7463,40920,464,323,NULL,1,0,11.00,'2024-07-04 14:37:53','2024-07-04 14:37:53',NULL),(466,7463,40920,465,425,NULL,1,0,10.00,'2024-07-04 14:38:24','2024-07-04 14:38:24',NULL),(467,7463,40920,466,418,NULL,1,0,60.00,'2024-07-04 14:38:51','2024-07-04 14:38:51',NULL),(468,7463,40920,467,249,NULL,1,0,36.00,'2024-07-04 14:39:23','2024-07-04 14:39:23',NULL),(469,7463,40920,468,254,NULL,1,0,60.00,'2024-07-04 14:39:49','2024-07-04 14:39:49',NULL),(470,7463,40920,469,423,NULL,1,0,40.00,'2024-07-08 17:54:24','2024-07-08 17:54:24',NULL),(471,7463,40920,470,408,NULL,1,0,160.00,'2024-07-08 17:55:40','2024-07-08 17:55:40',NULL),(472,7463,40920,471,329,NULL,1,0,80.00,'2024-07-08 17:56:05','2024-07-08 17:56:05',NULL),(473,7463,40920,472,323,NULL,1,0,7.00,'2024-07-08 17:56:34','2024-07-08 17:56:34',NULL),(474,7463,40920,473,302,NULL,1,0,260.00,'2024-07-08 17:57:20','2024-07-08 17:57:20',NULL),(475,7463,40920,474,249,NULL,1,0,60.00,'2024-07-08 17:57:42','2024-07-08 17:57:42',NULL),(476,7463,40920,475,391,NULL,1,0,3.00,'2024-07-16 10:55:46','2024-07-16 10:55:46',NULL),(477,7463,40920,476,350,NULL,1,0,1.35,'2024-07-19 14:38:44','2024-07-19 14:38:44',NULL),(478,7463,40920,477,419,NULL,1,0,105.00,'2024-07-19 14:40:18','2024-07-19 14:40:18',NULL),(479,7463,40920,478,411,NULL,1,0,80.00,'2024-07-19 14:40:51','2024-07-19 14:40:51',NULL),(480,7463,40920,479,288,NULL,1,0,15.00,'2024-07-19 14:41:34','2024-07-19 14:41:34',NULL),(481,7463,40920,480,249,NULL,1,0,6.00,'2024-07-19 14:42:01','2024-07-19 14:42:01',NULL),(482,NULL,40920,481,249,NULL,NULL,1,174.00,'2024-08-29 00:38:12','2024-08-29 00:38:12',NULL),(483,NULL,40920,482,279,NULL,NULL,1,2240.00,'2024-08-29 00:38:14','2024-08-29 00:38:14',NULL),(484,NULL,40920,483,290,NULL,NULL,1,20.00,'2024-08-29 00:38:15','2024-08-29 00:38:15',NULL),(485,NULL,40920,484,301,NULL,NULL,0,0.00,'2024-08-29 00:38:15','2024-08-29 00:38:15',NULL),(486,NULL,40920,485,303,NULL,NULL,0,2115.00,'2024-08-29 00:38:15','2024-08-29 00:38:15',NULL),(487,NULL,40920,486,304,NULL,NULL,1,1.60,'2024-08-29 00:38:15','2024-08-29 00:38:15',NULL),(488,NULL,40920,487,318,NULL,NULL,1,291.40,'2024-08-29 00:38:16','2024-08-29 00:38:16',NULL),(489,NULL,40920,488,322,NULL,NULL,0,200.00,'2024-08-29 00:38:16','2024-08-29 00:38:16',NULL),(490,NULL,40920,489,332,NULL,NULL,1,960.00,'2024-08-29 00:38:17','2024-08-29 00:38:17',NULL);
INSERT INTO `inv_ing_egr_stock_detail` VALUES (491,NULL,40920,490,350,NULL,NULL,0,11.60,'2024-08-29 00:38:17','2024-08-29 00:38:17',NULL),(492,NULL,40920,491,374,NULL,NULL,1,3.00,'2024-08-29 00:38:18','2024-08-29 00:38:18',NULL);

--
-- Table structure for table `inv_lista_de_precios`
--

CREATE TABLE `inv_lista_de_precios` (
  `id` bigint(20) unsigned NOT NULL AUTO_INCREMENT,
  `user_id` int(11) DEFAULT NULL,
  `person_id` int(10) unsigned NOT NULL,
  `descripcion` varchar(191) COLLATE utf8mb4_unicode_ci DEFAULT NULL,
  `cliente_id` int(10) unsigned DEFAULT NULL COMMENT 'Cliente específico al que aplica la lista (opcional)',
  `descuento_general` decimal(10,2) DEFAULT NULL COMMENT 'Porcentaje de descuento general para todos los productos',
  `incremento_general` decimal(10,2) DEFAULT NULL COMMENT 'Porcentaje de incremento general para todos los productos',
  `aplicar_redondeo` tinyint(1) NOT NULL DEFAULT '0' COMMENT 'Si se debe aplicar redondeo al precio calculado',
  `redondeo_a` decimal(10,2) DEFAULT NULL COMMENT 'Múltiplo al cual redondear el precio (ej: 10, 50, 100)',
  `fecha_desde` date DEFAULT NULL COMMENT 'Fecha de inicio de vigencia',
  `fecha_hasta` date DEFAULT NULL COMMENT 'Fecha de fin de vigencia',
  `habilitado` tinyint(1) NOT NULL DEFAULT '1',
  `created_at` timestamp NULL DEFAULT NULL,
  `updated_at` timestamp NULL DEFAULT NULL,
  `deleted_at` timestamp NULL DEFAULT NULL,
  PRIMARY KEY (`id`),
  KEY `inv_lista_de_precios_person_id_foreign` (`person_id`),
  KEY `inv_lista_de_precios_cliente_id_index` (`cliente_id`),
  KEY `inv_lista_de_precios_fecha_desde_index` (`fecha_desde`),
  KEY `inv_lista_de_precios_fecha_hasta_index` (`fecha_hasta`),
  CONSTRAINT `inv_lista_de_precios_cliente_id_foreign` FOREIGN KEY (`cliente_id`) REFERENCES `persons` (`id`) ON DELETE CASCADE,
  CONSTRAINT `inv_lista_de_precios_person_id_foreign` FOREIGN KEY (`person_id`) REFERENCES `persons` (`id`)
) ENGINE=InnoDB AUTO_INCREMENT=7 DEFAULT CHARSET=utf8mb4 COLLATE=utf8mb4_unicode_ci;

--
-- Dumping data for table `inv_lista_de_precios`
--

INSERT INTO `inv_lista_de_precios` VALUES (1,7463,40922,'AGROQUIMICOS',NULL,NULL,NULL,0,NULL,NULL,NULL,1,'2022-08-10 14:34:08','2022-08-10 14:34:35','2022-08-10 14:34:35'),(2,7463,40922,'LISTA GENERAL',NULL,NULL,NULL,0,NULL,NULL,NULL,1,'2022-08-10 14:34:51','2022-09-04 17:36:59','2022-09-04 17:36:59'),(3,7463,40922,'AGROQUIMICOS',NULL,NULL,NULL,0,NULL,NULL,NULL,1,'2022-08-10 14:35:11','2022-08-10 14:37:13','2022-08-10 14:37:13'),(4,7463,40922,'COAYUGANTES',NULL,NULL,NULL,0,NULL,NULL,NULL,1,'2022-08-10 14:35:35','2022-08-10 14:37:23','2022-08-10 14:37:23'),(5,7463,40922,'FUNGICIDAS',NULL,NULL,NULL,0,NULL,NULL,NULL,1,'2022-08-10 14:35:52','2022-08-10 14:37:28','2022-08-10 14:37:28'),(6,7463,40920,'LISTA GENERAL',NULL,NULL,NULL,0,NULL,NULL,NULL,0,'2022-08-29 17:34:31','2024-08-29 16:57:56',NULL);

--
-- Table structure for table `inv_lista_de_precios_productos`
--

CREATE TABLE `inv_lista_de_precios_productos` (
  `id` bigint(20) unsigned NOT NULL AUTO_INCREMENT,
  `inv_lista_de_precio_id` bigint(20) unsigned NOT NULL,
  `inv_producto_id` bigint(20) unsigned NOT NULL,
  `precio_sin_iva` decimal(15,2) DEFAULT NULL COMMENT 'Override del precio sin IVA (si es null, se calcula desde precio base)',
  `precio_final` decimal(15,2) DEFAULT NULL COMMENT 'Override del precio final (si es null, se calcula desde precio base)',
  `descuento_porcentaje` decimal(10,2) DEFAULT NULL COMMENT 'Porcentaje de descuento sobre precio base del producto',
  `incremento_porcentaje` decimal(10,2) DEFAULT NULL COMMENT 'Porcentaje de incremento sobre precio base del producto',
  `margen` decimal(10,2) DEFAULT NULL COMMENT 'Override del margen para recalcular precio',
  `habilitado` tinyint(1) NOT NULL DEFAULT '1',
  `created_at` timestamp NULL DEFAULT NULL,
  `updated_at` timestamp NULL DEFAULT NULL,
  PRIMARY KEY (`id`),
  UNIQUE KEY `unique_lista_producto` (`inv_lista_de_precio_id`,`inv_producto_id`),
  KEY `inv_lista_de_precios_productos_habilitado_index` (`habilitado`),
  KEY `inv_lista_de_precios_productos_inv_producto_id_habilitado_index` (`inv_producto_id`,`habilitado`),
  CONSTRAINT `inv_lista_de_precios_productos_inv_lista_de_precio_id_foreign` FOREIGN KEY (`inv_lista_de_precio_id`) REFERENCES `inv_lista_de_precios` (`id`) ON DELETE CASCADE,
  CONSTRAINT `inv_lista_de_precios_productos_inv_producto_id_foreign` FOREIGN KEY (`inv_producto_id`) REFERENCES `inv_productos` (`id`) ON DELETE CASCADE
) ENGINE=InnoDB DEFAULT CHARSET=utf8mb4 COLLATE=utf8mb4_unicode_ci;

--
-- Dumping data for table `inv_lista_de_precios_productos`
--


--
-- Table structure for table `inv_orden_trabajo_clasificacion`
--

CREATE TABLE `inv_orden_trabajo_clasificacion` (
  `id` int(10) unsigned NOT NULL AUTO_INCREMENT,
  `user_id` int(10) unsigned DEFAULT NULL,
  `person_id` int(10) unsigned NOT NULL,
  `descripcion` text COLLATE utf8mb4_unicode_ci NOT NULL,
  `habilitado` tinyint(1) NOT NULL DEFAULT '1',
  `created_at` timestamp NULL DEFAULT NULL,
  `updated_at` timestamp NULL DEFAULT NULL,
  `deleted_at` timestamp NULL DEFAULT NULL,
  PRIMARY KEY (`id`),
  KEY `inv_orden_trabajo_clasificacion_person_id_foreign` (`person_id`),
  CONSTRAINT `inv_orden_trabajo_clasificacion_person_id_foreign` FOREIGN KEY (`person_id`) REFERENCES `persons` (`id`)
) ENGINE=InnoDB DEFAULT CHARSET=utf8mb4 COLLATE=utf8mb4_unicode_ci;

--
-- Dumping data for table `inv_orden_trabajo_clasificacion`
--


--
-- Table structure for table `inv_orden_trabajo_config_cc`
--

CREATE TABLE `inv_orden_trabajo_config_cc` (
  `id` bigint(20) unsigned NOT NULL AUTO_INCREMENT,
  `user_id` int(10) unsigned DEFAULT NULL,
  `person_id` int(10) unsigned NOT NULL,
  `horas_conta_plan_cuenta_id` int(10) unsigned NOT NULL,
  `horas_contra_conta_plan_cuenta_id` int(10) unsigned NOT NULL,
  `gastos_conta_plan_cuenta_id` int(10) unsigned NOT NULL,
  `gastos_contra_conta_plan_cuenta_id` int(10) unsigned NOT NULL,
  `productos_conta_plan_cuenta_id` int(10) unsigned NOT NULL,
  `productos_contra_conta_plan_cuenta_id` int(10) unsigned NOT NULL,
  `asiento_horas_cpc_id` int(10) unsigned NOT NULL DEFAULT '217',
  `asiento_contra_horas_cpc_id` int(10) unsigned NOT NULL DEFAULT '217',
  `asiento_gastos_cpc_id` int(10) unsigned NOT NULL DEFAULT '217',
  `asiento_contra_gastos_cpc_id` int(10) unsigned NOT NULL DEFAULT '217',
  `asiento_productos_cpc_id` int(10) unsigned NOT NULL DEFAULT '217',
  `asiento_contra_productos_cpc_id` int(10) unsigned NOT NULL DEFAULT '217',
  `created_at` timestamp NULL DEFAULT NULL,
  `updated_at` timestamp NULL DEFAULT NULL,
  `deleted_at` timestamp NULL DEFAULT NULL,
  PRIMARY KEY (`id`),
  KEY `inv_orden_trabajo_config_cc_person_id_foreign` (`person_id`),
  KEY `hcc_id_foreign` (`horas_conta_plan_cuenta_id`),
  KEY `gcc_id_foreign` (`gastos_conta_plan_cuenta_id`),
  KEY `pcc_id_foreign` (`productos_conta_plan_cuenta_id`),
  KEY `h_contra_cc_id_foreign` (`horas_contra_conta_plan_cuenta_id`),
  KEY `g_contra_cc_id_foreign` (`gastos_contra_conta_plan_cuenta_id`),
  KEY `p_contra_cc_id_foreign` (`productos_contra_conta_plan_cuenta_id`),
  KEY `ahcc_id_foreign` (`asiento_horas_cpc_id`),
  KEY `agcc_id_foreign` (`asiento_gastos_cpc_id`),
  KEY `apcc_id_foreign` (`asiento_productos_cpc_id`),
  KEY `ah_contra_cc_id_foreign` (`asiento_contra_horas_cpc_id`),
  KEY `ag_contra_cc_id_foreign` (`asiento_contra_gastos_cpc_id`),
  KEY `ap_contra_cc_id_foreign` (`asiento_contra_productos_cpc_id`),
  CONSTRAINT `ag_contra_cc_id_foreign` FOREIGN KEY (`asiento_contra_gastos_cpc_id`) REFERENCES `conta_plan_cuenta` (`id`),
  CONSTRAINT `agcc_id_foreign` FOREIGN KEY (`asiento_gastos_cpc_id`) REFERENCES `conta_plan_cuenta` (`id`),
  CONSTRAINT `ah_contra_cc_id_foreign` FOREIGN KEY (`asiento_contra_horas_cpc_id`) REFERENCES `conta_plan_cuenta` (`id`),
  CONSTRAINT `ahcc_id_foreign` FOREIGN KEY (`asiento_horas_cpc_id`) REFERENCES `conta_plan_cuenta` (`id`),
  CONSTRAINT `ap_contra_cc_id_foreign` FOREIGN KEY (`asiento_contra_productos_cpc_id`) REFERENCES `conta_plan_cuenta` (`id`),
  CONSTRAINT `apcc_id_foreign` FOREIGN KEY (`asiento_productos_cpc_id`) REFERENCES `conta_plan_cuenta` (`id`),
  CONSTRAINT `g_contra_cc_id_foreign` FOREIGN KEY (`gastos_contra_conta_plan_cuenta_id`) REFERENCES `conta_plan_cuenta` (`id`),
  CONSTRAINT `gcc_id_foreign` FOREIGN KEY (`gastos_conta_plan_cuenta_id`) REFERENCES `conta_plan_cuenta` (`id`),
  CONSTRAINT `h_contra_cc_id_foreign` FOREIGN KEY (`horas_contra_conta_plan_cuenta_id`) REFERENCES `conta_plan_cuenta` (`id`),
  CONSTRAINT `hcc_id_foreign` FOREIGN KEY (`horas_conta_plan_cuenta_id`) REFERENCES `conta_plan_cuenta` (`id`),
  CONSTRAINT `inv_orden_trabajo_config_cc_person_id_foreign` FOREIGN KEY (`person_id`) REFERENCES `persons` (`id`),
  CONSTRAINT `p_contra_cc_id_foreign` FOREIGN KEY (`productos_contra_conta_plan_cuenta_id`) REFERENCES `conta_plan_cuenta` (`id`),
  CONSTRAINT `pcc_id_foreign` FOREIGN KEY (`productos_conta_plan_cuenta_id`) REFERENCES `conta_plan_cuenta` (`id`)
) ENGINE=InnoDB DEFAULT CHARSET=utf8mb4 COLLATE=utf8mb4_unicode_ci;

--
-- Dumping data for table `inv_orden_trabajo_config_cc`
--


--
-- Table structure for table `inv_orden_trabajo_files`
--

CREATE TABLE `inv_orden_trabajo_files` (
  `id` bigint(20) unsigned NOT NULL AUTO_INCREMENT,
  `user_id` int(10) unsigned DEFAULT NULL,
  `inv_orden_trabajo_id` bigint(20) unsigned DEFAULT NULL,
  `path` text COLLATE utf8mb4_unicode_ci NOT NULL,
  `original_name` text COLLATE utf8mb4_unicode_ci NOT NULL,
  `created_at` timestamp NULL DEFAULT NULL,
  `updated_at` timestamp NULL DEFAULT NULL,
  `deleted_at` timestamp NULL DEFAULT NULL,
  PRIMARY KEY (`id`),
  KEY `inv_orden_trabajo_files_inv_orden_trabajo_id_foreign` (`inv_orden_trabajo_id`),
  CONSTRAINT `inv_orden_trabajo_files_inv_orden_trabajo_id_foreign` FOREIGN KEY (`inv_orden_trabajo_id`) REFERENCES `inv_orden_trabajos` (`id`)
) ENGINE=InnoDB DEFAULT CHARSET=utf8mb4 COLLATE=utf8mb4_unicode_ci;

--
-- Dumping data for table `inv_orden_trabajo_files`
--


--
-- Table structure for table `inv_orden_trabajo_gastos`
--

CREATE TABLE `inv_orden_trabajo_gastos` (
  `id` bigint(20) unsigned NOT NULL AUTO_INCREMENT,
  `user_id` int(10) unsigned DEFAULT NULL,
  `person_id` int(10) unsigned NOT NULL,
  `inv_orden_trabajo_id` bigint(20) unsigned DEFAULT NULL,
  `inv_orden_trabajo_gastos_tipo_id` bigint(20) unsigned DEFAULT NULL,
  `person_id_relationed` int(10) unsigned DEFAULT NULL,
  `receipt_id` int(10) unsigned DEFAULT NULL,
  `fecha` datetime NOT NULL DEFAULT '2022-06-07 07:50:44',
  `importe` decimal(16,2) NOT NULL DEFAULT '0.00',
  `total` decimal(16,2) NOT NULL DEFAULT '0.00',
  `comentario` text COLLATE utf8mb4_unicode_ci,
  `created_at` timestamp NULL DEFAULT NULL,
  `updated_at` timestamp NULL DEFAULT NULL,
  `deleted_at` timestamp NULL DEFAULT NULL,
  PRIMARY KEY (`id`),
  KEY `inv_orden_trabajo_gastos_person_id_foreign` (`person_id`),
  KEY `inv_orden_trabajo_gastos_person_id_relationed_foreign` (`person_id_relationed`),
  KEY `inv_orden_trabajo_gastos_receipt_id_foreign` (`receipt_id`),
  KEY `i_o_t_g_t_id_foreign` (`inv_orden_trabajo_gastos_tipo_id`),
  KEY `inv_orden_trabajo_gastos_inv_orden_trabajo_id_foreign` (`inv_orden_trabajo_id`),
  CONSTRAINT `i_o_t_g_t_id_foreign` FOREIGN KEY (`inv_orden_trabajo_gastos_tipo_id`) REFERENCES `inv_orden_trabajo_gastos_tipos` (`id`),
  CONSTRAINT `inv_orden_trabajo_gastos_inv_orden_trabajo_id_foreign` FOREIGN KEY (`inv_orden_trabajo_id`) REFERENCES `inv_orden_trabajos` (`id`),
  CONSTRAINT `inv_orden_trabajo_gastos_person_id_foreign` FOREIGN KEY (`person_id`) REFERENCES `persons` (`id`),
  CONSTRAINT `inv_orden_trabajo_gastos_person_id_relationed_foreign` FOREIGN KEY (`person_id_relationed`) REFERENCES `persons` (`id`),
  CONSTRAINT `inv_orden_trabajo_gastos_receipt_id_foreign` FOREIGN KEY (`receipt_id`) REFERENCES `receipts` (`id`)
) ENGINE=InnoDB DEFAULT CHARSET=utf8mb4 COLLATE=utf8mb4_unicode_ci;

--
-- Dumping data for table `inv_orden_trabajo_gastos`
--


--
-- Table structure for table `inv_orden_trabajo_gastos_tipos`
--

CREATE TABLE `inv_orden_trabajo_gastos_tipos` (
  `id` bigint(20) unsigned NOT NULL AUTO_INCREMENT,
  `user_id` int(10) unsigned DEFAULT NULL,
  `person_id` int(10) unsigned NOT NULL,
  `descripcion` text COLLATE utf8mb4_unicode_ci NOT NULL,
  `habilitado` tinyint(1) NOT NULL DEFAULT '1',
  `created_at` timestamp NULL DEFAULT NULL,
  `updated_at` timestamp NULL DEFAULT NULL,
  `deleted_at` timestamp NULL DEFAULT NULL,
  PRIMARY KEY (`id`),
  KEY `inv_orden_trabajo_gastos_tipos_person_id_foreign` (`person_id`),
  CONSTRAINT `inv_orden_trabajo_gastos_tipos_person_id_foreign` FOREIGN KEY (`person_id`) REFERENCES `persons` (`id`)
) ENGINE=InnoDB DEFAULT CHARSET=utf8mb4 COLLATE=utf8mb4_unicode_ci;

--
-- Dumping data for table `inv_orden_trabajo_gastos_tipos`
--


--
-- Table structure for table `inv_orden_trabajo_horas`
--

CREATE TABLE `inv_orden_trabajo_horas` (
  `id` bigint(20) unsigned NOT NULL AUTO_INCREMENT,
  `user_id` int(10) unsigned DEFAULT NULL,
  `fecha` datetime NOT NULL DEFAULT '2023-08-15 23:43:59',
  `person_id` int(10) unsigned NOT NULL,
  `inv_orden_trabajo_id` bigint(20) unsigned DEFAULT NULL,
  `inv_orden_trabajo_horas_tipo_id` bigint(20) unsigned DEFAULT NULL,
  `inv_ot_hora_disponible_id` bigint(20) unsigned NOT NULL,
  `cantidad` decimal(16,2) NOT NULL DEFAULT '0.00',
  `importe` decimal(16,2) NOT NULL DEFAULT '0.00',
  `total` decimal(16,2) NOT NULL DEFAULT '0.00',
  `comentario` text COLLATE utf8mb4_unicode_ci,
  `created_at` timestamp NULL DEFAULT NULL,
  `updated_at` timestamp NULL DEFAULT NULL,
  `deleted_at` timestamp NULL DEFAULT NULL,
  PRIMARY KEY (`id`),
  KEY `inv_orden_trabajo_horas_person_id_foreign` (`person_id`),
  KEY `inv_orden_trabajo_horas_inv_orden_trabajo_horas_tipo_id_foreign` (`inv_orden_trabajo_horas_tipo_id`),
  KEY `inv_orden_trabajo_horas_inv_orden_trabajo_id_foreign` (`inv_orden_trabajo_id`),
  KEY `inv_orden_trabajo_horas_inv_ot_hora_disponible_id_foreign` (`inv_ot_hora_disponible_id`),
  CONSTRAINT `inv_orden_trabajo_horas_inv_orden_trabajo_horas_tipo_id_foreign` FOREIGN KEY (`inv_orden_trabajo_horas_tipo_id`) REFERENCES `inv_orden_trabajo_horas_tipos` (`id`),
  CONSTRAINT `inv_orden_trabajo_horas_inv_orden_trabajo_id_foreign` FOREIGN KEY (`inv_orden_trabajo_id`) REFERENCES `inv_orden_trabajos` (`id`),
  CONSTRAINT `inv_orden_trabajo_horas_inv_ot_hora_disponible_id_foreign` FOREIGN KEY (`inv_ot_hora_disponible_id`) REFERENCES `inv_orden_trabajo_horas_disponibles` (`id`),
  CONSTRAINT `inv_orden_trabajo_horas_person_id_foreign` FOREIGN KEY (`person_id`) REFERENCES `persons` (`id`)
) ENGINE=InnoDB DEFAULT CHARSET=utf8mb4 COLLATE=utf8mb4_unicode_ci;

--
-- Dumping data for table `inv_orden_trabajo_horas`
--


--
-- Table structure for table `inv_orden_trabajo_horas_dispo`
--

CREATE TABLE `inv_orden_trabajo_horas_dispo` (
  `id` bigint(20) unsigned NOT NULL AUTO_INCREMENT,
  `user_id` int(10) unsigned DEFAULT NULL,
  `cargar_asignar` int(10) unsigned NOT NULL DEFAULT '1',
  `person_id` int(10) unsigned NOT NULL,
  `fecha` datetime NOT NULL DEFAULT '2023-08-22 21:54:47',
  `dc_estado_id` bigint(20) unsigned NOT NULL,
  `dc_firma_id` bigint(20) unsigned NOT NULL,
  `created_at` timestamp NULL DEFAULT NULL,
  `updated_at` timestamp NULL DEFAULT NULL,
  `deleted_at` timestamp NULL DEFAULT NULL,
  PRIMARY KEY (`id`),
  KEY `inv_orden_trabajo_horas_dispo_person_id_foreign` (`person_id`),
  KEY `inv_orden_trabajo_horas_dispo_dc_estado_id_foreign` (`dc_estado_id`),
  KEY `inv_orden_trabajo_horas_dispo_dc_firma_id_foreign` (`dc_firma_id`),
  CONSTRAINT `inv_orden_trabajo_horas_dispo_dc_estado_id_foreign` FOREIGN KEY (`dc_estado_id`) REFERENCES `dc_estados` (`id`),
  CONSTRAINT `inv_orden_trabajo_horas_dispo_dc_firma_id_foreign` FOREIGN KEY (`dc_firma_id`) REFERENCES `dc_firmas` (`id`),
  CONSTRAINT `inv_orden_trabajo_horas_dispo_person_id_foreign` FOREIGN KEY (`person_id`) REFERENCES `persons` (`id`)
) ENGINE=InnoDB DEFAULT CHARSET=utf8mb4 COLLATE=utf8mb4_unicode_ci;

--
-- Dumping data for table `inv_orden_trabajo_horas_dispo`
--


--
-- Table structure for table `inv_orden_trabajo_horas_disponibles`
--

CREATE TABLE `inv_orden_trabajo_horas_disponibles` (
  `id` bigint(20) unsigned NOT NULL AUTO_INCREMENT,
  `user_id` int(10) unsigned DEFAULT NULL,
  `person_id` int(10) unsigned NOT NULL,
  `inv_orden_trabajo_horas_dispo_id` bigint(20) unsigned NOT NULL,
  `inv_orden_trabajo_id` bigint(20) unsigned DEFAULT NULL,
  `fecha` datetime NOT NULL DEFAULT '2023-08-15 23:43:59',
  `inv_orden_trabajo_horas_tipo_id` bigint(20) unsigned DEFAULT NULL,
  `cantidad` decimal(16,2) NOT NULL DEFAULT '0.00',
  `comentario` text COLLATE utf8mb4_unicode_ci,
  `created_at` timestamp NULL DEFAULT NULL,
  `updated_at` timestamp NULL DEFAULT NULL,
  `deleted_at` timestamp NULL DEFAULT NULL,
  PRIMARY KEY (`id`),
  KEY `inv_orden_trabajo_horas_disponibles_person_id_foreign` (`person_id`),
  KEY `inv_orden_trabajo_horas_disponibles_inv_orden_trabajo_id_foreign` (`inv_orden_trabajo_id`),
  KEY `inv_ot_hs_tipo_dis` (`inv_orden_trabajo_horas_tipo_id`),
  KEY `inv_ot_horas_dispo_id` (`inv_orden_trabajo_horas_dispo_id`),
  CONSTRAINT `inv_orden_trabajo_horas_disponibles_inv_orden_trabajo_id_foreign` FOREIGN KEY (`inv_orden_trabajo_id`) REFERENCES `inv_orden_trabajos` (`id`),
  CONSTRAINT `inv_orden_trabajo_horas_disponibles_person_id_foreign` FOREIGN KEY (`person_id`) REFERENCES `persons` (`id`),
  CONSTRAINT `inv_ot_horas_dispo_id` FOREIGN KEY (`inv_orden_trabajo_horas_dispo_id`) REFERENCES `inv_orden_trabajo_horas_dispo` (`id`),
  CONSTRAINT `inv_ot_hs_tipo_dis` FOREIGN KEY (`inv_orden_trabajo_horas_tipo_id`) REFERENCES `inv_orden_trabajo_horas_tipos` (`id`)
) ENGINE=InnoDB DEFAULT CHARSET=utf8mb4 COLLATE=utf8mb4_unicode_ci;

--
-- Dumping data for table `inv_orden_trabajo_horas_disponibles`
--


--
-- Table structure for table `inv_orden_trabajo_horas_tipos`
--

CREATE TABLE `inv_orden_trabajo_horas_tipos` (
  `id` bigint(20) unsigned NOT NULL AUTO_INCREMENT,
  `user_id` int(10) unsigned DEFAULT NULL,
  `person_id` int(10) unsigned NOT NULL,
  `syj_centros_costo_id` int(10) unsigned NOT NULL,
  `valor` decimal(16,2) NOT NULL DEFAULT '1.00',
  `cantidad_disponible` decimal(16,2) NOT NULL DEFAULT '0.00',
  `importe_disponible` decimal(16,2) NOT NULL DEFAULT '0.00',
  `show_para_produccion` tinyint(1) NOT NULL DEFAULT '1',
  `show_para_horas` tinyint(1) NOT NULL DEFAULT '1',
  `habilitado` tinyint(1) NOT NULL DEFAULT '1',
  `created_at` timestamp NULL DEFAULT NULL,
  `updated_at` timestamp NULL DEFAULT NULL,
  `deleted_at` timestamp NULL DEFAULT NULL,
  PRIMARY KEY (`id`),
  KEY `inv_orden_trabajo_horas_tipos_person_id_foreign` (`person_id`),
  KEY `inv_orden_trabajo_horas_tipos_syj_centros_costo_id_foreign` (`syj_centros_costo_id`),
  CONSTRAINT `inv_orden_trabajo_horas_tipos_person_id_foreign` FOREIGN KEY (`person_id`) REFERENCES `persons` (`id`),
  CONSTRAINT `inv_orden_trabajo_horas_tipos_syj_centros_costo_id_foreign` FOREIGN KEY (`syj_centros_costo_id`) REFERENCES `syj_centros_costos` (`id`)
) ENGINE=InnoDB DEFAULT CHARSET=utf8mb4 COLLATE=utf8mb4_unicode_ci;

--
-- Dumping data for table `inv_orden_trabajo_horas_tipos`
--


--
-- Table structure for table `inv_orden_trabajo_productos`
--

CREATE TABLE `inv_orden_trabajo_productos` (
  `id` bigint(20) unsigned NOT NULL AUTO_INCREMENT,
  `user_id` int(10) unsigned DEFAULT NULL,
  `person_id` int(10) unsigned NOT NULL,
  `inv_orden_trabajo_id` bigint(20) unsigned DEFAULT NULL,
  `inv_producto_id` bigint(20) unsigned DEFAULT NULL,
  `moneda_id` int(10) unsigned NOT NULL DEFAULT '1',
  `cotizacion` decimal(16,2) NOT NULL DEFAULT '0.00',
  `dc_orden_id` bigint(20) unsigned DEFAULT NULL,
  `fecha` datetime NOT NULL DEFAULT '2022-06-07 07:50:44',
  `cantidades` decimal(16,2) NOT NULL DEFAULT '0.00',
  `importe` decimal(16,2) NOT NULL DEFAULT '1.00',
  `total` decimal(16,2) NOT NULL DEFAULT '1.00',
  `comentario` text COLLATE utf8mb4_unicode_ci,
  `created_at` timestamp NULL DEFAULT NULL,
  `updated_at` timestamp NULL DEFAULT NULL,
  `deleted_at` timestamp NULL DEFAULT NULL,
  PRIMARY KEY (`id`),
  KEY `inv_orden_trabajo_productos_person_id_foreign` (`person_id`),
  KEY `inv_orden_trabajo_productos_inv_orden_trabajo_id_foreign` (`inv_orden_trabajo_id`),
  KEY `inv_orden_trabajo_productos_inv_producto_id_foreign` (`inv_producto_id`),
  KEY `inv_orden_trabajo_productos_dc_orden_id_foreign` (`dc_orden_id`),
  KEY `inv_orden_trabajo_productos_moneda_id_foreign` (`moneda_id`),
  CONSTRAINT `inv_orden_trabajo_productos_dc_orden_id_foreign` FOREIGN KEY (`dc_orden_id`) REFERENCES `dc_ordenes` (`id`),
  CONSTRAINT `inv_orden_trabajo_productos_inv_orden_trabajo_id_foreign` FOREIGN KEY (`inv_orden_trabajo_id`) REFERENCES `inv_orden_trabajos` (`id`),
  CONSTRAINT `inv_orden_trabajo_productos_inv_producto_id_foreign` FOREIGN KEY (`inv_producto_id`) REFERENCES `inv_productos` (`id`),
  CONSTRAINT `inv_orden_trabajo_productos_moneda_id_foreign` FOREIGN KEY (`moneda_id`) REFERENCES `monedas` (`id`),
  CONSTRAINT `inv_orden_trabajo_productos_person_id_foreign` FOREIGN KEY (`person_id`) REFERENCES `persons` (`id`)
) ENGINE=InnoDB DEFAULT CHARSET=utf8mb4 COLLATE=utf8mb4_unicode_ci;

--
-- Dumping data for table `inv_orden_trabajo_productos`
--


--
-- Table structure for table `inv_orden_trabajo_servicios`
--

CREATE TABLE `inv_orden_trabajo_servicios` (
  `id` bigint(20) unsigned NOT NULL AUTO_INCREMENT,
  `user_id` int(10) unsigned DEFAULT NULL,
  `person_id` int(10) unsigned NOT NULL,
  `inv_orden_trabajo_id` bigint(20) unsigned DEFAULT NULL,
  `dc_orden_id` bigint(20) unsigned NOT NULL,
  `dc_orden_detail_id` bigint(20) unsigned NOT NULL,
  `fecha` datetime NOT NULL DEFAULT '2023-08-14 22:34:27',
  `created_at` timestamp NULL DEFAULT NULL,
  `updated_at` timestamp NULL DEFAULT NULL,
  `deleted_at` timestamp NULL DEFAULT NULL,
  PRIMARY KEY (`id`),
  KEY `inv_orden_trabajo_servicios_person_id_foreign` (`person_id`),
  KEY `inv_orden_trabajo_servicios_inv_orden_trabajo_id_foreign` (`inv_orden_trabajo_id`),
  KEY `inv_orden_trabajo_servicios_dc_orden_id_foreign` (`dc_orden_id`),
  KEY `inv_orden_trabajo_servicios_dc_orden_detail_id_foreign` (`dc_orden_detail_id`),
  CONSTRAINT `inv_orden_trabajo_servicios_dc_orden_detail_id_foreign` FOREIGN KEY (`dc_orden_detail_id`) REFERENCES `dc_ordenes_details` (`id`),
  CONSTRAINT `inv_orden_trabajo_servicios_dc_orden_id_foreign` FOREIGN KEY (`dc_orden_id`) REFERENCES `dc_ordenes` (`id`),
  CONSTRAINT `inv_orden_trabajo_servicios_inv_orden_trabajo_id_foreign` FOREIGN KEY (`inv_orden_trabajo_id`) REFERENCES `inv_orden_trabajos` (`id`),
  CONSTRAINT `inv_orden_trabajo_servicios_person_id_foreign` FOREIGN KEY (`person_id`) REFERENCES `persons` (`id`)
) ENGINE=InnoDB DEFAULT CHARSET=utf8mb4 COLLATE=utf8mb4_unicode_ci;

--
-- Dumping data for table `inv_orden_trabajo_servicios`
--


--
-- Table structure for table `inv_orden_trabajo_tareas`
--

CREATE TABLE `inv_orden_trabajo_tareas` (
  `id` bigint(20) unsigned NOT NULL AUTO_INCREMENT,
  `user_id` int(10) unsigned DEFAULT NULL,
  `fecha` datetime NOT NULL DEFAULT '2023-09-14 22:00:06',
  `person_id` int(10) unsigned NOT NULL,
  `inv_orden_trabajo_id` bigint(20) unsigned NOT NULL,
  `syj_centro_costo_id` int(10) unsigned NOT NULL,
  `syj_empleado_id` int(10) unsigned NOT NULL,
  `descripcion` longtext COLLATE utf8mb4_unicode_ci,
  `horas_estimadas` decimal(16,2) DEFAULT NULL,
  `is_terminada` tinyint(1) NOT NULL DEFAULT '0',
  `created_at` timestamp NULL DEFAULT NULL,
  `updated_at` timestamp NULL DEFAULT NULL,
  `deleted_at` timestamp NULL DEFAULT NULL,
  PRIMARY KEY (`id`),
  KEY `inv_orden_trabajo_tareas_person_id_foreign` (`person_id`),
  KEY `inv_orden_trabajo_tareas_inv_orden_trabajo_id_foreign` (`inv_orden_trabajo_id`),
  KEY `inv_orden_trabajo_tareas_syj_centro_costo_id_foreign` (`syj_centro_costo_id`),
  KEY `inv_orden_trabajo_tareas_syj_empleado_id_foreign` (`syj_empleado_id`),
  CONSTRAINT `inv_orden_trabajo_tareas_inv_orden_trabajo_id_foreign` FOREIGN KEY (`inv_orden_trabajo_id`) REFERENCES `inv_orden_trabajos` (`id`),
  CONSTRAINT `inv_orden_trabajo_tareas_person_id_foreign` FOREIGN KEY (`person_id`) REFERENCES `persons` (`id`),
  CONSTRAINT `inv_orden_trabajo_tareas_syj_centro_costo_id_foreign` FOREIGN KEY (`syj_centro_costo_id`) REFERENCES `syj_centros_costos` (`id`),
  CONSTRAINT `inv_orden_trabajo_tareas_syj_empleado_id_foreign` FOREIGN KEY (`syj_empleado_id`) REFERENCES `syj_empleados` (`id`)
) ENGINE=InnoDB DEFAULT CHARSET=utf8mb4 COLLATE=utf8mb4_unicode_ci;

--
-- Dumping data for table `inv_orden_trabajo_tareas`
--


--
-- Table structure for table `inv_orden_trabajos`
--

CREATE TABLE `inv_orden_trabajos` (
  `id` bigint(20) unsigned NOT NULL AUTO_INCREMENT,
  `user_id` int(10) unsigned DEFAULT NULL,
  `person_id` int(10) unsigned NOT NULL,
  `person_id_relationed` int(10) unsigned DEFAULT NULL,
  `inv_ot_clasificacion_id` int(10) unsigned DEFAULT NULL,
  `direccion` varchar(191) COLLATE utf8mb4_unicode_ci DEFAULT NULL,
  `latitud` varchar(191) COLLATE utf8mb4_unicode_ci DEFAULT NULL,
  `longitud` varchar(191) COLLATE utf8mb4_unicode_ci DEFAULT NULL,
  `patente` varchar(191) COLLATE utf8mb4_unicode_ci DEFAULT NULL,
  `rodado_id` bigint(20) unsigned DEFAULT NULL,
  `fecha` datetime NOT NULL DEFAULT '2022-06-07 07:50:43',
  `fecha_estimada` datetime DEFAULT NULL,
  `fecha_cierre` datetime DEFAULT NULL,
  `numero` int(10) unsigned NOT NULL,
  `responsable` text COLLATE utf8mb4_unicode_ci,
  `syj_empleado_id` int(10) unsigned DEFAULT NULL,
  `responsable_emp_id` int(10) unsigned DEFAULT NULL,
  `importe` decimal(16,2) NOT NULL DEFAULT '0.00',
  `titulo` text COLLATE utf8mb4_unicode_ci,
  `descripcion` longtext COLLATE utf8mb4_unicode_ci,
  `cerrada` tinyint(1) NOT NULL DEFAULT '0',
  `created_at` timestamp NULL DEFAULT NULL,
  `updated_at` timestamp NULL DEFAULT NULL,
  `deleted_at` timestamp NULL DEFAULT NULL,
  PRIMARY KEY (`id`),
  KEY `inv_orden_trabajos_person_id_foreign` (`person_id`),
  KEY `inv_orden_trabajos_person_id_relationed_foreign` (`person_id_relationed`),
  KEY `inv_orden_trabajos_inv_ot_clasificacion_id_foreign` (`inv_ot_clasificacion_id`),
  KEY `inv_orden_trabajos_rodado_id_foreign` (`rodado_id`),
  KEY `inv_orden_trabajos_syj_empleado_id_foreign` (`syj_empleado_id`),
  KEY `inv_orden_trabajos_responsable_emp_id_foreign` (`responsable_emp_id`),
  CONSTRAINT `inv_orden_trabajos_inv_ot_clasificacion_id_foreign` FOREIGN KEY (`inv_ot_clasificacion_id`) REFERENCES `inv_orden_trabajo_clasificacion` (`id`),
  CONSTRAINT `inv_orden_trabajos_person_id_foreign` FOREIGN KEY (`person_id`) REFERENCES `persons` (`id`),
  CONSTRAINT `inv_orden_trabajos_person_id_relationed_foreign` FOREIGN KEY (`person_id_relationed`) REFERENCES `persons` (`id`),
  CONSTRAINT `inv_orden_trabajos_responsable_emp_id_foreign` FOREIGN KEY (`responsable_emp_id`) REFERENCES `syj_empleados` (`id`),
  CONSTRAINT `inv_orden_trabajos_rodado_id_foreign` FOREIGN KEY (`rodado_id`) REFERENCES `rodados` (`id`),
  CONSTRAINT `inv_orden_trabajos_syj_empleado_id_foreign` FOREIGN KEY (`syj_empleado_id`) REFERENCES `syj_empleados` (`id`)
) ENGINE=InnoDB DEFAULT CHARSET=utf8mb4 COLLATE=utf8mb4_unicode_ci;

--
-- Dumping data for table `inv_orden_trabajos`
--


--
-- Table structure for table `inv_ot_devoluciones`
--

CREATE TABLE `inv_ot_devoluciones` (
  `id` bigint(20) unsigned NOT NULL AUTO_INCREMENT,
  `user_id` int(10) unsigned DEFAULT NULL,
  `person_id` int(10) unsigned NOT NULL,
  `inv_ot_id` bigint(20) unsigned NOT NULL,
  `fecha` datetime NOT NULL DEFAULT '2025-03-17 01:12:19',
  `descripcion` longtext COLLATE utf8mb4_unicode_ci,
  `estado` tinyint(1) NOT NULL DEFAULT '0',
  `firma` text COLLATE utf8mb4_unicode_ci,
  `created_at` timestamp NULL DEFAULT NULL,
  `updated_at` timestamp NULL DEFAULT NULL,
  `deleted_at` timestamp NULL DEFAULT NULL,
  PRIMARY KEY (`id`),
  KEY `inv_ot_devoluciones_person_id_foreign` (`person_id`),
  KEY `inv_ot_devoluciones_inv_ot_id_foreign` (`inv_ot_id`),
  CONSTRAINT `inv_ot_devoluciones_inv_ot_id_foreign` FOREIGN KEY (`inv_ot_id`) REFERENCES `inv_orden_trabajos` (`id`),
  CONSTRAINT `inv_ot_devoluciones_person_id_foreign` FOREIGN KEY (`person_id`) REFERENCES `persons` (`id`)
) ENGINE=InnoDB DEFAULT CHARSET=utf8mb4 COLLATE=utf8mb4_unicode_ci;

--
-- Dumping data for table `inv_ot_devoluciones`
--


--
-- Table structure for table `inv_ot_horas_importe_dispo`
--

CREATE TABLE `inv_ot_horas_importe_dispo` (
  `id` bigint(20) unsigned NOT NULL AUTO_INCREMENT,
  `user_id` int(10) unsigned DEFAULT NULL,
  `person_id` int(10) unsigned NOT NULL,
  `fecha` datetime NOT NULL DEFAULT '2023-09-12 22:30:49',
  `dc_estado_id` bigint(20) unsigned NOT NULL,
  `dc_firma_id` bigint(20) unsigned NOT NULL,
  `created_at` timestamp NULL DEFAULT NULL,
  `updated_at` timestamp NULL DEFAULT NULL,
  `deleted_at` timestamp NULL DEFAULT NULL,
  PRIMARY KEY (`id`),
  KEY `inv_ot_horas_importe_dispo_person_id_foreign` (`person_id`),
  KEY `inv_ot_horas_importe_dispo_dc_estado_id_foreign` (`dc_estado_id`),
  KEY `inv_ot_horas_importe_dispo_dc_firma_id_foreign` (`dc_firma_id`),
  CONSTRAINT `inv_ot_horas_importe_dispo_dc_estado_id_foreign` FOREIGN KEY (`dc_estado_id`) REFERENCES `dc_estados` (`id`),
  CONSTRAINT `inv_ot_horas_importe_dispo_dc_firma_id_foreign` FOREIGN KEY (`dc_firma_id`) REFERENCES `dc_firmas` (`id`),
  CONSTRAINT `inv_ot_horas_importe_dispo_person_id_foreign` FOREIGN KEY (`person_id`) REFERENCES `persons` (`id`)
) ENGINE=InnoDB DEFAULT CHARSET=utf8mb4 COLLATE=utf8mb4_unicode_ci;

--
-- Dumping data for table `inv_ot_horas_importe_dispo`
--


--
-- Table structure for table `inv_ot_horas_importe_disponible`
--

CREATE TABLE `inv_ot_horas_importe_disponible` (
  `id` int(10) unsigned NOT NULL AUTO_INCREMENT,
  `user_id` int(10) unsigned DEFAULT NULL,
  `inv_ot_horas_importe_dispo_id` bigint(20) unsigned NOT NULL,
  `inv_orden_trabajo_horas_tipo_id` bigint(20) unsigned NOT NULL,
  `transactionable_type` varchar(191) COLLATE utf8mb4_unicode_ci NOT NULL,
  `transactionable_id` int(10) unsigned DEFAULT NULL,
  `importe` decimal(16,2) NOT NULL DEFAULT '0.00',
  `created_at` timestamp NULL DEFAULT NULL,
  `updated_at` timestamp NULL DEFAULT NULL,
  `deleted_at` timestamp NULL DEFAULT NULL,
  PRIMARY KEY (`id`),
  KEY `inv_ot_h_imp_dispo_id` (`inv_ot_horas_importe_dispo_id`),
  KEY `inv_ot_h_tipo_id` (`inv_orden_trabajo_horas_tipo_id`),
  CONSTRAINT `inv_ot_h_imp_dispo_id` FOREIGN KEY (`inv_ot_horas_importe_dispo_id`) REFERENCES `inv_ot_horas_importe_dispo` (`id`),
  CONSTRAINT `inv_ot_h_tipo_id` FOREIGN KEY (`inv_orden_trabajo_horas_tipo_id`) REFERENCES `inv_orden_trabajo_horas_tipos` (`id`)
) ENGINE=InnoDB DEFAULT CHARSET=utf8mb4 COLLATE=utf8mb4_unicode_ci;

--
-- Dumping data for table `inv_ot_horas_importe_disponible`
--


--
-- Table structure for table `inv_ot_link`
--

CREATE TABLE `inv_ot_link` (
  `id` bigint(20) unsigned NOT NULL AUTO_INCREMENT,
  `user_id` int(10) unsigned DEFAULT NULL,
  `person_id` int(10) unsigned NOT NULL,
  `comentario` text COLLATE utf8mb4_unicode_ci,
  `fecha` datetime DEFAULT NULL,
  `created_at` timestamp NULL DEFAULT NULL,
  `updated_at` timestamp NULL DEFAULT NULL,
  `deleted_at` timestamp NULL DEFAULT NULL,
  PRIMARY KEY (`id`),
  KEY `inv_ot_link_person_id_foreign` (`person_id`),
  CONSTRAINT `inv_ot_link_person_id_foreign` FOREIGN KEY (`person_id`) REFERENCES `persons` (`id`)
) ENGINE=InnoDB DEFAULT CHARSET=utf8mb4 COLLATE=utf8mb4_unicode_ci;

--
-- Dumping data for table `inv_ot_link`
--


--
-- Table structure for table `inv_ot_link_facts`
--

CREATE TABLE `inv_ot_link_facts` (
  `id` bigint(20) unsigned NOT NULL AUTO_INCREMENT,
  `user_id` int(10) unsigned DEFAULT NULL,
  `inv_ot_link_id` bigint(20) unsigned NOT NULL,
  `fact_elec_receipt_id` int(10) unsigned NOT NULL,
  `created_at` timestamp NULL DEFAULT NULL,
  `updated_at` timestamp NULL DEFAULT NULL,
  `deleted_at` timestamp NULL DEFAULT NULL,
  PRIMARY KEY (`id`),
  KEY `inv_ot_link_facts_inv_ot_link_id_foreign` (`inv_ot_link_id`),
  KEY `inv_ot_link_facts_fact_elec_receipt_id_foreign` (`fact_elec_receipt_id`),
  CONSTRAINT `inv_ot_link_facts_fact_elec_receipt_id_foreign` FOREIGN KEY (`fact_elec_receipt_id`) REFERENCES `fact_elec_receipts` (`id`),
  CONSTRAINT `inv_ot_link_facts_inv_ot_link_id_foreign` FOREIGN KEY (`inv_ot_link_id`) REFERENCES `inv_ot_link` (`id`)
) ENGINE=InnoDB DEFAULT CHARSET=utf8mb4 COLLATE=utf8mb4_unicode_ci;

--
-- Dumping data for table `inv_ot_link_facts`
--


--
-- Table structure for table `inv_ot_link_ots`
--

CREATE TABLE `inv_ot_link_ots` (
  `id` bigint(20) unsigned NOT NULL AUTO_INCREMENT,
  `user_id` int(10) unsigned DEFAULT NULL,
  `inv_ot_link_id` bigint(20) unsigned NOT NULL,
  `inv_ot_id` bigint(20) unsigned NOT NULL,
  `created_at` timestamp NULL DEFAULT NULL,
  `updated_at` timestamp NULL DEFAULT NULL,
  `deleted_at` timestamp NULL DEFAULT NULL,
  PRIMARY KEY (`id`),
  KEY `inv_ot_link_ots_inv_ot_link_id_foreign` (`inv_ot_link_id`),
  KEY `inv_ot_link_ots_inv_ot_id_foreign` (`inv_ot_id`),
  CONSTRAINT `inv_ot_link_ots_inv_ot_id_foreign` FOREIGN KEY (`inv_ot_id`) REFERENCES `inv_orden_trabajos` (`id`),
  CONSTRAINT `inv_ot_link_ots_inv_ot_link_id_foreign` FOREIGN KEY (`inv_ot_link_id`) REFERENCES `inv_ot_link` (`id`)
) ENGINE=InnoDB DEFAULT CHARSET=utf8mb4 COLLATE=utf8mb4_unicode_ci;

--
-- Dumping data for table `inv_ot_link_ots`
--


--
-- Table structure for table `inv_ots_facturadas`
--

CREATE TABLE `inv_ots_facturadas` (
  `id` bigint(20) unsigned NOT NULL AUTO_INCREMENT,
  `user_id` int(10) unsigned DEFAULT NULL,
  `inv_ot_id` bigint(20) unsigned NOT NULL,
  `fact_elec_receipt_id` int(11) DEFAULT NULL,
  `receipt_id` int(10) unsigned DEFAULT NULL,
  `created_at` timestamp NULL DEFAULT NULL,
  `updated_at` timestamp NULL DEFAULT NULL,
  `deleted_at` timestamp NULL DEFAULT NULL,
  PRIMARY KEY (`id`),
  KEY `inv_ots_facturadas_inv_ot_id_foreign` (`inv_ot_id`),
  KEY `inv_ots_facturadas_fact_elec_receipt_id_foreign` (`fact_elec_receipt_id`),
  KEY `inv_ots_facturadas_receipt_id_foreign` (`receipt_id`),
  CONSTRAINT `inv_ots_facturadas_inv_ot_id_foreign` FOREIGN KEY (`inv_ot_id`) REFERENCES `inv_orden_trabajos` (`id`),
  CONSTRAINT `inv_ots_facturadas_receipt_id_foreign` FOREIGN KEY (`receipt_id`) REFERENCES `receipts` (`id`)
) ENGINE=InnoDB DEFAULT CHARSET=utf8mb4 COLLATE=utf8mb4_unicode_ci;

--
-- Dumping data for table `inv_ots_facturadas`
--


--
-- Table structure for table `inv_ots_presupuestos`
--

CREATE TABLE `inv_ots_presupuestos` (
  `id` bigint(20) unsigned NOT NULL AUTO_INCREMENT,
  `user_id` int(10) unsigned DEFAULT NULL,
  `inv_ot_id` bigint(20) unsigned NOT NULL,
  `dc_orden_id` bigint(20) unsigned NOT NULL,
  `created_at` timestamp NULL DEFAULT NULL,
  `updated_at` timestamp NULL DEFAULT NULL,
  `deleted_at` timestamp NULL DEFAULT NULL,
  PRIMARY KEY (`id`),
  KEY `inv_ots_presupuestos_inv_ot_id_foreign` (`inv_ot_id`),
  KEY `inv_ots_presupuestos_dc_orden_id_foreign` (`dc_orden_id`),
  CONSTRAINT `inv_ots_presupuestos_dc_orden_id_foreign` FOREIGN KEY (`dc_orden_id`) REFERENCES `dc_ordenes` (`id`),
  CONSTRAINT `inv_ots_presupuestos_inv_ot_id_foreign` FOREIGN KEY (`inv_ot_id`) REFERENCES `inv_orden_trabajos` (`id`)
) ENGINE=InnoDB DEFAULT CHARSET=utf8mb4 COLLATE=utf8mb4_unicode_ci;

--
-- Dumping data for table `inv_ots_presupuestos`
--


--
-- Table structure for table `inv_product_receipt`
--

CREATE TABLE `inv_product_receipt` (
  `id` bigint(20) unsigned NOT NULL AUTO_INCREMENT,
  `user_id` int(11) DEFAULT NULL,
  `type_id` int(10) unsigned NOT NULL,
  `person_id` int(10) unsigned NOT NULL,
  `inv_product_id` bigint(20) unsigned NOT NULL,
  `prod_variant_id` bigint(20) unsigned DEFAULT NULL,
  `inv_deposito_id` bigint(20) unsigned DEFAULT NULL,
  `receiptable_type` varchar(191) COLLATE utf8mb4_unicode_ci NOT NULL,
  `receiptable_id` int(10) unsigned NOT NULL,
  `cantidades` decimal(16,2) NOT NULL,
  `costo` decimal(16,2) NOT NULL DEFAULT '0.00',
  `precio_sin_iva` decimal(16,2) NOT NULL DEFAULT '0.00',
  `descuento` decimal(16,2) NOT NULL DEFAULT '0.00',
  `descuento_por1_imp0` tinyint(1) NOT NULL DEFAULT '1',
  `descuento_porcentaje` decimal(16,2) NOT NULL DEFAULT '0.00',
  `precio_con_descuento` decimal(16,2) NOT NULL DEFAULT '0.00',
  `precio_final` decimal(16,2) NOT NULL DEFAULT '0.00',
  `iva` decimal(16,2) NOT NULL DEFAULT '0.00',
  `created_at` timestamp NULL DEFAULT NULL,
  `updated_at` timestamp NULL DEFAULT NULL,
  `deleted_at` timestamp NULL DEFAULT NULL,
  PRIMARY KEY (`id`),
  KEY `inv_product_receipt_type_id_foreign` (`type_id`),
  KEY `inv_product_receipt_person_id_foreign` (`person_id`),
  KEY `inv_product_receipt_inv_product_id_foreign` (`inv_product_id`),
  KEY `inv_product_receipt_inv_deposito_id_foreign` (`inv_deposito_id`),
  KEY `inv_product_receipt_prod_variant_id_foreign` (`prod_variant_id`),
  CONSTRAINT `inv_product_receipt_inv_deposito_id_foreign` FOREIGN KEY (`inv_deposito_id`) REFERENCES `inv_depositos` (`id`),
  CONSTRAINT `inv_product_receipt_inv_product_id_foreign` FOREIGN KEY (`inv_product_id`) REFERENCES `inv_productos` (`id`),
  CONSTRAINT `inv_product_receipt_person_id_foreign` FOREIGN KEY (`person_id`) REFERENCES `persons` (`id`),
  CONSTRAINT `inv_product_receipt_prod_variant_id_foreign` FOREIGN KEY (`prod_variant_id`) REFERENCES `prod_variants` (`id`) ON DELETE CASCADE,
  CONSTRAINT `inv_product_receipt_type_id_foreign` FOREIGN KEY (`type_id`) REFERENCES `types` (`id`)
) ENGINE=InnoDB AUTO_INCREMENT=11 DEFAULT CHARSET=utf8mb4 COLLATE=utf8mb4_unicode_ci;

--
-- Dumping data for table `inv_product_receipt`
--

INSERT INTO `inv_product_receipt` VALUES (1,NULL,1,40920,374,NULL,1,'App\\Models\\Receipt',1721,1.00,90.00,104.40,102.31,1,98.00,2.09,2.53,0.44,NULL,'2022-09-01 17:51:58','2022-09-01 17:51:58'),(2,NULL,1,40920,374,NULL,1,'App\\Models\\Receipt',1722,1.00,90.00,104.40,103.36,1,99.00,1.04,1.26,0.22,NULL,NULL,NULL),(3,NULL,2,40920,253,NULL,1,'App\\Models\\Receipt',1775,112.00,38.10,4949.95,0.00,0,0.00,4949.95,5469.70,519.74,NULL,NULL,NULL),(4,NULL,2,40920,254,NULL,1,'App\\Models\\Receipt',1775,216.00,17.78,4454.96,0.00,0,0.00,4454.96,4922.73,467.77,NULL,NULL,NULL),(5,NULL,2,40920,250,NULL,1,'App\\Models\\Receipt',1776,136.00,38.10,6010.66,0.00,0,0.00,6010.66,6641.77,631.12,NULL,NULL,NULL),(6,NULL,1,40920,374,NULL,1,'App\\Models\\Receipt',1777,1.00,90.00,104.40,103.36,1,99.00,1.04,1.26,0.22,NULL,NULL,NULL),(7,NULL,2,40920,303,NULL,1,'App\\Models\\Receipt',1898,115.00,9.67,1289.98,0.00,0,0.00,1289.98,1560.87,270.90,NULL,'2022-09-16 12:41:35','2022-09-16 12:41:35'),(8,NULL,2,40920,279,NULL,1,'App\\Models\\Receipt',1898,40.00,6.80,315.52,0.00,0,0.00,315.52,381.78,66.26,NULL,'2022-09-16 12:41:35','2022-09-16 12:41:35'),(9,NULL,2,40920,322,NULL,1,'App\\Models\\Receipt',1898,120.00,10.20,1419.84,0.00,0,0.00,1419.84,1718.01,298.17,NULL,'2022-09-16 12:41:35','2022-09-16 12:41:35'),(10,NULL,1,40920,249,NULL,1,'App\\Models\\Receipt',2116,10.00,32.20,32.20,0.00,0,0.00,322.00,355.81,33.81,NULL,'2024-08-27 12:00:14','2024-08-27 12:00:14');

--
-- Table structure for table `inv_producto_fotos`
--

CREATE TABLE `inv_producto_fotos` (
  `id` bigint(20) unsigned NOT NULL AUTO_INCREMENT,
  `user_id` int(10) unsigned DEFAULT NULL,
  `inv_producto_id` bigint(20) unsigned NOT NULL,
  `foto` text COLLATE utf8mb4_unicode_ci NOT NULL,
  `created_at` timestamp NULL DEFAULT NULL,
  `updated_at` timestamp NULL DEFAULT NULL,
  `deleted_at` timestamp NULL DEFAULT NULL,
  PRIMARY KEY (`id`),
  KEY `inv_producto_fotos_inv_producto_id_foreign` (`inv_producto_id`),
  CONSTRAINT `inv_producto_fotos_inv_producto_id_foreign` FOREIGN KEY (`inv_producto_id`) REFERENCES `inv_productos` (`id`)
) ENGINE=InnoDB DEFAULT CHARSET=utf8mb4 COLLATE=utf8mb4_unicode_ci;

--
-- Dumping data for table `inv_producto_fotos`
--


--
-- Table structure for table `inv_producto_prioridad`
--

CREATE TABLE `inv_producto_prioridad` (
  `id` bigint(20) unsigned NOT NULL AUTO_INCREMENT,
  `descripcion` text COLLATE utf8mb4_unicode_ci NOT NULL,
  `habilitado` tinyint(1) NOT NULL DEFAULT '1',
  `deleted_at` timestamp NULL DEFAULT NULL,
  `created_at` timestamp NULL DEFAULT NULL,
  `updated_at` timestamp NULL DEFAULT NULL,
  PRIMARY KEY (`id`)
) ENGINE=InnoDB AUTO_INCREMENT=4 DEFAULT CHARSET=utf8mb4 COLLATE=utf8mb4_unicode_ci;

--
-- Dumping data for table `inv_producto_prioridad`
--

INSERT INTO `inv_producto_prioridad` VALUES (1,'Alta',1,NULL,NULL,NULL),(2,'Media',1,NULL,NULL,NULL),(3,'Baja',1,NULL,NULL,NULL);

--
-- Table structure for table `inv_productos`
--

CREATE TABLE `inv_productos` (
  `id` bigint(20) unsigned NOT NULL AUTO_INCREMENT,
  `user_id` int(11) DEFAULT NULL,
  `is_old` tinyint(1) NOT NULL DEFAULT '0',
  `inv_producto_tipo_id` bigint(20) unsigned NOT NULL DEFAULT '1',
  `person_id` int(10) unsigned NOT NULL,
  `person_prov_id` int(10) unsigned DEFAULT NULL,
  `descripcion` varchar(191) COLLATE utf8mb4_unicode_ci DEFAULT NULL,
  `codigo_externo` varchar(191) COLLATE utf8mb4_unicode_ci DEFAULT NULL,
  `codigo_interno` varchar(191) COLLATE utf8mb4_unicode_ci DEFAULT NULL,
  `fac_ele_unidad_medida_id` int(10) unsigned NOT NULL DEFAULT '8',
  `inv_rubro_sub_id` bigint(20) unsigned NOT NULL,
  `moneda_id` int(10) unsigned NOT NULL DEFAULT '1',
  `costo` decimal(16,2) NOT NULL DEFAULT '0.00',
  `margen` decimal(16,2) NOT NULL DEFAULT '0.00',
  `precio_sin_iva` decimal(16,2) NOT NULL DEFAULT '0.00',
  `system_tax_id` int(10) unsigned DEFAULT NULL,
  `iva` decimal(16,2) NOT NULL DEFAULT '0.00',
  `precio_final` decimal(16,2) NOT NULL DEFAULT '0.00',
  `inv_lista_de_precio_id` bigint(20) unsigned DEFAULT NULL,
  `inv_prioridad_id` bigint(20) unsigned NOT NULL DEFAULT '3',
  `foto` varchar(191) COLLATE utf8mb4_unicode_ci DEFAULT NULL,
  `stock` decimal(16,2) NOT NULL DEFAULT '0.00',
  `stock_minimo` decimal(16,2) NOT NULL DEFAULT '0.00',
  `fecha_vto` datetime DEFAULT NULL,
  `sku` varchar(191) COLLATE utf8mb4_unicode_ci DEFAULT NULL,
  `texto_corto` text COLLATE utf8mb4_unicode_ci,
  `texto_largo` text COLLATE utf8mb4_unicode_ci,
  `show_in_catalogo` tinyint(1) NOT NULL DEFAULT '0',
  `habilitado` tinyint(1) NOT NULL DEFAULT '1',
  `created_at` timestamp NULL DEFAULT NULL,
  `updated_at` timestamp NULL DEFAULT NULL,
  `deleted_at` timestamp NULL DEFAULT NULL,
  PRIMARY KEY (`id`),
  KEY `inv_productos_person_id_foreign` (`person_id`),
  KEY `inv_productos_person_prov_id_foreign` (`person_prov_id`),
  KEY `inv_productos_fac_ele_unidad_medida_id_foreign` (`fac_ele_unidad_medida_id`),
  KEY `inv_productos_inv_rubro_sub_id_foreign` (`inv_rubro_sub_id`),
  KEY `inv_productos_system_tax_id_foreign` (`system_tax_id`),
  KEY `inv_productos_inv_lista_de_precio_id_foreign` (`inv_lista_de_precio_id`),
  KEY `inv_productos_inv_producto_tipo_id_foreign` (`inv_producto_tipo_id`),
  KEY `inv_productos_moneda_id_foreign` (`moneda_id`),
  KEY `inv_productos_inv_prioridad_id_foreign` (`inv_prioridad_id`),
  CONSTRAINT `inv_productos_fac_ele_unidad_medida_id_foreign` FOREIGN KEY (`fac_ele_unidad_medida_id`) REFERENCES `fac_elec_unidad_medidas` (`id`),
  CONSTRAINT `inv_productos_inv_lista_de_precio_id_foreign` FOREIGN KEY (`inv_lista_de_precio_id`) REFERENCES `inv_lista_de_precios` (`id`),
  CONSTRAINT `inv_productos_inv_prioridad_id_foreign` FOREIGN KEY (`inv_prioridad_id`) REFERENCES `inv_producto_prioridad` (`id`),
  CONSTRAINT `inv_productos_inv_producto_tipo_id_foreign` FOREIGN KEY (`inv_producto_tipo_id`) REFERENCES `inv_productos_tipos` (`id`),
  CONSTRAINT `inv_productos_inv_rubro_sub_id_foreign` FOREIGN KEY (`inv_rubro_sub_id`) REFERENCES `inv_rubros_sub` (`id`),
  CONSTRAINT `inv_productos_moneda_id_foreign` FOREIGN KEY (`moneda_id`) REFERENCES `monedas` (`id`),
  CONSTRAINT `inv_productos_person_id_foreign` FOREIGN KEY (`person_id`) REFERENCES `persons` (`id`),
  CONSTRAINT `inv_productos_person_prov_id_foreign` FOREIGN KEY (`person_prov_id`) REFERENCES `persons` (`id`),
  CONSTRAINT `inv_productos_system_tax_id_foreign` FOREIGN KEY (`system_tax_id`) REFERENCES `system_taxes` (`id`)
) ENGINE=InnoDB AUTO_INCREMENT=427 DEFAULT CHARSET=utf8mb4 COLLATE=utf8mb4_unicode_ci;

--
-- Dumping data for table `inv_productos`
--

INSERT INTO `inv_productos` VALUES (1,7463,0,1,40922,40923,'COAYUVANTES',NULL,'101',6,5,2,19.00,15.00,21.85,1,2.29,3395.89,2,3,NULL,226.00,30.00,NULL,'FULLTEC',NULL,NULL,0,1,'2022-08-10 17:26:24','2023-05-17 06:42:56','2022-08-10 18:23:49'),(2,7463,0,1,40922,40923,'FULLTEC BASE',NULL,'101',6,5,2,21.00,15.00,24.15,1,2.54,3801.12,2,3,NULL,200.00,30.00,NULL,'',NULL,NULL,0,1,'2022-08-10 18:32:39','2023-05-17 06:42:56','2022-09-04 17:35:37'),(3,7463,0,1,40922,40923,'CUBO',NULL,'102',6,5,2,30.00,15.00,34.50,1,3.62,5361.93,2,3,NULL,216.00,30.00,NULL,'',NULL,NULL,0,1,'2022-08-10 18:37:42','2023-05-17 06:42:56','2022-09-04 17:35:43'),(4,7463,0,1,40922,40923,'FULLTEC MAX',NULL,'103',6,5,2,23.00,15.00,26.45,1,2.78,4131.86,2,3,NULL,406.00,30.00,NULL,'',NULL,NULL,0,1,'2022-08-10 18:39:52','2023-05-17 06:42:56','2022-09-04 17:36:05'),(5,7463,0,1,40922,40923,'OMEGA',NULL,'104',6,5,2,22.00,15.00,25.30,1,2.66,3932.08,2,3,NULL,33.00,3.00,NULL,NULL,NULL,NULL,0,1,'2022-08-10 18:42:34','2023-05-17 06:42:56','2022-09-04 17:36:05'),(6,7463,0,1,40922,40923,'TOP ZINC MAX',NULL,'105',6,5,2,30.00,15.00,34.50,1,3.62,5374.13,2,3,NULL,66.00,10.00,NULL,NULL,NULL,NULL,0,1,'2022-08-10 18:47:43','2023-05-17 06:42:56','2022-09-04 17:36:05'),(7,7463,0,1,40922,40923,'OPTIMIX',NULL,'106',6,5,2,14.00,15.00,16.10,1,1.69,2507.93,2,3,NULL,198.00,20.00,NULL,NULL,NULL,NULL,0,1,'2022-08-12 11:02:26','2023-05-17 06:42:56','2022-09-04 17:36:05'),(8,7463,0,1,40922,40923,'FERTISTART',NULL,'107',2,9,2,4.30,15.00,4.95,1,0.52,771.07,2,3,NULL,60.00,10.00,NULL,NULL,NULL,NULL,0,1,'2022-08-12 11:07:46','2023-05-17 06:42:56','2022-09-04 17:36:05'),(9,7463,0,1,40922,40923,'NODOFIX PACK MX',NULL,'108',8,10,2,210.00,15.00,241.50,2,50.72,41193.55,2,3,NULL,6.00,1.00,NULL,NULL,NULL,NULL,0,1,'2022-08-12 11:37:56','2023-05-17 06:42:56','2022-09-04 17:36:05'),(10,7463,0,1,40922,40985,'TEBUCONAZOLE 43% TEBU',NULL,'201',6,3,2,14.00,15.00,16.10,2,3.38,2754.03,2,3,NULL,75.00,1.00,NULL,NULL,NULL,NULL,0,1,'2022-08-12 12:16:20','2023-05-17 06:42:56','2022-09-04 17:36:05'),(11,7463,0,1,40922,40985,'24D 89% ESTER ETILEXILICO TORNADO',NULL,'301',6,3,2,7.40,15.00,8.51,2,1.79,1451.58,2,3,NULL,140.00,40.00,NULL,NULL,NULL,NULL,0,1,'2022-08-12 12:22:39','2023-05-17 06:42:56','2022-09-04 17:36:05'),(12,7463,0,1,40922,40985,'24D 80% NO VOLATIL ATANOR',NULL,'302',6,3,2,4.00,15.00,4.60,2,0.97,784.64,2,3,NULL,20.00,1.00,NULL,NULL,NULL,NULL,0,1,'2022-08-12 12:24:48','2023-05-17 06:42:56','2022-09-04 17:36:05'),(13,7463,0,1,40922,40985,'24D 80% NO VOLATIL AGROS',NULL,'303',6,3,2,4.00,15.00,4.60,2,0.97,784.64,2,3,NULL,20.00,1.00,NULL,NULL,NULL,NULL,0,1,'2022-08-12 12:26:51','2023-05-17 06:42:56','2022-09-04 17:36:05'),(14,7463,0,1,40922,40985,'24D ETILEXILICO 97% HERBIFEN ADVANCE',NULL,'304',6,3,2,7.60,15.00,8.74,2,1.84,1504.77,2,3,NULL,80.00,40.00,NULL,NULL,NULL,NULL,0,1,'2022-08-12 16:11:35','2023-05-17 06:42:56','2022-09-04 17:36:05'),(15,7463,0,1,40922,40985,'24D ENLIST',NULL,'305',6,3,2,6.20,15.00,7.13,2,1.50,1219.64,2,3,NULL,400.00,40.00,NULL,NULL,NULL,NULL,0,1,'2022-08-12 16:13:57','2023-05-17 06:42:56','2022-09-04 17:36:05'),(16,7463,0,1,40922,40985,'24D 30% BEKER N T ',NULL,'306',6,3,2,6.00,15.00,6.90,2,1.45,1176.96,2,3,NULL,60.00,1.00,NULL,NULL,NULL,NULL,0,1,'2022-08-12 16:17:22','2023-05-17 06:42:56','2022-09-04 17:36:05'),(17,7463,0,1,40922,40985,'ATRAZINA ATRAMIL 90',NULL,'307',2,3,2,10.60,15.00,12.19,2,2.56,2085.19,2,3,NULL,255.00,60.00,NULL,NULL,NULL,NULL,0,1,'2022-08-12 16:20:25','2023-05-17 06:42:56','2022-09-04 17:36:05'),(18,7463,0,1,40922,40985,'BICE PACK',NULL,'308',8,3,2,200.00,15.00,230.00,2,48.30,39231.95,2,3,NULL,6.00,1.00,NULL,NULL,NULL,NULL,0,1,'2022-08-12 16:23:52','2023-05-17 06:42:56','2022-09-04 17:36:05'),(19,7463,0,1,40922,40985,'BLAZER',NULL,'309',6,3,2,12.00,15.00,13.80,2,2.90,2353.92,2,3,NULL,100.00,10.00,NULL,NULL,NULL,NULL,0,1,'2022-08-12 16:25:49','2023-05-17 06:42:56','2022-09-04 17:36:05');
INSERT INTO `inv_productos` VALUES (20,7463,0,1,40922,40986,'CLETODIN 24% LANTHER',NULL,'310',6,3,2,11.30,15.00,13.00,2,2.73,2223.75,2,3,NULL,360.00,20.00,NULL,NULL,NULL,NULL,0,1,'2022-08-12 17:33:13','2023-05-17 06:42:56','2022-09-04 17:36:05'),(21,7463,0,1,40922,40985,'CLORIMURON 25% CLAXO',NULL,'311',6,3,2,2.40,15.00,2.76,2,0.58,470.78,2,3,NULL,2.40,0.00,NULL,NULL,NULL,NULL,0,1,'2022-08-12 17:36:19','2023-05-17 06:42:56','2022-09-04 17:36:05'),(22,7463,0,1,40922,40985,'CONVEY',NULL,'312',6,3,2,228.00,15.00,262.20,2,55.06,44851.33,2,3,NULL,45.00,1.00,NULL,NULL,NULL,NULL,0,1,'2022-08-13 10:52:25','2023-05-17 06:42:56','2022-09-04 17:36:05'),(23,7463,0,1,40922,NULL,'DICAMBA 54% LANTHER',NULL,'313',6,3,2,9.60,15.00,11.04,2,2.32,1888.48,2,3,NULL,10.00,1.00,NULL,NULL,NULL,NULL,0,1,'2022-08-13 10:58:43','2023-05-17 06:42:56','2022-09-04 17:36:05'),(24,7463,0,1,40922,40985,'DICAMBA  57,80% YPF ',NULL,'314',6,3,2,9.60,15.00,11.04,2,2.32,1888.48,2,3,NULL,0.00,10.00,NULL,NULL,NULL,NULL,0,1,'2022-08-13 11:01:27','2023-05-17 06:42:56','2022-09-04 17:36:05'),(25,7463,0,1,40922,40987,'DICAMBA ATEXTRA',NULL,'315',6,3,2,9.60,15.00,11.04,2,2.32,1888.48,2,3,NULL,0.00,0.00,NULL,'05-19',NULL,NULL,0,1,'2022-08-13 11:03:45','2023-05-17 06:42:56','2022-09-04 17:36:05'),(26,7463,0,1,40922,40985,'DIFLUFERICAN TUKEN ',NULL,'316',6,3,2,43.50,15.00,50.03,2,10.51,8558.02,2,3,NULL,120.00,10.00,NULL,NULL,NULL,NULL,0,1,'2022-08-13 11:07:42','2023-05-17 06:42:56','2022-09-04 17:36:05'),(27,7463,0,1,40922,40985,'EDDUS ',NULL,'317',6,3,2,13.00,15.00,14.95,2,3.14,2557.31,2,3,NULL,20.00,1.00,NULL,NULL,NULL,NULL,0,1,'2022-08-13 11:12:52','2023-05-17 06:42:56','2022-09-04 17:36:05'),(28,7463,0,1,40922,40987,'EDDUS ',NULL,'316',6,3,2,13.00,15.00,14.95,2,3.14,2557.31,2,3,NULL,20.00,1.00,NULL,NULL,NULL,NULL,0,1,'2022-08-13 11:14:46','2023-05-17 06:42:56','2022-08-13 11:15:18'),(29,7463,0,1,40922,40987,'FLUMIOXAZIN 48 % FLUMEYT',NULL,'318',6,3,2,49.00,15.00,56.35,2,11.83,9639.10,2,3,NULL,40.00,1.00,NULL,NULL,NULL,NULL,0,1,'2022-08-13 11:19:07','2023-05-17 06:42:56','2022-09-04 17:36:05'),(30,7463,0,1,40922,40987,'FLUMIOXAZIN OXALIS',NULL,'319',6,3,2,49.00,15.00,56.35,2,11.83,9639.10,2,3,NULL,5.00,1.00,NULL,NULL,NULL,NULL,0,1,'2022-08-13 11:23:02','2023-05-17 06:42:56','2022-09-04 17:36:05'),(31,7463,0,1,40922,40987,'FLUMIOXAZIN 48% AGROXAZIN',NULL,'320',6,3,2,49.00,15.00,56.35,2,11.83,9639.10,2,3,NULL,10.00,1.00,NULL,NULL,NULL,NULL,0,1,'2022-08-13 11:25:49','2023-05-17 06:42:56','2022-09-04 17:36:05'),(32,7463,0,1,40922,40987,'FLUMIOXAZIN FLUNIZYIN',NULL,'321',6,3,2,49.00,15.00,56.35,2,11.83,9639.10,2,3,NULL,4.00,1.00,NULL,NULL,NULL,NULL,0,1,'2022-08-13 11:27:48','2023-05-17 06:42:56','2022-09-04 17:36:05'),(33,7463,0,1,40922,40987,'FLUROXANE 28% HELM',NULL,'322',6,3,2,28.00,15.00,32.20,2,6.76,5508.06,2,3,NULL,15.00,1.00,NULL,NULL,NULL,NULL,0,1,'2022-08-13 11:31:03','2023-05-17 06:42:56','2022-09-04 17:36:05'),(34,7463,0,1,40922,40989,'GLIFOSATO  66% POWER PLUS ',NULL,'323',6,3,2,11.50,15.00,13.23,2,2.78,2263.09,2,3,NULL,1100.00,100.00,NULL,NULL,NULL,NULL,0,1,'2022-08-13 11:33:42','2023-05-17 06:42:56','2022-09-04 17:36:05'),(35,7463,0,1,40922,40987,'GLIFOSATO 70% CREDIT FULL',NULL,'324',6,3,2,11.50,15.00,13.23,2,2.78,2262.24,2,3,NULL,980.00,100.00,NULL,NULL,NULL,NULL,0,1,'2022-08-13 11:36:23','2023-05-17 06:42:56','2022-09-04 17:36:05'),(36,7463,0,1,40922,40987,'HALOXIFOP METIL 54% EMBLEM MAXX',NULL,'325',6,3,2,29.80,15.00,34.27,2,7.20,5862.15,2,3,NULL,115.00,1.00,NULL,NULL,NULL,NULL,0,1,'2022-08-13 11:45:56','2023-05-17 06:42:56','2022-09-04 17:36:05'),(37,7463,0,1,40922,40986,'HALOXIFOP P METIL 54% LANTHER',NULL,'326',6,3,2,29.80,15.00,34.27,2,7.20,5862.15,2,3,NULL,40.00,1.00,NULL,NULL,NULL,NULL,0,1,'2022-08-13 11:48:06','2023-05-17 06:42:56','2022-09-04 17:36:05'),(38,7463,0,1,40922,40987,'HEAT',NULL,'327',2,3,2,270.00,15.00,310.50,2,65.21,53113.42,2,3,NULL,14.00,2.00,NULL,NULL,NULL,NULL,0,1,'2022-08-13 11:51:58','2023-05-17 06:42:56','2022-09-04 17:36:05');
INSERT INTO `inv_productos` VALUES (39,7463,0,1,40922,40987,'IMAZETAPIR 10.60% INITIO',NULL,'328',6,3,2,9.80,15.00,11.27,2,2.37,1927.82,2,3,NULL,20.00,1.00,NULL,NULL,NULL,NULL,0,1,'2022-08-13 11:55:14','2023-05-17 06:42:56','2022-09-04 17:36:05'),(40,7463,0,1,40922,40987,'IMAZETAPIR 10.60% MERKETING AGRICOLA ',NULL,'329',6,3,2,9.80,15.00,11.27,2,2.37,1927.82,2,3,NULL,1000.00,10.00,NULL,NULL,NULL,NULL,0,1,'2022-08-13 11:57:53','2023-05-17 06:42:56','2022-09-04 17:36:05'),(41,7463,0,1,40922,40987,'METSULFURON SIGMA',NULL,'330',2,3,2,21.00,15.00,24.15,2,5.07,4131.04,2,3,NULL,0.45,0.01,NULL,NULL,NULL,NULL,0,1,'2022-08-13 12:00:18','2023-05-17 06:42:56','2022-09-04 17:36:05'),(42,7463,0,1,40922,40987,'METSULFURON NUFER',NULL,'331',2,3,2,21.00,15.00,24.15,2,5.07,4131.04,2,3,NULL,0.20,0.01,NULL,NULL,NULL,NULL,0,1,'2022-08-13 12:02:24','2023-05-17 06:42:56','2022-09-04 17:36:05'),(43,7463,0,1,40922,40986,'PARAQUAT FENDER',NULL,'332',6,3,2,5.50,15.00,6.33,2,1.33,1081.94,2,3,NULL,2600.00,100.00,NULL,NULL,NULL,NULL,0,1,'2022-08-13 12:08:50','2023-05-17 06:42:56','2022-09-04 17:36:05'),(44,7463,0,1,40922,40986,'PICLORAM 24% FORMULAGRO',NULL,'333',6,3,2,15.50,15.00,17.83,2,3.74,3049.96,2,3,NULL,160.00,1.00,NULL,NULL,NULL,NULL,0,1,'2022-08-13 12:10:42','2023-05-17 06:42:56','2022-09-04 17:36:05'),(45,7463,0,1,40922,40985,'METRIBUZIN PROMETRINA ROMETRI',NULL,'334',6,3,2,23.90,15.00,27.49,2,5.77,4701.52,2,3,NULL,5.00,1.00,NULL,'7-19',NULL,NULL,0,1,'2022-08-13 12:14:41','2023-05-17 06:42:56','2022-09-04 17:36:05'),(46,7463,0,1,40922,40985,'S-METOLACLOR DUAL GOLD ',NULL,'335',6,3,2,14.50,15.00,16.68,2,3.50,2853.24,2,3,NULL,69.00,1.00,NULL,NULL,NULL,NULL,0,1,'2022-08-13 12:17:40','2023-05-17 06:42:56','2022-09-04 17:36:05'),(47,7463,0,1,40922,40986,'S-METOLACLOR 96% STRIN',NULL,'336',6,3,2,14.50,15.00,16.68,2,3.50,2852.39,2,3,NULL,2000.00,100.00,NULL,NULL,NULL,NULL,0,1,'2022-08-13 12:20:28','2023-05-17 06:42:56','2022-09-04 17:36:05'),(48,7463,0,1,40922,40987,'S-METOLACLOR ZAMBA',NULL,'337',6,3,2,14.50,15.00,16.68,2,3.50,2852.39,2,3,NULL,5.00,1.00,NULL,NULL,NULL,NULL,0,1,'2022-08-13 12:22:21','2023-05-17 06:42:56','2022-09-04 17:36:05'),(49,7463,0,1,40922,40986,'S-METOLACKLORO 96% CHRONATYOL',NULL,'338',6,3,2,14.50,15.00,16.68,2,3.50,2852.39,2,3,NULL,200.00,1.00,NULL,NULL,NULL,NULL,0,1,'2022-08-13 12:24:47','2023-05-17 06:42:56','2022-09-04 17:36:05'),(50,7463,0,1,40922,40985,'SULFENTRAZONE 50% ADELFOS ',NULL,'339',6,3,2,30.00,15.00,34.50,2,7.25,5901.49,2,3,NULL,65.00,1.00,NULL,NULL,NULL,NULL,0,1,'2022-08-13 12:27:04','2023-05-17 06:42:56','2022-09-04 17:36:05'),(51,7463,0,1,40922,40986,'SULFENTRAZONE 50% CAPAZ ',NULL,'340',6,3,2,30.00,15.00,34.50,2,7.25,5901.49,2,3,NULL,440.00,10.00,NULL,NULL,NULL,NULL,0,1,'2022-08-13 12:29:36','2023-05-17 06:42:56','2022-09-04 17:36:05'),(52,7463,0,1,40922,40986,'SULFENTRAZONE 50% BORAL',NULL,'341',6,3,2,30.00,15.00,34.50,2,7.25,5901.49,2,3,NULL,240.00,10.00,NULL,NULL,NULL,NULL,0,1,'2022-08-13 12:31:18','2023-05-17 06:42:56','2022-09-04 17:36:05'),(53,7463,0,1,40922,40987,'TOP CORN  CAJAS P/ 20 HAS ',NULL,'342',8,3,2,200.00,15.00,230.00,2,48.30,39343.27,2,3,NULL,5.00,1.00,NULL,'01-20',NULL,NULL,0,1,'2022-08-13 12:34:31','2023-05-17 06:42:56','2022-09-04 17:36:05'),(54,7463,0,1,40922,40985,'BELT 48 SC ',NULL,'401',6,4,2,170.00,15.00,195.50,2,41.06,33441.78,2,3,NULL,4.00,0.01,NULL,NULL,NULL,NULL,0,1,'2022-08-13 12:37:24','2023-05-17 06:42:56','2022-09-04 17:36:05'),(55,7463,0,1,40922,40985,'CLORPIR 48% SHOOTER EC',NULL,'402',6,4,2,7.50,15.00,8.63,2,1.81,1475.37,2,3,NULL,400.00,20.00,NULL,NULL,NULL,NULL,0,1,'2022-08-13 12:39:20','2023-05-17 06:42:56','2022-09-04 17:36:05'),(56,7463,0,1,40922,40986,'CLORPIRIFOS LQ 48% LANTHER ',NULL,'403',6,4,2,7.50,15.00,8.63,2,1.81,1475.37,2,3,NULL,80.00,1.00,NULL,NULL,NULL,NULL,0,1,'2022-08-13 12:41:47','2023-05-17 06:42:56','2022-09-04 17:36:05'),(57,7463,0,1,40922,40985,'CORAGEN',NULL,'404',6,4,2,230.00,15.00,264.50,2,55.55,45244.76,2,3,NULL,3.00,0.01,NULL,NULL,NULL,NULL,0,1,'2022-08-13 12:44:20','2023-05-17 06:42:56','2022-09-04 17:36:05');
INSERT INTO `inv_productos` VALUES (58,7463,0,1,40922,40985,'DELTOX',NULL,'405',6,4,2,22.00,15.00,25.30,2,5.31,4327.76,2,3,NULL,7.00,0.01,NULL,NULL,NULL,NULL,0,1,'2022-08-13 12:46:22','2023-05-17 06:42:56','2022-09-04 17:36:05'),(59,7463,0,1,40922,40985,'EUFORIA',NULL,'406',6,4,2,35.00,15.00,40.25,2,8.45,6885.07,2,3,NULL,5.00,0.01,NULL,NULL,NULL,NULL,0,1,'2022-08-13 13:05:32','2023-05-17 06:42:56','2022-09-04 17:36:05'),(60,7463,0,1,40922,40985,'FIPROMIL CLAP',NULL,'407',6,4,2,90.00,15.00,103.50,2,21.74,17704.47,2,3,NULL,2.00,0.01,NULL,'10-20',NULL,NULL,0,1,'2022-08-13 13:07:31','2023-05-17 06:42:56','2022-09-04 17:36:05'),(61,7463,0,1,40922,40985,'IMIDACLOPRID 35% KONDAR AGROS',NULL,'408',6,4,2,22.80,15.00,26.22,2,5.51,4485.13,2,3,NULL,7.00,0.01,NULL,'10-18',NULL,NULL,0,1,'2022-08-13 13:10:06','2023-05-17 06:42:56','2022-09-04 17:36:05'),(62,7463,0,1,40922,40985,'LAMBDACIAL 25% CIALOTRIN',NULL,'409',6,4,2,29.50,15.00,33.93,2,7.12,5803.13,2,3,NULL,72.00,1.00,NULL,NULL,NULL,NULL,0,1,'2022-08-13 13:13:01','2023-05-17 06:42:56','2022-09-04 17:36:05'),(63,7463,0,1,40922,40988,'SRM 566 VT TRIPLE PRO R 20',NULL,'501',8,11,2,180.00,15.00,207.00,3,55.89,37164.76,2,3,NULL,66.00,0.01,NULL,NULL,NULL,NULL,0,1,'2022-08-13 13:21:54','2023-05-17 06:42:56','2022-09-04 17:36:05'),(64,7463,0,1,40922,40990,'GLIFO SULFOSATO TOUCHDWN ',NULL,'343',6,3,2,13.00,15.00,14.95,2,3.14,2557.31,2,3,NULL,100.00,40.00,NULL,NULL,NULL,NULL,0,1,'2022-08-16 11:03:24','2023-05-17 06:42:56','2022-09-04 17:36:05'),(65,7463,1,1,40920,40923,'FULLTEC BASE',NULL,'101',6,15,4,26.00,23.83,32.20,1,3.38,4990.65,6,3,NULL,355.00,40.00,NULL,NULL,NULL,NULL,0,1,'2022-08-29 17:36:09','2024-08-29 00:38:12','2024-08-29 00:38:12'),(66,7463,1,1,40920,40923,'CUBO',NULL,'102',6,15,2,38.10,16.00,44.20,1,3.65,7189.72,6,3,NULL,4.00,10.00,NULL,NULL,NULL,NULL,0,1,'2022-08-29 17:44:36','2024-08-29 00:38:12','2024-08-29 00:38:12'),(67,7463,1,1,40920,40923,'FULLTEC MAX ',NULL,'103',6,15,2,30.00,16.00,34.80,1,3.65,5661.20,6,3,NULL,710.00,40.00,NULL,NULL,NULL,NULL,0,1,'2022-08-29 17:49:05','2024-08-29 00:38:12','2024-08-29 00:38:12'),(68,7463,1,1,40920,40923,'OMEGA',NULL,'104',6,15,2,22.00,16.00,25.52,1,2.68,4081.33,6,3,NULL,0.00,1.00,NULL,NULL,NULL,NULL,0,1,'2022-08-29 17:51:01','2024-08-29 00:38:12','2024-08-29 00:38:12'),(69,7463,1,1,40920,40923,'TOP ZINC MAX ',NULL,'105',6,15,2,38.10,16.00,44.20,1,3.65,7189.72,6,3,NULL,2.00,10.00,NULL,NULL,NULL,NULL,0,1,'2022-08-29 17:53:18','2024-08-29 00:38:12','2024-08-29 00:38:12'),(70,7463,1,1,40920,40923,'OPTIMIX',NULL,'106',6,15,2,17.78,16.00,20.62,1,1.71,3355.20,6,3,NULL,756.00,10.00,NULL,NULL,NULL,NULL,0,1,'2022-08-29 17:55:41','2024-08-29 00:38:12','2024-08-29 00:38:12'),(71,7463,1,1,40920,40923,'FERTISTART',NULL,'107',6,16,1,4.30,16.00,4.99,1,0.52,5.51,6,3,NULL,40.00,0.00,NULL,NULL,NULL,NULL,0,1,'2022-08-29 17:58:27','2024-08-29 00:38:12','2024-08-29 00:38:12'),(72,7463,1,1,40920,40923,'NODOFIX PACK MX ',NULL,'108',8,17,2,246.00,16.00,285.36,2,59.93,56716.61,6,3,NULL,0.00,0.00,NULL,NULL,NULL,NULL,0,1,'2022-08-29 18:00:57','2024-08-29 00:38:12','2024-08-29 00:38:12'),(73,7463,1,1,40920,40985,'TEBUCONAZOLE 43% TEBU',NULL,'201',6,19,2,14.00,16.00,16.24,2,3.41,2844.00,6,3,NULL,55.00,0.00,NULL,NULL,NULL,NULL,0,1,'2022-08-29 18:03:14','2024-08-29 00:38:12','2024-08-29 00:38:12'),(74,7463,1,1,40920,40985,'2 4D 89% ESTER ETILEXILICO TORNADO',NULL,'301',6,19,2,7.40,16.00,8.58,2,1.80,1503.26,6,3,NULL,0.00,20.00,NULL,NULL,NULL,NULL,0,1,'2022-08-29 18:05:58','2024-08-29 00:38:12','2024-08-29 00:38:12'),(75,7463,1,1,40920,40985,'2 4D 80% NO VOLATIL ATANOR',NULL,'302',6,19,2,4.00,16.00,4.64,2,0.97,812.57,6,3,NULL,0.00,0.00,NULL,NULL,NULL,NULL,0,1,'2022-08-29 18:08:15','2024-08-29 00:38:12','2024-08-29 00:38:12'),(76,7463,1,1,40920,40985,'2 4D 80% NO VOLATIL AGROS ',NULL,'303',6,19,2,4.00,16.00,4.64,2,0.97,812.57,6,3,NULL,20.00,0.00,NULL,NULL,NULL,NULL,0,1,'2022-08-29 18:10:29','2024-08-29 00:38:12','2024-08-29 00:38:12');
INSERT INTO `inv_productos` VALUES (77,7463,1,1,40920,40985,'2 4D ETILEXILICO 97% HERBIFEN ADVANCE       ',NULL,'304',6,19,1,7.60,16.00,8.82,2,1.85,10.67,6,3,NULL,0.00,30.00,NULL,NULL,NULL,NULL,0,1,'2022-08-29 18:12:34','2024-08-29 00:38:12','2024-08-29 00:38:12'),(78,7463,1,1,40920,40989,'2 4D ENLIST',NULL,'305',6,19,1,6.80,16.00,7.89,2,1.51,9.54,6,3,NULL,0.00,40.00,NULL,NULL,NULL,NULL,0,1,'2022-08-29 18:17:32','2024-08-29 00:38:12','2024-08-29 00:38:12'),(79,7463,1,1,40920,40985,'24D 30% BEKER N T ',NULL,'306',6,19,2,6.00,16.00,6.96,2,1.46,1218.86,6,3,NULL,0.00,0.00,NULL,NULL,NULL,NULL,0,1,'2022-08-29 18:19:26','2024-08-29 00:38:12','2024-08-29 00:38:12'),(80,7463,1,1,40920,40989,'ATRAZINA ATRAMIL 90',NULL,'307',2,19,1,10.60,16.00,12.30,2,2.58,14.88,6,3,NULL,15.00,50.00,NULL,NULL,NULL,NULL,0,1,'2022-08-29 18:21:11','2024-08-29 00:38:12','2024-08-29 00:38:12'),(81,7463,1,1,40920,40985,'BICE PACK',NULL,'308',8,19,2,200.00,16.00,232.00,2,48.72,40628.61,6,3,NULL,0.00,0.00,NULL,NULL,NULL,NULL,0,1,'2022-08-29 18:23:00','2024-08-29 00:38:12','2024-08-29 00:38:12'),(82,7463,1,1,40920,40985,'BLAZER',NULL,'309',6,19,2,12.00,16.00,13.92,2,2.92,2437.72,6,3,NULL,20.00,0.00,NULL,NULL,NULL,NULL,0,1,'2022-08-29 18:25:25','2024-08-29 00:38:12','2024-08-29 00:38:12'),(83,7463,1,1,40920,40986,'CLETODIN 24% LANTHER ',NULL,'310',6,19,2,11.30,16.00,13.11,2,2.75,2295.52,6,3,NULL,0.00,40.00,NULL,NULL,NULL,NULL,0,1,'2022-08-29 18:27:41','2024-08-29 00:38:12','2024-08-29 00:38:12'),(84,7463,1,1,40920,40985,'CLORIMURON 25% CLAXO',NULL,'311',1,19,1,22.00,16.00,25.52,2,5.36,30.88,6,3,NULL,2.40,0.00,NULL,'05-19',NULL,NULL,0,1,'2022-08-29 18:32:16','2024-08-29 00:38:12','2024-08-29 00:38:12'),(85,7463,1,1,40920,40985,'CONVEY',NULL,'312',6,19,2,228.00,16.00,264.48,2,55.54,46316.61,6,3,NULL,2.00,2.00,NULL,NULL,NULL,NULL,0,1,'2022-08-29 18:34:39','2024-08-29 00:38:12','2024-08-29 00:38:12'),(86,7463,1,1,40920,40985,'DICAMBA 54 5 LANTHER',NULL,'313',6,19,2,9.60,16.00,11.14,2,2.34,1950.17,6,3,NULL,0.00,0.00,NULL,NULL,NULL,NULL,0,1,'2022-08-29 18:36:37','2024-08-29 00:38:12','2024-08-29 00:38:12'),(87,7463,1,1,40920,40987,'DICAMBA 57.80 % YPF ',NULL,'314',6,19,2,9.60,16.00,11.14,2,2.34,1950.17,6,3,NULL,0.00,10.00,NULL,NULL,NULL,NULL,0,1,'2022-08-29 18:39:36','2024-08-29 00:38:12','2024-08-29 00:38:12'),(88,7463,1,1,40920,40987,'DICAMBA ATEXTRA ',NULL,'315',8,19,2,9.60,16.00,11.14,2,2.34,1950.87,6,3,NULL,0.00,0.00,NULL,'05-19',NULL,NULL,0,1,'2022-08-29 18:41:42','2024-08-29 00:38:12','2024-08-29 00:38:12'),(89,7463,1,1,40920,40985,'DIFLUFERICAN TUKEN',NULL,'316',6,19,2,43.50,16.00,50.46,2,10.60,8836.72,6,3,NULL,10.00,20.00,NULL,NULL,NULL,NULL,0,1,'2022-08-29 18:44:23','2024-08-29 00:38:12','2024-08-29 00:38:12'),(90,7463,1,1,40920,40985,'EDDUS',NULL,'317',6,19,2,13.00,16.00,15.08,2,3.17,2640.86,6,3,NULL,20.00,0.00,NULL,NULL,NULL,NULL,0,1,'2022-08-29 18:57:41','2024-08-29 00:38:12','2024-08-29 00:38:12'),(91,7463,1,1,40920,40987,'FLUMIOXAZIN 48 % FLUMEYT',NULL,'318',6,19,2,49.00,16.00,56.84,2,11.94,9954.01,6,3,NULL,0.00,0.00,NULL,NULL,NULL,NULL,0,1,'2022-08-29 18:59:29','2024-08-29 00:38:12','2024-08-29 00:38:12'),(92,7463,1,1,40920,40987,'FLUMIOXAZIN 48% OXALIS',NULL,'319',6,19,2,49.00,16.00,56.84,2,11.94,25309.72,6,3,NULL,5.00,0.00,NULL,NULL,NULL,NULL,0,1,'2022-08-29 19:01:21','2024-08-29 00:38:12','2024-08-29 00:38:12'),(93,7463,1,1,40920,40987,'FLUMIOXAZIN 48% AGROXAZIN ',NULL,'320',6,19,2,49.00,16.00,56.84,2,11.94,9954.01,6,3,NULL,0.00,0.00,NULL,NULL,NULL,NULL,0,1,'2022-08-29 19:03:13','2024-08-29 00:38:12','2024-08-29 00:38:12'),(94,7463,1,1,40920,40987,'FLUMIOXAZIN FLUNIZYIN',NULL,'321',6,19,2,49.00,16.00,56.84,2,11.94,9954.01,6,3,NULL,3.00,0.00,NULL,NULL,NULL,NULL,0,1,'2022-08-29 19:06:29','2024-08-29 00:38:12','2024-08-29 00:38:12'),(95,7463,1,1,40920,40987,'FLUROXANE 28% HELM',NULL,'322',6,19,2,28.00,16.00,32.48,2,6.82,5688.00,6,3,NULL,15.00,0.00,NULL,NULL,NULL,NULL,0,1,'2022-08-29 19:09:37','2024-08-29 00:38:12','2024-08-29 00:38:12');
INSERT INTO `inv_productos` VALUES (96,7463,1,1,40920,40989,'GLIFOSATO 66% POWER PLUS',NULL,'323',6,19,2,11.50,16.00,13.34,2,2.80,2336.14,6,3,NULL,0.00,0.00,NULL,NULL,NULL,NULL,0,1,'2022-08-29 19:11:28','2024-08-29 00:38:12','2024-08-29 00:38:12'),(97,7463,1,1,40920,40987,'GLIFOSATO 70% CREDIT FULL',NULL,'324',6,19,2,11.50,16.00,13.34,2,2.80,2336.14,6,3,NULL,0.00,40.00,NULL,NULL,NULL,NULL,0,1,'2022-08-29 19:15:09','2024-08-29 00:38:12','2024-08-29 00:38:12'),(98,7463,1,1,40920,40987,'HALOXIFOP METIL 54 % EMBLEM MAXX',NULL,'325',6,19,2,29.80,16.00,34.57,2,7.26,6053.66,6,3,NULL,0.00,10.00,NULL,NULL,NULL,NULL,0,1,'2022-08-29 20:55:40','2024-08-29 00:38:12','2024-08-29 00:38:12'),(99,7463,1,1,40920,40986,'HALOXIFOP P METIL 54% LANTHER ',NULL,'326',6,19,2,29.80,16.00,34.57,2,7.26,6053.66,6,3,NULL,0.00,0.00,NULL,NULL,NULL,NULL,0,1,'2022-08-29 21:00:15','2024-08-29 00:38:12','2024-08-29 00:38:12'),(100,7463,1,1,40920,40986,'HEAT',NULL,'327',6,19,2,270.00,16.00,313.20,2,65.77,54848.62,6,3,NULL,7.00,2.00,NULL,NULL,NULL,NULL,0,1,'2022-08-29 21:02:30','2024-08-29 00:38:12','2024-08-29 00:38:12'),(101,7463,1,1,40920,40987,'IMAZETAPIR 10.60 INITIO',NULL,'328',6,19,2,9.80,16.00,11.37,2,2.39,1990.80,6,3,NULL,20.00,0.00,NULL,NULL,NULL,NULL,0,1,'2022-08-29 21:04:59','2024-08-29 00:38:12','2024-08-29 00:38:12'),(102,7463,1,1,40920,40987,'IMAZETAPIR 10.60% MERKETING AGRICOLA',NULL,'329',6,19,2,9.67,16.00,11.22,2,2.39,2033.34,6,3,NULL,0.00,50.00,NULL,NULL,NULL,NULL,0,1,'2022-08-29 21:07:27','2024-08-29 00:38:12','2024-08-29 00:38:12'),(103,7463,1,1,40920,40987,'METSULFURON SIGMA ',NULL,'330',1,19,2,21.00,16.00,24.36,2,5.12,4266.00,6,3,NULL,2.15,0.00,NULL,NULL,NULL,NULL,0,1,'2022-08-29 21:10:04','2024-08-29 00:38:12','2024-08-29 00:38:12'),(104,7463,1,1,40920,40987,'METSULFURON NUFER',NULL,'331',2,19,2,21.00,16.00,24.36,2,5.12,4266.00,6,3,NULL,0.00,0.00,NULL,NULL,NULL,NULL,0,1,'2022-08-29 21:12:05','2024-08-29 00:38:12','2024-08-29 00:38:12'),(105,7463,1,1,40920,40986,'PARAQUAT FENDER',NULL,'332',6,19,2,5.50,16.00,6.38,2,1.34,1117.29,6,3,NULL,0.00,100.00,NULL,NULL,NULL,NULL,0,1,'2022-08-29 21:13:50','2024-08-29 00:38:12','2024-08-29 00:38:12'),(106,7463,1,1,40920,40986,'PICLORAN 24% FORMULAGRO',NULL,'333',6,19,2,15.50,0.00,15.50,2,3.26,2714.41,6,3,NULL,0.00,0.00,NULL,NULL,NULL,NULL,0,1,'2022-08-29 21:15:18','2024-08-29 00:38:12','2024-08-29 00:38:12'),(107,7463,1,1,40920,40985,'METRIBUZIN PROMETRINA ROMETRI',NULL,'334',6,19,2,23.90,16.00,27.72,2,5.82,4855.12,6,3,NULL,5.00,0.00,NULL,NULL,NULL,NULL,0,1,'2022-08-29 21:17:36','2024-08-29 00:38:12','2024-08-29 00:38:12'),(108,7463,1,1,40920,40986,'S-METOLACLOR 96% STRIN',NULL,'336',6,19,2,14.50,16.00,16.82,2,3.53,2945.57,6,3,NULL,0.00,50.00,NULL,NULL,NULL,NULL,0,1,'2022-08-29 21:19:47','2024-08-29 00:38:12','2024-08-29 00:38:12'),(109,7463,1,1,40920,40985,'S-METOLACLOR ZAMBA ',NULL,'337',6,19,2,14.50,16.00,16.82,2,3.53,2945.57,6,3,NULL,5.00,0.00,NULL,NULL,NULL,NULL,0,1,'2022-08-29 21:22:32','2024-08-29 00:38:12','2024-08-29 00:38:12'),(110,7463,1,1,40920,40985,'S-METOLACLOR DUAL GOLD',NULL,'335',6,19,2,14.50,16.00,16.82,2,3.53,2945.57,6,3,NULL,0.00,0.00,NULL,NULL,NULL,NULL,0,1,'2022-08-29 21:26:20','2024-08-29 00:38:12','2024-08-29 00:38:12'),(111,7463,1,1,40920,40986,'S-METOLACKORO 96% CHRONATYOL',NULL,'338',6,19,2,14.50,16.00,16.82,2,3.53,2945.57,6,3,NULL,0.00,0.00,NULL,NULL,NULL,NULL,0,1,'2022-08-29 21:29:03','2024-08-29 00:38:12','2024-08-29 00:38:12'),(112,7463,1,1,40920,40985,'SULFENTRAZONE 50% ADELFOS',NULL,'339',6,19,2,30.00,16.00,34.80,2,7.31,6094.29,6,3,NULL,0.00,0.00,NULL,NULL,NULL,NULL,0,1,'2022-08-29 21:30:52','2024-08-29 00:38:12','2024-08-29 00:38:12'),(113,7463,1,1,40920,40986,'SULFENTRAZONE 50% CAPAZ ',NULL,'340',6,19,2,30.00,16.00,34.80,2,7.31,6094.29,6,3,NULL,0.00,0.00,NULL,NULL,NULL,NULL,0,1,'2022-08-29 21:33:06','2024-08-29 00:38:12','2024-08-29 00:38:12');
INSERT INTO `inv_productos` VALUES (114,7463,1,1,40920,40986,'SULFENTRAZONE 50 % BORAL',NULL,'341',6,19,2,30.00,16.00,34.80,2,7.31,6094.29,6,3,NULL,0.00,0.00,NULL,NULL,NULL,NULL,0,1,'2022-08-29 21:34:54','2024-08-29 00:38:12','2024-08-29 00:38:12'),(115,7463,1,1,40920,40987,'TPO CORN CAJAS P/ 20 HAS ',NULL,'342',8,19,2,200.00,16.00,232.00,2,48.72,40628.61,6,3,NULL,5.00,0.00,NULL,'01-20',NULL,NULL,0,1,'2022-08-29 21:36:57','2024-08-29 00:38:12','2024-08-29 00:38:12'),(116,7463,1,1,40920,40989,'GLIFO SULFOSATO TOUCHDWN',NULL,'343',6,19,2,13.00,16.00,15.08,2,3.17,2640.86,6,3,NULL,20.00,50.00,NULL,NULL,NULL,NULL,0,1,'2022-08-29 21:41:28','2024-08-29 00:38:12','2024-08-29 00:38:12'),(117,7463,1,1,40920,40985,'BELT 48 SC ',NULL,'401',6,20,2,170.00,16.00,197.20,2,41.41,34675.10,6,3,NULL,0.00,0.00,NULL,NULL,NULL,NULL,0,1,'2022-08-30 05:26:02','2024-08-29 00:38:12','2024-08-29 00:38:12'),(118,7463,1,1,40920,40985,'CLORPIR 48% SHOOTER E C ',NULL,'402',6,20,2,7.50,0.00,7.50,2,1.58,1318.78,6,3,NULL,0.00,40.00,NULL,NULL,NULL,NULL,0,1,'2022-08-30 05:28:31','2024-08-29 00:38:12','2024-08-29 00:38:12'),(119,7463,1,1,40920,40986,'CLORPIRIFOS LQ 48% LANTHER ',NULL,'403',6,20,2,7.50,16.00,8.70,2,1.83,1529.78,6,3,NULL,0.00,10.00,NULL,NULL,NULL,NULL,0,1,'2022-08-30 05:30:14','2024-08-29 00:38:12','2024-08-29 00:38:12'),(120,7463,1,1,40920,40985,'CORAGEN',NULL,'404',6,20,2,230.00,16.00,266.80,2,56.03,46913.36,6,3,NULL,0.00,0.00,NULL,NULL,NULL,NULL,0,1,'2022-08-30 05:32:02','2024-08-29 00:38:12','2024-08-29 00:38:12'),(121,7463,1,1,40920,40985,'DELTOX',NULL,'405',6,20,2,22.00,16.00,25.52,2,5.36,4487.37,6,3,NULL,7.00,0.00,NULL,NULL,NULL,NULL,0,1,'2022-08-30 05:33:54','2024-08-29 00:38:12','2024-08-29 00:38:12'),(122,7463,1,1,40920,40985,'EUFORIA',NULL,'406',6,20,2,35.00,16.00,40.60,2,8.53,7138.99,6,3,NULL,0.00,0.00,NULL,NULL,NULL,NULL,0,1,'2022-08-30 05:35:25','2024-08-29 00:38:12','2024-08-29 00:38:12'),(123,7463,1,1,40920,40985,'FIPRONIL CLAP',NULL,'407',6,20,1,90.00,16.00,104.40,2,21.92,126.32,6,3,NULL,0.00,0.00,NULL,'10-20',NULL,NULL,0,1,'2022-08-30 05:36:51','2024-08-29 00:38:12','2024-08-29 00:38:12'),(124,7463,1,1,40920,40985,'IMIDACLOPRID 35% KONDAR AGROS',NULL,'408',6,20,2,22.80,16.00,26.45,2,5.55,4650.54,6,3,NULL,7.00,0.00,NULL,'10-18',NULL,NULL,0,1,'2022-08-30 05:38:48','2024-08-29 00:38:12','2024-08-29 00:38:12'),(125,7463,1,1,40920,40985,'LAMBDACIAL 25 % CIALOTRIN',NULL,'409',6,20,1,29.50,16.00,34.22,2,7.19,41.41,6,3,NULL,0.00,0.00,NULL,NULL,NULL,NULL,0,1,'2022-08-30 05:40:54','2024-08-29 00:38:12','2024-08-29 00:38:12'),(126,7463,1,1,40920,40988,'SRM 566 VT TRIPLE PRO R 20',NULL,'501',2,21,2,190.00,16.00,220.40,2,46.28,38754.52,6,3,NULL,0.00,0.00,NULL,NULL,NULL,NULL,0,1,'2022-08-30 05:45:15','2024-08-29 00:38:12','2024-08-29 00:38:12'),(127,7463,1,1,40920,40985,'TEXARO DOW DICLOSUL 58% HALAUX 11.5',NULL,'344',2,19,2,320.00,16.00,371.20,2,77.95,66124.16,6,3,NULL,0.00,0.00,NULL,'REMITO 02-1651',NULL,NULL,0,1,'2022-08-30 09:02:39','2024-08-29 00:38:12','2024-08-29 00:38:12'),(128,7463,1,1,40920,40985,'GLIFOSATO 75.70% POWER MAXX ',NULL,'345',2,19,4,16.90,16.00,19.60,2,4.12,3327.56,6,3,NULL,0.00,0.00,NULL,'REMITO 02-1651',NULL,NULL,0,1,'2022-08-30 09:05:46','2024-08-29 00:38:12','2024-08-29 00:38:12'),(129,7463,0,1,40920,40990,'SULFOSATO TOUCHDOWN L ARA ',NULL,'344',6,19,2,0.00,0.00,0.00,2,0.00,0.00,6,3,NULL,300.00,0.00,NULL,'REMITO 02-5214',NULL,NULL,0,1,'2022-08-30 09:33:04','2023-05-17 06:42:56','2022-08-30 09:33:42'),(130,7463,1,1,40920,40920,'MAIZ',NULL,'601',2,22,1,0.00,0.00,0.00,6,0.00,0.00,6,3,NULL,0.00,0.00,NULL,'CAMPO YIYA',NULL,NULL,0,1,'2022-09-04 08:24:44','2024-08-29 00:38:12','2024-08-29 00:38:12'),(131,7463,1,1,40920,40920,'SOJA',NULL,'602',2,23,1,0.00,0.00,0.00,6,0.00,0.00,6,3,NULL,0.00,0.00,NULL,'CAMPO ROVERA',NULL,NULL,0,1,'2022-09-04 17:24:35','2024-08-29 00:38:12','2024-08-29 00:38:12');
INSERT INTO `inv_productos` VALUES (132,7463,1,1,40920,40985,'2 4D WEEDAR FULL',NULL,'346',6,19,4,5.10,16.00,5.92,2,1.24,1004.85,6,3,NULL,0.00,40.00,NULL,'R. 02-1718',NULL,NULL,0,1,'2022-09-08 17:53:26','2024-08-29 00:38:12','2024-08-29 00:38:12'),(133,7463,1,1,40920,40985,'2 4D ETILEXILICO 97% YPF ',NULL,'347',6,19,4,7.30,16.00,8.47,2,1.78,1437.35,6,3,NULL,0.00,20.00,NULL,'R. 02-1718',NULL,NULL,0,1,'2022-09-08 18:02:18','2024-08-29 00:38:12','2024-08-29 00:38:12'),(134,7463,1,1,40920,40987,'DICAMBA 57,80 % BEMUS',NULL,'348',6,19,4,10.20,16.00,11.83,2,2.34,2045.57,6,3,NULL,0.00,20.00,NULL,'R. 01-3779',NULL,NULL,0,1,'2022-09-08 18:05:26','2024-08-29 00:38:12','2024-08-29 00:38:12'),(135,7463,1,1,40920,40985,'DINAMIC 70 WDG AMICAR 70%',NULL,'353',2,19,2,10.20,16.00,11.83,2,2.48,2364.41,6,3,NULL,0.00,0.00,NULL,'R. 02-1763',NULL,NULL,0,1,'2022-09-29 11:49:34','2024-08-29 00:38:12','2024-08-29 00:38:12'),(136,7463,1,1,40920,40985,'DICLOSULAM 84% MORRIGAN ',NULL,'349',2,19,2,300.00,16.00,348.00,2,73.08,69541.36,6,3,NULL,2.00,0.00,NULL,'R. 02-1763',NULL,NULL,0,1,'2022-09-29 11:56:25','2024-08-29 00:38:12','2024-08-29 00:38:12'),(137,7463,1,1,40920,40985,'DICLOSULAM 42% VAKERO ',NULL,'350',6,19,2,300.00,16.00,348.00,2,73.08,69541.36,6,3,NULL,0.00,0.00,NULL,'R.02-1763',NULL,NULL,0,1,'2022-09-29 11:58:39','2024-08-29 00:38:12','2024-08-29 00:38:12'),(138,7463,1,1,40920,40923,'PACK 1-BRAVIDASSOJA +TRICHOVIDAS+METALAXIL',NULL,'109',8,24,2,420.00,16.00,487.20,2,102.31,91568.90,6,3,NULL,0.00,0.00,NULL,'F 3-7849',NULL,NULL,0,1,'2022-10-04 18:15:42','2024-08-29 00:38:12','2024-08-29 00:38:12'),(139,7463,1,1,40920,40923,'PACK 2 BRAVIDAS SOJA +T.C+METALAXIL',NULL,'110',8,24,2,420.00,16.00,487.20,2,102.31,91568.90,6,3,NULL,0.00,0.00,NULL,'F 3-7849',NULL,NULL,0,1,'2022-10-04 18:19:27','2024-08-29 00:38:12','2024-08-29 00:38:12'),(140,7463,1,1,40920,40985,'AZOXI PRO AZOXITR 20+CYPROCON 5% ',NULL,'111',6,18,2,52.00,16.00,60.32,2,12.67,11372.87,6,3,NULL,5.00,0.00,NULL,'R. 02-1786',NULL,NULL,0,1,'2022-10-06 13:33:05','2024-08-29 00:38:12','2024-08-29 00:38:12'),(141,7463,1,1,40920,40985,'BORJA BICLOPIRONA 20  ',NULL,'345',6,19,2,50.00,16.00,58.00,2,12.18,11590.23,6,3,NULL,0.00,0.00,NULL,'R. 02-1786',NULL,NULL,0,1,'2022-10-06 13:35:40','2024-08-29 00:38:12','2024-08-29 00:38:12'),(142,7463,1,1,40920,40985,'ATRAZINA 90% TRAC 90 WG ',NULL,'351',2,19,2,11.00,16.00,12.76,2,2.68,2549.85,6,3,NULL,0.00,0.00,NULL,'02-1791',NULL,NULL,0,1,'2022-10-12 11:47:42','2024-08-29 00:38:12','2024-08-29 00:38:12'),(143,7463,1,1,40920,40985,'CLORIMURON ETIL 25% CLOVEN 25%',NULL,'352',2,19,2,20.00,16.00,23.20,2,4.87,4636.09,6,3,NULL,0.00,0.00,NULL,'02-1791',NULL,NULL,0,1,'2022-10-12 11:52:15','2024-08-29 00:38:12','2024-08-29 00:38:12'),(144,7463,1,1,40920,40985,'CUR CONCEP III FLUXOFENEMIN 96%',NULL,'347',2,17,2,2400.00,16.00,2784.00,2,584.64,580888.28,6,3,NULL,0.00,0.00,NULL,'R. 02-1795',NULL,NULL,0,1,'2022-10-17 15:22:49','2024-08-29 00:38:12','2024-08-29 00:38:12'),(145,7463,1,1,40920,40985,'NICOSULFURON 75% PRIMERO ',NULL,'354',2,19,2,260.00,16.00,301.60,2,63.34,60269.18,6,3,NULL,0.00,0.00,NULL,'R. 02-1795',NULL,NULL,0,1,'2022-10-17 15:24:59','2024-08-29 00:38:12','2024-08-29 00:38:12'),(146,7463,1,1,40920,40985,'SULFENTRAZONE 50% GUERRER',NULL,'355',6,19,2,30.00,16.00,34.80,2,7.31,6734.75,6,3,NULL,0.00,0.00,NULL,'02-1834',NULL,NULL,0,1,'2022-10-25 10:05:57','2024-08-29 00:38:12','2024-08-29 00:38:12'),(147,7463,1,1,40920,40985,'S-METOLOCLORO 96% PATTERN ',NULL,'356',6,19,2,14.50,16.00,16.82,2,3.53,9402.72,6,3,NULL,0.00,0.00,NULL,'02-1853',NULL,NULL,0,1,'2022-10-31 16:11:22','2024-08-29 00:38:12','2024-08-29 00:38:12'),(148,7463,1,1,40920,40985,'METRIBUZIN 48% UNIMARK ',NULL,'357',6,19,2,24.00,0.00,24.00,2,5.04,4795.96,6,3,NULL,0.00,0.00,NULL,'R.02-1889',NULL,NULL,0,1,'2022-11-11 08:52:29','2024-08-29 00:38:12','2024-08-29 00:38:12');
INSERT INTO `inv_productos` VALUES (149,7463,0,1,40920,40985,'2 4D 66% AMINA COLINA ENLIST',NULL,'358',6,19,2,5.00,16.00,5.80,2,1.22,1177.41,6,3,NULL,600.00,0.00,NULL,'R. 02-1905',NULL,NULL,0,1,'2022-11-15 10:41:33','2023-05-17 06:42:56','2022-11-15 16:12:11'),(150,7463,1,1,40920,40985,'CLETODIN 24% YPF',NULL,'359',6,19,2,12.00,16.00,13.92,2,2.92,2860.65,6,3,NULL,0.00,0.00,NULL,'R.02-1935',NULL,NULL,0,1,'2022-11-23 16:37:24','2024-08-29 00:38:12','2024-08-29 00:38:12'),(151,7463,1,1,40920,40985,'HALOXIFOP METIL 54% GALANT HL',NULL,'360',6,19,2,31.90,16.00,37.00,2,7.77,7720.97,6,3,NULL,0.00,0.00,NULL,'R.02-1935',NULL,NULL,0,1,'2022-11-23 16:39:43','2024-08-29 00:38:12','2024-08-29 00:38:12'),(152,7463,1,1,40920,40985,'PARAQUAT 27.60% SIGMA ',NULL,'358',6,19,2,5.90,16.00,6.84,2,1.44,1428.02,6,3,NULL,20.00,0.00,NULL,'R02-1951',NULL,NULL,0,1,'2022-11-28 11:42:01','2024-08-29 00:38:12','2024-08-29 00:38:12'),(153,7463,1,1,40920,40985,'ACETOCL 90% HAMET',NULL,'361',6,19,2,8.20,16.00,9.51,2,2.00,1984.70,6,3,NULL,0.00,0.00,NULL,'R. 02-1951',NULL,NULL,0,1,'2022-11-28 11:48:26','2024-08-29 00:38:12','2024-08-29 00:38:12'),(154,7463,1,1,40920,40985,'ACURON',NULL,'362',6,19,2,41.90,16.00,48.60,2,10.21,10141.34,6,3,NULL,0.00,0.00,NULL,'R.02-1951',NULL,NULL,0,1,'2022-11-28 11:52:58','2024-08-29 00:38:12','2024-08-29 00:38:12'),(155,7463,1,1,40920,41125,'CAJA NITRASOIL P/ 2400 KGRS ',NULL,'112',8,17,2,4.20,0.00,4.20,2,0.88,884.32,6,3,NULL,0.00,0.00,NULL,NULL,NULL,NULL,0,1,'2022-11-30 08:57:56','2024-08-29 00:38:12','2024-08-29 00:38:12'),(156,7463,1,1,40920,40985,'VESTICOR CLORANTRAN 20% SC',NULL,'410',6,20,4,10.00,16.00,11.60,2,2.44,14.04,6,3,NULL,0.00,0.00,NULL,'R. 02-1995',NULL,NULL,0,1,'2022-12-08 10:30:30','2024-08-29 00:38:12','2024-08-29 00:38:12'),(157,7463,1,1,40920,40985,'GLUFOSINATO DE AMON 20% CHICOTE',NULL,'363',6,19,4,10.00,16.00,11.60,2,2.44,14.04,6,3,NULL,0.00,0.00,NULL,'R. 02-1995',NULL,NULL,0,1,'2022-12-08 10:33:42','2024-08-29 00:38:12','2024-08-29 00:38:12'),(158,7463,1,1,40920,40985,'FIPRONIL 20% SIGMA ',NULL,'411',6,20,4,10.00,16.00,11.60,2,2.44,14.04,6,3,NULL,0.00,0.00,NULL,'R. 02-1995',NULL,NULL,0,1,'2022-12-08 10:35:37','2024-08-29 00:38:12','2024-08-29 00:38:12'),(159,7463,1,1,40920,40985,'ALIKATIAMETOX 14.10% +LAMBDA 10.60%',NULL,'412',6,20,4,10.00,16.00,11.60,2,2.44,14.04,6,3,NULL,0.00,0.00,NULL,'R. 02-1995',NULL,NULL,0,1,'2022-12-08 10:38:15','2024-08-29 00:38:12','2024-08-29 00:38:12'),(160,7463,1,1,40920,40985,'LAMBDACIAL 25% KENDO GOLD',NULL,'413',6,20,4,60.00,16.00,69.60,2,14.62,84.22,6,3,NULL,0.00,0.00,NULL,'R.02-2014',NULL,NULL,0,1,'2022-12-14 13:00:30','2024-08-29 00:38:12','2024-08-29 00:38:12'),(161,7463,1,1,40920,40985,'DASEN BENAZOLIN-ETIL 50% ',NULL,'364',6,19,4,20.00,16.00,23.20,2,4.87,28.07,6,3,NULL,0.00,0.00,NULL,'R. 02-2014',NULL,NULL,0,1,'2022-12-14 13:04:06','2024-08-29 00:38:12','2024-08-29 00:38:12'),(162,7463,1,1,40920,40985,'FOMESAFEN 50% FLOSIL ',NULL,'365',6,19,4,20.00,16.00,23.20,2,4.87,28.07,6,3,NULL,0.00,0.00,NULL,'R.02-2014',NULL,NULL,0,1,'2022-12-14 13:06:08','2024-08-29 00:38:12','2024-08-29 00:38:12'),(163,7463,1,1,40920,40985,'CLETODIN 24% SIGMA',NULL,'365',6,19,1,20.00,16.00,23.20,2,4.87,28.07,6,3,NULL,0.00,0.00,NULL,'R.02-2025',NULL,NULL,0,1,'2022-12-15 20:23:58','2024-08-29 00:38:12','2024-08-29 00:38:12'),(164,7463,1,1,40920,40985,'GLUFOSINATO DE AMONIO 20% INVICTUS ',NULL,'366',6,19,1,15.00,16.00,17.40,2,3.65,21.05,6,3,NULL,0.00,0.00,NULL,'R. 02-2025',NULL,NULL,0,1,'2022-12-15 20:28:26','2024-08-29 00:38:12','2024-08-29 00:38:12'),(165,7463,1,1,40920,40985,'LAMBDACIAL 25% PULSAR GOLD',NULL,'414',6,20,1,60.00,16.00,69.60,2,14.62,84.22,6,3,NULL,3.00,0.00,NULL,'R.02-2058',NULL,NULL,0,1,'2022-12-23 10:49:41','2024-08-29 00:38:12','2024-08-29 00:38:12'),(166,7463,1,1,40920,40985,'LACTOFEN 24% MILLION ',NULL,'367',6,19,4,20.00,16.00,23.20,2,4.87,28.07,6,3,NULL,0.00,0.00,NULL,'R.02-2058',NULL,NULL,0,1,'2022-12-23 10:52:18','2024-08-29 00:38:12','2024-08-29 00:38:12');
INSERT INTO `inv_productos` VALUES (167,7463,1,1,40920,40985,'LACTOFEN 24% HUCK',NULL,'368',6,19,4,20.00,16.00,23.20,2,4.87,28.07,6,3,NULL,0.00,0.00,NULL,'R. 02-2058',NULL,NULL,0,1,'2022-12-23 10:54:13','2024-08-29 00:38:12','2024-08-29 00:38:12'),(168,7463,1,1,40920,40985,'CLETODIN 24% TODYN ',NULL,'369',6,19,4,20.00,16.00,23.20,2,4.87,28.07,6,3,NULL,0.00,0.00,NULL,'02-2065',NULL,NULL,0,1,'2022-12-27 08:43:11','2024-08-29 00:38:12','2024-08-29 00:38:12'),(169,7463,1,1,40920,40985,'PARAQUAT 27.60% LANTHER',NULL,'370',6,19,4,20.00,16.00,23.20,2,4.87,28.07,6,3,NULL,0.00,0.00,NULL,'02-2065',NULL,NULL,0,1,'2022-12-27 08:45:45','2024-08-29 00:38:12','2024-08-29 00:38:12'),(170,7463,1,1,40920,40985,'CLOROTALONIL 72% ROTHALONIL ',NULL,'113',6,18,1,10.00,16.00,11.60,2,2.44,14.04,6,3,NULL,0.00,0.00,NULL,'R. 022106',NULL,NULL,0,1,'2023-01-05 12:24:05','2024-08-29 00:38:12','2024-08-29 00:38:12'),(171,7463,1,1,40920,40985,'DASEN PLUS BENAZOL 20% +FOMESAF',NULL,'371',6,19,1,10.00,16.00,11.60,2,2.44,14.04,6,3,NULL,0.00,0.00,NULL,'R. 02-2132',NULL,NULL,0,1,'2023-01-13 12:51:45','2024-08-29 00:38:12','2024-08-29 00:38:12'),(172,7463,1,1,40920,40985,'HALOXIFOP METIL 54% YPF ',NULL,'378',6,19,1,10.00,16.00,11.60,2,2.44,14.04,6,3,NULL,0.00,0.00,NULL,'02-2140',NULL,NULL,0,1,'2023-02-01 09:25:51','2024-08-29 00:38:12','2024-08-29 00:38:12'),(173,7463,1,1,40920,40985,'GLIFOSATO 79% CONTROL MAX ',NULL,'379',2,19,1,10.00,16.00,11.60,2,2.44,14.04,6,3,NULL,0.00,0.00,NULL,'R.02-2140',NULL,NULL,0,1,'2023-02-01 09:35:14','2024-08-29 00:38:12','2024-08-29 00:38:12'),(174,7463,1,1,40920,40985,'ABAMECTINA 3,6 % PHILAMEC ',NULL,'415',6,20,1,10.00,16.00,11.60,2,2.44,14.04,6,3,NULL,0.00,0.00,NULL,'R. 02-2153',NULL,NULL,0,1,'2023-02-01 10:13:08','2024-08-29 00:38:12','2024-08-29 00:38:12'),(175,7463,1,1,40920,41471,'VIRANTRA',NULL,'416',6,20,1,10.00,16.00,11.60,2,2.44,14.04,6,3,NULL,0.00,0.00,NULL,'82-3387',NULL,NULL,0,1,'2023-02-01 12:04:54','2024-08-29 00:38:12','2024-08-29 00:38:12'),(176,7463,1,1,40920,40985,'BIFEN 10% PARALELO',NULL,'417',6,20,1,10.00,16.00,11.60,2,2.44,14.04,6,3,NULL,0.00,0.00,NULL,'R.02-2184',NULL,NULL,0,1,'2023-02-01 15:28:29','2024-08-29 00:38:12','2024-08-29 00:38:12'),(177,7463,1,1,40920,40985,'ABAMECTINA 3.6 FORMULAGRO',NULL,'418',6,20,1,10.00,16.00,11.60,2,2.44,14.04,6,3,NULL,0.00,0.00,NULL,'R.02-2184',NULL,NULL,0,1,'2023-02-01 15:30:56','2024-08-29 00:38:12','2024-08-29 00:38:12'),(178,7463,1,1,40920,40985,'CLOROTALONIL 72% ECHO STICK ',NULL,'114',6,18,1,10.00,16.00,11.60,2,2.44,14.04,6,3,NULL,0.00,0.00,NULL,'R.02-2184',NULL,NULL,0,1,'2023-02-01 15:36:29','2024-08-29 00:38:12','2024-08-29 00:38:12'),(179,7463,1,1,40920,40985,'ESUS TIAMET 14.1%+LAMB 10.6%',NULL,'419',6,20,1,10.00,16.00,11.60,2,2.44,14.04,6,3,NULL,5.00,0.00,NULL,'02-2201',NULL,NULL,0,1,'2023-02-07 15:50:31','2024-08-29 00:38:12','2024-08-29 00:38:12'),(180,7463,1,1,40920,40985,'AMICOR RYNAXYPVR 20%',NULL,'420',6,20,1,10.00,16.00,11.60,2,2.44,14.04,6,3,NULL,0.00,0.00,NULL,'02-2201',NULL,NULL,0,1,'2023-02-07 15:52:36','2024-08-29 00:38:12','2024-08-29 00:38:12'),(181,7463,1,1,40920,40985,'ORLIAN PENTIOPIRAD 10% ',NULL,'115',6,18,1,28.00,16.00,32.48,2,6.82,39.30,6,3,NULL,0.00,0.00,NULL,'R. 02-2235',NULL,NULL,0,1,'2023-02-17 14:19:12','2024-08-29 00:38:12','2024-08-29 00:38:12'),(182,7463,1,1,40920,40986,'CLETODIN RURALCO ',NULL,'380',6,19,1,8.60,16.00,9.98,2,2.09,12.07,6,3,NULL,0.00,0.00,NULL,'R. 013479',NULL,NULL,0,1,'2023-02-17 14:47:52','2024-08-29 00:38:12','2024-08-29 00:38:12'),(183,7463,1,1,40920,40986,'HACKER-TECNOMIL',NULL,'421',6,20,1,27.90,16.00,32.36,2,6.80,39.16,6,3,NULL,0.00,0.00,NULL,'R, 01-3479',NULL,NULL,0,1,'2023-02-17 14:51:07','2024-08-29 00:38:12','2024-08-29 00:38:12'),(184,7463,1,1,40920,40986,'LAMBDA - IMPACTUS-TECNOMYL',NULL,'422',6,20,1,26.00,16.00,30.16,2,6.33,36.49,6,3,NULL,0.00,0.00,NULL,'R. 01-3479',NULL,NULL,0,1,'2023-02-17 14:53:40','2024-08-29 00:38:12','2024-08-29 00:38:12');
INSERT INTO `inv_productos` VALUES (185,7463,1,1,40920,40985,'CLETODIN 24% RESOLUTOR ',NULL,'381',6,19,1,10.00,16.00,11.60,2,2.44,14.04,6,3,NULL,0.00,0.00,NULL,'R.02-2282',NULL,NULL,0,1,'2023-03-15 10:01:29','2024-08-29 00:38:12','2024-08-29 00:38:12'),(186,7463,1,1,40920,40985,'PERCUTOR LODOSUF 6%+THIENCARB 45% ',NULL,'382',2,19,1,10.00,16.00,11.60,2,2.44,14.04,6,3,NULL,0.05,0.00,NULL,'R,02-2282',NULL,NULL,0,1,'2023-03-15 10:04:01','2024-08-29 00:38:12','2024-08-29 00:38:12'),(187,7463,1,1,40920,40985,'PARACUAT 27.60% RURALCO ',NULL,'383',6,19,1,10.00,16.00,11.60,2,2.44,14.04,6,3,NULL,0.00,0.00,NULL,'R. 02-2331',NULL,NULL,0,1,'2023-03-30 14:42:44','2024-08-29 00:38:12','2024-08-29 00:38:12'),(188,7463,1,1,40920,40985,'FLUMETSULAM 12% MULAN ',NULL,'384',6,19,1,0.00,0.00,0.00,2,0.00,0.00,6,3,NULL,0.00,0.00,NULL,'R.02-2331',NULL,NULL,0,1,'2023-03-30 14:44:28','2024-08-29 00:38:12','2024-08-29 00:38:12'),(189,7463,1,1,40920,40985,'IMID+LAMB+ABA CYCLON PLUS ',NULL,'423',6,20,1,10.00,16.00,11.60,2,2.44,14.04,6,3,NULL,0.00,0.00,NULL,'R,02-2356',NULL,NULL,0,1,'2023-04-10 11:29:50','2024-08-29 00:38:12','2024-08-29 00:38:12'),(190,7463,1,1,40920,41125,'PASTILLAS DE FOSFURO',NULL,'424',2,20,1,1.00,16.00,1.16,2,0.24,1.40,6,3,NULL,1.50,0.00,NULL,NULL,NULL,NULL,0,1,'2023-05-30 16:41:09','2024-08-29 00:38:12','2024-08-29 00:38:12'),(191,7463,1,1,40920,40985,'IMAZETAPIR 10.60 MANIAC ',NULL,'385',2,19,1,10.00,16.00,11.60,2,2.44,14.04,6,3,NULL,1.00,0.00,NULL,NULL,NULL,NULL,0,1,'2023-06-05 15:17:20','2024-08-29 00:38:12','2024-08-29 00:38:12'),(192,7463,1,1,40920,40985,'GLIFOSATO 66% MARCH II ',NULL,'386',6,19,1,1.00,16.00,1.16,2,0.24,1.40,6,1,NULL,0.00,0.00,NULL,'02-2544',NULL,NULL,0,1,'2023-07-05 15:16:39','2024-08-29 00:38:12','2024-08-29 00:38:12'),(193,7463,1,1,40920,40985,'DICLOSULAM 84%  SPIDER',NULL,'387',2,19,1,1.00,16.00,1.16,2,0.24,1.40,6,1,NULL,0.00,0.00,NULL,'02-2544',NULL,NULL,0,1,'2023-07-05 15:19:46','2024-08-29 00:38:12','2024-08-29 00:38:12'),(194,7463,1,1,40920,40985,'S-METOLACLORO 96 % RURALCO',NULL,'388',6,19,1,1.00,16.00,1.16,2,0.24,1.40,6,1,NULL,0.00,0.00,NULL,'02-2544',NULL,NULL,0,1,'2023-07-05 15:23:33','2024-08-29 00:38:12','2024-08-29 00:38:12'),(195,7463,1,1,40920,40985,'ACEITE AGR VEG METIL OPTIMIZER ',NULL,'116',6,25,1,1.00,16.00,1.16,2,0.24,1.40,6,1,NULL,0.00,0.00,NULL,'R. 02-2650',NULL,NULL,0,1,'2023-08-19 09:01:47','2024-08-29 00:38:12','2024-08-29 00:38:12'),(196,7463,1,1,40920,40985,'PICLORAN 24% PATRON G ',NULL,'389',6,19,1,1.00,16.00,1.16,2,0.24,1.40,6,1,NULL,0.00,0.00,NULL,'R. 02-2650',NULL,NULL,0,1,'2023-08-19 09:07:33','2024-08-29 00:38:12','2024-08-29 00:38:12'),(197,7463,1,1,40920,40985,'2 4D 89% ESTYER ETILEXILICO LANTRER ',NULL,'390',6,19,1,1.00,16.00,1.16,2,0.24,1.40,6,1,NULL,0.00,0.00,NULL,'R.02-2650',NULL,NULL,0,1,'2023-08-19 09:09:33','2024-08-29 00:38:12','2024-08-29 00:38:12'),(198,7463,1,1,40920,40985,'FLUMIOXAZIN 50% SUMYZIN ',NULL,'391',6,19,1,1.00,16.00,1.16,2,0.24,1.40,6,1,NULL,0.00,0.00,NULL,'R. 02-2650',NULL,NULL,0,1,'2023-08-19 09:11:27','2024-08-29 00:38:12','2024-08-29 00:38:12'),(199,7463,1,1,40920,40985,'DIFLUFENICAN 50% INSUAGRO ',NULL,'392',6,19,1,1.00,16.00,1.16,2,0.24,1.40,6,1,NULL,0.00,0.00,NULL,'R. 02-2650',NULL,NULL,0,1,'2023-08-19 09:20:29','2024-08-29 00:38:12','2024-08-29 00:38:12'),(200,7463,1,1,40920,40985,'CLORIMURON 25% ARAMURON ',NULL,'393',2,19,1,1.00,16.00,1.16,2,0.24,1.40,6,1,NULL,0.00,0.00,NULL,'R. 02-2705',NULL,NULL,0,1,'2023-09-09 11:17:07','2024-08-29 00:38:12','2024-08-29 00:38:12'),(201,7463,1,1,40920,40923,'FERTILIZANTES ABSORTEC COPPER ',NULL,'117',6,16,1,1.00,16.00,1.16,2,0.24,1.40,6,1,NULL,0.00,0.00,NULL,'R. 02-15761',NULL,NULL,0,1,'2023-09-09 12:26:26','2024-08-29 00:38:12','2024-08-29 00:38:12'),(202,7463,1,1,40920,40985,'FIERCE FLUMIOXAZIN 15% + PYROXASULFONE 34.50%',NULL,'394',6,19,1,1.00,16.00,1.16,2,0.24,1.40,6,1,NULL,0.00,0.00,NULL,'R. 022717',NULL,NULL,0,1,'2023-09-11 17:29:51','2024-08-29 00:38:12','2024-08-29 00:38:12');
INSERT INTO `inv_productos` VALUES (203,7463,1,1,40920,40985,'PACK HERB ZIDUA 8 2 PACK/CAJA',NULL,'395',8,19,1,1.00,16.00,1.16,2,0.24,1.40,6,1,NULL,19.00,0.00,NULL,'R, 02-2717',NULL,NULL,0,1,'2023-09-11 17:33:35','2024-08-29 00:38:12','2024-08-29 00:38:12'),(204,7463,1,1,40920,40989,'S-METOLACLOR 96% SIGMA ',NULL,'396',6,19,1,1.00,16.00,1.16,2,0.24,1.40,6,1,NULL,0.00,0.00,NULL,'F 1038-278',NULL,NULL,0,1,'2023-09-13 13:51:41','2024-08-29 00:38:12','2024-08-29 00:38:12'),(205,7463,1,1,40920,40989,'PARAQUAT 27.60% SECAFOL ',NULL,'397',6,19,1,1.00,16.00,1.16,2,0.24,1.40,6,1,NULL,0.00,0.00,NULL,'F.1038-278',NULL,NULL,0,1,'2023-09-13 13:54:03','2024-08-29 00:38:12','2024-08-29 00:38:12'),(206,7463,1,1,40920,40985,'FLUMIOXAZIN 48% GEMMIT TOP',NULL,'398',6,19,1,1.00,16.00,1.16,2,0.24,1.40,6,1,NULL,0.00,0.00,NULL,'R.02-2752',NULL,NULL,0,1,'2023-09-21 15:55:22','2024-08-29 00:38:12','2024-08-29 00:38:12'),(207,7463,1,1,40920,40985,'COLORANTE VEGETAL RED SEED CA 1103',NULL,'701',6,26,1,1.00,16.00,1.16,2,0.24,1.40,6,1,NULL,0.00,0.00,NULL,'R. 02-2789',NULL,NULL,0,1,'2023-10-11 09:31:35','2024-08-29 00:38:12','2024-08-29 00:38:12'),(208,7463,1,1,40920,40985,'CLORANTE VEGETAL BLUE SEED CA 1015',NULL,'702',6,26,1,1.00,16.00,1.16,2,0.24,1.40,6,1,NULL,0.00,0.00,NULL,'R. 02-2789',NULL,NULL,0,1,'2023-10-11 09:33:19','2024-08-29 00:38:12','2024-08-29 00:38:12'),(209,7463,1,1,40920,40985,'COLORANTE VEGETAL GREEN SEED CA 1007',NULL,'703',6,26,1,1.00,16.00,1.16,2,0.24,1.40,6,1,NULL,0.00,0.00,NULL,'R. 02-2789',NULL,NULL,0,1,'2023-10-11 09:35:11','2024-08-29 00:38:12','2024-08-29 00:38:12'),(210,7463,1,1,40920,40985,'CLORANTE VEGETAL ROJO CONCENTRADO CHEMPOR ',NULL,'704',6,26,1,1.00,16.00,1.16,2,0.24,1.40,6,1,NULL,0.00,0.00,NULL,'R. 02-2789',NULL,NULL,0,1,'2023-10-11 09:37:01','2024-08-29 00:38:12','2024-08-29 00:38:12'),(211,7463,1,1,40920,40989,'OPERA PYRA13.3% +EPOXI 5%',NULL,'118',6,18,1,1.00,16.00,1.16,2,0.24,1.40,6,1,NULL,0.00,0.00,NULL,'01-127634',NULL,NULL,0,1,'2023-10-20 15:29:37','2024-08-29 00:38:12','2024-08-29 00:38:12'),(212,7463,1,1,40920,40989,'PARAQUAT 27.6%-DOGO SL',NULL,'399',6,19,1,1.00,16.00,1.16,2,0.24,1.40,6,1,NULL,20.00,0.00,NULL,'01-127634',NULL,NULL,0,1,'2023-10-20 15:33:39','2024-08-29 00:38:12','2024-08-29 00:38:12'),(213,7463,1,1,40920,40985,'LAMBDACIALOTRINA 25% PHYLAGRO',NULL,'425',6,20,1,1.00,16.00,1.16,2,0.24,1.40,6,1,NULL,0.00,0.00,NULL,'R.02-2836',NULL,NULL,0,1,'2023-10-24 14:17:52','2024-08-29 00:38:12','2024-08-29 00:38:12'),(214,7463,1,1,40920,40985,'NICOSULFURON 24% LOOP',NULL,'801',6,19,1,1.00,16.00,1.16,2,0.24,1.40,6,1,NULL,0.00,0.00,NULL,'R. 02-2836',NULL,NULL,0,1,'2023-10-24 14:19:35','2024-08-29 00:38:12','2024-08-29 00:38:12'),(215,7463,1,1,40920,40985,'S-METOLACLORO 96% CHEMOCLOR ',NULL,'802',6,19,1,1.00,16.00,1.16,2,0.24,1.40,6,1,NULL,0.00,0.00,NULL,'R. 02-2838',NULL,NULL,0,1,'2023-10-24 14:21:15','2024-08-29 00:38:12','2024-08-29 00:38:12'),(216,7463,1,1,40920,41125,'PACK SOJA INOCULANTE PREP C+T+M 35% 3(P/2400 KG)',NULL,'119',8,24,1,1.00,16.00,1.16,2,0.24,1.40,6,1,NULL,0.00,0.00,NULL,NULL,NULL,NULL,0,1,'2023-10-25 10:08:48','2024-08-29 00:38:12','2024-08-29 00:38:12'),(217,7463,1,1,40920,40985,'NICOSULFURON RAINCO XTRA 75%',NULL,'803',2,19,1,1.00,16.00,1.16,2,0.24,1.40,6,1,NULL,0.00,0.00,NULL,'R, 1461',NULL,NULL,0,1,'2023-10-26 18:07:57','2024-08-29 00:38:12','2024-08-29 00:38:12'),(218,7463,1,1,40920,41125,'PACK SOJA INOCULANTE PREP 3 C+T (P-2400 KG)',NULL,'120',8,24,1,1.00,16.00,1.16,2,0.24,1.40,6,1,NULL,0.00,0.00,NULL,NULL,NULL,NULL,0,1,'2023-11-02 10:56:22','2024-08-29 00:38:12','2024-08-29 00:38:12'),(219,7463,1,1,40920,40985,'PACK TOP GROUND (2 PACK/CAJA/20HAS )',NULL,'121',8,24,1,1.00,16.00,1.16,2,0.24,1.40,6,1,NULL,0.00,0.00,NULL,'R. 02-2877',NULL,NULL,0,1,'2023-11-03 10:29:37','2024-08-29 00:38:12','2024-08-29 00:38:12'),(220,7463,1,1,40920,40985,'SHERIFF MAX QUIZALOFOP P ETIL 10.8%',NULL,'804',6,19,1,1.00,16.00,1.16,2,0.24,1.40,6,1,NULL,0.00,0.00,NULL,'R. 02-2880',NULL,NULL,0,1,'2023-11-03 10:35:23','2024-08-29 00:38:12','2024-08-29 00:38:12');
INSERT INTO `inv_productos` VALUES (221,7463,1,1,40920,40985,'2 4 D 89% ESTER ETILEXILICO SIGMA ',NULL,'805',6,19,1,1.00,16.00,1.16,2,0.24,1.40,6,1,NULL,260.00,0.00,NULL,'R. 02-2933',NULL,NULL,0,1,'2023-11-13 17:26:50','2024-08-29 00:38:12','2024-08-29 00:38:12'),(222,7463,1,1,40920,40985,'S-METOLACLORO 96% FLONTUS ',NULL,'806',6,19,1,1.00,16.00,1.16,2,0.24,1.40,6,1,NULL,0.00,0.00,NULL,'R.02-2933',NULL,NULL,0,1,'2023-11-13 17:28:38','2024-08-29 00:38:12','2024-08-29 00:38:12'),(223,7463,1,1,40920,NULL,'MAIZ',NULL,'502',8,28,1,1.00,16.00,1.16,2,0.24,1.40,6,1,NULL,0.00,0.00,NULL,'01-143553',NULL,NULL,0,1,'2023-11-22 08:59:14','2024-08-29 00:38:12','2024-08-29 00:38:12'),(224,7463,1,1,40920,41972,'P2021PWUE ',NULL,'503',8,28,1,1.00,16.00,1.16,2,0.24,1.40,6,1,NULL,0.00,0.00,NULL,'01-143553',NULL,NULL,0,1,'2023-11-22 09:02:43','2024-08-29 00:38:12','2024-08-29 00:38:12'),(225,7463,1,1,40920,41972,'RFG22RE',NULL,'504',8,28,1,1.00,16.00,1.16,2,0.24,1.40,6,1,NULL,0.00,0.00,NULL,'01-143553',NULL,NULL,0,1,'2023-11-22 09:04:16','2024-08-29 00:38:12','2024-08-29 00:38:12'),(226,7463,1,1,40920,41673,'GLUFOSINATO DE AMONIO 20% SIGMA ',NULL,'807',6,19,1,1.00,16.00,1.16,2,0.24,1.40,6,1,NULL,0.00,0.00,NULL,'R. 1550',NULL,NULL,0,1,'2023-11-24 11:00:37','2024-08-29 00:38:12','2024-08-29 00:38:12'),(227,7463,1,1,40920,40985,'CEBOL CARBARYL 8% ',NULL,'426',2,20,1,1.00,16.00,1.16,2,0.24,1.40,6,1,NULL,0.00,0.00,NULL,'R. 02-2987',NULL,NULL,0,1,'2023-11-28 09:00:47','2024-08-29 00:38:12','2024-08-29 00:38:12'),(228,7463,1,1,40920,40985,'HALOXIFOP METIL 93.5 % GALANT MAX ',NULL,'808',6,19,1,1.00,16.00,1.16,2,0.24,1.40,6,1,NULL,0.00,0.00,NULL,'R. 02-2969',NULL,NULL,0,1,'2023-12-01 08:51:42','2024-08-29 00:38:12','2024-08-29 00:38:12'),(229,7463,1,1,40920,41139,'ATRAZINA AL 90% GOTEN',NULL,'809',2,19,1,1.00,16.00,1.16,2,0.24,1.40,6,1,NULL,0.00,0.00,NULL,'3-416',NULL,NULL,0,1,'2023-12-10 12:19:08','2024-08-29 00:38:12','2024-08-29 00:38:12'),(230,7463,1,1,40920,40985,'ADH-COAD DASH MSO',NULL,'122',6,15,1,1.00,16.00,1.16,2,0.24,1.40,6,1,NULL,0.00,0.00,NULL,'R. 02-3064',NULL,NULL,0,1,'2023-12-19 11:58:48','2024-08-29 00:38:12','2024-08-29 00:38:12'),(231,7463,1,1,40920,40985,'SYRMA XTRA AZOXITROB 20%+CYPROCO 8% ',NULL,'123',6,18,1,1.00,16.00,1.16,2,0.24,1.40,6,1,NULL,0.00,0.00,NULL,'R. 02-3126',NULL,NULL,0,1,'2024-01-06 08:23:16','2024-08-29 00:38:12','2024-08-29 00:38:12'),(232,7463,1,1,40920,40985,'GLIFOSATO 66% LA TIJERETA PLATINUM II',NULL,'810',6,19,1,1.00,16.00,1.16,2,0.24,1.40,6,1,NULL,0.00,0.00,NULL,'R. 02-3126',NULL,NULL,0,1,'2024-01-06 08:25:22','2024-08-29 00:38:12','2024-08-29 00:38:12'),(233,7463,1,1,40920,40985,'GLIFOSATO 62% NUVOXL ',NULL,'811',6,19,1,1.00,16.00,1.16,2,0.24,1.40,6,1,NULL,80.00,0.00,NULL,'R. 02-3193',NULL,NULL,0,1,'2024-01-23 11:03:49','2024-08-29 00:38:12','2024-08-29 00:38:12'),(234,7463,1,1,40920,40985,'ATRAZINA 90% SIGMA ',NULL,'812',2,19,1,1.00,16.00,1.16,2,0.24,1.40,6,1,NULL,140.00,0.00,NULL,'R. 02-3193',NULL,NULL,0,1,'2024-01-23 11:05:24','2024-08-29 00:38:12','2024-08-29 00:38:12'),(235,7463,1,1,40920,40985,'GLIFOSATO 79% LA TIJERETA BOX ',NULL,'813',2,19,1,1.00,16.00,1.16,2,0.24,1.40,6,1,NULL,315.00,0.00,NULL,'R. 02-3193',NULL,NULL,0,1,'2024-01-23 11:07:11','2024-08-29 00:38:12','2024-08-29 00:38:12'),(236,7463,1,1,40920,40985,'ADENGO THIENCARB+ISOXAF+CYPROSULF',NULL,'814',6,19,1,1.00,16.00,1.16,2,0.24,1.40,6,1,NULL,0.00,0.00,NULL,'R. 02-3220',NULL,NULL,0,1,'2024-01-30 08:10:57','2024-08-29 00:38:12','2024-08-29 00:38:12'),(237,7463,1,1,40920,40985,'AZOXITR 20%+CYPROCON8% AVATAR-L',NULL,'124',6,18,1,1.00,16.00,1.16,2,0.24,1.40,6,1,NULL,0.00,0.00,NULL,'R. 02-3193',NULL,NULL,0,1,'2024-02-02 11:29:03','2024-08-29 00:38:12','2024-08-29 00:38:12'),(238,7463,1,1,40920,40985,'AMISTAR XTRA',NULL,'125',6,18,1,1.00,16.00,1.16,2,0.24,1.40,6,1,NULL,0.00,0.00,NULL,NULL,NULL,NULL,0,1,'2024-02-02 11:40:24','2024-08-29 00:38:12','2024-08-29 00:38:12');
INSERT INTO `inv_productos` VALUES (239,7463,1,1,40920,40985,'SOLOMON IMID 21 %+BETA-CIFLUTR9%',NULL,'427',6,20,1,1.00,16.00,1.16,2,0.24,1.40,6,1,NULL,0.00,0.00,NULL,'R. 02-3241',NULL,NULL,0,1,'2024-02-03 12:23:55','2024-08-29 00:38:12','2024-08-29 00:38:12'),(240,7463,1,1,40920,40985,'BIFEN 18% + ZETACIP 20% HERO ',NULL,'428',6,20,1,1.00,16.00,1.16,2,0.24,1.40,6,1,NULL,0.00,0.00,NULL,'R. 02-3241',NULL,NULL,0,1,'2024-02-03 12:38:57','2024-08-29 00:38:12','2024-08-29 00:38:12'),(241,7463,1,1,40920,40985,'BIFEN 10% KUDASAI ',NULL,'429',6,20,1,1.00,16.00,1.16,2,0.24,1.40,6,1,NULL,0.00,0.00,NULL,'R. 02-3269',NULL,NULL,0,1,'2024-02-16 14:07:30','2024-08-29 00:38:12','2024-08-29 00:38:12'),(242,7463,1,1,40920,40985,'DICAMBA 58%  FORMULAGRO ',NULL,'815',6,19,1,1.00,16.00,1.16,2,0.24,1.40,6,1,NULL,60.00,0.00,'2024-05-31 00:00:00','02-3469',NULL,NULL,0,1,'2024-05-31 10:52:41','2024-08-29 00:38:12','2024-08-29 00:38:12'),(243,7463,1,1,40920,40985,'DICAMBA 57.7% CAMARADE MYL',NULL,'816',6,19,1,1.00,16.00,1.16,2,0.24,1.40,6,1,NULL,0.00,0.00,'2024-06-25 00:00:00','',NULL,NULL,0,1,'2024-06-25 11:23:17','2024-08-29 00:38:12','2024-08-29 00:38:12'),(244,7463,1,1,40920,40985,'DICAMBA 57.8 % CONTROLE ',NULL,'817',6,19,1,0.00,0.00,0.00,2,0.00,0.00,6,1,NULL,0.00,0.00,'2024-06-27 00:00:00','R 02-3519',NULL,NULL,0,1,'2024-06-27 09:16:12','2024-08-29 00:38:12','2024-08-29 00:38:12'),(245,7463,1,1,40920,41004,'METSULFURON 60% ACA ',NULL,'818',2,19,1,0.00,0.00,0.00,2,0.00,0.00,6,1,NULL,0.00,0.00,'2024-06-27 00:00:00','R. 15-1156',NULL,NULL,0,1,'2024-06-27 09:59:24','2024-08-29 00:38:12','2024-08-29 00:38:12'),(246,7463,1,1,40920,40985,'PICLORAN 27.60 % GLORIUS ',NULL,'819',6,19,1,0.00,0.00,0.00,2,0.00,0.00,6,1,NULL,20.00,0.00,'2024-07-04 00:00:00','R, 02-3537',NULL,NULL,0,1,'2024-07-04 13:52:48','2024-08-29 00:38:12','2024-08-29 00:38:12'),(247,7463,1,1,40920,41673,'BOLSON SILAJE 75 MTS REFORZADO',NULL,'901',3,22,1,0.00,0.00,0.00,2,0.00,0.00,6,1,NULL,0.00,0.00,'2024-07-16 00:00:00','1970',NULL,NULL,0,1,'2024-07-16 10:38:45','2024-08-29 00:38:12','2024-08-29 00:38:12'),(248,7463,0,1,40920,41673,'BOLSON SILAJE X 60V MTS REFORZADO',NULL,'902',3,22,1,0.00,0.00,0.00,2,0.00,0.00,6,1,NULL,0.00,0.00,'2024-07-16 00:00:00','1973',NULL,NULL,0,1,'2024-07-16 10:42:02','2024-08-27 12:38:50','2024-08-27 12:38:50'),(249,NULL,0,1,40920,40923,'FULLTEC BASE',NULL,'101',6,15,4,26.00,23.83,32.20,1,3.38,5927.79,6,3,NULL,0.00,40.00,NULL,NULL,NULL,NULL,0,1,'2024-08-29 00:37:57','2024-08-29 00:37:57',NULL),(250,NULL,0,1,40920,40923,'CUBO',NULL,'102',6,15,2,38.10,16.00,44.20,1,3.65,48303.75,6,3,NULL,0.00,10.00,NULL,NULL,NULL,NULL,0,1,'2024-08-29 00:37:58','2024-08-29 00:37:58',NULL),(251,NULL,0,1,40920,40923,'FULLTEC MAX ',NULL,'103',6,15,2,30.00,16.00,34.80,1,3.65,38031.01,6,3,NULL,0.00,40.00,NULL,NULL,NULL,NULL,0,1,'2024-08-29 00:37:58','2024-08-29 00:37:58',NULL),(252,NULL,0,1,40920,40923,'OMEGA',NULL,'104',6,15,2,22.00,16.00,25.52,1,2.68,27889.40,6,3,NULL,0.00,1.00,NULL,NULL,NULL,NULL,0,1,'2024-08-29 00:37:58','2024-08-29 00:37:58',NULL),(253,NULL,0,1,40920,40923,'TOP ZINC MAX ',NULL,'105',6,15,2,38.10,16.00,44.20,1,3.65,48303.75,6,3,NULL,0.00,10.00,NULL,NULL,NULL,NULL,0,1,'2024-08-29 00:37:58','2024-08-29 00:37:58',NULL),(254,NULL,0,1,40920,40923,'OPTIMIX',NULL,'106',6,15,2,17.78,16.00,20.62,1,1.71,22534.46,6,3,NULL,0.00,10.00,NULL,NULL,NULL,NULL,0,1,'2024-08-29 00:37:58','2024-08-29 00:37:58',NULL),(255,NULL,0,1,40920,40923,'FERTISTART',NULL,'107',6,16,1,4.30,16.00,4.99,1,0.52,5.51,6,3,NULL,0.00,0.00,NULL,NULL,NULL,NULL,0,1,'2024-08-29 00:37:58','2024-08-29 00:37:58',NULL),(256,NULL,0,1,40920,40923,'NODOFIX PACK MX ',NULL,'108',8,17,2,246.00,16.00,285.36,2,59.93,341487.46,6,3,NULL,0.00,0.00,NULL,NULL,NULL,NULL,0,1,'2024-08-29 00:37:58','2024-08-29 00:37:58',NULL),(257,NULL,0,1,40920,40923,'PACK 1-BRAVIDASSOJA +TRICHOVIDAS+METALAXIL',NULL,'109',8,24,2,420.00,16.00,487.20,2,102.31,583027.37,6,3,NULL,0.00,0.00,NULL,'F 3-7849',NULL,NULL,0,1,'2024-08-29 00:37:58','2024-08-29 00:37:58',NULL);
INSERT INTO `inv_productos` VALUES (258,NULL,0,1,40920,40923,'PACK 2 BRAVIDAS SOJA +T.C+METALAXIL',NULL,'110',8,24,2,420.00,16.00,487.20,2,102.31,583027.37,6,3,NULL,0.00,0.00,NULL,'F 3-7849',NULL,NULL,0,1,'2024-08-29 00:37:58','2024-08-29 00:37:58',NULL),(259,NULL,0,1,40920,40985,'AZOXI PRO AZOXITR 20+CYPROCON 5% ',NULL,'111',6,18,2,52.00,16.00,60.32,2,12.67,72184.34,6,3,NULL,0.00,0.00,NULL,'R. 02-1786',NULL,NULL,0,1,'2024-08-29 00:37:58','2024-08-29 00:37:58',NULL),(260,NULL,0,1,40920,41125,'CAJA NITRASOIL P/ 2400 KGRS ',NULL,'112',8,17,2,4.20,0.00,4.20,2,0.88,5026.10,6,3,NULL,0.00,0.00,NULL,NULL,NULL,NULL,0,1,'2024-08-29 00:37:58','2024-08-29 00:37:58',NULL),(261,NULL,0,1,40920,40985,'CLOROTALONIL 72% ROTHALONIL ',NULL,'113',6,18,1,10.00,16.00,11.60,2,2.44,14.04,6,3,NULL,0.00,0.00,NULL,'R. 022106',NULL,NULL,0,1,'2024-08-29 00:37:58','2024-08-29 00:37:58',NULL),(262,NULL,0,1,40920,40985,'CLOROTALONIL 72% ECHO STICK ',NULL,'114',6,18,1,10.00,16.00,11.60,2,2.44,14.04,6,3,NULL,0.00,0.00,NULL,'R.02-2184',NULL,NULL,0,1,'2024-08-29 00:37:58','2024-08-29 00:37:58',NULL),(263,NULL,0,1,40920,40985,'ORLIAN PENTIOPIRAD 10% ',NULL,'115',6,18,1,28.00,16.00,32.48,2,6.82,39.30,6,3,NULL,0.00,0.00,NULL,'R. 02-2235',NULL,NULL,0,1,'2024-08-29 00:37:58','2024-08-29 00:37:58',NULL),(264,NULL,0,1,40920,40985,'ACEITE AGR VEG METIL OPTIMIZER ',NULL,'116',6,25,1,1.00,16.00,1.16,2,0.24,1.40,6,1,NULL,0.00,0.00,NULL,'R. 02-2650',NULL,NULL,0,1,'2024-08-29 00:37:58','2024-08-29 00:37:58',NULL),(265,NULL,0,1,40920,40923,'FERTILIZANTES ABSORTEC COPPER ',NULL,'117',6,16,1,1.00,16.00,1.16,2,0.24,1.40,6,1,NULL,0.00,0.00,NULL,'R. 02-15761',NULL,NULL,0,1,'2024-08-29 00:37:59','2024-08-29 00:37:59',NULL),(266,NULL,0,1,40920,40989,'OPERA PYRA13.3% +EPOXI 5%',NULL,'118',6,18,1,1.00,16.00,1.16,2,0.24,1.40,6,1,NULL,0.00,0.00,NULL,'01-127634',NULL,NULL,0,1,'2024-08-29 00:37:59','2024-08-29 00:37:59',NULL),(267,NULL,0,1,40920,41125,'PACK SOJA INOCULANTE PREP C+T+M 35% 3(P/2400 KG)',NULL,'119',8,24,1,1.00,16.00,1.16,2,0.24,1.40,6,1,NULL,0.00,0.00,NULL,NULL,NULL,NULL,0,1,'2024-08-29 00:37:59','2024-08-29 00:37:59',NULL),(268,NULL,0,1,40920,41125,'PACK SOJA INOCULANTE PREP 3 C+T (P-2400 KG)',NULL,'120',8,24,1,1.00,16.00,1.16,2,0.24,1.40,6,1,NULL,0.00,0.00,NULL,NULL,NULL,NULL,0,1,'2024-08-29 00:37:59','2024-08-29 00:37:59',NULL),(269,NULL,0,1,40920,40985,'PACK TOP GROUND (2 PACK/CAJA/20HAS )',NULL,'121',8,24,1,1.00,16.00,1.16,2,0.24,1.40,6,1,NULL,0.00,0.00,NULL,'R. 02-2877',NULL,NULL,0,1,'2024-08-29 00:37:59','2024-08-29 00:37:59',NULL),(270,NULL,0,1,40920,40985,'ADH-COAD DASH MSO',NULL,'122',6,15,1,1.00,16.00,1.16,2,0.24,1.40,6,1,NULL,0.00,0.00,NULL,'R. 02-3064',NULL,NULL,0,1,'2024-08-29 00:37:59','2024-08-29 00:37:59',NULL),(271,NULL,0,1,40920,40985,'SYRMA XTRA AZOXITROB 20%+CYPROCO 8% ',NULL,'123',6,18,1,1.00,16.00,1.16,2,0.24,1.40,6,1,NULL,0.00,0.00,NULL,'R. 02-3126',NULL,NULL,0,1,'2024-08-29 00:37:59','2024-08-29 00:37:59',NULL),(272,NULL,0,1,40920,40985,'AZOXITR 20%+CYPROCON8% AVATAR-L',NULL,'124',6,18,1,1.00,16.00,1.16,2,0.24,1.40,6,1,NULL,0.00,0.00,NULL,'R. 02-3193',NULL,NULL,0,1,'2024-08-29 00:37:59','2024-08-29 00:37:59',NULL),(273,NULL,0,1,40920,40985,'AMISTAR XTRA',NULL,'125',6,18,1,1.00,16.00,1.16,2,0.24,1.40,6,1,NULL,0.00,0.00,NULL,NULL,NULL,NULL,0,1,'2024-08-29 00:37:59','2024-08-29 00:37:59',NULL),(274,NULL,0,1,40920,40985,'TEBUCONAZOLE 43% TEBU',NULL,'201',6,19,2,14.00,16.00,16.24,2,3.41,19434.25,6,3,NULL,0.00,0.00,NULL,NULL,NULL,NULL,0,1,'2024-08-29 00:37:59','2024-08-29 00:37:59',NULL),(275,NULL,0,1,40920,40985,'2 4D 89% ESTER ETILEXILICO TORNADO',NULL,'301',6,19,2,7.40,16.00,8.58,2,1.80,10267.60,6,3,NULL,0.00,20.00,NULL,NULL,NULL,NULL,0,1,'2024-08-29 00:37:59','2024-08-29 00:37:59',NULL),(276,NULL,0,1,40920,40985,'2 4D 80% NO VOLATIL ATANOR',NULL,'302',6,19,2,4.00,16.00,4.64,2,0.97,5552.64,6,3,NULL,0.00,0.00,NULL,NULL,NULL,NULL,0,1,'2024-08-29 00:37:59','2024-08-29 00:37:59',NULL);
INSERT INTO `inv_productos` VALUES (277,NULL,0,1,40920,40985,'2 4D 80% NO VOLATIL AGROS ',NULL,'303',6,19,2,4.00,16.00,4.64,2,0.97,5552.64,6,3,NULL,0.00,0.00,NULL,NULL,NULL,NULL,0,1,'2024-08-29 00:37:59','2024-08-29 00:37:59',NULL),(278,NULL,0,1,40920,40985,'2 4D ETILEXILICO 97% HERBIFEN ADVANCE       ',NULL,'304',6,19,1,7.60,16.00,8.82,2,1.85,10.67,6,3,NULL,0.00,30.00,NULL,NULL,NULL,NULL,0,1,'2024-08-29 00:37:59','2024-08-29 00:37:59',NULL),(279,NULL,0,1,40920,40989,'2 4D ENLIST',NULL,'305',6,19,1,6.80,16.00,7.89,2,1.51,9.54,6,3,NULL,0.00,40.00,NULL,NULL,NULL,NULL,0,1,'2024-08-29 00:37:59','2024-08-29 00:37:59',NULL),(280,NULL,0,1,40920,40985,'24D 30% BEKER N T ',NULL,'306',6,19,2,6.00,16.00,6.96,2,1.46,8328.96,6,3,NULL,0.00,0.00,NULL,NULL,NULL,NULL,0,1,'2024-08-29 00:37:59','2024-08-29 00:37:59',NULL),(281,NULL,0,1,40920,40989,'ATRAZINA ATRAMIL 90',NULL,'307',2,19,1,10.60,16.00,12.30,2,2.58,14.88,6,3,NULL,0.00,50.00,NULL,NULL,NULL,NULL,0,1,'2024-08-29 00:38:00','2024-08-29 00:38:00',NULL),(282,NULL,0,1,40920,40985,'BICE PACK',NULL,'308',8,19,2,200.00,16.00,232.00,2,48.72,277632.08,6,3,NULL,0.00,0.00,NULL,NULL,NULL,NULL,0,1,'2024-08-29 00:38:00','2024-08-29 00:38:00',NULL),(283,NULL,0,1,40920,40985,'BLAZER',NULL,'309',6,19,2,12.00,16.00,13.92,2,2.92,16657.92,6,3,NULL,0.00,0.00,NULL,NULL,NULL,NULL,0,1,'2024-08-29 00:38:00','2024-08-29 00:38:00',NULL),(284,NULL,0,1,40920,40986,'CLETODIN 24% LANTHER ',NULL,'310',6,19,2,11.30,16.00,13.11,2,2.75,15688.61,6,3,NULL,0.00,40.00,NULL,NULL,NULL,NULL,0,1,'2024-08-29 00:38:00','2024-08-29 00:38:00',NULL),(285,NULL,0,1,40920,40985,'CLORIMURON 25% CLAXO',NULL,'311',1,19,1,22.00,16.00,25.52,2,5.36,30.88,6,3,NULL,0.00,0.00,NULL,'05-19',NULL,NULL,0,1,'2024-08-29 00:38:00','2024-08-29 00:38:00',NULL),(286,NULL,0,1,40920,40985,'CONVEY',NULL,'312',6,19,2,228.00,16.00,264.48,2,55.54,316500.57,6,3,NULL,0.00,2.00,NULL,NULL,NULL,NULL,0,1,'2024-08-29 00:38:00','2024-08-29 00:38:00',NULL),(287,NULL,0,1,40920,40985,'DICAMBA 54 5 LANTHER',NULL,'313',6,19,2,9.60,16.00,11.14,2,2.34,13331.13,6,3,NULL,0.00,0.00,NULL,NULL,NULL,NULL,0,1,'2024-08-29 00:38:00','2024-08-29 00:38:00',NULL),(288,NULL,0,1,40920,40987,'DICAMBA 57.80 % YPF ',NULL,'314',6,19,2,9.60,16.00,11.14,2,2.34,13331.13,6,3,NULL,0.00,10.00,NULL,NULL,NULL,NULL,0,1,'2024-08-29 00:38:00','2024-08-29 00:38:00',NULL),(289,NULL,0,1,40920,40987,'DICAMBA ATEXTRA ',NULL,'315',8,19,2,9.60,16.00,11.14,2,2.34,13331.13,6,3,NULL,0.00,0.00,NULL,'05-19',NULL,NULL,0,1,'2024-08-29 00:38:00','2024-08-29 00:38:00',NULL),(290,NULL,0,1,40920,40985,'DIFLUFERICAN TUKEN',NULL,'316',6,19,2,43.50,16.00,50.46,2,10.60,60384.98,6,3,NULL,0.00,20.00,NULL,NULL,NULL,NULL,0,1,'2024-08-29 00:38:00','2024-08-29 00:38:00',NULL),(291,NULL,0,1,40920,40985,'EDDUS',NULL,'317',6,19,2,13.00,16.00,15.08,2,3.17,18046.09,6,3,NULL,0.00,0.00,NULL,NULL,NULL,NULL,0,1,'2024-08-29 00:38:00','2024-08-29 00:38:00',NULL),(292,NULL,0,1,40920,40987,'FLUMIOXAZIN 48 % FLUMEYT',NULL,'318',6,19,2,49.00,16.00,56.84,2,11.94,68019.86,6,3,NULL,0.00,0.00,NULL,NULL,NULL,NULL,0,1,'2024-08-29 00:38:00','2024-08-29 00:38:00',NULL),(293,NULL,0,1,40920,40987,'FLUMIOXAZIN 48% OXALIS',NULL,'319',6,19,2,49.00,16.00,56.84,2,11.94,68019.86,6,3,NULL,0.00,0.00,NULL,NULL,NULL,NULL,0,1,'2024-08-29 00:38:01','2024-08-29 00:38:01',NULL),(294,NULL,0,1,40920,40987,'FLUMIOXAZIN 48% AGROXAZIN ',NULL,'320',6,19,2,49.00,16.00,56.84,2,11.94,68019.86,6,3,NULL,0.00,0.00,NULL,NULL,NULL,NULL,0,1,'2024-08-29 00:38:01','2024-08-29 00:38:01',NULL),(295,NULL,0,1,40920,40987,'FLUMIOXAZIN FLUNIZYIN',NULL,'321',6,19,2,49.00,16.00,56.84,2,11.94,68019.86,6,3,NULL,0.00,0.00,NULL,NULL,NULL,NULL,0,1,'2024-08-29 00:38:01','2024-08-29 00:38:01',NULL),(296,NULL,0,1,40920,40987,'FLUROXANE 28% HELM',NULL,'322',6,19,2,28.00,16.00,32.48,2,6.82,38868.49,6,3,NULL,0.00,0.00,NULL,NULL,NULL,NULL,0,1,'2024-08-29 00:38:01','2024-08-29 00:38:01',NULL);
INSERT INTO `inv_productos` VALUES (297,NULL,0,1,40920,40989,'GLIFOSATO 66% POWER PLUS',NULL,'323',6,19,2,11.50,16.00,13.34,2,2.80,15963.84,6,3,NULL,0.00,0.00,NULL,NULL,NULL,NULL,0,1,'2024-08-29 00:38:01','2024-08-29 00:38:01',NULL),(298,NULL,0,1,40920,40987,'GLIFOSATO 70% CREDIT FULL',NULL,'324',6,19,2,11.50,16.00,13.34,2,2.80,15963.84,6,3,NULL,0.00,40.00,NULL,NULL,NULL,NULL,0,1,'2024-08-29 00:38:01','2024-08-29 00:38:01',NULL),(299,NULL,0,1,40920,40987,'HALOXIFOP METIL 54 % EMBLEM MAXX',NULL,'325',6,19,2,29.80,16.00,34.57,2,7.26,41369.57,6,3,NULL,0.00,10.00,NULL,NULL,NULL,NULL,0,1,'2024-08-29 00:38:01','2024-08-29 00:38:01',NULL),(300,NULL,0,1,40920,40986,'HALOXIFOP P METIL 54% LANTHER ',NULL,'326',6,19,2,29.80,16.00,34.57,2,7.26,41369.57,6,3,NULL,0.00,0.00,NULL,NULL,NULL,NULL,0,1,'2024-08-29 00:38:01','2024-08-29 00:38:01',NULL),(301,NULL,0,1,40920,40986,'HEAT',NULL,'327',6,19,2,270.00,16.00,313.20,2,65.77,374803.31,6,3,NULL,0.00,2.00,NULL,NULL,NULL,NULL,0,1,'2024-08-29 00:38:01','2024-08-29 00:38:01',NULL),(302,NULL,0,1,40920,40987,'IMAZETAPIR 10.60 INITIO',NULL,'328',6,19,2,9.80,16.00,11.37,2,2.39,13606.37,6,3,NULL,0.00,0.00,NULL,NULL,NULL,NULL,0,1,'2024-08-29 00:38:01','2024-08-29 00:38:01',NULL),(303,NULL,0,1,40920,40987,'IMAZETAPIR 10.60% MERKETING AGRICOLA',NULL,'329',6,19,2,9.67,16.00,11.22,2,2.39,13426.86,6,3,NULL,0.00,50.00,NULL,NULL,NULL,NULL,0,1,'2024-08-29 00:38:01','2024-08-29 00:38:01',NULL),(304,NULL,0,1,40920,40987,'METSULFURON SIGMA ',NULL,'330',1,19,2,21.00,16.00,24.36,2,5.12,29151.37,6,3,NULL,0.00,0.00,NULL,NULL,NULL,NULL,0,1,'2024-08-29 00:38:02','2024-08-29 00:38:02',NULL),(305,NULL,0,1,40920,40987,'METSULFURON NUFER',NULL,'331',2,19,2,21.00,16.00,24.36,2,5.12,29151.37,6,3,NULL,0.00,0.00,NULL,NULL,NULL,NULL,0,1,'2024-08-29 00:38:02','2024-08-29 00:38:02',NULL),(306,NULL,0,1,40920,40986,'PARAQUAT FENDER',NULL,'332',6,19,2,5.50,16.00,6.38,2,1.34,7634.88,6,3,NULL,0.00,100.00,NULL,NULL,NULL,NULL,0,1,'2024-08-29 00:38:02','2024-08-29 00:38:02',NULL),(307,NULL,0,1,40920,40986,'PICLORAN 24% FORMULAGRO',NULL,'333',6,19,2,15.50,0.00,15.50,2,3.26,18548.70,6,3,NULL,0.00,0.00,NULL,NULL,NULL,NULL,0,1,'2024-08-29 00:38:02','2024-08-29 00:38:02',NULL),(308,NULL,0,1,40920,40985,'METRIBUZIN PROMETRINA ROMETRI',NULL,'334',6,19,2,23.90,16.00,27.72,2,5.82,33172.25,6,3,NULL,0.00,0.00,NULL,NULL,NULL,NULL,0,1,'2024-08-29 00:38:02','2024-08-29 00:38:02',NULL),(309,NULL,0,1,40920,40985,'S-METOLACLOR DUAL GOLD',NULL,'335',6,19,2,14.50,16.00,16.82,2,3.53,20128.33,6,3,NULL,0.00,0.00,NULL,NULL,NULL,NULL,0,1,'2024-08-29 00:38:02','2024-08-29 00:38:02',NULL),(310,NULL,0,1,40920,40986,'S-METOLACLOR 96% STRIN',NULL,'336',6,19,2,14.50,16.00,16.82,2,3.53,20128.33,6,3,NULL,0.00,50.00,NULL,NULL,NULL,NULL,0,1,'2024-08-29 00:38:02','2024-08-29 00:38:02',NULL),(311,NULL,0,1,40920,40985,'S-METOLACLOR ZAMBA ',NULL,'337',6,19,2,14.50,16.00,16.82,2,3.53,20128.33,6,3,NULL,0.00,0.00,NULL,NULL,NULL,NULL,0,1,'2024-08-29 00:38:02','2024-08-29 00:38:02',NULL),(312,NULL,0,1,40920,40986,'S-METOLACKORO 96% CHRONATYOL',NULL,'338',6,19,2,14.50,16.00,16.82,2,3.53,20128.33,6,3,NULL,0.00,0.00,NULL,NULL,NULL,NULL,0,1,'2024-08-29 00:38:02','2024-08-29 00:38:02',NULL),(313,NULL,0,1,40920,40985,'SULFENTRAZONE 50% ADELFOS',NULL,'339',6,19,2,30.00,16.00,34.80,2,7.31,41644.81,6,3,NULL,0.00,0.00,NULL,NULL,NULL,NULL,0,1,'2024-08-29 00:38:02','2024-08-29 00:38:02',NULL),(314,NULL,0,1,40920,40986,'SULFENTRAZONE 50% CAPAZ ',NULL,'340',6,19,2,30.00,16.00,34.80,2,7.31,41644.81,6,3,NULL,0.00,0.00,NULL,NULL,NULL,NULL,0,1,'2024-08-29 00:38:03','2024-08-29 00:38:03',NULL),(315,NULL,0,1,40920,40986,'SULFENTRAZONE 50 % BORAL',NULL,'341',6,19,2,30.00,16.00,34.80,2,7.31,41644.81,6,3,NULL,0.00,0.00,NULL,NULL,NULL,NULL,0,1,'2024-08-29 00:38:03','2024-08-29 00:38:03',NULL),(316,NULL,0,1,40920,40987,'TPO CORN CAJAS P/ 20 HAS ',NULL,'342',8,19,2,200.00,16.00,232.00,2,48.72,277632.08,6,3,NULL,0.00,0.00,NULL,'01-20',NULL,NULL,0,1,'2024-08-29 00:38:03','2024-08-29 00:38:03',NULL);
INSERT INTO `inv_productos` VALUES (317,NULL,0,1,40920,40989,'GLIFO SULFOSATO TOUCHDWN',NULL,'343',6,19,2,13.00,16.00,15.08,2,3.17,18046.09,6,3,NULL,0.00,50.00,NULL,NULL,NULL,NULL,0,1,'2024-08-29 00:38:03','2024-08-29 00:38:03',NULL),(318,NULL,0,1,40920,40985,'TEXARO DOW DICLOSUL 58% HALAUX 11.5',NULL,'344',2,19,2,320.00,16.00,371.20,2,77.95,444211.33,6,3,NULL,0.00,0.00,NULL,'REMITO 02-1651',NULL,NULL,0,1,'2024-08-29 00:38:03','2024-08-29 00:38:03',NULL),(319,NULL,0,1,40920,40985,'GLIFOSATO 75.70% POWER MAXX ',NULL,'345',2,19,4,16.90,16.00,19.60,2,4.12,3951.09,6,3,NULL,0.00,0.00,NULL,'REMITO 02-1651',NULL,NULL,0,1,'2024-08-29 00:38:03','2024-08-29 00:38:03',NULL),(320,NULL,0,1,40920,40985,'2 4D WEEDAR FULL',NULL,'346',6,19,4,5.10,16.00,5.92,2,1.24,1193.39,6,3,NULL,0.00,40.00,NULL,'R. 02-1718',NULL,NULL,0,1,'2024-08-29 00:38:03','2024-08-29 00:38:03',NULL),(321,NULL,0,1,40920,40985,'2 4D ETILEXILICO 97% YPF ',NULL,'347',6,19,4,7.30,16.00,8.47,2,1.78,1707.43,6,3,NULL,0.00,20.00,NULL,'R. 02-1718',NULL,NULL,0,1,'2024-08-29 00:38:03','2024-08-29 00:38:03',NULL),(322,NULL,0,1,40920,40987,'DICAMBA 57,80 % BEMUS',NULL,'348',6,19,4,10.20,16.00,11.83,2,2.34,2384.76,6,3,NULL,0.00,20.00,NULL,'R. 01-3779',NULL,NULL,0,1,'2024-08-29 00:38:03','2024-08-29 00:38:03',NULL),(323,NULL,0,1,40920,40985,'DICLOSULAM 84% MORRIGAN ',NULL,'349',2,19,2,300.00,16.00,348.00,2,73.08,416448.12,6,3,NULL,0.00,0.00,NULL,'R. 02-1763',NULL,NULL,0,1,'2024-08-29 00:38:04','2024-08-29 00:38:04',NULL),(324,NULL,0,1,40920,40985,'DICLOSULAM 42% VAKERO ',NULL,'350',6,19,2,300.00,16.00,348.00,2,73.08,416448.12,6,3,NULL,0.00,0.00,NULL,'R.02-1763',NULL,NULL,0,1,'2024-08-29 00:38:04','2024-08-29 00:38:04',NULL),(325,NULL,0,1,40920,40985,'ATRAZINA 90% TRAC 90 WG ',NULL,'351',2,19,2,11.00,16.00,12.76,2,2.68,15269.76,6,3,NULL,0.00,0.00,NULL,'02-1791',NULL,NULL,0,1,'2024-08-29 00:38:04','2024-08-29 00:38:04',NULL),(326,NULL,0,1,40920,40985,'CLORIMURON ETIL 25% CLOVEN 25%',NULL,'352',2,19,2,20.00,16.00,23.20,2,4.87,27763.21,6,3,NULL,0.00,0.00,NULL,'02-1791',NULL,NULL,0,1,'2024-08-29 00:38:04','2024-08-29 00:38:04',NULL),(327,NULL,0,1,40920,40985,'DINAMIC 70 WDG AMICAR 70%',NULL,'353',2,19,2,10.20,16.00,11.83,2,2.48,14156.84,6,3,NULL,0.00,0.00,NULL,'R. 02-1763',NULL,NULL,0,1,'2024-08-29 00:38:04','2024-08-29 00:38:04',NULL),(328,NULL,0,1,40920,40985,'NICOSULFURON 75% PRIMERO ',NULL,'354',2,19,2,260.00,16.00,301.60,2,63.34,360921.70,6,3,NULL,0.00,0.00,NULL,'R. 02-1795',NULL,NULL,0,1,'2024-08-29 00:38:04','2024-08-29 00:38:04',NULL),(329,NULL,0,1,40920,40985,'SULFENTRAZONE 50% GUERRER',NULL,'355',6,19,2,30.00,16.00,34.80,2,7.31,41644.81,6,3,NULL,0.00,0.00,NULL,'02-1834',NULL,NULL,0,1,'2024-08-29 00:38:04','2024-08-29 00:38:04',NULL),(330,NULL,0,1,40920,40985,'S-METOLOCLORO 96% PATTERN ',NULL,'356',6,19,2,14.50,16.00,16.82,2,3.53,20128.33,6,3,NULL,0.00,0.00,NULL,'02-1853',NULL,NULL,0,1,'2024-08-29 00:38:04','2024-08-29 00:38:04',NULL),(331,NULL,0,1,40920,40985,'METRIBUZIN 48% UNIMARK ',NULL,'357',6,19,2,24.00,0.00,24.00,2,5.04,28720.56,6,3,NULL,0.00,0.00,NULL,'R.02-1889',NULL,NULL,0,1,'2024-08-29 00:38:04','2024-08-29 00:38:04',NULL),(332,NULL,0,1,40920,40985,'PARAQUAT 27.60% SIGMA ',NULL,'358',6,19,2,5.90,16.00,6.84,2,1.44,8185.36,6,3,NULL,0.00,0.00,NULL,'R02-1951',NULL,NULL,0,1,'2024-08-29 00:38:05','2024-08-29 00:38:05',NULL),(333,NULL,0,1,40920,40985,'CLETODIN 24% YPF',NULL,'359',6,19,2,12.00,16.00,13.92,2,2.92,16657.92,6,3,NULL,0.00,0.00,NULL,'R.02-1935',NULL,NULL,0,1,'2024-08-29 00:38:05','2024-08-29 00:38:05',NULL),(334,NULL,0,1,40920,40985,'HALOXIFOP METIL 54% GALANT HL',NULL,'360',6,19,2,31.90,16.00,37.00,2,7.77,44277.53,6,3,NULL,0.00,0.00,NULL,'R.02-1935',NULL,NULL,0,1,'2024-08-29 00:38:05','2024-08-29 00:38:05',NULL),(335,NULL,0,1,40920,40985,'ACETOCL 90% HAMET',NULL,'361',6,19,2,8.20,16.00,9.51,2,2.00,11380.52,6,3,NULL,0.00,0.00,NULL,'R. 02-1951',NULL,NULL,0,1,'2024-08-29 00:38:05','2024-08-29 00:38:05',NULL);
INSERT INTO `inv_productos` VALUES (336,NULL,0,1,40920,40985,'ACURON',NULL,'362',6,19,2,41.90,16.00,48.60,2,10.21,58159.13,6,3,NULL,0.00,0.00,NULL,'R.02-1951',NULL,NULL,0,1,'2024-08-29 00:38:05','2024-08-29 00:38:05',NULL),(337,NULL,0,1,40920,40985,'GLUFOSINATO DE AMON 20% CHICOTE',NULL,'363',6,19,4,10.00,16.00,11.60,2,2.44,2338.40,6,3,NULL,0.00,0.00,NULL,'R. 02-1995',NULL,NULL,0,1,'2024-08-29 00:38:05','2024-08-29 00:38:05',NULL),(338,NULL,0,1,40920,40985,'DASEN BENAZOLIN-ETIL 50% ',NULL,'364',6,19,4,20.00,16.00,23.20,2,4.87,4676.80,6,3,NULL,0.00,0.00,NULL,'R. 02-2014',NULL,NULL,0,1,'2024-08-29 00:38:05','2024-08-29 00:38:05',NULL),(339,NULL,0,1,40920,40985,'FOMESAFEN 50% FLOSIL ',NULL,'365',6,19,4,20.00,16.00,23.20,2,4.87,4676.80,6,3,NULL,0.00,0.00,NULL,'R.02-2014',NULL,NULL,0,1,'2024-08-29 00:38:05','2024-08-29 00:38:05',NULL),(340,NULL,0,1,40920,40985,'GLUFOSINATO DE AMONIO 20% INVICTUS ',NULL,'366',6,19,1,15.00,16.00,17.40,2,3.65,21.05,6,3,NULL,0.00,0.00,NULL,'R. 02-2025',NULL,NULL,0,1,'2024-08-29 00:38:05','2024-08-29 00:38:05',NULL),(341,NULL,0,1,40920,40985,'LACTOFEN 24% MILLION ',NULL,'367',6,19,4,20.00,16.00,23.20,2,4.87,4676.80,6,3,NULL,0.00,0.00,NULL,'R.02-2058',NULL,NULL,0,1,'2024-08-29 00:38:05','2024-08-29 00:38:05',NULL),(342,NULL,0,1,40920,40985,'LACTOFEN 24% HUCK',NULL,'368',6,19,4,20.00,16.00,23.20,2,4.87,4676.80,6,3,NULL,0.00,0.00,NULL,'R. 02-2058',NULL,NULL,0,1,'2024-08-29 00:38:05','2024-08-29 00:38:05',NULL),(343,NULL,0,1,40920,40985,'CLETODIN 24% TODYN ',NULL,'369',6,19,4,20.00,16.00,23.20,2,4.87,4676.80,6,3,NULL,0.00,0.00,NULL,'02-2065',NULL,NULL,0,1,'2024-08-29 00:38:06','2024-08-29 00:38:06',NULL),(344,NULL,0,1,40920,40985,'PARAQUAT 27.60% LANTHER',NULL,'370',6,19,4,20.00,16.00,23.20,2,4.87,4676.80,6,3,NULL,0.00,0.00,NULL,'02-2065',NULL,NULL,0,1,'2024-08-29 00:38:06','2024-08-29 00:38:06',NULL),(345,NULL,0,1,40920,40985,'DASEN PLUS BENAZOL 20% +FOMESAF',NULL,'371',6,19,1,10.00,16.00,11.60,2,2.44,14.04,6,3,NULL,0.00,0.00,NULL,'R. 02-2132',NULL,NULL,0,1,'2024-08-29 00:38:06','2024-08-29 00:38:06',NULL),(346,NULL,0,1,40920,40985,'HALOXIFOP METIL 54% YPF ',NULL,'378',6,19,1,10.00,16.00,11.60,2,2.44,14.04,6,3,NULL,0.00,0.00,NULL,'02-2140',NULL,NULL,0,1,'2024-08-29 00:38:06','2024-08-29 00:38:06',NULL),(347,NULL,0,1,40920,40985,'GLIFOSATO 79% CONTROL MAX ',NULL,'379',2,19,1,10.00,16.00,11.60,2,2.44,14.04,6,3,NULL,0.00,0.00,NULL,'R.02-2140',NULL,NULL,0,1,'2024-08-29 00:38:06','2024-08-29 00:38:06',NULL),(348,NULL,0,1,40920,40986,'CLETODIN RURALCO ',NULL,'380',6,19,1,8.60,16.00,9.98,2,2.09,12.07,6,3,NULL,0.00,0.00,NULL,'R. 013479',NULL,NULL,0,1,'2024-08-29 00:38:06','2024-08-29 00:38:06',NULL),(349,NULL,0,1,40920,40985,'CLETODIN 24% RESOLUTOR ',NULL,'381',6,19,1,10.00,16.00,11.60,2,2.44,14.04,6,3,NULL,0.00,0.00,NULL,'R.02-2282',NULL,NULL,0,1,'2024-08-29 00:38:06','2024-08-29 00:38:06',NULL),(350,NULL,0,1,40920,40985,'PERCUTOR LODOSUF 6%+THIENCARB 45% ',NULL,'382',2,19,1,10.00,16.00,11.60,2,2.44,14.04,6,3,NULL,0.00,0.00,NULL,'R,02-2282',NULL,NULL,0,1,'2024-08-29 00:38:06','2024-08-29 00:38:06',NULL),(351,NULL,0,1,40920,40985,'PARACUAT 27.60% RURALCO ',NULL,'383',6,19,1,10.00,16.00,11.60,2,2.44,14.04,6,3,NULL,0.00,0.00,NULL,'R. 02-2331',NULL,NULL,0,1,'2024-08-29 00:38:06','2024-08-29 00:38:06',NULL),(352,NULL,0,1,40920,40985,'FLUMETSULAM 12% MULAN ',NULL,'384',6,19,1,0.00,0.00,0.00,2,0.00,0.00,6,3,NULL,0.00,0.00,NULL,'R.02-2331',NULL,NULL,0,1,'2024-08-29 00:38:06','2024-08-29 00:38:06',NULL),(353,NULL,0,1,40920,40985,'IMAZETAPIR 10.60 MANIAC ',NULL,'385',2,19,1,10.00,16.00,11.60,2,2.44,14.04,6,3,NULL,0.00,0.00,NULL,NULL,NULL,NULL,0,1,'2024-08-29 00:38:06','2024-08-29 00:38:06',NULL),(354,NULL,0,1,40920,40985,'GLIFOSATO 66% MARCH II ',NULL,'386',6,19,1,1.00,16.00,1.16,2,0.24,1.40,6,1,NULL,0.00,0.00,NULL,'02-2544',NULL,NULL,0,1,'2024-08-29 00:38:07','2024-08-29 00:38:07',NULL),(355,NULL,0,1,40920,40985,'DICLOSULAM 84%  SPIDER',NULL,'387',2,19,1,1.00,16.00,1.16,2,0.24,1.40,6,1,NULL,0.00,0.00,NULL,'02-2544',NULL,NULL,0,1,'2024-08-29 00:38:07','2024-08-29 00:38:07',NULL);
INSERT INTO `inv_productos` VALUES (356,NULL,0,1,40920,40985,'S-METOLACLORO 96 % RURALCO',NULL,'388',6,19,1,1.00,16.00,1.16,2,0.24,1.40,6,1,NULL,0.00,0.00,NULL,'02-2544',NULL,NULL,0,1,'2024-08-29 00:38:07','2024-08-29 00:38:07',NULL),(357,NULL,0,1,40920,40985,'PICLORAN 24% PATRON G ',NULL,'389',6,19,1,1.00,16.00,1.16,2,0.24,1.40,6,1,NULL,0.00,0.00,NULL,'R. 02-2650',NULL,NULL,0,1,'2024-08-29 00:38:07','2024-08-29 00:38:07',NULL),(358,NULL,0,1,40920,40985,'2 4D 89% ESTYER ETILEXILICO LANTRER ',NULL,'390',6,19,1,1.00,16.00,1.16,2,0.24,1.40,6,1,NULL,0.00,0.00,NULL,'R.02-2650',NULL,NULL,0,1,'2024-08-29 00:38:07','2024-08-29 00:38:07',NULL),(359,NULL,0,1,40920,40985,'FLUMIOXAZIN 50% SUMYZIN ',NULL,'391',6,19,1,1.00,16.00,1.16,2,0.24,1.40,6,1,NULL,0.00,0.00,NULL,'R. 02-2650',NULL,NULL,0,1,'2024-08-29 00:38:07','2024-08-29 00:38:07',NULL),(360,NULL,0,1,40920,40985,'DIFLUFENICAN 50% INSUAGRO ',NULL,'392',6,19,1,1.00,16.00,1.16,2,0.24,1.40,6,1,NULL,0.00,0.00,NULL,'R. 02-2650',NULL,NULL,0,1,'2024-08-29 00:38:07','2024-08-29 00:38:07',NULL),(361,NULL,0,1,40920,40985,'CLORIMURON 25% ARAMURON ',NULL,'393',2,19,1,1.00,16.00,1.16,2,0.24,1.40,6,1,NULL,0.00,0.00,NULL,'R. 02-2705',NULL,NULL,0,1,'2024-08-29 00:38:07','2024-08-29 00:38:07',NULL),(362,NULL,0,1,40920,40985,'FIERCE FLUMIOXAZIN 15% + PYROXASULFONE 34.50%',NULL,'394',6,19,1,1.00,16.00,1.16,2,0.24,1.40,6,1,NULL,0.00,0.00,NULL,'R. 022717',NULL,NULL,0,1,'2024-08-29 00:38:07','2024-08-29 00:38:07',NULL),(363,NULL,0,1,40920,40985,'PACK HERB ZIDUA 8 2 PACK/CAJA',NULL,'395',8,19,1,1.00,16.00,1.16,2,0.24,1.40,6,1,NULL,0.00,0.00,NULL,'R, 02-2717',NULL,NULL,0,1,'2024-08-29 00:38:07','2024-08-29 00:38:07',NULL),(364,NULL,0,1,40920,40989,'S-METOLACLOR 96% SIGMA ',NULL,'396',6,19,1,1.00,16.00,1.16,2,0.24,1.40,6,1,NULL,0.00,0.00,NULL,'F 1038-278',NULL,NULL,0,1,'2024-08-29 00:38:07','2024-08-29 00:38:07',NULL),(365,NULL,0,1,40920,40989,'PARAQUAT 27.60% SECAFOL ',NULL,'397',6,19,1,1.00,16.00,1.16,2,0.24,1.40,6,1,NULL,0.00,0.00,NULL,'F.1038-278',NULL,NULL,0,1,'2024-08-29 00:38:07','2024-08-29 00:38:07',NULL),(366,NULL,0,1,40920,40985,'FLUMIOXAZIN 48% GEMMIT TOP',NULL,'398',6,19,1,1.00,16.00,1.16,2,0.24,1.40,6,1,NULL,0.00,0.00,NULL,'R.02-2752',NULL,NULL,0,1,'2024-08-29 00:38:08','2024-08-29 00:38:08',NULL),(367,NULL,0,1,40920,40989,'PARAQUAT 27.6%-DOGO SL',NULL,'399',6,19,1,1.00,16.00,1.16,2,0.24,1.40,6,1,NULL,0.00,0.00,NULL,'01-127634',NULL,NULL,0,1,'2024-08-29 00:38:08','2024-08-29 00:38:08',NULL),(368,NULL,0,1,40920,40985,'BELT 48 SC ',NULL,'401',6,20,2,170.00,16.00,197.20,2,41.41,235987.27,6,3,NULL,0.00,0.00,NULL,NULL,NULL,NULL,0,1,'2024-08-29 00:38:08','2024-08-29 00:38:08',NULL),(369,NULL,0,1,40920,40985,'CLORPIR 48% SHOOTER E C ',NULL,'402',6,20,2,7.50,0.00,7.50,2,1.58,8975.18,6,3,NULL,0.00,40.00,NULL,NULL,NULL,NULL,0,1,'2024-08-29 00:38:08','2024-08-29 00:38:08',NULL),(370,NULL,0,1,40920,40986,'CLORPIRIFOS LQ 48% LANTHER ',NULL,'403',6,20,2,7.50,16.00,8.70,2,1.83,10411.20,6,3,NULL,0.00,10.00,NULL,NULL,NULL,NULL,0,1,'2024-08-29 00:38:08','2024-08-29 00:38:08',NULL),(371,NULL,0,1,40920,40985,'CORAGEN',NULL,'404',6,20,2,230.00,16.00,266.80,2,56.03,319276.89,6,3,NULL,0.00,0.00,NULL,NULL,NULL,NULL,0,1,'2024-08-29 00:38:08','2024-08-29 00:38:08',NULL),(372,NULL,0,1,40920,40985,'DELTOX',NULL,'405',6,20,2,22.00,16.00,25.52,2,5.36,30539.53,6,3,NULL,0.00,0.00,NULL,NULL,NULL,NULL,0,1,'2024-08-29 00:38:08','2024-08-29 00:38:08',NULL),(373,NULL,0,1,40920,40985,'EUFORIA',NULL,'406',6,20,2,35.00,16.00,40.60,2,8.53,48585.61,6,3,NULL,0.00,0.00,NULL,NULL,NULL,NULL,0,1,'2024-08-29 00:38:08','2024-08-29 00:38:08',NULL),(374,NULL,0,1,40920,40985,'FIPRONIL CLAP',NULL,'407',6,20,1,90.00,16.00,104.40,2,21.92,126.32,6,3,NULL,0.00,0.00,NULL,'10-20',NULL,NULL,0,1,'2024-08-29 00:38:08','2024-08-29 00:38:08',NULL),(375,NULL,0,1,40920,40985,'IMIDACLOPRID 35% KONDAR AGROS',NULL,'408',6,20,2,22.80,16.00,26.45,2,5.55,31652.45,6,3,NULL,0.00,0.00,NULL,'10-18',NULL,NULL,0,1,'2024-08-29 00:38:08','2024-08-29 00:38:08',NULL);
INSERT INTO `inv_productos` VALUES (376,NULL,0,1,40920,40985,'LAMBDACIAL 25 % CIALOTRIN',NULL,'409',6,20,1,29.50,16.00,34.22,2,7.19,41.41,6,3,NULL,0.00,0.00,NULL,NULL,NULL,NULL,0,1,'2024-08-29 00:38:08','2024-08-29 00:38:08',NULL),(377,NULL,0,1,40920,40985,'VESTICOR CLORANTRAN 20% SC',NULL,'410',6,20,4,10.00,16.00,11.60,2,2.44,2338.40,6,3,NULL,0.00,0.00,NULL,'R. 02-1995',NULL,NULL,0,1,'2024-08-29 00:38:08','2024-08-29 00:38:08',NULL),(378,NULL,0,1,40920,40985,'FIPRONIL 20% SIGMA ',NULL,'411',6,20,4,10.00,16.00,11.60,2,2.44,2338.40,6,3,NULL,0.00,0.00,NULL,'R. 02-1995',NULL,NULL,0,1,'2024-08-29 00:38:08','2024-08-29 00:38:08',NULL),(379,NULL,0,1,40920,40985,'ALIKATIAMETOX 14.10% +LAMBDA 10.60%',NULL,'412',6,20,4,10.00,16.00,11.60,2,2.44,2338.40,6,3,NULL,0.00,0.00,NULL,'R. 02-1995',NULL,NULL,0,1,'2024-08-29 00:38:09','2024-08-29 00:38:09',NULL),(380,NULL,0,1,40920,40985,'LAMBDACIAL 25% KENDO GOLD',NULL,'413',6,20,4,60.00,16.00,69.60,2,14.62,14030.39,6,3,NULL,0.00,0.00,NULL,'R.02-2014',NULL,NULL,0,1,'2024-08-29 00:38:09','2024-08-29 00:38:09',NULL),(381,NULL,0,1,40920,40985,'LAMBDACIAL 25% PULSAR GOLD',NULL,'414',6,20,1,60.00,16.00,69.60,2,14.62,84.22,6,3,NULL,0.00,0.00,NULL,'R.02-2058',NULL,NULL,0,1,'2024-08-29 00:38:09','2024-08-29 00:38:09',NULL),(382,NULL,0,1,40920,40985,'ABAMECTINA 3,6 % PHILAMEC ',NULL,'415',6,20,1,10.00,16.00,11.60,2,2.44,14.04,6,3,NULL,0.00,0.00,NULL,'R. 02-2153',NULL,NULL,0,1,'2024-08-29 00:38:09','2024-08-29 00:38:09',NULL),(383,NULL,0,1,40920,41471,'VIRANTRA',NULL,'416',6,20,1,10.00,16.00,11.60,2,2.44,14.04,6,3,NULL,0.00,0.00,NULL,'82-3387',NULL,NULL,0,1,'2024-08-29 00:38:09','2024-08-29 00:38:09',NULL),(384,NULL,0,1,40920,40985,'BIFEN 10% PARALELO',NULL,'417',6,20,1,10.00,16.00,11.60,2,2.44,14.04,6,3,NULL,0.00,0.00,NULL,'R.02-2184',NULL,NULL,0,1,'2024-08-29 00:38:09','2024-08-29 00:38:09',NULL),(385,NULL,0,1,40920,40985,'ABAMECTINA 3.6 FORMULAGRO',NULL,'418',6,20,1,10.00,16.00,11.60,2,2.44,14.04,6,3,NULL,0.00,0.00,NULL,'R.02-2184',NULL,NULL,0,1,'2024-08-29 00:38:09','2024-08-29 00:38:09',NULL),(386,NULL,0,1,40920,40985,'ESUS TIAMET 14.1%+LAMB 10.6%',NULL,'419',6,20,1,10.00,16.00,11.60,2,2.44,14.04,6,3,NULL,0.00,0.00,NULL,'02-2201',NULL,NULL,0,1,'2024-08-29 00:38:09','2024-08-29 00:38:09',NULL),(387,NULL,0,1,40920,40985,'AMICOR RYNAXYPVR 20%',NULL,'420',6,20,1,10.00,16.00,11.60,2,2.44,14.04,6,3,NULL,0.00,0.00,NULL,'02-2201',NULL,NULL,0,1,'2024-08-29 00:38:09','2024-08-29 00:38:09',NULL),(388,NULL,0,1,40920,40986,'HACKER-TECNOMIL',NULL,'421',6,20,1,27.90,16.00,32.36,2,6.80,39.16,6,3,NULL,0.00,0.00,NULL,'R, 01-3479',NULL,NULL,0,1,'2024-08-29 00:38:09','2024-08-29 00:38:09',NULL),(389,NULL,0,1,40920,40986,'LAMBDA - IMPACTUS-TECNOMYL',NULL,'422',6,20,1,26.00,16.00,30.16,2,6.33,36.49,6,3,NULL,0.00,0.00,NULL,'R. 01-3479',NULL,NULL,0,1,'2024-08-29 00:38:09','2024-08-29 00:38:09',NULL),(390,NULL,0,1,40920,40985,'IMID+LAMB+ABA CYCLON PLUS ',NULL,'423',6,20,1,10.00,16.00,11.60,2,2.44,14.04,6,3,NULL,0.00,0.00,NULL,'R,02-2356',NULL,NULL,0,1,'2024-08-29 00:38:09','2024-08-29 00:38:09',NULL),(391,NULL,0,1,40920,41125,'PASTILLAS DE FOSFURO',NULL,'424',2,20,1,1.00,16.00,1.16,2,0.24,1.40,6,3,NULL,0.00,0.00,NULL,NULL,NULL,NULL,0,1,'2024-08-29 00:38:09','2024-08-29 00:38:09',NULL),(392,NULL,0,1,40920,40985,'LAMBDACIALOTRINA 25% PHYLAGRO',NULL,'425',6,20,1,1.00,16.00,1.16,2,0.24,1.40,6,1,NULL,0.00,0.00,NULL,'R.02-2836',NULL,NULL,0,1,'2024-08-29 00:38:09','2024-08-29 00:38:09',NULL),(393,NULL,0,1,40920,40985,'CEBOL CARBARYL 8% ',NULL,'426',2,20,1,1.00,16.00,1.16,2,0.24,1.40,6,1,NULL,0.00,0.00,NULL,'R. 02-2987',NULL,NULL,0,1,'2024-08-29 00:38:09','2024-08-29 00:38:09',NULL),(394,NULL,0,1,40920,40985,'SOLOMON IMID 21 %+BETA-CIFLUTR9%',NULL,'427',6,20,1,1.00,16.00,1.16,2,0.24,1.40,6,1,NULL,0.00,0.00,NULL,'R. 02-3241',NULL,NULL,0,1,'2024-08-29 00:38:10','2024-08-29 00:38:10',NULL),(395,NULL,0,1,40920,40985,'BIFEN 18% + ZETACIP 20% HERO ',NULL,'428',6,20,1,1.00,16.00,1.16,2,0.24,1.40,6,1,NULL,0.00,0.00,NULL,'R. 02-3241',NULL,NULL,0,1,'2024-08-29 00:38:10','2024-08-29 00:38:10',NULL);
INSERT INTO `inv_productos` VALUES (396,NULL,0,1,40920,40985,'BIFEN 10% KUDASAI ',NULL,'429',6,20,1,1.00,16.00,1.16,2,0.24,1.40,6,1,NULL,0.00,0.00,NULL,'R. 02-3269',NULL,NULL,0,1,'2024-08-29 00:38:10','2024-08-29 00:38:10',NULL),(397,NULL,0,1,40920,40988,'SRM 566 VT TRIPLE PRO R 20',NULL,'501',2,21,2,190.00,16.00,220.40,2,46.28,263750.48,6,3,NULL,0.00,0.00,NULL,NULL,NULL,NULL,0,1,'2024-08-29 00:38:10','2024-08-29 00:38:10',NULL),(398,NULL,0,1,40920,NULL,'MAIZ',NULL,'502',8,28,1,1.00,16.00,1.16,2,0.24,1.40,6,1,NULL,0.00,0.00,NULL,'01-143553',NULL,NULL,0,1,'2024-08-29 00:38:10','2024-08-29 00:38:10',NULL),(399,NULL,0,1,40920,41972,'P2021PWUE ',NULL,'503',8,28,1,1.00,16.00,1.16,2,0.24,1.40,6,1,NULL,0.00,0.00,NULL,'01-143553',NULL,NULL,0,1,'2024-08-29 00:38:10','2024-08-29 00:38:10',NULL),(400,NULL,0,1,40920,41972,'RFG22RE',NULL,'504',8,28,1,1.00,16.00,1.16,2,0.24,1.40,6,1,NULL,0.00,0.00,NULL,'01-143553',NULL,NULL,0,1,'2024-08-29 00:38:10','2024-08-29 00:38:10',NULL),(401,NULL,0,1,40920,40920,'MAIZ',NULL,'601',2,22,1,0.00,0.00,0.00,6,0.00,0.00,6,3,NULL,0.00,0.00,NULL,'CAMPO YIYA',NULL,NULL,0,1,'2024-08-29 00:38:10','2024-08-29 00:38:10',NULL),(402,NULL,0,1,40920,40920,'SOJA',NULL,'602',2,23,1,0.00,0.00,0.00,6,0.00,0.00,6,3,NULL,0.00,0.00,NULL,'CAMPO ROVERA',NULL,NULL,0,1,'2024-08-29 00:38:10','2024-08-29 00:38:10',NULL),(403,NULL,0,1,40920,40985,'COLORANTE VEGETAL RED SEED CA 1103',NULL,'701',6,26,1,1.00,16.00,1.16,2,0.24,1.40,6,1,NULL,0.00,0.00,NULL,'R. 02-2789',NULL,NULL,0,1,'2024-08-29 00:38:10','2024-08-29 00:38:10',NULL),(404,NULL,0,1,40920,40985,'CLORANTE VEGETAL BLUE SEED CA 1015',NULL,'702',6,26,1,1.00,16.00,1.16,2,0.24,1.40,6,1,NULL,0.00,0.00,NULL,'R. 02-2789',NULL,NULL,0,1,'2024-08-29 00:38:10','2024-08-29 00:38:10',NULL),(405,NULL,0,1,40920,40985,'COLORANTE VEGETAL GREEN SEED CA 1007',NULL,'703',6,26,1,1.00,16.00,1.16,2,0.24,1.40,6,1,NULL,0.00,0.00,NULL,'R. 02-2789',NULL,NULL,0,1,'2024-08-29 00:38:10','2024-08-29 00:38:10',NULL),(406,NULL,0,1,40920,40985,'CLORANTE VEGETAL ROJO CONCENTRADO CHEMPOR ',NULL,'704',6,26,1,1.00,16.00,1.16,2,0.24,1.40,6,1,NULL,0.00,0.00,NULL,'R. 02-2789',NULL,NULL,0,1,'2024-08-29 00:38:10','2024-08-29 00:38:10',NULL),(407,NULL,0,1,40920,40985,'NICOSULFURON 24% LOOP',NULL,'801',6,19,1,1.00,16.00,1.16,2,0.24,1.40,6,1,NULL,0.00,0.00,NULL,'R. 02-2836',NULL,NULL,0,1,'2024-08-29 00:38:10','2024-08-29 00:38:10',NULL),(408,NULL,0,1,40920,40985,'S-METOLACLORO 96% CHEMOCLOR ',NULL,'802',6,19,1,1.00,16.00,1.16,2,0.24,1.40,6,1,NULL,0.00,0.00,NULL,'R. 02-2838',NULL,NULL,0,1,'2024-08-29 00:38:10','2024-08-29 00:38:10',NULL),(409,NULL,0,1,40920,40985,'NICOSULFURON RAINCO XTRA 75%',NULL,'803',2,19,1,1.00,16.00,1.16,2,0.24,1.40,6,1,NULL,0.00,0.00,NULL,'R, 1461',NULL,NULL,0,1,'2024-08-29 00:38:11','2024-08-29 00:38:11',NULL),(410,NULL,0,1,40920,40985,'SHERIFF MAX QUIZALOFOP P ETIL 10.8%',NULL,'804',6,19,1,1.00,16.00,1.16,2,0.24,1.40,6,1,NULL,0.00,0.00,NULL,'R. 02-2880',NULL,NULL,0,1,'2024-08-29 00:38:11','2024-08-29 00:38:11',NULL),(411,NULL,0,1,40920,40985,'2 4 D 89% ESTER ETILEXILICO SIGMA ',NULL,'805',6,19,1,1.00,16.00,1.16,2,0.24,1.40,6,1,NULL,0.00,0.00,NULL,'R. 02-2933',NULL,NULL,0,1,'2024-08-29 00:38:11','2024-08-29 00:38:11',NULL),(412,NULL,0,1,40920,40985,'S-METOLACLORO 96% FLONTUS ',NULL,'806',6,19,1,1.00,16.00,1.16,2,0.24,1.40,6,1,NULL,0.00,0.00,NULL,'R.02-2933',NULL,NULL,0,1,'2024-08-29 00:38:11','2024-08-29 00:38:11',NULL),(413,NULL,0,1,40920,41673,'GLUFOSINATO DE AMONIO 20% SIGMA ',NULL,'807',6,19,1,1.00,16.00,1.16,2,0.24,1.40,6,1,NULL,0.00,0.00,NULL,'R. 1550',NULL,NULL,0,1,'2024-08-29 00:38:11','2024-08-29 00:38:11',NULL),(414,NULL,0,1,40920,40985,'HALOXIFOP METIL 93.5 % GALANT MAX ',NULL,'808',6,19,1,1.00,16.00,1.16,2,0.24,1.40,6,1,NULL,0.00,0.00,NULL,'R. 02-2969',NULL,NULL,0,1,'2024-08-29 00:38:11','2024-08-29 00:38:11',NULL),(415,NULL,0,1,40920,41139,'ATRAZINA AL 90% GOTEN',NULL,'809',2,19,1,1.00,16.00,1.16,2,0.24,1.40,6,1,NULL,0.00,0.00,NULL,'3-416',NULL,NULL,0,1,'2024-08-29 00:38:11','2024-08-29 00:38:11',NULL);
INSERT INTO `inv_productos` VALUES (416,NULL,0,1,40920,40985,'GLIFOSATO 66% LA TIJERETA PLATINUM II',NULL,'810',6,19,1,1.00,16.00,1.16,2,0.24,1.40,6,1,NULL,0.00,0.00,NULL,'R. 02-3126',NULL,NULL,0,1,'2024-08-29 00:38:11','2024-08-29 00:38:11',NULL),(417,NULL,0,1,40920,40985,'GLIFOSATO 62% NUVOXL ',NULL,'811',6,19,1,1.00,16.00,1.16,2,0.24,1.40,6,1,NULL,0.00,0.00,NULL,'R. 02-3193',NULL,NULL,0,1,'2024-08-29 00:38:11','2024-08-29 00:38:11',NULL),(418,NULL,0,1,40920,40985,'ATRAZINA 90% SIGMA ',NULL,'812',2,19,1,1.00,16.00,1.16,2,0.24,1.40,6,1,NULL,0.00,0.00,NULL,'R. 02-3193',NULL,NULL,0,1,'2024-08-29 00:38:11','2024-08-29 00:38:11',NULL),(419,NULL,0,1,40920,40985,'GLIFOSATO 79% LA TIJERETA BOX ',NULL,'813',2,19,1,1.00,16.00,1.16,2,0.24,1.40,6,1,NULL,0.00,0.00,NULL,'R. 02-3193',NULL,NULL,0,1,'2024-08-29 00:38:11','2024-08-29 00:38:11',NULL),(420,NULL,0,1,40920,40985,'ADENGO THIENCARB+ISOXAF+CYPROSULF',NULL,'814',6,19,1,1.00,16.00,1.16,2,0.24,1.40,6,1,NULL,0.00,0.00,NULL,'R. 02-3220',NULL,NULL,0,1,'2024-08-29 00:38:11','2024-08-29 00:38:11',NULL),(421,NULL,0,1,40920,40985,'DICAMBA 58%  FORMULAGRO ',NULL,'815',6,19,1,1.00,16.00,1.16,2,0.24,1.40,6,1,NULL,0.00,0.00,'2024-05-31 00:00:00','02-3469',NULL,NULL,0,1,'2024-08-29 00:38:11','2024-08-29 00:38:11',NULL),(422,7463,0,1,40920,40985,'DICAMBA 57.7% CAMARADE MYL',NULL,'816',6,19,1,1.00,16.00,1.16,2,0.24,1.40,6,1,NULL,0.00,0.00,'2024-06-25 00:00:00','',NULL,NULL,0,1,'2024-08-29 00:38:11','2024-08-29 16:50:01','2024-08-29 16:50:01'),(423,NULL,0,1,40920,40985,'DICAMBA 57.8 % CONTROLE ',NULL,'817',6,19,1,0.00,0.00,0.00,2,0.00,0.00,6,1,NULL,0.00,0.00,'2024-06-27 00:00:00','R 02-3519',NULL,NULL,0,1,'2024-08-29 00:38:11','2024-08-29 00:38:11',NULL),(424,NULL,0,1,40920,41004,'METSULFURON 60% ACA ',NULL,'818',2,19,1,0.00,0.00,0.00,2,0.00,0.00,6,1,NULL,0.00,0.00,'2024-06-27 00:00:00','R. 15-1156',NULL,NULL,0,1,'2024-08-29 00:38:12','2024-08-29 00:38:12',NULL),(425,NULL,0,1,40920,40985,'PICLORAN 27.60 % GLORIUS ',NULL,'819',6,19,1,0.00,0.00,0.00,2,0.00,0.00,6,1,NULL,0.00,0.00,'2024-07-04 00:00:00','R, 02-3537',NULL,NULL,0,1,'2024-08-29 00:38:12','2024-08-29 00:38:12',NULL),(426,7463,0,1,40920,41673,'BOLSON SILAJE 75 MTS REFORZADO',NULL,'901',3,22,1,0.00,0.00,0.00,2,0.00,0.00,6,1,NULL,0.00,0.00,'2024-07-16 00:00:00','1970',NULL,NULL,0,1,'2024-08-29 00:38:12','2024-08-29 16:46:32','2024-08-29 16:46:32');

--
-- Table structure for table `inv_productos_tipos`
--

CREATE TABLE `inv_productos_tipos` (
  `id` bigint(20) unsigned NOT NULL AUTO_INCREMENT,
  `user_id` int(10) unsigned DEFAULT NULL,
  `descripcion` text COLLATE utf8mb4_unicode_ci NOT NULL,
  `habilitado` tinyint(1) NOT NULL DEFAULT '1',
  `created_at` timestamp NULL DEFAULT NULL,
  `updated_at` timestamp NULL DEFAULT NULL,
  `deleted_at` timestamp NULL DEFAULT NULL,
  PRIMARY KEY (`id`)
) ENGINE=InnoDB AUTO_INCREMENT=3 DEFAULT CHARSET=utf8mb4 COLLATE=utf8mb4_unicode_ci;

--
-- Dumping data for table `inv_productos_tipos`
--

INSERT INTO `inv_productos_tipos` VALUES (1,NULL,'Unitario',1,NULL,NULL,NULL),(2,NULL,'Combo',1,NULL,NULL,NULL);

--
-- Table structure for table `inv_productos_ubicaciones`
--

CREATE TABLE `inv_productos_ubicaciones` (
  `id` bigint(20) unsigned NOT NULL AUTO_INCREMENT,
  `user_id` int(10) unsigned DEFAULT NULL,
  `person_id` int(10) unsigned DEFAULT NULL,
  `inv_product_id` bigint(20) unsigned NOT NULL,
  `inv_ubicacion_id` bigint(20) unsigned NOT NULL,
  `comentario` longtext COLLATE utf8mb4_unicode_ci,
  `created_at` timestamp NULL DEFAULT NULL,
  `updated_at` timestamp NULL DEFAULT NULL,
  `deleted_at` timestamp NULL DEFAULT NULL,
  PRIMARY KEY (`id`),
  KEY `inv_productos_ubicaciones_inv_product_id_foreign` (`inv_product_id`),
  KEY `inv_productos_ubicaciones_inv_ubicacion_id_foreign` (`inv_ubicacion_id`),
  KEY `inv_productos_ubicaciones_person_id_foreign` (`person_id`),
  CONSTRAINT `inv_productos_ubicaciones_inv_product_id_foreign` FOREIGN KEY (`inv_product_id`) REFERENCES `inv_productos` (`id`),
  CONSTRAINT `inv_productos_ubicaciones_inv_ubicacion_id_foreign` FOREIGN KEY (`inv_ubicacion_id`) REFERENCES `inv_ubicaciones` (`id`),
  CONSTRAINT `inv_productos_ubicaciones_person_id_foreign` FOREIGN KEY (`person_id`) REFERENCES `persons` (`id`)
) ENGINE=InnoDB AUTO_INCREMENT=179 DEFAULT CHARSET=utf8mb4 COLLATE=utf8mb4_unicode_ci;

--
-- Dumping data for table `inv_productos_ubicaciones`
--

INSERT INTO `inv_productos_ubicaciones` VALUES (1,NULL,40920,249,2,'Ubicación Inicial','2024-08-29 00:37:57','2024-08-29 00:37:57',NULL),(2,NULL,40920,250,2,'Ubicación Inicial','2024-08-29 00:37:58','2024-08-29 00:37:58',NULL),(3,NULL,40920,251,2,'Ubicación Inicial','2024-08-29 00:37:58','2024-08-29 00:37:58',NULL),(4,NULL,40920,252,2,'Ubicación Inicial','2024-08-29 00:37:58','2024-08-29 00:37:58',NULL),(5,NULL,40920,253,2,'Ubicación Inicial','2024-08-29 00:37:58','2024-08-29 00:37:58',NULL),(6,NULL,40920,254,2,'Ubicación Inicial','2024-08-29 00:37:58','2024-08-29 00:37:58',NULL),(7,NULL,40920,255,2,'Ubicación Inicial','2024-08-29 00:37:58','2024-08-29 00:37:58',NULL),(8,NULL,40920,256,2,'Ubicación Inicial','2024-08-29 00:37:58','2024-08-29 00:37:58',NULL),(9,NULL,40920,257,2,'Ubicación Inicial','2024-08-29 00:37:58','2024-08-29 00:37:58',NULL),(10,NULL,40920,258,2,'Ubicación Inicial','2024-08-29 00:37:58','2024-08-29 00:37:58',NULL),(11,NULL,40920,259,2,'Ubicación Inicial','2024-08-29 00:37:58','2024-08-29 00:37:58',NULL),(12,NULL,40920,260,2,'Ubicación Inicial','2024-08-29 00:37:58','2024-08-29 00:37:58',NULL),(13,NULL,40920,261,2,'Ubicación Inicial','2024-08-29 00:37:58','2024-08-29 00:37:58',NULL),(14,NULL,40920,262,2,'Ubicación Inicial','2024-08-29 00:37:58','2024-08-29 00:37:58',NULL),(15,NULL,40920,263,2,'Ubicación Inicial','2024-08-29 00:37:58','2024-08-29 00:37:58',NULL),(16,NULL,40920,264,2,'Ubicación Inicial','2024-08-29 00:37:58','2024-08-29 00:37:58',NULL),(17,NULL,40920,265,2,'Ubicación Inicial','2024-08-29 00:37:59','2024-08-29 00:37:59',NULL),(18,NULL,40920,266,2,'Ubicación Inicial','2024-08-29 00:37:59','2024-08-29 00:37:59',NULL),(19,NULL,40920,267,2,'Ubicación Inicial','2024-08-29 00:37:59','2024-08-29 00:37:59',NULL),(20,NULL,40920,268,2,'Ubicación Inicial','2024-08-29 00:37:59','2024-08-29 00:37:59',NULL),(21,NULL,40920,269,2,'Ubicación Inicial','2024-08-29 00:37:59','2024-08-29 00:37:59',NULL),(22,NULL,40920,270,2,'Ubicación Inicial','2024-08-29 00:37:59','2024-08-29 00:37:59',NULL),(23,NULL,40920,271,2,'Ubicación Inicial','2024-08-29 00:37:59','2024-08-29 00:37:59',NULL),(24,NULL,40920,272,2,'Ubicación Inicial','2024-08-29 00:37:59','2024-08-29 00:37:59',NULL),(25,NULL,40920,273,2,'Ubicación Inicial','2024-08-29 00:37:59','2024-08-29 00:37:59',NULL),(26,NULL,40920,274,2,'Ubicación Inicial','2024-08-29 00:37:59','2024-08-29 00:37:59',NULL),(27,NULL,40920,275,2,'Ubicación Inicial','2024-08-29 00:37:59','2024-08-29 00:37:59',NULL),(28,NULL,40920,276,2,'Ubicación Inicial','2024-08-29 00:37:59','2024-08-29 00:37:59',NULL),(29,NULL,40920,277,2,'Ubicación Inicial','2024-08-29 00:37:59','2024-08-29 00:37:59',NULL),(30,NULL,40920,278,2,'Ubicación Inicial','2024-08-29 00:37:59','2024-08-29 00:37:59',NULL),(31,NULL,40920,279,2,'Ubicación Inicial','2024-08-29 00:37:59','2024-08-29 00:37:59',NULL),(32,NULL,40920,280,2,'Ubicación Inicial','2024-08-29 00:37:59','2024-08-29 00:37:59',NULL),(33,NULL,40920,281,2,'Ubicación Inicial','2024-08-29 00:38:00','2024-08-29 00:38:00',NULL),(34,NULL,40920,282,2,'Ubicación Inicial','2024-08-29 00:38:00','2024-08-29 00:38:00',NULL),(35,NULL,40920,283,2,'Ubicación Inicial','2024-08-29 00:38:00','2024-08-29 00:38:00',NULL),(36,NULL,40920,284,2,'Ubicación Inicial','2024-08-29 00:38:00','2024-08-29 00:38:00',NULL),(37,NULL,40920,285,2,'Ubicación Inicial','2024-08-29 00:38:00','2024-08-29 00:38:00',NULL),(38,NULL,40920,286,2,'Ubicación Inicial','2024-08-29 00:38:00','2024-08-29 00:38:00',NULL),(39,NULL,40920,287,2,'Ubicación Inicial','2024-08-29 00:38:00','2024-08-29 00:38:00',NULL),(40,NULL,40920,288,2,'Ubicación Inicial','2024-08-29 00:38:00','2024-08-29 00:38:00',NULL),(41,NULL,40920,289,2,'Ubicación Inicial','2024-08-29 00:38:00','2024-08-29 00:38:00',NULL),(42,NULL,40920,290,2,'Ubicación Inicial','2024-08-29 00:38:00','2024-08-29 00:38:00',NULL),(43,NULL,40920,291,2,'Ubicación Inicial','2024-08-29 00:38:00','2024-08-29 00:38:00',NULL);
INSERT INTO `inv_productos_ubicaciones` VALUES (44,NULL,40920,292,2,'Ubicación Inicial','2024-08-29 00:38:00','2024-08-29 00:38:00',NULL),(45,NULL,40920,293,2,'Ubicación Inicial','2024-08-29 00:38:01','2024-08-29 00:38:01',NULL),(46,NULL,40920,294,2,'Ubicación Inicial','2024-08-29 00:38:01','2024-08-29 00:38:01',NULL),(47,NULL,40920,295,2,'Ubicación Inicial','2024-08-29 00:38:01','2024-08-29 00:38:01',NULL),(48,NULL,40920,296,2,'Ubicación Inicial','2024-08-29 00:38:01','2024-08-29 00:38:01',NULL),(49,NULL,40920,297,2,'Ubicación Inicial','2024-08-29 00:38:01','2024-08-29 00:38:01',NULL),(50,NULL,40920,298,2,'Ubicación Inicial','2024-08-29 00:38:01','2024-08-29 00:38:01',NULL),(51,NULL,40920,299,2,'Ubicación Inicial','2024-08-29 00:38:01','2024-08-29 00:38:01',NULL),(52,NULL,40920,300,2,'Ubicación Inicial','2024-08-29 00:38:01','2024-08-29 00:38:01',NULL),(53,NULL,40920,301,2,'Ubicación Inicial','2024-08-29 00:38:01','2024-08-29 00:38:01',NULL),(54,NULL,40920,302,2,'Ubicación Inicial','2024-08-29 00:38:01','2024-08-29 00:38:01',NULL),(55,NULL,40920,303,2,'Ubicación Inicial','2024-08-29 00:38:01','2024-08-29 00:38:01',NULL),(56,NULL,40920,304,2,'Ubicación Inicial','2024-08-29 00:38:02','2024-08-29 00:38:02',NULL),(57,NULL,40920,305,2,'Ubicación Inicial','2024-08-29 00:38:02','2024-08-29 00:38:02',NULL),(58,NULL,40920,306,2,'Ubicación Inicial','2024-08-29 00:38:02','2024-08-29 00:38:02',NULL),(59,NULL,40920,307,2,'Ubicación Inicial','2024-08-29 00:38:02','2024-08-29 00:38:02',NULL),(60,NULL,40920,308,2,'Ubicación Inicial','2024-08-29 00:38:02','2024-08-29 00:38:02',NULL),(61,NULL,40920,309,2,'Ubicación Inicial','2024-08-29 00:38:02','2024-08-29 00:38:02',NULL),(62,NULL,40920,310,2,'Ubicación Inicial','2024-08-29 00:38:02','2024-08-29 00:38:02',NULL),(63,NULL,40920,311,2,'Ubicación Inicial','2024-08-29 00:38:02','2024-08-29 00:38:02',NULL),(64,NULL,40920,312,2,'Ubicación Inicial','2024-08-29 00:38:02','2024-08-29 00:38:02',NULL),(65,NULL,40920,313,2,'Ubicación Inicial','2024-08-29 00:38:02','2024-08-29 00:38:02',NULL),(66,NULL,40920,314,2,'Ubicación Inicial','2024-08-29 00:38:03','2024-08-29 00:38:03',NULL),(67,NULL,40920,315,2,'Ubicación Inicial','2024-08-29 00:38:03','2024-08-29 00:38:03',NULL),(68,NULL,40920,316,2,'Ubicación Inicial','2024-08-29 00:38:03','2024-08-29 00:38:03',NULL),(69,NULL,40920,317,2,'Ubicación Inicial','2024-08-29 00:38:03','2024-08-29 00:38:03',NULL),(70,NULL,40920,318,2,'Ubicación Inicial','2024-08-29 00:38:03','2024-08-29 00:38:03',NULL),(71,NULL,40920,319,2,'Ubicación Inicial','2024-08-29 00:38:03','2024-08-29 00:38:03',NULL),(72,NULL,40920,320,2,'Ubicación Inicial','2024-08-29 00:38:03','2024-08-29 00:38:03',NULL),(73,NULL,40920,321,2,'Ubicación Inicial','2024-08-29 00:38:03','2024-08-29 00:38:03',NULL),(74,NULL,40920,322,2,'Ubicación Inicial','2024-08-29 00:38:03','2024-08-29 00:38:03',NULL),(75,NULL,40920,323,2,'Ubicación Inicial','2024-08-29 00:38:04','2024-08-29 00:38:04',NULL),(76,NULL,40920,324,2,'Ubicación Inicial','2024-08-29 00:38:04','2024-08-29 00:38:04',NULL),(77,NULL,40920,325,2,'Ubicación Inicial','2024-08-29 00:38:04','2024-08-29 00:38:04',NULL),(78,NULL,40920,326,2,'Ubicación Inicial','2024-08-29 00:38:04','2024-08-29 00:38:04',NULL),(79,NULL,40920,327,2,'Ubicación Inicial','2024-08-29 00:38:04','2024-08-29 00:38:04',NULL),(80,NULL,40920,328,2,'Ubicación Inicial','2024-08-29 00:38:04','2024-08-29 00:38:04',NULL),(81,NULL,40920,329,2,'Ubicación Inicial','2024-08-29 00:38:04','2024-08-29 00:38:04',NULL),(82,NULL,40920,330,2,'Ubicación Inicial','2024-08-29 00:38:04','2024-08-29 00:38:04',NULL),(83,NULL,40920,331,2,'Ubicación Inicial','2024-08-29 00:38:04','2024-08-29 00:38:04',NULL),(84,NULL,40920,332,2,'Ubicación Inicial','2024-08-29 00:38:05','2024-08-29 00:38:05',NULL),(85,NULL,40920,333,2,'Ubicación Inicial','2024-08-29 00:38:05','2024-08-29 00:38:05',NULL),(86,NULL,40920,334,2,'Ubicación Inicial','2024-08-29 00:38:05','2024-08-29 00:38:05',NULL);
INSERT INTO `inv_productos_ubicaciones` VALUES (87,NULL,40920,335,2,'Ubicación Inicial','2024-08-29 00:38:05','2024-08-29 00:38:05',NULL),(88,NULL,40920,336,2,'Ubicación Inicial','2024-08-29 00:38:05','2024-08-29 00:38:05',NULL),(89,NULL,40920,337,2,'Ubicación Inicial','2024-08-29 00:38:05','2024-08-29 00:38:05',NULL),(90,NULL,40920,338,2,'Ubicación Inicial','2024-08-29 00:38:05','2024-08-29 00:38:05',NULL),(91,NULL,40920,339,2,'Ubicación Inicial','2024-08-29 00:38:05','2024-08-29 00:38:05',NULL),(92,NULL,40920,340,2,'Ubicación Inicial','2024-08-29 00:38:05','2024-08-29 00:38:05',NULL),(93,NULL,40920,341,2,'Ubicación Inicial','2024-08-29 00:38:05','2024-08-29 00:38:05',NULL),(94,NULL,40920,342,2,'Ubicación Inicial','2024-08-29 00:38:05','2024-08-29 00:38:05',NULL),(95,NULL,40920,343,2,'Ubicación Inicial','2024-08-29 00:38:06','2024-08-29 00:38:06',NULL),(96,NULL,40920,344,2,'Ubicación Inicial','2024-08-29 00:38:06','2024-08-29 00:38:06',NULL),(97,NULL,40920,345,2,'Ubicación Inicial','2024-08-29 00:38:06','2024-08-29 00:38:06',NULL),(98,NULL,40920,346,2,'Ubicación Inicial','2024-08-29 00:38:06','2024-08-29 00:38:06',NULL),(99,NULL,40920,347,2,'Ubicación Inicial','2024-08-29 00:38:06','2024-08-29 00:38:06',NULL),(100,NULL,40920,348,2,'Ubicación Inicial','2024-08-29 00:38:06','2024-08-29 00:38:06',NULL),(101,NULL,40920,349,2,'Ubicación Inicial','2024-08-29 00:38:06','2024-08-29 00:38:06',NULL),(102,NULL,40920,350,2,'Ubicación Inicial','2024-08-29 00:38:06','2024-08-29 00:38:06',NULL),(103,NULL,40920,351,2,'Ubicación Inicial','2024-08-29 00:38:06','2024-08-29 00:38:06',NULL),(104,NULL,40920,352,2,'Ubicación Inicial','2024-08-29 00:38:06','2024-08-29 00:38:06',NULL),(105,NULL,40920,353,2,'Ubicación Inicial','2024-08-29 00:38:06','2024-08-29 00:38:06',NULL),(106,NULL,40920,354,2,'Ubicación Inicial','2024-08-29 00:38:07','2024-08-29 00:38:07',NULL),(107,NULL,40920,355,2,'Ubicación Inicial','2024-08-29 00:38:07','2024-08-29 00:38:07',NULL),(108,NULL,40920,356,2,'Ubicación Inicial','2024-08-29 00:38:07','2024-08-29 00:38:07',NULL),(109,NULL,40920,357,2,'Ubicación Inicial','2024-08-29 00:38:07','2024-08-29 00:38:07',NULL),(110,NULL,40920,358,2,'Ubicación Inicial','2024-08-29 00:38:07','2024-08-29 00:38:07',NULL),(111,NULL,40920,359,2,'Ubicación Inicial','2024-08-29 00:38:07','2024-08-29 00:38:07',NULL),(112,NULL,40920,360,2,'Ubicación Inicial','2024-08-29 00:38:07','2024-08-29 00:38:07',NULL),(113,NULL,40920,361,2,'Ubicación Inicial','2024-08-29 00:38:07','2024-08-29 00:38:07',NULL),(114,NULL,40920,362,2,'Ubicación Inicial','2024-08-29 00:38:07','2024-08-29 00:38:07',NULL),(115,NULL,40920,363,2,'Ubicación Inicial','2024-08-29 00:38:07','2024-08-29 00:38:07',NULL),(116,NULL,40920,364,2,'Ubicación Inicial','2024-08-29 00:38:07','2024-08-29 00:38:07',NULL),(117,NULL,40920,365,2,'Ubicación Inicial','2024-08-29 00:38:07','2024-08-29 00:38:07',NULL),(118,NULL,40920,366,2,'Ubicación Inicial','2024-08-29 00:38:08','2024-08-29 00:38:08',NULL),(119,NULL,40920,367,2,'Ubicación Inicial','2024-08-29 00:38:08','2024-08-29 00:38:08',NULL),(120,NULL,40920,368,2,'Ubicación Inicial','2024-08-29 00:38:08','2024-08-29 00:38:08',NULL),(121,NULL,40920,369,2,'Ubicación Inicial','2024-08-29 00:38:08','2024-08-29 00:38:08',NULL),(122,NULL,40920,370,2,'Ubicación Inicial','2024-08-29 00:38:08','2024-08-29 00:38:08',NULL),(123,NULL,40920,371,2,'Ubicación Inicial','2024-08-29 00:38:08','2024-08-29 00:38:08',NULL),(124,NULL,40920,372,2,'Ubicación Inicial','2024-08-29 00:38:08','2024-08-29 00:38:08',NULL),(125,NULL,40920,373,2,'Ubicación Inicial','2024-08-29 00:38:08','2024-08-29 00:38:08',NULL),(126,NULL,40920,374,2,'Ubicación Inicial','2024-08-29 00:38:08','2024-08-29 00:38:08',NULL),(127,NULL,40920,375,2,'Ubicación Inicial','2024-08-29 00:38:08','2024-08-29 00:38:08',NULL),(128,NULL,40920,376,2,'Ubicación Inicial','2024-08-29 00:38:08','2024-08-29 00:38:08',NULL),(129,NULL,40920,377,2,'Ubicación Inicial','2024-08-29 00:38:08','2024-08-29 00:38:08',NULL);
INSERT INTO `inv_productos_ubicaciones` VALUES (130,NULL,40920,378,2,'Ubicación Inicial','2024-08-29 00:38:08','2024-08-29 00:38:08',NULL),(131,NULL,40920,379,2,'Ubicación Inicial','2024-08-29 00:38:09','2024-08-29 00:38:09',NULL),(132,NULL,40920,380,2,'Ubicación Inicial','2024-08-29 00:38:09','2024-08-29 00:38:09',NULL),(133,NULL,40920,381,2,'Ubicación Inicial','2024-08-29 00:38:09','2024-08-29 00:38:09',NULL),(134,NULL,40920,382,2,'Ubicación Inicial','2024-08-29 00:38:09','2024-08-29 00:38:09',NULL),(135,NULL,40920,383,2,'Ubicación Inicial','2024-08-29 00:38:09','2024-08-29 00:38:09',NULL),(136,NULL,40920,384,2,'Ubicación Inicial','2024-08-29 00:38:09','2024-08-29 00:38:09',NULL),(137,NULL,40920,385,2,'Ubicación Inicial','2024-08-29 00:38:09','2024-08-29 00:38:09',NULL),(138,NULL,40920,386,2,'Ubicación Inicial','2024-08-29 00:38:09','2024-08-29 00:38:09',NULL),(139,NULL,40920,387,2,'Ubicación Inicial','2024-08-29 00:38:09','2024-08-29 00:38:09',NULL),(140,NULL,40920,388,2,'Ubicación Inicial','2024-08-29 00:38:09','2024-08-29 00:38:09',NULL),(141,NULL,40920,389,2,'Ubicación Inicial','2024-08-29 00:38:09','2024-08-29 00:38:09',NULL),(142,NULL,40920,390,2,'Ubicación Inicial','2024-08-29 00:38:09','2024-08-29 00:38:09',NULL),(143,NULL,40920,391,2,'Ubicación Inicial','2024-08-29 00:38:09','2024-08-29 00:38:09',NULL),(144,NULL,40920,392,2,'Ubicación Inicial','2024-08-29 00:38:09','2024-08-29 00:38:09',NULL),(145,NULL,40920,393,2,'Ubicación Inicial','2024-08-29 00:38:09','2024-08-29 00:38:09',NULL),(146,NULL,40920,394,2,'Ubicación Inicial','2024-08-29 00:38:10','2024-08-29 00:38:10',NULL),(147,NULL,40920,395,2,'Ubicación Inicial','2024-08-29 00:38:10','2024-08-29 00:38:10',NULL),(148,NULL,40920,396,2,'Ubicación Inicial','2024-08-29 00:38:10','2024-08-29 00:38:10',NULL),(149,NULL,40920,397,2,'Ubicación Inicial','2024-08-29 00:38:10','2024-08-29 00:38:10',NULL),(150,NULL,40920,398,2,'Ubicación Inicial','2024-08-29 00:38:10','2024-08-29 00:38:10',NULL),(151,NULL,40920,399,2,'Ubicación Inicial','2024-08-29 00:38:10','2024-08-29 00:38:10',NULL),(152,NULL,40920,400,2,'Ubicación Inicial','2024-08-29 00:38:10','2024-08-29 00:38:10',NULL),(153,NULL,40920,401,3,'Ubicación Inicial','2024-08-29 00:38:10','2024-08-29 00:38:10',NULL),(154,NULL,40920,402,3,'Ubicación Inicial','2024-08-29 00:38:10','2024-08-29 00:38:10',NULL),(155,NULL,40920,403,2,'Ubicación Inicial','2024-08-29 00:38:10','2024-08-29 00:38:10',NULL),(156,NULL,40920,404,2,'Ubicación Inicial','2024-08-29 00:38:10','2024-08-29 00:38:10',NULL),(157,NULL,40920,405,2,'Ubicación Inicial','2024-08-29 00:38:10','2024-08-29 00:38:10',NULL),(158,NULL,40920,406,2,'Ubicación Inicial','2024-08-29 00:38:10','2024-08-29 00:38:10',NULL),(159,NULL,40920,407,2,'Ubicación Inicial','2024-08-29 00:38:10','2024-08-29 00:38:10',NULL),(160,NULL,40920,408,2,'Ubicación Inicial','2024-08-29 00:38:10','2024-08-29 00:38:10',NULL),(161,NULL,40920,409,2,'Ubicación Inicial','2024-08-29 00:38:11','2024-08-29 00:38:11',NULL),(162,NULL,40920,410,2,'Ubicación Inicial','2024-08-29 00:38:11','2024-08-29 00:38:11',NULL),(163,NULL,40920,411,2,'Ubicación Inicial','2024-08-29 00:38:11','2024-08-29 00:38:11',NULL),(164,NULL,40920,412,2,'Ubicación Inicial','2024-08-29 00:38:11','2024-08-29 00:38:11',NULL),(165,NULL,40920,413,2,'Ubicación Inicial','2024-08-29 00:38:11','2024-08-29 00:38:11',NULL),(166,NULL,40920,414,2,'Ubicación Inicial','2024-08-29 00:38:11','2024-08-29 00:38:11',NULL),(167,NULL,40920,415,2,'Ubicación Inicial','2024-08-29 00:38:11','2024-08-29 00:38:11',NULL),(168,NULL,40920,416,2,'Ubicación Inicial','2024-08-29 00:38:11','2024-08-29 00:38:11',NULL),(169,NULL,40920,417,2,'Ubicación Inicial','2024-08-29 00:38:11','2024-08-29 00:38:11',NULL),(170,NULL,40920,418,2,'Ubicación Inicial','2024-08-29 00:38:11','2024-08-29 00:38:11',NULL),(171,NULL,40920,419,2,'Ubicación Inicial','2024-08-29 00:38:11','2024-08-29 00:38:11',NULL),(172,NULL,40920,420,2,'Ubicación Inicial','2024-08-29 00:38:11','2024-08-29 00:38:11',NULL);
INSERT INTO `inv_productos_ubicaciones` VALUES (173,NULL,40920,421,2,'Ubicación Inicial','2024-08-29 00:38:11','2024-08-29 00:38:11',NULL),(174,NULL,40920,422,2,'Ubicación Inicial','2024-08-29 00:38:11','2024-08-29 00:38:11',NULL),(175,NULL,40920,423,2,'Ubicación Inicial','2024-08-29 00:38:11','2024-08-29 00:38:11',NULL),(176,NULL,40920,424,2,'Ubicación Inicial','2024-08-29 00:38:12','2024-08-29 00:38:12',NULL),(177,NULL,40920,425,2,'Ubicación Inicial','2024-08-29 00:38:12','2024-08-29 00:38:12',NULL),(178,NULL,40920,426,2,'Ubicación Inicial','2024-08-29 00:38:12','2024-08-29 00:38:12',NULL);

--
-- Table structure for table `inv_rubros`
--

CREATE TABLE `inv_rubros` (
  `id` bigint(20) unsigned NOT NULL AUTO_INCREMENT,
  `user_id` int(11) DEFAULT NULL,
  `person_id` int(10) unsigned NOT NULL,
  `descripcion` varchar(191) COLLATE utf8mb4_unicode_ci DEFAULT NULL,
  `habilitado` tinyint(1) NOT NULL DEFAULT '1',
  `created_at` timestamp NULL DEFAULT NULL,
  `updated_at` timestamp NULL DEFAULT NULL,
  `deleted_at` timestamp NULL DEFAULT NULL,
  PRIMARY KEY (`id`),
  KEY `inv_rubros_person_id_foreign` (`person_id`),
  CONSTRAINT `inv_rubros_person_id_foreign` FOREIGN KEY (`person_id`) REFERENCES `persons` (`id`)
) ENGINE=InnoDB AUTO_INCREMENT=6 DEFAULT CHARSET=utf8mb4 COLLATE=utf8mb4_unicode_ci;

--
-- Dumping data for table `inv_rubros`
--

INSERT INTO `inv_rubros` VALUES (1,7463,40922,'AGROQUIMICOS',1,'2022-08-10 14:39:04','2022-09-04 17:36:50','2022-09-04 17:36:50'),(2,7463,40922,'SEMILLAS',1,'2022-08-13 13:14:14','2022-09-04 17:36:53','2022-09-04 17:36:53'),(3,7463,40920,'AGROQUIMICOS',0,'2022-08-29 17:26:23','2024-08-29 16:43:57',NULL),(4,7463,40920,'CEREALES',0,'2022-09-04 08:20:17','2024-08-29 16:44:10',NULL),(5,7463,40920,'SEMILLAS',0,'2023-11-22 08:50:24','2024-08-29 16:53:13',NULL);

--
-- Table structure for table `inv_rubros_sub`
--

CREATE TABLE `inv_rubros_sub` (
  `id` bigint(20) unsigned NOT NULL AUTO_INCREMENT,
  `user_id` int(11) DEFAULT NULL,
  `person_id` int(10) unsigned NOT NULL,
  `inv_rubro_id` bigint(20) unsigned NOT NULL,
  `descripcion` varchar(191) COLLATE utf8mb4_unicode_ci DEFAULT NULL,
  `habilitado` tinyint(1) NOT NULL DEFAULT '1',
  `created_at` timestamp NULL DEFAULT NULL,
  `updated_at` timestamp NULL DEFAULT NULL,
  `deleted_at` timestamp NULL DEFAULT NULL,
  PRIMARY KEY (`id`),
  KEY `inv_rubros_sub_person_id_foreign` (`person_id`),
  KEY `inv_rubros_sub_inv_rubro_id_foreign` (`inv_rubro_id`),
  CONSTRAINT `inv_rubros_sub_inv_rubro_id_foreign` FOREIGN KEY (`inv_rubro_id`) REFERENCES `inv_rubros` (`id`),
  CONSTRAINT `inv_rubros_sub_person_id_foreign` FOREIGN KEY (`person_id`) REFERENCES `persons` (`id`)
) ENGINE=InnoDB AUTO_INCREMENT=30 DEFAULT CHARSET=utf8mb4 COLLATE=utf8mb4_unicode_ci;

--
-- Dumping data for table `inv_rubros_sub`
--

INSERT INTO `inv_rubros_sub` VALUES (1,7463,40922,1,'COADYUGANTES',1,'2022-08-10 14:39:43','2022-08-10 17:20:33','2022-08-10 17:20:33'),(2,7463,40922,1,'FUNGICIDAS',1,'2022-08-10 14:39:59','2022-09-04 17:36:24','2022-09-04 17:36:24'),(3,7463,40922,1,'HERBICIDAS',1,'2022-08-10 14:40:29','2022-09-04 17:36:30','2022-09-04 17:36:30'),(4,7463,40922,1,'INSECTICIDAS',1,'2022-08-10 14:40:49','2022-09-04 17:36:32','2022-09-04 17:36:32'),(5,7463,40922,1,'COAYUVANTES',1,'2022-08-10 17:20:54','2022-09-04 17:36:35','2022-09-04 17:36:35'),(6,7463,40922,1,'COAYUGANTES',1,'2022-08-10 17:21:51','2022-08-10 17:22:06','2022-08-10 17:22:06'),(7,7463,40922,1,'COAYUVANTES',1,'2022-08-10 17:22:21','2022-08-10 17:22:33','2022-08-10 17:22:33'),(8,7463,40922,1,'COAYUVANTES',1,'2022-08-10 17:22:54','2022-08-10 17:23:09','2022-08-10 17:23:09'),(9,7463,40922,1,'FERTILIZANTES',1,'2022-08-10 18:40:32','2022-09-04 17:36:37','2022-09-04 17:36:37'),(10,7463,40922,1,'CURASEMILLA',1,'2022-08-12 11:13:49','2022-09-04 17:36:40','2022-09-04 17:36:40'),(11,7463,40922,2,'MAIZ',1,'2022-08-13 13:14:31','2022-09-04 17:36:43','2022-09-04 17:36:43'),(15,7463,40920,3,'COAYUVANTES',0,'2022-08-29 17:27:34','2024-08-29 16:44:43',NULL),(16,7463,40920,3,'FERTILIZANTES',0,'2022-08-29 17:29:06','2024-08-29 16:45:00',NULL),(17,7463,40920,3,'CURASEMILLA',0,'2022-08-29 17:29:34','2024-08-29 16:45:09',NULL),(18,7463,40920,3,'FUNGICIDAS',0,'2022-08-29 17:29:58','2024-08-29 16:53:51',NULL),(19,7463,40920,3,'HERBICIDAS',0,'2022-08-29 17:30:21','2024-08-29 16:54:16',NULL),(20,7463,40920,3,'INSECTICIDAS',0,'2022-08-29 17:30:50','2024-08-29 16:54:25',NULL),(21,7463,40920,3,'MAIZ',0,'2022-08-30 05:42:08','2024-08-29 16:54:32',NULL),(22,7463,40920,4,'MAIZ',0,'2022-09-04 08:20:35','2024-08-29 16:55:18',NULL),(23,7463,40920,4,'SOJA',0,'2022-09-04 17:19:56','2024-08-29 16:55:25',NULL),(24,7463,40920,3,'INOCULANTES',0,'2022-10-04 18:08:56','2024-08-29 16:54:41',NULL),(25,7463,40920,3,'ACEITE',0,'2023-08-19 08:58:18','2024-08-29 16:54:49',NULL),(26,7463,40920,3,'COLORANTE VEGETAL',0,'2023-10-11 09:29:02','2024-08-29 16:55:10',NULL),(27,7463,40920,3,'SEMILLAS',1,'2023-11-22 08:49:58','2023-11-22 08:51:06','2023-11-22 08:51:06'),(28,7463,40920,5,'MAIZ',0,'2023-11-22 08:51:22','2024-08-29 16:55:35',NULL),(29,7463,40920,4,'BOLSON SILAJE',0,'2024-07-16 10:35:11','2024-08-29 16:43:15','2024-08-29 16:43:15');

--
-- Table structure for table `inv_stock_movimientos`
--

CREATE TABLE `inv_stock_movimientos` (
  `id` bigint(20) unsigned NOT NULL AUTO_INCREMENT,
  `user_id` int(11) DEFAULT NULL,
  `fecha` date DEFAULT '2025-03-18',
  `person_id` int(10) unsigned NOT NULL,
  `inv_product_id` bigint(20) unsigned NOT NULL,
  `prod_variant_id` bigint(20) unsigned DEFAULT NULL,
  `moneda_id` int(10) unsigned NOT NULL DEFAULT '1',
  `inv_deposito_id` bigint(20) unsigned DEFAULT NULL,
  `movimiento` decimal(16,2) NOT NULL DEFAULT '0.00',
  `stock` decimal(16,2) NOT NULL DEFAULT '0.00',
  `costo` decimal(16,2) NOT NULL DEFAULT '0.00',
  `precio_sin_iva` decimal(16,2) NOT NULL DEFAULT '0.00',
  `precio_final` decimal(16,2) NOT NULL DEFAULT '0.00',
  `transactionable_type` varchar(191) COLLATE utf8mb4_unicode_ci NOT NULL,
  `transactionable_id` bigint(20) unsigned NOT NULL,
  `detalle` text COLLATE utf8mb4_unicode_ci,
  `created_at` timestamp NULL DEFAULT NULL,
  `updated_at` timestamp NULL DEFAULT NULL,
  `deleted_at` timestamp NULL DEFAULT NULL,
  PRIMARY KEY (`id`),
  KEY `account_transactions_morph` (`transactionable_type`,`transactionable_id`),
  KEY `inv_stock_movimientos_person_id_foreign` (`person_id`),
  KEY `inv_stock_movimientos_inv_product_id_foreign` (`inv_product_id`),
  KEY `inv_stock_movimientos_inv_deposito_id_foreign` (`inv_deposito_id`),
  KEY `inv_stock_movimientos_moneda_id_foreign` (`moneda_id`),
  KEY `inv_stock_movimientos_prod_variant_id_foreign` (`prod_variant_id`),
  CONSTRAINT `inv_stock_movimientos_inv_deposito_id_foreign` FOREIGN KEY (`inv_deposito_id`) REFERENCES `inv_depositos` (`id`),
  CONSTRAINT `inv_stock_movimientos_inv_product_id_foreign` FOREIGN KEY (`inv_product_id`) REFERENCES `inv_productos` (`id`),
  CONSTRAINT `inv_stock_movimientos_moneda_id_foreign` FOREIGN KEY (`moneda_id`) REFERENCES `monedas` (`id`),
  CONSTRAINT `inv_stock_movimientos_person_id_foreign` FOREIGN KEY (`person_id`) REFERENCES `persons` (`id`),
  CONSTRAINT `inv_stock_movimientos_prod_variant_id_foreign` FOREIGN KEY (`prod_variant_id`) REFERENCES `prod_variants` (`id`)
) ENGINE=InnoDB AUTO_INCREMENT=1416 DEFAULT CHARSET=utf8mb4 COLLATE=utf8mb4_unicode_ci;

--
-- Dumping data for table `inv_stock_movimientos`
--

INSERT INTO `inv_stock_movimientos` VALUES (1,NULL,'2022-08-10',40922,249,NULL,4,2,226.00,226.00,19.00,21.85,3395.89,'App\\Models\\Inventario\\InvProducto',1,NULL,'2022-08-10 17:26:24','2024-08-29 00:38:12',NULL),(2,NULL,'2022-08-10',40922,249,NULL,4,2,-226.00,226.00,21.00,24.15,3753.35,'App\\Models\\Inventario\\InvProducto',2,NULL,'2022-08-10 18:32:39','2024-08-29 00:38:12',NULL),(3,NULL,'2022-08-10',40922,250,NULL,2,2,216.00,216.00,30.00,34.50,5361.93,'App\\Models\\Inventario\\InvProducto',3,NULL,'2022-08-10 18:37:42','2024-08-29 00:38:12',NULL),(4,NULL,'2022-08-10',40922,251,NULL,2,2,406.00,406.00,23.00,26.45,4110.81,'App\\Models\\Inventario\\InvProducto',4,NULL,'2022-08-10 18:39:52','2024-08-29 00:38:13',NULL),(5,NULL,'2022-08-10',40922,252,NULL,2,2,33.00,33.00,22.00,25.30,3932.08,'App\\Models\\Inventario\\InvProducto',5,NULL,'2022-08-10 18:42:34','2024-08-29 00:38:13',NULL),(6,NULL,'2022-08-10',40922,253,NULL,2,2,66.00,66.00,30.00,34.50,5361.93,'App\\Models\\Inventario\\InvProducto',6,NULL,'2022-08-10 18:47:43','2024-08-29 00:38:13',NULL),(7,NULL,'2022-08-12',40922,254,NULL,2,2,228.00,228.00,14.00,16.10,2507.93,'App\\Models\\Inventario\\InvProducto',7,NULL,'2022-08-12 11:02:26','2024-08-29 00:38:13',NULL),(8,NULL,'2022-08-12',40922,255,NULL,1,2,60.00,60.00,4.30,4.95,770.29,'App\\Models\\Inventario\\InvProducto',8,NULL,'2022-08-12 11:07:46','2024-08-29 00:38:13',NULL),(9,NULL,'2022-08-12',40922,256,NULL,2,2,6.00,6.00,210.00,241.50,41193.55,'App\\Models\\Inventario\\InvProducto',9,NULL,'2022-08-12 11:37:56','2024-08-29 00:38:14',NULL),(10,7463,'2022-08-12',40922,253,NULL,2,2,0.00,66.00,30.00,34.50,5374.13,'App\\Models\\Inventario\\InvProducto',6,NULL,'2022-08-12 11:38:44','2022-08-12 11:38:44',NULL),(11,7463,'2022-08-12',40922,254,NULL,2,2,0.00,228.00,14.00,16.10,2507.93,'App\\Models\\Inventario\\InvProducto',7,NULL,'2022-08-12 11:38:59','2022-08-12 11:38:59',NULL),(12,7463,'2022-08-12',40922,255,NULL,1,2,0.00,60.00,4.30,4.95,771.07,'App\\Models\\Inventario\\InvProducto',8,NULL,'2022-08-12 11:39:12','2022-08-12 11:39:12',NULL),(13,7463,'2022-08-12',40922,256,NULL,2,2,0.00,6.00,210.00,241.50,41193.55,'App\\Models\\Inventario\\InvProducto',9,NULL,'2022-08-12 11:39:28','2022-08-12 11:39:28',NULL),(14,NULL,'2022-08-12',40922,274,NULL,2,2,75.00,75.00,14.00,16.10,2746.24,'App\\Models\\Inventario\\InvProducto',10,NULL,'2022-08-12 12:16:20','2024-08-29 00:38:14',NULL),(15,NULL,'2022-08-12',40922,275,NULL,2,2,140.00,140.00,7.40,8.51,1451.58,'App\\Models\\Inventario\\InvProducto',11,NULL,'2022-08-12 12:22:39','2024-08-29 00:38:14',NULL),(16,NULL,'2022-08-12',40922,276,NULL,2,2,120.00,120.00,7.40,8.51,1451.58,'App\\Models\\Inventario\\InvProducto',12,NULL,'2022-08-12 12:24:48','2024-08-29 00:38:14',NULL),(17,NULL,'2022-08-12',40922,277,NULL,2,2,20.00,20.00,7.40,8.51,1451.58,'App\\Models\\Inventario\\InvProducto',13,NULL,'2022-08-12 12:26:51','2024-08-29 00:38:14',NULL),(18,7463,'2022-08-12',40922,276,NULL,2,2,0.00,120.00,4.00,4.60,784.64,'App\\Models\\Inventario\\InvProducto',12,NULL,'2022-08-12 12:28:04','2022-08-12 12:28:04',NULL),(19,7463,'2022-08-12',40922,277,NULL,2,2,0.00,20.00,4.00,4.60,784.64,'App\\Models\\Inventario\\InvProducto',13,NULL,'2022-08-12 12:28:48','2022-08-12 12:28:48',NULL),(20,NULL,'2022-08-12',40922,278,NULL,1,2,380.00,380.00,7.60,8.74,1490.81,'App\\Models\\Inventario\\InvProducto',14,NULL,'2022-08-12 16:11:35','2024-08-29 00:38:14',NULL),(21,NULL,'2022-08-12',40922,279,NULL,1,2,400.00,400.00,6.20,7.13,1216.19,'App\\Models\\Inventario\\InvProducto',15,NULL,'2022-08-12 16:13:57','2024-08-29 00:38:14',NULL),(22,NULL,'2022-08-12',40922,280,NULL,2,2,60.00,60.00,6.00,6.90,1176.96,'App\\Models\\Inventario\\InvProducto',16,NULL,'2022-08-12 16:17:22','2024-08-29 00:38:14',NULL),(23,NULL,'2022-08-12',40922,281,NULL,1,2,510.00,510.00,10.60,12.19,2079.29,'App\\Models\\Inventario\\InvProducto',17,NULL,'2022-08-12 16:20:25','2024-08-29 00:38:14',NULL);
INSERT INTO `inv_stock_movimientos` VALUES (24,NULL,'2022-08-12',40922,282,NULL,2,2,6.00,6.00,200.00,230.00,39231.95,'App\\Models\\Inventario\\InvProducto',18,NULL,'2022-08-12 16:23:52','2024-08-29 00:38:15',NULL),(25,NULL,'2022-08-12',40922,283,NULL,2,2,100.00,100.00,12.00,13.80,2353.92,'App\\Models\\Inventario\\InvProducto',19,NULL,'2022-08-12 16:25:49','2024-08-29 00:38:15',NULL),(26,7463,'2022-08-12',40922,283,NULL,2,2,0.00,100.00,12.00,13.80,2353.92,'App\\Models\\Inventario\\InvProducto',19,NULL,'2022-08-12 16:26:10','2022-08-12 16:26:10',NULL),(27,NULL,'2022-08-12',40922,284,NULL,2,2,360.00,360.00,11.30,13.00,2216.61,'App\\Models\\Inventario\\InvProducto',20,NULL,'2022-08-12 17:33:13','2024-08-29 00:38:15',NULL),(28,NULL,'2022-08-12',40922,285,NULL,1,2,2.40,2.40,2.40,2.76,470.78,'App\\Models\\Inventario\\InvProducto',21,NULL,'2022-08-12 17:36:19','2024-08-29 00:38:15',NULL),(29,NULL,'2022-08-13',40922,286,NULL,2,2,45.00,45.00,228.00,262.20,44851.33,'App\\Models\\Inventario\\InvProducto',22,NULL,'2022-08-13 10:52:25','2024-08-29 00:38:15',NULL),(30,NULL,'2022-08-13',40922,287,NULL,2,2,10.00,10.00,9.60,11.04,1888.48,'App\\Models\\Inventario\\InvProducto',23,NULL,'2022-08-13 10:58:43','2024-08-29 00:38:15',NULL),(31,NULL,'2022-08-13',40922,288,NULL,2,2,40.00,40.00,9.60,11.04,1888.48,'App\\Models\\Inventario\\InvProducto',24,NULL,'2022-08-13 11:01:27','2024-08-29 00:38:15',NULL),(32,7463,'2022-08-13',40922,289,NULL,2,2,0.00,0.00,9.60,11.04,1888.48,'App\\Models\\Inventario\\InvProducto',25,NULL,'2022-08-13 11:03:45','2022-08-13 11:03:45',NULL),(33,7463,'2022-08-13',40922,289,NULL,2,2,0.00,0.00,9.60,11.04,1888.48,'App\\Models\\Inventario\\InvProducto',25,NULL,'2022-08-13 11:04:20','2022-08-13 11:04:20',NULL),(34,NULL,'2022-08-13',40922,289,NULL,2,2,9.46,9.46,9.60,11.04,1888.48,'App\\Models\\Inventario\\InvProducto',25,NULL,'2022-08-13 11:05:25','2024-08-29 00:38:15',NULL),(35,NULL,'2022-08-13',40922,290,NULL,2,2,120.00,120.00,43.50,50.03,8557.16,'App\\Models\\Inventario\\InvProducto',26,NULL,'2022-08-13 11:07:42','2024-08-29 00:38:15',NULL),(36,NULL,'2022-08-13',40922,291,NULL,2,2,20.00,20.00,13.00,14.95,2557.31,'App\\Models\\Inventario\\InvProducto',27,NULL,'2022-08-13 11:12:52','2024-08-29 00:38:15',NULL),(37,NULL,'2022-08-13',40922,290,NULL,2,2,-20.00,20.00,13.00,14.95,2557.31,'App\\Models\\Inventario\\InvProducto',28,NULL,'2022-08-13 11:14:46','2024-08-29 00:38:15',NULL),(38,7463,'2022-08-13',40922,290,NULL,2,2,0.00,120.00,43.50,50.03,8558.02,'App\\Models\\Inventario\\InvProducto',26,NULL,'2022-08-13 11:15:42','2022-08-13 11:15:42',NULL),(39,7463,'2022-08-13',40922,291,NULL,2,2,0.00,20.00,13.00,14.95,2557.31,'App\\Models\\Inventario\\InvProducto',27,NULL,'2022-08-13 11:15:56','2022-08-13 11:15:56',NULL),(40,NULL,'2022-08-13',40922,292,NULL,2,2,40.00,40.00,49.00,56.35,9639.10,'App\\Models\\Inventario\\InvProducto',29,NULL,'2022-08-13 11:19:07','2024-08-29 00:38:15',NULL),(41,NULL,'2022-08-13',40922,293,NULL,2,2,5.00,5.00,49.00,56.35,9639.10,'App\\Models\\Inventario\\InvProducto',30,NULL,'2022-08-13 11:23:02','2024-08-29 00:38:15',NULL),(42,NULL,'2022-08-13',40922,294,NULL,2,2,10.00,10.00,49.00,56.35,9639.10,'App\\Models\\Inventario\\InvProducto',31,NULL,'2022-08-13 11:25:49','2024-08-29 00:38:15',NULL),(43,NULL,'2022-08-13',40922,295,NULL,2,2,4.00,4.00,49.00,56.35,9639.10,'App\\Models\\Inventario\\InvProducto',32,NULL,'2022-08-13 11:27:48','2024-08-29 00:38:15',NULL),(44,NULL,'2022-08-13',40922,296,NULL,2,2,15.00,15.00,28.00,32.20,5508.06,'App\\Models\\Inventario\\InvProducto',33,NULL,'2022-08-13 11:31:03','2024-08-29 00:38:15',NULL),(45,NULL,'2022-08-13',40922,297,NULL,2,2,1100.00,1100.00,11.50,13.23,2262.24,'App\\Models\\Inventario\\InvProducto',34,NULL,'2022-08-13 11:33:42','2024-08-29 00:38:15',NULL),(46,NULL,'2022-08-13',40922,298,NULL,2,2,980.00,980.00,11.50,13.23,2262.24,'App\\Models\\Inventario\\InvProducto',35,NULL,'2022-08-13 11:36:23','2024-08-29 00:38:15',NULL);
INSERT INTO `inv_stock_movimientos` VALUES (47,NULL,'2022-08-13',40922,299,NULL,2,2,15.00,15.00,29.80,34.27,5862.15,'App\\Models\\Inventario\\InvProducto',36,NULL,'2022-08-13 11:45:56','2024-08-29 00:38:15',NULL),(48,NULL,'2022-08-13',40922,300,NULL,2,2,40.00,40.00,29.80,34.27,5862.15,'App\\Models\\Inventario\\InvProducto',37,NULL,'2022-08-13 11:48:06','2024-08-29 00:38:15',NULL),(49,NULL,'2022-08-13',40922,301,NULL,2,2,14.00,14.00,270.00,310.50,53113.42,'App\\Models\\Inventario\\InvProducto',38,NULL,'2022-08-13 11:51:58','2024-08-29 00:38:15',NULL),(50,NULL,'2022-08-13',40922,302,NULL,2,2,20.00,20.00,9.80,11.27,1927.82,'App\\Models\\Inventario\\InvProducto',39,NULL,'2022-08-13 11:55:14','2024-08-29 00:38:15',NULL),(51,NULL,'2022-08-13',40922,303,NULL,2,2,1000.00,1000.00,9.80,11.27,1927.82,'App\\Models\\Inventario\\InvProducto',40,NULL,'2022-08-13 11:57:53','2024-08-29 00:38:15',NULL),(52,NULL,'2022-08-13',40922,304,NULL,2,2,0.45,0.45,21.00,24.15,4131.04,'App\\Models\\Inventario\\InvProducto',41,NULL,'2022-08-13 12:00:18','2024-08-29 00:38:15',NULL),(53,NULL,'2022-08-13',40922,305,NULL,2,2,0.20,0.20,21.00,24.15,4131.04,'App\\Models\\Inventario\\InvProducto',42,NULL,'2022-08-13 12:02:25','2024-08-29 00:38:16',NULL),(54,NULL,'2022-08-13',40922,306,NULL,2,2,2600.00,2600.00,5.50,6.33,1081.94,'App\\Models\\Inventario\\InvProducto',43,NULL,'2022-08-13 12:08:50','2024-08-29 00:38:16',NULL),(55,NULL,'2022-08-13',40922,307,NULL,2,2,60.00,60.00,15.50,17.83,3049.10,'App\\Models\\Inventario\\InvProducto',44,NULL,'2022-08-13 12:10:42','2024-08-29 00:38:16',NULL),(56,7463,'2022-08-13',40922,307,NULL,2,2,0.00,60.00,15.50,17.83,3049.96,'App\\Models\\Inventario\\InvProducto',44,NULL,'2022-08-13 12:11:09','2022-08-13 12:11:09',NULL),(57,NULL,'2022-08-13',40922,308,NULL,2,2,5.00,5.00,23.90,27.49,4701.52,'App\\Models\\Inventario\\InvProducto',45,NULL,'2022-08-13 12:14:41','2024-08-29 00:38:16',NULL),(58,NULL,'2022-08-13',40922,309,NULL,2,2,69.00,69.00,14.50,16.68,2852.39,'App\\Models\\Inventario\\InvProducto',46,NULL,'2022-08-13 12:17:40','2024-08-29 00:38:16',NULL),(59,7463,'2022-08-13',40922,309,NULL,2,2,0.00,69.00,14.50,16.68,2853.24,'App\\Models\\Inventario\\InvProducto',46,NULL,'2022-08-13 12:18:01','2022-08-13 12:18:01',NULL),(60,NULL,'2022-08-13',40922,310,NULL,2,2,2000.00,2000.00,14.50,16.68,2852.39,'App\\Models\\Inventario\\InvProducto',47,NULL,'2022-08-13 12:20:28','2024-08-29 00:38:16',NULL),(61,NULL,'2022-08-13',40922,311,NULL,2,2,5.00,5.00,14.50,16.68,2852.39,'App\\Models\\Inventario\\InvProducto',48,NULL,'2022-08-13 12:22:21','2024-08-29 00:38:16',NULL),(62,NULL,'2022-08-13',40922,312,NULL,2,2,200.00,200.00,14.50,16.68,2852.39,'App\\Models\\Inventario\\InvProducto',49,NULL,'2022-08-13 12:24:47','2024-08-29 00:38:16',NULL),(63,NULL,'2022-08-13',40922,313,NULL,2,2,65.00,65.00,30.00,34.50,5901.49,'App\\Models\\Inventario\\InvProducto',50,NULL,'2022-08-13 12:27:04','2024-08-29 00:38:16',NULL),(64,NULL,'2022-08-13',40922,314,NULL,2,2,440.00,440.00,30.00,34.50,5901.49,'App\\Models\\Inventario\\InvProducto',51,NULL,'2022-08-13 12:29:36','2024-08-29 00:38:16',NULL),(65,NULL,'2022-08-13',40922,315,NULL,2,2,240.00,240.00,30.00,34.50,5901.49,'App\\Models\\Inventario\\InvProducto',52,NULL,'2022-08-13 12:31:18','2024-08-29 00:38:16',NULL),(66,NULL,'2022-08-13',40922,316,NULL,2,2,5.00,5.00,200.00,230.00,39343.27,'App\\Models\\Inventario\\InvProducto',53,NULL,'2022-08-13 12:34:31','2024-08-29 00:38:16',NULL),(67,NULL,'2022-08-13',40922,368,NULL,2,2,4.00,4.00,170.00,195.50,33441.78,'App\\Models\\Inventario\\InvProducto',54,NULL,'2022-08-13 12:37:24','2024-08-29 00:38:18',NULL),(68,NULL,'2022-08-13',40922,369,NULL,2,2,400.00,400.00,7.50,8.63,1475.37,'App\\Models\\Inventario\\InvProducto',55,NULL,'2022-08-13 12:39:20','2024-08-29 00:38:18',NULL),(69,7463,'2022-08-13',40922,368,NULL,2,2,0.00,4.00,170.00,195.50,33441.78,'App\\Models\\Inventario\\InvProducto',54,NULL,'2022-08-13 12:39:43','2022-08-13 12:39:43',NULL);
INSERT INTO `inv_stock_movimientos` VALUES (70,NULL,'2022-08-13',40922,370,NULL,2,2,80.00,80.00,7.50,8.63,1475.37,'App\\Models\\Inventario\\InvProducto',56,NULL,'2022-08-13 12:41:47','2024-08-29 00:38:18',NULL),(71,NULL,'2022-08-13',40922,371,NULL,2,2,3.00,3.00,230.00,264.50,45244.76,'App\\Models\\Inventario\\InvProducto',57,NULL,'2022-08-13 12:44:20','2024-08-29 00:38:18',NULL),(72,NULL,'2022-08-13',40922,372,NULL,2,2,7.00,7.00,22.00,25.30,4327.76,'App\\Models\\Inventario\\InvProducto',58,NULL,'2022-08-13 12:46:22','2024-08-29 00:38:18',NULL),(73,NULL,'2022-08-13',40922,373,NULL,2,2,5.00,5.00,35.00,40.25,6885.07,'App\\Models\\Inventario\\InvProducto',59,NULL,'2022-08-13 13:05:32','2024-08-29 00:38:18',NULL),(74,NULL,'2022-08-13',40922,374,NULL,1,2,2.00,2.00,90.00,103.50,17704.47,'App\\Models\\Inventario\\InvProducto',60,NULL,'2022-08-13 13:07:31','2024-08-29 00:38:18',NULL),(75,NULL,'2022-08-13',40922,375,NULL,2,2,7.00,7.00,22.80,26.22,4485.13,'App\\Models\\Inventario\\InvProducto',61,NULL,'2022-08-13 13:10:06','2024-08-29 00:38:18',NULL),(76,NULL,'2022-08-13',40922,376,NULL,1,2,72.00,72.00,29.50,33.93,5803.13,'App\\Models\\Inventario\\InvProducto',62,NULL,'2022-08-13 13:13:01','2024-08-29 00:38:18',NULL),(77,NULL,'2022-08-13',40922,397,NULL,2,2,66.00,66.00,180.00,207.00,37164.76,'App\\Models\\Inventario\\InvProducto',63,NULL,'2022-08-13 13:21:54','2024-08-29 00:38:19',NULL),(78,NULL,'2022-08-13',40922,299,NULL,2,2,100.00,115.00,29.80,34.27,5862.15,'App\\Models\\Inventario\\InvIngresoEgresoStockDetail',1,NULL,'2022-08-13 18:24:32','2024-08-29 00:38:15',NULL),(79,NULL,'2022-08-13',40922,307,NULL,2,2,100.00,160.00,15.50,17.83,3049.96,'App\\Models\\Inventario\\InvIngresoEgresoStockDetail',2,NULL,'2022-08-13 18:27:46','2024-08-29 00:38:16',NULL),(80,7463,'2022-08-13',40922,397,NULL,2,2,0.00,66.00,180.00,207.00,37164.76,'App\\Models\\Inventario\\InvProducto',63,NULL,'2022-08-13 19:33:28','2022-08-13 19:33:28',NULL),(81,7463,'2022-08-15',40922,281,NULL,1,2,0.00,510.00,10.60,12.19,2085.19,'App\\Models\\Inventario\\InvProducto',17,NULL,'2022-08-15 09:36:25','2022-08-15 09:36:25',NULL),(82,7463,'2022-08-15',40922,279,NULL,1,2,0.00,400.00,6.20,7.13,1219.64,'App\\Models\\Inventario\\InvProducto',15,NULL,'2022-08-15 09:40:57','2022-08-15 09:40:57',NULL),(83,7463,'2022-08-15',40922,278,NULL,1,2,0.00,380.00,7.60,8.74,1495.04,'App\\Models\\Inventario\\InvProducto',14,NULL,'2022-08-15 09:42:12','2022-08-15 09:42:12',NULL),(84,7463,'2022-08-15',40922,297,NULL,2,2,0.00,1100.00,11.50,13.23,2263.09,'App\\Models\\Inventario\\InvProducto',34,NULL,'2022-08-15 09:58:07','2022-08-15 09:58:07',NULL),(85,7463,'2022-08-16',40922,249,NULL,4,2,0.00,226.00,21.00,24.15,3772.56,'App\\Models\\Inventario\\InvProducto',2,NULL,'2022-08-16 05:16:54','2022-08-16 05:16:54',NULL),(86,7463,'2022-08-16',40922,251,NULL,2,2,0.00,406.00,23.00,26.45,4131.86,'App\\Models\\Inventario\\InvProducto',4,NULL,'2022-08-16 05:17:18','2022-08-16 05:17:18',NULL),(87,7463,'2022-08-16',40922,297,NULL,2,2,0.00,1100.00,11.50,13.23,2263.09,'App\\Models\\Inventario\\InvProducto',34,NULL,'2022-08-16 05:18:50','2022-08-16 05:18:50',NULL),(88,7463,'2022-08-16',40922,284,NULL,2,2,0.00,360.00,11.30,13.00,2223.75,'App\\Models\\Inventario\\InvProducto',20,NULL,'2022-08-16 05:19:38','2022-08-16 05:19:38',NULL),(89,7463,'2022-08-16',40922,274,NULL,2,2,0.00,75.00,14.00,16.10,2754.03,'App\\Models\\Inventario\\InvProducto',10,NULL,'2022-08-16 05:20:55','2022-08-16 05:20:55',NULL),(90,7463,'2022-08-16',40922,288,NULL,2,2,0.00,40.00,9.60,11.04,1888.48,'App\\Models\\Inventario\\InvProducto',24,NULL,'2022-08-16 05:21:31','2022-08-16 05:21:31',NULL),(91,7463,'2022-08-16',40922,397,NULL,2,2,0.00,66.00,180.00,207.00,37164.76,'App\\Models\\Inventario\\InvProducto',63,NULL,'2022-08-16 05:22:02','2022-08-16 05:22:02',NULL),(92,7463,'2022-08-16',40922,284,NULL,2,2,0.00,360.00,11.30,13.00,2223.75,'App\\Models\\Inventario\\InvProducto',20,NULL,'2022-08-16 05:24:24','2022-08-16 05:24:24',NULL);
INSERT INTO `inv_stock_movimientos` VALUES (93,7463,'2022-08-16',40922,284,NULL,2,2,0.00,360.00,11.30,13.00,2223.75,'App\\Models\\Inventario\\InvProducto',20,NULL,'2022-08-16 05:33:40','2022-08-16 05:33:40',NULL),(94,7463,'2022-08-16',40922,284,NULL,2,2,0.00,360.00,11.30,13.00,2223.75,'App\\Models\\Inventario\\InvProducto',20,NULL,'2022-08-16 05:37:14','2022-08-16 05:37:14',NULL),(95,NULL,'2022-08-16',40922,317,NULL,2,2,400.00,400.00,11.00,12.65,2163.88,'App\\Models\\Inventario\\InvProducto',64,NULL,'2022-08-16 11:03:24','2024-08-29 00:38:16',NULL),(96,7463,'2022-08-16',40922,317,NULL,2,2,0.00,400.00,11.00,12.65,2163.88,'App\\Models\\Inventario\\InvProducto',64,NULL,'2022-08-16 11:05:34','2022-08-16 11:05:34',NULL),(97,7463,'2022-08-16',40922,317,NULL,2,2,0.00,400.00,13.00,14.95,2557.31,'App\\Models\\Inventario\\InvProducto',64,NULL,'2022-08-16 11:20:54','2022-08-16 11:20:54',NULL),(98,7463,'2022-08-16',40922,249,NULL,4,2,0.00,226.00,21.00,24.15,3772.56,'App\\Models\\Inventario\\InvProducto',2,NULL,'2022-08-16 15:43:53','2022-08-16 15:43:53',NULL),(99,7463,'2022-08-17',40922,249,NULL,4,2,0.00,226.00,21.00,24.15,3797.12,'App\\Models\\Inventario\\InvProducto',2,NULL,'2022-08-17 10:34:40','2022-08-17 10:34:40',NULL),(100,7463,'2022-08-17',40922,278,NULL,1,2,0.00,380.00,7.60,8.74,1504.77,'App\\Models\\Inventario\\InvProducto',14,NULL,'2022-08-17 10:52:23','2022-08-17 10:52:23',NULL),(101,7463,'2022-08-18',40922,249,NULL,4,2,0.00,226.00,21.00,24.15,3801.12,'App\\Models\\Inventario\\InvProducto',2,NULL,'2022-08-18 11:56:16','2022-08-18 11:56:16',NULL),(102,NULL,'2022-08-29',40920,249,NULL,4,1,226.00,226.00,21.00,24.36,3895.81,'App\\Models\\Inventario\\InvProducto',65,NULL,'2022-08-29 17:36:09','2024-08-29 00:38:12',NULL),(103,NULL,'2022-08-29',40920,250,NULL,2,1,216.00,216.00,30.00,34.80,5565.45,'App\\Models\\Inventario\\InvProducto',66,NULL,'2022-08-29 17:44:36','2024-08-29 00:38:12',NULL),(104,7463,'2022-08-29',40920,249,NULL,4,1,0.00,226.00,21.00,24.36,3895.81,'App\\Models\\Inventario\\InvProducto',65,NULL,'2022-08-29 17:45:21','2022-08-29 17:45:21',NULL),(105,NULL,'2022-08-29',40920,251,NULL,2,1,406.00,406.00,23.00,26.68,4266.84,'App\\Models\\Inventario\\InvProducto',67,NULL,'2022-08-29 17:49:05','2024-08-29 00:38:12',NULL),(106,NULL,'2022-08-29',40920,252,NULL,2,1,33.00,33.00,22.00,25.52,4081.33,'App\\Models\\Inventario\\InvProducto',68,NULL,'2022-08-29 17:51:01','2024-08-29 00:38:13',NULL),(107,NULL,'2022-08-29',40920,253,NULL,2,1,66.00,66.00,30.00,34.80,5565.45,'App\\Models\\Inventario\\InvProducto',69,NULL,'2022-08-29 17:53:18','2024-08-29 00:38:13',NULL),(108,NULL,'2022-08-29',40920,254,NULL,2,1,228.00,228.00,14.00,16.24,2597.21,'App\\Models\\Inventario\\InvProducto',70,NULL,'2022-08-29 17:55:41','2024-08-29 00:38:13',NULL),(109,NULL,'2022-08-29',40920,255,NULL,1,1,60.00,60.00,4.30,4.99,5.51,'App\\Models\\Inventario\\InvProducto',71,NULL,'2022-08-29 17:58:27','2024-08-29 00:38:13',NULL),(110,NULL,'2022-08-29',40920,256,NULL,2,1,6.00,6.00,210.00,243.60,42660.04,'App\\Models\\Inventario\\InvProducto',72,NULL,'2022-08-29 18:00:57','2024-08-29 00:38:13',NULL),(111,NULL,'2022-08-29',40920,274,NULL,2,1,75.00,75.00,14.00,16.24,2844.00,'App\\Models\\Inventario\\InvProducto',73,NULL,'2022-08-29 18:03:14','2024-08-29 00:38:14',NULL),(112,NULL,'2022-08-29',40920,275,NULL,2,1,140.00,140.00,7.40,8.58,1503.26,'App\\Models\\Inventario\\InvProducto',74,NULL,'2022-08-29 18:05:59','2024-08-29 00:38:14',NULL),(113,NULL,'2022-08-29',40920,276,NULL,2,1,120.00,120.00,4.00,4.64,812.57,'App\\Models\\Inventario\\InvProducto',75,NULL,'2022-08-29 18:08:15','2024-08-29 00:38:14',NULL),(114,NULL,'2022-08-29',40920,277,NULL,2,1,20.00,20.00,4.00,4.64,812.57,'App\\Models\\Inventario\\InvProducto',76,NULL,'2022-08-29 18:10:29','2024-08-29 00:38:14',NULL),(115,NULL,'2022-08-29',40920,278,NULL,1,1,380.00,380.00,7.60,8.82,10.67,'App\\Models\\Inventario\\InvProducto',77,NULL,'2022-08-29 18:12:34','2024-08-29 00:38:14',NULL);
INSERT INTO `inv_stock_movimientos` VALUES (116,7463,'2022-08-29',40920,278,NULL,1,1,0.00,380.00,7.60,8.82,10.67,'App\\Models\\Inventario\\InvProducto',77,NULL,'2022-08-29 18:14:12','2022-08-29 18:14:12',NULL),(117,NULL,'2022-08-29',40920,279,NULL,1,1,400.00,400.00,6.20,7.19,8.70,'App\\Models\\Inventario\\InvProducto',78,NULL,'2022-08-29 18:17:32','2024-08-29 00:38:14',NULL),(118,NULL,'2022-08-29',40920,280,NULL,2,1,60.00,60.00,6.00,6.96,1218.86,'App\\Models\\Inventario\\InvProducto',79,NULL,'2022-08-29 18:19:26','2024-08-29 00:38:14',NULL),(119,NULL,'2022-08-29',40920,281,NULL,1,1,510.00,510.00,10.60,12.30,14.88,'App\\Models\\Inventario\\InvProducto',80,NULL,'2022-08-29 18:21:11','2024-08-29 00:38:14',NULL),(120,NULL,'2022-08-29',40920,282,NULL,2,1,6.00,6.00,200.00,232.00,40628.61,'App\\Models\\Inventario\\InvProducto',81,NULL,'2022-08-29 18:23:00','2024-08-29 00:38:14',NULL),(121,NULL,'2022-08-29',40920,283,NULL,2,1,100.00,100.00,12.00,13.92,2437.72,'App\\Models\\Inventario\\InvProducto',82,NULL,'2022-08-29 18:25:25','2024-08-29 00:38:15',NULL),(122,NULL,'2022-08-29',40920,284,NULL,2,1,360.00,360.00,11.30,13.11,2295.52,'App\\Models\\Inventario\\InvProducto',83,NULL,'2022-08-29 18:27:41','2024-08-29 00:38:15',NULL),(123,NULL,'2022-08-29',40920,285,NULL,1,1,2.40,2.40,22.00,25.52,30.88,'App\\Models\\Inventario\\InvProducto',84,NULL,'2022-08-29 18:32:16','2024-08-29 00:38:15',NULL),(124,NULL,'2022-08-29',40920,286,NULL,2,1,45.00,45.00,228.00,264.48,46316.61,'App\\Models\\Inventario\\InvProducto',85,NULL,'2022-08-29 18:34:39','2024-08-29 00:38:15',NULL),(125,NULL,'2022-08-29',40920,287,NULL,2,1,10.00,10.00,9.60,11.14,1950.17,'App\\Models\\Inventario\\InvProducto',86,NULL,'2022-08-29 18:36:37','2024-08-29 00:38:15',NULL),(126,NULL,'2022-08-29',40920,288,NULL,2,1,40.00,40.00,9.60,11.14,1950.17,'App\\Models\\Inventario\\InvProducto',87,NULL,'2022-08-29 18:39:36','2024-08-29 00:38:15',NULL),(127,NULL,'2022-08-29',40920,289,NULL,2,1,9.46,9.46,9.60,11.14,1950.17,'App\\Models\\Inventario\\InvProducto',88,NULL,'2022-08-29 18:41:42','2024-08-29 00:38:15',NULL),(128,7463,'2022-08-29',40920,289,NULL,2,1,0.00,9.46,9.60,11.14,1950.87,'App\\Models\\Inventario\\InvProducto',88,NULL,'2022-08-29 18:42:09','2022-08-29 18:42:09',NULL),(129,NULL,'2022-08-29',40920,290,NULL,2,1,120.00,120.00,43.50,50.46,8836.72,'App\\Models\\Inventario\\InvProducto',89,NULL,'2022-08-29 18:44:23','2024-08-29 00:38:15',NULL),(130,NULL,'2022-08-29',40920,291,NULL,2,1,20.00,20.00,13.00,15.08,2640.86,'App\\Models\\Inventario\\InvProducto',90,NULL,'2022-08-29 18:57:41','2024-08-29 00:38:15',NULL),(131,NULL,'2022-08-29',40920,292,NULL,2,1,40.00,40.00,49.00,56.84,9954.01,'App\\Models\\Inventario\\InvProducto',91,NULL,'2022-08-29 18:59:29','2024-08-29 00:38:15',NULL),(132,NULL,'2022-08-29',40920,293,NULL,2,1,5.00,5.00,49.00,56.84,9954.01,'App\\Models\\Inventario\\InvProducto',92,NULL,'2022-08-29 19:01:22','2024-08-29 00:38:15',NULL),(133,NULL,'2022-08-29',40920,294,NULL,2,1,10.00,10.00,49.00,56.84,9954.01,'App\\Models\\Inventario\\InvProducto',93,NULL,'2022-08-29 19:03:13','2024-08-29 00:38:15',NULL),(134,NULL,'2022-08-29',40920,295,NULL,2,1,4.00,4.00,49.00,56.84,9954.01,'App\\Models\\Inventario\\InvProducto',94,NULL,'2022-08-29 19:06:29','2024-08-29 00:38:15',NULL),(135,NULL,'2022-08-29',40920,296,NULL,2,1,15.00,15.00,28.00,32.48,5688.00,'App\\Models\\Inventario\\InvProducto',95,NULL,'2022-08-29 19:09:37','2024-08-29 00:38:15',NULL),(136,NULL,'2022-08-29',40920,297,NULL,2,1,1100.00,1100.00,11.50,13.34,2336.14,'App\\Models\\Inventario\\InvProducto',96,NULL,'2022-08-29 19:11:28','2024-08-29 00:38:15',NULL),(137,NULL,'2022-08-29',40920,298,NULL,2,1,980.00,980.00,11.50,13.34,2336.14,'App\\Models\\Inventario\\InvProducto',97,NULL,'2022-08-29 19:15:09','2024-08-29 00:38:15',NULL),(138,NULL,'2022-08-29',40920,299,NULL,2,1,115.00,115.00,29.80,34.57,6053.66,'App\\Models\\Inventario\\InvProducto',98,NULL,'2022-08-29 20:55:40','2024-08-29 00:38:15',NULL);
INSERT INTO `inv_stock_movimientos` VALUES (139,NULL,'2022-08-29',40920,300,NULL,2,1,40.00,40.00,29.80,34.57,6053.66,'App\\Models\\Inventario\\InvProducto',99,NULL,'2022-08-29 21:00:15','2024-08-29 00:38:15',NULL),(140,NULL,'2022-08-29',40920,301,NULL,2,1,14.00,14.00,270.00,313.20,54848.62,'App\\Models\\Inventario\\InvProducto',100,NULL,'2022-08-29 21:02:30','2024-08-29 00:38:15',NULL),(141,NULL,'2022-08-29',40920,302,NULL,2,1,20.00,20.00,9.80,11.37,1990.80,'App\\Models\\Inventario\\InvProducto',101,NULL,'2022-08-29 21:04:59','2024-08-29 00:38:15',NULL),(142,NULL,'2022-08-29',40920,303,NULL,2,1,1000.00,1000.00,9.80,11.37,1990.80,'App\\Models\\Inventario\\InvProducto',102,NULL,'2022-08-29 21:07:27','2024-08-29 00:38:15',NULL),(143,NULL,'2022-08-29',40920,304,NULL,2,1,0.45,0.45,21.00,24.36,4266.00,'App\\Models\\Inventario\\InvProducto',103,NULL,'2022-08-29 21:10:04','2024-08-29 00:38:15',NULL),(144,NULL,'2022-08-29',40920,305,NULL,2,1,0.20,0.20,21.00,24.36,4266.00,'App\\Models\\Inventario\\InvProducto',104,NULL,'2022-08-29 21:12:05','2024-08-29 00:38:16',NULL),(145,NULL,'2022-08-29',40920,306,NULL,2,1,2600.00,2600.00,5.50,6.38,1117.29,'App\\Models\\Inventario\\InvProducto',105,NULL,'2022-08-29 21:13:50','2024-08-29 00:38:16',NULL),(146,NULL,'2022-08-29',40920,307,NULL,2,1,160.00,160.00,15.50,15.50,2714.41,'App\\Models\\Inventario\\InvProducto',106,NULL,'2022-08-29 21:15:18','2024-08-29 00:38:16',NULL),(147,NULL,'2022-08-29',40920,308,NULL,2,1,5.00,5.00,23.90,27.72,4855.12,'App\\Models\\Inventario\\InvProducto',107,NULL,'2022-08-29 21:17:36','2024-08-29 00:38:16',NULL),(148,NULL,'2022-08-29',40920,310,NULL,2,1,2000.00,2000.00,14.50,16.82,2945.57,'App\\Models\\Inventario\\InvProducto',108,NULL,'2022-08-29 21:19:47','2024-08-29 00:38:16',NULL),(149,NULL,'2022-08-29',40920,311,NULL,2,1,5.00,5.00,14.50,16.82,2945.57,'App\\Models\\Inventario\\InvProducto',109,NULL,'2022-08-29 21:22:32','2024-08-29 00:38:16',NULL),(150,7463,'2022-08-29',40920,310,NULL,2,1,0.00,2000.00,14.50,16.82,2945.57,'App\\Models\\Inventario\\InvProducto',108,NULL,'2022-08-29 21:23:14','2022-08-29 21:23:14',NULL),(151,NULL,'2022-08-29',40920,309,NULL,2,1,69.00,69.00,14.50,16.82,2945.57,'App\\Models\\Inventario\\InvProducto',110,NULL,'2022-08-29 21:26:20','2024-08-29 00:38:16',NULL),(152,NULL,'2022-08-29',40920,312,NULL,2,1,200.00,200.00,14.50,16.82,2945.57,'App\\Models\\Inventario\\InvProducto',111,NULL,'2022-08-29 21:29:03','2024-08-29 00:38:16',NULL),(153,NULL,'2022-08-29',40920,313,NULL,2,1,65.00,65.00,30.00,34.80,6094.29,'App\\Models\\Inventario\\InvProducto',112,NULL,'2022-08-29 21:30:52','2024-08-29 00:38:16',NULL),(154,NULL,'2022-08-29',40920,314,NULL,2,1,440.00,440.00,30.00,34.80,6094.29,'App\\Models\\Inventario\\InvProducto',113,NULL,'2022-08-29 21:33:06','2024-08-29 00:38:16',NULL),(155,NULL,'2022-08-29',40920,315,NULL,2,1,240.00,240.00,30.00,34.80,6094.29,'App\\Models\\Inventario\\InvProducto',114,NULL,'2022-08-29 21:34:54','2024-08-29 00:38:16',NULL),(156,NULL,'2022-08-29',40920,316,NULL,2,1,5.00,5.00,200.00,232.00,40628.61,'App\\Models\\Inventario\\InvProducto',115,NULL,'2022-08-29 21:36:57','2024-08-29 00:38:16',NULL),(157,NULL,'2022-08-29',40920,317,NULL,2,1,400.00,400.00,13.00,15.08,2640.86,'App\\Models\\Inventario\\InvProducto',116,NULL,'2022-08-29 21:41:28','2024-08-29 00:38:16',NULL),(158,NULL,'2022-08-30',40920,368,NULL,2,1,4.00,4.00,170.00,197.20,34675.10,'App\\Models\\Inventario\\InvProducto',117,NULL,'2022-08-30 05:26:02','2024-08-29 00:38:18',NULL),(159,NULL,'2022-08-30',40920,369,NULL,2,1,400.00,400.00,7.50,7.50,1318.78,'App\\Models\\Inventario\\InvProducto',118,NULL,'2022-08-30 05:28:31','2024-08-29 00:38:18',NULL),(160,NULL,'2022-08-30',40920,370,NULL,2,1,80.00,80.00,7.50,8.70,1529.78,'App\\Models\\Inventario\\InvProducto',119,NULL,'2022-08-30 05:30:14','2024-08-29 00:38:18',NULL),(161,NULL,'2022-08-30',40920,371,NULL,2,1,3.00,3.00,230.00,266.80,46913.36,'App\\Models\\Inventario\\InvProducto',120,NULL,'2022-08-30 05:32:02','2024-08-29 00:38:18',NULL);
INSERT INTO `inv_stock_movimientos` VALUES (162,NULL,'2022-08-30',40920,372,NULL,2,1,7.00,7.00,22.00,25.52,4487.37,'App\\Models\\Inventario\\InvProducto',121,NULL,'2022-08-30 05:33:54','2024-08-29 00:38:18',NULL),(163,NULL,'2022-08-30',40920,373,NULL,2,1,5.00,5.00,35.00,40.60,7138.99,'App\\Models\\Inventario\\InvProducto',122,NULL,'2022-08-30 05:35:25','2024-08-29 00:38:18',NULL),(164,NULL,'2022-08-30',40920,374,NULL,1,1,2.00,2.00,90.00,104.40,126.32,'App\\Models\\Inventario\\InvProducto',123,NULL,'2022-08-30 05:36:51','2024-08-29 00:38:18',NULL),(165,NULL,'2022-08-30',40920,375,NULL,2,1,7.00,7.00,22.80,26.45,4650.54,'App\\Models\\Inventario\\InvProducto',124,NULL,'2022-08-30 05:38:48','2024-08-29 00:38:18',NULL),(166,NULL,'2022-08-30',40920,376,NULL,1,1,72.00,72.00,29.50,34.22,41.41,'App\\Models\\Inventario\\InvProducto',125,NULL,'2022-08-30 05:40:54','2024-08-29 00:38:18',NULL),(167,NULL,'2022-08-30',40920,397,NULL,2,1,66.00,66.00,190.00,220.40,38754.52,'App\\Models\\Inventario\\InvProducto',126,NULL,'2022-08-30 05:45:15','2024-08-29 00:38:19',NULL),(168,NULL,'2022-08-30',40920,318,NULL,2,1,8.60,8.60,0.00,0.00,0.00,'App\\Models\\Inventario\\InvProducto',127,NULL,'2022-08-30 09:02:39','2024-08-29 00:38:16',NULL),(169,NULL,'2022-08-30',40920,319,NULL,4,1,240.00,240.00,0.00,0.00,0.00,'App\\Models\\Inventario\\InvProducto',128,NULL,'2022-08-30 09:05:46','2024-08-29 00:38:16',NULL),(170,7463,'2022-08-30',40920,318,NULL,2,1,0.00,8.60,0.00,0.00,0.00,'App\\Models\\Inventario\\InvProducto',127,NULL,'2022-08-30 09:06:35','2022-08-30 09:06:35',NULL),(171,7463,'2022-08-30',40920,319,NULL,4,1,0.00,240.00,0.00,0.00,0.00,'App\\Models\\Inventario\\InvProducto',128,NULL,'2022-08-30 09:06:59','2022-08-30 09:06:59',NULL),(172,NULL,'2022-08-30',40920,318,NULL,2,1,-300.00,300.00,0.00,0.00,0.00,'App\\Models\\Inventario\\InvProducto',129,NULL,'2022-08-30 09:33:04','2024-08-29 00:38:16',NULL),(173,NULL,'2022-08-30',40920,317,NULL,2,1,300.00,700.00,13.00,15.08,2651.62,'App\\Models\\Inventario\\InvControlStockDetail',1,NULL,'2022-08-30 10:25:53','2024-08-29 00:38:16',NULL),(174,NULL,'2022-08-30',40920,298,NULL,2,1,-200.00,780.00,11.50,13.34,2345.67,'App\\Models\\Inventario\\InvControlStockDetail',2,NULL,'2022-08-30 10:52:05','2024-08-29 00:38:15',NULL),(175,NULL,'2022-08-30',40920,280,NULL,2,1,-60.00,0.00,6.00,6.96,1223.83,'App\\Models\\Inventario\\InvControlStockDetail',3,NULL,'2022-08-30 10:52:31','2024-08-29 00:38:14',NULL),(176,NULL,'2022-08-30',40920,312,NULL,2,1,-200.00,0.00,14.50,16.82,2957.58,'App\\Models\\Inventario\\InvControlStockDetail',4,NULL,'2022-08-30 10:53:03','2024-08-29 00:38:16',NULL),(177,7305,'2022-08-30',40920,249,NULL,4,1,0.00,226.00,21.00,24.36,3730.81,'App\\Models\\Inventario\\InvProducto',65,NULL,'2022-08-30 16:17:42','2022-08-30 16:17:42',NULL),(178,NULL,'2022-08-31',40920,289,NULL,2,1,-9.46,0.00,9.60,11.14,1962.87,'App\\Models\\Inventario\\InvControlStockDetail',5,NULL,'2022-08-31 10:10:48','2024-08-29 00:38:15',NULL),(179,NULL,'2022-08-31',40920,278,NULL,1,1,-160.00,220.00,7.60,8.82,10.67,'App\\Models\\Inventario\\InvControlStockDetail',6,NULL,'2022-08-31 10:15:45','2024-08-29 00:38:14',NULL),(180,NULL,'2022-08-31',40920,279,NULL,1,1,-40.00,360.00,6.20,7.19,8.70,'App\\Models\\Inventario\\InvControlStockDetail',7,NULL,'2022-08-31 10:15:45','2024-08-29 00:38:14',NULL),(181,NULL,'2022-08-31',40920,288,NULL,2,1,-25.00,15.00,9.60,11.14,1962.87,'App\\Models\\Inventario\\InvControlStockDetail',8,NULL,'2022-08-31 10:22:28','2024-08-29 00:38:15',NULL),(182,NULL,'2022-08-31',40920,312,NULL,2,1,100.00,100.00,14.50,16.82,2963.69,'App\\Models\\Inventario\\InvControlStockDetail',9,NULL,'2022-08-31 10:36:25','2024-08-29 00:38:16',NULL),(183,NULL,'2022-08-31',40920,374,NULL,1,1,-1.00,1.00,90.00,104.40,126.32,'App\\Models\\Inventario\\InvControlStockDetail',10,NULL,'2022-08-31 10:40:19','2024-08-29 00:38:18',NULL),(184,NULL,'2022-08-31',40920,281,NULL,1,1,-255.00,255.00,10.60,12.30,14.88,'App\\Models\\Inventario\\InvControlStockDetail',11,NULL,'2022-08-31 10:41:45','2024-08-29 00:38:14',NULL);
INSERT INTO `inv_stock_movimientos` VALUES (185,NULL,'2022-08-31',40920,278,NULL,1,1,-140.00,80.00,7.60,8.82,10.67,'App\\Models\\Inventario\\InvControlStockDetail',12,NULL,'2022-08-31 10:44:08','2024-08-29 00:38:14',NULL),(186,NULL,'2022-08-31',40920,288,NULL,2,1,-15.00,0.00,9.60,11.14,1962.87,'App\\Models\\Inventario\\InvControlStockDetail',13,NULL,'2022-08-31 10:44:43','2024-08-29 00:38:15',NULL),(187,NULL,'2022-08-31',40920,276,NULL,2,1,-100.00,20.00,4.00,4.64,817.57,'App\\Models\\Inventario\\InvControlStockDetail',14,NULL,'2022-08-31 10:45:29','2024-08-29 00:38:14',NULL),(188,NULL,'2022-08-31',40920,318,NULL,2,1,8.60,0.00,0.00,0.00,0.00,'App\\Models\\Inventario\\InvControlStockDetail',15,NULL,'2022-08-31 11:03:26','2024-08-29 00:38:16',NULL),(189,NULL,'2022-08-31',40920,319,NULL,4,1,-240.00,0.00,0.00,0.00,0.00,'App\\Models\\Inventario\\InvControlStockDetail',16,NULL,'2022-08-31 11:03:52','2024-08-29 00:38:16',NULL),(190,NULL,'2022-09-01',40920,374,NULL,1,1,-1.00,0.00,90.00,2.09,2.53,'App\\Models\\Receipt',1721,NULL,'2022-09-01 17:51:55','2024-08-29 00:38:18',NULL),(191,NULL,'2022-09-01',40920,374,NULL,1,1,-1.00,0.00,90.00,1.04,1.26,'App\\Models\\Receipt',1722,NULL,'2022-09-01 17:55:30','2024-08-29 00:38:18',NULL),(192,7463,'2022-09-01',40920,249,NULL,4,1,0.00,226.00,19.00,22.04,3378.66,'App\\Models\\Inventario\\InvProducto',65,NULL,'2022-09-01 18:05:55','2022-09-01 18:05:55',NULL),(193,7463,'2022-09-01',40920,249,NULL,4,1,0.00,226.00,21.00,26.00,3986.37,'App\\Models\\Inventario\\InvProducto',65,NULL,'2022-09-01 18:22:57','2022-09-01 18:22:57',NULL),(194,NULL,'2022-09-02',40922,317,NULL,2,2,300.00,700.00,13.00,14.95,2639.26,'App\\Models\\Inventario\\InvControlStockDetail',17,NULL,'2022-09-02 08:06:54','2024-08-29 00:38:16',NULL),(195,NULL,'2022-09-02',40922,317,NULL,2,2,-320.00,380.00,13.00,14.95,2639.26,'App\\Models\\Inventario\\InvControlStockDetail',18,NULL,'2022-09-02 08:07:25','2024-08-29 00:38:16',NULL),(196,NULL,'2022-09-02',40922,278,NULL,1,2,-160.00,220.00,7.60,8.74,1542.95,'App\\Models\\Inventario\\InvControlStockDetail',19,NULL,'2022-09-02 08:08:16','2024-08-29 00:38:14',NULL),(197,NULL,'2022-09-02',40922,288,NULL,2,2,-20.00,20.00,9.60,11.04,1948.99,'App\\Models\\Inventario\\InvControlStockDetail',20,NULL,'2022-09-02 08:08:57','2024-08-29 00:38:15',NULL),(198,NULL,'2022-09-02',40922,289,NULL,2,2,-9.46,0.00,9.60,11.04,1948.99,'App\\Models\\Inventario\\InvControlStockDetail',21,NULL,'2022-09-02 08:22:54','2024-08-29 00:38:15',NULL),(199,NULL,'2022-09-02',40922,249,NULL,4,2,12.00,214.00,21.00,24.15,3893.45,'App\\Models\\Inventario\\InvControlStockDetail',22,NULL,'2022-09-02 08:24:06','2024-08-29 00:38:12',NULL),(200,NULL,'2022-09-02',40922,281,NULL,1,2,-90.00,420.00,10.60,12.19,2152.01,'App\\Models\\Inventario\\InvControlStockDetail',23,NULL,'2022-09-02 08:24:38','2024-08-29 00:38:14',NULL),(201,NULL,'2022-09-02',40922,276,NULL,2,2,-100.00,20.00,4.00,4.60,812.08,'App\\Models\\Inventario\\InvControlStockDetail',24,NULL,'2022-09-02 08:25:38','2024-08-29 00:38:14',NULL),(202,NULL,'2022-09-02',40922,254,NULL,2,2,-12.00,216.00,14.00,16.10,2595.63,'App\\Models\\Inventario\\InvControlStockDetail',25,NULL,'2022-09-02 08:26:09','2024-08-29 00:38:13',NULL),(203,NULL,'2022-09-02',40922,317,NULL,2,2,-80.00,300.00,13.00,14.95,2639.26,'App\\Models\\Inventario\\InvControlStockDetail',26,NULL,'2022-09-02 08:26:49','2024-08-29 00:38:16',NULL),(204,NULL,'2022-09-02',40922,278,NULL,1,2,-40.00,180.00,7.60,8.74,1542.95,'App\\Models\\Inventario\\InvControlStockDetail',27,NULL,'2022-09-02 08:27:21','2024-08-29 00:38:14',NULL),(205,NULL,'2022-09-02',40922,288,NULL,2,2,-5.00,15.00,9.60,11.04,1948.99,'App\\Models\\Inventario\\InvControlStockDetail',28,NULL,'2022-09-02 08:28:00','2024-08-29 00:38:15',NULL),(206,NULL,'2022-09-02',40922,249,NULL,4,2,3.00,211.00,21.00,24.15,3893.45,'App\\Models\\Inventario\\InvControlStockDetail',29,NULL,'2022-09-02 08:28:24','2024-08-29 00:38:12',NULL);
INSERT INTO `inv_stock_movimientos` VALUES (207,NULL,'2022-09-02',40922,249,NULL,4,2,11.00,200.00,21.00,24.15,3893.45,'App\\Models\\Inventario\\InvControlStockDetail',30,NULL,'2022-09-02 08:28:58','2024-08-29 00:38:12',NULL),(208,NULL,'2022-09-02',40922,254,NULL,2,2,-18.00,198.00,14.00,16.10,2595.63,'App\\Models\\Inventario\\InvControlStockDetail',31,NULL,'2022-09-02 08:29:43','2024-08-29 00:38:13',NULL),(209,NULL,'2022-09-02',40922,281,NULL,1,2,-165.00,255.00,10.60,12.19,2152.01,'App\\Models\\Inventario\\InvControlStockDetail',32,NULL,'2022-09-02 08:30:29','2024-08-29 00:38:14',NULL),(210,NULL,'2022-09-02',40922,278,NULL,1,2,-100.00,80.00,7.60,8.74,1542.95,'App\\Models\\Inventario\\InvControlStockDetail',33,NULL,'2022-09-02 08:31:14','2024-08-29 00:38:14',NULL),(211,NULL,'2022-09-02',40922,288,NULL,2,2,-15.00,0.00,9.60,11.04,1948.99,'App\\Models\\Inventario\\InvControlStockDetail',34,NULL,'2022-09-02 08:31:46','2024-08-29 00:38:15',NULL),(212,NULL,'2022-09-02',40922,317,NULL,2,2,-200.00,100.00,13.00,14.95,2639.26,'App\\Models\\Inventario\\InvControlStockDetail',35,NULL,'2022-09-02 08:32:12','2024-08-29 00:38:16',NULL),(213,NULL,'2022-09-04',40920,401,NULL,1,1,205215.00,205215.00,1.00,1.01,1.01,'App\\Models\\Inventario\\InvProducto',130,NULL,'2022-09-04 08:24:44','2024-08-29 00:38:19',NULL),(214,7463,'2022-09-04',40920,401,NULL,1,1,0.00,205215.00,1.00,1.01,1.01,'App\\Models\\Inventario\\InvProducto',130,NULL,'2022-09-04 08:25:31','2022-09-04 08:25:31',NULL),(215,NULL,'2022-09-04',40920,249,NULL,4,1,-12.00,214.00,21.00,26.00,3994.33,'App\\Models\\Inventario\\InvControlStockDetail',36,NULL,'2022-09-04 17:15:09','2024-08-29 00:38:12',NULL),(216,NULL,'2022-09-04',40920,249,NULL,4,1,-3.00,211.00,21.00,26.00,3994.33,'App\\Models\\Inventario\\InvControlStockDetail',37,NULL,'2022-09-04 17:15:25','2024-08-29 00:38:12',NULL),(217,NULL,'2022-09-04',40920,249,NULL,4,1,-11.00,200.00,21.00,26.00,3994.33,'App\\Models\\Inventario\\InvControlStockDetail',38,NULL,'2022-09-04 17:15:45','2024-08-29 00:38:12',NULL),(218,NULL,'2022-09-04',40920,254,NULL,2,1,-12.00,216.00,14.00,16.24,2617.49,'App\\Models\\Inventario\\InvControlStockDetail',39,NULL,'2022-09-04 17:16:18','2024-08-29 00:38:13',NULL),(219,NULL,'2022-09-04',40920,254,NULL,2,1,-18.00,198.00,14.00,16.24,2617.49,'App\\Models\\Inventario\\InvControlStockDetail',40,NULL,'2022-09-04 17:16:57','2024-08-29 00:38:13',NULL),(220,NULL,'2022-09-04',40920,317,NULL,2,1,-320.00,380.00,13.00,15.08,2661.48,'App\\Models\\Inventario\\InvControlStockDetail',41,NULL,'2022-09-04 17:17:43','2024-08-29 00:38:16',NULL),(221,NULL,'2022-09-04',40920,317,NULL,2,1,-80.00,300.00,13.00,15.08,2661.48,'App\\Models\\Inventario\\InvControlStockDetail',42,NULL,'2022-09-04 17:18:07','2024-08-29 00:38:16',NULL),(222,NULL,'2022-09-04',40920,317,NULL,2,1,-200.00,100.00,13.00,15.08,2661.48,'App\\Models\\Inventario\\InvControlStockDetail',43,NULL,'2022-09-04 17:18:30','2024-08-29 00:38:16',NULL),(223,NULL,'2022-09-04',40920,397,NULL,2,1,-66.00,0.00,190.00,220.40,38898.53,'App\\Models\\Inventario\\InvControlStockDetail',44,NULL,'2022-09-04 17:19:03','2024-08-29 00:38:19',NULL),(224,NULL,'2022-09-04',40920,402,NULL,1,1,50850.00,50850.00,1.00,1.00,1.00,'App\\Models\\Inventario\\InvProducto',131,NULL,'2022-09-04 17:24:35','2024-08-29 00:38:19',NULL),(225,7463,'2022-09-04',40920,401,NULL,1,1,0.00,205215.00,1.00,1.00,1.00,'App\\Models\\Inventario\\InvProducto',130,NULL,'2022-09-04 17:26:01','2022-09-04 17:26:01',NULL),(226,NULL,'2022-09-04',40920,402,NULL,1,1,-15000.00,35850.00,1.00,1.00,1.00,'App\\Models\\Inventario\\InvControlStockDetail',45,NULL,'2022-09-04 17:27:26','2024-08-29 00:38:19',NULL),(227,7463,'2022-09-04',40920,401,NULL,1,1,0.00,205215.00,0.00,0.00,0.00,'App\\Models\\Inventario\\InvProducto',130,NULL,'2022-09-04 17:57:00','2022-09-04 17:57:00',NULL),(228,7463,'2022-09-04',40920,402,NULL,1,1,0.00,35850.00,0.00,0.00,0.00,'App\\Models\\Inventario\\InvProducto',131,NULL,'2022-09-04 17:57:20','2022-09-04 17:57:20',NULL);
INSERT INTO `inv_stock_movimientos` VALUES (229,NULL,'2022-09-05',40920,254,NULL,2,1,-24.00,174.00,14.00,16.24,2617.49,'App\\Models\\Inventario\\InvControlStockDetail',46,NULL,'2022-09-05 15:23:39','2024-08-29 00:38:13',NULL),(230,NULL,'2022-09-07',40920,279,NULL,1,1,-360.00,0.00,6.20,7.19,8.70,'App\\Models\\Inventario\\InvControlStockDetail',47,NULL,'2022-09-07 17:49:46','2024-08-29 00:38:14',NULL),(231,NULL,'2022-09-08',40920,253,NULL,2,1,112.00,178.00,38.10,4949.95,5469.70,'App\\Models\\Receipt',1775,NULL,'2022-09-08 12:01:11','2024-08-29 00:38:13',NULL),(232,NULL,'2022-09-08',40920,254,NULL,2,1,216.00,390.00,17.78,4454.96,4922.73,'App\\Models\\Receipt',1775,NULL,'2022-09-08 12:01:11','2024-08-29 00:38:13',NULL),(233,NULL,'2022-09-08',40920,250,NULL,2,1,136.00,352.00,38.10,6010.66,6641.77,'App\\Models\\Receipt',1776,NULL,'2022-09-08 12:10:26','2024-08-29 00:38:12',NULL),(234,7463,'2022-09-08',40920,249,NULL,4,1,0.00,200.00,26.00,32.20,4990.65,'App\\Models\\Inventario\\InvProducto',65,NULL,'2022-09-08 17:46:30','2022-09-08 17:46:30',NULL),(235,7463,'2022-09-08',40920,251,NULL,2,1,0.00,406.00,30.00,34.80,5661.20,'App\\Models\\Inventario\\InvProducto',67,NULL,'2022-09-08 17:47:05','2022-09-08 17:47:05',NULL),(236,NULL,'2022-09-08',40920,275,NULL,2,1,120.00,260.00,7.40,8.58,1528.41,'App\\Models\\Inventario\\InvControlStockDetail',48,NULL,'2022-09-08 17:49:27','2024-08-29 00:38:14',NULL),(237,NULL,'2022-09-08',40920,279,NULL,1,1,40.00,40.00,6.20,7.19,8.70,'App\\Models\\Inventario\\InvControlStockDetail',49,NULL,'2022-09-08 17:49:27','2024-08-29 00:38:14',NULL),(238,NULL,'2022-09-08',40920,320,NULL,4,1,400.00,400.00,5.10,5.92,1004.17,'App\\Models\\Inventario\\InvProducto',132,NULL,'2022-09-08 17:53:26','2024-08-29 00:38:16',NULL),(239,7463,'2022-09-08',40920,320,NULL,4,1,0.00,400.00,5.10,5.92,1004.85,'App\\Models\\Inventario\\InvProducto',132,NULL,'2022-09-08 17:57:49','2022-09-08 17:57:49',NULL),(240,NULL,'2022-09-08',40920,321,NULL,4,1,120.00,120.00,7.30,8.47,1437.35,'App\\Models\\Inventario\\InvProducto',133,NULL,'2022-09-08 18:02:18','2024-08-29 00:38:16',NULL),(241,NULL,'2022-09-08',40920,322,NULL,4,1,120.00,120.00,9.60,11.14,1890.21,'App\\Models\\Inventario\\InvProducto',134,NULL,'2022-09-08 18:05:26','2024-08-29 00:38:16',NULL),(242,7463,'2022-09-08',40920,318,NULL,2,1,0.00,0.00,320.00,371.20,66124.16,'App\\Models\\Inventario\\InvProducto',127,NULL,'2022-09-08 18:09:33','2022-09-08 18:09:33',NULL),(243,7463,'2022-09-08',40920,319,NULL,4,1,0.00,0.00,16.90,19.60,3327.56,'App\\Models\\Inventario\\InvProducto',128,NULL,'2022-09-08 18:10:34','2022-09-08 18:10:34',NULL),(244,NULL,'2022-09-09',40920,254,NULL,2,1,-48.00,342.00,17.78,20.62,3364.90,'App\\Models\\Inventario\\InvControlStockDetail',50,NULL,'2022-09-09 18:17:29','2024-08-29 00:38:13',NULL),(245,NULL,'2022-09-09',40920,249,NULL,4,1,-12.00,188.00,26.00,32.20,5009.80,'App\\Models\\Inventario\\InvControlStockDetail',51,NULL,'2022-09-09 18:18:02','2024-08-29 00:38:12',NULL),(246,NULL,'2022-09-09',40920,279,NULL,1,1,-40.00,0.00,6.20,7.19,8.70,'App\\Models\\Inventario\\InvControlStockDetail',52,NULL,'2022-09-09 18:19:07','2024-08-29 00:38:14',NULL),(247,NULL,'2022-09-09',40920,322,NULL,4,1,-70.00,50.00,9.60,11.14,1897.90,'App\\Models\\Inventario\\InvControlStockDetail',53,NULL,'2022-09-09 18:19:46','2024-08-29 00:38:16',NULL),(248,NULL,'2022-09-12',40920,304,NULL,2,1,-0.10,0.35,21.00,24.36,4374.47,'App\\Models\\Inventario\\InvControlStockDetail',54,NULL,'2022-09-12 14:45:21','2024-08-29 00:38:15',NULL),(249,NULL,'2022-09-12',40920,402,NULL,1,1,-14525.00,21325.00,0.00,0.00,0.00,'App\\Models\\Inventario\\InvControlStockDetail',55,NULL,'2022-09-12 14:52:38','2024-08-29 00:38:19',NULL),(250,NULL,'2022-09-12',40920,402,NULL,1,1,-18650.00,2675.00,0.00,0.00,0.00,'App\\Models\\Inventario\\InvControlStockDetail',56,NULL,'2022-09-12 14:53:22','2024-08-29 00:38:19',NULL),(251,NULL,'2022-09-12',40920,374,NULL,1,1,-1.00,-1.00,90.00,1.04,1.26,'App\\Models\\Receipt',1777,NULL,'2022-09-12 16:42:21','2024-08-29 00:38:18',NULL);
INSERT INTO `inv_stock_movimientos` VALUES (252,NULL,'2022-09-12',40920,374,NULL,1,1,-2.00,1.00,90.00,104.40,126.32,'App\\Models\\Inventario\\InvControlStockDetail',57,NULL,'2022-09-12 17:13:32','2024-08-29 00:38:18',NULL),(253,NULL,'2022-09-14',40920,313,NULL,2,1,-65.00,0.00,30.00,34.80,6278.30,'App\\Models\\Inventario\\InvControlStockDetail',58,NULL,'2022-09-14 09:26:00','2024-08-29 00:38:16',NULL),(254,NULL,'2022-09-14',40920,314,NULL,2,1,-440.00,0.00,30.00,34.80,6278.30,'App\\Models\\Inventario\\InvControlStockDetail',59,NULL,'2022-09-14 09:26:00','2024-08-29 00:38:16',NULL),(255,NULL,'2022-09-14',40920,376,NULL,1,1,-60.00,12.00,29.50,34.22,41.41,'App\\Models\\Inventario\\InvControlStockDetail',60,NULL,'2022-09-14 09:26:25','2024-08-29 00:38:18',NULL),(256,NULL,'2022-09-14',40920,249,NULL,4,1,-36.00,152.00,26.00,32.20,5030.44,'App\\Models\\Inventario\\InvControlStockDetail',61,NULL,'2022-09-14 09:27:25','2024-08-29 00:38:12',NULL),(257,NULL,'2022-09-14',40920,254,NULL,2,1,-24.00,318.00,17.78,20.62,3397.26,'App\\Models\\Inventario\\InvControlStockDetail',62,NULL,'2022-09-14 09:27:25','2024-08-29 00:38:13',NULL),(258,NULL,'2022-09-14',40920,319,NULL,4,1,300.00,300.00,16.90,19.60,3352.97,'App\\Models\\Inventario\\InvControlStockDetail',63,NULL,'2022-09-14 16:02:19','2024-08-29 00:38:16',NULL),(259,NULL,'2022-09-14',40920,318,NULL,2,1,-5.16,5.16,320.00,371.20,66968.56,'App\\Models\\Inventario\\InvControlStockDetail',64,NULL,'2022-09-14 16:02:46','2024-08-29 00:38:16',NULL),(260,NULL,'2022-09-14',40920,319,NULL,4,1,-300.00,0.00,16.90,19.60,3352.97,'App\\Models\\Inventario\\InvControlStockDetail',65,NULL,'2022-09-14 16:03:32','2024-08-29 00:38:16',NULL),(261,NULL,'2022-09-14',40920,318,NULL,2,1,5.16,0.00,320.00,371.20,66968.56,'App\\Models\\Inventario\\InvControlStockDetail',66,NULL,'2022-09-14 16:03:54','2024-08-29 00:38:16',NULL),(262,NULL,'2022-09-14',40920,254,NULL,2,1,-18.00,300.00,17.78,20.62,3397.26,'App\\Models\\Inventario\\InvControlStockDetail',67,NULL,'2022-09-14 16:04:39','2024-08-29 00:38:13',NULL),(263,NULL,'2022-09-14',40920,300,NULL,2,1,-20.00,20.00,29.80,34.57,6236.81,'App\\Models\\Inventario\\InvControlStockDetail',68,NULL,'2022-09-14 16:05:40','2024-08-29 00:38:15',NULL),(264,NULL,'2022-09-16',40920,303,NULL,2,1,115.00,1115.00,9.67,1289.98,1560.87,'App\\Models\\Receipt',1898,NULL,'2022-09-16 12:37:29','2024-08-29 00:38:15',NULL),(265,NULL,'2022-09-16',40920,279,NULL,1,1,40.00,40.00,6.80,315.52,381.78,'App\\Models\\Receipt',1898,NULL,'2022-09-16 12:37:29','2024-08-29 00:38:14',NULL),(266,NULL,'2022-09-16',40920,322,NULL,4,1,120.00,170.00,10.20,1419.84,1718.01,'App\\Models\\Receipt',1898,NULL,'2022-09-16 12:37:29','2024-08-29 00:38:16',NULL),(267,NULL,'2022-09-18',40920,374,NULL,1,1,1.00,0.00,90.00,104.40,126.32,'App\\Models\\Inventario\\InvControlStockDetail',69,NULL,'2022-09-18 10:31:35','2024-08-29 00:38:18',NULL),(268,NULL,'2022-09-18',40920,281,NULL,1,1,-135.00,120.00,10.60,12.30,14.88,'App\\Models\\Inventario\\InvControlStockDetail',70,NULL,'2022-09-18 10:32:23','2024-08-29 00:38:14',NULL),(269,NULL,'2022-09-18',40920,322,NULL,4,1,30.00,20.00,10.20,11.83,2045.23,'App\\Models\\Inventario\\InvControlStockDetail',71,NULL,'2022-09-18 10:33:17','2024-08-29 00:38:16',NULL),(270,NULL,'2022-09-19',40920,317,NULL,2,1,400.00,500.00,13.00,15.08,2733.55,'App\\Models\\Inventario\\InvControlStockDetail',72,NULL,'2022-09-19 13:28:19','2024-08-29 00:38:16',NULL),(271,NULL,'2022-09-20',40920,254,NULL,2,1,-150.00,150.00,17.78,20.62,3421.64,'App\\Models\\Inventario\\InvControlStockDetail',73,NULL,'2022-09-20 09:56:36','2024-08-29 00:38:13',NULL),(272,NULL,'2022-09-21',40920,249,NULL,4,1,-24.00,128.00,26.00,32.20,5106.59,'App\\Models\\Inventario\\InvControlStockDetail',74,NULL,'2022-09-21 16:18:06','2024-08-29 00:38:12',NULL),(273,NULL,'2022-09-22',40920,249,NULL,4,1,432.00,560.00,26.00,32.20,5146.44,'App\\Models\\Inventario\\InvControlStockDetail',75,NULL,'2022-09-22 15:32:04','2024-08-29 00:38:12',NULL);
INSERT INTO `inv_stock_movimientos` VALUES (274,NULL,'2022-09-22',40920,249,NULL,4,1,-204.00,356.00,26.00,32.20,5146.44,'App\\Models\\Inventario\\InvControlStockDetail',76,NULL,'2022-09-22 15:32:45','2024-08-29 00:38:12',NULL),(275,NULL,'2022-09-23',40920,310,NULL,2,1,-900.00,1100.00,14.50,16.82,3089.06,'App\\Models\\Inventario\\InvControlStockDetail',77,NULL,'2022-09-23 10:44:40','2024-08-29 00:38:16',NULL),(276,NULL,'2022-09-27',40920,310,NULL,2,1,-260.00,840.00,14.50,16.82,3089.06,'App\\Models\\Inventario\\InvControlStockDetail',78,NULL,'2022-09-27 09:37:26','2024-08-29 00:38:16',NULL),(277,NULL,'2022-09-27',40920,376,NULL,1,1,-6.00,6.00,29.50,34.22,41.41,'App\\Models\\Inventario\\InvControlStockDetail',79,NULL,'2022-09-27 09:37:50','2024-08-29 00:38:18',NULL),(278,NULL,'2022-09-27',40920,254,NULL,2,1,-30.00,120.00,17.78,20.62,3458.32,'App\\Models\\Inventario\\InvControlStockDetail',80,NULL,'2022-09-27 09:38:21','2024-08-29 00:38:13',NULL),(279,NULL,'2022-09-27',40920,275,NULL,2,1,-180.00,80.00,7.40,8.58,1575.75,'App\\Models\\Inventario\\InvControlStockDetail',81,NULL,'2022-09-27 10:23:40','2024-08-29 00:38:14',NULL),(280,NULL,'2022-09-27',40920,249,NULL,4,1,-24.00,332.00,26.00,32.20,5166.01,'App\\Models\\Inventario\\InvControlStockDetail',82,NULL,'2022-09-27 11:10:36','2024-08-29 00:38:12',NULL),(281,NULL,'2022-09-28',40920,254,NULL,2,1,108.00,228.00,17.78,20.62,3491.13,'App\\Models\\Inventario\\InvControlStockDetail',83,NULL,'2022-09-28 18:00:31','2024-08-29 00:38:13',NULL),(282,NULL,'2022-09-28',40920,249,NULL,4,1,-12.00,320.00,26.00,32.20,5204.08,'App\\Models\\Inventario\\InvControlStockDetail',84,NULL,'2022-09-28 18:01:17','2024-08-29 00:38:12',NULL),(283,NULL,'2022-09-28',40920,254,NULL,2,1,-12.00,216.00,17.78,20.62,3491.13,'App\\Models\\Inventario\\InvControlStockDetail',85,NULL,'2022-09-28 18:01:17','2024-08-29 00:38:13',NULL),(284,NULL,'2022-09-29',40920,320,NULL,4,1,-80.00,320.00,5.10,5.92,1049.91,'App\\Models\\Inventario\\InvControlStockDetail',86,NULL,'2022-09-29 10:11:49','2024-08-29 00:38:16',NULL),(285,NULL,'2022-09-29',40920,327,NULL,2,1,45.00,45.00,1.00,1.16,215.47,'App\\Models\\Inventario\\InvProducto',135,NULL,'2022-09-29 11:49:34','2024-08-29 00:38:17',NULL),(286,NULL,'2022-09-29',40920,310,NULL,2,1,260.00,1100.00,14.50,16.82,3124.27,'App\\Models\\Inventario\\InvControlStockDetail',87,NULL,'2022-09-29 11:50:54','2024-08-29 00:38:16',NULL),(287,NULL,'2022-09-29',40920,278,NULL,1,1,180.00,260.00,7.60,8.82,10.67,'App\\Models\\Inventario\\InvControlStockDetail',88,NULL,'2022-09-29 11:52:22','2024-08-29 00:38:14',NULL),(288,NULL,'2022-09-29',40920,323,NULL,2,1,5.50,5.50,1.00,1.16,215.47,'App\\Models\\Inventario\\InvProducto',136,NULL,'2022-09-29 11:56:25','2024-08-29 00:38:16',NULL),(289,NULL,'2022-09-29',40920,324,NULL,2,1,5.00,5.00,1.00,1.16,215.47,'App\\Models\\Inventario\\InvProducto',137,NULL,'2022-09-29 11:58:39','2024-08-29 00:38:16',NULL),(290,NULL,'2022-10-01',40920,281,NULL,1,1,-15.00,105.00,10.60,12.30,14.88,'App\\Models\\Inventario\\InvControlStockDetail',89,NULL,'2022-10-01 09:07:14','2024-08-29 00:38:14',NULL),(291,NULL,'2022-10-01',40920,327,NULL,2,1,-45.00,0.00,1.00,1.16,216.51,'App\\Models\\Inventario\\InvControlStockDetail',90,NULL,'2022-10-01 09:07:48','2024-08-29 00:38:17',NULL),(292,NULL,'2022-10-04',40920,249,NULL,4,1,564.00,884.00,26.00,32.20,5274.17,'App\\Models\\Inventario\\InvControlStockDetail',91,NULL,'2022-10-04 09:39:12','2024-08-29 00:38:12',NULL),(293,NULL,'2022-10-04',40920,251,NULL,2,1,444.00,850.00,30.00,34.80,5973.06,'App\\Models\\Inventario\\InvControlStockDetail',92,NULL,'2022-10-04 09:39:12','2024-08-29 00:38:12',NULL),(294,NULL,'2022-10-04',40920,257,NULL,2,1,8.00,8.00,384.00,445.44,83720.14,'App\\Models\\Inventario\\InvProducto',138,NULL,'2022-10-04 18:15:42','2024-08-29 00:38:14',NULL),(295,NULL,'2022-10-04',40920,258,NULL,2,1,4.00,4.00,366.00,424.56,79795.75,'App\\Models\\Inventario\\InvProducto',139,NULL,'2022-10-04 18:19:27','2024-08-29 00:38:14',NULL);
INSERT INTO `inv_stock_movimientos` VALUES (296,NULL,'2022-10-04',40920,257,NULL,2,1,-8.00,0.00,384.00,445.44,83720.14,'App\\Models\\Inventario\\InvControlStockDetail',93,NULL,'2022-10-04 18:33:23','2024-08-29 00:38:14',NULL),(297,NULL,'2022-10-04',40920,258,NULL,2,1,-4.00,0.00,366.00,424.56,79795.75,'App\\Models\\Inventario\\InvControlStockDetail',94,NULL,'2022-10-04 18:33:23','2024-08-29 00:38:14',NULL),(298,NULL,'2022-10-04',40920,249,NULL,4,1,-10.00,874.00,32.20,322.00,355.81,'App\\Models\\Receipt',2116,NULL,'2022-10-04 18:56:41','2024-08-29 00:38:12',NULL),(299,NULL,'2022-10-04',40920,249,NULL,4,1,10.00,884.00,26.00,32.20,5274.17,'App\\Models\\Inventario\\InvControlStockDetail',95,NULL,'2022-10-04 19:01:47','2024-08-29 00:38:12',NULL),(300,NULL,'2022-10-05',40920,402,NULL,1,1,3086.00,5761.00,0.00,0.00,0.00,'App\\Models\\Inventario\\InvControlStockDetail',96,NULL,'2022-10-05 11:06:22','2024-08-29 00:38:19',NULL),(301,NULL,'2022-10-05',40920,402,NULL,1,1,-5761.00,0.00,0.00,0.00,0.00,'App\\Models\\Inventario\\InvControlStockDetail',97,NULL,'2022-10-05 11:06:46','2024-08-29 00:38:19',NULL),(302,7463,'2022-10-05',40920,257,NULL,2,1,0.00,0.00,420.00,487.20,91568.90,'App\\Models\\Inventario\\InvProducto',138,NULL,'2022-10-05 11:11:28','2022-10-05 11:11:28',NULL),(303,7463,'2022-10-05',40920,258,NULL,2,1,0.00,0.00,420.00,487.20,91568.90,'App\\Models\\Inventario\\InvProducto',139,NULL,'2022-10-05 11:11:59','2022-10-05 11:11:59',NULL),(304,NULL,'2022-10-05',40920,401,NULL,1,1,-44645.00,160570.00,0.00,0.00,0.00,'App\\Models\\Inventario\\InvControlStockDetail',98,NULL,'2022-10-05 19:05:58','2024-08-29 00:38:19',NULL),(305,NULL,'2022-10-06',40920,253,NULL,2,1,-130.00,48.00,38.10,44.20,7610.40,'App\\Models\\Inventario\\InvControlStockDetail',99,NULL,'2022-10-06 10:50:45','2024-08-29 00:38:13',NULL),(306,NULL,'2022-10-06',40920,250,NULL,2,1,-110.00,242.00,38.10,44.20,7610.40,'App\\Models\\Inventario\\InvControlStockDetail',100,NULL,'2022-10-06 10:52:00','2024-08-29 00:38:12',NULL),(307,NULL,'2022-10-06',40920,253,NULL,2,1,20.00,68.00,38.10,44.20,7610.40,'App\\Models\\Inventario\\InvControlStockDetail',101,NULL,'2022-10-06 12:13:15','2024-08-29 00:38:13',NULL),(308,NULL,'2022-10-06',40920,250,NULL,2,1,-20.00,222.00,38.10,44.20,7610.40,'App\\Models\\Inventario\\InvControlStockDetail',102,NULL,'2022-10-06 12:13:42','2024-08-29 00:38:12',NULL),(309,NULL,'2022-10-06',40920,259,NULL,2,1,500.00,500.00,1.00,1.16,218.71,'App\\Models\\Inventario\\InvProducto',140,NULL,'2022-10-06 13:33:05','2024-08-29 00:38:14',NULL),(310,NULL,'2022-10-06',40920,319,NULL,4,1,115.00,115.00,1.00,1.16,218.71,'App\\Models\\Inventario\\InvProducto',141,NULL,'2022-10-06 13:35:40','2024-08-29 00:38:16',NULL),(311,7463,'2022-10-06',40920,259,NULL,2,1,0.00,500.00,52.00,60.32,11372.87,'App\\Models\\Inventario\\InvProducto',140,NULL,'2022-10-06 13:38:58','2022-10-06 13:38:58',NULL),(312,NULL,'2022-10-06',40920,249,NULL,4,1,-12.00,872.00,26.00,32.20,5286.98,'App\\Models\\Inventario\\InvControlStockDetail',103,NULL,'2022-10-06 13:40:35','2024-08-29 00:38:12',NULL),(313,NULL,'2022-10-08',40920,297,NULL,2,1,-580.00,520.00,11.50,13.34,2515.15,'App\\Models\\Inventario\\InvControlStockDetail',104,NULL,'2022-10-08 09:29:38','2024-08-29 00:38:15',NULL),(314,NULL,'2022-10-08',40920,278,NULL,1,1,-240.00,20.00,7.60,8.82,10.67,'App\\Models\\Inventario\\InvControlStockDetail',105,NULL,'2022-10-08 09:30:10','2024-08-29 00:38:14',NULL),(315,NULL,'2022-10-08',40920,292,NULL,2,1,-40.00,0.00,49.00,56.84,10716.74,'App\\Models\\Inventario\\InvControlStockDetail',106,NULL,'2022-10-08 09:31:06','2024-08-29 00:38:15',NULL),(316,NULL,'2022-10-08',40920,249,NULL,4,1,-24.00,848.00,26.00,32.20,5286.98,'App\\Models\\Inventario\\InvControlStockDetail',107,NULL,'2022-10-08 09:31:33','2024-08-29 00:38:12',NULL),(317,NULL,'2022-10-10',40920,249,NULL,4,1,-196.00,652.00,26.00,32.20,5286.98,'App\\Models\\Inventario\\InvControlStockDetail',108,NULL,'2022-10-10 16:17:52','2024-08-29 00:38:12',NULL);
INSERT INTO `inv_stock_movimientos` VALUES (318,NULL,'2022-10-12',40920,310,NULL,2,1,-300.00,800.00,14.50,16.82,3171.28,'App\\Models\\Inventario\\InvControlStockDetail',109,NULL,'2022-10-12 10:03:13','2024-08-29 00:38:16',NULL),(319,NULL,'2022-10-12',40920,310,NULL,2,1,480.00,1280.00,14.50,16.82,3171.28,'App\\Models\\Inventario\\InvControlStockDetail',110,NULL,'2022-10-12 11:41:55','2024-08-29 00:38:16',NULL),(320,NULL,'2022-10-12',40920,325,NULL,2,1,500.00,500.00,1.00,1.16,218.71,'App\\Models\\Inventario\\InvProducto',142,NULL,'2022-10-12 11:47:42','2024-08-29 00:38:16',NULL),(321,NULL,'2022-10-12',40920,278,NULL,1,1,200.00,220.00,7.60,8.82,10.67,'App\\Models\\Inventario\\InvControlStockDetail',111,NULL,'2022-10-12 11:48:28','2024-08-29 00:38:14',NULL),(322,NULL,'2022-10-12',40920,294,NULL,2,1,40.00,50.00,49.00,56.84,10716.74,'App\\Models\\Inventario\\InvControlStockDetail',112,NULL,'2022-10-12 11:49:25','2024-08-29 00:38:15',NULL),(323,NULL,'2022-10-12',40920,326,NULL,2,1,6.80,6.80,1.00,1.16,218.71,'App\\Models\\Inventario\\InvProducto',143,NULL,'2022-10-12 11:52:15','2024-08-29 00:38:17',NULL),(324,NULL,'2022-10-12',40920,298,NULL,2,1,-300.00,480.00,11.50,13.34,2515.15,'App\\Models\\Inventario\\InvControlStockDetail',113,NULL,'2022-10-12 15:58:34','2024-08-29 00:38:15',NULL),(325,NULL,'2022-10-12',40920,320,NULL,4,1,-180.00,140.00,5.10,5.92,1064.38,'App\\Models\\Inventario\\InvControlStockDetail',114,NULL,'2022-10-12 15:59:19','2024-08-29 00:38:16',NULL),(326,NULL,'2022-10-12',40920,281,NULL,1,1,-105.00,0.00,10.60,12.30,14.88,'App\\Models\\Inventario\\InvControlStockDetail',115,NULL,'2022-10-12 16:00:06','2024-08-29 00:38:14',NULL),(327,NULL,'2022-10-12',40920,325,NULL,2,1,-110.00,390.00,1.00,1.16,218.71,'App\\Models\\Inventario\\InvControlStockDetail',116,NULL,'2022-10-12 16:00:06','2024-08-29 00:38:16',NULL),(328,NULL,'2022-10-12',40920,322,NULL,4,1,10.00,10.00,10.20,11.83,2126.96,'App\\Models\\Inventario\\InvControlStockDetail',117,NULL,'2022-10-12 16:00:28','2024-08-29 00:38:16',NULL),(329,NULL,'2022-10-12',40920,326,NULL,2,1,-6.80,0.00,1.00,1.16,218.71,'App\\Models\\Inventario\\InvControlStockDetail',118,NULL,'2022-10-12 16:00:49','2024-08-29 00:38:17',NULL),(330,NULL,'2022-10-12',40920,254,NULL,2,1,-30.00,186.00,17.78,20.62,3550.37,'App\\Models\\Inventario\\InvControlStockDetail',119,NULL,'2022-10-12 16:01:32','2024-08-29 00:38:13',NULL),(331,NULL,'2022-10-13',40920,254,NULL,2,1,420.00,606.00,17.78,20.62,3594.58,'App\\Models\\Inventario\\InvControlStockDetail',120,NULL,'2022-10-13 17:09:19','2024-08-29 00:38:13',NULL),(332,NULL,'2022-10-13',40920,257,NULL,2,1,8.00,8.00,420.00,487.20,93001.41,'App\\Models\\Inventario\\InvControlStockDetail',121,NULL,'2022-10-13 17:10:09','2024-08-29 00:38:14',NULL),(333,NULL,'2022-10-13',40920,258,NULL,2,1,4.00,4.00,420.00,487.20,93001.41,'App\\Models\\Inventario\\InvControlStockDetail',122,NULL,'2022-10-13 17:10:09','2024-08-29 00:38:14',NULL),(334,NULL,'2022-10-17',40920,249,NULL,4,1,-24.00,628.00,26.00,32.20,5383.41,'App\\Models\\Inventario\\InvControlStockDetail',123,NULL,'2022-10-17 15:18:52','2024-08-29 00:38:12',NULL),(335,NULL,'2022-10-17',40920,321,NULL,4,1,-0.80,0.80,1.00,1.16,222.04,'App\\Models\\Inventario\\InvProducto',144,NULL,'2022-10-17 15:22:49','2024-08-29 00:38:16',NULL),(336,NULL,'2022-10-17',40920,328,NULL,2,1,0.90,0.90,1.00,1.16,222.04,'App\\Models\\Inventario\\InvProducto',145,NULL,'2022-10-17 15:24:59','2024-08-29 00:38:17',NULL),(337,NULL,'2022-10-17',40920,310,NULL,2,1,-1100.00,180.00,14.50,16.82,3219.51,'App\\Models\\Inventario\\InvControlStockDetail',124,NULL,'2022-10-17 15:30:05','2024-08-29 00:38:16',NULL),(338,NULL,'2022-10-17',40920,321,NULL,4,1,0.80,0.00,1.00,1.16,222.04,'App\\Models\\Inventario\\InvControlStockDetail',125,NULL,'2022-10-17 15:30:40','2024-08-29 00:38:16',NULL),(339,NULL,'2022-10-18',40920,259,NULL,2,1,-500.00,0.00,52.00,60.32,11552.41,'App\\Models\\Inventario\\InvControlStockDetail',126,NULL,'2022-10-18 12:08:12','2024-08-29 00:38:14',NULL);
INSERT INTO `inv_stock_movimientos` VALUES (340,NULL,'2022-10-18',40920,286,NULL,2,1,-45.00,0.00,228.00,264.48,50652.89,'App\\Models\\Inventario\\InvControlStockDetail',127,NULL,'2022-10-18 12:08:31','2024-08-29 00:38:15',NULL),(341,NULL,'2022-10-18',40920,303,NULL,2,1,1000.00,0.00,9.67,11.22,2148.84,'App\\Models\\Inventario\\InvControlStockDetail',128,NULL,'2022-10-18 12:08:55','2024-08-29 00:38:15',NULL),(342,7463,'2022-10-18',40920,328,NULL,2,1,0.00,0.90,1.00,1.16,222.16,'App\\Models\\Inventario\\InvProducto',145,NULL,'2022-10-18 12:15:05','2022-10-18 12:15:05',NULL),(343,7463,'2022-10-18',40920,327,NULL,2,1,0.00,0.00,1.00,1.16,222.16,'App\\Models\\Inventario\\InvProducto',135,NULL,'2022-10-18 12:15:30','2022-10-18 12:15:30',NULL),(344,NULL,'2022-10-19',40920,314,NULL,2,1,215.00,215.00,30.00,34.80,6664.85,'App\\Models\\Inventario\\InvControlStockDetail',129,NULL,'2022-10-19 10:34:12','2024-08-29 00:38:16',NULL),(345,NULL,'2022-10-20',40920,314,NULL,2,1,-215.00,0.00,30.00,34.80,6734.75,'App\\Models\\Inventario\\InvControlStockDetail',130,NULL,'2022-10-20 18:24:41','2024-08-29 00:38:16',NULL),(346,NULL,'2022-10-21',40920,249,NULL,4,1,-24.00,604.00,26.00,32.20,5450.30,'App\\Models\\Inventario\\InvControlStockDetail',131,NULL,'2022-10-21 10:56:28','2024-08-29 00:38:12',NULL),(347,NULL,'2022-10-21',40920,328,NULL,2,1,-0.90,0.00,1.00,1.16,224.49,'App\\Models\\Inventario\\InvControlStockDetail',132,NULL,'2022-10-21 13:00:11','2024-08-29 00:38:17',NULL),(348,NULL,'2022-10-21',40920,297,NULL,2,1,-500.00,20.00,11.50,13.34,2581.66,'App\\Models\\Inventario\\InvControlStockDetail',133,NULL,'2022-10-21 16:49:36','2024-08-29 00:38:15',NULL),(349,NULL,'2022-10-21',40920,278,NULL,1,1,-80.00,140.00,7.60,8.82,10.67,'App\\Models\\Inventario\\InvControlStockDetail',134,NULL,'2022-10-21 16:50:08','2024-08-29 00:38:14',NULL),(350,NULL,'2022-10-21',40920,301,NULL,2,1,-8.40,5.60,270.00,313.20,60612.78,'App\\Models\\Inventario\\InvControlStockDetail',135,NULL,'2022-10-21 16:50:57','2024-08-29 00:38:15',NULL),(351,NULL,'2022-10-21',40920,315,NULL,2,1,-240.00,0.00,30.00,34.80,6734.75,'App\\Models\\Inventario\\InvControlStockDetail',136,NULL,'2022-10-21 16:51:26','2024-08-29 00:38:16',NULL),(352,NULL,'2022-10-21',40920,310,NULL,2,1,-180.00,0.00,14.50,16.82,3255.13,'App\\Models\\Inventario\\InvControlStockDetail',137,NULL,'2022-10-21 16:51:58','2024-08-29 00:38:16',NULL),(353,NULL,'2022-10-21',40920,312,NULL,2,1,-100.00,0.00,14.50,16.82,3255.13,'App\\Models\\Inventario\\InvControlStockDetail',138,NULL,'2022-10-21 16:53:20','2024-08-29 00:38:16',NULL),(354,NULL,'2022-10-21',40920,376,NULL,1,1,-6.00,0.00,29.50,34.22,41.41,'App\\Models\\Inventario\\InvControlStockDetail',139,NULL,'2022-10-21 16:53:49','2024-08-29 00:38:18',NULL),(355,NULL,'2022-10-21',40920,256,NULL,2,1,-6.00,0.00,210.00,243.60,47143.27,'App\\Models\\Inventario\\InvControlStockDetail',140,NULL,'2022-10-21 16:54:20','2024-08-29 00:38:13',NULL),(356,NULL,'2022-10-21',40920,323,NULL,2,1,-1.00,4.50,1.00,1.16,224.49,'App\\Models\\Inventario\\InvControlStockDetail',141,NULL,'2022-10-21 16:54:44','2024-08-29 00:38:16',NULL),(357,NULL,'2022-10-21',40920,254,NULL,2,1,-108.00,498.00,17.78,20.62,3644.25,'App\\Models\\Inventario\\InvControlStockDetail',142,NULL,'2022-10-21 16:55:15','2024-08-29 00:38:13',NULL),(358,NULL,'2022-10-24',40920,256,NULL,2,1,5.00,5.00,210.00,243.60,47143.27,'App\\Models\\Inventario\\InvControlStockDetail',143,NULL,'2022-10-24 10:42:51','2024-08-29 00:38:13',NULL),(359,NULL,'2022-10-24',40920,258,NULL,2,1,3.00,7.00,420.00,487.20,94286.55,'App\\Models\\Inventario\\InvControlStockDetail',144,NULL,'2022-10-24 10:43:58','2024-08-29 00:38:14',NULL),(360,NULL,'2022-10-25',40920,310,NULL,2,1,800.00,800.00,14.50,16.82,3255.13,'App\\Models\\Inventario\\InvControlStockDetail',145,NULL,'2022-10-25 09:58:47','2024-08-29 00:38:16',NULL),(361,NULL,'2022-10-25',40920,376,NULL,1,1,35.00,35.00,29.50,34.22,41.41,'App\\Models\\Inventario\\InvControlStockDetail',146,NULL,'2022-10-25 09:59:21','2024-08-29 00:38:18',NULL);
INSERT INTO `inv_stock_movimientos` VALUES (362,NULL,'2022-10-25',40920,314,NULL,2,1,40.00,40.00,30.00,34.80,6734.75,'App\\Models\\Inventario\\InvControlStockDetail',147,NULL,'2022-10-25 09:59:56','2024-08-29 00:38:16',NULL),(363,NULL,'2022-10-25',40920,314,NULL,2,1,120.00,160.00,30.00,34.80,6734.75,'App\\Models\\Inventario\\InvControlStockDetail',148,NULL,'2022-10-25 10:00:37','2024-08-29 00:38:16',NULL),(364,NULL,'2022-10-25',40920,319,NULL,4,1,40.00,155.00,1.00,1.16,224.49,'App\\Models\\Inventario\\InvControlStockDetail',149,NULL,'2022-10-25 10:03:05','2024-08-29 00:38:16',NULL),(365,NULL,'2022-10-25',40920,329,NULL,2,1,100.00,100.00,1.00,1.16,224.49,'App\\Models\\Inventario\\InvProducto',146,NULL,'2022-10-25 10:05:57','2024-08-29 00:38:17',NULL),(366,7463,'2022-10-25',40920,329,NULL,2,1,0.00,100.00,30.00,34.80,6734.75,'App\\Models\\Inventario\\InvProducto',146,NULL,'2022-10-25 10:06:56','2022-10-25 10:06:56',NULL),(367,7463,'2022-10-25',40920,329,NULL,2,1,0.00,100.00,30.00,34.80,6734.75,'App\\Models\\Inventario\\InvProducto',146,NULL,'2022-10-25 10:07:56','2022-10-25 10:07:56',NULL),(368,NULL,'2022-10-25',40920,376,NULL,1,1,1.00,36.00,29.50,34.22,41.41,'App\\Models\\Inventario\\InvControlStockDetail',150,NULL,'2022-10-25 10:43:31','2024-08-29 00:38:18',NULL),(369,NULL,'2022-10-25',40920,310,NULL,2,1,-520.00,280.00,14.50,16.82,3255.13,'App\\Models\\Inventario\\InvControlStockDetail',151,NULL,'2022-10-25 10:54:21','2024-08-29 00:38:16',NULL),(370,NULL,'2022-10-25',40920,314,NULL,2,1,-100.00,60.00,30.00,34.80,6734.75,'App\\Models\\Inventario\\InvControlStockDetail',152,NULL,'2022-10-25 10:54:52','2024-08-29 00:38:16',NULL),(371,NULL,'2022-10-25',40920,376,NULL,1,1,-14.00,22.00,29.50,34.22,41.41,'App\\Models\\Inventario\\InvControlStockDetail',153,NULL,'2022-10-25 10:55:24','2024-08-29 00:38:18',NULL),(372,NULL,'2022-10-25',40920,256,NULL,2,1,-4.00,1.00,210.00,243.60,47143.27,'App\\Models\\Inventario\\InvControlStockDetail',154,NULL,'2022-10-25 10:55:40','2024-08-29 00:38:13',NULL),(373,NULL,'2022-10-25',40920,301,NULL,2,1,-5.60,0.00,270.00,313.20,60612.78,'App\\Models\\Inventario\\InvControlStockDetail',155,NULL,'2022-10-25 10:55:59','2024-08-29 00:38:15',NULL),(374,NULL,'2022-10-27',40920,254,NULL,2,1,-150.00,348.00,17.78,20.62,3693.46,'App\\Models\\Inventario\\InvControlStockDetail',156,NULL,'2022-10-27 11:45:45','2024-08-29 00:38:13',NULL),(375,NULL,'2022-10-27',40920,249,NULL,4,1,-12.00,592.00,26.00,32.20,5517.90,'App\\Models\\Inventario\\InvControlStockDetail',157,NULL,'2022-10-27 13:11:20','2024-08-29 00:38:12',NULL),(376,NULL,'2022-10-27',40920,251,NULL,2,1,-12.00,838.00,30.00,34.80,6233.39,'App\\Models\\Inventario\\InvControlStockDetail',158,NULL,'2022-10-27 13:11:46','2024-08-29 00:38:12',NULL),(377,NULL,'2022-10-27',40920,257,NULL,2,1,-8.00,0.00,420.00,487.20,95559.90,'App\\Models\\Inventario\\InvControlStockDetail',159,NULL,'2022-10-27 13:12:24','2024-08-29 00:38:14',NULL),(378,NULL,'2022-10-27',40920,251,NULL,2,1,-20.00,818.00,30.00,34.80,6233.39,'App\\Models\\Inventario\\InvControlStockDetail',160,NULL,'2022-10-27 18:31:10','2024-08-29 00:38:12',NULL),(379,NULL,'2022-10-28',40920,278,NULL,1,1,-140.00,0.00,7.60,8.82,10.67,'App\\Models\\Inventario\\InvControlStockDetail',161,NULL,'2022-10-28 17:28:10','2024-08-29 00:38:14',NULL),(380,NULL,'2022-10-28',40920,284,NULL,2,1,-120.00,240.00,11.30,13.11,2573.31,'App\\Models\\Inventario\\InvControlStockDetail',162,NULL,'2022-10-28 17:28:44','2024-08-29 00:38:15',NULL),(381,NULL,'2022-10-28',40920,329,NULL,2,1,-40.00,60.00,30.00,34.80,6830.76,'App\\Models\\Inventario\\InvControlStockDetail',163,NULL,'2022-10-28 17:29:11','2024-08-29 00:38:17',NULL),(382,NULL,'2022-10-28',40920,314,NULL,2,1,-60.00,0.00,30.00,34.80,6830.76,'App\\Models\\Inventario\\InvControlStockDetail',164,NULL,'2022-10-28 17:29:37','2024-08-29 00:38:16',NULL),(383,NULL,'2022-10-28',40920,254,NULL,2,1,-24.00,324.00,17.78,20.62,3696.20,'App\\Models\\Inventario\\InvControlStockDetail',165,NULL,'2022-10-28 17:30:03','2024-08-29 00:38:13',NULL);
INSERT INTO `inv_stock_movimientos` VALUES (384,NULL,'2022-10-28',40920,249,NULL,4,1,-10.00,582.00,26.00,32.20,5528.93,'App\\Models\\Inventario\\InvControlStockDetail',166,NULL,'2022-10-28 17:30:26','2024-08-29 00:38:12',NULL),(385,NULL,'2022-10-31',40920,330,NULL,2,1,500.00,500.00,14.50,16.82,3301.53,'App\\Models\\Inventario\\InvProducto',147,NULL,'2022-10-31 16:11:22','2024-08-29 00:38:17',NULL),(386,NULL,'2022-11-01',40920,254,NULL,2,1,-12.00,312.00,17.78,20.62,3704.63,'App\\Models\\Inventario\\InvControlStockDetail',167,NULL,'2022-11-01 09:45:50','2024-08-29 00:38:13',NULL),(387,NULL,'2022-11-01',40920,321,NULL,4,1,-40.00,80.00,7.30,8.47,1599.00,'App\\Models\\Inventario\\InvControlStockDetail',168,NULL,'2022-11-01 09:46:39','2024-08-29 00:38:16',NULL),(388,NULL,'2022-11-01',40920,319,NULL,4,1,-120.00,35.00,1.00,1.16,228.21,'App\\Models\\Inventario\\InvControlStockDetail',169,NULL,'2022-11-01 19:03:29','2024-08-29 00:38:16',NULL),(389,NULL,'2022-11-02',40920,254,NULL,2,1,-24.00,288.00,17.78,20.62,3734.25,'App\\Models\\Inventario\\InvControlStockDetail',170,NULL,'2022-11-02 08:28:16','2024-08-29 00:38:13',NULL),(390,NULL,'2022-11-02',40920,254,NULL,2,1,-24.00,264.00,17.78,20.62,3734.25,'App\\Models\\Inventario\\InvControlStockDetail',171,NULL,'2022-11-02 08:28:44','2024-08-29 00:38:13',NULL),(391,7463,'2022-11-03',40920,256,NULL,2,1,0.00,1.00,246.00,285.36,56716.61,'App\\Models\\Inventario\\InvProducto',72,NULL,'2022-11-03 17:09:18','2022-11-03 17:09:18',NULL),(392,NULL,'2022-11-04',40920,249,NULL,4,1,-20.00,562.00,26.00,32.20,5596.18,'App\\Models\\Inventario\\InvControlStockDetail',172,NULL,'2022-11-04 09:09:59','2024-08-29 00:38:12',NULL),(393,NULL,'2022-11-06',40920,309,NULL,2,1,35.00,104.00,14.50,16.82,3343.05,'App\\Models\\Inventario\\InvControlStockDetail',173,NULL,'2022-11-06 10:25:00','2024-08-29 00:38:16',NULL),(394,NULL,'2022-11-06',40920,317,NULL,2,1,20.00,520.00,13.00,15.08,2997.22,'App\\Models\\Inventario\\InvControlStockDetail',174,NULL,'2022-11-06 10:28:27','2024-08-29 00:38:16',NULL),(395,NULL,'2022-11-06',40920,249,NULL,4,1,9.00,571.00,26.00,32.20,5596.18,'App\\Models\\Inventario\\InvControlStockDetail',175,NULL,'2022-11-06 10:29:01','2024-08-29 00:38:12',NULL),(396,NULL,'2022-11-06',40920,278,NULL,1,1,80.00,80.00,7.60,8.82,10.67,'App\\Models\\Inventario\\InvControlStockDetail',176,NULL,'2022-11-06 10:29:40','2024-08-29 00:38:14',NULL),(397,NULL,'2022-11-06',40920,281,NULL,1,1,15.00,15.00,10.60,12.30,14.88,'App\\Models\\Inventario\\InvControlStockDetail',177,NULL,'2022-11-06 10:30:12','2024-08-29 00:38:14',NULL),(398,NULL,'2022-11-06',40920,254,NULL,2,1,8.00,272.00,17.78,20.62,3742.68,'App\\Models\\Inventario\\InvControlStockDetail',178,NULL,'2022-11-06 10:30:44','2024-08-29 00:38:13',NULL),(399,NULL,'2022-11-06',40920,284,NULL,2,1,120.00,360.00,11.30,13.11,2605.67,'App\\Models\\Inventario\\InvControlStockDetail',179,NULL,'2022-11-06 10:31:18','2024-08-29 00:38:15',NULL),(400,NULL,'2022-11-06',40920,329,NULL,2,1,10.00,70.00,30.00,34.80,6916.66,'App\\Models\\Inventario\\InvControlStockDetail',180,NULL,'2022-11-06 10:31:57','2024-08-29 00:38:17',NULL),(401,NULL,'2022-11-06',40920,314,NULL,2,1,15.00,15.00,30.00,34.80,6916.66,'App\\Models\\Inventario\\InvControlStockDetail',181,NULL,'2022-11-06 10:32:19','2024-08-29 00:38:16',NULL),(402,NULL,'2022-11-06',40920,329,NULL,2,1,-10.00,60.00,30.00,34.80,6916.66,'App\\Models\\Inventario\\InvControlStockDetail',182,NULL,'2022-11-06 10:33:12','2024-08-29 00:38:17',NULL),(403,NULL,'2022-11-06',40920,314,NULL,2,1,-10.00,5.00,30.00,34.80,6916.66,'App\\Models\\Inventario\\InvControlStockDetail',183,NULL,'2022-11-06 10:33:41','2024-08-29 00:38:16',NULL),(404,NULL,'2022-11-06',40920,278,NULL,1,1,-20.00,60.00,7.60,8.82,10.67,'App\\Models\\Inventario\\InvControlStockDetail',184,NULL,'2022-11-06 10:34:07','2024-08-29 00:38:14',NULL),(405,NULL,'2022-11-06',40920,319,NULL,4,1,-35.00,0.00,1.00,1.16,230.56,'App\\Models\\Inventario\\InvControlStockDetail',185,NULL,'2022-11-06 10:34:25','2024-08-29 00:38:16',NULL);
INSERT INTO `inv_stock_movimientos` VALUES (406,NULL,'2022-11-06',40920,307,NULL,2,1,-10.00,150.00,15.50,15.50,3080.70,'App\\Models\\Inventario\\InvControlStockDetail',186,NULL,'2022-11-06 10:34:48','2024-08-29 00:38:16',NULL),(407,NULL,'2022-11-06',40920,309,NULL,2,1,-55.00,49.00,14.50,16.82,3343.05,'App\\Models\\Inventario\\InvControlStockDetail',187,NULL,'2022-11-06 10:35:40','2024-08-29 00:38:16',NULL),(408,7463,'2022-11-09',40920,327,NULL,2,1,0.00,0.00,10.20,11.83,2364.41,'App\\Models\\Inventario\\InvProducto',135,NULL,'2022-11-09 18:33:34','2022-11-09 18:33:34',NULL),(409,7463,'2022-11-09',40920,323,NULL,2,1,0.00,4.50,300.00,348.00,69541.36,'App\\Models\\Inventario\\InvProducto',136,NULL,'2022-11-09 18:34:03','2022-11-09 18:34:03',NULL),(410,7463,'2022-11-09',40920,324,NULL,2,1,0.00,5.00,300.00,348.00,69541.36,'App\\Models\\Inventario\\InvProducto',137,NULL,'2022-11-09 18:34:31','2022-11-09 18:34:31',NULL),(411,7463,'2022-11-09',40920,325,NULL,2,1,0.00,390.00,11.00,12.76,2549.85,'App\\Models\\Inventario\\InvProducto',142,NULL,'2022-11-09 18:34:58','2022-11-09 18:34:58',NULL),(412,7463,'2022-11-09',40920,326,NULL,2,1,0.00,0.00,20.00,23.20,4636.09,'App\\Models\\Inventario\\InvProducto',143,NULL,'2022-11-09 18:35:32','2022-11-09 18:35:32',NULL),(413,7463,'2022-11-09',40920,328,NULL,2,1,0.00,0.00,260.00,301.60,60269.18,'App\\Models\\Inventario\\InvProducto',145,NULL,'2022-11-09 18:36:03','2022-11-09 18:36:03',NULL),(414,7463,'2022-11-09',40920,319,NULL,4,1,0.00,0.00,50.00,58.00,11590.23,'App\\Models\\Inventario\\InvProducto',141,NULL,'2022-11-09 18:37:08','2022-11-09 18:37:08',NULL),(415,NULL,'2022-11-11',40920,298,NULL,2,1,-40.00,440.00,11.50,13.34,2665.75,'App\\Models\\Inventario\\InvControlStockDetail',188,NULL,'2022-11-11 08:44:22','2024-08-29 00:38:15',NULL),(416,NULL,'2022-11-11',40920,320,NULL,4,1,-20.00,120.00,5.10,5.92,1133.79,'App\\Models\\Inventario\\InvControlStockDetail',189,NULL,'2022-11-11 08:44:44','2024-08-29 00:38:16',NULL),(417,NULL,'2022-11-11',40920,281,NULL,1,1,-15.00,0.00,10.60,12.30,14.88,'App\\Models\\Inventario\\InvControlStockDetail',190,NULL,'2022-11-11 08:45:05','2024-08-29 00:38:14',NULL),(418,NULL,'2022-11-11',40920,254,NULL,2,1,-3.00,269.00,17.78,20.62,3762.96,'App\\Models\\Inventario\\InvControlStockDetail',191,NULL,'2022-11-11 08:47:23','2024-08-29 00:38:13',NULL),(419,NULL,'2022-11-11',40920,331,NULL,2,1,20.00,20.00,1.00,1.00,199.83,'App\\Models\\Inventario\\InvProducto',148,NULL,'2022-11-11 08:52:29','2024-08-29 00:38:17',NULL),(420,7463,'2022-11-11',40920,331,NULL,2,1,0.00,20.00,24.00,24.00,4795.96,'App\\Models\\Inventario\\InvProducto',148,NULL,'2022-11-11 08:53:49','2022-11-11 08:53:49',NULL),(421,NULL,'2022-11-11',40920,299,NULL,2,1,-60.00,55.00,29.80,34.57,6908.17,'App\\Models\\Inventario\\InvControlStockDetail',192,NULL,'2022-11-11 09:04:05','2024-08-29 00:38:15',NULL),(422,NULL,'2022-11-11',40920,251,NULL,2,1,-12.00,806.00,30.00,34.80,6350.68,'App\\Models\\Inventario\\InvControlStockDetail',193,NULL,'2022-11-11 09:04:30','2024-08-29 00:38:12',NULL),(423,NULL,'2022-11-11',40920,331,NULL,2,1,-20.00,0.00,24.00,24.00,4795.96,'App\\Models\\Inventario\\InvControlStockDetail',194,NULL,'2022-11-11 09:04:56','2024-08-29 00:38:17',NULL),(424,NULL,'2022-11-11',40920,307,NULL,2,1,-100.00,50.00,15.50,15.50,3097.39,'App\\Models\\Inventario\\InvControlStockDetail',195,NULL,'2022-11-11 09:27:47','2024-08-29 00:38:16',NULL),(425,NULL,'2022-11-11',40920,323,NULL,2,1,-4.50,0.00,300.00,348.00,69541.36,'App\\Models\\Inventario\\InvControlStockDetail',196,NULL,'2022-11-11 09:28:08','2024-08-29 00:38:16',NULL),(426,NULL,'2022-11-11',40920,324,NULL,2,1,-5.00,0.00,300.00,348.00,69541.36,'App\\Models\\Inventario\\InvControlStockDetail',197,NULL,'2022-11-11 09:28:28','2024-08-29 00:38:16',NULL),(427,NULL,'2022-11-11',40920,294,NULL,2,1,-40.00,10.00,49.00,56.84,11358.42,'App\\Models\\Inventario\\InvControlStockDetail',198,NULL,'2022-11-11 09:29:04','2024-08-29 00:38:15',NULL);
INSERT INTO `inv_stock_movimientos` VALUES (428,NULL,'2022-11-11',40920,329,NULL,2,1,-60.00,0.00,30.00,34.80,6954.14,'App\\Models\\Inventario\\InvControlStockDetail',199,NULL,'2022-11-11 09:29:27','2024-08-29 00:38:17',NULL),(429,NULL,'2022-11-14',40920,306,NULL,2,1,-40.00,2560.00,5.50,6.38,1274.92,'App\\Models\\Inventario\\InvControlStockDetail',200,NULL,'2022-11-14 10:47:58','2024-08-29 00:38:16',NULL),(430,NULL,'2022-11-14',40920,306,NULL,2,1,-120.00,2440.00,5.50,6.38,1274.92,'App\\Models\\Inventario\\InvControlStockDetail',201,NULL,'2022-11-14 10:48:37','2024-08-29 00:38:16',NULL),(431,NULL,'2022-11-14',40920,306,NULL,2,1,-80.00,2360.00,5.50,6.38,1274.92,'App\\Models\\Inventario\\InvControlStockDetail',202,NULL,'2022-11-14 17:08:36','2024-08-29 00:38:16',NULL),(432,NULL,'2022-11-14',40920,251,NULL,2,1,-60.00,746.00,30.00,34.80,6350.68,'App\\Models\\Inventario\\InvControlStockDetail',203,NULL,'2022-11-14 17:13:32','2024-08-29 00:38:12',NULL),(433,NULL,'2022-11-14',40920,306,NULL,2,1,-120.00,2240.00,5.50,6.38,1274.92,'App\\Models\\Inventario\\InvControlStockDetail',204,NULL,'2022-11-14 17:19:14','2024-08-29 00:38:16',NULL),(434,NULL,'2022-11-14',40920,306,NULL,2,1,-200.00,2040.00,5.50,6.38,1274.92,'App\\Models\\Inventario\\InvControlStockDetail',205,NULL,'2022-11-14 17:23:42','2024-08-29 00:38:16',NULL),(435,NULL,'2022-11-14',40920,249,NULL,4,1,-8.00,563.00,26.00,32.20,5631.76,'App\\Models\\Inventario\\InvControlStockDetail',206,NULL,'2022-11-14 17:28:04','2024-08-29 00:38:12',NULL),(436,NULL,'2022-11-14',40920,256,NULL,2,1,-1.00,0.00,246.00,285.36,57023.92,'App\\Models\\Inventario\\InvControlStockDetail',207,NULL,'2022-11-14 17:30:57','2024-08-29 00:38:13',NULL),(437,NULL,'2022-11-14',40920,258,NULL,2,1,-2.00,5.00,420.00,487.20,97357.91,'App\\Models\\Inventario\\InvControlStockDetail',208,NULL,'2022-11-14 17:31:38','2024-08-29 00:38:14',NULL),(438,NULL,'2022-11-14',40920,258,NULL,2,1,-2.00,3.00,420.00,487.20,97357.91,'App\\Models\\Inventario\\InvControlStockDetail',209,NULL,'2022-11-14 17:32:12','2024-08-29 00:38:14',NULL),(439,NULL,'2022-11-15',40920,321,NULL,4,1,-20.00,60.00,7.30,8.47,1646.97,'App\\Models\\Inventario\\InvControlStockDetail',210,NULL,'2022-11-15 08:45:41','2024-08-29 00:38:16',NULL),(440,NULL,'2022-11-15',40920,297,NULL,2,1,-20.00,0.00,11.50,13.34,2708.04,'App\\Models\\Inventario\\InvControlStockDetail',211,NULL,'2022-11-15 08:46:09','2024-08-29 00:38:15',NULL),(441,NULL,'2022-11-15',40920,249,NULL,4,1,-36.00,527.00,26.00,32.20,5717.87,'App\\Models\\Inventario\\InvControlStockDetail',212,NULL,'2022-11-15 08:46:43','2024-08-29 00:38:12',NULL),(442,NULL,'2022-11-15',40920,306,NULL,2,1,-600.00,1440.00,5.50,6.38,1295.15,'App\\Models\\Inventario\\InvControlStockDetail',213,NULL,'2022-11-15 08:47:13','2024-08-29 00:38:16',NULL),(443,NULL,'2022-11-15',40920,286,NULL,2,1,16.00,16.00,228.00,264.48,53689.89,'App\\Models\\Inventario\\InvControlStockDetail',214,NULL,'2022-11-15 10:27:01','2024-08-29 00:38:15',NULL),(444,NULL,'2022-11-15',40920,294,NULL,2,1,5.00,15.00,49.00,56.84,11538.62,'App\\Models\\Inventario\\InvControlStockDetail',215,NULL,'2022-11-15 10:27:55','2024-08-29 00:38:15',NULL),(445,NULL,'2022-11-15',40920,332,NULL,2,1,600.00,600.00,5.00,5.80,1177.41,'App\\Models\\Inventario\\InvProducto',149,NULL,'2022-11-15 10:41:33','2024-08-29 00:38:17',NULL),(446,7463,'2022-11-15',40920,332,NULL,2,1,0.00,600.00,5.00,5.80,1177.41,'App\\Models\\Inventario\\InvProducto',149,NULL,'2022-11-15 10:43:35','2022-11-15 10:43:35',NULL),(447,NULL,'2022-11-15',40920,321,NULL,4,1,20.00,80.00,7.30,8.47,1646.97,'App\\Models\\Inventario\\InvControlStockDetail',216,NULL,'2022-11-15 11:01:36','2024-08-29 00:38:16',NULL),(448,NULL,'2022-11-15',40920,279,NULL,1,1,-600.00,600.00,6.80,7.89,9.54,'App\\Models\\Inventario\\InvControlStockDetail',217,NULL,'2022-11-15 16:13:50','2024-08-29 00:38:14',NULL),(449,NULL,'2022-11-15',40920,279,NULL,1,1,300.00,300.00,6.80,7.89,9.54,'App\\Models\\Inventario\\InvControlStockDetail',218,NULL,'2022-11-15 16:42:13','2024-08-29 00:38:14',NULL);
INSERT INTO `inv_stock_movimientos` VALUES (450,NULL,'2022-11-15',40920,307,NULL,2,1,-20.00,30.00,15.50,15.50,3146.53,'App\\Models\\Inventario\\InvControlStockDetail',219,NULL,'2022-11-15 16:43:39','2024-08-29 00:38:16',NULL),(451,NULL,'2022-11-15',40920,325,NULL,2,1,-110.00,280.00,11.00,12.76,2590.30,'App\\Models\\Inventario\\InvControlStockDetail',220,NULL,'2022-11-15 16:43:39','2024-08-29 00:38:16',NULL),(452,NULL,'2022-11-15',40920,254,NULL,2,1,-24.00,245.00,17.78,20.62,3822.66,'App\\Models\\Inventario\\InvControlStockDetail',221,NULL,'2022-11-15 16:44:19','2024-08-29 00:38:13',NULL),(453,NULL,'2022-11-15',40920,258,NULL,2,1,-3.00,0.00,420.00,487.20,98902.43,'App\\Models\\Inventario\\InvControlStockDetail',222,NULL,'2022-11-15 16:54:27','2024-08-29 00:38:14',NULL),(454,NULL,'2022-11-16',40920,306,NULL,2,1,-400.00,1040.00,5.50,6.38,1295.15,'App\\Models\\Inventario\\InvControlStockDetail',223,NULL,'2022-11-16 09:17:17','2024-08-29 00:38:16',NULL),(455,NULL,'2022-11-16',40920,294,NULL,2,1,-15.00,0.00,49.00,56.84,11538.62,'App\\Models\\Inventario\\InvControlStockDetail',224,NULL,'2022-11-16 09:17:40','2024-08-29 00:38:15',NULL),(456,NULL,'2022-11-16',40920,249,NULL,4,1,-60.00,467.00,26.00,32.20,5717.87,'App\\Models\\Inventario\\InvControlStockDetail',225,NULL,'2022-11-16 09:18:21','2024-08-29 00:38:12',NULL),(457,NULL,'2022-11-18',40920,306,NULL,2,1,-260.00,780.00,5.50,6.38,1311.13,'App\\Models\\Inventario\\InvControlStockDetail',226,NULL,'2022-11-18 07:53:09','2024-08-29 00:38:16',NULL),(458,NULL,'2022-11-18',40920,278,NULL,1,1,-60.00,0.00,7.60,8.82,10.67,'App\\Models\\Inventario\\InvControlStockDetail',227,NULL,'2022-11-18 09:33:16','2024-08-29 00:38:14',NULL),(459,NULL,'2022-11-18',40920,284,NULL,2,1,-360.00,0.00,11.30,13.11,2694.19,'App\\Models\\Inventario\\InvControlStockDetail',228,NULL,'2022-11-18 09:34:19','2024-08-29 00:38:15',NULL),(460,NULL,'2022-11-18',40920,275,NULL,2,1,-80.00,0.00,7.40,8.58,1763.24,'App\\Models\\Inventario\\InvControlStockDetail',229,NULL,'2022-11-18 09:34:49','2024-08-29 00:38:14',NULL),(461,NULL,'2022-11-18',40920,321,NULL,4,1,-80.00,0.00,7.30,8.47,1665.11,'App\\Models\\Inventario\\InvControlStockDetail',230,NULL,'2022-11-18 09:35:31','2024-08-29 00:38:16',NULL),(462,NULL,'2022-11-18',40920,251,NULL,2,1,-108.00,638.00,30.00,34.80,6531.03,'App\\Models\\Inventario\\InvControlStockDetail',231,NULL,'2022-11-18 09:36:24','2024-08-29 00:38:12',NULL),(463,NULL,'2022-11-18',40920,253,NULL,2,1,-10.00,58.00,38.10,44.20,8295.16,'App\\Models\\Inventario\\InvControlStockDetail',232,NULL,'2022-11-18 10:48:47','2024-08-29 00:38:13',NULL),(464,NULL,'2022-11-18',40920,251,NULL,2,1,-60.00,578.00,30.00,34.80,6531.03,'App\\Models\\Inventario\\InvControlStockDetail',233,NULL,'2022-11-18 16:51:24','2024-08-29 00:38:12',NULL),(465,NULL,'2022-11-22',40920,290,NULL,2,1,-110.00,10.00,43.50,50.46,10369.85,'App\\Models\\Inventario\\InvControlStockDetail',234,NULL,'2022-11-22 07:55:53','2024-08-29 00:38:15',NULL),(466,NULL,'2022-11-22',40920,320,NULL,4,1,-60.00,60.00,5.10,5.92,1163.81,'App\\Models\\Inventario\\InvControlStockDetail',235,NULL,'2022-11-22 12:37:55','2024-08-29 00:38:16',NULL),(467,NULL,'2022-11-22',40920,279,NULL,1,1,200.00,100.00,6.80,7.89,9.54,'App\\Models\\Inventario\\InvControlStockDetail',236,NULL,'2022-11-22 17:44:06','2024-08-29 00:38:14',NULL),(468,NULL,'2022-11-22',40920,254,NULL,2,1,-48.00,197.00,17.78,20.62,3869.82,'App\\Models\\Inventario\\InvControlStockDetail',237,NULL,'2022-11-22 17:44:52','2024-08-29 00:38:13',NULL),(469,NULL,'2022-11-22',40920,376,NULL,1,1,-15.00,7.00,29.50,34.22,41.41,'App\\Models\\Inventario\\InvControlStockDetail',238,NULL,'2022-11-22 17:45:22','2024-08-29 00:38:18',NULL),(470,NULL,'2022-11-22',40920,370,NULL,2,1,-20.00,60.00,7.50,8.70,1787.91,'App\\Models\\Inventario\\InvControlStockDetail',239,NULL,'2022-11-22 17:47:01','2024-08-29 00:38:18',NULL),(471,NULL,'2022-11-22',40920,369,NULL,2,1,40.00,440.00,7.50,7.50,1541.30,'App\\Models\\Inventario\\InvControlStockDetail',240,NULL,'2022-11-22 17:54:08','2024-08-29 00:38:18',NULL);
INSERT INTO `inv_stock_movimientos` VALUES (472,NULL,'2022-11-22',40920,370,NULL,2,1,-40.00,20.00,7.50,8.70,1787.91,'App\\Models\\Inventario\\InvControlStockDetail',241,NULL,'2022-11-22 17:54:08','2024-08-29 00:38:18',NULL),(473,NULL,'2022-11-22',40920,310,NULL,2,1,-20.00,260.00,14.50,16.82,3456.62,'App\\Models\\Inventario\\InvControlStockDetail',242,NULL,'2022-11-22 18:20:27','2024-08-29 00:38:16',NULL),(474,NULL,'2022-11-23',40920,249,NULL,4,1,-1.00,466.00,26.00,32.20,5780.85,'App\\Models\\Inventario\\InvControlStockDetail',243,NULL,'2022-11-23 10:10:46','2024-08-29 00:38:12',NULL),(475,NULL,'2022-11-23',40920,254,NULL,2,1,-2.00,195.00,17.78,20.62,3869.82,'App\\Models\\Inventario\\InvControlStockDetail',244,NULL,'2022-11-23 10:11:08','2024-08-29 00:38:13',NULL),(476,NULL,'2022-11-23',40920,314,NULL,2,1,-5.00,0.00,30.00,34.80,7151.62,'App\\Models\\Inventario\\InvControlStockDetail',245,NULL,'2022-11-23 10:11:29','2024-08-29 00:38:16',NULL),(477,NULL,'2022-11-23',40920,309,NULL,2,1,-16.50,32.50,14.50,16.82,3456.62,'App\\Models\\Inventario\\InvControlStockDetail',246,NULL,'2022-11-23 10:12:12','2024-08-29 00:38:16',NULL),(478,NULL,'2022-11-23',40920,317,NULL,2,1,-40.00,480.00,13.00,15.08,3099.04,'App\\Models\\Inventario\\InvControlStockDetail',247,NULL,'2022-11-23 10:13:48','2024-08-29 00:38:16',NULL),(479,NULL,'2022-11-23',40920,297,NULL,2,1,500.00,500.00,11.50,13.34,2741.46,'App\\Models\\Inventario\\InvControlStockDetail',248,NULL,'2022-11-23 16:34:18','2024-08-29 00:38:15',NULL),(480,NULL,'2022-11-23',40920,333,NULL,2,1,300.00,300.00,1.00,1.16,238.39,'App\\Models\\Inventario\\InvProducto',150,NULL,'2022-11-23 16:37:24','2024-08-29 00:38:17',NULL),(481,NULL,'2022-11-23',40920,334,NULL,2,1,30.00,30.00,1.00,1.16,238.39,'App\\Models\\Inventario\\InvProducto',151,NULL,'2022-11-23 16:39:43','2024-08-29 00:38:17',NULL),(482,7463,'2022-11-23',40920,333,NULL,2,1,0.00,300.00,12.00,13.92,2860.65,'App\\Models\\Inventario\\InvProducto',150,NULL,'2022-11-23 16:40:23','2022-11-23 16:40:23',NULL),(483,7463,'2022-11-23',40920,334,NULL,2,1,0.00,30.00,30.00,34.80,7151.62,'App\\Models\\Inventario\\InvProducto',151,NULL,'2022-11-23 16:40:55','2022-11-23 16:40:55',NULL),(484,NULL,'2022-11-23',40920,297,NULL,2,1,-500.00,0.00,11.50,13.34,2741.46,'App\\Models\\Inventario\\InvControlStockDetail',249,NULL,'2022-11-23 17:57:57','2024-08-29 00:38:15',NULL),(485,NULL,'2022-11-23',40920,325,NULL,2,1,-60.00,220.00,11.00,12.76,2622.26,'App\\Models\\Inventario\\InvControlStockDetail',250,NULL,'2022-11-23 17:58:23','2024-08-29 00:38:16',NULL),(486,NULL,'2022-11-23',40920,300,NULL,2,1,-10.00,10.00,29.80,34.57,7104.36,'App\\Models\\Inventario\\InvControlStockDetail',251,NULL,'2022-11-23 17:58:55','2024-08-29 00:38:15',NULL),(487,NULL,'2022-11-23',40920,307,NULL,2,1,-20.00,10.00,15.50,15.50,3185.35,'App\\Models\\Inventario\\InvControlStockDetail',252,NULL,'2022-11-23 17:59:11','2024-08-29 00:38:16',NULL),(488,NULL,'2022-11-23',40920,254,NULL,2,1,-12.00,183.00,17.78,20.62,3869.82,'App\\Models\\Inventario\\InvControlStockDetail',253,NULL,'2022-11-23 17:59:40','2024-08-29 00:38:13',NULL),(489,NULL,'2022-11-23',40920,306,NULL,2,1,-780.00,0.00,5.50,6.38,1311.13,'App\\Models\\Inventario\\InvControlStockDetail',254,NULL,'2022-11-23 18:06:56','2024-08-29 00:38:16',NULL),(490,NULL,'2022-11-23',40920,249,NULL,4,1,-60.00,406.00,26.00,32.20,5780.85,'App\\Models\\Inventario\\InvControlStockDetail',255,NULL,'2022-11-23 18:07:23','2024-08-29 00:38:12',NULL),(491,NULL,'2022-11-24',40920,251,NULL,2,1,-8.00,570.00,30.00,34.80,6531.03,'App\\Models\\Inventario\\InvControlStockDetail',256,NULL,'2022-11-24 10:55:30','2024-08-29 00:38:12',NULL),(492,NULL,'2022-11-24',40920,333,NULL,2,1,-20.00,280.00,12.00,13.92,2860.65,'App\\Models\\Inventario\\InvControlStockDetail',257,NULL,'2022-11-24 10:56:30','2024-08-29 00:38:17',NULL),(493,NULL,'2022-11-24',40920,334,NULL,2,1,-20.00,10.00,30.00,34.80,7151.62,'App\\Models\\Inventario\\InvControlStockDetail',258,NULL,'2022-11-24 10:56:47','2024-08-29 00:38:17',NULL);
INSERT INTO `inv_stock_movimientos` VALUES (494,NULL,'2022-11-25',40920,333,NULL,2,1,-60.00,220.00,12.00,13.92,2894.50,'App\\Models\\Inventario\\InvControlStockDetail',259,NULL,'2022-11-25 07:56:34','2024-08-29 00:38:17',NULL),(495,NULL,'2022-11-25',40920,251,NULL,2,1,-60.00,510.00,30.00,34.80,6608.32,'App\\Models\\Inventario\\InvControlStockDetail',260,NULL,'2022-11-25 16:47:17','2024-08-29 00:38:12',NULL),(496,NULL,'2022-11-26',40920,376,NULL,1,1,-7.00,0.00,29.50,34.22,41.41,'App\\Models\\Inventario\\InvControlStockDetail',261,NULL,'2022-11-26 11:36:49','2024-08-29 00:38:18',NULL),(497,NULL,'2022-11-26',40920,369,NULL,2,1,-80.00,360.00,7.50,7.50,1564.89,'App\\Models\\Inventario\\InvControlStockDetail',262,NULL,'2022-11-26 11:37:16','2024-08-29 00:38:18',NULL),(498,NULL,'2022-11-28',40920,329,NULL,2,1,40.00,40.00,30.00,34.80,7261.10,'App\\Models\\Inventario\\InvControlStockDetail',263,NULL,'2022-11-28 11:28:57','2024-08-29 00:38:17',NULL),(499,NULL,'2022-11-28',40920,332,NULL,2,1,-260.00,260.00,1.00,1.00,208.65,'App\\Models\\Inventario\\InvProducto',152,NULL,'2022-11-28 11:42:01','2024-08-29 00:38:17',NULL),(500,NULL,'2022-11-28',40920,279,NULL,1,1,-300.00,400.00,6.80,7.89,9.54,'App\\Models\\Inventario\\InvControlStockDetail',264,NULL,'2022-11-28 11:44:49','2024-08-29 00:38:14',NULL),(501,NULL,'2022-11-28',40920,297,NULL,2,1,500.00,500.00,11.50,13.34,2783.42,'App\\Models\\Inventario\\InvControlStockDetail',265,NULL,'2022-11-28 11:45:38','2024-08-29 00:38:15',NULL),(502,NULL,'2022-11-28',40920,335,NULL,2,1,60.00,60.00,1.00,1.16,242.04,'App\\Models\\Inventario\\InvProducto',153,NULL,'2022-11-28 11:48:26','2024-08-29 00:38:17',NULL),(503,NULL,'2022-11-28',40920,376,NULL,1,1,24.00,24.00,29.50,34.22,41.41,'App\\Models\\Inventario\\InvControlStockDetail',266,NULL,'2022-11-28 11:49:03','2024-08-29 00:38:18',NULL),(504,NULL,'2022-11-28',40920,336,NULL,2,1,60.00,60.00,1.00,1.16,242.04,'App\\Models\\Inventario\\InvProducto',154,NULL,'2022-11-28 11:52:58','2024-08-29 00:38:17',NULL),(505,NULL,'2022-11-28',40920,336,NULL,2,1,-60.00,0.00,1.00,1.16,242.04,'App\\Models\\Inventario\\InvControlStockDetail',267,NULL,'2022-11-28 12:59:24','2024-08-29 00:38:17',NULL),(506,NULL,'2022-11-28',40920,310,NULL,2,1,-80.00,180.00,14.50,16.82,3509.53,'App\\Models\\Inventario\\InvControlStockDetail',268,NULL,'2022-11-28 12:59:49','2024-08-29 00:38:16',NULL),(507,NULL,'2022-11-28',40920,300,NULL,2,1,-5.00,5.00,29.80,34.57,7213.11,'App\\Models\\Inventario\\InvControlStockDetail',269,NULL,'2022-11-28 13:36:05','2024-08-29 00:38:15',NULL),(508,7463,'2022-11-28',40920,334,NULL,2,1,0.00,10.00,31.90,37.00,7720.97,'App\\Models\\Inventario\\InvProducto',151,NULL,'2022-11-28 14:39:04','2022-11-28 14:39:04',NULL),(509,7463,'2022-11-28',40920,332,NULL,2,1,0.00,260.00,5.90,6.84,1428.02,'App\\Models\\Inventario\\InvProducto',152,NULL,'2022-11-28 14:39:35','2022-11-28 14:39:35',NULL),(510,7463,'2022-11-28',40920,335,NULL,2,1,0.00,60.00,8.20,9.51,1984.70,'App\\Models\\Inventario\\InvProducto',153,NULL,'2022-11-28 14:40:08','2022-11-28 14:40:08',NULL),(511,7463,'2022-11-28',40920,336,NULL,2,1,0.00,0.00,41.90,48.60,10141.34,'App\\Models\\Inventario\\InvProducto',154,NULL,'2022-11-28 14:40:33','2022-11-28 14:40:33',NULL),(512,7463,'2022-11-28',40920,321,NULL,4,1,0.00,0.00,2400.00,2784.00,580888.28,'App\\Models\\Inventario\\InvProducto',144,NULL,'2022-11-28 14:41:27','2022-11-28 14:41:27',NULL),(513,NULL,'2022-11-29',40920,335,NULL,2,1,-60.00,0.00,8.20,9.51,1984.40,'App\\Models\\Inventario\\InvControlStockDetail',270,NULL,'2022-11-29 18:57:51','2024-08-29 00:38:17',NULL),(514,NULL,'2022-11-30',40920,260,NULL,2,1,3.00,3.00,4.20,4.20,884.32,'App\\Models\\Inventario\\InvProducto',155,NULL,'2022-11-30 08:57:56','2024-08-29 00:38:14',NULL),(515,NULL,'2022-11-30',40920,260,NULL,2,1,-3.00,0.00,4.20,4.20,884.32,'App\\Models\\Inventario\\InvControlStockDetail',271,NULL,'2022-11-30 08:58:33','2024-08-29 00:38:14',NULL);
INSERT INTO `inv_stock_movimientos` VALUES (516,NULL,'2022-12-02',40920,254,NULL,2,1,-72.00,111.00,17.78,20.62,3964.84,'App\\Models\\Inventario\\InvControlStockDetail',272,NULL,'2022-12-02 10:07:09','2024-08-29 00:38:13',NULL),(517,NULL,'2022-12-02',40920,297,NULL,2,1,-100.00,400.00,11.50,13.34,2808.77,'App\\Models\\Inventario\\InvControlStockDetail',273,NULL,'2022-12-02 11:49:34','2024-08-29 00:38:15',NULL),(518,NULL,'2022-12-02',40920,283,NULL,2,1,-60.00,40.00,12.00,13.92,2930.89,'App\\Models\\Inventario\\InvControlStockDetail',274,NULL,'2022-12-02 11:49:56','2024-08-29 00:38:15',NULL),(519,NULL,'2022-12-02',40920,310,NULL,2,1,-40.00,140.00,14.50,16.82,3541.49,'App\\Models\\Inventario\\InvControlStockDetail',275,NULL,'2022-12-02 11:50:18','2024-08-29 00:38:16',NULL),(520,NULL,'2022-12-02',40920,254,NULL,2,1,-12.00,99.00,17.78,20.62,3964.84,'App\\Models\\Inventario\\InvControlStockDetail',276,NULL,'2022-12-02 11:50:56','2024-08-29 00:38:13',NULL),(521,NULL,'2022-12-02',40920,369,NULL,2,1,-20.00,340.00,7.50,7.50,1579.14,'App\\Models\\Inventario\\InvControlStockDetail',277,NULL,'2022-12-02 11:51:17','2024-08-29 00:38:18',NULL),(522,NULL,'2022-12-02',40920,332,NULL,2,1,60.00,200.00,5.90,6.84,1440.18,'App\\Models\\Inventario\\InvControlStockDetail',278,NULL,'2022-12-02 17:23:04','2024-08-29 00:38:17',NULL),(523,NULL,'2022-12-07',40920,309,NULL,2,1,-32.50,0.00,14.50,16.82,3541.49,'App\\Models\\Inventario\\InvControlStockDetail',279,NULL,'2022-12-07 08:39:08','2024-08-29 00:38:16',NULL),(524,NULL,'2022-12-07',40920,282,NULL,2,1,-6.00,0.00,200.00,232.00,48848.09,'App\\Models\\Inventario\\InvControlStockDetail',280,NULL,'2022-12-07 08:39:26','2024-08-29 00:38:14',NULL),(525,NULL,'2022-12-08',40920,377,NULL,4,1,6.00,6.00,10.00,11.60,2338.40,'App\\Models\\Inventario\\InvProducto',156,NULL,'2022-12-08 10:30:30','2024-08-29 00:38:18',NULL),(526,NULL,'2022-12-08',40920,337,NULL,4,1,360.00,360.00,10.00,11.60,2338.40,'App\\Models\\Inventario\\InvProducto',157,NULL,'2022-12-08 10:33:42','2024-08-29 00:38:17',NULL),(527,NULL,'2022-12-08',40920,378,NULL,4,1,30.00,30.00,10.00,11.60,2338.40,'App\\Models\\Inventario\\InvProducto',158,NULL,'2022-12-08 10:35:37','2024-08-29 00:38:18',NULL),(528,NULL,'2022-12-08',40920,379,NULL,4,1,55.00,55.00,10.00,11.60,2338.40,'App\\Models\\Inventario\\InvProducto',159,NULL,'2022-12-08 10:38:15','2024-08-29 00:38:18',NULL),(529,NULL,'2022-12-08',40920,279,NULL,1,1,200.00,200.00,6.80,7.89,9.54,'App\\Models\\Inventario\\InvControlStockDetail',281,NULL,'2022-12-08 12:24:25','2024-08-29 00:38:14',NULL),(530,NULL,'2022-12-08',40920,337,NULL,4,1,-240.00,120.00,10.00,11.60,2338.40,'App\\Models\\Inventario\\InvControlStockDetail',282,NULL,'2022-12-08 12:24:55','2024-08-29 00:38:17',NULL),(531,NULL,'2022-12-08',40920,376,NULL,1,1,-6.00,18.00,29.50,34.22,41.41,'App\\Models\\Inventario\\InvControlStockDetail',283,NULL,'2022-12-08 12:25:22','2024-08-29 00:38:18',NULL),(532,NULL,'2022-12-08',40920,254,NULL,2,1,-12.00,87.00,17.78,20.62,3964.84,'App\\Models\\Inventario\\InvControlStockDetail',284,NULL,'2022-12-08 12:25:49','2024-08-29 00:38:13',NULL),(533,NULL,'2022-12-08',40920,333,NULL,2,1,-40.00,180.00,12.00,13.92,2930.89,'App\\Models\\Inventario\\InvControlStockDetail',285,NULL,'2022-12-08 12:26:21','2024-08-29 00:38:17',NULL),(534,NULL,'2022-12-08',40920,251,NULL,2,1,-12.00,498.00,30.00,34.80,6691.38,'App\\Models\\Inventario\\InvControlStockDetail',286,NULL,'2022-12-08 12:26:51','2024-08-29 00:38:12',NULL),(535,NULL,'2022-12-08',40920,369,NULL,2,1,-40.00,300.00,7.50,7.50,1579.14,'App\\Models\\Inventario\\InvControlStockDetail',287,NULL,'2022-12-08 12:27:24','2024-08-29 00:38:18',NULL),(536,NULL,'2022-12-08',40920,371,NULL,2,1,-3.00,0.00,230.00,266.80,56175.30,'App\\Models\\Inventario\\InvControlStockDetail',288,NULL,'2022-12-08 12:27:41','2024-08-29 00:38:18',NULL),(537,NULL,'2022-12-08',40920,377,NULL,4,1,-3.00,3.00,10.00,11.60,2338.40,'App\\Models\\Inventario\\InvControlStockDetail',289,NULL,'2022-12-08 12:28:02','2024-08-29 00:38:18',NULL);
INSERT INTO `inv_stock_movimientos` VALUES (538,NULL,'2022-12-08',40920,378,NULL,4,1,-30.00,0.00,10.00,11.60,2338.40,'App\\Models\\Inventario\\InvControlStockDetail',290,NULL,'2022-12-08 13:16:35','2024-08-29 00:38:18',NULL),(539,NULL,'2022-12-10',40920,330,NULL,2,1,-160.00,340.00,14.50,16.82,3541.49,'App\\Models\\Inventario\\InvControlStockDetail',291,NULL,'2022-12-10 09:05:13','2024-08-29 00:38:17',NULL),(540,NULL,'2022-12-10',40920,333,NULL,2,1,-60.00,120.00,12.00,13.92,2930.89,'App\\Models\\Inventario\\InvControlStockDetail',292,NULL,'2022-12-10 09:05:47','2024-08-29 00:38:17',NULL),(541,NULL,'2022-12-10',40920,251,NULL,2,1,-8.00,490.00,30.00,34.80,6691.38,'App\\Models\\Inventario\\InvControlStockDetail',293,NULL,'2022-12-10 09:06:12','2024-08-29 00:38:12',NULL),(542,NULL,'2022-12-10',40920,253,NULL,2,1,-40.00,18.00,38.10,44.20,8498.82,'App\\Models\\Inventario\\InvControlStockDetail',294,NULL,'2022-12-10 09:06:36','2024-08-29 00:38:13',NULL),(543,NULL,'2022-12-12',40920,297,NULL,2,1,-140.00,260.00,11.50,13.34,2808.77,'App\\Models\\Inventario\\InvControlStockDetail',295,NULL,'2022-12-12 12:46:40','2024-08-29 00:38:15',NULL),(544,NULL,'2022-12-12',40920,279,NULL,1,1,80.00,120.00,6.80,7.89,9.54,'App\\Models\\Inventario\\InvControlStockDetail',296,NULL,'2022-12-12 12:47:07','2024-08-29 00:38:14',NULL),(545,NULL,'2022-12-12',40920,253,NULL,2,1,16.00,34.00,38.10,44.20,8498.82,'App\\Models\\Inventario\\InvControlStockDetail',297,NULL,'2022-12-12 14:02:50','2024-08-29 00:38:13',NULL),(546,NULL,'2022-12-12',40920,325,NULL,2,1,-30.00,190.00,11.00,12.76,2686.64,'App\\Models\\Inventario\\InvControlStockDetail',298,NULL,'2022-12-12 18:54:52','2024-08-29 00:38:16',NULL),(547,NULL,'2022-12-12',40920,254,NULL,2,1,-24.00,63.00,17.78,20.62,3964.84,'App\\Models\\Inventario\\InvControlStockDetail',299,NULL,'2022-12-12 18:55:14','2024-08-29 00:38:13',NULL),(548,NULL,'2022-12-13',40920,332,NULL,2,1,200.00,0.00,5.90,6.84,1440.18,'App\\Models\\Inventario\\InvControlStockDetail',300,NULL,'2022-12-13 13:11:17','2024-08-29 00:38:17',NULL),(549,NULL,'2022-12-13',40920,329,NULL,2,1,-40.00,0.00,30.00,34.80,7327.21,'App\\Models\\Inventario\\InvControlStockDetail',301,NULL,'2022-12-13 13:11:41','2024-08-29 00:38:17',NULL),(550,NULL,'2022-12-13',40920,310,NULL,2,1,-80.00,60.00,14.50,16.82,3541.49,'App\\Models\\Inventario\\InvControlStockDetail',302,NULL,'2022-12-13 13:12:21','2024-08-29 00:38:16',NULL),(551,NULL,'2022-12-13',40920,320,NULL,4,1,-20.00,40.00,5.10,5.92,1193.39,'App\\Models\\Inventario\\InvControlStockDetail',303,NULL,'2022-12-13 13:12:39','2024-08-29 00:38:16',NULL),(552,NULL,'2022-12-13',40920,251,NULL,2,1,-24.00,466.00,30.00,34.80,6691.38,'App\\Models\\Inventario\\InvControlStockDetail',304,NULL,'2022-12-13 20:47:29','2024-08-29 00:38:12',NULL),(553,NULL,'2022-12-14',40920,251,NULL,2,1,-180.00,286.00,30.00,34.80,6691.38,'App\\Models\\Inventario\\InvControlStockDetail',305,NULL,'2022-12-14 08:12:48','2024-08-29 00:38:12',NULL),(554,NULL,'2022-12-14',40920,380,NULL,4,1,12.00,12.00,60.00,69.60,14030.39,'App\\Models\\Inventario\\InvProducto',160,NULL,'2022-12-14 13:00:30','2024-08-29 00:38:18',NULL),(555,NULL,'2022-12-14',40920,279,NULL,1,1,-40.00,160.00,6.80,7.89,9.54,'App\\Models\\Inventario\\InvControlStockDetail',306,NULL,'2022-12-14 13:01:18','2024-08-29 00:38:14',NULL),(556,NULL,'2022-12-14',40920,337,NULL,4,1,40.00,160.00,10.00,11.60,2338.40,'App\\Models\\Inventario\\InvControlStockDetail',307,NULL,'2022-12-14 13:01:40','2024-08-29 00:38:17',NULL),(557,NULL,'2022-12-14',40920,338,NULL,4,1,100.00,100.00,20.00,23.20,4676.80,'App\\Models\\Inventario\\InvProducto',161,NULL,'2022-12-14 13:04:06','2024-08-29 00:38:17',NULL),(558,NULL,'2022-12-14',40920,339,NULL,4,1,120.00,120.00,20.00,23.20,4676.80,'App\\Models\\Inventario\\InvProducto',162,NULL,'2022-12-14 13:06:08','2024-08-29 00:38:17',NULL),(559,NULL,'2022-12-14',40920,249,NULL,4,1,-204.00,202.00,26.00,32.20,5927.79,'App\\Models\\Inventario\\InvControlStockDetail',308,NULL,'2022-12-14 13:28:45','2024-08-29 00:38:12',NULL);
INSERT INTO `inv_stock_movimientos` VALUES (560,NULL,'2022-12-14',40920,376,NULL,1,1,-15.00,3.00,29.50,34.22,41.41,'App\\Models\\Inventario\\InvControlStockDetail',309,NULL,'2022-12-14 13:45:29','2024-08-29 00:38:18',NULL),(561,NULL,'2022-12-14',40920,369,NULL,2,1,-40.00,260.00,7.50,7.50,1579.14,'App\\Models\\Inventario\\InvControlStockDetail',310,NULL,'2022-12-14 13:45:52','2024-08-29 00:38:18',NULL),(562,NULL,'2022-12-14',40920,253,NULL,2,1,-34.00,0.00,38.10,44.20,8498.82,'App\\Models\\Inventario\\InvControlStockDetail',311,NULL,'2022-12-14 13:46:14','2024-08-29 00:38:13',NULL),(563,NULL,'2022-12-14',40920,330,NULL,2,1,-200.00,140.00,14.50,16.82,3541.49,'App\\Models\\Inventario\\InvControlStockDetail',312,NULL,'2022-12-14 13:46:39','2024-08-29 00:38:17',NULL),(564,NULL,'2022-12-14',40920,338,NULL,4,1,-100.00,0.00,20.00,23.20,4676.80,'App\\Models\\Inventario\\InvControlStockDetail',313,NULL,'2022-12-14 13:46:58','2024-08-29 00:38:17',NULL),(565,NULL,'2022-12-14',40920,339,NULL,4,1,-120.00,0.00,20.00,23.20,4676.80,'App\\Models\\Inventario\\InvControlStockDetail',314,NULL,'2022-12-14 13:47:16','2024-08-29 00:38:17',NULL),(566,NULL,'2022-12-14',40920,279,NULL,1,1,160.00,0.00,6.80,7.89,9.54,'App\\Models\\Inventario\\InvControlStockDetail',315,NULL,'2022-12-14 13:47:41','2024-08-29 00:38:14',NULL),(567,NULL,'2022-12-14',40920,337,NULL,4,1,-160.00,0.00,10.00,11.60,2338.40,'App\\Models\\Inventario\\InvControlStockDetail',316,NULL,'2022-12-14 13:47:59','2024-08-29 00:38:17',NULL),(568,NULL,'2022-12-14',40920,300,NULL,2,1,-5.00,0.00,29.80,34.57,7278.79,'App\\Models\\Inventario\\InvControlStockDetail',317,NULL,'2022-12-14 13:48:18','2024-08-29 00:38:15',NULL),(569,NULL,'2022-12-14',40920,254,NULL,2,1,-24.00,39.00,17.78,20.62,3964.84,'App\\Models\\Inventario\\InvControlStockDetail',318,NULL,'2022-12-14 13:49:13','2024-08-29 00:38:13',NULL),(570,NULL,'2022-12-14',40920,297,NULL,2,1,-100.00,160.00,11.50,13.34,2808.77,'App\\Models\\Inventario\\InvControlStockDetail',319,NULL,'2022-12-14 13:49:46','2024-08-29 00:38:15',NULL),(571,NULL,'2022-12-14',40920,286,NULL,2,1,12.00,28.00,228.00,264.48,55686.82,'App\\Models\\Inventario\\InvControlStockDetail',320,NULL,'2022-12-14 14:33:08','2024-08-29 00:38:15',NULL),(572,NULL,'2022-12-15',40920,253,NULL,2,1,8.00,8.00,38.10,44.20,8498.82,'App\\Models\\Inventario\\InvControlStockDetail',321,NULL,'2022-12-15 15:47:49','2024-08-29 00:38:13',NULL),(573,NULL,'2022-12-15',40920,253,NULL,2,1,-8.00,0.00,38.10,44.20,8498.82,'App\\Models\\Inventario\\InvControlStockDetail',322,NULL,'2022-12-15 15:48:08','2024-08-29 00:38:13',NULL),(574,NULL,'2022-12-15',40920,333,NULL,2,1,-20.00,100.00,12.00,13.92,2930.89,'App\\Models\\Inventario\\InvControlStockDetail',323,NULL,'2022-12-15 15:49:04','2024-08-29 00:38:17',NULL),(575,NULL,'2022-12-15',40920,330,NULL,2,1,-20.00,120.00,14.50,16.82,3541.49,'App\\Models\\Inventario\\InvControlStockDetail',324,NULL,'2022-12-15 15:49:26','2024-08-29 00:38:17',NULL),(576,NULL,'2022-12-15',40920,253,NULL,2,1,200.00,200.00,38.10,44.20,8498.82,'App\\Models\\Inventario\\InvControlStockDetail',325,NULL,'2022-12-15 17:52:52','2024-08-29 00:38:13',NULL),(577,NULL,'2022-12-15',40920,254,NULL,2,1,204.00,243.00,17.78,20.62,3964.84,'App\\Models\\Inventario\\InvControlStockDetail',326,NULL,'2022-12-15 17:53:25','2024-08-29 00:38:13',NULL),(578,NULL,'2022-12-15',40920,320,NULL,4,1,-20.00,20.00,5.10,5.92,1193.39,'App\\Models\\Inventario\\InvControlStockDetail',327,NULL,'2022-12-15 18:11:26','2024-08-29 00:38:16',NULL),(579,NULL,'2022-12-15',40920,339,NULL,4,1,300.00,300.00,20.00,23.20,28.07,'App\\Models\\Inventario\\InvProducto',163,NULL,'2022-12-15 20:23:58','2024-08-29 00:38:17',NULL),(580,NULL,'2022-12-15',40920,279,NULL,1,1,-200.00,200.00,6.80,7.89,9.54,'App\\Models\\Inventario\\InvControlStockDetail',328,NULL,'2022-12-15 20:25:01','2024-08-29 00:38:14',NULL),(581,NULL,'2022-12-15',40920,340,NULL,1,1,200.00,200.00,15.00,17.40,21.05,'App\\Models\\Inventario\\InvProducto',164,NULL,'2022-12-15 20:28:26','2024-08-29 00:38:17',NULL);
INSERT INTO `inv_stock_movimientos` VALUES (582,NULL,'2022-12-15',40920,340,NULL,1,1,-200.00,0.00,15.00,17.40,21.05,'App\\Models\\Inventario\\InvControlStockDetail',329,NULL,'2022-12-15 21:57:48','2024-08-29 00:38:17',NULL),(583,NULL,'2022-12-15',40920,279,NULL,1,1,200.00,0.00,6.80,7.89,9.54,'App\\Models\\Inventario\\InvControlStockDetail',330,NULL,'2022-12-15 21:58:09','2024-08-29 00:38:14',NULL),(584,NULL,'2022-12-15',40920,333,NULL,2,1,-60.00,40.00,12.00,13.92,2930.89,'App\\Models\\Inventario\\InvControlStockDetail',331,NULL,'2022-12-15 21:58:35','2024-08-29 00:38:17',NULL),(585,NULL,'2022-12-15',40920,254,NULL,2,1,-24.00,219.00,17.78,20.62,3964.84,'App\\Models\\Inventario\\InvControlStockDetail',332,NULL,'2022-12-15 21:59:02','2024-08-29 00:38:13',NULL),(586,NULL,'2022-12-15',40920,297,NULL,2,1,-160.00,0.00,11.50,13.34,2808.77,'App\\Models\\Inventario\\InvControlStockDetail',333,NULL,'2022-12-15 21:59:27','2024-08-29 00:38:15',NULL),(587,NULL,'2022-12-15',40920,251,NULL,2,1,-12.00,274.00,30.00,34.80,6691.38,'App\\Models\\Inventario\\InvControlStockDetail',334,NULL,'2022-12-15 21:59:59','2024-08-29 00:38:12',NULL),(588,NULL,'2022-12-16',40920,251,NULL,2,1,-12.00,262.00,30.00,34.80,6691.38,'App\\Models\\Inventario\\InvControlStockDetail',335,NULL,'2022-12-16 10:32:40','2024-08-29 00:38:12',NULL),(589,NULL,'2022-12-16',40920,339,NULL,4,1,-60.00,240.00,20.00,23.20,28.07,'App\\Models\\Inventario\\InvControlStockDetail',336,NULL,'2022-12-16 10:33:12','2024-08-29 00:38:17',NULL),(590,NULL,'2022-12-19',40920,369,NULL,2,1,-60.00,200.00,7.50,7.50,1579.14,'App\\Models\\Inventario\\InvControlStockDetail',337,NULL,'2022-12-19 08:05:01','2024-08-29 00:38:18',NULL),(591,NULL,'2022-12-19',40920,380,NULL,4,1,-12.00,0.00,60.00,69.60,14030.39,'App\\Models\\Inventario\\InvControlStockDetail',338,NULL,'2022-12-19 08:05:25','2024-08-29 00:38:18',NULL),(592,NULL,'2022-12-19',40920,249,NULL,4,1,-12.00,190.00,26.00,32.20,5927.79,'App\\Models\\Inventario\\InvControlStockDetail',339,NULL,'2022-12-19 08:06:01','2024-08-29 00:38:12',NULL),(593,NULL,'2022-12-19',40920,251,NULL,2,1,-7.00,255.00,30.00,34.80,6691.38,'App\\Models\\Inventario\\InvControlStockDetail',340,NULL,'2022-12-19 12:23:13','2024-08-29 00:38:12',NULL),(594,NULL,'2022-12-19',40920,250,NULL,2,1,-10.00,212.00,38.10,44.20,8498.82,'App\\Models\\Inventario\\InvControlStockDetail',341,NULL,'2022-12-19 18:26:05','2024-08-29 00:38:12',NULL),(595,NULL,'2022-12-19',40920,253,NULL,2,1,-10.00,190.00,38.10,44.20,8498.82,'App\\Models\\Inventario\\InvControlStockDetail',342,NULL,'2022-12-19 18:26:27','2024-08-29 00:38:13',NULL),(596,NULL,'2022-12-19',40920,251,NULL,2,1,-68.00,187.00,30.00,34.80,6691.38,'App\\Models\\Inventario\\InvControlStockDetail',343,NULL,'2022-12-19 19:26:54','2024-08-29 00:38:12',NULL),(597,NULL,'2022-12-20',40920,334,NULL,2,1,-10.00,0.00,31.90,37.00,7790.43,'App\\Models\\Inventario\\InvControlStockDetail',344,NULL,'2022-12-20 07:34:48','2024-08-29 00:38:17',NULL),(598,NULL,'2022-12-20',40920,251,NULL,2,1,-7.00,180.00,30.00,34.80,6691.38,'App\\Models\\Inventario\\InvControlStockDetail',345,NULL,'2022-12-20 07:35:10','2024-08-29 00:38:12',NULL),(599,NULL,'2022-12-20',40920,305,NULL,2,1,-0.20,0.00,21.00,24.36,5129.05,'App\\Models\\Inventario\\InvControlStockDetail',346,NULL,'2022-12-20 07:48:54','2024-08-29 00:38:16',NULL),(600,NULL,'2022-12-20',40920,254,NULL,2,1,12.00,231.00,17.78,20.62,3964.84,'App\\Models\\Inventario\\InvControlStockDetail',347,NULL,'2022-12-20 09:18:57','2024-08-29 00:38:13',NULL),(601,NULL,'2022-12-20',40920,249,NULL,4,1,-10.00,180.00,26.00,32.20,5927.79,'App\\Models\\Inventario\\InvControlStockDetail',348,NULL,'2022-12-20 09:20:07','2024-08-29 00:38:12',NULL),(602,NULL,'2022-12-20',40920,251,NULL,2,1,-5.00,175.00,30.00,34.80,6691.38,'App\\Models\\Inventario\\InvControlStockDetail',349,NULL,'2022-12-20 09:23:43','2024-08-29 00:38:12',NULL),(603,NULL,'2022-12-21',40920,376,NULL,1,1,-3.00,0.00,29.50,34.22,41.41,'App\\Models\\Inventario\\InvControlStockDetail',350,NULL,'2022-12-21 11:25:52','2024-08-29 00:38:18',NULL);
INSERT INTO `inv_stock_movimientos` VALUES (604,NULL,'2022-12-21',40920,339,NULL,4,1,-60.00,180.00,20.00,23.20,28.07,'App\\Models\\Inventario\\InvControlStockDetail',351,NULL,'2022-12-21 11:26:20','2024-08-29 00:38:17',NULL),(605,NULL,'2022-12-21',40920,401,NULL,1,1,3410.00,163980.00,0.00,0.00,0.00,'App\\Models\\Inventario\\InvControlStockDetail',352,NULL,'2022-12-21 15:07:45','2024-08-29 00:38:19',NULL),(606,NULL,'2022-12-23',40920,381,NULL,1,1,20.00,20.00,60.00,69.60,84.22,'App\\Models\\Inventario\\InvProducto',165,NULL,'2022-12-23 10:49:41','2024-08-29 00:38:18',NULL),(607,NULL,'2022-12-23',40920,341,NULL,4,1,50.00,50.00,20.00,23.20,4676.80,'App\\Models\\Inventario\\InvProducto',166,NULL,'2022-12-23 10:52:18','2024-08-29 00:38:17',NULL),(608,NULL,'2022-12-23',40920,342,NULL,4,1,50.00,50.00,20.00,23.20,4676.80,'App\\Models\\Inventario\\InvProducto',167,NULL,'2022-12-23 10:54:13','2024-08-29 00:38:17',NULL),(609,NULL,'2022-12-23',40920,340,NULL,1,1,600.00,600.00,15.00,17.40,21.05,'App\\Models\\Inventario\\InvControlStockDetail',353,NULL,'2022-12-23 10:55:14','2024-08-29 00:38:17',NULL),(610,NULL,'2022-12-23',40920,279,NULL,1,1,-600.00,600.00,6.80,7.89,9.54,'App\\Models\\Inventario\\InvControlStockDetail',354,NULL,'2022-12-23 10:55:46','2024-08-29 00:38:14',NULL),(611,NULL,'2022-12-23',40920,338,NULL,4,1,160.00,160.00,20.00,23.20,4676.80,'App\\Models\\Inventario\\InvControlStockDetail',355,NULL,'2022-12-23 10:56:25','2024-08-29 00:38:17',NULL),(612,NULL,'2022-12-23',40920,298,NULL,2,1,-180.00,260.00,11.50,13.34,2808.77,'App\\Models\\Inventario\\InvControlStockDetail',356,NULL,'2022-12-23 15:17:14','2024-08-29 00:38:15',NULL),(613,NULL,'2022-12-23',40920,338,NULL,4,1,-160.00,0.00,20.00,23.20,4676.80,'App\\Models\\Inventario\\InvControlStockDetail',357,NULL,'2022-12-23 15:17:32','2024-08-29 00:38:17',NULL),(614,NULL,'2022-12-24',40920,341,NULL,4,1,-50.00,0.00,20.00,23.20,4676.80,'App\\Models\\Inventario\\InvControlStockDetail',358,NULL,'2022-12-24 10:13:40','2024-08-29 00:38:17',NULL),(615,NULL,'2022-12-24',40920,342,NULL,4,1,-50.00,0.00,20.00,23.20,4676.80,'App\\Models\\Inventario\\InvControlStockDetail',359,NULL,'2022-12-24 10:13:40','2024-08-29 00:38:17',NULL),(616,NULL,'2022-12-27',40920,298,NULL,2,1,-100.00,160.00,11.50,13.34,2808.77,'App\\Models\\Inventario\\InvControlStockDetail',360,NULL,'2022-12-27 08:27:48','2024-08-29 00:38:15',NULL),(617,NULL,'2022-12-27',40920,325,NULL,2,1,-50.00,140.00,11.00,12.76,2686.64,'App\\Models\\Inventario\\InvControlStockDetail',361,NULL,'2022-12-27 08:28:27','2024-08-29 00:38:16',NULL),(618,NULL,'2022-12-27',40920,310,NULL,2,1,-60.00,0.00,14.50,16.82,3541.49,'App\\Models\\Inventario\\InvControlStockDetail',362,NULL,'2022-12-27 08:28:45','2024-08-29 00:38:16',NULL),(619,NULL,'2022-12-27',40920,254,NULL,2,1,-2.00,229.00,17.78,20.62,3964.84,'App\\Models\\Inventario\\InvControlStockDetail',363,NULL,'2022-12-27 08:29:26','2024-08-29 00:38:13',NULL),(620,NULL,'2022-12-27',40920,251,NULL,2,1,-12.00,163.00,30.00,34.80,6691.38,'App\\Models\\Inventario\\InvControlStockDetail',364,NULL,'2022-12-27 08:33:03','2024-08-29 00:38:12',NULL),(621,NULL,'2022-12-27',40920,343,NULL,4,1,300.00,300.00,20.00,23.20,4676.80,'App\\Models\\Inventario\\InvProducto',168,NULL,'2022-12-27 08:43:11','2024-08-29 00:38:17',NULL),(622,NULL,'2022-12-27',40920,344,NULL,4,1,120.00,120.00,20.00,23.20,4676.80,'App\\Models\\Inventario\\InvProducto',169,NULL,'2022-12-27 08:45:45','2024-08-29 00:38:17',NULL),(623,NULL,'2022-12-27',40920,340,NULL,1,1,-100.00,500.00,15.00,17.40,21.05,'App\\Models\\Inventario\\InvControlStockDetail',365,NULL,'2022-12-27 09:04:41','2024-08-29 00:38:17',NULL),(624,NULL,'2022-12-27',40920,344,NULL,4,1,-120.00,0.00,20.00,23.20,4676.80,'App\\Models\\Inventario\\InvControlStockDetail',366,NULL,'2022-12-27 09:05:41','2024-08-29 00:38:17',NULL),(625,NULL,'2022-12-27',40920,254,NULL,2,1,-24.00,205.00,17.78,20.62,3964.84,'App\\Models\\Inventario\\InvControlStockDetail',367,NULL,'2022-12-27 09:06:03','2024-08-29 00:38:13',NULL);
INSERT INTO `inv_stock_movimientos` VALUES (626,NULL,'2022-12-28',40920,253,NULL,2,1,-30.00,160.00,38.10,44.20,8498.82,'App\\Models\\Inventario\\InvControlStockDetail',368,NULL,'2022-12-28 13:08:17','2024-08-29 00:38:13',NULL),(627,NULL,'2022-12-28',40920,339,NULL,4,1,-180.00,0.00,20.00,23.20,28.07,'App\\Models\\Inventario\\InvControlStockDetail',369,NULL,'2022-12-28 13:08:39','2024-08-29 00:38:17',NULL),(628,NULL,'2022-12-29',40920,251,NULL,2,1,-96.00,67.00,30.00,34.80,6691.38,'App\\Models\\Inventario\\InvControlStockDetail',370,NULL,'2022-12-29 08:57:27','2024-08-29 00:38:12',NULL),(629,NULL,'2022-12-29',40920,249,NULL,4,1,-60.00,120.00,26.00,32.20,5927.79,'App\\Models\\Inventario\\InvControlStockDetail',371,NULL,'2022-12-29 08:57:43','2024-08-29 00:38:12',NULL),(630,NULL,'2022-12-29',40920,254,NULL,2,1,-12.00,193.00,17.78,20.62,3964.84,'App\\Models\\Inventario\\InvControlStockDetail',372,NULL,'2022-12-29 12:25:25','2024-08-29 00:38:13',NULL),(631,NULL,'2022-12-29',40920,254,NULL,2,1,-12.00,181.00,17.78,20.62,3964.84,'App\\Models\\Inventario\\InvControlStockDetail',373,NULL,'2022-12-29 12:25:48','2024-08-29 00:38:13',NULL),(632,NULL,'2022-12-29',40920,401,NULL,1,1,-7000.00,156980.00,0.00,0.00,0.00,'App\\Models\\Inventario\\InvControlStockDetail',374,NULL,'2022-12-29 16:55:18','2024-08-29 00:38:19',NULL),(633,NULL,'2022-12-29',40920,251,NULL,2,1,-1.00,66.00,30.00,34.80,6691.38,'App\\Models\\Inventario\\InvControlStockDetail',375,NULL,'2022-12-29 18:16:05','2024-08-29 00:38:12',NULL),(634,NULL,'2022-12-29',40920,317,NULL,2,1,-20.00,460.00,13.00,15.08,3175.13,'App\\Models\\Inventario\\InvControlStockDetail',376,NULL,'2022-12-29 18:18:15','2024-08-29 00:38:16',NULL),(635,NULL,'2022-12-29',40920,339,NULL,4,1,180.00,180.00,20.00,23.20,28.07,'App\\Models\\Inventario\\InvControlStockDetail',377,NULL,'2022-12-29 18:19:26','2024-08-29 00:38:17',NULL),(636,NULL,'2022-12-29',40920,339,NULL,4,1,-20.00,160.00,20.00,23.20,28.07,'App\\Models\\Inventario\\InvControlStockDetail',378,NULL,'2022-12-29 18:19:42','2024-08-29 00:38:17',NULL),(637,NULL,'2023-01-02',40920,253,NULL,2,1,-2.00,158.00,38.10,44.20,8498.82,'App\\Models\\Inventario\\InvControlStockDetail',379,NULL,'2023-01-02 11:32:27','2024-08-29 00:38:13',NULL),(638,NULL,'2023-01-02',40920,251,NULL,2,1,-12.00,54.00,30.00,34.80,6691.38,'App\\Models\\Inventario\\InvControlStockDetail',380,NULL,'2023-01-02 11:32:58','2024-08-29 00:38:12',NULL),(639,NULL,'2023-01-02',40920,381,NULL,1,1,-7.00,13.00,60.00,69.60,84.22,'App\\Models\\Inventario\\InvControlStockDetail',381,NULL,'2023-01-02 12:41:16','2024-08-29 00:38:18',NULL),(640,NULL,'2023-01-02',40920,253,NULL,2,1,-28.00,130.00,38.10,44.20,8498.82,'App\\Models\\Inventario\\InvControlStockDetail',382,NULL,'2023-01-02 12:41:52','2024-08-29 00:38:13',NULL),(641,NULL,'2023-01-02',40920,339,NULL,4,1,-80.00,80.00,20.00,23.20,28.07,'App\\Models\\Inventario\\InvControlStockDetail',383,NULL,'2023-01-02 12:49:33','2024-08-29 00:38:17',NULL),(642,NULL,'2023-01-02',40920,253,NULL,2,1,10.00,140.00,38.10,44.20,8498.82,'App\\Models\\Inventario\\InvControlStockDetail',384,NULL,'2023-01-02 12:55:07','2024-08-29 00:38:13',NULL),(643,NULL,'2023-01-02',40920,381,NULL,1,1,-3.00,10.00,60.00,69.60,84.22,'App\\Models\\Inventario\\InvControlStockDetail',385,NULL,'2023-01-02 13:03:59','2024-08-29 00:38:18',NULL),(644,NULL,'2023-01-02',40920,317,NULL,2,1,-20.00,440.00,13.00,15.08,3175.13,'App\\Models\\Inventario\\InvControlStockDetail',386,NULL,'2023-01-02 13:04:27','2024-08-29 00:38:16',NULL),(645,NULL,'2023-01-02',40920,249,NULL,4,1,-3.00,117.00,26.00,32.20,5927.79,'App\\Models\\Inventario\\InvControlStockDetail',387,NULL,'2023-01-02 13:18:25','2024-08-29 00:38:12',NULL),(646,NULL,'2023-01-03',40920,381,NULL,1,1,-2.00,8.00,60.00,69.60,84.22,'App\\Models\\Inventario\\InvControlStockDetail',388,NULL,'2023-01-03 08:48:15','2024-08-29 00:38:18',NULL),(647,NULL,'2023-01-03',40920,253,NULL,2,1,-10.00,130.00,38.10,44.20,8498.82,'App\\Models\\Inventario\\InvControlStockDetail',389,NULL,'2023-01-03 08:48:36','2024-08-29 00:38:13',NULL);
INSERT INTO `inv_stock_movimientos` VALUES (648,NULL,'2023-01-03',40920,339,NULL,4,1,-60.00,20.00,20.00,23.20,28.07,'App\\Models\\Inventario\\InvControlStockDetail',390,NULL,'2023-01-03 08:48:58','2024-08-29 00:38:17',NULL),(649,NULL,'2023-01-03',40920,339,NULL,4,1,-60.00,60.00,20.00,23.20,4676.80,'App\\Models\\Inventario\\InvControlStockDetail',391,NULL,'2023-01-03 10:22:32','2024-08-29 00:38:17',NULL),(650,NULL,'2023-01-03',40920,338,NULL,4,1,60.00,60.00,20.00,23.20,4676.80,'App\\Models\\Inventario\\InvControlStockDetail',392,NULL,'2023-01-03 10:22:59','2024-08-29 00:38:17',NULL),(651,NULL,'2023-01-03',40920,319,NULL,4,1,645.00,645.00,16.90,19.60,3951.09,'App\\Models\\Inventario\\InvControlStockDetail',393,NULL,'2023-01-03 10:24:15','2024-08-29 00:38:16',NULL),(652,NULL,'2023-01-03',40920,344,NULL,4,1,160.00,160.00,20.00,23.20,4676.80,'App\\Models\\Inventario\\InvControlStockDetail',394,NULL,'2023-01-03 10:24:53','2024-08-29 00:38:17',NULL),(653,NULL,'2023-01-03',40920,344,NULL,4,1,-160.00,0.00,20.00,23.20,4676.80,'App\\Models\\Inventario\\InvControlStockDetail',395,NULL,'2023-01-03 14:31:01','2024-08-29 00:38:17',NULL),(654,NULL,'2023-01-03',40920,279,NULL,1,1,220.00,380.00,6.80,7.89,9.54,'App\\Models\\Inventario\\InvControlStockDetail',396,NULL,'2023-01-03 14:31:44','2024-08-29 00:38:14',NULL),(655,NULL,'2023-01-03',40920,340,NULL,1,1,-120.00,380.00,15.00,17.40,21.05,'App\\Models\\Inventario\\InvControlStockDetail',397,NULL,'2023-01-03 14:32:14','2024-08-29 00:38:17',NULL),(656,NULL,'2023-01-03',40920,253,NULL,2,1,-24.00,106.00,38.10,44.20,8498.82,'App\\Models\\Inventario\\InvControlStockDetail',398,NULL,'2023-01-03 14:32:40','2024-08-29 00:38:13',NULL),(657,NULL,'2023-01-03',40920,330,NULL,2,1,-120.00,0.00,14.50,16.82,3541.49,'App\\Models\\Inventario\\InvControlStockDetail',399,NULL,'2023-01-03 14:33:04','2024-08-29 00:38:17',NULL),(658,NULL,'2023-01-03',40920,369,NULL,2,1,-40.00,160.00,7.50,7.50,1579.14,'App\\Models\\Inventario\\InvControlStockDetail',400,NULL,'2023-01-03 14:33:24','2024-08-29 00:38:18',NULL),(659,NULL,'2023-01-03',40920,381,NULL,1,1,-5.00,3.00,60.00,69.60,84.22,'App\\Models\\Inventario\\InvControlStockDetail',401,NULL,'2023-01-03 14:33:41','2024-08-29 00:38:18',NULL),(660,NULL,'2023-01-03',40920,339,NULL,4,1,60.00,0.00,20.00,23.20,4676.80,'App\\Models\\Inventario\\InvControlStockDetail',402,NULL,'2023-01-03 14:34:04','2024-08-29 00:38:17',NULL),(661,NULL,'2023-01-03',40920,338,NULL,4,1,-60.00,0.00,20.00,23.20,4676.80,'App\\Models\\Inventario\\InvControlStockDetail',403,NULL,'2023-01-03 14:34:19','2024-08-29 00:38:17',NULL),(662,NULL,'2023-01-03',40920,319,NULL,4,1,-645.00,0.00,16.90,19.60,3951.09,'App\\Models\\Inventario\\InvControlStockDetail',404,NULL,'2023-01-03 14:34:34','2024-08-29 00:38:16',NULL),(663,NULL,'2023-01-03',40920,254,NULL,2,1,-36.00,145.00,17.78,20.62,3964.84,'App\\Models\\Inventario\\InvControlStockDetail',405,NULL,'2023-01-03 14:35:01','2024-08-29 00:38:13',NULL),(664,NULL,'2023-01-04',40920,251,NULL,2,1,-14.00,40.00,30.00,34.80,6691.38,'App\\Models\\Inventario\\InvControlStockDetail',406,NULL,'2023-01-04 10:51:50','2024-08-29 00:38:12',NULL),(665,NULL,'2023-01-04',40920,343,NULL,4,1,-140.00,160.00,20.00,23.20,4676.80,'App\\Models\\Inventario\\InvControlStockDetail',407,NULL,'2023-01-04 10:52:30','2024-08-29 00:38:17',NULL),(666,NULL,'2023-01-04',40920,253,NULL,2,1,-2.00,104.00,38.10,44.20,8498.82,'App\\Models\\Inventario\\InvControlStockDetail',408,NULL,'2023-01-04 10:57:16','2024-08-29 00:38:13',NULL),(667,NULL,'2023-01-05',40920,251,NULL,2,1,528.00,568.00,30.00,34.80,6691.38,'App\\Models\\Inventario\\InvControlStockDetail',409,NULL,'2023-01-05 08:10:45','2024-08-29 00:38:12',NULL),(668,NULL,'2023-01-05',40920,261,NULL,1,1,460.00,460.00,10.00,11.60,14.04,'App\\Models\\Inventario\\InvProducto',170,NULL,'2023-01-05 12:24:05','2024-08-29 00:38:14',NULL),(669,NULL,'2023-01-06',40920,333,NULL,2,1,-40.00,0.00,12.00,13.92,2930.89,'App\\Models\\Inventario\\InvControlStockDetail',410,NULL,'2023-01-06 09:00:36','2024-08-29 00:38:17',NULL);
INSERT INTO `inv_stock_movimientos` VALUES (670,NULL,'2023-01-06',40920,339,NULL,4,1,10.00,30.00,20.00,23.20,28.07,'App\\Models\\Inventario\\InvControlStockDetail',411,NULL,'2023-01-06 09:00:36','2024-08-29 00:38:17',NULL),(671,NULL,'2023-01-06',40920,343,NULL,4,1,-40.00,120.00,20.00,23.20,4676.80,'App\\Models\\Inventario\\InvControlStockDetail',412,NULL,'2023-01-06 09:00:36','2024-08-29 00:38:17',NULL),(672,NULL,'2023-01-06',40920,251,NULL,2,1,-4.00,564.00,30.00,34.80,6691.38,'App\\Models\\Inventario\\InvControlStockDetail',413,NULL,'2023-01-06 09:00:57','2024-08-29 00:38:12',NULL),(673,NULL,'2023-01-06',40920,381,NULL,1,1,-3.00,0.00,60.00,69.60,84.22,'App\\Models\\Inventario\\InvControlStockDetail',414,NULL,'2023-01-06 09:01:23','2024-08-29 00:38:18',NULL),(674,NULL,'2023-01-09',40920,251,NULL,2,1,-4.00,560.00,30.00,34.80,6691.38,'App\\Models\\Inventario\\InvControlStockDetail',415,NULL,'2023-01-09 07:54:49','2024-08-29 00:38:12',NULL),(675,NULL,'2023-01-09',40920,339,NULL,4,1,-30.00,0.00,20.00,23.20,28.07,'App\\Models\\Inventario\\InvControlStockDetail',416,NULL,'2023-01-09 07:55:11','2024-08-29 00:38:17',NULL),(676,NULL,'2023-01-10',40920,261,NULL,1,1,-460.00,0.00,10.00,11.60,14.04,'App\\Models\\Inventario\\InvControlStockDetail',417,NULL,'2023-01-10 08:05:42','2024-08-29 00:38:14',NULL),(677,NULL,'2023-01-13',40920,345,NULL,1,1,100.00,100.00,10.00,11.60,14.04,'App\\Models\\Inventario\\InvProducto',171,NULL,'2023-01-13 12:51:45','2024-08-29 00:38:17',NULL),(678,NULL,'2023-01-13',40920,381,NULL,1,1,10.00,10.00,60.00,69.60,84.22,'App\\Models\\Inventario\\InvControlStockDetail',418,NULL,'2023-01-13 12:52:41','2024-08-29 00:38:18',NULL),(679,NULL,'2023-01-13',40920,376,NULL,1,1,2.00,2.00,29.50,34.22,41.41,'App\\Models\\Inventario\\InvControlStockDetail',419,NULL,'2023-01-13 12:53:00','2024-08-29 00:38:18',NULL),(680,NULL,'2023-01-13',40920,334,NULL,2,1,5.00,5.00,31.90,37.00,7790.43,'App\\Models\\Inventario\\InvControlStockDetail',420,NULL,'2023-01-13 12:53:46','2024-08-29 00:38:17',NULL),(681,NULL,'2023-02-01',40920,319,NULL,4,1,150.00,150.00,16.90,19.60,3951.09,'App\\Models\\Inventario\\InvControlStockDetail',421,NULL,'2023-02-01 09:21:56','2024-08-29 00:38:16',NULL),(682,NULL,'2023-02-01',40920,346,NULL,1,1,65.00,65.00,10.00,11.60,14.04,'App\\Models\\Inventario\\InvProducto',172,NULL,'2023-02-01 09:25:51','2024-08-29 00:38:17',NULL),(683,NULL,'2023-02-01',40920,381,NULL,1,1,10.00,20.00,60.00,69.60,84.22,'App\\Models\\Inventario\\InvControlStockDetail',422,NULL,'2023-02-01 09:27:18','2024-08-29 00:38:18',NULL),(684,NULL,'2023-02-01',40920,319,NULL,4,1,-150.00,0.00,16.90,19.60,3951.09,'App\\Models\\Inventario\\InvControlStockDetail',423,NULL,'2023-02-01 09:32:22','2024-08-29 00:38:16',NULL),(685,NULL,'2023-02-01',40920,347,NULL,1,1,150.00,150.00,10.00,11.60,14.04,'App\\Models\\Inventario\\InvProducto',173,NULL,'2023-02-01 09:35:14','2024-08-29 00:38:17',NULL),(686,NULL,'2023-02-01',40920,345,NULL,1,1,320.00,420.00,10.00,11.60,14.04,'App\\Models\\Inventario\\InvControlStockDetail',424,NULL,'2023-02-01 09:49:30','2024-08-29 00:38:17',NULL),(687,NULL,'2023-02-01',40920,298,NULL,2,1,140.00,300.00,11.50,13.34,2808.77,'App\\Models\\Inventario\\InvControlStockDetail',425,NULL,'2023-02-01 09:50:20','2024-08-29 00:38:15',NULL),(688,NULL,'2023-02-01',40920,319,NULL,4,1,480.00,480.00,16.90,19.60,3951.09,'App\\Models\\Inventario\\InvControlStockDetail',426,NULL,'2023-02-01 10:08:59','2024-08-29 00:38:16',NULL),(689,NULL,'2023-02-01',40920,346,NULL,1,1,100.00,165.00,10.00,11.60,14.04,'App\\Models\\Inventario\\InvControlStockDetail',427,NULL,'2023-02-01 10:09:29','2024-08-29 00:38:17',NULL),(690,NULL,'2023-02-01',40920,382,NULL,1,1,15.00,15.00,10.00,11.60,14.04,'App\\Models\\Inventario\\InvProducto',174,NULL,'2023-02-01 10:13:08','2024-08-29 00:38:18',NULL),(691,NULL,'2023-02-01',40920,345,NULL,1,1,-100.00,320.00,10.00,11.60,14.04,'App\\Models\\Inventario\\InvControlStockDetail',428,NULL,'2023-02-01 10:43:56','2024-08-29 00:38:17',NULL);
INSERT INTO `inv_stock_movimientos` VALUES (692,NULL,'2023-02-01',40920,298,NULL,2,1,-80.00,220.00,11.50,13.34,2808.77,'App\\Models\\Inventario\\InvControlStockDetail',429,NULL,'2023-02-01 10:44:23','2024-08-29 00:38:15',NULL),(693,NULL,'2023-02-01',40920,299,NULL,2,1,-25.00,30.00,29.80,34.57,7278.79,'App\\Models\\Inventario\\InvControlStockDetail',430,NULL,'2023-02-01 10:44:48','2024-08-29 00:38:15',NULL),(694,NULL,'2023-02-01',40920,253,NULL,2,1,-28.00,76.00,38.10,44.20,8498.82,'App\\Models\\Inventario\\InvControlStockDetail',431,NULL,'2023-02-01 10:45:32','2024-08-29 00:38:13',NULL),(695,NULL,'2023-02-01',40920,381,NULL,1,1,-5.00,15.00,60.00,69.60,84.22,'App\\Models\\Inventario\\InvControlStockDetail',432,NULL,'2023-02-01 10:45:57','2024-08-29 00:38:18',NULL),(696,NULL,'2023-02-01',40920,369,NULL,2,1,-80.00,80.00,7.50,7.50,1579.14,'App\\Models\\Inventario\\InvControlStockDetail',433,NULL,'2023-02-01 11:09:35','2024-08-29 00:38:18',NULL),(697,NULL,'2023-02-01',40920,347,NULL,1,1,-150.00,0.00,10.00,11.60,14.04,'App\\Models\\Inventario\\InvControlStockDetail',434,NULL,'2023-02-01 11:10:41','2024-08-29 00:38:17',NULL),(698,NULL,'2023-02-01',40920,346,NULL,1,1,-65.00,100.00,10.00,11.60,14.04,'App\\Models\\Inventario\\InvControlStockDetail',435,NULL,'2023-02-01 11:11:48','2024-08-29 00:38:17',NULL),(699,NULL,'2023-02-01',40920,251,NULL,2,1,-24.00,536.00,30.00,34.80,6691.38,'App\\Models\\Inventario\\InvControlStockDetail',436,NULL,'2023-02-01 11:12:22','2024-08-29 00:38:12',NULL),(700,NULL,'2023-02-01',40920,254,NULL,2,1,-36.00,109.00,17.78,20.62,3964.84,'App\\Models\\Inventario\\InvControlStockDetail',437,NULL,'2023-02-01 11:12:51','2024-08-29 00:38:13',NULL),(701,NULL,'2023-02-01',40920,343,NULL,4,1,-60.00,60.00,20.00,23.20,4676.80,'App\\Models\\Inventario\\InvControlStockDetail',438,NULL,'2023-02-01 11:13:11','2024-08-29 00:38:17',NULL),(702,NULL,'2023-02-01',40920,325,NULL,2,1,-20.00,120.00,11.00,12.76,2686.64,'App\\Models\\Inventario\\InvControlStockDetail',439,NULL,'2023-02-01 11:20:45','2024-08-29 00:38:16',NULL),(703,NULL,'2023-02-01',40920,345,NULL,1,1,-320.00,0.00,10.00,11.60,14.04,'App\\Models\\Inventario\\InvControlStockDetail',440,NULL,'2023-02-01 11:36:30','2024-08-29 00:38:17',NULL),(704,NULL,'2023-02-01',40920,298,NULL,2,1,-220.00,0.00,11.50,13.34,2808.77,'App\\Models\\Inventario\\InvControlStockDetail',441,NULL,'2023-02-01 11:36:57','2024-08-29 00:38:15',NULL),(705,NULL,'2023-02-01',40920,253,NULL,2,1,-42.00,34.00,38.10,44.20,8498.82,'App\\Models\\Inventario\\InvControlStockDetail',442,NULL,'2023-02-01 11:37:40','2024-08-29 00:38:13',NULL),(706,NULL,'2023-02-01',40920,299,NULL,2,1,-30.00,0.00,29.80,34.57,7278.79,'App\\Models\\Inventario\\InvControlStockDetail',443,NULL,'2023-02-01 11:38:00','2024-08-29 00:38:15',NULL),(707,NULL,'2023-02-01',40920,381,NULL,1,1,-5.00,10.00,60.00,69.60,84.22,'App\\Models\\Inventario\\InvControlStockDetail',444,NULL,'2023-02-01 11:38:22','2024-08-29 00:38:18',NULL),(708,NULL,'2023-02-01',40920,251,NULL,2,1,-9.00,527.00,30.00,34.80,6691.38,'App\\Models\\Inventario\\InvControlStockDetail',445,NULL,'2023-02-01 11:38:48','2024-08-29 00:38:12',NULL),(709,NULL,'2023-02-01',40920,383,NULL,1,1,5.00,5.00,10.00,11.60,14.04,'App\\Models\\Inventario\\InvProducto',175,NULL,'2023-02-01 12:04:54','2024-08-29 00:38:19',NULL),(710,NULL,'2023-02-01',40920,317,NULL,2,1,-200.00,240.00,13.00,15.08,3175.13,'App\\Models\\Inventario\\InvControlStockDetail',446,NULL,'2023-02-01 12:09:36','2024-08-29 00:38:16',NULL),(711,NULL,'2023-02-01',40920,279,NULL,1,1,100.00,280.00,6.80,7.89,9.54,'App\\Models\\Inventario\\InvControlStockDetail',447,NULL,'2023-02-01 12:10:06','2024-08-29 00:38:14',NULL),(712,NULL,'2023-02-01',40920,369,NULL,2,1,-80.00,0.00,7.50,7.50,1579.14,'App\\Models\\Inventario\\InvControlStockDetail',448,NULL,'2023-02-01 12:10:26','2024-08-29 00:38:18',NULL),(713,NULL,'2023-02-01',40920,383,NULL,1,1,-5.00,0.00,10.00,11.60,14.04,'App\\Models\\Inventario\\InvControlStockDetail',449,NULL,'2023-02-01 12:10:48','2024-08-29 00:38:19',NULL);
INSERT INTO `inv_stock_movimientos` VALUES (714,NULL,'2023-02-01',40920,368,NULL,2,1,-4.00,0.00,170.00,197.20,41520.87,'App\\Models\\Inventario\\InvControlStockDetail',450,NULL,'2023-02-01 12:19:07','2024-08-29 00:38:18',NULL),(715,NULL,'2023-02-01',40920,381,NULL,1,1,-5.00,5.00,60.00,69.60,84.22,'App\\Models\\Inventario\\InvControlStockDetail',451,NULL,'2023-02-01 12:19:26','2024-08-29 00:38:18',NULL),(716,NULL,'2023-02-01',40920,249,NULL,4,1,-5.00,112.00,26.00,32.20,5927.79,'App\\Models\\Inventario\\InvControlStockDetail',452,NULL,'2023-02-01 12:19:43','2024-08-29 00:38:12',NULL),(717,NULL,'2023-02-01',40920,343,NULL,4,1,-20.00,40.00,20.00,23.20,4676.80,'App\\Models\\Inventario\\InvControlStockDetail',453,NULL,'2023-02-01 12:56:34','2024-08-29 00:38:17',NULL),(718,NULL,'2023-02-01',40920,334,NULL,2,1,-5.00,0.00,31.90,37.00,7790.43,'App\\Models\\Inventario\\InvControlStockDetail',454,NULL,'2023-02-01 13:01:09','2024-08-29 00:38:17',NULL),(719,NULL,'2023-02-01',40920,251,NULL,2,1,-5.00,522.00,30.00,34.80,6691.38,'App\\Models\\Inventario\\InvControlStockDetail',455,NULL,'2023-02-01 13:01:28','2024-08-29 00:38:12',NULL),(720,NULL,'2023-02-01',40920,254,NULL,2,1,-2.00,107.00,17.78,20.62,3964.84,'App\\Models\\Inventario\\InvControlStockDetail',456,NULL,'2023-02-01 13:01:52','2024-08-29 00:38:13',NULL),(721,NULL,'2023-02-01',40920,249,NULL,4,1,5.00,117.00,26.00,32.20,5927.79,'App\\Models\\Inventario\\InvControlStockDetail',457,NULL,'2023-02-01 13:07:43','2024-08-29 00:38:12',NULL),(722,NULL,'2023-02-01',40920,254,NULL,2,1,1.00,108.00,17.78,20.62,3964.84,'App\\Models\\Inventario\\InvControlStockDetail',458,NULL,'2023-02-01 13:08:14','2024-08-29 00:38:13',NULL),(723,NULL,'2023-02-01',40920,319,NULL,4,1,15.00,495.00,16.90,19.60,3951.09,'App\\Models\\Inventario\\InvControlStockDetail',459,NULL,'2023-02-01 13:12:21','2024-08-29 00:38:16',NULL),(724,NULL,'2023-02-01',40920,370,NULL,2,1,-20.00,0.00,7.50,8.70,1831.80,'App\\Models\\Inventario\\InvControlStockDetail',460,NULL,'2023-02-01 13:25:50','2024-08-29 00:38:18',NULL),(725,NULL,'2023-02-01',40920,346,NULL,1,1,-55.00,45.00,10.00,11.60,14.04,'App\\Models\\Inventario\\InvControlStockDetail',461,NULL,'2023-02-01 13:26:14','2024-08-29 00:38:17',NULL),(726,NULL,'2023-02-01',40920,319,NULL,4,1,-375.00,120.00,16.90,19.60,3951.09,'App\\Models\\Inventario\\InvControlStockDetail',462,NULL,'2023-02-01 13:26:55','2024-08-29 00:38:16',NULL),(727,NULL,'2023-02-01',40920,343,NULL,4,1,-20.00,20.00,20.00,23.20,4676.80,'App\\Models\\Inventario\\InvControlStockDetail',463,NULL,'2023-02-01 13:31:31','2024-08-29 00:38:17',NULL),(728,NULL,'2023-02-01',40920,286,NULL,2,1,-2.00,26.00,228.00,264.48,55686.82,'App\\Models\\Inventario\\InvControlStockDetail',464,NULL,'2023-02-01 13:36:48','2024-08-29 00:38:15',NULL),(729,NULL,'2023-02-01',40920,286,NULL,2,1,-3.00,23.00,228.00,264.48,55686.82,'App\\Models\\Inventario\\InvControlStockDetail',465,NULL,'2023-02-01 13:37:11','2024-08-29 00:38:15',NULL),(730,NULL,'2023-02-01',40920,259,NULL,2,1,100.00,100.00,52.00,60.32,12700.50,'App\\Models\\Inventario\\InvControlStockDetail',466,NULL,'2023-02-01 13:44:59','2024-08-29 00:38:14',NULL),(731,NULL,'2023-02-01',40920,250,NULL,2,1,-8.00,204.00,38.10,44.20,8498.82,'App\\Models\\Inventario\\InvControlStockDetail',467,NULL,'2023-02-01 13:58:56','2024-08-29 00:38:12',NULL),(732,NULL,'2023-02-01',40920,250,NULL,2,1,-24.00,180.00,38.10,44.20,8498.82,'App\\Models\\Inventario\\InvControlStockDetail',468,NULL,'2023-02-01 13:59:18','2024-08-29 00:38:12',NULL),(733,NULL,'2023-02-01',40920,253,NULL,2,1,-10.00,24.00,38.10,44.20,8498.82,'App\\Models\\Inventario\\InvControlStockDetail',469,NULL,'2023-02-01 14:07:00','2024-08-29 00:38:13',NULL),(734,NULL,'2023-02-01',40920,382,NULL,1,1,-5.00,10.00,10.00,11.60,14.04,'App\\Models\\Inventario\\InvControlStockDetail',470,NULL,'2023-02-01 14:07:27','2024-08-29 00:38:19',NULL),(735,7463,'2023-02-01',40920,382,NULL,1,1,0.00,10.00,10.00,11.60,14.04,'App\\Models\\Inventario\\InvProducto',174,NULL,'2023-02-01 15:21:39','2023-02-01 15:21:39',NULL);
