-- Table structure for table `receipt_types`
--

CREATE TABLE `receipt_types` (
  `id` int(10) unsigned NOT NULL AUTO_INCREMENT,
  `user_id` int(10) unsigned DEFAULT NULL,
  `created_at` timestamp NULL DEFAULT NULL,
  `updated_at` timestamp NULL DEFAULT NULL,
  `name` varchar(255) COLLATE utf8mb4_unicode_ci NOT NULL,
  `code` varchar(255) COLLATE utf8mb4_unicode_ci DEFAULT NULL,
  `credit` int(11) DEFAULT '0',
  `agroup_iva_module` int(10) unsigned DEFAULT NULL,
  `sell_no_taxabled` int(11) DEFAULT '0',
  `buy_no_taxabled` int(11) DEFAULT '0',
  `iva_condition_id` int(11) DEFAULT NULL,
  `is_fce_pyme` tinyint(1) NOT NULL DEFAULT '0',
  `afip_comprobante_id` int(11) DEFAULT NULL,
  `tipo` varchar(255) COLLATE utf8mb4_unicode_ci DEFAULT NULL,
  `letra` varchar(255) COLLATE utf8mb4_unicode_ci DEFAULT NULL,
  `facta_electronica` int(10) unsigned NOT NULL DEFAULT '0',
  `is_stock_lpg` tinyint(1) NOT NULL DEFAULT '0',
  `show_from_total` tinyint(1) NOT NULL DEFAULT '0',
  `deleted_at` timestamp NULL DEFAULT NULL,
  PRIMARY KEY (`id`)
) ENGINE=InnoDB AUTO_INCREMENT=63 DEFAULT CHARSET=utf8mb4 COLLATE=utf8mb4_unicode_ci;

--
-- Dumping data for table `receipt_types`
--

INSERT INTO `receipt_types` VALUES (1,NULL,NULL,'2019-07-29 22:19:32','Factura A','1',0,1,0,0,2,0,1,'Factura','A',1,0,0,NULL),(2,NULL,NULL,'2019-07-29 22:19:32','Nota de débito A','2',0,1,0,0,2,0,2,'Nota de Débito','A',1,0,0,NULL),(3,NULL,NULL,'2019-07-29 22:19:32','Nota de crédito A','3',1,NULL,0,0,2,0,3,'Nota de Crédito','A',1,0,0,NULL),(4,NULL,NULL,'2022-05-19 10:12:10','Factura B','6',0,2,0,1,2,0,6,'Factura','B',1,0,1,NULL),(5,NULL,NULL,'2022-05-19 10:12:10','Nota de débito B','7',0,2,0,1,2,0,7,'Nota de Débito','B',1,0,1,NULL),(6,NULL,NULL,'2022-05-19 10:12:10','Nota de crédito B','8',1,NULL,0,1,2,0,8,'Nota de Crédito','B',1,0,1,NULL),(7,NULL,NULL,'2019-07-29 22:19:32','Factura C','11',0,0,1,1,1,0,11,'Factura','C',1,0,0,NULL),(8,NULL,NULL,'2019-07-29 22:19:32','Nota de débito C','12',0,0,1,1,1,0,12,'Nota de Débito','C',1,0,0,NULL),(9,NULL,NULL,'2019-07-29 22:19:32','Nota de crédito C','13',1,NULL,1,1,1,0,13,'Nota de Crédito','C',1,0,0,NULL),(10,NULL,NULL,NULL,'RECIBO A','4',0,1,0,0,2,0,4,'RECIBO','A',0,0,0,NULL),(11,NULL,NULL,'2022-05-19 10:12:10','RECIBO B','9',0,2,0,1,2,0,9,'RECIBO','B',0,0,1,NULL),(12,NULL,NULL,NULL,'RECIBO C','15',0,0,1,1,1,0,15,'RECIBO','C',0,0,0,NULL),(13,NULL,NULL,'2020-02-27 02:46:40','Factura E','19',0,0,1,0,2,0,19,'Factura','E',0,0,0,NULL),(14,NULL,NULL,'2020-02-27 02:46:40','Nota de débito E','20',0,0,1,0,2,0,20,'Nota de Débito','E',0,0,0,NULL),(15,NULL,NULL,'2020-02-27 02:46:40','Nota de Crédito E','21',1,NULL,1,0,2,0,21,'Nota de Crédito','E',0,0,0,NULL),(16,NULL,NULL,'2022-05-19 10:12:16','Factura M','51',0,1,0,0,2,0,51,'Factura','M',1,0,0,NULL),(17,NULL,NULL,'2020-02-27 02:46:40','Despacho de Importacion','66',0,NULL,0,0,0,0,66,NULL,NULL,0,0,0,NULL),(18,NULL,NULL,'2022-05-19 10:12:16','Nota de Credito M','53',1,NULL,0,0,2,0,53,'Nota de Crédito','M',1,0,0,NULL),(19,NULL,NULL,'2022-05-19 10:12:16','Nota de Debito M','52',1,1,0,0,2,0,52,'Nota de Débito','M',1,0,0,NULL),(20,NULL,NULL,NULL,'Recibo M','54',0,1,0,0,2,0,54,'RECIBO','M',0,0,0,NULL),(21,NULL,NULL,NULL,'Recibo E',NULL,1,0,1,0,2,0,NULL,'RECIBO','E',0,0,0,NULL),(22,NULL,'2019-05-14 21:22:16','2022-05-19 10:12:10','Liquidacion Primaria de Granos','33',0,1,0,0,2,0,33,'Liquidacion Primaria de Granos','A',0,1,0,NULL),(23,NULL,'2019-11-05 19:00:05','2019-11-05 19:00:05','FACTURA DE CRÉDITO ELECTRÓNICA MiPyMEs (FCE) A','201',0,1,0,0,2,1,201,'FACTURA DE CRÉDITO ELECTRÓNICA MiPyMEs (FCE)','A',1,0,0,NULL),(24,NULL,'2019-11-05 19:00:05','2019-11-05 19:00:05','NOTA DE DEBITO ELECTRÓNICA MiPyMEs (FCE) A','202',0,1,0,0,2,1,202,'NOTA DEBITO DE CRÉDITO ELECTRÓNICA MiPyMEs (FCE)','A',1,0,0,NULL),(25,NULL,'2019-11-05 19:00:05','2019-11-05 19:00:05','NOTA DE CREDITO ELECTRÓNICA MiPyMEs (FCE) A','203',1,NULL,0,0,2,1,203,'NOTA CREDITO DE CRÉDITO ELECTRÓNICA MiPyMEs (FCE)','A',1,0,0,NULL),(26,NULL,'2019-11-05 19:00:05','2022-05-19 10:12:10','FACTURA DE CRÉDITO ELECTRÓNICA MiPyMEs (FCE) B','206',0,2,0,1,2,1,206,'FACTURA DE CRÉDITO ELECTRÓNICA MiPyMEs (FCE)','B',1,0,1,NULL),(27,NULL,'2019-11-05 19:00:05','2022-05-19 10:12:10','NOTA DE DEBITO ELECTRÓNICA MiPyMEs (FCE) B','207',0,2,0,1,2,1,207,'NOTA DEBITO DE CRÉDITO ELECTRÓNICA MiPyMEs (FCE)','B',1,0,1,NULL),(28,NULL,'2019-11-05 19:00:05','2022-05-19 10:12:10','NOTA DE CREDITO ELECTRÓNICA MiPyMEs (FCE) B','208',1,NULL,0,1,2,1,208,'NOTA CREDITO DE CRÉDITO ELECTRÓNICA MiPyMEs (FCE)','B',1,0,1,NULL),(29,NULL,'2019-11-05 19:00:05','2019-11-05 19:00:05','FACTURA DE CRÉDITO ELECTRÓNICA MiPyMEs (FCE) C','211',0,0,1,1,1,1,211,'FACTURA DE CRÉDITO ELECTRÓNICA MiPyMEs (FCE)','C',1,0,0,NULL),(30,NULL,'2019-11-05 19:00:05','2019-11-05 19:00:05','NOTA DE DEBITO ELECTRÓNICA MiPyMEs (FCE) C','212',0,0,1,1,1,1,212,'NOTA DEBITO DE CRÉDITO ELECTRÓNICA MiPyMEs (FCE)','C',1,0,0,NULL),(31,NULL,'2019-11-05 19:00:05','2019-11-05 19:00:05','NOTA DE CRÉDITO ELECTRÓNICA MiPyMEs (FCE) C','213',1,NULL,1,1,1,1,213,'NOTA CREDITO DE CRÉDITO ELECTRÓNICA MiPyMEs (FCE)','C',1,0,0,NULL);
INSERT INTO `receipt_types` VALUES (32,NULL,'2020-01-28 01:59:55','2022-05-19 10:12:10','Tique (Informe Diario Z)','83',0,2,0,0,2,0,83,'Cierre Diario Informe Z','Z',0,0,1,NULL),(33,NULL,'2020-02-19 04:48:11','2020-02-19 04:48:11','Comprobantes de Compra de Bienes No Registrables a Consumidores Finales','49',0,1,0,0,2,0,49,'Comprobantes de Compra de Bienes No Registrables','a Consumidores Finales',0,0,0,NULL),(34,NULL,'2022-05-19 10:12:07','2022-08-17 11:25:34','Cuenta de Venta y Líquido Producto A','60',0,1,0,0,2,1,60,'Cuentas de Venta y Liquido Producto A','A',1,0,0,NULL),(35,NULL,'2022-05-19 10:12:07','2022-08-17 11:25:34','Cuenta de Venta y Líquido Producto B','61',0,2,0,1,2,1,61,'Cuentas de Venta y Liquido Producto B','B',1,0,1,NULL),(36,NULL,'2022-05-19 10:12:07','2022-05-19 10:12:10','Liquidaciones A','63',0,1,0,0,2,1,63,'Liquidaciones A','A',1,0,0,NULL),(37,NULL,'2022-05-19 10:12:07','2022-05-19 10:12:10','Liquidaciones B','64',0,2,0,1,2,1,64,'Liquidaciones B','B',1,0,1,NULL),(38,NULL,'2022-05-19 10:12:10','2022-05-19 10:12:12','Tique Factura A','81',0,1,0,0,2,1,81,'Tique Factura','A',0,0,0,NULL),(39,NULL,'2022-05-19 10:12:10','2022-05-19 10:12:12','Tique Factura B','82',0,2,0,1,2,1,82,'Tique Factura','B',0,0,1,NULL),(40,NULL,'2022-05-19 10:12:10','2022-05-19 10:12:14','OTROS COMPROBANTES QUE NO CUMPLEN O ESTÁN EXCEPTUADOS DE LA R.G. 1415 Y SUS MODIF','99',0,1,1,1,1,1,99,'OTROS COMPROBANTES QUE NO CUMPLEN O ESTÁN EXCEPTUADOS DE LA R.G. 1415 Y SUS MODIF ','OTROS',0,0,0,NULL),(41,NULL,'2022-05-19 10:12:10','2022-05-19 10:12:10','Liquidacion de Compra A - Sector Pecuario','183',0,1,0,0,2,0,183,'Liquidacion de Compra','A',0,0,0,NULL),(42,NULL,'2022-05-19 10:12:10','2022-05-19 10:12:10','Liquidacion de Compra B - Sector Pecuario','185',0,2,0,1,2,0,185,'Liquidacion de Compra','B',0,0,1,NULL),(43,NULL,'2022-05-19 10:12:11','2022-05-19 10:12:12','Liquidacion de Venta Directa A - Sector Pecuario','190',0,1,0,0,2,1,190,'Liquidacion de Venta Directa','A',0,0,0,NULL),(44,NULL,'2022-05-19 10:12:11','2022-05-19 10:12:12','Liquidacion de Venta Directa B - Sector Pecuario','191',0,2,0,1,2,1,191,'Liquidacion de Venta Directa','B',0,0,0,NULL),(45,NULL,'2022-05-19 10:12:12','2022-05-19 10:12:12','Liquidacion Secundaria de Granos','331',0,1,0,0,2,1,331,'Liquidacion Secundaria de Granos','LSG',0,0,0,NULL),(46,NULL,'2022-05-19 10:12:12','2022-05-19 10:12:12','Certificado de Deposito','332',0,1,0,0,2,1,332,'Certificado de Deposito','CD',0,0,0,NULL),(47,NULL,'2022-05-19 10:12:12','2022-05-19 10:12:12','Liquidacion de Servicios Publicos Clase A','17',0,1,0,0,2,1,17,'Liquidacion de Servicios Publicos Clase A','LSPCA',0,0,0,NULL),(48,NULL,'2022-05-19 10:12:14','2022-05-19 10:12:14','Liquidacion de Servicios Publicos Clase B','18',0,2,0,1,2,1,18,'Liquidacion de Servicios Publicos Clase B','LSPCA',1,0,0,NULL),(49,NULL,NULL,NULL,'Factura Clase T','195',0,1,0,0,2,0,195,'Factura Clase T','T',0,0,0,NULL),(50,NULL,NULL,NULL,'Nota de Debito Clase T','196',0,1,0,0,2,0,196,'Factura Clase T','T',0,0,0,NULL),(51,NULL,NULL,NULL,'Nota de Credito Clase T','197',1,NULL,0,0,2,0,197,'Factura Clase T','T',0,0,0,NULL),(52,NULL,NULL,'2022-08-17 11:25:34','Cuenta de Venta y Líquido Producto A - Sector Pecuario','180',0,1,0,0,2,0,180,'Cuenta de Venta y Líquido Producto A','A',0,0,0,NULL),(53,NULL,NULL,'2022-08-17 11:25:34','Cuenta de Venta y Líquido Producto B - Sector Pecuario','182',0,2,0,1,2,0,182,'Cuenta de Venta y Líquido Producto B','B',0,0,0,NULL),(54,NULL,NULL,NULL,'Liquidación de Compra A','183',0,1,0,0,2,0,183,'Liquidación de Compra A ','A',0,0,0,NULL),(55,NULL,NULL,NULL,'Liquidación de Compra B','185',0,2,0,1,2,0,185,'Liquidación de Compra B ','B',0,0,0,NULL),(56,NULL,NULL,NULL,'Liquidación de Compra Directa A','186',0,1,0,0,2,0,186,'Liquidación de Compra Directa A','A',0,0,0,NULL),(57,NULL,NULL,NULL,'Liquidación de Compra Directa B','188',0,2,0,1,2,0,188,'Liquidación de Compra Directa B ','B',0,0,0,NULL);
INSERT INTO `receipt_types` VALUES (58,NULL,NULL,NULL,'Liquidación de Compra Directa C','189',0,0,1,1,1,0,189,'Liquidación de Compra Directa C ','C',0,0,0,NULL),(59,NULL,NULL,NULL,'Liquidación de Venta Directa A','190',0,1,0,0,2,0,190,'Liquidación de Venta Directa A','A',0,0,0,NULL),(60,NULL,NULL,NULL,'Liquidación de Venta Directa B','191',0,2,0,1,2,0,191,'Liquidación de Venta Directa B ','B',0,0,0,NULL),(61,NULL,NULL,NULL,'Tique Factura C','109',0,0,0,1,1,0,109,NULL,'C',1,0,0,NULL),(62,NULL,NULL,NULL,'Tique Nota de Débito A','115',0,1,0,0,2,0,115,'Tique Nota de Débito A','A',1,0,0,NULL);

--
-- Table structure for table `receipts`
--

CREATE TABLE `receipts` (
  `id` int(10) unsigned NOT NULL AUTO_INCREMENT,
  `user_id` int(10) unsigned DEFAULT NULL,
  `type_id` int(10) unsigned NOT NULL,
  `type_receipt_id` int(10) unsigned DEFAULT NULL,
  `comprobanteAfip` int(11) DEFAULT NULL,
  `fact_elec_receipt_id` int(10) unsigned DEFAULT NULL,
  `period_id` int(10) unsigned NOT NULL,
  `zone_id` int(10) unsigned DEFAULT NULL,
  `plan_cuenta_id` int(10) unsigned DEFAULT NULL,
  `conta_centro_costo_id` bigint(20) unsigned DEFAULT NULL,
  `activity_id` int(10) unsigned DEFAULT NULL,
  `iva_creditos_tipo_id` int(10) unsigned NOT NULL DEFAULT '1',
  `retention_type_id` int(10) unsigned DEFAULT NULL,
  `dc_orden_id` bigint(20) unsigned DEFAULT NULL,
  `person_id_owner` int(10) unsigned NOT NULL,
  `person_id_relationed` int(10) unsigned DEFAULT NULL,
  `number` int(8) unsigned zerofill DEFAULT NULL,
  `hasta` int(8) unsigned zerofill DEFAULT NULL,
  `reference` int(11) DEFAULT NULL,
  `receipt_date` date DEFAULT NULL,
  `expiration_date` date DEFAULT NULL,
  `code_ticket` int(4) unsigned zerofill DEFAULT NULL,
  `status_id` int(10) unsigned DEFAULT NULL,
  `tax_account_id` int(10) unsigned DEFAULT NULL,
  `amount` decimal(16,2) NOT NULL,
  `file` varchar(255) COLLATE utf8mb4_unicode_ci DEFAULT NULL,
  `created_at` timestamp NULL DEFAULT NULL,
  `updated_at` timestamp NULL DEFAULT NULL,
  `deleted_at` timestamp NULL DEFAULT NULL,
  PRIMARY KEY (`id`),
  KEY `receipts_type_id_foreign` (`type_id`),
  KEY `receipts_type_receipt_id_foreign` (`type_receipt_id`),
  KEY `receipts_tax_account_id_foreign` (`tax_account_id`),
  KEY `receipts_zone_id_foreign` (`zone_id`),
  KEY `receipts_activity_id_foreign` (`activity_id`),
  KEY `receipts_retention_type_id_foreign` (`retention_type_id`),
  KEY `receipts_status_id_foreign` (`status_id`),
  KEY `receipts_person_id_owner_foreign` (`person_id_owner`),
  KEY `receipts_person_id_relationed_foreign` (`person_id_relationed`),
  KEY `receipts_period_id_foreign` (`period_id`),
  KEY `receipts_plan_cuenta_id_foreign` (`plan_cuenta_id`),
  KEY `receipts_fact_elec_receipt_id_foreign` (`fact_elec_receipt_id`),
  KEY `receipts_iva_creditos_tipo_id_foreign` (`iva_creditos_tipo_id`),
  KEY `receipts_conta_centro_costo_id_foreign` (`conta_centro_costo_id`),
  KEY `receipts_dc_orden_id_foreign` (`dc_orden_id`),
  CONSTRAINT `receipts_activity_id_foreign` FOREIGN KEY (`activity_id`) REFERENCES `activities` (`id`),
  CONSTRAINT `receipts_conta_centro_costo_id_foreign` FOREIGN KEY (`conta_centro_costo_id`) REFERENCES `conta_centro_costos` (`id`),
  CONSTRAINT `receipts_dc_orden_id_foreign` FOREIGN KEY (`dc_orden_id`) REFERENCES `dc_ordenes` (`id`),
  CONSTRAINT `receipts_fact_elec_receipt_id_foreign` FOREIGN KEY (`fact_elec_receipt_id`) REFERENCES `fact_elec_receipts` (`id`),
  CONSTRAINT `receipts_iva_creditos_tipo_id_foreign` FOREIGN KEY (`iva_creditos_tipo_id`) REFERENCES `iva_creditos_tipos` (`id`),
  CONSTRAINT `receipts_period_id_foreign` FOREIGN KEY (`period_id`) REFERENCES `periods` (`id`),
  CONSTRAINT `receipts_person_id_owner_foreign` FOREIGN KEY (`person_id_owner`) REFERENCES `persons` (`id`),
  CONSTRAINT `receipts_person_id_relationed_foreign` FOREIGN KEY (`person_id_relationed`) REFERENCES `persons` (`id`),
  CONSTRAINT `receipts_plan_cuenta_id_foreign` FOREIGN KEY (`plan_cuenta_id`) REFERENCES `conta_plan_cuenta` (`id`),
  CONSTRAINT `receipts_retention_type_id_foreign` FOREIGN KEY (`retention_type_id`) REFERENCES `retention_types` (`id`),
  CONSTRAINT `receipts_status_id_foreign` FOREIGN KEY (`status_id`) REFERENCES `status` (`id`),
  CONSTRAINT `receipts_tax_account_id_foreign` FOREIGN KEY (`tax_account_id`) REFERENCES `tax_accounts` (`id`),
  CONSTRAINT `receipts_type_id_foreign` FOREIGN KEY (`type_id`) REFERENCES `types` (`id`),
  CONSTRAINT `receipts_type_receipt_id_foreign` FOREIGN KEY (`type_receipt_id`) REFERENCES `receipt_types` (`id`),
  CONSTRAINT `receipts_zone_id_foreign` FOREIGN KEY (`zone_id`) REFERENCES `zones` (`id`)
) ENGINE=InnoDB AUTO_INCREMENT=1296 DEFAULT CHARSET=utf8mb4 COLLATE=utf8mb4_unicode_ci;

--
-- Dumping data for table `receipts`
--

INSERT INTO `receipts` VALUES (214,7255,2,4,NULL,NULL,33333,23,217,NULL,638,1,NULL,NULL,40741,41010,00041726,00041726,NULL,'2022-05-02','2022-05-02',0004,1,NULL,15671.86,NULL,'2022-06-17 00:20:00','2022-06-22 00:35:08',NULL),(215,7255,2,1,NULL,NULL,33333,23,217,NULL,638,1,NULL,NULL,40741,41011,00001379,NULL,NULL,'2022-05-03','2022-05-03',0001,1,NULL,16185.00,NULL,'2022-06-17 00:20:00','2022-06-17 00:20:00',NULL),(216,7255,2,1,NULL,NULL,33333,23,217,NULL,638,1,NULL,NULL,40741,41012,00001767,NULL,NULL,'2022-05-04','2022-05-04',0020,1,NULL,12998.00,NULL,'2022-06-17 00:20:00','2022-06-17 00:20:00',NULL),(217,7255,2,12,NULL,NULL,33333,23,250,NULL,638,1,NULL,NULL,40741,40719,00001627,NULL,NULL,'2022-05-05','2022-05-05',0003,1,NULL,5100.00,NULL,'2022-06-17 00:20:00','2022-06-17 00:20:00',NULL),(218,7255,2,1,NULL,NULL,33333,23,217,NULL,638,1,NULL,NULL,40741,41013,00058728,NULL,NULL,'2022-05-08','2022-05-08',2019,1,NULL,6379.70,NULL,'2022-06-17 00:20:00','2022-06-17 00:20:00',NULL),(219,7255,2,1,NULL,NULL,33333,23,217,NULL,638,1,NULL,NULL,40741,41014,00002035,NULL,NULL,'2022-05-09','2022-05-09',0011,1,NULL,16380.05,NULL,'2022-06-17 00:20:00','2022-06-17 00:20:00',NULL),(220,7255,2,1,NULL,NULL,33333,23,217,NULL,638,1,NULL,NULL,40741,41015,00631186,NULL,NULL,'2022-05-14','2022-05-14',2467,1,NULL,2405.04,NULL,'2022-06-17 00:20:01','2022-06-17 00:20:01',NULL),(221,7255,2,7,NULL,NULL,33333,23,250,NULL,638,1,NULL,NULL,40741,41016,03175800,NULL,NULL,'2022-05-15','2022-05-15',0009,1,NULL,475.00,NULL,'2022-06-17 00:20:01','2022-06-17 00:20:01',NULL),(222,7255,2,1,NULL,NULL,33333,23,217,NULL,638,1,NULL,NULL,40741,41017,00000838,NULL,NULL,'2022-05-17','2022-05-17',0010,1,NULL,44949.93,NULL,'2022-06-17 00:20:01','2022-06-17 00:20:01',NULL),(223,7255,2,1,NULL,NULL,33333,23,217,NULL,638,1,NULL,NULL,40741,41018,00001410,NULL,NULL,'2022-05-18','2022-05-18',0017,1,NULL,8758.00,NULL,'2022-06-17 00:20:01','2022-06-17 00:20:01',NULL),(224,7255,2,1,NULL,NULL,33333,23,217,NULL,638,1,NULL,NULL,40741,41019,00008450,NULL,NULL,'2022-05-19','2022-05-19',0102,1,NULL,13790.00,NULL,'2022-06-17 00:20:01','2022-06-17 00:20:01',NULL),(225,7255,2,1,NULL,NULL,33333,23,217,NULL,638,1,NULL,NULL,40741,41020,00005568,NULL,NULL,'2022-05-19','2022-05-19',0004,1,NULL,12140.00,NULL,'2022-06-17 00:20:01','2022-06-17 00:20:01',NULL),(226,7255,2,4,NULL,NULL,33333,23,217,NULL,638,1,NULL,NULL,40741,41021,00004999,NULL,NULL,'2022-05-20','2022-05-20',2958,1,NULL,4466.00,NULL,'2022-06-17 00:20:01','2022-06-17 00:20:01',NULL),(227,7255,2,1,NULL,NULL,33333,23,217,NULL,638,1,NULL,NULL,40741,41022,00001774,NULL,NULL,'2022-05-20','2022-05-20',0002,1,NULL,9500.00,NULL,'2022-06-17 00:20:01','2022-06-17 00:20:01',NULL),(228,7255,2,1,NULL,NULL,33333,23,217,NULL,638,1,NULL,NULL,40741,41023,01092615,NULL,NULL,'2022-05-29','2022-05-29',0001,1,NULL,318881.03,NULL,'2022-06-17 00:20:01','2022-06-17 00:20:01',NULL),(229,7255,2,1,NULL,NULL,33333,23,217,NULL,638,1,NULL,NULL,40741,41024,01656085,01656085,NULL,'2022-05-29','2022-05-29',0011,1,NULL,248211.67,NULL,'2022-06-17 00:20:01','2022-06-17 02:33:57',NULL),(230,7255,2,3,NULL,NULL,33333,23,217,NULL,638,1,NULL,NULL,40741,41023,00477917,NULL,NULL,'2022-05-29','2022-05-29',0001,1,NULL,5978.67,NULL,'2022-06-17 00:20:01','2022-06-17 00:20:01',NULL),(231,7255,2,3,NULL,NULL,33333,23,217,NULL,638,1,NULL,NULL,40741,41024,00799118,NULL,NULL,'2022-05-31','2022-05-31',0011,1,NULL,5014.81,NULL,'2022-06-17 00:20:01','2022-06-17 00:20:01',NULL),(232,7255,2,1,NULL,NULL,33333,23,217,NULL,638,1,NULL,NULL,40741,41025,00001547,NULL,NULL,'2022-05-31','2022-05-31',0003,1,NULL,24000.00,NULL,'2022-06-17 00:20:01','2022-06-17 00:20:01',NULL),(233,7255,2,1,NULL,NULL,33333,23,217,NULL,638,1,NULL,NULL,40741,41026,00005280,NULL,NULL,'2022-05-31','2022-05-31',0003,1,NULL,4333.00,NULL,'2022-06-17 00:20:01','2022-06-17 00:20:01',NULL),(234,7255,2,1,NULL,NULL,33333,23,217,NULL,638,1,NULL,NULL,40741,41027,00026144,NULL,NULL,'2022-05-31','2022-05-31',0005,1,NULL,4344.21,NULL,'2022-06-17 00:20:01','2022-06-17 00:20:01',NULL);
INSERT INTO `receipts` VALUES (235,7255,1,1,NULL,NULL,33333,23,NULL,NULL,638,1,NULL,NULL,40741,41028,00000880,NULL,NULL,'2022-05-09','2022-05-09',0003,1,NULL,3449.95,NULL,'2022-06-17 00:39:36','2022-06-17 00:39:36',NULL),(236,7255,1,1,NULL,NULL,33333,23,NULL,NULL,638,1,NULL,NULL,40741,41029,00000881,NULL,NULL,'2022-05-11','2022-05-11',0003,1,NULL,749.99,NULL,'2022-06-17 00:39:36','2022-06-17 00:39:36',NULL),(237,7255,1,1,NULL,NULL,33333,23,NULL,NULL,638,1,NULL,NULL,40741,41030,00000882,NULL,NULL,'2022-05-11','2022-05-11',0003,1,NULL,11000.00,NULL,'2022-06-17 00:39:36','2022-06-17 00:39:36',NULL),(238,7255,1,1,NULL,NULL,33333,23,NULL,NULL,638,1,NULL,NULL,40741,41031,00000883,NULL,NULL,'2022-05-17','2022-05-17',0003,1,NULL,1149.98,NULL,'2022-06-17 00:39:36','2022-06-17 00:39:36',NULL),(239,7255,1,1,NULL,NULL,33333,23,NULL,NULL,638,1,NULL,NULL,40741,41032,00000884,NULL,NULL,'2022-05-17','2022-05-17',0003,1,NULL,1149.98,NULL,'2022-06-17 00:39:36','2022-06-17 00:39:36',NULL),(240,7255,1,4,NULL,NULL,33333,23,NULL,NULL,638,1,NULL,NULL,40741,41033,00015207,NULL,NULL,'2022-05-17','2022-05-17',0003,1,NULL,1149.99,NULL,'2022-06-17 00:39:36','2022-06-17 00:39:36',NULL),(241,7255,1,4,NULL,NULL,33333,23,NULL,NULL,638,1,NULL,NULL,40741,41034,00015208,NULL,NULL,'2022-05-17','2022-05-17',0003,1,NULL,1599.98,NULL,'2022-06-17 00:39:36','2022-06-17 00:39:36',NULL),(242,7255,1,4,NULL,NULL,33333,23,NULL,NULL,638,1,NULL,NULL,40741,41035,00015209,NULL,NULL,'2022-05-17','2022-05-17',0003,1,NULL,1149.99,NULL,'2022-06-17 00:39:36','2022-06-17 00:39:36',NULL),(243,7255,1,4,NULL,NULL,33333,23,NULL,NULL,638,1,NULL,NULL,40741,41036,00015210,NULL,NULL,'2022-05-17','2022-05-17',0003,1,NULL,999.99,NULL,'2022-06-17 00:39:36','2022-06-17 00:39:36',NULL),(244,7255,1,4,NULL,NULL,33333,23,NULL,NULL,638,1,NULL,NULL,40741,41037,00015211,NULL,NULL,'2022-05-17','2022-05-17',0003,1,NULL,1149.99,NULL,'2022-06-17 00:39:36','2022-06-17 00:39:36',NULL),(245,7255,1,4,NULL,NULL,33333,23,NULL,NULL,638,1,NULL,NULL,40741,41038,00015212,NULL,NULL,'2022-05-17','2022-05-17',0003,1,NULL,749.99,NULL,'2022-06-17 00:39:36','2022-06-17 00:39:36',NULL),(246,7255,1,4,NULL,NULL,33333,23,NULL,NULL,638,1,NULL,NULL,40741,41039,00015213,NULL,NULL,'2022-05-17','2022-05-17',0003,1,NULL,2299.98,NULL,'2022-06-17 00:39:36','2022-06-17 00:39:36',NULL),(247,7255,1,4,NULL,NULL,33333,23,NULL,NULL,638,1,NULL,NULL,40741,41040,00015214,NULL,NULL,'2022-05-17','2022-05-17',0003,1,NULL,13998.99,NULL,'2022-06-17 00:39:36','2022-06-17 00:39:36',NULL),(248,7255,1,4,NULL,NULL,33333,23,NULL,NULL,638,1,NULL,NULL,40741,41041,00015215,NULL,NULL,'2022-05-17','2022-05-17',0003,1,NULL,1499.99,NULL,'2022-06-17 00:39:36','2022-06-17 00:39:36',NULL),(249,7255,1,4,NULL,NULL,33333,23,NULL,NULL,638,1,NULL,NULL,40741,41042,00015216,NULL,NULL,'2022-05-17','2022-05-17',0003,1,NULL,1199.98,NULL,'2022-06-17 00:39:36','2022-06-17 00:39:36',NULL),(250,7255,1,4,NULL,NULL,33333,23,NULL,NULL,638,1,NULL,NULL,40741,41043,00015217,NULL,NULL,'2022-05-17','2022-05-17',0003,1,NULL,4099.96,NULL,'2022-06-17 00:39:37','2022-06-17 00:39:37',NULL),(251,7255,1,4,NULL,NULL,33333,23,NULL,NULL,638,1,NULL,NULL,40741,41044,00015218,NULL,NULL,'2022-05-17','2022-05-17',0003,1,NULL,999.99,NULL,'2022-06-17 00:39:37','2022-06-17 00:39:37',NULL),(252,7255,1,4,NULL,NULL,33333,23,NULL,NULL,638,1,NULL,NULL,40741,41045,00015219,NULL,NULL,'2022-05-17','2022-05-17',0003,1,NULL,2199.99,NULL,'2022-06-17 00:39:37','2022-06-17 00:39:37',NULL),(253,7255,1,4,NULL,NULL,33333,23,NULL,NULL,638,1,NULL,NULL,40741,41046,00015220,NULL,NULL,'2022-05-17','2022-05-17',0003,1,NULL,1149.99,NULL,'2022-06-17 00:39:37','2022-06-17 00:39:37',NULL),(254,7255,1,4,NULL,NULL,33333,23,NULL,NULL,638,1,NULL,NULL,40741,41047,00015221,NULL,NULL,'2022-05-17','2022-05-17',0003,1,NULL,1149.99,NULL,'2022-06-17 00:39:37','2022-06-17 00:39:37',NULL),(255,7255,1,4,NULL,NULL,33333,23,NULL,NULL,638,1,NULL,NULL,40741,41048,00015222,NULL,NULL,'2022-05-17','2022-05-17',0003,1,NULL,1899.99,NULL,'2022-06-17 00:39:37','2022-06-17 00:39:37',NULL);
INSERT INTO `receipts` VALUES (256,7255,1,4,NULL,NULL,33333,23,NULL,NULL,638,1,NULL,NULL,40741,41049,00015223,NULL,NULL,'2022-05-17','2022-05-17',0003,1,NULL,999.99,NULL,'2022-06-17 00:39:37','2022-06-17 00:39:37',NULL),(257,7255,1,4,NULL,NULL,33333,23,NULL,NULL,638,1,NULL,NULL,40741,41050,00015224,NULL,NULL,'2022-05-17','2022-05-17',0003,1,NULL,1149.99,NULL,'2022-06-17 00:39:37','2022-06-17 00:39:37',NULL),(258,7255,1,4,NULL,NULL,33333,23,NULL,NULL,638,1,NULL,NULL,40741,41051,00015225,NULL,NULL,'2022-05-17','2022-05-17',0003,1,NULL,1149.99,NULL,'2022-06-17 00:39:37','2022-06-17 00:39:37',NULL),(259,7255,1,4,NULL,NULL,33333,23,NULL,NULL,638,1,NULL,NULL,40741,41052,00015226,NULL,NULL,'2022-05-17','2022-05-17',0003,1,NULL,599.99,NULL,'2022-06-17 00:39:37','2022-06-17 00:39:37',NULL),(260,7255,1,1,NULL,NULL,33333,23,NULL,NULL,638,1,NULL,NULL,40741,41053,00000431,NULL,NULL,'2022-05-19','2022-05-19',0004,1,NULL,8106.99,NULL,'2022-06-17 00:39:37','2022-06-17 00:39:37',NULL),(261,7255,1,1,NULL,NULL,33333,23,NULL,NULL,638,1,NULL,NULL,40741,41054,00000885,NULL,NULL,'2022-05-21','2022-05-21',0003,1,NULL,849.99,NULL,'2022-06-17 00:39:37','2022-06-17 00:39:37',NULL),(262,7255,1,4,NULL,NULL,33333,23,NULL,NULL,638,1,NULL,NULL,40741,41055,00015227,NULL,NULL,'2022-05-23','2022-05-23',0003,1,NULL,999.99,NULL,'2022-06-17 00:39:37','2022-06-17 00:39:37',NULL),(263,7255,1,4,NULL,NULL,33333,23,NULL,NULL,638,1,NULL,NULL,40741,41056,00015228,NULL,NULL,'2022-05-23','2022-05-23',0003,1,NULL,1199.99,NULL,'2022-06-17 00:39:37','2022-06-17 00:39:37',NULL),(264,7255,1,4,NULL,NULL,33333,23,NULL,NULL,638,1,NULL,NULL,40741,41057,00015229,NULL,NULL,'2022-05-23','2022-05-23',0003,1,NULL,6999.00,NULL,'2022-06-17 00:39:37','2022-06-17 00:39:37',NULL),(265,7255,1,4,NULL,NULL,33333,23,NULL,NULL,638,1,NULL,NULL,40741,41058,00015230,NULL,NULL,'2022-05-23','2022-05-23',0003,1,NULL,13998.99,NULL,'2022-06-17 00:39:37','2022-06-17 00:39:37',NULL),(266,7255,1,4,NULL,NULL,33333,23,NULL,NULL,638,1,NULL,NULL,40741,41059,00015231,NULL,NULL,'2022-05-23','2022-05-23',0003,1,NULL,8500.00,NULL,'2022-06-17 00:39:37','2022-06-17 00:39:37',NULL),(267,7255,1,4,NULL,NULL,33333,23,NULL,NULL,638,1,NULL,NULL,40741,41060,00015232,NULL,NULL,'2022-05-23','2022-05-23',0003,1,NULL,13998.99,NULL,'2022-06-17 00:39:37','2022-06-17 00:39:37',NULL),(268,7255,1,4,NULL,NULL,33333,23,NULL,NULL,638,1,NULL,NULL,40741,41061,00015233,NULL,NULL,'2022-05-23','2022-05-23',0003,1,NULL,6999.00,NULL,'2022-06-17 00:39:37','2022-06-17 00:39:37',NULL),(269,7255,1,4,NULL,NULL,33333,23,NULL,NULL,638,1,NULL,NULL,40741,41062,00015234,NULL,NULL,'2022-05-23','2022-05-23',0003,1,NULL,31499.97,NULL,'2022-06-17 00:39:37','2022-06-17 00:39:37',NULL),(270,7255,1,4,NULL,NULL,33333,23,NULL,NULL,638,1,NULL,NULL,40741,41063,00015235,NULL,NULL,'2022-05-23','2022-05-23',0003,1,NULL,13998.99,NULL,'2022-06-17 00:39:37','2022-06-17 00:39:37',NULL),(271,7255,1,4,NULL,NULL,33333,23,NULL,NULL,638,1,NULL,NULL,40741,41064,00015236,NULL,NULL,'2022-05-23','2022-05-23',0003,1,NULL,1899.98,NULL,'2022-06-17 00:39:38','2022-06-17 00:39:38',NULL),(272,7255,1,4,NULL,NULL,33333,23,NULL,NULL,638,1,NULL,NULL,40741,41065,00015237,NULL,NULL,'2022-05-23','2022-05-23',0003,1,NULL,1699.98,NULL,'2022-06-17 00:39:38','2022-06-17 00:39:38',NULL),(273,7255,1,4,NULL,NULL,33333,23,NULL,NULL,638,1,NULL,NULL,40741,41066,00015238,NULL,NULL,'2022-05-23','2022-05-23',0003,1,NULL,1299.98,NULL,'2022-06-17 00:39:38','2022-06-17 00:39:38',NULL),(274,7255,1,4,NULL,NULL,33333,23,NULL,NULL,638,1,NULL,NULL,40741,41067,00015239,NULL,NULL,'2022-05-23','2022-05-23',0003,1,NULL,6999.96,NULL,'2022-06-17 00:39:38','2022-06-17 00:39:38',NULL),(275,7255,1,4,NULL,NULL,33333,23,NULL,NULL,638,1,NULL,NULL,40741,41068,00015240,NULL,NULL,'2022-05-23','2022-05-23',0003,1,NULL,2149.98,NULL,'2022-06-17 00:39:38','2022-06-17 00:39:38',NULL),(276,7255,1,4,NULL,NULL,33333,23,NULL,NULL,638,1,NULL,NULL,40741,41069,00015241,NULL,NULL,'2022-05-23','2022-05-23',0003,1,NULL,4649.96,NULL,'2022-06-17 00:39:38','2022-06-17 00:39:38',NULL);
INSERT INTO `receipts` VALUES (277,7255,1,4,NULL,NULL,33333,23,NULL,NULL,638,1,NULL,NULL,40741,41070,00015242,NULL,NULL,'2022-05-23','2022-05-23',0003,1,NULL,999.99,NULL,'2022-06-17 00:39:38','2022-06-17 00:39:38',NULL),(278,7255,1,4,NULL,NULL,33333,23,NULL,NULL,638,1,NULL,NULL,40741,41070,00015243,NULL,NULL,'2022-05-23','2022-05-23',0003,1,NULL,1499.99,NULL,'2022-06-17 00:39:38','2022-06-17 00:39:38',NULL),(279,7255,1,4,NULL,NULL,33333,23,NULL,NULL,638,1,NULL,NULL,40741,41071,00015244,NULL,NULL,'2022-05-23','2022-05-23',0003,1,NULL,1299.98,NULL,'2022-06-17 00:39:38','2022-06-17 00:39:38',NULL),(280,7255,1,4,NULL,NULL,33333,23,NULL,NULL,638,1,NULL,NULL,40741,41072,00015245,NULL,NULL,'2022-05-23','2022-05-23',0003,1,NULL,2799.98,NULL,'2022-06-17 00:39:38','2022-06-17 00:39:38',NULL),(281,7255,1,4,NULL,NULL,33333,23,NULL,NULL,638,1,NULL,NULL,40741,41073,00015246,NULL,NULL,'2022-05-23','2022-05-23',0003,1,NULL,1699.99,NULL,'2022-06-17 00:39:38','2022-06-17 00:39:38',NULL),(282,7255,1,4,NULL,NULL,33333,23,NULL,NULL,638,1,NULL,NULL,40741,41074,00015247,NULL,NULL,'2022-05-23','2022-05-23',0003,1,NULL,1699.99,NULL,'2022-06-17 00:39:38','2022-06-17 00:39:38',NULL),(283,7255,1,4,NULL,NULL,33333,23,NULL,NULL,638,1,NULL,NULL,40741,41075,00015248,NULL,NULL,'2022-05-23','2022-05-23',0003,1,NULL,999.99,NULL,'2022-06-17 00:39:38','2022-06-17 00:39:38',NULL),(284,7255,1,4,NULL,NULL,33333,23,NULL,NULL,638,1,NULL,NULL,40741,41076,00015249,NULL,NULL,'2022-05-24','2022-05-24',0003,1,NULL,9999.00,NULL,'2022-06-17 00:39:38','2022-06-17 00:39:38',NULL),(285,7255,1,4,NULL,NULL,33333,23,NULL,NULL,638,1,NULL,NULL,40741,41077,00015250,NULL,NULL,'2022-05-24','2022-05-24',0003,1,NULL,5999.98,NULL,'2022-06-17 00:39:38','2022-06-17 00:39:38',NULL),(286,7255,1,4,NULL,NULL,33333,23,NULL,NULL,638,1,NULL,NULL,40741,41078,00015251,NULL,NULL,'2022-05-24','2022-05-24',0003,1,NULL,6999.00,NULL,'2022-06-17 00:39:38','2022-06-17 00:39:38',NULL),(287,7255,1,4,NULL,NULL,33333,23,NULL,NULL,638,1,NULL,NULL,40741,41079,00015252,NULL,NULL,'2022-05-24','2022-05-24',0003,1,NULL,10998.99,NULL,'2022-06-17 00:39:38','2022-06-17 00:39:38',NULL),(288,7255,1,4,NULL,NULL,33333,23,NULL,NULL,638,1,NULL,NULL,40741,41080,00015253,NULL,NULL,'2022-05-24','2022-05-24',0003,1,NULL,3999.99,NULL,'2022-06-17 00:39:38','2022-06-17 00:39:38',NULL),(289,7255,1,4,NULL,NULL,33333,23,NULL,NULL,638,1,NULL,NULL,40741,41081,00015254,NULL,NULL,'2022-05-24','2022-05-24',0003,1,NULL,1999.98,NULL,'2022-06-17 00:39:38','2022-06-17 00:39:38',NULL),(290,7255,1,4,NULL,NULL,33333,23,NULL,NULL,638,1,NULL,NULL,40741,41082,00015255,NULL,NULL,'2022-05-24','2022-05-24',0003,1,NULL,749.99,NULL,'2022-06-17 00:39:38','2022-06-17 00:39:38',NULL),(291,7255,1,4,NULL,NULL,33333,23,NULL,NULL,638,1,NULL,NULL,40741,41082,00015256,NULL,NULL,'2022-05-24','2022-05-24',0003,1,NULL,549.99,NULL,'2022-06-17 00:39:38','2022-06-17 00:39:38',NULL),(292,7255,1,1,NULL,NULL,33333,23,NULL,NULL,638,1,NULL,NULL,40741,41083,00000886,NULL,NULL,'2022-05-26','2022-05-26',0003,1,NULL,999.99,NULL,'2022-06-17 00:39:38','2022-06-17 00:39:38',NULL),(293,7255,1,4,NULL,NULL,33333,23,NULL,NULL,638,1,NULL,NULL,40741,41084,00015257,NULL,NULL,'2022-05-26','2022-05-26',0003,1,NULL,1149.99,NULL,'2022-06-17 00:39:38','2022-06-17 00:39:38',NULL),(294,7255,1,4,NULL,NULL,33333,23,NULL,NULL,638,1,NULL,NULL,40741,41085,00015258,NULL,NULL,'2022-05-26','2022-05-26',0003,1,NULL,999.99,NULL,'2022-06-17 00:39:38','2022-06-17 00:39:38',NULL),(295,7255,1,4,NULL,NULL,33333,23,NULL,NULL,638,1,NULL,NULL,40741,41086,00015259,NULL,NULL,'2022-05-26','2022-05-26',0003,1,NULL,599.99,NULL,'2022-06-17 00:39:39','2022-06-17 00:39:39',NULL),(296,7255,1,4,NULL,NULL,33333,23,NULL,NULL,638,1,NULL,NULL,40741,41087,00015260,NULL,NULL,'2022-05-26','2022-05-26',0003,1,NULL,1399.99,NULL,'2022-06-17 00:39:39','2022-06-17 00:39:39',NULL),(297,7255,1,4,NULL,NULL,33333,23,NULL,NULL,638,1,NULL,NULL,40741,41088,00015261,NULL,NULL,'2022-05-26','2022-05-26',0003,1,NULL,849.99,NULL,'2022-06-17 00:39:39','2022-06-17 00:39:39',NULL);
INSERT INTO `receipts` VALUES (298,7255,1,4,NULL,NULL,33333,23,NULL,NULL,638,1,NULL,NULL,40741,41089,00015262,NULL,NULL,'2022-05-26','2022-05-26',0003,1,NULL,1399.99,NULL,'2022-06-17 00:39:39','2022-06-17 00:39:39',NULL),(299,7255,1,4,NULL,NULL,33333,23,NULL,NULL,638,1,NULL,NULL,40741,41090,00015263,NULL,NULL,'2022-05-26','2022-05-26',0003,1,NULL,1799.99,NULL,'2022-06-17 00:39:39','2022-06-17 00:39:39',NULL),(300,7255,1,4,NULL,NULL,33333,23,NULL,NULL,638,1,NULL,NULL,40741,41091,00015264,NULL,NULL,'2022-05-26','2022-05-26',0003,1,NULL,549.99,NULL,'2022-06-17 00:39:39','2022-06-17 00:39:39',NULL),(301,7255,1,4,NULL,NULL,33333,23,NULL,NULL,638,1,NULL,NULL,40741,41092,00015265,NULL,NULL,'2022-05-26','2022-05-26',0003,1,NULL,749.99,NULL,'2022-06-17 00:39:39','2022-06-17 00:39:39',NULL),(302,7255,1,4,NULL,NULL,33333,23,NULL,NULL,638,1,NULL,NULL,40741,41093,00015266,NULL,NULL,'2022-05-26','2022-05-26',0003,1,NULL,749.99,NULL,'2022-06-17 00:39:39','2022-06-17 00:39:39',NULL),(303,7255,1,4,NULL,NULL,33333,23,NULL,NULL,638,1,NULL,NULL,40741,41094,00015267,NULL,NULL,'2022-05-26','2022-05-26',0003,1,NULL,1499.99,NULL,'2022-06-17 00:39:39','2022-06-17 00:39:39',NULL),(304,7255,1,4,NULL,NULL,33333,23,NULL,NULL,638,1,NULL,NULL,40741,41095,00015268,NULL,NULL,'2022-05-26','2022-05-26',0003,1,NULL,999.99,NULL,'2022-06-17 00:39:39','2022-06-17 00:39:39',NULL),(305,7255,1,4,NULL,NULL,33333,23,NULL,NULL,638,1,NULL,NULL,40741,41096,00015269,NULL,NULL,'2022-05-26','2022-05-26',0003,1,NULL,1899.99,NULL,'2022-06-17 00:39:39','2022-06-17 00:39:39',NULL),(306,7255,1,4,NULL,NULL,33333,23,NULL,NULL,638,1,NULL,NULL,40741,41097,00015270,NULL,NULL,'2022-05-26','2022-05-26',0003,1,NULL,2499.99,NULL,'2022-06-17 00:39:39','2022-06-17 00:39:39',NULL),(307,7255,1,4,NULL,NULL,33333,23,NULL,NULL,638,1,NULL,NULL,40741,41098,00015271,NULL,NULL,'2022-05-26','2022-05-26',0003,1,NULL,1149.99,NULL,'2022-06-17 00:39:39','2022-06-17 00:39:39',NULL),(308,7255,1,4,NULL,NULL,33333,23,NULL,NULL,638,1,NULL,NULL,40741,41099,00015272,NULL,NULL,'2022-05-26','2022-05-26',0003,1,NULL,1149.99,NULL,'2022-06-17 00:39:39','2022-06-17 00:39:39',NULL),(309,7255,1,4,NULL,NULL,33333,23,NULL,NULL,638,1,NULL,NULL,40741,41100,00015273,NULL,NULL,'2022-05-26','2022-05-26',0003,1,NULL,999.99,NULL,'2022-06-17 00:39:39','2022-06-17 00:39:39',NULL),(310,7255,1,4,NULL,NULL,33333,23,NULL,NULL,638,1,NULL,NULL,40741,41101,00015274,NULL,NULL,'2022-05-26','2022-05-26',0003,1,NULL,1799.99,NULL,'2022-06-17 00:39:39','2022-06-17 00:39:39',NULL),(311,7255,1,1,NULL,NULL,33333,23,NULL,NULL,638,1,NULL,NULL,40741,41102,00000887,NULL,NULL,'2022-05-27','2022-05-27',0003,1,NULL,1149.98,NULL,'2022-06-17 00:39:39','2022-06-17 00:39:39',NULL),(312,7255,1,1,NULL,NULL,33333,23,NULL,NULL,638,1,NULL,NULL,40741,41103,00000888,NULL,NULL,'2022-05-27','2022-05-27',0003,1,NULL,749.99,NULL,'2022-06-17 00:39:39','2022-06-17 00:39:39',NULL),(313,7255,1,1,NULL,NULL,33333,23,NULL,NULL,638,1,NULL,NULL,40741,41104,00000889,NULL,NULL,'2022-05-27','2022-05-27',0003,1,NULL,749.99,NULL,'2022-06-17 00:39:39','2022-06-17 00:39:39',NULL),(314,7255,1,1,NULL,NULL,33333,23,NULL,NULL,638,1,NULL,NULL,40741,41105,00000890,NULL,NULL,'2022-05-27','2022-05-27',0003,1,NULL,1899.99,NULL,'2022-06-17 00:39:39','2022-06-17 00:39:39',NULL),(315,7255,1,4,NULL,NULL,33333,23,NULL,NULL,638,1,NULL,NULL,40741,41106,00015275,NULL,NULL,'2022-05-27','2022-05-27',0003,1,NULL,999.99,NULL,'2022-06-17 00:39:39','2022-06-17 00:39:39',NULL),(316,7255,1,4,NULL,NULL,33333,23,NULL,NULL,638,1,NULL,NULL,40741,41094,00015276,NULL,NULL,'2022-05-27','2022-05-27',0003,1,NULL,1499.99,NULL,'2022-06-17 00:39:39','2022-06-17 00:39:39',NULL),(317,7255,1,4,NULL,NULL,33333,23,NULL,NULL,638,1,NULL,NULL,40741,41107,00015277,NULL,NULL,'2022-05-27','2022-05-27',0003,1,NULL,1199.99,NULL,'2022-06-17 00:39:39','2022-06-17 00:39:39',NULL),(318,7255,1,4,NULL,NULL,33333,23,NULL,NULL,638,1,NULL,NULL,40741,41108,00015278,NULL,NULL,'2022-05-27','2022-05-27',0003,1,NULL,1899.99,NULL,'2022-06-17 00:39:39','2022-06-17 00:39:39',NULL);
INSERT INTO `receipts` VALUES (319,7255,1,4,NULL,NULL,33333,23,NULL,NULL,638,1,NULL,NULL,40741,41109,00015279,NULL,NULL,'2022-05-27','2022-05-27',0003,1,NULL,549.99,NULL,'2022-06-17 00:39:39','2022-06-17 00:39:39',NULL),(320,7255,1,4,NULL,NULL,33333,23,NULL,NULL,638,1,NULL,NULL,40741,41110,00015280,NULL,NULL,'2022-05-27','2022-05-27',0003,1,NULL,1149.99,NULL,'2022-06-17 00:39:40','2022-06-17 00:39:40',NULL),(321,7255,1,4,NULL,NULL,33333,23,NULL,NULL,638,1,NULL,NULL,40741,41111,00015281,NULL,NULL,'2022-05-27','2022-05-27',0003,1,NULL,3949.99,NULL,'2022-06-17 00:39:40','2022-06-17 00:39:40',NULL),(322,7255,1,4,NULL,NULL,33333,23,NULL,NULL,638,1,NULL,NULL,40741,41112,00015282,NULL,NULL,'2022-05-27','2022-05-27',0003,1,NULL,1149.99,NULL,'2022-06-17 00:39:40','2022-06-17 00:39:40',NULL),(323,7255,1,4,NULL,NULL,33333,23,NULL,NULL,638,1,NULL,NULL,40741,41113,00015283,NULL,NULL,'2022-05-27','2022-05-27',0003,1,NULL,599.99,NULL,'2022-06-17 00:39:40','2022-06-17 00:39:40',NULL),(324,7255,1,4,NULL,NULL,33333,23,NULL,NULL,638,1,NULL,NULL,40741,41114,00015284,NULL,NULL,'2022-05-27','2022-05-27',0003,1,NULL,549.99,NULL,'2022-06-17 00:39:40','2022-06-17 00:39:40',NULL),(325,7255,1,4,NULL,NULL,33333,23,NULL,NULL,638,1,NULL,NULL,40741,41115,00015285,NULL,NULL,'2022-05-27','2022-05-27',0003,1,NULL,749.99,NULL,'2022-06-17 00:39:40','2022-06-17 00:39:40',NULL),(326,7255,1,1,NULL,NULL,33333,23,NULL,NULL,638,1,NULL,NULL,40741,41116,00000891,NULL,NULL,'2022-05-28','2022-05-28',0003,1,NULL,1149.98,NULL,'2022-06-17 00:39:40','2022-06-17 00:39:40',NULL),(327,7255,1,1,NULL,NULL,33333,23,NULL,NULL,638,1,NULL,NULL,40741,41117,00000892,NULL,NULL,'2022-05-28','2022-05-28',0003,1,NULL,999.99,NULL,'2022-06-17 00:39:40','2022-06-17 00:39:40',NULL),(328,7255,1,4,NULL,NULL,33333,23,NULL,NULL,638,1,NULL,NULL,40741,41118,00015286,NULL,NULL,'2022-05-28','2022-05-28',0003,1,NULL,1149.99,NULL,'2022-06-17 00:39:40','2022-06-17 00:39:40',NULL),(329,7255,1,4,NULL,NULL,33333,23,NULL,NULL,638,1,NULL,NULL,40741,41119,00015287,NULL,NULL,'2022-05-28','2022-05-28',0003,1,NULL,2199.99,NULL,'2022-06-17 00:39:40','2022-06-17 00:39:40',NULL),(330,7255,1,4,NULL,NULL,33333,23,NULL,NULL,638,1,NULL,NULL,40741,41120,00015288,NULL,NULL,'2022-05-28','2022-05-28',0003,1,NULL,1499.99,NULL,'2022-06-17 00:39:40','2022-06-17 00:39:40',NULL),(331,7255,1,4,NULL,NULL,33333,23,NULL,NULL,638,1,NULL,NULL,40741,41121,00015289,NULL,NULL,'2022-05-28','2022-05-28',0003,1,NULL,1149.99,NULL,'2022-06-17 00:39:40','2022-06-17 00:39:40',NULL),(332,7255,1,4,NULL,NULL,33333,23,NULL,NULL,638,1,NULL,NULL,40741,41122,00015290,NULL,NULL,'2022-05-28','2022-05-28',0003,1,NULL,1599.98,NULL,'2022-06-17 00:39:40','2022-06-17 00:39:40',NULL),(333,7255,1,4,NULL,NULL,33333,23,NULL,NULL,638,1,NULL,NULL,40741,41123,00015291,NULL,NULL,'2022-05-28','2022-05-28',0003,1,NULL,1149.99,NULL,'2022-06-17 00:39:40','2022-06-17 00:39:40',NULL),(334,7255,1,4,NULL,NULL,33333,23,NULL,NULL,638,1,NULL,NULL,40741,41124,00015292,NULL,NULL,'2022-05-28','2022-05-28',0003,1,NULL,1799.99,NULL,'2022-06-17 00:39:40','2022-06-17 00:39:40',NULL),(335,7255,1,1,NULL,NULL,33333,23,NULL,NULL,638,1,NULL,NULL,40741,41125,00000893,NULL,NULL,'2022-05-30','2022-05-30',0003,1,NULL,1549.98,NULL,'2022-06-17 00:39:40','2022-06-17 00:39:40',NULL),(336,7255,1,1,NULL,NULL,33333,23,NULL,NULL,638,1,NULL,NULL,40741,41126,00000894,NULL,NULL,'2022-05-30','2022-05-30',0003,1,NULL,10949.91,NULL,'2022-06-17 00:39:40','2022-06-17 00:39:40',NULL),(337,7255,1,1,NULL,NULL,33333,23,NULL,NULL,638,1,NULL,NULL,40741,41127,00000895,NULL,NULL,'2022-05-30','2022-05-30',0003,1,NULL,1549.97,NULL,'2022-06-17 00:39:40','2022-06-17 00:39:40',NULL),(338,7255,1,1,NULL,NULL,33333,23,NULL,NULL,638,1,NULL,NULL,40741,41128,00000896,NULL,NULL,'2022-05-30','2022-05-30',0003,1,NULL,749.99,NULL,'2022-06-17 00:39:40','2022-06-17 00:39:40',NULL),(339,7255,1,4,NULL,NULL,33333,23,NULL,NULL,638,1,NULL,NULL,40741,41129,00015293,NULL,NULL,'2022-05-30','2022-05-30',0003,1,NULL,999.99,NULL,'2022-06-17 00:39:40','2022-06-17 00:39:40',NULL);
INSERT INTO `receipts` VALUES (340,7255,1,4,NULL,NULL,33333,23,NULL,NULL,638,1,NULL,NULL,40741,41130,00015294,NULL,NULL,'2022-05-30','2022-05-30',0003,1,NULL,549.99,NULL,'2022-06-17 00:39:40','2022-06-17 00:39:40',NULL),(341,7255,1,4,NULL,NULL,33333,23,NULL,NULL,638,1,NULL,NULL,40741,41131,00015295,NULL,NULL,'2022-05-30','2022-05-30',0003,1,NULL,1149.99,NULL,'2022-06-17 00:39:40','2022-06-17 00:39:40',NULL),(342,7255,1,4,NULL,NULL,33333,23,NULL,NULL,638,1,NULL,NULL,40741,41132,00015296,NULL,NULL,'2022-05-30','2022-05-30',0003,1,NULL,1399.99,NULL,'2022-06-17 00:39:40','2022-06-17 00:39:40',NULL),(343,7255,1,4,NULL,NULL,33333,23,NULL,NULL,638,1,NULL,NULL,40741,41133,00015297,NULL,NULL,'2022-05-30','2022-05-30',0003,1,NULL,9999.00,NULL,'2022-06-17 00:39:40','2022-06-17 00:39:40',NULL),(344,7255,1,4,NULL,NULL,33333,23,NULL,NULL,638,1,NULL,NULL,40741,41134,00015298,NULL,NULL,'2022-05-30','2022-05-30',0003,1,NULL,5999.00,NULL,'2022-06-17 00:39:40','2022-06-17 00:39:40',NULL),(345,7255,1,4,NULL,NULL,33333,23,NULL,NULL,638,1,NULL,NULL,40741,41135,00015299,NULL,NULL,'2022-05-30','2022-05-30',0003,1,NULL,13998.99,NULL,'2022-06-17 00:39:41','2022-06-17 00:39:41',NULL),(346,7255,1,4,NULL,NULL,33333,23,NULL,NULL,638,1,NULL,NULL,40741,41136,00015300,NULL,NULL,'2022-05-30','2022-05-30',0003,1,NULL,8500.00,NULL,'2022-06-17 00:39:41','2022-06-17 00:39:41',NULL),(347,7255,1,4,NULL,NULL,33333,23,NULL,NULL,638,1,NULL,NULL,40741,41137,00015301,NULL,NULL,'2022-05-30','2022-05-30',0003,1,NULL,13998.99,NULL,'2022-06-17 00:39:41','2022-06-17 00:39:41',NULL),(348,7255,1,4,NULL,NULL,33333,23,NULL,NULL,638,1,NULL,NULL,40741,41138,00015302,NULL,NULL,'2022-05-30','2022-05-30',0003,1,NULL,5499.99,NULL,'2022-06-17 00:39:41','2022-06-17 00:39:41',NULL),(349,7255,1,4,NULL,NULL,33333,23,NULL,NULL,638,1,NULL,NULL,40741,41139,00015303,NULL,NULL,'2022-05-30','2022-05-30',0003,1,NULL,5499.90,NULL,'2022-06-17 00:39:41','2022-06-17 00:39:41',NULL),(350,7255,1,4,NULL,NULL,33333,23,NULL,NULL,638,1,NULL,NULL,40741,41140,00015304,NULL,NULL,'2022-05-30','2022-05-30',0003,1,NULL,1299.98,NULL,'2022-06-17 00:39:41','2022-06-17 00:39:41',NULL),(351,7255,1,4,NULL,NULL,33333,23,NULL,NULL,638,1,NULL,NULL,40741,41141,00015305,NULL,NULL,'2022-05-30','2022-05-30',0003,1,NULL,2349.98,NULL,'2022-06-17 00:39:41','2022-06-17 00:39:41',NULL),(352,7255,1,4,NULL,NULL,33333,23,NULL,NULL,638,1,NULL,NULL,40741,41142,00015306,NULL,NULL,'2022-05-30','2022-05-30',0003,1,NULL,2149.98,NULL,'2022-06-17 00:39:41','2022-06-17 00:39:41',NULL),(353,7255,1,4,NULL,NULL,33333,23,NULL,NULL,638,1,NULL,NULL,40741,41143,00015307,NULL,NULL,'2022-05-30','2022-05-30',0003,1,NULL,1649.97,NULL,'2022-06-17 00:39:41','2022-06-17 00:39:41',NULL),(354,7255,1,4,NULL,NULL,33333,23,NULL,NULL,638,1,NULL,NULL,40741,41144,00015308,NULL,NULL,'2022-05-30','2022-05-30',0003,1,NULL,3799.96,NULL,'2022-06-17 00:39:41','2022-06-17 00:39:41',NULL),(355,7255,1,4,NULL,NULL,33333,23,NULL,NULL,638,1,NULL,NULL,40741,41144,00015309,NULL,NULL,'2022-05-30','2022-05-30',0003,1,NULL,1199.99,NULL,'2022-06-17 00:39:41','2022-06-17 00:39:41',NULL),(356,7255,1,4,NULL,NULL,33333,23,NULL,NULL,638,1,NULL,NULL,40741,41145,00015310,NULL,NULL,'2022-05-30','2022-05-30',0003,1,NULL,1999.98,NULL,'2022-06-17 00:39:41','2022-06-17 00:39:41',NULL),(357,7255,1,4,NULL,NULL,33333,23,NULL,NULL,638,1,NULL,NULL,40741,41146,00015311,NULL,NULL,'2022-05-30','2022-05-30',0003,1,NULL,4349.96,NULL,'2022-06-17 00:39:41','2022-06-17 00:39:41',NULL),(358,7255,1,4,NULL,NULL,33333,23,NULL,NULL,638,1,NULL,NULL,40741,41147,00015312,NULL,NULL,'2022-05-30','2022-05-30',0003,1,NULL,1199.99,NULL,'2022-06-17 00:39:41','2022-06-17 00:39:41',NULL),(359,7255,1,4,NULL,NULL,33333,23,NULL,NULL,638,1,NULL,NULL,40741,41148,00015313,NULL,NULL,'2022-05-30','2022-05-30',0003,1,NULL,799.99,NULL,'2022-06-17 00:39:41','2022-06-17 00:39:41',NULL),(360,7255,1,4,NULL,NULL,33333,23,NULL,NULL,638,1,NULL,NULL,40741,41149,00015314,NULL,NULL,'2022-05-30','2022-05-30',0003,1,NULL,999.99,NULL,'2022-06-17 00:39:41','2022-06-17 00:39:41',NULL);
INSERT INTO `receipts` VALUES (361,7255,1,4,NULL,NULL,33333,23,NULL,NULL,638,1,NULL,NULL,40741,41150,00015315,NULL,NULL,'2022-05-30','2022-05-30',0003,1,NULL,2999.99,NULL,'2022-06-17 00:39:41','2022-06-17 00:39:41',NULL),(362,7255,1,4,NULL,NULL,33333,23,NULL,NULL,638,1,NULL,NULL,40741,41151,00015316,NULL,NULL,'2022-05-30','2022-05-30',0003,1,NULL,999.99,NULL,'2022-06-17 00:39:41','2022-06-17 00:39:41',NULL),(363,7255,1,4,NULL,NULL,33333,23,NULL,NULL,638,1,NULL,NULL,40741,41152,00015317,NULL,NULL,'2022-05-30','2022-05-30',0003,1,NULL,1499.98,NULL,'2022-06-17 00:39:41','2022-06-17 00:39:41',NULL),(364,7255,1,4,NULL,NULL,33333,23,NULL,NULL,638,1,NULL,NULL,40741,41153,00015318,NULL,NULL,'2022-05-30','2022-05-30',0003,1,NULL,849.99,NULL,'2022-06-17 00:39:41','2022-06-17 00:39:41',NULL),(365,7255,1,4,NULL,NULL,33333,23,NULL,NULL,638,1,NULL,NULL,40741,41154,00015319,NULL,NULL,'2022-05-30','2022-05-30',0003,1,NULL,1499.99,NULL,'2022-06-17 00:39:41','2022-06-17 00:39:41',NULL),(366,7255,1,4,NULL,NULL,33333,23,NULL,NULL,638,1,NULL,NULL,40741,41155,00015320,NULL,NULL,'2022-05-30','2022-05-30',0003,1,NULL,1799.99,NULL,'2022-06-17 00:39:41','2022-06-17 00:39:41',NULL),(367,7255,1,4,NULL,NULL,33333,23,NULL,NULL,638,1,NULL,NULL,40741,41156,00015321,NULL,NULL,'2022-05-30','2022-05-30',0003,1,NULL,999.99,NULL,'2022-06-17 00:39:41','2022-06-17 00:39:41',NULL),(368,7255,1,4,NULL,NULL,33333,23,NULL,NULL,638,1,NULL,NULL,40741,41157,00015322,NULL,NULL,'2022-05-30','2022-05-30',0003,1,NULL,1199.99,NULL,'2022-06-17 00:39:41','2022-06-17 00:39:41',NULL),(369,7255,1,4,NULL,NULL,33333,23,NULL,NULL,638,1,NULL,NULL,40741,41158,00015323,NULL,NULL,'2022-05-30','2022-05-30',0003,1,NULL,1899.99,NULL,'2022-06-17 00:39:41','2022-06-17 00:39:41',NULL),(370,7255,1,4,NULL,NULL,33333,23,NULL,NULL,638,1,NULL,NULL,40741,41159,00015324,NULL,NULL,'2022-05-30','2022-05-30',0003,1,NULL,1149.99,NULL,'2022-06-17 00:39:41','2022-06-17 00:39:41',NULL),(371,7255,1,4,NULL,NULL,33333,23,NULL,NULL,638,1,NULL,NULL,40741,41160,00015325,NULL,NULL,'2022-05-30','2022-05-30',0003,1,NULL,849.99,NULL,'2022-06-17 00:39:42','2022-06-17 00:39:42',NULL),(372,7255,1,4,NULL,NULL,33333,23,NULL,NULL,638,1,NULL,NULL,40741,41161,00015326,NULL,NULL,'2022-05-30','2022-05-30',0003,1,NULL,1499.99,NULL,'2022-06-17 00:39:42','2022-06-17 00:39:42',NULL),(373,7255,1,4,NULL,NULL,33333,23,NULL,NULL,638,1,NULL,NULL,40741,41162,00015327,NULL,NULL,'2022-05-30','2022-05-30',0003,1,NULL,1149.99,NULL,'2022-06-17 00:39:42','2022-06-17 00:39:42',NULL),(374,7255,1,4,NULL,NULL,33333,23,NULL,NULL,638,1,NULL,NULL,40741,41163,00015328,NULL,NULL,'2022-05-30','2022-05-30',0003,1,NULL,749.99,NULL,'2022-06-17 00:39:42','2022-06-17 00:39:42',NULL),(375,7255,1,4,NULL,NULL,33333,23,NULL,NULL,638,1,NULL,NULL,40741,41164,00015374,NULL,NULL,'2022-05-31','2022-05-31',0003,1,NULL,2499.99,NULL,'2022-06-17 00:39:42','2022-06-17 00:39:42',NULL),(376,7255,1,4,NULL,NULL,33333,23,NULL,NULL,638,1,NULL,NULL,40741,41165,00015375,NULL,NULL,'2022-05-31','2022-05-31',0003,1,NULL,1899.99,NULL,'2022-06-17 00:39:42','2022-06-17 00:39:42',NULL),(377,7255,1,4,NULL,NULL,33333,23,NULL,NULL,638,1,NULL,NULL,40741,41166,00015376,NULL,NULL,'2022-05-31','2022-05-31',0003,1,NULL,749.99,NULL,'2022-06-17 00:39:42','2022-06-17 00:39:42',NULL),(378,7255,1,4,NULL,NULL,33333,23,NULL,NULL,638,1,NULL,NULL,40741,41167,00015377,NULL,NULL,'2022-05-31','2022-05-31',0003,1,NULL,2199.99,NULL,'2022-06-17 00:39:42','2022-06-17 00:39:42',NULL),(379,7255,1,4,NULL,NULL,33333,23,NULL,NULL,638,1,NULL,NULL,40741,41168,00015378,NULL,NULL,'2022-05-31','2022-05-31',0003,1,NULL,1149.99,NULL,'2022-06-17 00:39:42','2022-06-17 00:39:42',NULL),(380,7255,1,4,NULL,NULL,33333,23,NULL,NULL,638,1,NULL,NULL,40741,41169,00015379,NULL,NULL,'2022-05-31','2022-05-31',0003,1,NULL,1149.99,NULL,'2022-06-17 00:39:42','2022-06-17 00:39:42',NULL),(381,7255,1,4,NULL,NULL,33333,23,NULL,NULL,638,1,NULL,NULL,40741,41170,00015380,NULL,NULL,'2022-05-31','2022-05-31',0003,1,NULL,999.99,NULL,'2022-06-17 00:39:42','2022-06-17 00:39:42',NULL);
INSERT INTO `receipts` VALUES (382,7255,1,4,NULL,NULL,33333,23,NULL,NULL,638,1,NULL,NULL,40741,41171,00015381,NULL,NULL,'2022-05-31','2022-05-31',0003,1,NULL,749.99,NULL,'2022-06-17 00:39:42','2022-06-17 00:39:42',NULL),(383,7255,1,4,NULL,NULL,33333,23,NULL,NULL,638,1,NULL,NULL,40741,41172,00015382,NULL,NULL,'2022-05-31','2022-05-31',0003,1,NULL,4999.00,NULL,'2022-06-17 00:39:42','2022-06-17 00:39:42',NULL),(384,7255,1,4,NULL,NULL,33333,23,NULL,NULL,638,1,NULL,NULL,40741,41173,00015383,NULL,NULL,'2022-05-31','2022-05-31',0003,1,NULL,2999.99,NULL,'2022-06-17 00:39:42','2022-06-17 00:39:42',NULL),(385,7255,1,4,NULL,NULL,33333,23,NULL,NULL,638,1,NULL,NULL,40741,41174,00015384,NULL,NULL,'2022-05-31','2022-05-31',0003,1,NULL,2499.99,NULL,'2022-06-17 00:39:42','2022-06-17 00:39:42',NULL),(386,7255,1,4,NULL,NULL,33333,23,NULL,NULL,638,1,NULL,NULL,40741,41175,00015385,NULL,NULL,'2022-05-31','2022-05-31',0003,1,NULL,1499.98,NULL,'2022-06-17 00:39:42','2022-06-17 00:39:42',NULL),(387,7255,1,4,NULL,NULL,33333,23,NULL,NULL,638,1,NULL,NULL,40741,41176,00015386,NULL,NULL,'2022-05-31','2022-05-31',0003,1,NULL,1499.99,NULL,'2022-06-17 00:39:42','2022-06-17 00:39:42',NULL),(388,7255,1,4,NULL,NULL,33333,23,NULL,NULL,638,1,NULL,NULL,40741,41177,00015387,NULL,NULL,'2022-05-31','2022-05-31',0003,1,NULL,1999.99,NULL,'2022-06-17 00:39:42','2022-06-17 00:39:42',NULL),(389,7255,1,4,NULL,NULL,33333,23,NULL,NULL,638,1,NULL,NULL,40741,41178,00015388,NULL,NULL,'2022-05-31','2022-05-31',0003,1,NULL,1799.99,NULL,'2022-06-17 00:39:42','2022-06-17 00:39:42',NULL),(390,7255,1,4,NULL,NULL,33333,23,NULL,NULL,638,1,NULL,NULL,40741,41179,00015389,NULL,NULL,'2022-05-31','2022-05-31',0003,1,NULL,13498.99,NULL,'2022-06-17 00:39:42','2022-06-17 00:39:42',NULL),(391,7255,1,4,NULL,NULL,33333,23,NULL,NULL,638,1,NULL,NULL,40741,41180,00015390,NULL,NULL,'2022-05-31','2022-05-31',0003,1,NULL,9999.00,NULL,'2022-06-17 00:39:42','2022-06-17 00:39:42',NULL),(392,7255,1,4,NULL,NULL,33333,23,NULL,NULL,638,1,NULL,NULL,40741,41181,00015391,NULL,NULL,'2022-05-31','2022-05-31',0003,1,NULL,2499.99,NULL,'2022-06-17 00:39:42','2022-06-17 00:39:42',NULL),(393,7255,1,4,NULL,NULL,33333,23,NULL,NULL,638,1,NULL,NULL,40741,41182,00015392,NULL,NULL,'2022-05-31','2022-05-31',0003,1,NULL,3999.99,NULL,'2022-06-17 00:39:42','2022-06-17 00:39:42',NULL),(394,7255,1,4,NULL,NULL,33333,23,NULL,NULL,638,1,NULL,NULL,40741,41183,00015393,NULL,NULL,'2022-05-31','2022-05-31',0003,1,NULL,2999.99,NULL,'2022-06-17 00:39:42','2022-06-17 00:39:42',NULL),(395,7255,1,4,NULL,NULL,33333,23,NULL,NULL,638,1,NULL,NULL,40741,41184,00015394,NULL,NULL,'2022-05-31','2022-05-31',0003,1,NULL,3999.99,NULL,'2022-06-17 00:39:42','2022-06-17 00:39:42',NULL),(396,7255,1,4,NULL,NULL,33333,23,NULL,NULL,638,1,NULL,NULL,40741,41185,00015395,NULL,NULL,'2022-05-31','2022-05-31',0003,1,NULL,2999.99,NULL,'2022-06-17 00:39:43','2022-06-17 00:39:43',NULL),(397,7255,1,4,NULL,NULL,33333,23,NULL,NULL,638,1,NULL,NULL,40741,41186,00015396,NULL,NULL,'2022-05-31','2022-05-31',0003,1,NULL,3998.99,NULL,'2022-06-17 00:39:43','2022-06-17 00:39:43',NULL),(398,7255,1,4,NULL,NULL,33333,23,NULL,NULL,638,1,NULL,NULL,40741,41187,00015397,NULL,NULL,'2022-05-31','2022-05-31',0003,1,NULL,2899.99,NULL,'2022-06-17 00:39:43','2022-06-17 00:39:43',NULL),(399,7255,1,4,NULL,NULL,33333,23,NULL,NULL,638,1,NULL,NULL,40741,41188,00015398,NULL,NULL,'2022-05-31','2022-05-31',0003,1,NULL,749.99,NULL,'2022-06-17 00:39:43','2022-06-17 00:39:43',NULL),(400,7255,1,4,NULL,NULL,33333,23,NULL,NULL,638,1,NULL,NULL,40741,41189,00015399,NULL,NULL,'2022-05-31','2022-05-31',0003,1,NULL,849.99,NULL,'2022-06-17 00:39:43','2022-06-17 00:39:43',NULL),(401,7255,1,4,NULL,NULL,33333,23,NULL,NULL,638,1,NULL,NULL,40741,41190,00015400,NULL,NULL,'2022-05-31','2022-05-31',0003,1,NULL,1149.99,NULL,'2022-06-17 00:39:43','2022-06-17 00:39:43',NULL),(402,7255,1,4,NULL,NULL,33333,23,NULL,NULL,638,1,NULL,NULL,40741,41191,00015401,NULL,NULL,'2022-05-31','2022-05-31',0003,1,NULL,1149.99,NULL,'2022-06-17 00:39:43','2022-06-17 00:39:43',NULL);
INSERT INTO `receipts` VALUES (403,7255,1,4,NULL,NULL,33333,23,NULL,NULL,638,1,NULL,NULL,40741,41192,00015402,NULL,NULL,'2022-05-31','2022-05-31',0003,1,NULL,1399.99,NULL,'2022-06-17 00:39:43','2022-06-17 00:39:43',NULL),(404,7255,1,4,NULL,NULL,33333,23,NULL,NULL,638,1,NULL,NULL,40741,41193,00015403,NULL,NULL,'2022-05-31','2022-05-31',0003,1,NULL,1499.99,NULL,'2022-06-17 00:39:43','2022-06-17 00:39:43',NULL),(405,7255,1,4,NULL,NULL,33333,23,NULL,NULL,638,1,NULL,NULL,40741,41194,00015404,NULL,NULL,'2022-05-31','2022-05-31',0003,1,NULL,1199.98,NULL,'2022-06-17 00:39:43','2022-06-17 00:39:43',NULL),(406,7255,1,4,NULL,NULL,33333,23,NULL,NULL,638,1,NULL,NULL,40741,41195,00015405,NULL,NULL,'2022-05-31','2022-05-31',0003,1,NULL,1299.99,NULL,'2022-06-17 00:39:43','2022-06-17 00:39:43',NULL),(407,7255,1,4,NULL,NULL,33333,23,NULL,NULL,638,1,NULL,NULL,40741,41196,00015406,NULL,NULL,'2022-05-31','2022-05-31',0003,1,NULL,1149.99,NULL,'2022-06-17 00:39:43','2022-06-17 00:39:43',NULL),(408,7255,1,4,NULL,NULL,33333,23,NULL,NULL,638,1,NULL,NULL,40741,41197,00015407,NULL,NULL,'2022-05-31','2022-05-31',0003,1,NULL,849.99,NULL,'2022-06-17 00:39:43','2022-06-17 00:39:43',NULL),(409,7255,1,4,NULL,NULL,33333,23,NULL,NULL,638,1,NULL,NULL,40741,41198,00015408,NULL,NULL,'2022-05-31','2022-05-31',0003,1,NULL,1399.99,NULL,'2022-06-17 00:39:43','2022-06-17 00:39:43',NULL),(410,7255,1,4,NULL,NULL,33333,23,NULL,NULL,638,1,NULL,NULL,40741,41199,00015409,NULL,NULL,'2022-05-31','2022-05-31',0003,1,NULL,1199.99,NULL,'2022-06-17 00:39:43','2022-06-17 00:39:43',NULL),(411,7255,1,4,NULL,NULL,33333,23,NULL,NULL,638,1,NULL,NULL,40741,41200,00015410,NULL,NULL,'2022-05-31','2022-05-31',0003,1,NULL,849.99,NULL,'2022-06-17 00:39:43','2022-06-17 00:39:43',NULL),(412,7255,1,4,NULL,NULL,33333,23,NULL,NULL,638,1,NULL,NULL,40741,41201,00015411,NULL,NULL,'2022-05-31','2022-05-31',0003,1,NULL,999.99,NULL,'2022-06-17 00:39:43','2022-06-17 00:39:43',NULL),(413,7255,1,4,NULL,NULL,33333,23,NULL,NULL,638,1,NULL,NULL,40741,41202,00015412,NULL,NULL,'2022-05-31','2022-05-31',0003,1,NULL,1149.99,NULL,'2022-06-17 00:39:43','2022-06-17 00:39:43',NULL),(414,7255,1,4,NULL,NULL,33333,23,NULL,NULL,638,1,NULL,NULL,40741,41203,00015413,NULL,NULL,'2022-05-31','2022-05-31',0003,1,NULL,1799.99,NULL,'2022-06-17 00:39:43','2022-06-17 00:39:43',NULL),(415,7255,1,4,NULL,NULL,33333,23,NULL,NULL,638,1,NULL,NULL,40741,41204,00015414,NULL,NULL,'2022-05-31','2022-05-31',0003,1,NULL,25999.00,NULL,'2022-06-17 00:39:43','2022-06-17 00:39:43',NULL),(416,7255,1,4,NULL,NULL,33333,23,NULL,NULL,638,1,NULL,NULL,40741,41205,00015415,NULL,NULL,'2022-05-31','2022-05-31',0003,1,NULL,4999.99,NULL,'2022-06-17 00:39:43','2022-06-17 00:39:43',NULL),(417,7255,1,4,NULL,NULL,33333,23,NULL,NULL,638,1,NULL,NULL,40741,41206,00015416,NULL,NULL,'2022-05-31','2022-05-31',0003,1,NULL,3599.98,NULL,'2022-06-17 00:39:43','2022-06-17 00:39:43',NULL),(418,7255,1,4,NULL,NULL,33333,23,NULL,NULL,638,1,NULL,NULL,40741,41207,00015417,NULL,NULL,'2022-05-31','2022-05-31',0003,1,NULL,3199.97,NULL,'2022-06-17 00:39:43','2022-06-17 00:39:43',NULL),(419,7255,1,4,NULL,NULL,33333,23,NULL,NULL,638,1,NULL,NULL,40741,41208,00015418,NULL,NULL,'2022-05-31','2022-05-31',0003,1,NULL,2999.97,NULL,'2022-06-17 00:39:43','2022-06-17 00:39:43',NULL),(420,7255,1,4,NULL,NULL,33333,23,NULL,NULL,638,1,NULL,NULL,40741,41209,00015419,NULL,NULL,'2022-05-31','2022-05-31',0003,1,NULL,999.99,NULL,'2022-06-17 00:39:43','2022-06-17 00:39:43',NULL),(421,7255,1,4,NULL,NULL,33333,23,NULL,NULL,638,1,NULL,NULL,40741,41210,00015420,NULL,NULL,'2022-05-31','2022-05-31',0003,1,NULL,999.99,NULL,'2022-06-17 00:39:43','2022-06-17 00:39:43',NULL),(422,7255,1,4,NULL,NULL,33333,23,NULL,NULL,638,1,NULL,NULL,40741,41211,00015421,NULL,NULL,'2022-05-31','2022-05-31',0003,1,NULL,749.99,NULL,'2022-06-17 00:39:43','2022-06-17 00:39:43',NULL),(423,7255,1,4,NULL,NULL,33333,23,NULL,NULL,638,1,NULL,NULL,40741,41212,00015422,NULL,NULL,'2022-05-31','2022-05-31',0003,1,NULL,1199.99,NULL,'2022-06-17 00:39:43','2022-06-17 00:39:43',NULL);
INSERT INTO `receipts` VALUES (424,7255,1,4,NULL,NULL,33333,23,NULL,NULL,638,1,NULL,NULL,40741,41213,00015423,NULL,NULL,'2022-05-31','2022-05-31',0003,1,NULL,749.99,NULL,'2022-06-17 00:39:43','2022-06-17 00:39:43',NULL),(425,7255,1,4,NULL,NULL,33333,23,NULL,NULL,638,1,NULL,NULL,40741,41214,00015424,NULL,NULL,'2022-05-31','2022-05-31',0003,1,NULL,849.99,NULL,'2022-06-17 00:39:43','2022-06-17 00:39:43',NULL),(426,7255,1,4,NULL,NULL,33333,23,NULL,NULL,638,1,NULL,NULL,40741,41215,00015425,NULL,NULL,'2022-05-31','2022-05-31',0003,1,NULL,849.99,NULL,'2022-06-17 00:39:44','2022-06-17 00:39:44',NULL),(427,7255,1,4,NULL,NULL,33333,23,NULL,NULL,638,1,NULL,NULL,40741,41216,00015426,NULL,NULL,'2022-05-31','2022-05-31',0003,1,NULL,1149.99,NULL,'2022-06-17 00:39:44','2022-06-17 00:39:44',NULL),(428,7255,1,4,NULL,NULL,33333,23,NULL,NULL,638,1,NULL,NULL,40741,41217,00015427,NULL,NULL,'2022-05-31','2022-05-31',0003,1,NULL,1149.99,NULL,'2022-06-17 00:39:44','2022-06-17 00:39:44',NULL),(429,7255,1,4,NULL,NULL,33333,23,NULL,NULL,638,1,NULL,NULL,40741,41218,00015428,NULL,NULL,'2022-05-31','2022-05-31',0003,1,NULL,999.99,NULL,'2022-06-17 00:39:44','2022-06-17 00:39:44',NULL),(430,7255,1,4,NULL,NULL,33333,23,NULL,NULL,638,1,NULL,NULL,40741,41219,00015429,NULL,NULL,'2022-05-31','2022-05-31',0003,1,NULL,1999.99,NULL,'2022-06-17 00:39:44','2022-06-17 00:39:44',NULL),(431,7255,1,4,NULL,NULL,33333,23,NULL,NULL,638,1,NULL,NULL,40741,41220,00015430,NULL,NULL,'2022-05-31','2022-05-31',0003,1,NULL,699.99,NULL,'2022-06-17 00:39:44','2022-06-17 00:39:44',NULL),(432,7255,1,4,NULL,NULL,33333,23,NULL,NULL,638,1,NULL,NULL,40741,41221,00015431,NULL,NULL,'2022-05-31','2022-05-31',0003,1,NULL,1399.99,NULL,'2022-06-17 00:39:44','2022-06-17 00:39:44',NULL),(433,7255,1,4,NULL,NULL,33333,23,NULL,NULL,638,1,NULL,NULL,40741,41222,00015432,NULL,NULL,'2022-05-31','2022-05-31',0003,1,NULL,999.99,NULL,'2022-06-17 00:39:44','2022-06-17 00:39:44',NULL),(434,7255,1,4,NULL,NULL,33333,23,NULL,NULL,638,1,NULL,NULL,40741,41223,00015433,NULL,NULL,'2022-05-31','2022-05-31',0003,1,NULL,1499.98,NULL,'2022-06-17 00:39:44','2022-06-17 00:39:44',NULL),(435,7255,1,4,NULL,NULL,33333,23,NULL,NULL,638,1,NULL,NULL,40741,41224,00015434,NULL,NULL,'2022-05-31','2022-05-31',0003,1,NULL,1199.99,NULL,'2022-06-17 00:39:44','2022-06-17 00:39:44',NULL),(436,7255,1,4,NULL,NULL,33333,23,NULL,NULL,638,1,NULL,NULL,40741,41225,00015435,NULL,NULL,'2022-05-31','2022-05-31',0003,1,NULL,1149.99,NULL,'2022-06-17 00:39:44','2022-06-17 00:39:44',NULL),(437,7255,1,4,NULL,NULL,33333,23,NULL,NULL,638,1,NULL,NULL,40741,41226,00015436,NULL,NULL,'2022-05-31','2022-05-31',0003,1,NULL,1499.98,NULL,'2022-06-17 00:39:44','2022-06-17 00:39:44',NULL),(438,7255,1,4,NULL,NULL,33333,23,NULL,NULL,638,1,NULL,NULL,40741,41227,00015437,NULL,NULL,'2022-05-31','2022-05-31',0003,1,NULL,1149.99,NULL,'2022-06-17 00:39:44','2022-06-17 00:39:44',NULL),(439,7255,1,4,NULL,NULL,33333,23,NULL,NULL,638,1,NULL,NULL,40741,41228,00015438,NULL,NULL,'2022-05-31','2022-05-31',0003,1,NULL,599.99,NULL,'2022-06-17 00:39:44','2022-06-17 00:39:44',NULL),(440,7255,1,4,NULL,NULL,33333,23,NULL,NULL,638,1,NULL,NULL,40741,41229,00015439,NULL,NULL,'2022-05-31','2022-05-31',0003,1,NULL,599.99,NULL,'2022-06-17 00:39:44','2022-06-17 00:39:44',NULL),(441,7255,1,4,NULL,NULL,33333,23,NULL,NULL,638,1,NULL,NULL,40741,41230,00015440,NULL,NULL,'2022-05-31','2022-05-31',0003,1,NULL,1399.99,NULL,'2022-06-17 00:39:44','2022-06-17 00:39:44',NULL),(442,7255,1,4,NULL,NULL,33333,23,NULL,NULL,638,1,NULL,NULL,40741,41231,00015441,NULL,NULL,'2022-05-31','2022-05-31',0003,1,NULL,849.99,NULL,'2022-06-17 00:39:44','2022-06-17 00:39:44',NULL),(443,7255,1,4,NULL,NULL,33333,23,NULL,NULL,638,1,NULL,NULL,40741,41232,00015442,NULL,NULL,'2022-05-31','2022-05-31',0003,1,NULL,1399.99,NULL,'2022-06-17 00:39:44','2022-06-17 00:39:44',NULL),(444,7255,1,4,NULL,NULL,33333,23,NULL,NULL,638,1,NULL,NULL,40741,41233,00015443,NULL,NULL,'2022-05-31','2022-05-31',0003,1,NULL,749.99,NULL,'2022-06-17 00:39:44','2022-06-17 00:39:44',NULL);
INSERT INTO `receipts` VALUES (445,7255,1,4,NULL,NULL,33333,23,NULL,NULL,638,1,NULL,NULL,40741,41234,00015444,NULL,NULL,'2022-05-31','2022-05-31',0003,1,NULL,1149.99,NULL,'2022-06-17 00:39:44','2022-06-17 00:39:44',NULL),(446,7255,1,4,NULL,NULL,33333,23,NULL,NULL,638,1,NULL,NULL,40741,41235,00015445,NULL,NULL,'2022-05-31','2022-05-31',0003,1,NULL,1299.99,NULL,'2022-06-17 00:39:44','2022-06-17 00:39:44',NULL),(447,7255,1,4,NULL,NULL,33333,23,NULL,NULL,638,1,NULL,NULL,40741,41236,00015446,NULL,NULL,'2022-05-31','2022-05-31',0003,1,NULL,1149.99,NULL,'2022-06-17 00:39:44','2022-06-17 00:39:44',NULL),(448,7255,1,4,NULL,NULL,33333,23,NULL,NULL,638,1,NULL,NULL,40741,41237,00015447,NULL,NULL,'2022-05-31','2022-05-31',0003,1,NULL,1499.99,NULL,'2022-06-17 00:39:44','2022-06-17 00:39:44',NULL),(449,7255,1,4,NULL,NULL,33333,23,NULL,NULL,638,1,NULL,NULL,40741,41238,00015448,NULL,NULL,'2022-05-31','2022-05-31',0003,1,NULL,1149.99,NULL,'2022-06-17 00:39:44','2022-06-17 00:39:44',NULL),(450,7255,1,4,NULL,NULL,33333,23,NULL,NULL,638,1,NULL,NULL,40741,41239,00015449,NULL,NULL,'2022-05-31','2022-05-31',0003,1,NULL,1399.99,NULL,'2022-06-17 00:39:44','2022-06-17 00:39:44',NULL),(451,7255,1,4,NULL,NULL,33333,23,NULL,NULL,638,1,NULL,NULL,40741,41240,00015450,NULL,NULL,'2022-05-31','2022-05-31',0003,1,NULL,1149.99,NULL,'2022-06-17 00:39:44','2022-06-17 00:39:44',NULL),(452,7255,1,4,NULL,NULL,33333,23,NULL,NULL,638,1,NULL,NULL,40741,41241,00015451,NULL,NULL,'2022-05-31','2022-05-31',0003,1,NULL,1499.98,NULL,'2022-06-17 00:39:44','2022-06-17 00:39:44',NULL),(453,7255,1,4,NULL,NULL,33333,23,NULL,NULL,638,1,NULL,NULL,40741,41242,00015452,NULL,NULL,'2022-05-31','2022-05-31',0003,1,NULL,1799.99,NULL,'2022-06-17 00:39:44','2022-06-17 00:39:44',NULL),(454,7255,1,4,NULL,NULL,33333,23,NULL,NULL,638,1,NULL,NULL,40741,41243,00015453,NULL,NULL,'2022-05-31','2022-05-31',0003,1,NULL,1149.99,NULL,'2022-06-17 00:39:44','2022-06-17 00:39:44',NULL),(455,7255,1,4,NULL,NULL,33333,23,NULL,NULL,638,1,NULL,NULL,40741,41244,00015454,NULL,NULL,'2022-05-31','2022-05-31',0003,1,NULL,19999.00,NULL,'2022-06-17 00:39:44','2022-06-17 00:39:44',NULL),(456,7255,1,1,NULL,NULL,33333,23,NULL,NULL,638,1,NULL,NULL,40741,41245,00000897,NULL,NULL,'2022-05-31','2022-05-31',0003,1,NULL,13998.99,NULL,'2022-06-17 00:39:44','2022-06-17 00:39:44',NULL),(457,7255,1,1,NULL,NULL,33333,23,NULL,NULL,638,1,NULL,NULL,40741,41246,00000898,NULL,NULL,'2022-05-31','2022-05-31',0003,1,NULL,999.99,NULL,'2022-06-17 00:39:44','2022-06-17 00:39:44',NULL),(458,7255,1,1,NULL,NULL,33333,23,NULL,NULL,638,1,NULL,NULL,40741,41247,00000899,NULL,NULL,'2022-05-31','2022-05-31',0003,1,NULL,999.99,NULL,'2022-06-17 00:39:45','2022-06-17 00:39:45',NULL),(459,7255,1,1,NULL,NULL,33333,23,NULL,NULL,638,1,NULL,NULL,40741,41248,00000900,NULL,NULL,'2022-05-31','2022-05-31',0003,1,NULL,1149.98,NULL,'2022-06-17 00:39:45','2022-06-17 00:39:45',NULL),(460,7255,1,1,NULL,NULL,33333,23,NULL,NULL,638,1,NULL,NULL,40741,41249,00000901,NULL,NULL,'2022-05-31','2022-05-31',0003,1,NULL,2799.99,NULL,'2022-06-17 00:39:45','2022-06-17 00:39:45',NULL),(461,7255,1,1,NULL,NULL,33333,23,NULL,NULL,638,1,NULL,NULL,40741,41250,00000902,NULL,NULL,'2022-05-31','2022-05-31',0003,1,NULL,1999.98,NULL,'2022-06-17 00:39:45','2022-06-17 00:39:45',NULL),(462,7255,1,1,NULL,NULL,33333,23,NULL,NULL,638,1,NULL,NULL,40741,41251,00000903,NULL,NULL,'2022-05-31','2022-05-31',0003,1,NULL,1149.98,NULL,'2022-06-17 00:39:45','2022-06-17 00:39:45',NULL),(463,7255,1,4,NULL,NULL,33333,23,NULL,NULL,638,1,NULL,NULL,40741,41252,00015329,NULL,NULL,'2022-05-31','2022-05-31',0003,1,NULL,13998.99,NULL,'2022-06-17 00:39:45','2022-06-17 00:39:45',NULL),(464,7255,1,4,NULL,NULL,33333,23,NULL,NULL,638,1,NULL,NULL,40741,41253,00015330,NULL,NULL,'2022-05-31','2022-05-31',0003,1,NULL,13998.99,NULL,'2022-06-17 00:39:45','2022-06-17 00:39:45',NULL),(465,7255,1,4,NULL,NULL,33333,23,NULL,NULL,638,1,NULL,NULL,40741,41254,00015331,NULL,NULL,'2022-05-31','2022-05-31',0003,1,NULL,13998.99,NULL,'2022-06-17 00:39:45','2022-06-17 00:39:45',NULL);
INSERT INTO `receipts` VALUES (466,7255,1,4,NULL,NULL,33333,23,NULL,NULL,638,1,NULL,NULL,40741,41255,00015332,NULL,NULL,'2022-05-31','2022-05-31',0003,1,NULL,13998.99,NULL,'2022-06-17 00:39:45','2022-06-17 00:39:45',NULL),(467,7255,1,4,NULL,NULL,33333,23,NULL,NULL,638,1,NULL,NULL,40741,41256,00015333,NULL,NULL,'2022-05-31','2022-05-31',0003,1,NULL,13998.99,NULL,'2022-06-17 00:39:45','2022-06-17 00:39:45',NULL),(468,7255,1,4,NULL,NULL,33333,23,NULL,NULL,638,1,NULL,NULL,40741,41257,00015334,NULL,NULL,'2022-05-31','2022-05-31',0003,1,NULL,13998.99,NULL,'2022-06-17 00:39:45','2022-06-17 00:39:45',NULL),(469,7255,1,4,NULL,NULL,33333,23,NULL,NULL,638,1,NULL,NULL,40741,41258,00015335,NULL,NULL,'2022-05-31','2022-05-31',0003,1,NULL,25999.00,NULL,'2022-06-17 00:39:45','2022-06-17 00:39:45',NULL),(470,7255,1,4,NULL,NULL,33333,23,NULL,NULL,638,1,NULL,NULL,40741,41259,00015336,NULL,NULL,'2022-05-31','2022-05-31',0003,1,NULL,5499.99,NULL,'2022-06-17 00:39:45','2022-06-17 00:39:45',NULL),(471,7255,1,4,NULL,NULL,33333,23,NULL,NULL,638,1,NULL,NULL,40741,41260,00015337,NULL,NULL,'2022-05-31','2022-05-31',0003,1,NULL,6999.00,NULL,'2022-06-17 00:39:45','2022-06-17 00:39:45',NULL),(472,7255,1,4,NULL,NULL,33333,23,NULL,NULL,638,1,NULL,NULL,40741,41261,00015338,NULL,NULL,'2022-05-31','2022-05-31',0003,1,NULL,2299.98,NULL,'2022-06-17 00:39:45','2022-06-17 00:39:45',NULL),(473,7255,1,4,NULL,NULL,33333,23,NULL,NULL,638,1,NULL,NULL,40741,41262,00015339,NULL,NULL,'2022-05-31','2022-05-31',0003,1,NULL,1399.99,NULL,'2022-06-17 00:39:45','2022-06-17 00:39:45',NULL),(474,7255,1,4,NULL,NULL,33333,23,NULL,NULL,638,1,NULL,NULL,40741,41263,00015340,NULL,NULL,'2022-05-31','2022-05-31',0003,1,NULL,1149.99,NULL,'2022-06-17 00:39:45','2022-06-17 00:39:45',NULL),(475,7255,1,4,NULL,NULL,33333,23,NULL,NULL,638,1,NULL,NULL,40741,41264,00015341,NULL,NULL,'2022-05-31','2022-05-31',0003,1,NULL,1099.98,NULL,'2022-06-17 00:39:45','2022-06-17 00:39:45',NULL),(476,7255,1,4,NULL,NULL,33333,23,NULL,NULL,638,1,NULL,NULL,40741,41265,00015342,NULL,NULL,'2022-05-31','2022-05-31',0003,1,NULL,749.99,NULL,'2022-06-17 00:39:45','2022-06-17 00:39:45',NULL),(477,7255,1,4,NULL,NULL,33333,23,NULL,NULL,638,1,NULL,NULL,40741,41266,00015343,NULL,NULL,'2022-05-31','2022-05-31',0003,1,NULL,2499.99,NULL,'2022-06-17 00:39:45','2022-06-17 00:39:45',NULL),(478,7255,1,4,NULL,NULL,33333,23,NULL,NULL,638,1,NULL,NULL,40741,41267,00015344,NULL,NULL,'2022-05-31','2022-05-31',0003,1,NULL,2999.99,NULL,'2022-06-17 00:39:45','2022-06-17 00:39:45',NULL),(479,7255,1,4,NULL,NULL,33333,23,NULL,NULL,638,1,NULL,NULL,40741,41268,00015345,NULL,NULL,'2022-05-31','2022-05-31',0003,1,NULL,999.99,NULL,'2022-06-17 00:39:45','2022-06-17 00:39:45',NULL),(480,7255,1,4,NULL,NULL,33333,23,NULL,NULL,638,1,NULL,NULL,40741,41269,00015346,NULL,NULL,'2022-05-31','2022-05-31',0003,1,NULL,1499.98,NULL,'2022-06-17 00:39:45','2022-06-17 00:39:45',NULL),(481,7255,1,4,NULL,NULL,33333,23,NULL,NULL,638,1,NULL,NULL,40741,41270,00015347,NULL,NULL,'2022-05-31','2022-05-31',0003,1,NULL,1149.99,NULL,'2022-06-17 00:39:45','2022-06-17 00:39:45',NULL),(482,7255,1,4,NULL,NULL,33333,23,NULL,NULL,638,1,NULL,NULL,40741,41271,00015348,NULL,NULL,'2022-05-31','2022-05-31',0003,1,NULL,999.99,NULL,'2022-06-17 00:39:45','2022-06-17 00:39:45',NULL),(483,7255,1,4,NULL,NULL,33333,23,NULL,NULL,638,1,NULL,NULL,40741,41272,00015349,NULL,NULL,'2022-05-31','2022-05-31',0003,1,NULL,749.99,NULL,'2022-06-17 00:39:45','2022-06-17 00:39:45',NULL),(484,7255,1,4,NULL,NULL,33333,23,NULL,NULL,638,1,NULL,NULL,40741,41258,00015350,NULL,NULL,'2022-05-31','2022-05-31',0003,1,NULL,4999.99,NULL,'2022-06-17 00:39:45','2022-06-17 00:39:45',NULL),(485,7255,1,4,NULL,NULL,33333,23,NULL,NULL,638,1,NULL,NULL,40741,41273,00015351,NULL,NULL,'2022-05-31','2022-05-31',0003,1,NULL,13998.99,NULL,'2022-06-17 00:39:45','2022-06-17 00:39:45',NULL),(486,7255,1,4,NULL,NULL,33333,23,NULL,NULL,638,1,NULL,NULL,40741,41274,00015352,NULL,NULL,'2022-05-31','2022-05-31',0003,1,NULL,3998.99,NULL,'2022-06-17 00:39:46','2022-06-17 00:39:46',NULL);
INSERT INTO `receipts` VALUES (487,7255,1,4,NULL,NULL,33333,23,NULL,NULL,638,1,NULL,NULL,40741,41275,00015353,NULL,NULL,'2022-05-31','2022-05-31',0003,1,NULL,849.99,NULL,'2022-06-17 00:39:46','2022-06-17 00:39:46',NULL),(488,7255,1,4,NULL,NULL,33333,23,NULL,NULL,638,1,NULL,NULL,40741,41276,00015354,NULL,NULL,'2022-05-31','2022-05-31',0003,1,NULL,999.99,NULL,'2022-06-17 00:39:46','2022-06-17 00:39:46',NULL),(489,7255,1,4,NULL,NULL,33333,23,NULL,NULL,638,1,NULL,NULL,40741,41277,00015355,NULL,NULL,'2022-05-31','2022-05-31',0003,1,NULL,849.99,NULL,'2022-06-17 00:39:46','2022-06-17 00:39:46',NULL),(490,7255,1,4,NULL,NULL,33333,23,NULL,NULL,638,1,NULL,NULL,40741,41278,00015356,NULL,NULL,'2022-05-31','2022-05-31',0003,1,NULL,1799.99,NULL,'2022-06-17 00:39:46','2022-06-17 00:39:46',NULL),(491,7255,1,4,NULL,NULL,33333,23,NULL,NULL,638,1,NULL,NULL,40741,41279,00015357,NULL,NULL,'2022-05-31','2022-05-31',0003,1,NULL,2499.99,NULL,'2022-06-17 00:39:46','2022-06-17 00:39:46',NULL),(492,7255,1,4,NULL,NULL,33333,23,NULL,NULL,638,1,NULL,NULL,40741,41280,00015358,NULL,NULL,'2022-05-31','2022-05-31',0003,1,NULL,749.99,NULL,'2022-06-17 00:39:46','2022-06-17 00:39:46',NULL),(493,7255,1,4,NULL,NULL,33333,23,NULL,NULL,638,1,NULL,NULL,40741,41281,00015359,NULL,NULL,'2022-05-31','2022-05-31',0003,1,NULL,1149.99,NULL,'2022-06-17 00:39:46','2022-06-17 00:39:46',NULL),(494,7255,1,4,NULL,NULL,33333,23,NULL,NULL,638,1,NULL,NULL,40741,41282,00015360,NULL,NULL,'2022-05-31','2022-05-31',0003,1,NULL,1499.98,NULL,'2022-06-17 00:39:46','2022-06-17 00:39:46',NULL),(495,7255,1,4,NULL,NULL,33333,23,NULL,NULL,638,1,NULL,NULL,40741,41283,00015361,NULL,NULL,'2022-05-31','2022-05-31',0003,1,NULL,749.99,NULL,'2022-06-17 00:39:46','2022-06-17 00:39:46',NULL),(496,7255,1,4,NULL,NULL,33333,23,NULL,NULL,638,1,NULL,NULL,40741,41284,00015362,NULL,NULL,'2022-05-31','2022-05-31',0003,1,NULL,1499.99,NULL,'2022-06-17 00:39:46','2022-06-17 00:39:46',NULL),(497,7255,1,4,NULL,NULL,33333,23,NULL,NULL,638,1,NULL,NULL,40741,41285,00015363,NULL,NULL,'2022-05-31','2022-05-31',0003,1,NULL,749.99,NULL,'2022-06-17 00:39:46','2022-06-17 00:39:46',NULL),(498,7255,1,4,NULL,NULL,33333,23,NULL,NULL,638,1,NULL,NULL,40741,41286,00015364,NULL,NULL,'2022-05-31','2022-05-31',0003,1,NULL,1149.99,NULL,'2022-06-17 00:39:46','2022-06-17 00:39:46',NULL),(499,7255,1,4,NULL,NULL,33333,23,NULL,NULL,638,1,NULL,NULL,40741,41287,00015365,NULL,NULL,'2022-05-31','2022-05-31',0003,1,NULL,749.99,NULL,'2022-06-17 00:39:46','2022-06-17 00:39:46',NULL),(500,7255,1,4,NULL,NULL,33333,23,NULL,NULL,638,1,NULL,NULL,40741,41288,00015366,NULL,NULL,'2022-05-31','2022-05-31',0003,1,NULL,1999.98,NULL,'2022-06-17 00:39:46','2022-06-17 00:39:46',NULL),(501,7255,1,4,NULL,NULL,33333,23,NULL,NULL,638,1,NULL,NULL,40741,41289,00015367,NULL,NULL,'2022-05-31','2022-05-31',0003,1,NULL,999.99,NULL,'2022-06-17 00:39:46','2022-06-17 00:39:46',NULL),(502,7255,1,4,NULL,NULL,33333,23,NULL,NULL,638,1,NULL,NULL,40741,41290,00015368,NULL,NULL,'2022-05-31','2022-05-31',0003,1,NULL,2299.98,NULL,'2022-06-17 00:39:46','2022-06-17 00:39:46',NULL),(503,7255,1,4,NULL,NULL,33333,23,NULL,NULL,638,1,NULL,NULL,40741,41291,00015369,NULL,NULL,'2022-05-31','2022-05-31',0003,1,NULL,1149.99,NULL,'2022-06-17 00:39:46','2022-06-17 00:39:46',NULL),(504,7255,1,4,NULL,NULL,33333,23,NULL,NULL,638,1,NULL,NULL,40741,41292,00015370,NULL,NULL,'2022-05-31','2022-05-31',0003,1,NULL,1499.98,NULL,'2022-06-17 00:39:46','2022-06-17 00:39:46',NULL),(505,7255,1,4,NULL,NULL,33333,23,NULL,NULL,638,1,NULL,NULL,40741,41293,00015371,NULL,NULL,'2022-05-31','2022-05-31',0003,1,NULL,749.99,NULL,'2022-06-17 00:39:46','2022-06-17 00:39:46',NULL),(506,7255,1,4,NULL,NULL,33333,23,NULL,NULL,638,1,NULL,NULL,40741,41294,00015372,NULL,NULL,'2022-05-31','2022-05-31',0003,1,NULL,749.99,NULL,'2022-06-17 00:39:46','2022-06-17 00:39:46',NULL),(507,7255,1,4,NULL,NULL,33333,23,NULL,NULL,638,1,NULL,NULL,40741,41295,00015373,NULL,NULL,'2022-05-31','2022-05-31',0003,1,NULL,549.99,NULL,'2022-06-17 00:39:46','2022-06-17 00:39:46',NULL);
INSERT INTO `receipts` VALUES (518,7255,3,1,NULL,NULL,33333,NULL,NULL,NULL,NULL,1,3,NULL,40741,41024,00000000,00000000,0,'2022-05-29',NULL,0005,1,NULL,4584.64,NULL,'2022-06-17 02:32:32','2022-06-17 02:45:30',NULL),(519,7255,3,1,NULL,NULL,33333,NULL,NULL,NULL,NULL,1,3,NULL,40741,41024,00000000,00000000,0,'2022-05-29',NULL,0008,1,NULL,-793.03,NULL,'2022-06-17 02:32:32','2022-06-17 02:51:29',NULL),(520,7255,3,1,NULL,NULL,33333,NULL,NULL,NULL,NULL,1,3,NULL,40741,41013,00000000,00000000,0,'2022-05-08',NULL,0008,1,NULL,122.05,NULL,'2022-06-17 02:32:33','2022-06-17 02:50:35',NULL),(521,7255,3,1,NULL,NULL,33333,NULL,NULL,NULL,NULL,1,3,NULL,40741,41024,00000002,00000002,2,'2022-05-06',NULL,0005,1,NULL,27218.51,NULL,'2022-06-17 02:32:33','2022-06-17 02:44:32',NULL),(522,7255,1,1,NULL,NULL,34885,23,NULL,NULL,330,1,NULL,NULL,41296,41298,00002508,NULL,NULL,'2022-05-02','2022-05-02',0002,1,NULL,356428.80,NULL,'2022-06-17 18:32:14','2022-06-22 01:53:47','2022-06-22 01:53:47'),(523,7255,1,4,NULL,NULL,34885,23,NULL,NULL,330,1,NULL,NULL,41296,41299,00000925,NULL,NULL,'2022-05-02','2022-05-02',0002,1,NULL,8112.00,NULL,'2022-06-17 18:32:14','2022-06-22 01:53:47','2022-06-22 01:53:47'),(524,7255,1,4,NULL,NULL,34885,23,NULL,NULL,330,1,NULL,NULL,41296,41300,00000926,NULL,NULL,'2022-05-02','2022-05-02',0002,1,NULL,886.00,NULL,'2022-06-17 18:32:14','2022-06-22 01:53:47','2022-06-22 01:53:47'),(525,7255,1,3,NULL,NULL,34885,23,NULL,NULL,330,1,NULL,NULL,41296,41301,00000668,NULL,NULL,'2022-05-03','2022-05-03',0002,1,NULL,5351.47,NULL,'2022-06-17 18:32:14','2022-06-22 01:53:47','2022-06-22 01:53:47'),(526,7255,1,4,NULL,NULL,34885,23,NULL,NULL,330,1,NULL,NULL,41296,41302,00000927,NULL,NULL,'2022-05-03','2022-05-03',0002,1,NULL,886.00,NULL,'2022-06-17 18:32:14','2022-06-22 01:53:47','2022-06-22 01:53:47'),(527,7255,1,1,NULL,NULL,34885,23,NULL,NULL,330,1,NULL,NULL,41296,41303,00002509,NULL,NULL,'2022-05-04','2022-05-04',0002,1,NULL,75542.22,NULL,'2022-06-17 18:32:14','2022-06-22 01:53:47','2022-06-22 01:53:47'),(528,7255,1,1,NULL,NULL,34885,23,NULL,NULL,330,1,NULL,NULL,41296,41304,00002510,NULL,NULL,'2022-05-04','2022-05-04',0002,1,NULL,80011.78,NULL,'2022-06-17 18:32:14','2022-06-22 01:53:47','2022-06-22 01:53:47'),(529,7255,1,3,NULL,NULL,34885,23,NULL,NULL,330,1,NULL,NULL,41296,41305,00000669,00000669,NULL,'2022-05-04','2022-05-04',0002,1,NULL,5006.05,NULL,'2022-06-17 18:32:14','2022-06-22 01:53:47','2022-06-22 01:53:47'),(530,7255,1,1,NULL,NULL,34885,23,NULL,NULL,330,1,NULL,NULL,41296,41306,00002511,NULL,NULL,'2022-05-05','2022-05-05',0002,1,NULL,67534.50,NULL,'2022-06-17 18:32:14','2022-06-22 01:53:47','2022-06-22 01:53:47'),(531,7255,1,1,NULL,NULL,34885,23,NULL,NULL,330,1,NULL,NULL,41296,41307,00002512,NULL,NULL,'2022-05-05','2022-05-05',0002,1,NULL,78742.30,NULL,'2022-06-17 18:32:14','2022-06-22 01:53:47','2022-06-22 01:53:47'),(532,7255,1,1,NULL,NULL,34885,23,NULL,NULL,330,1,NULL,NULL,41296,41308,00002513,NULL,NULL,'2022-05-05','2022-05-05',0002,1,NULL,64944.82,NULL,'2022-06-17 18:32:14','2022-06-22 01:53:47','2022-06-22 01:53:47'),(533,7255,1,1,NULL,NULL,34885,23,NULL,NULL,330,1,NULL,NULL,41296,41309,00002514,NULL,NULL,'2022-05-05','2022-05-05',0002,1,NULL,106903.50,NULL,'2022-06-17 18:32:14','2022-06-22 01:53:47','2022-06-22 01:53:47'),(534,7255,1,1,NULL,NULL,34885,23,NULL,NULL,330,1,NULL,NULL,41296,41301,00002515,NULL,NULL,'2022-05-05','2022-05-05',0002,1,NULL,43837.56,NULL,'2022-06-17 18:32:14','2022-06-22 01:53:47','2022-06-22 01:53:47'),(535,7255,1,1,NULL,NULL,34885,23,NULL,NULL,330,1,NULL,NULL,41296,41310,00002516,NULL,NULL,'2022-05-05','2022-05-05',0002,1,NULL,63191.85,NULL,'2022-06-17 18:32:14','2022-06-22 01:53:47','2022-06-22 01:53:47'),(536,7255,1,3,NULL,NULL,34885,23,NULL,NULL,330,1,NULL,NULL,41296,41311,00000670,NULL,NULL,'2022-05-05','2022-05-05',0002,1,NULL,22490.68,NULL,'2022-06-17 18:32:14','2022-06-22 01:53:48','2022-06-22 01:53:48');
INSERT INTO `receipts` VALUES (537,7255,1,3,NULL,NULL,34885,23,NULL,NULL,330,1,NULL,NULL,41296,41312,00000671,NULL,NULL,'2022-05-05','2022-05-05',0002,1,NULL,65187.54,NULL,'2022-06-17 18:32:15','2022-06-22 01:53:48','2022-06-22 01:53:48'),(538,7255,1,1,NULL,NULL,34885,23,NULL,NULL,330,1,NULL,NULL,41296,41303,00002517,NULL,NULL,'2022-05-06','2022-05-06',0002,1,NULL,62078.01,NULL,'2022-06-17 18:32:15','2022-06-22 01:53:48','2022-06-22 01:53:48'),(539,7255,1,1,NULL,NULL,34885,23,NULL,NULL,330,1,NULL,NULL,41296,41313,00002518,NULL,NULL,'2022-05-09','2022-05-09',0002,1,NULL,33256.08,NULL,'2022-06-17 18:32:15','2022-06-22 01:53:48','2022-06-22 01:53:48'),(540,7255,1,3,NULL,NULL,34885,23,NULL,NULL,330,1,NULL,NULL,41296,41314,00000672,NULL,NULL,'2022-05-09','2022-05-09',0002,1,NULL,8301.42,NULL,'2022-06-17 18:32:15','2022-06-22 01:53:48','2022-06-22 01:53:48'),(541,7255,1,4,NULL,NULL,34885,23,NULL,NULL,330,1,NULL,NULL,41296,41315,00000928,NULL,NULL,'2022-05-09','2022-05-09',0002,1,NULL,11288.00,NULL,'2022-06-17 18:32:15','2022-06-22 01:53:48','2022-06-22 01:53:48'),(542,7255,1,4,NULL,NULL,34885,23,NULL,NULL,330,1,NULL,NULL,41296,41315,00000929,NULL,NULL,'2022-05-09','2022-05-09',0002,1,NULL,11288.00,NULL,'2022-06-17 18:32:15','2022-06-22 01:53:48','2022-06-22 01:53:48'),(543,7255,1,4,NULL,NULL,34885,23,NULL,NULL,330,1,NULL,NULL,41296,41315,00000930,NULL,NULL,'2022-05-09','2022-05-09',0002,1,NULL,11288.00,NULL,'2022-06-17 18:32:15','2022-06-22 01:53:48','2022-06-22 01:53:48'),(544,7255,1,4,NULL,NULL,34885,23,NULL,NULL,330,1,NULL,NULL,41296,41315,00000931,NULL,NULL,'2022-05-09','2022-05-09',0002,1,NULL,11288.00,NULL,'2022-06-17 18:32:15','2022-06-22 01:53:48','2022-06-22 01:53:48'),(545,7255,1,4,NULL,NULL,34885,23,NULL,NULL,330,1,NULL,NULL,41296,41315,00000932,NULL,NULL,'2022-05-09','2022-05-09',0002,1,NULL,11288.00,NULL,'2022-06-17 18:32:15','2022-06-22 01:53:48','2022-06-22 01:53:48'),(546,7255,1,4,NULL,NULL,34885,23,NULL,NULL,330,1,NULL,NULL,41296,41316,00000933,NULL,NULL,'2022-05-09','2022-05-09',0002,1,NULL,835.00,NULL,'2022-06-17 18:32:15','2022-06-22 01:53:48','2022-06-22 01:53:48'),(547,7255,1,4,NULL,NULL,34885,23,NULL,NULL,330,1,NULL,NULL,41296,41317,00000934,NULL,NULL,'2022-05-09','2022-05-09',0002,1,NULL,5340.00,NULL,'2022-06-17 18:32:15','2022-06-22 01:53:48','2022-06-22 01:53:48'),(548,7255,1,4,NULL,NULL,34885,23,NULL,NULL,330,1,NULL,NULL,41296,41318,00000935,NULL,NULL,'2022-05-09','2022-05-09',0002,1,NULL,16552.00,NULL,'2022-06-17 18:32:15','2022-06-22 01:53:48','2022-06-22 01:53:48'),(549,7255,1,1,NULL,NULL,34885,23,NULL,NULL,330,1,NULL,NULL,41296,41319,00002519,NULL,NULL,'2022-05-10','2022-05-10',0002,1,NULL,27076.92,NULL,'2022-06-17 18:32:15','2022-06-22 01:53:48','2022-06-22 01:53:48'),(550,7255,1,1,NULL,NULL,34885,23,NULL,NULL,330,1,NULL,NULL,41296,41305,00002520,NULL,NULL,'2022-05-10','2022-05-10',0002,1,NULL,285143.04,NULL,'2022-06-17 18:32:15','2022-06-22 01:53:48','2022-06-22 01:53:48'),(551,7255,1,1,NULL,NULL,34885,23,NULL,NULL,330,1,NULL,NULL,41296,41320,00002521,NULL,NULL,'2022-05-10','2022-05-10',0002,1,NULL,44580.12,NULL,'2022-06-17 18:32:15','2022-06-22 01:53:48','2022-06-22 01:53:48'),(552,7255,1,1,NULL,NULL,34885,23,NULL,NULL,330,1,NULL,NULL,41296,41321,00002522,NULL,NULL,'2022-05-10','2022-05-10',0002,1,NULL,167934.56,NULL,'2022-06-17 18:32:15','2022-06-22 01:53:48','2022-06-22 01:53:48'),(553,7255,1,3,NULL,NULL,34885,23,NULL,NULL,330,1,NULL,NULL,41296,41301,00000673,NULL,NULL,'2022-05-10','2022-05-10',0002,1,NULL,2191.87,NULL,'2022-06-17 18:32:15','2022-06-22 01:53:48','2022-06-22 01:53:48'),(554,7255,1,4,NULL,NULL,34885,23,NULL,NULL,330,1,NULL,NULL,41296,41322,00000936,NULL,NULL,'2022-05-10','2022-05-10',0002,1,NULL,1344.00,NULL,'2022-06-17 18:32:15','2022-06-22 01:53:48','2022-06-22 01:53:48'),(555,7255,1,4,NULL,NULL,34885,23,NULL,NULL,330,1,NULL,NULL,41296,41323,00000937,NULL,NULL,'2022-05-10','2022-05-10',0002,1,NULL,4777.00,NULL,'2022-06-17 18:32:15','2022-06-22 01:53:48','2022-06-22 01:53:48');
INSERT INTO `receipts` VALUES (556,7255,1,1,NULL,NULL,34885,23,NULL,NULL,330,1,NULL,NULL,41296,41324,00002523,NULL,NULL,'2022-05-11','2022-05-11',0002,1,NULL,78284.38,NULL,'2022-06-17 18:32:15','2022-06-22 01:53:48','2022-06-22 01:53:48'),(557,7255,1,1,NULL,NULL,34885,23,NULL,NULL,330,1,NULL,NULL,41296,41325,00002524,NULL,NULL,'2022-05-11','2022-05-11',0002,1,NULL,1542.00,NULL,'2022-06-17 18:32:15','2022-06-22 01:53:48','2022-06-22 01:53:48'),(558,7255,1,1,NULL,NULL,34885,23,NULL,NULL,330,1,NULL,NULL,41296,41326,00002525,NULL,NULL,'2022-05-11','2022-05-11',0002,1,NULL,63191.85,NULL,'2022-06-17 18:32:16','2022-06-22 01:53:48','2022-06-22 01:53:48'),(559,7255,1,2,NULL,NULL,34885,23,NULL,NULL,330,1,NULL,NULL,41296,41304,00000059,NULL,NULL,'2022-05-11','2022-05-11',0002,1,NULL,69740.71,NULL,'2022-06-17 18:32:16','2022-06-22 01:53:48','2022-06-22 01:53:48'),(560,7255,1,3,NULL,NULL,34885,23,NULL,NULL,330,1,NULL,NULL,41296,41308,00000674,NULL,NULL,'2022-05-11','2022-05-11',0002,1,NULL,3247.24,NULL,'2022-06-17 18:32:16','2022-06-22 01:53:48','2022-06-22 01:53:48'),(561,7255,1,1,NULL,NULL,34885,23,NULL,NULL,330,1,NULL,NULL,41296,41303,00002526,NULL,NULL,'2022-05-13','2022-05-13',0002,1,NULL,95334.09,NULL,'2022-06-17 18:32:16','2022-06-22 01:53:48','2022-06-22 01:53:48'),(562,7255,1,1,NULL,NULL,34885,23,NULL,NULL,330,1,NULL,NULL,41296,41327,00002527,NULL,NULL,'2022-05-13','2022-05-13',0002,1,NULL,48443.20,NULL,'2022-06-17 18:32:16','2022-06-22 01:53:48','2022-06-22 01:53:48'),(563,7255,1,3,NULL,NULL,34885,23,NULL,NULL,330,1,NULL,NULL,41296,41326,00000675,NULL,NULL,'2022-05-13','2022-05-13',0002,1,NULL,3159.59,NULL,'2022-06-17 18:32:16','2022-06-22 01:53:48','2022-06-22 01:53:48'),(564,7255,1,4,NULL,NULL,34885,23,NULL,NULL,330,1,NULL,NULL,41296,41328,00000938,NULL,NULL,'2022-05-13','2022-05-13',0002,1,NULL,8112.00,NULL,'2022-06-17 18:32:16','2022-06-22 01:53:48','2022-06-22 01:53:48'),(565,7255,1,4,NULL,NULL,34885,23,NULL,NULL,330,1,NULL,NULL,41296,41329,00000939,NULL,NULL,'2022-05-13','2022-05-13',0002,1,NULL,16224.00,NULL,'2022-06-17 18:32:16','2022-06-22 01:53:48','2022-06-22 01:53:48'),(566,7255,1,4,NULL,NULL,34885,23,NULL,NULL,330,1,NULL,NULL,41296,41330,00000940,NULL,NULL,'2022-05-13','2022-05-13',0002,1,NULL,8112.00,NULL,'2022-06-17 18:32:16','2022-06-22 01:53:48','2022-06-22 01:53:48'),(567,7255,1,4,NULL,NULL,34885,23,NULL,NULL,330,1,NULL,NULL,41296,41330,00000941,NULL,NULL,'2022-05-13','2022-05-13',0002,1,NULL,16224.00,NULL,'2022-06-17 18:32:16','2022-06-22 01:53:48','2022-06-22 01:53:48'),(568,7255,1,1,NULL,NULL,34885,23,NULL,NULL,330,1,NULL,NULL,41296,41331,00002528,NULL,NULL,'2022-05-16','2022-05-16',0002,1,NULL,48710.61,NULL,'2022-06-17 18:32:16','2022-06-22 01:53:48','2022-06-22 01:53:48'),(569,7255,1,1,NULL,NULL,34885,23,NULL,NULL,330,1,NULL,NULL,41296,41332,00002529,NULL,NULL,'2022-05-16','2022-05-16',0002,1,NULL,52012.35,NULL,'2022-06-17 18:32:16','2022-06-22 01:53:48','2022-06-22 01:53:48'),(570,7255,1,1,NULL,NULL,34885,23,NULL,NULL,330,1,NULL,NULL,41296,41333,00002530,NULL,NULL,'2022-05-16','2022-05-16',0002,1,NULL,27076.92,NULL,'2022-06-17 18:32:16','2022-06-22 01:53:48','2022-06-22 01:53:48'),(571,7255,1,1,NULL,NULL,34885,23,NULL,NULL,330,1,NULL,NULL,41296,41334,00002531,NULL,NULL,'2022-05-17','2022-05-17',0002,1,NULL,27076.92,NULL,'2022-06-17 18:32:16','2022-06-22 01:53:48','2022-06-22 01:53:48'),(572,7255,1,1,NULL,NULL,34885,23,NULL,NULL,330,1,NULL,NULL,41296,41335,00002532,NULL,NULL,'2022-05-17','2022-05-17',0002,1,NULL,63222.50,NULL,'2022-06-17 18:32:16','2022-06-22 01:53:48','2022-06-22 01:53:48'),(573,7255,1,2,NULL,NULL,34885,23,NULL,NULL,330,1,NULL,NULL,41296,41336,00000060,NULL,NULL,'2022-05-17','2022-05-17',0002,1,NULL,15000.00,NULL,'2022-06-17 18:32:16','2022-06-22 01:53:48','2022-06-22 01:53:48'),(574,7255,1,3,NULL,NULL,34885,23,NULL,NULL,330,1,NULL,NULL,41296,41319,00000676,NULL,NULL,'2022-05-17','2022-05-17',0002,1,NULL,1353.84,NULL,'2022-06-17 18:32:16','2022-06-22 01:53:48','2022-06-22 01:53:48');
INSERT INTO `receipts` VALUES (575,7255,1,4,NULL,NULL,34885,23,NULL,NULL,330,1,NULL,NULL,41296,41337,00000942,NULL,NULL,'2022-05-17','2022-05-17',0002,1,NULL,7243.00,NULL,'2022-06-17 18:32:16','2022-06-22 01:53:48','2022-06-22 01:53:48'),(576,7255,1,1,NULL,NULL,34885,23,NULL,NULL,330,1,NULL,NULL,41296,41303,00002533,NULL,NULL,'2022-05-19','2022-05-19',0002,1,NULL,66512.16,NULL,'2022-06-17 18:32:16','2022-06-22 01:53:48','2022-06-22 01:53:48'),(577,7255,1,1,NULL,NULL,34885,23,NULL,NULL,330,1,NULL,NULL,41296,41327,00002534,NULL,NULL,'2022-05-20','2022-05-20',0002,1,NULL,153219.30,NULL,'2022-06-17 18:32:16','2022-06-22 01:53:48','2022-06-22 01:53:48'),(578,7255,1,1,NULL,NULL,34885,23,NULL,NULL,330,1,NULL,NULL,41296,41338,00002535,NULL,NULL,'2022-05-20','2022-05-20',0002,1,NULL,94002.79,NULL,'2022-06-17 18:32:16','2022-06-22 01:53:48','2022-06-22 01:53:48'),(579,7255,1,1,NULL,NULL,34885,23,NULL,NULL,330,1,NULL,NULL,41296,41339,00002536,NULL,NULL,'2022-05-20','2022-05-20',0002,1,NULL,49475.71,NULL,'2022-06-17 18:32:16','2022-06-22 01:53:48','2022-06-22 01:53:48'),(580,7255,1,1,NULL,NULL,34885,23,NULL,NULL,330,1,NULL,NULL,41296,41340,00002537,NULL,NULL,'2022-05-20','2022-05-20',0002,1,NULL,67534.50,NULL,'2022-06-17 18:32:16','2022-06-22 01:53:48','2022-06-22 01:53:48'),(581,7255,1,3,NULL,NULL,34885,23,NULL,NULL,330,1,NULL,NULL,41296,41331,00000677,NULL,NULL,'2022-05-20','2022-05-20',0002,1,NULL,2435.53,NULL,'2022-06-17 18:32:16','2022-06-22 01:53:48','2022-06-22 01:53:48'),(582,7255,1,3,NULL,NULL,34885,23,NULL,NULL,330,1,NULL,NULL,41296,41334,00000678,NULL,NULL,'2022-05-20','2022-05-20',0002,1,NULL,1353.84,NULL,'2022-06-17 18:32:17','2022-06-22 01:53:48','2022-06-22 01:53:48'),(583,7255,1,3,NULL,NULL,34885,23,NULL,NULL,330,1,NULL,NULL,41296,41298,00000679,NULL,NULL,'2022-05-20','2022-05-20',0002,1,NULL,17821.44,NULL,'2022-06-17 18:32:17','2022-06-22 01:53:48','2022-06-22 01:53:48'),(584,7255,1,3,NULL,NULL,34885,23,NULL,NULL,330,1,NULL,NULL,41296,41313,00000680,NULL,NULL,'2022-05-20','2022-05-20',0002,1,NULL,1662.80,NULL,'2022-06-17 18:32:17','2022-06-22 01:53:48','2022-06-22 01:53:48'),(585,7255,1,1,NULL,NULL,34885,23,NULL,NULL,330,1,NULL,NULL,41296,41336,00002538,NULL,NULL,'2022-05-23','2022-05-23',0002,1,NULL,67534.50,NULL,'2022-06-17 18:32:17','2022-06-22 01:53:48','2022-06-22 01:53:48'),(586,7255,1,1,NULL,NULL,34885,23,NULL,NULL,330,1,NULL,NULL,41296,41341,00002539,NULL,NULL,'2022-05-23','2022-05-23',0002,1,NULL,64157.78,NULL,'2022-06-17 18:32:17','2022-06-22 01:53:48','2022-06-22 01:53:48'),(587,7255,1,1,NULL,NULL,34885,23,NULL,NULL,330,1,NULL,NULL,41296,41342,00002540,NULL,NULL,'2022-05-23','2022-05-23',0002,1,NULL,7440.00,NULL,'2022-06-17 18:32:17','2022-06-22 01:53:48','2022-06-22 01:53:48'),(588,7255,1,1,NULL,NULL,34885,23,NULL,NULL,330,1,NULL,NULL,41296,41303,00002541,NULL,NULL,'2022-05-23','2022-05-23',0002,1,NULL,155138.02,NULL,'2022-06-17 18:32:17','2022-06-22 01:53:48','2022-06-22 01:53:48'),(589,7255,1,1,NULL,NULL,34885,23,NULL,NULL,330,1,NULL,NULL,41296,41343,00002542,NULL,NULL,'2022-05-23','2022-05-23',0002,1,NULL,117711.00,NULL,'2022-06-17 18:32:17','2022-06-22 01:53:48','2022-06-22 01:53:48'),(590,7255,1,4,NULL,NULL,34885,23,NULL,NULL,330,1,NULL,NULL,41296,41344,00000943,NULL,NULL,'2022-05-23','2022-05-23',0002,1,NULL,1890.00,NULL,'2022-06-17 18:32:17','2022-06-22 01:53:48','2022-06-22 01:53:48'),(591,7255,1,1,NULL,NULL,34885,23,NULL,NULL,330,1,NULL,NULL,41296,41345,00002543,00002543,NULL,'2022-05-24','2022-05-24',0002,1,NULL,73301.50,NULL,'2022-06-17 18:32:17','2022-06-22 01:53:48','2022-06-22 01:53:48'),(592,7255,1,1,NULL,NULL,34885,23,NULL,NULL,330,1,NULL,NULL,41296,41303,00002544,NULL,NULL,'2022-05-26','2022-05-26',0002,1,NULL,105553.14,NULL,'2022-06-17 18:32:17','2022-06-22 01:53:48','2022-06-22 01:53:48'),(593,7255,1,3,NULL,NULL,34885,23,NULL,NULL,330,1,NULL,NULL,41296,41338,00000681,NULL,NULL,'2022-05-26','2022-05-26',0002,1,NULL,4700.14,NULL,'2022-06-17 18:32:17','2022-06-22 01:53:48','2022-06-22 01:53:48');
INSERT INTO `receipts` VALUES (594,7255,1,1,NULL,NULL,34885,23,NULL,NULL,330,1,NULL,NULL,41296,41346,00002545,NULL,NULL,'2022-05-27','2022-05-27',0002,1,NULL,32361.03,NULL,'2022-06-17 18:32:17','2022-06-22 01:53:48','2022-06-22 01:53:48'),(595,7255,1,1,NULL,NULL,34885,23,NULL,NULL,330,1,NULL,NULL,41296,41347,00002546,NULL,NULL,'2022-05-27','2022-05-27',0002,1,NULL,67534.50,NULL,'2022-06-17 18:32:17','2022-06-22 01:53:48','2022-06-22 01:53:48'),(596,7255,1,1,NULL,NULL,34885,23,NULL,NULL,330,1,NULL,NULL,41296,41348,00002547,00002547,NULL,'2022-05-27','2022-05-27',0002,1,NULL,130479.20,NULL,'2022-06-17 18:32:17','2022-06-22 01:53:48','2022-06-22 01:53:48'),(597,7255,1,1,NULL,NULL,34885,23,NULL,NULL,330,1,NULL,NULL,41296,41349,00002548,NULL,NULL,'2022-05-27','2022-05-27',0002,1,NULL,29930.47,NULL,'2022-06-17 18:32:17','2022-06-22 01:53:48','2022-06-22 01:53:48'),(598,7255,1,1,NULL,NULL,34885,23,NULL,NULL,330,1,NULL,NULL,41296,41350,00002549,NULL,NULL,'2022-05-27','2022-05-27',0002,1,NULL,1780000.00,NULL,'2022-06-17 18:32:17','2022-06-22 01:53:49','2022-06-22 01:53:49'),(599,7255,1,1,NULL,NULL,34885,23,NULL,NULL,330,1,NULL,NULL,41296,41351,00002550,NULL,NULL,'2022-05-30','2022-05-30',0002,1,NULL,67534.50,NULL,'2022-06-17 18:32:17','2022-06-22 01:53:49','2022-06-22 01:53:49'),(600,7255,1,1,NULL,NULL,34885,23,NULL,NULL,330,1,NULL,NULL,41296,41352,00002551,NULL,NULL,'2022-05-30','2022-05-30',0002,1,NULL,31752.39,NULL,'2022-06-17 18:32:17','2022-06-22 01:53:49','2022-06-22 01:53:49'),(601,7255,1,3,NULL,NULL,34885,23,NULL,NULL,330,1,NULL,NULL,41296,41349,00000682,NULL,NULL,'2022-05-30','2022-05-30',0002,1,NULL,1496.52,NULL,'2022-06-17 18:32:17','2022-06-22 01:53:49','2022-06-22 01:53:49'),(602,7255,1,4,NULL,NULL,34885,23,NULL,NULL,330,1,NULL,NULL,41296,41353,00000944,NULL,NULL,'2022-05-30','2022-05-30',0002,1,NULL,1693.00,NULL,'2022-06-17 18:32:17','2022-06-22 01:53:49','2022-06-22 01:53:49'),(603,7255,1,4,NULL,NULL,34885,23,NULL,NULL,330,1,NULL,NULL,41296,41353,00000945,NULL,NULL,'2022-05-30','2022-05-30',0002,1,NULL,8830.00,NULL,'2022-06-17 18:32:17','2022-06-22 01:53:49','2022-06-22 01:53:49'),(604,7255,1,4,NULL,NULL,34885,23,NULL,NULL,330,1,NULL,NULL,41296,41354,00000946,NULL,NULL,'2022-05-30','2022-05-30',0002,1,NULL,11288.00,NULL,'2022-06-17 18:32:17','2022-06-22 01:53:49','2022-06-22 01:53:49'),(605,7255,1,4,NULL,NULL,34885,23,NULL,NULL,330,1,NULL,NULL,41296,41355,00000947,NULL,NULL,'2022-05-30','2022-05-30',0002,1,NULL,16552.00,NULL,'2022-06-17 18:32:17','2022-06-22 01:53:49','2022-06-22 01:53:49'),(606,7255,1,4,NULL,NULL,34885,23,NULL,NULL,330,1,NULL,NULL,41296,41355,00000948,NULL,NULL,'2022-05-30','2022-05-30',0002,1,NULL,16552.00,NULL,'2022-06-17 18:32:18','2022-06-22 01:53:49','2022-06-22 01:53:49'),(607,7255,1,3,NULL,NULL,34885,23,NULL,NULL,330,1,NULL,NULL,41296,41351,00000683,NULL,NULL,'2022-05-31','2022-05-31',0002,1,NULL,3376.72,NULL,'2022-06-17 18:32:18','2022-06-22 01:53:49','2022-06-22 01:53:49'),(608,7255,2,7,NULL,NULL,34885,23,250,NULL,330,1,NULL,NULL,41296,41356,00000651,NULL,NULL,'2022-05-01','2022-05-01',0003,1,NULL,5470.00,NULL,'2022-06-17 18:34:20','2022-06-17 18:34:20',NULL),(609,7255,2,1,NULL,NULL,34885,23,217,NULL,330,1,NULL,NULL,41296,41357,00102115,NULL,NULL,'2022-05-02','2022-05-02',5008,1,NULL,63.21,NULL,'2022-06-17 18:34:20','2022-06-17 18:34:20',NULL),(610,7255,2,1,NULL,NULL,34885,23,217,NULL,330,1,NULL,NULL,41296,41358,02608021,NULL,NULL,'2022-05-02','2022-05-02',0050,1,NULL,1747.30,NULL,'2022-06-17 18:34:20','2022-06-17 18:34:20',NULL),(611,7255,2,1,NULL,NULL,34885,23,217,NULL,330,1,NULL,NULL,41296,41359,00002496,NULL,NULL,'2022-05-02','2022-05-02',0002,1,NULL,6250.00,NULL,'2022-06-17 18:34:20','2022-06-17 18:34:20',NULL),(612,7255,2,12,NULL,NULL,34885,23,250,NULL,330,1,NULL,NULL,41296,40719,00001637,NULL,NULL,'2022-05-05','2022-05-05',0003,1,NULL,7800.00,NULL,'2022-06-17 18:34:20','2022-06-17 18:34:20',NULL);
INSERT INTO `receipts` VALUES (613,7255,2,1,NULL,NULL,34885,23,217,NULL,330,1,NULL,NULL,41296,41360,00000486,NULL,NULL,'2022-05-05','2022-05-05',0002,1,NULL,65494.88,NULL,'2022-06-17 18:34:21','2022-06-17 18:34:21',NULL),(614,7255,2,4,NULL,NULL,34885,23,217,NULL,330,1,NULL,NULL,41296,41361,00010504,NULL,NULL,'2022-05-06','2022-05-06',0004,1,NULL,5498.00,NULL,'2022-06-17 18:34:21','2022-06-17 18:34:21',NULL),(615,7255,2,1,NULL,NULL,34885,23,217,NULL,330,1,NULL,NULL,41296,41362,00002239,NULL,NULL,'2022-05-06','2022-05-06',0007,1,NULL,1440.00,NULL,'2022-06-17 18:34:21','2022-06-17 18:34:21',NULL),(616,7255,2,1,NULL,NULL,34885,23,217,NULL,330,1,NULL,NULL,41296,41363,00006041,NULL,NULL,'2022-05-09','2022-05-09',0010,1,NULL,1495.00,NULL,'2022-06-17 18:34:21','2022-06-17 18:34:21',NULL),(617,7255,2,7,NULL,NULL,34885,23,250,NULL,330,1,NULL,NULL,41296,41364,05228073,NULL,NULL,'2022-05-09','2022-05-09',0400,1,NULL,4155.00,NULL,'2022-06-17 18:34:21','2022-06-17 18:34:21',NULL),(618,7255,2,7,NULL,NULL,34885,23,250,NULL,330,1,NULL,NULL,41296,41365,00000031,NULL,NULL,'2022-05-10','2022-05-10',0002,1,NULL,32000.00,NULL,'2022-06-17 18:34:21','2022-06-17 18:34:21',NULL),(619,7255,2,1,NULL,NULL,34885,23,217,NULL,330,1,NULL,NULL,41296,41366,00020202,NULL,NULL,'2022-05-10','2022-05-10',0003,1,NULL,4432.00,NULL,'2022-06-17 18:34:21','2022-06-17 18:34:21',NULL),(620,7255,2,1,NULL,NULL,34885,23,217,NULL,330,1,NULL,NULL,41296,41367,00038150,NULL,NULL,'2022-05-11','2022-05-11',0004,1,NULL,36561.56,NULL,'2022-06-17 18:34:21','2022-06-17 18:34:21',NULL),(621,7255,2,3,NULL,NULL,34885,23,217,NULL,330,1,NULL,NULL,41296,41368,00004574,NULL,NULL,'2022-05-11','2022-05-11',0020,1,NULL,276773.16,NULL,'2022-06-17 18:34:21','2022-06-17 18:34:21',NULL),(622,7255,2,1,NULL,NULL,34885,23,217,NULL,330,1,NULL,NULL,41296,41368,00104684,NULL,NULL,'2022-05-11','2022-05-11',0020,1,NULL,277199.88,NULL,'2022-06-17 18:34:21','2022-06-17 18:34:21',NULL),(623,7255,2,1,NULL,NULL,34885,23,217,NULL,330,1,NULL,NULL,41296,41368,00104664,NULL,NULL,'2022-05-11','2022-05-11',0020,1,NULL,276773.16,NULL,'2022-06-17 18:34:21','2022-06-17 18:34:21',NULL),(624,7255,2,1,NULL,NULL,34885,23,217,NULL,330,1,NULL,NULL,41296,41369,02008394,NULL,NULL,'2022-05-12','2022-05-12',0949,1,NULL,2619.89,NULL,'2022-06-17 18:34:21','2022-06-17 18:34:21',NULL),(625,7255,2,1,NULL,NULL,34885,23,217,NULL,330,1,NULL,NULL,41296,41370,00001249,NULL,NULL,'2022-05-12','2022-05-12',0001,1,NULL,151009.59,NULL,'2022-06-17 18:34:21','2022-06-17 18:34:21',NULL),(626,7255,2,1,NULL,NULL,34885,23,217,NULL,330,1,NULL,NULL,41296,41371,00020607,NULL,NULL,'2022-05-13','2022-05-13',0004,1,NULL,971590.04,NULL,'2022-06-17 18:34:21','2022-06-17 18:34:21',NULL),(627,7255,2,1,NULL,NULL,34885,23,217,NULL,330,1,NULL,NULL,41296,41024,00262792,NULL,NULL,'2022-05-16','2022-05-16',0037,1,NULL,5.00,NULL,'2022-06-17 18:34:21','2022-06-17 18:34:21',NULL),(628,7255,2,1,NULL,NULL,34885,23,217,NULL,330,1,NULL,NULL,41296,41372,00106987,NULL,NULL,'2022-05-16','2022-05-16',0010,1,NULL,12482.01,NULL,'2022-06-17 18:34:21','2022-06-17 18:34:21',NULL),(629,7255,2,1,NULL,NULL,34885,23,217,NULL,330,1,NULL,NULL,41296,41373,03257094,NULL,NULL,'2022-05-17','2022-05-17',0629,1,NULL,204.00,NULL,'2022-06-17 18:34:21','2022-06-17 18:34:21',NULL),(630,7255,2,7,NULL,NULL,34885,23,250,NULL,330,1,NULL,NULL,41296,41374,00029447,NULL,NULL,'2022-05-17','2022-05-17',0003,1,NULL,25553.03,NULL,'2022-06-17 18:34:21','2022-06-17 18:34:21',NULL),(631,7255,2,1,NULL,NULL,34885,23,217,NULL,330,1,NULL,NULL,41296,41357,00104551,NULL,NULL,'2022-05-17','2022-05-17',5008,1,NULL,551.21,NULL,'2022-06-17 18:34:21','2022-06-17 18:34:21',NULL),(632,7255,2,1,NULL,NULL,34885,23,217,NULL,330,1,NULL,NULL,41296,41375,02997696,NULL,NULL,'2022-05-17','2022-05-17',0711,1,NULL,68.00,NULL,'2022-06-17 18:34:21','2022-06-17 18:34:21',NULL),(633,7255,2,1,NULL,NULL,34885,23,217,NULL,330,1,NULL,NULL,41296,41376,00002633,NULL,NULL,'2022-05-19','2022-05-19',0451,1,NULL,1489.99,NULL,'2022-06-17 18:34:21','2022-06-17 18:34:21',NULL);
INSERT INTO `receipts` VALUES (634,7255,2,1,NULL,NULL,34885,23,217,NULL,330,1,NULL,NULL,41296,41377,02818053,NULL,NULL,'2022-05-21','2022-05-21',0113,1,NULL,200.00,NULL,'2022-06-17 18:34:21','2022-06-17 18:34:21',NULL),(635,7255,2,1,NULL,NULL,34885,23,217,NULL,330,1,NULL,NULL,41296,41378,06279430,NULL,NULL,'2022-05-24','2022-05-24',6364,1,NULL,4318.81,NULL,'2022-06-17 18:34:21','2022-06-17 18:34:21',NULL),(636,7255,2,1,NULL,NULL,34885,23,217,NULL,330,1,NULL,NULL,41296,41379,00034365,NULL,NULL,'2022-05-25','2022-05-25',0002,1,NULL,7985.00,NULL,'2022-06-17 18:34:22','2022-06-17 18:34:22',NULL),(637,7255,2,1,NULL,NULL,34885,23,217,NULL,330,1,NULL,NULL,41296,41380,00168428,NULL,NULL,'2022-05-26','2022-05-26',0072,1,NULL,20192.14,NULL,'2022-06-17 18:34:22','2022-06-17 18:34:22',NULL),(638,7255,2,1,NULL,NULL,34885,23,217,NULL,330,1,NULL,NULL,41296,41350,00000821,NULL,NULL,'2022-05-27','2022-05-27',0001,1,NULL,3695279.51,NULL,'2022-06-17 18:34:22','2022-06-17 18:34:22',NULL),(639,7255,2,2,NULL,NULL,34885,23,250,NULL,330,1,NULL,NULL,41296,41350,00001067,NULL,NULL,'2022-05-27','2022-05-27',0003,1,NULL,210000.00,NULL,'2022-06-17 18:34:22','2022-06-17 18:34:22',NULL),(640,7255,2,1,NULL,NULL,34885,23,217,NULL,330,1,NULL,NULL,41296,41024,01659712,NULL,NULL,'2022-05-29','2022-05-29',0011,1,NULL,43037.10,NULL,'2022-06-17 18:34:22','2022-06-17 18:34:22',NULL),(641,7255,2,1,NULL,NULL,34885,23,217,NULL,330,1,NULL,NULL,41296,41023,01093997,NULL,NULL,'2022-05-29','2022-05-29',0001,1,NULL,23613.00,NULL,'2022-06-17 18:34:22','2022-06-17 18:34:22',NULL),(642,7255,2,3,NULL,NULL,34885,23,217,NULL,330,1,NULL,NULL,41296,41024,00790741,NULL,NULL,'2022-05-31','2022-05-31',0011,1,NULL,958.49,NULL,'2022-06-17 18:34:22','2022-06-17 18:34:22',NULL),(643,7255,2,1,NULL,NULL,34885,23,217,NULL,330,1,NULL,NULL,41296,41381,00000992,NULL,NULL,'2022-05-31','2022-05-31',0005,1,NULL,12150.00,NULL,'2022-06-17 18:34:22','2022-06-17 18:34:22',NULL),(644,7255,2,1,NULL,NULL,34885,23,217,NULL,330,1,NULL,NULL,41296,41382,00000461,NULL,NULL,'2022-05-31','2022-05-31',0006,1,NULL,52320.40,NULL,'2022-06-17 18:34:22','2022-06-17 18:34:22',NULL),(645,7255,2,4,NULL,NULL,34885,23,217,NULL,330,1,NULL,NULL,41296,41383,00185867,NULL,NULL,'2022-05-31','2022-05-31',0014,1,NULL,8690.00,NULL,'2022-06-17 18:34:22','2022-06-17 18:34:22',NULL),(705,7255,3,1,NULL,NULL,34885,NULL,NULL,NULL,NULL,1,3,NULL,41296,41024,00000001,00000001,0,'2022-05-29',NULL,0001,1,NULL,9547.70,NULL,'2022-06-17 19:41:23','2022-06-17 19:43:13',NULL),(706,7255,1,1,NULL,NULL,122823,23,NULL,NULL,334,1,NULL,NULL,41445,41446,00000854,NULL,NULL,'2022-03-02','2022-03-02',0003,1,NULL,45919.50,NULL,'2022-06-17 21:40:03','2022-06-17 21:42:14','2022-06-17 21:42:14'),(707,7255,1,1,NULL,NULL,122823,23,NULL,NULL,334,1,NULL,NULL,41445,41446,00000855,NULL,NULL,'2022-03-03','2022-03-03',0003,1,NULL,7260.00,NULL,'2022-06-17 21:40:03','2022-06-17 21:42:14','2022-06-17 21:42:14'),(708,7255,1,1,NULL,NULL,122823,23,NULL,NULL,334,1,NULL,NULL,41445,41447,00000856,NULL,NULL,'2022-03-04','2022-03-04',0003,1,NULL,31040.13,NULL,'2022-06-17 21:40:03','2022-06-17 21:42:14','2022-06-17 21:42:14'),(709,7255,1,1,NULL,NULL,122823,23,NULL,NULL,334,1,NULL,NULL,41445,41448,00000857,NULL,NULL,'2022-03-04','2022-03-04',0003,1,NULL,145200.00,NULL,'2022-06-17 21:40:03','2022-06-17 21:42:14','2022-06-17 21:42:14'),(710,7255,1,1,NULL,NULL,122823,23,NULL,NULL,334,1,NULL,NULL,41445,41448,00000858,NULL,NULL,'2022-03-04','2022-03-04',0003,1,NULL,96800.00,NULL,'2022-06-17 21:40:03','2022-06-17 21:41:19','2022-06-17 21:41:19'),(711,7255,1,1,NULL,NULL,122823,23,NULL,NULL,334,1,NULL,NULL,41445,41449,00000859,NULL,NULL,'2022-03-04','2022-03-04',0003,1,NULL,70700.30,NULL,'2022-06-17 21:40:03','2022-06-17 21:42:14','2022-06-17 21:42:14'),(712,7255,1,23,NULL,NULL,122823,23,NULL,NULL,334,1,NULL,NULL,41445,41450,00000044,NULL,NULL,'2022-03-04','2022-03-04',0003,1,NULL,271161.00,NULL,'2022-06-17 21:40:03','2022-06-17 21:42:15','2022-06-17 21:42:15');
INSERT INTO `receipts` VALUES (713,7255,1,1,NULL,NULL,122823,23,NULL,NULL,334,1,NULL,NULL,41445,41451,00000860,NULL,NULL,'2022-03-07','2022-03-07',0003,1,NULL,113316.50,NULL,'2022-06-17 21:40:03','2022-06-17 21:42:15','2022-06-17 21:42:15'),(714,7255,1,1,NULL,NULL,122823,23,NULL,NULL,334,1,NULL,NULL,41445,41452,00000861,NULL,NULL,'2022-03-07','2022-03-07',0003,1,NULL,101349.60,NULL,'2022-06-17 21:40:03','2022-06-17 21:42:15','2022-06-17 21:42:15'),(715,7255,1,1,NULL,NULL,122823,23,NULL,NULL,334,1,NULL,NULL,41445,41453,00000862,NULL,NULL,'2022-03-07','2022-03-07',0003,1,NULL,78650.00,NULL,'2022-06-17 21:40:03','2022-06-17 21:42:15','2022-06-17 21:42:15'),(716,7255,1,1,NULL,NULL,122823,23,NULL,NULL,334,1,NULL,NULL,41445,41447,00000863,NULL,NULL,'2022-03-08','2022-03-08',0003,1,NULL,1573.00,NULL,'2022-06-17 21:40:03','2022-06-17 21:42:15','2022-06-17 21:42:15'),(717,7255,1,1,NULL,NULL,122823,23,NULL,NULL,334,1,NULL,NULL,41445,41446,00000864,NULL,NULL,'2022-03-08','2022-03-08',0003,1,NULL,18150.00,NULL,'2022-06-17 21:40:03','2022-06-17 21:42:15','2022-06-17 21:42:15'),(718,7255,1,1,NULL,NULL,122823,23,NULL,NULL,334,1,NULL,NULL,41445,41454,00000865,NULL,NULL,'2022-03-17','2022-03-17',0003,1,NULL,62496.50,NULL,'2022-06-17 21:40:03','2022-06-17 21:42:15','2022-06-17 21:42:15'),(719,7255,1,1,NULL,NULL,122823,23,NULL,NULL,334,1,NULL,NULL,41445,41455,00000866,NULL,NULL,'2022-03-17','2022-03-17',0003,1,NULL,35079.11,NULL,'2022-06-17 21:40:03','2022-06-17 21:42:15','2022-06-17 21:42:15'),(720,7255,1,1,NULL,NULL,122823,23,NULL,NULL,334,1,NULL,NULL,41445,41456,00000867,NULL,NULL,'2022-03-18','2022-03-18',0003,1,NULL,27418.60,NULL,'2022-06-17 21:40:03','2022-06-17 21:42:15','2022-06-17 21:42:15'),(721,7255,1,23,NULL,NULL,122823,23,NULL,NULL,334,1,NULL,NULL,41445,41457,00000045,NULL,NULL,'2022-03-18','2022-03-18',0003,1,NULL,741488.00,NULL,'2022-06-17 21:40:03','2022-06-17 21:42:15','2022-06-17 21:42:15'),(722,7255,1,23,NULL,NULL,122823,23,NULL,NULL,334,1,NULL,NULL,41445,41457,00000046,NULL,NULL,'2022-03-18','2022-03-18',0003,1,NULL,222252.80,NULL,'2022-06-17 21:40:03','2022-06-17 21:42:15','2022-06-17 21:42:15'),(723,7255,1,1,NULL,NULL,122823,23,NULL,NULL,334,1,NULL,NULL,41445,41458,00000868,NULL,NULL,'2022-03-22','2022-03-22',0003,1,NULL,101035.00,NULL,'2022-06-17 21:40:04','2022-06-17 21:42:15','2022-06-17 21:42:15'),(724,7255,1,1,NULL,NULL,122823,23,NULL,NULL,334,1,NULL,NULL,41445,41459,00000869,NULL,NULL,'2022-03-22','2022-03-22',0003,1,NULL,45375.00,NULL,'2022-06-17 21:40:04','2022-06-17 21:42:15','2022-06-17 21:42:15'),(725,7255,1,1,NULL,NULL,122823,23,NULL,NULL,334,1,NULL,NULL,41445,41460,00000870,NULL,NULL,'2022-03-22','2022-03-22',0003,1,NULL,45375.00,NULL,'2022-06-17 21:40:04','2022-06-17 21:42:15','2022-06-17 21:42:15'),(726,7255,1,1,NULL,NULL,122823,23,NULL,NULL,334,1,NULL,NULL,41445,41451,00000871,NULL,NULL,'2022-03-22','2022-03-22',0003,1,NULL,62496.50,NULL,'2022-06-17 21:40:04','2022-06-17 21:42:15','2022-06-17 21:42:15'),(727,7255,1,1,NULL,NULL,122823,23,NULL,NULL,334,1,NULL,NULL,41445,41461,00000872,NULL,NULL,'2022-03-25','2022-03-25',0003,1,NULL,14278.00,NULL,'2022-06-17 21:40:04','2022-06-17 21:42:06','2022-06-17 21:42:06'),(728,7255,1,1,NULL,NULL,122823,23,NULL,NULL,334,1,NULL,NULL,41445,41454,00000873,NULL,NULL,'2022-03-25','2022-03-25',0003,1,NULL,164148.60,NULL,'2022-06-17 21:40:04','2022-06-17 21:41:43','2022-06-17 21:41:43'),(729,7255,1,1,NULL,NULL,122823,23,NULL,NULL,334,1,NULL,NULL,41445,41462,00000874,NULL,NULL,'2022-03-31','2022-03-31',0003,1,NULL,51577.94,NULL,'2022-06-17 21:40:04','2022-06-17 21:41:32','2022-06-17 21:41:32'),(730,7255,1,1,NULL,NULL,124384,23,NULL,NULL,334,1,NULL,NULL,41445,41446,00000854,NULL,NULL,'2022-03-02','2022-03-02',0003,1,NULL,45919.50,NULL,'2022-06-17 21:43:37','2022-06-17 21:43:37',NULL),(731,7255,1,1,NULL,NULL,124384,23,NULL,NULL,334,1,NULL,NULL,41445,41446,00000855,NULL,NULL,'2022-03-03','2022-03-03',0003,1,NULL,7260.00,NULL,'2022-06-17 21:43:37','2022-06-17 21:43:37',NULL);
INSERT INTO `receipts` VALUES (732,7255,1,1,NULL,NULL,124384,23,NULL,NULL,334,1,NULL,NULL,41445,41447,00000856,NULL,NULL,'2022-03-04','2022-03-04',0003,1,NULL,31040.13,NULL,'2022-06-17 21:43:37','2022-06-17 21:43:37',NULL),(733,7255,1,1,NULL,NULL,124384,23,NULL,NULL,334,1,NULL,NULL,41445,41448,00000857,NULL,NULL,'2022-03-04','2022-03-04',0003,1,NULL,145200.00,NULL,'2022-06-17 21:43:37','2022-06-17 21:43:37',NULL),(734,7255,1,1,NULL,NULL,124384,23,NULL,NULL,334,1,NULL,NULL,41445,41448,00000858,NULL,NULL,'2022-03-04','2022-03-04',0003,1,NULL,96800.00,NULL,'2022-06-17 21:43:37','2022-06-17 21:43:37',NULL),(735,7255,1,1,NULL,NULL,124384,23,NULL,NULL,334,1,NULL,NULL,41445,41449,00000859,NULL,NULL,'2022-03-04','2022-03-04',0003,1,NULL,70700.30,NULL,'2022-06-17 21:43:37','2022-06-17 21:43:37',NULL),(736,7255,1,23,NULL,NULL,124384,23,NULL,NULL,334,1,NULL,NULL,41445,41450,00000044,NULL,NULL,'2022-03-04','2022-03-04',0003,1,NULL,271161.00,NULL,'2022-06-17 21:43:37','2022-06-17 21:43:37',NULL),(737,7255,1,1,NULL,NULL,124384,23,NULL,NULL,334,1,NULL,NULL,41445,41451,00000860,NULL,NULL,'2022-03-07','2022-03-07',0003,1,NULL,113316.50,NULL,'2022-06-17 21:43:37','2022-06-17 21:43:37',NULL),(738,7255,1,1,NULL,NULL,124384,23,NULL,NULL,334,1,NULL,NULL,41445,41452,00000861,NULL,NULL,'2022-03-07','2022-03-07',0003,1,NULL,101349.60,NULL,'2022-06-17 21:43:37','2022-06-17 21:43:37',NULL),(739,7255,1,1,NULL,NULL,124384,23,NULL,NULL,334,1,NULL,NULL,41445,41453,00000862,NULL,NULL,'2022-03-07','2022-03-07',0003,1,NULL,78650.00,NULL,'2022-06-17 21:43:37','2022-06-17 21:43:37',NULL),(740,7255,1,1,NULL,NULL,124384,23,NULL,NULL,334,1,NULL,NULL,41445,41447,00000863,NULL,NULL,'2022-03-08','2022-03-08',0003,1,NULL,1573.00,NULL,'2022-06-17 21:43:37','2022-06-17 21:43:37',NULL),(741,7255,1,1,NULL,NULL,124384,23,NULL,NULL,334,1,NULL,NULL,41445,41446,00000864,NULL,NULL,'2022-03-08','2022-03-08',0003,1,NULL,18150.00,NULL,'2022-06-17 21:43:37','2022-06-17 21:43:37',NULL),(742,7255,1,1,NULL,NULL,124384,23,NULL,NULL,334,1,NULL,NULL,41445,41454,00000865,NULL,NULL,'2022-03-17','2022-03-17',0003,1,NULL,62496.50,NULL,'2022-06-17 21:43:37','2022-06-17 21:43:37',NULL),(743,7255,1,1,NULL,NULL,124384,23,NULL,NULL,334,1,NULL,NULL,41445,41455,00000866,NULL,NULL,'2022-03-17','2022-03-17',0003,1,NULL,35079.11,NULL,'2022-06-17 21:43:37','2022-06-17 21:43:37',NULL),(744,7255,1,1,NULL,NULL,124384,23,NULL,NULL,334,1,NULL,NULL,41445,41456,00000867,NULL,NULL,'2022-03-18','2022-03-18',0003,1,NULL,27418.60,NULL,'2022-06-17 21:43:37','2022-06-17 21:43:37',NULL),(745,7255,1,23,NULL,NULL,124384,23,NULL,NULL,334,1,NULL,NULL,41445,41457,00000045,NULL,NULL,'2022-03-18','2022-03-18',0003,1,NULL,741488.00,NULL,'2022-06-17 21:43:37','2022-06-17 21:43:37',NULL),(746,7255,1,23,NULL,NULL,124384,23,NULL,NULL,334,1,NULL,NULL,41445,41457,00000046,NULL,NULL,'2022-03-18','2022-03-18',0003,1,NULL,222252.80,NULL,'2022-06-17 21:43:38','2022-06-17 21:43:38',NULL),(747,7255,1,1,NULL,NULL,124384,23,NULL,NULL,334,1,NULL,NULL,41445,41458,00000868,NULL,NULL,'2022-03-22','2022-03-22',0003,1,NULL,101035.00,NULL,'2022-06-17 21:43:38','2022-06-17 21:43:38',NULL),(748,7255,1,1,NULL,NULL,124384,23,NULL,NULL,334,1,NULL,NULL,41445,41459,00000869,NULL,NULL,'2022-03-22','2022-03-22',0003,1,NULL,45375.00,NULL,'2022-06-17 21:43:38','2022-06-17 21:43:38',NULL),(749,7255,1,1,NULL,NULL,124384,23,NULL,NULL,334,1,NULL,NULL,41445,41460,00000870,NULL,NULL,'2022-03-22','2022-03-22',0003,1,NULL,45375.00,NULL,'2022-06-17 21:43:38','2022-06-17 21:43:38',NULL),(750,7255,1,1,NULL,NULL,124384,23,NULL,NULL,334,1,NULL,NULL,41445,41451,00000871,NULL,NULL,'2022-03-22','2022-03-22',0003,1,NULL,62496.50,NULL,'2022-06-17 21:43:38','2022-06-17 21:43:38',NULL),(751,7255,1,1,NULL,NULL,124384,23,NULL,NULL,334,1,NULL,NULL,41445,41461,00000872,NULL,NULL,'2022-03-25','2022-03-25',0003,1,NULL,14278.00,NULL,'2022-06-17 21:43:38','2022-06-17 21:43:38',NULL);
INSERT INTO `receipts` VALUES (752,7255,1,1,NULL,NULL,124384,23,NULL,NULL,334,1,NULL,NULL,41445,41454,00000873,NULL,NULL,'2022-03-25','2022-03-25',0003,1,NULL,164148.60,NULL,'2022-06-17 21:43:38','2022-06-17 21:43:38',NULL),(753,7255,1,1,NULL,NULL,124384,23,NULL,NULL,334,1,NULL,NULL,41445,41462,00000874,NULL,NULL,'2022-03-31','2022-03-31',0003,1,NULL,51577.94,NULL,'2022-06-17 21:43:38','2022-06-17 21:43:38',NULL),(754,7255,2,1,NULL,NULL,124384,23,217,NULL,334,1,NULL,NULL,41445,41463,00001184,NULL,NULL,'2022-03-01','2022-03-01',0003,1,NULL,5710.00,NULL,'2022-06-17 21:49:09','2022-06-17 21:49:09',NULL),(755,7255,2,1,NULL,NULL,124384,23,217,NULL,334,1,NULL,NULL,41445,41464,00702346,NULL,NULL,'2022-03-01','2022-03-01',1064,1,NULL,33245.45,NULL,'2022-06-17 21:49:09','2022-06-17 21:49:09',NULL),(756,7255,2,1,NULL,NULL,124384,23,217,NULL,334,1,NULL,NULL,41445,41357,00206514,NULL,NULL,'2022-03-02','2022-03-02',5014,1,NULL,2261.14,NULL,'2022-06-17 21:49:09','2022-06-17 21:49:09',NULL),(757,7255,2,1,NULL,NULL,124384,23,217,NULL,334,1,NULL,NULL,41445,41465,00000773,NULL,NULL,'2022-03-02','2022-03-02',0003,1,NULL,72899.60,NULL,'2022-06-17 21:49:09','2022-06-17 21:49:09',NULL),(758,7255,2,1,NULL,NULL,124384,23,217,NULL,334,1,NULL,NULL,41445,41357,00280294,NULL,NULL,'2022-03-02','2022-03-02',5011,1,NULL,518.41,NULL,'2022-06-17 21:49:09','2022-06-17 21:49:09',NULL),(759,7255,2,4,NULL,NULL,124384,23,217,NULL,334,1,NULL,NULL,41445,41466,00000459,NULL,NULL,'2022-03-02','2022-03-02',0005,1,NULL,2483.00,NULL,'2022-06-17 21:49:09','2022-06-17 21:49:09',NULL),(760,7255,2,6,NULL,NULL,124384,23,217,NULL,334,1,NULL,NULL,41445,41466,00000022,NULL,NULL,'2022-03-02','2022-03-02',0005,1,NULL,2483.00,NULL,'2022-06-17 21:49:10','2022-06-17 21:49:10',NULL),(761,7255,2,1,NULL,NULL,124384,23,217,NULL,334,1,NULL,NULL,41445,41466,00000819,NULL,NULL,'2022-03-02','2022-03-02',0005,1,NULL,2483.00,NULL,'2022-06-17 21:49:10','2022-06-17 21:49:10',NULL),(762,7255,2,1,NULL,NULL,124384,23,217,NULL,334,1,NULL,NULL,41445,41467,00011849,NULL,NULL,'2022-03-02','2022-03-02',0003,1,NULL,12562.22,NULL,'2022-06-17 21:49:10','2022-06-17 21:49:10',NULL),(763,7255,2,1,NULL,NULL,124384,23,217,NULL,334,1,NULL,NULL,41445,41468,00021594,NULL,NULL,'2022-03-02','2022-03-02',0006,1,NULL,7112.14,NULL,'2022-06-17 21:49:10','2022-06-17 21:49:10',NULL),(764,7255,2,1,NULL,NULL,124384,23,217,NULL,334,1,NULL,NULL,41445,41467,00011855,NULL,NULL,'2022-03-02','2022-03-02',0003,1,NULL,3436.40,NULL,'2022-06-17 21:49:10','2022-06-17 21:49:10',NULL),(765,7255,2,1,NULL,NULL,124384,23,217,NULL,334,1,NULL,NULL,41445,41469,00000885,NULL,NULL,'2022-03-03','2022-03-03',0002,1,NULL,300424.27,NULL,'2022-06-17 21:49:10','2022-06-17 21:49:10',NULL),(766,7255,2,1,NULL,NULL,124384,23,217,NULL,334,1,NULL,NULL,41445,41470,00000196,NULL,NULL,'2022-03-03','2022-03-03',0002,1,NULL,2373.60,NULL,'2022-06-17 21:49:10','2022-06-17 21:49:10',NULL),(767,7255,2,12,NULL,NULL,124384,23,250,NULL,334,1,NULL,NULL,41445,40719,00001564,NULL,NULL,'2022-03-03','2022-03-03',0003,1,NULL,17200.00,NULL,'2022-06-17 21:49:10','2022-06-17 21:49:10',NULL),(768,7255,2,1,NULL,NULL,124384,23,217,NULL,334,1,NULL,NULL,41445,41471,00018057,NULL,NULL,'2022-03-03','2022-03-03',0001,1,NULL,5505.50,NULL,'2022-06-17 21:49:10','2022-06-17 21:49:10',NULL),(769,7255,2,1,NULL,NULL,124384,23,217,NULL,334,1,NULL,NULL,41445,41472,00008481,NULL,NULL,'2022-03-04','2022-03-04',0002,1,NULL,20019.83,NULL,'2022-06-17 21:49:10','2022-06-17 21:49:10',NULL),(770,7255,2,3,NULL,NULL,124384,23,217,NULL,334,1,NULL,NULL,41445,41472,00000265,NULL,NULL,'2022-03-04','2022-03-04',0002,1,NULL,10692.09,NULL,'2022-06-17 21:49:10','2022-06-17 21:49:10',NULL),(771,7255,2,1,NULL,NULL,124384,23,217,NULL,334,1,NULL,NULL,41445,41472,00008477,NULL,NULL,'2022-03-04','2022-03-04',0002,1,NULL,10692.09,NULL,'2022-06-17 21:49:10','2022-06-17 21:49:10',NULL),(772,7255,2,1,NULL,NULL,124384,23,217,NULL,334,1,NULL,NULL,41445,41373,03066421,NULL,NULL,'2022-03-04','2022-03-04',0629,1,NULL,163.00,NULL,'2022-06-17 21:49:10','2022-06-17 21:49:10',NULL);
INSERT INTO `receipts` VALUES (773,7255,2,1,NULL,NULL,124384,23,217,NULL,334,1,NULL,NULL,41445,41473,00076967,NULL,NULL,'2022-03-04','2022-03-04',0003,1,NULL,30218.95,NULL,'2022-06-17 21:49:10','2022-06-17 21:49:10',NULL),(774,7255,2,1,NULL,NULL,124384,23,217,NULL,334,1,NULL,NULL,41445,41375,02675509,NULL,NULL,'2022-03-04','2022-03-04',0711,1,NULL,136.00,NULL,'2022-06-17 21:49:10','2022-06-17 21:49:10',NULL),(775,7255,2,1,NULL,NULL,124384,23,217,NULL,334,1,NULL,NULL,41445,41468,00021606,NULL,NULL,'2022-03-04','2022-03-04',0006,1,NULL,8353.16,NULL,'2022-06-17 21:49:10','2022-06-17 21:49:10',NULL),(776,7255,2,1,NULL,NULL,124384,23,217,NULL,334,1,NULL,NULL,41445,41375,02716511,NULL,NULL,'2022-03-04','2022-03-04',0711,1,NULL,136.00,NULL,'2022-06-17 21:49:10','2022-06-17 21:49:10',NULL),(777,7255,2,1,NULL,NULL,124384,23,217,NULL,334,1,NULL,NULL,41445,41474,00002828,NULL,NULL,'2022-03-05','2022-03-05',0015,1,NULL,3827.96,NULL,'2022-06-17 21:49:10','2022-06-17 21:49:10',NULL),(778,7255,2,1,NULL,NULL,124384,23,217,NULL,334,1,NULL,NULL,41445,41475,00065870,NULL,NULL,'2022-03-05','2022-03-05',0004,1,NULL,10151.62,NULL,'2022-06-17 21:49:10','2022-06-17 21:49:10',NULL),(779,7255,2,1,NULL,NULL,124384,23,217,NULL,334,1,NULL,NULL,41445,41476,00009998,NULL,NULL,'2022-03-05','2022-03-05',0009,1,NULL,246.60,NULL,'2022-06-17 21:49:10','2022-06-17 21:49:10',NULL),(780,7255,2,1,NULL,NULL,124384,23,217,NULL,334,1,NULL,NULL,41445,41468,00021621,NULL,NULL,'2022-03-05','2022-03-05',0006,1,NULL,19566.53,NULL,'2022-06-17 21:49:10','2022-06-17 21:49:10',NULL),(781,7255,2,1,NULL,NULL,124384,23,217,NULL,334,1,NULL,NULL,41445,41468,00021622,NULL,NULL,'2022-03-05','2022-03-05',0006,1,NULL,41895.08,NULL,'2022-06-17 21:49:10','2022-06-17 21:49:10',NULL),(782,7255,2,1,NULL,NULL,124384,23,217,NULL,334,1,NULL,NULL,41445,41477,00207034,NULL,NULL,'2022-03-07','2022-03-07',0003,1,NULL,444.94,NULL,'2022-06-17 21:49:10','2022-06-17 21:49:10',NULL),(783,7255,2,1,NULL,NULL,124384,23,217,NULL,334,1,NULL,NULL,41445,41478,00003451,NULL,NULL,'2022-03-07','2022-03-07',0004,1,NULL,11494.42,NULL,'2022-06-17 21:49:10','2022-06-17 21:49:10',NULL),(784,7255,2,1,NULL,NULL,124384,23,217,NULL,334,1,NULL,NULL,41445,41475,00065906,NULL,NULL,'2022-03-07','2022-03-07',0004,1,NULL,7108.42,NULL,'2022-06-17 21:49:10','2022-06-17 21:49:10',NULL),(785,7255,2,1,NULL,NULL,124384,23,217,NULL,334,1,NULL,NULL,41445,41479,00577633,NULL,NULL,'2022-03-07','2022-03-07',0141,1,NULL,5743.82,NULL,'2022-06-17 21:49:10','2022-06-17 21:49:10',NULL),(786,7255,2,1,NULL,NULL,124384,23,217,NULL,334,1,NULL,NULL,41445,41467,00011878,NULL,NULL,'2022-03-07','2022-03-07',0003,1,NULL,18500.00,NULL,'2022-06-17 21:49:11','2022-06-17 21:49:11',NULL),(787,7255,2,1,NULL,NULL,124384,23,217,NULL,334,1,NULL,NULL,41445,41480,00029248,NULL,NULL,'2022-03-08','2022-03-08',0002,1,NULL,3579.20,NULL,'2022-06-17 21:49:11','2022-06-17 21:49:11',NULL),(788,7255,2,1,NULL,NULL,124384,23,217,NULL,334,1,NULL,NULL,41445,41477,00207284,NULL,NULL,'2022-03-08','2022-03-08',0003,1,NULL,444.94,NULL,'2022-06-17 21:49:11','2022-06-17 21:49:11',NULL),(789,7255,2,1,NULL,NULL,124384,23,217,NULL,334,1,NULL,NULL,41445,41468,00021637,NULL,NULL,'2022-03-08','2022-03-08',0006,1,NULL,13389.78,NULL,'2022-06-17 21:49:11','2022-06-17 21:49:11',NULL),(790,7255,2,1,NULL,NULL,124384,23,217,NULL,334,1,NULL,NULL,41445,41468,00021636,NULL,NULL,'2022-03-08','2022-03-08',0006,1,NULL,19014.63,NULL,'2022-06-17 21:49:11','2022-06-17 21:49:11',NULL),(791,7255,2,1,NULL,NULL,124384,23,217,NULL,334,1,NULL,NULL,41445,41468,00021631,NULL,NULL,'2022-03-08','2022-03-08',0006,1,NULL,12722.95,NULL,'2022-06-17 21:49:11','2022-06-17 21:49:11',NULL),(792,7255,2,3,NULL,NULL,124384,23,217,NULL,334,1,NULL,NULL,41445,41468,00002043,NULL,NULL,'2022-03-08','2022-03-08',0006,1,NULL,12722.95,NULL,'2022-06-17 21:49:11','2022-06-17 21:49:11',NULL),(793,7255,2,1,NULL,NULL,124384,23,217,NULL,334,1,NULL,NULL,41445,41480,00029276,NULL,NULL,'2022-03-09','2022-03-09',0002,1,NULL,3579.20,NULL,'2022-06-17 21:49:11','2022-06-17 21:49:11',NULL);
INSERT INTO `receipts` VALUES (794,7255,2,3,NULL,NULL,124384,23,217,NULL,334,1,NULL,NULL,41445,41468,00002047,NULL,NULL,'2022-03-09','2022-03-09',0006,1,NULL,30005.25,NULL,'2022-06-17 21:49:11','2022-06-17 21:49:11',NULL),(795,7255,2,3,NULL,NULL,124384,23,217,NULL,334,1,NULL,NULL,41445,41468,00002044,NULL,NULL,'2022-03-09','2022-03-09',0006,1,NULL,17814.59,NULL,'2022-06-17 21:49:11','2022-06-17 21:49:11',NULL),(796,7255,2,3,NULL,NULL,124384,23,217,NULL,334,1,NULL,NULL,41445,41468,00002046,NULL,NULL,'2022-03-09','2022-03-09',0006,1,NULL,13389.78,NULL,'2022-06-17 21:49:11','2022-06-17 21:49:11',NULL),(797,7255,2,3,NULL,NULL,124384,23,217,NULL,334,1,NULL,NULL,41445,41468,00002045,NULL,NULL,'2022-03-09','2022-03-09',0006,1,NULL,19014.63,NULL,'2022-06-17 21:49:11','2022-06-17 21:49:11',NULL),(798,7255,2,1,NULL,NULL,124384,23,217,NULL,334,1,NULL,NULL,41445,41481,00000225,NULL,NULL,'2022-03-09','2022-03-09',0004,1,NULL,1680.00,NULL,'2022-06-17 21:49:11','2022-06-17 21:49:11',NULL),(799,7255,2,1,NULL,NULL,124384,23,217,NULL,334,1,NULL,NULL,41445,41482,00001089,NULL,NULL,'2022-03-10','2022-03-10',0002,1,NULL,28900.00,NULL,'2022-06-17 21:49:11','2022-06-17 21:49:11',NULL),(800,7255,2,1,NULL,NULL,124384,23,217,NULL,334,1,NULL,NULL,41445,41483,00001869,NULL,NULL,'2022-03-10','2022-03-10',0001,1,NULL,7078.50,NULL,'2022-06-17 21:49:11','2022-06-17 21:49:11',NULL),(801,7255,2,1,NULL,NULL,124384,23,217,NULL,334,1,NULL,NULL,41445,41484,00160445,NULL,NULL,'2022-03-10','2022-03-10',0005,1,NULL,31701.55,NULL,'2022-06-17 21:49:11','2022-06-17 21:49:11',NULL),(802,7255,2,1,NULL,NULL,124384,23,217,NULL,334,1,NULL,NULL,41445,41472,00008527,NULL,NULL,'2022-03-11','2022-03-11',0002,1,NULL,2797.92,NULL,'2022-06-17 21:49:11','2022-06-17 21:49:11',NULL),(803,7255,2,3,NULL,NULL,124384,23,217,NULL,334,1,NULL,NULL,41445,41478,00000056,NULL,NULL,'2022-03-11','2022-03-11',0004,1,NULL,4844.53,NULL,'2022-06-17 21:49:11','2022-06-17 21:49:11',NULL),(804,7255,2,1,NULL,NULL,124384,23,217,NULL,334,1,NULL,NULL,41445,41478,00003498,NULL,NULL,'2022-03-11','2022-03-11',0004,1,NULL,5761.45,NULL,'2022-06-17 21:49:11','2022-06-17 21:49:11',NULL),(805,7255,2,1,NULL,NULL,124384,23,217,NULL,334,1,NULL,NULL,41445,41478,00003500,NULL,NULL,'2022-03-11','2022-03-11',0004,1,NULL,4615.25,NULL,'2022-06-17 21:49:11','2022-06-17 21:49:11',NULL),(806,7255,2,1,NULL,NULL,124384,23,217,NULL,334,1,NULL,NULL,41445,41358,02536017,NULL,NULL,'2022-03-12','2022-03-12',0050,1,NULL,3964.38,NULL,'2022-06-17 21:49:11','2022-06-17 21:49:11',NULL),(807,7255,2,1,NULL,NULL,124384,23,217,NULL,334,1,NULL,NULL,41445,41485,00001243,NULL,NULL,'2022-03-14','2022-03-14',0063,1,NULL,4484.34,NULL,'2022-06-17 21:49:11','2022-06-17 21:49:11',NULL),(808,7255,2,1,NULL,NULL,124384,23,217,NULL,334,1,NULL,NULL,41445,41486,00000964,NULL,NULL,'2022-03-14','2022-03-14',0020,1,NULL,82200.03,NULL,'2022-06-17 21:49:11','2022-06-17 21:49:11',NULL),(809,7255,2,1,NULL,NULL,124384,23,217,NULL,334,1,NULL,NULL,41445,41483,00001873,NULL,NULL,'2022-03-14','2022-03-14',0001,1,NULL,4356.00,NULL,'2022-06-17 21:49:11','2022-06-17 21:49:11',NULL),(810,7255,2,7,NULL,NULL,124384,23,250,NULL,334,1,NULL,NULL,41445,41364,00841516,NULL,NULL,'2022-03-14','2022-03-14',0600,1,NULL,4155.00,NULL,'2022-06-17 21:49:12','2022-06-17 21:49:12',NULL),(811,7255,2,1,NULL,NULL,124384,23,217,NULL,334,1,NULL,NULL,41445,41487,00789399,NULL,NULL,'2022-03-14','2022-03-14',0035,1,NULL,8100.28,NULL,'2022-06-17 21:49:12','2022-06-17 21:49:12',NULL),(812,7255,2,1,NULL,NULL,124384,23,217,NULL,334,1,NULL,NULL,41445,41488,00001516,NULL,NULL,'2022-03-14','2022-03-14',0001,1,NULL,141328.00,NULL,'2022-06-17 21:49:12','2022-06-17 21:49:12',NULL),(813,7255,2,1,NULL,NULL,124384,23,217,NULL,334,1,NULL,NULL,41445,41478,00003509,NULL,NULL,'2022-03-15','2022-03-15',0004,1,NULL,2335.82,NULL,'2022-06-17 21:49:12','2022-06-17 21:49:12',NULL),(814,7255,2,1,NULL,NULL,124384,23,217,NULL,334,1,NULL,NULL,41445,41489,00004195,NULL,NULL,'2022-03-15','2022-03-15',0005,1,NULL,800.00,NULL,'2022-06-17 21:49:12','2022-06-17 21:49:12',NULL);
INSERT INTO `receipts` VALUES (815,7255,2,1,NULL,NULL,124384,23,217,NULL,334,1,NULL,NULL,41445,41490,00013695,NULL,NULL,'2022-03-16','2022-03-16',0002,1,NULL,11539.76,NULL,'2022-06-17 21:49:12','2022-06-17 21:49:12',NULL),(816,7255,2,1,NULL,NULL,124384,23,217,NULL,334,1,NULL,NULL,41445,41491,00005186,NULL,NULL,'2022-03-16','2022-03-16',0002,1,NULL,1749.99,NULL,'2022-06-17 21:49:12','2022-06-17 21:49:12',NULL),(817,7255,2,1,NULL,NULL,124384,23,217,NULL,334,1,NULL,NULL,41445,41357,00210763,NULL,NULL,'2022-03-17','2022-03-17',5014,1,NULL,2014.89,NULL,'2022-06-17 21:49:12','2022-06-17 21:49:12',NULL),(818,7255,2,1,NULL,NULL,124384,23,217,NULL,334,1,NULL,NULL,41445,41357,00287863,NULL,NULL,'2022-03-17','2022-03-17',5011,1,NULL,866.56,NULL,'2022-06-17 21:49:12','2022-06-17 21:49:12',NULL),(819,7255,2,1,NULL,NULL,124384,23,217,NULL,334,1,NULL,NULL,41445,41373,03117389,NULL,NULL,'2022-03-18','2022-03-18',0629,1,NULL,371.85,NULL,'2022-06-17 21:49:12','2022-06-17 21:49:12',NULL),(820,7255,2,1,NULL,NULL,124384,23,217,NULL,334,1,NULL,NULL,41445,41373,03083554,NULL,NULL,'2022-03-18','2022-03-18',0629,1,NULL,68.00,NULL,'2022-06-17 21:49:12','2022-06-17 21:49:12',NULL),(821,7255,2,3,NULL,NULL,124384,23,217,NULL,334,1,NULL,NULL,41445,41479,00029709,NULL,NULL,'2022-03-18','2022-03-18',0141,1,NULL,5743.82,NULL,'2022-06-17 21:49:12','2022-06-17 21:49:12',NULL),(822,7255,2,1,NULL,NULL,124384,23,217,NULL,334,1,NULL,NULL,41445,41375,02771022,NULL,NULL,'2022-03-18','2022-03-18',0711,1,NULL,357.67,NULL,'2022-06-17 21:49:12','2022-06-17 21:49:12',NULL),(823,7255,2,1,NULL,NULL,124384,23,217,NULL,334,1,NULL,NULL,41445,41375,02727913,NULL,NULL,'2022-03-18','2022-03-18',0711,1,NULL,95.00,NULL,'2022-06-17 21:49:12','2022-06-17 21:49:12',NULL),(824,7255,2,1,NULL,NULL,124384,23,217,NULL,334,1,NULL,NULL,41445,41492,00001926,NULL,NULL,'2022-03-18','2022-03-18',0006,1,NULL,19555.21,NULL,'2022-06-17 21:49:12','2022-06-17 21:49:12',NULL),(825,7255,2,1,NULL,NULL,124384,23,217,NULL,334,1,NULL,NULL,41445,41493,00501142,NULL,NULL,'2022-03-21','2022-03-21',0503,1,NULL,434.13,NULL,'2022-06-17 21:49:12','2022-06-17 21:49:12',NULL),(826,7255,2,1,NULL,NULL,124384,23,217,NULL,334,1,NULL,NULL,41445,41494,00008256,NULL,NULL,'2022-03-21','2022-03-21',6950,1,NULL,1525.70,NULL,'2022-06-17 21:49:12','2022-06-17 21:49:12',NULL),(827,7255,2,1,NULL,NULL,124384,23,217,NULL,334,1,NULL,NULL,41445,41377,02746929,NULL,NULL,'2022-03-21','2022-03-21',0113,1,NULL,100.00,NULL,'2022-06-17 21:49:12','2022-06-17 21:49:12',NULL),(828,7255,2,1,NULL,NULL,124384,23,217,NULL,334,1,NULL,NULL,41445,41377,02722822,NULL,NULL,'2022-03-21','2022-03-21',0113,1,NULL,100.00,NULL,'2022-06-17 21:49:12','2022-06-17 21:49:12',NULL),(829,7255,2,1,NULL,NULL,124384,23,217,NULL,334,1,NULL,NULL,41445,41472,00008571,NULL,NULL,'2022-03-22','2022-03-22',0002,1,NULL,3340.80,NULL,'2022-06-17 21:49:12','2022-06-17 21:49:12',NULL),(830,7255,2,1,NULL,NULL,124384,23,217,NULL,334,1,NULL,NULL,41445,41495,01385296,NULL,NULL,'2022-03-22','2022-03-22',0104,1,NULL,408.60,NULL,'2022-06-17 21:49:12','2022-06-17 21:49:12',NULL),(831,7255,2,1,NULL,NULL,124384,23,217,NULL,334,1,NULL,NULL,41445,41494,00001129,NULL,NULL,'2022-03-22','2022-03-22',8450,1,NULL,4069.48,NULL,'2022-06-17 21:49:12','2022-06-17 21:49:12',NULL),(832,7255,2,1,NULL,NULL,124384,23,217,NULL,334,1,NULL,NULL,41445,41494,00001128,NULL,NULL,'2022-03-22','2022-03-22',8450,1,NULL,609.92,NULL,'2022-06-17 21:49:12','2022-06-17 21:49:12',NULL),(833,7255,2,1,NULL,NULL,124384,23,217,NULL,334,1,NULL,NULL,41445,41478,00003548,NULL,NULL,'2022-03-22','2022-03-22',0004,1,NULL,2477.61,NULL,'2022-06-17 21:49:12','2022-06-17 21:49:12',NULL),(834,7255,2,1,NULL,NULL,124384,23,217,NULL,334,1,NULL,NULL,41445,41451,00000095,NULL,NULL,'2022-03-22','2022-03-22',0004,1,NULL,135036.00,NULL,'2022-06-17 21:49:13','2022-06-17 21:49:13',NULL),(835,7255,2,1,NULL,NULL,124384,23,217,NULL,334,1,NULL,NULL,41445,41495,00445091,NULL,NULL,'2022-03-23','2022-03-23',0700,1,NULL,556.26,NULL,'2022-06-17 21:49:13','2022-06-17 21:49:13',NULL);
INSERT INTO `receipts` VALUES (836,7255,2,1,NULL,NULL,124384,23,217,NULL,334,1,NULL,NULL,41445,41472,00008573,NULL,NULL,'2022-03-23','2022-03-23',0002,1,NULL,3860.69,NULL,'2022-06-17 21:49:13','2022-06-17 21:49:13',NULL),(837,7255,2,1,NULL,NULL,124384,23,217,NULL,334,1,NULL,NULL,41445,41496,00023350,NULL,NULL,'2022-03-23','2022-03-23',2002,1,NULL,3815.00,NULL,'2022-06-17 21:49:13','2022-06-17 21:49:13',NULL),(838,7255,2,1,NULL,NULL,124384,23,217,NULL,334,1,NULL,NULL,41445,41497,00012015,NULL,NULL,'2022-03-23','2022-03-23',0002,1,NULL,9760.59,NULL,'2022-06-17 21:49:13','2022-06-17 21:49:13',NULL),(839,7255,2,1,NULL,NULL,124384,23,217,NULL,334,1,NULL,NULL,41445,41498,00000718,NULL,NULL,'2022-03-25','2022-03-25',0020,1,NULL,14508.65,NULL,'2022-06-17 21:49:13','2022-06-17 21:49:13',NULL),(840,7255,2,1,NULL,NULL,124384,23,217,NULL,334,1,NULL,NULL,41445,41475,00066699,NULL,NULL,'2022-03-25','2022-03-25',0004,1,NULL,10045.69,NULL,'2022-06-17 21:49:13','2022-06-17 21:49:13',NULL),(841,7255,2,1,NULL,NULL,124384,23,217,NULL,334,1,NULL,NULL,41445,41490,00013748,NULL,NULL,'2022-03-25','2022-03-25',0002,1,NULL,12368.42,NULL,'2022-06-17 21:49:13','2022-06-17 21:49:13',NULL),(842,7255,2,1,NULL,NULL,124384,23,217,NULL,334,1,NULL,NULL,41445,41472,00008593,NULL,NULL,'2022-03-28','2022-03-28',0002,1,NULL,63643.83,NULL,'2022-06-17 21:49:13','2022-06-17 21:49:13',NULL),(843,7255,2,1,NULL,NULL,124384,23,217,NULL,334,1,NULL,NULL,41445,41499,00001614,NULL,NULL,'2022-03-28','2022-03-28',0300,1,NULL,35224.66,NULL,'2022-06-17 21:49:13','2022-06-17 21:49:13',NULL),(844,7255,2,1,NULL,NULL,124384,23,217,NULL,334,1,NULL,NULL,41445,41499,00001613,NULL,NULL,'2022-03-28','2022-03-28',0300,1,NULL,80478.78,NULL,'2022-06-17 21:49:13','2022-06-17 21:49:13',NULL),(845,7255,2,1,NULL,NULL,124384,23,217,NULL,334,1,NULL,NULL,41445,41499,00001629,NULL,NULL,'2022-03-28','2022-03-28',0300,1,NULL,1303.35,NULL,'2022-06-17 21:49:13','2022-06-17 21:49:13',NULL),(846,7255,2,3,NULL,NULL,124384,23,217,NULL,334,1,NULL,NULL,41445,41499,00000121,NULL,NULL,'2022-03-28','2022-03-28',0300,1,NULL,2040.55,NULL,'2022-06-17 21:49:13','2022-06-17 21:49:13',NULL),(847,7255,2,3,NULL,NULL,124384,23,217,NULL,334,1,NULL,NULL,41445,41500,00002354,NULL,NULL,'2022-03-28','2022-03-28',0002,1,NULL,30358.66,NULL,'2022-06-17 21:49:13','2022-06-17 21:49:13',NULL),(848,7255,2,1,NULL,NULL,124384,23,217,NULL,334,1,NULL,NULL,41445,41501,00000442,NULL,NULL,'2022-03-28','2022-03-28',0401,1,NULL,125840.00,NULL,'2022-06-17 21:49:13','2022-06-17 21:49:13',NULL),(849,7255,2,1,NULL,NULL,124384,23,217,NULL,334,1,NULL,NULL,41445,41474,00002953,NULL,NULL,'2022-03-29','2022-03-29',0015,1,NULL,11321.31,NULL,'2022-06-17 21:49:13','2022-06-17 21:49:13',NULL),(850,7255,2,7,NULL,NULL,124384,23,250,NULL,334,1,NULL,NULL,41445,41502,00000684,NULL,NULL,'2022-03-29','2022-03-29',0002,1,NULL,34000.00,NULL,'2022-06-17 21:49:13','2022-06-17 21:49:13',NULL),(851,7255,2,1,NULL,NULL,124384,23,217,NULL,334,1,NULL,NULL,41445,41503,00001753,NULL,NULL,'2022-03-31','2022-03-31',0002,1,NULL,19723.00,NULL,'2022-06-17 21:49:13','2022-06-17 21:49:13',NULL),(852,7255,2,1,NULL,NULL,124384,23,217,NULL,334,1,NULL,NULL,41445,41504,00048182,NULL,NULL,'2022-03-31','2022-03-31',0065,1,NULL,43838.00,NULL,'2022-06-17 21:49:13','2022-06-17 21:49:13',NULL),(853,7255,2,1,NULL,NULL,124384,23,217,NULL,334,1,NULL,NULL,41445,41505,00005887,NULL,NULL,'2022-03-31','2022-03-31',0006,1,NULL,9075.00,NULL,'2022-06-17 21:49:13','2022-06-17 21:49:13',NULL),(854,7255,2,9,NULL,NULL,124384,23,250,NULL,334,1,NULL,NULL,41445,41374,00002600,NULL,NULL,'2022-03-31','2022-03-31',0003,1,NULL,155163.32,NULL,'2022-06-17 21:49:13','2022-06-17 21:49:13',NULL),(855,7255,2,9,NULL,NULL,124384,23,250,NULL,334,1,NULL,NULL,41445,41374,00002599,NULL,NULL,'2022-03-31','2022-03-31',0003,1,NULL,95325.37,NULL,'2022-06-17 21:49:13','2022-06-17 21:49:13',NULL),(856,7255,2,8,NULL,NULL,124384,23,250,NULL,334,1,NULL,NULL,41445,41374,00000394,NULL,NULL,'2022-03-31','2022-03-31',0003,1,NULL,95325.37,NULL,'2022-06-17 21:49:13','2022-06-17 21:49:13',NULL);
INSERT INTO `receipts` VALUES (857,7255,2,1,NULL,NULL,124384,23,217,NULL,334,1,NULL,NULL,41445,41478,00003597,NULL,NULL,'2022-03-31','2022-03-31',0004,1,NULL,5456.27,NULL,'2022-06-17 21:49:13','2022-06-17 21:49:13',NULL),(858,7255,2,1,NULL,NULL,124384,23,217,NULL,334,1,NULL,NULL,41445,41506,00015483,NULL,NULL,'2022-03-31','2022-03-31',0003,1,NULL,14475.94,NULL,'2022-06-17 21:49:13','2022-06-17 21:49:13',NULL),(859,7255,2,1,NULL,NULL,124384,23,217,NULL,334,1,NULL,NULL,41445,41378,06018582,NULL,NULL,'2022-03-31','2022-03-31',6364,1,NULL,11465.77,NULL,'2022-06-17 21:49:13','2022-06-17 21:49:13',NULL),(860,7255,2,1,NULL,NULL,124384,23,217,NULL,334,1,NULL,NULL,41445,41490,00013776,NULL,NULL,'2022-03-31','2022-03-31',0002,1,NULL,23886.71,NULL,'2022-06-17 21:49:13','2022-06-17 21:49:13',NULL),(861,7255,2,1,NULL,NULL,124384,23,217,NULL,334,1,NULL,NULL,41445,41013,00039171,NULL,NULL,'2022-03-31','2022-03-31',2035,1,NULL,4691.51,NULL,'2022-06-17 21:49:14','2022-06-17 21:49:14',NULL),(862,7255,1,1,NULL,NULL,122822,23,NULL,NULL,334,1,NULL,NULL,41445,41454,00000875,NULL,NULL,'2022-04-01','2022-04-01',0003,1,NULL,34364.00,NULL,'2022-06-17 21:49:56','2022-06-17 21:49:56',NULL),(863,7255,1,1,NULL,NULL,122822,23,NULL,NULL,334,1,NULL,NULL,41445,41507,00000876,NULL,NULL,'2022-04-01','2022-04-01',0003,1,NULL,595720.51,NULL,'2022-06-17 21:49:56','2022-06-17 21:49:56',NULL),(864,7255,1,1,NULL,NULL,122822,23,NULL,NULL,334,1,NULL,NULL,41445,41508,00000877,NULL,NULL,'2022-04-01','2022-04-01',0003,1,NULL,1055313.60,NULL,'2022-06-17 21:49:56','2022-06-17 21:49:56',NULL),(865,7255,1,23,NULL,NULL,122822,23,NULL,NULL,334,1,NULL,NULL,41445,41509,00000047,NULL,NULL,'2022-04-01','2022-04-01',0003,1,NULL,276557.60,NULL,'2022-06-17 21:49:56','2022-06-17 21:49:56',NULL),(866,7255,1,1,NULL,NULL,122822,23,NULL,NULL,334,1,NULL,NULL,41445,41457,00000878,NULL,NULL,'2022-04-04','2022-04-04',0003,1,NULL,127050.00,NULL,'2022-06-17 21:49:56','2022-06-17 21:49:56',NULL),(867,7255,1,23,NULL,NULL,122822,23,NULL,NULL,334,1,NULL,NULL,41445,41450,00000048,NULL,NULL,'2022-04-04','2022-04-04',0003,1,NULL,271161.00,NULL,'2022-06-17 21:49:56','2022-06-17 21:49:56',NULL),(868,7255,1,25,NULL,NULL,122822,23,NULL,NULL,334,1,NULL,NULL,41445,41457,00000005,NULL,NULL,'2022-04-04','2022-04-04',0003,1,NULL,222252.80,NULL,'2022-06-17 21:49:57','2022-06-17 21:49:57',NULL),(869,7255,1,1,NULL,NULL,122822,23,NULL,NULL,334,1,NULL,NULL,41445,41446,00000879,NULL,NULL,'2022-04-06','2022-04-06',0003,1,NULL,30250.00,NULL,'2022-06-17 21:49:57','2022-06-17 21:49:57',NULL),(870,7255,1,1,NULL,NULL,122822,23,NULL,NULL,334,1,NULL,NULL,41445,41510,00000880,NULL,NULL,'2022-04-11','2022-04-11',0003,1,NULL,81070.00,NULL,'2022-06-17 21:49:57','2022-06-17 21:49:57',NULL),(871,7255,1,3,NULL,NULL,122822,23,NULL,NULL,334,1,NULL,NULL,41445,41507,00000097,NULL,NULL,'2022-04-11','2022-04-11',0003,1,NULL,595720.51,NULL,'2022-06-17 21:49:57','2022-06-17 21:49:57',NULL),(872,7255,1,23,NULL,NULL,122822,23,NULL,NULL,334,1,NULL,NULL,41445,41509,00000049,NULL,NULL,'2022-04-11','2022-04-11',0003,1,NULL,595720.51,NULL,'2022-06-17 21:49:57','2022-06-17 21:49:57',NULL),(873,7255,1,1,NULL,NULL,122822,23,NULL,NULL,334,1,NULL,NULL,41445,41511,00000881,NULL,NULL,'2022-04-12','2022-04-12',0003,1,NULL,36487.55,NULL,'2022-06-17 21:49:57','2022-06-17 21:49:57',NULL),(874,7255,1,1,NULL,NULL,122822,23,NULL,NULL,334,1,NULL,NULL,41445,41458,00000882,NULL,NULL,'2022-04-13','2022-04-13',0003,1,NULL,36300.00,NULL,'2022-06-17 21:49:57','2022-06-17 21:49:57',NULL),(875,7255,1,1,NULL,NULL,122822,23,NULL,NULL,334,1,NULL,NULL,41445,41456,00000883,NULL,NULL,'2022-04-13','2022-04-13',0003,1,NULL,48400.00,NULL,'2022-06-17 21:49:57','2022-06-17 21:49:57',NULL),(876,7255,1,1,NULL,NULL,122822,23,NULL,NULL,334,1,NULL,NULL,41445,41512,00000884,NULL,NULL,'2022-04-13','2022-04-13',0003,1,NULL,85486.50,NULL,'2022-06-17 21:49:57','2022-06-17 21:49:57',NULL);
INSERT INTO `receipts` VALUES (877,7255,1,1,NULL,NULL,122822,23,NULL,NULL,334,1,NULL,NULL,41445,41512,00000885,NULL,NULL,'2022-04-13','2022-04-13',0003,1,NULL,18150.00,NULL,'2022-06-17 21:49:57','2022-06-17 21:49:57',NULL),(878,7255,1,1,NULL,NULL,122822,23,NULL,NULL,334,1,NULL,NULL,41445,41512,00000886,NULL,NULL,'2022-04-13','2022-04-13',0003,1,NULL,75747.21,NULL,'2022-06-17 21:49:57','2022-06-17 21:49:57',NULL),(879,7255,1,1,NULL,NULL,122822,23,NULL,NULL,334,1,NULL,NULL,41445,41513,00000887,NULL,NULL,'2022-04-13','2022-04-13',0003,1,NULL,27588.00,NULL,'2022-06-17 21:49:57','2022-06-17 21:49:57',NULL),(880,7255,1,3,NULL,NULL,122822,23,NULL,NULL,334,1,NULL,NULL,41445,41512,00000098,NULL,NULL,'2022-04-19','2022-04-19',0003,1,NULL,85486.50,NULL,'2022-06-17 21:49:57','2022-06-17 21:49:57',NULL),(881,7255,1,1,NULL,NULL,122822,23,NULL,NULL,334,1,NULL,NULL,41445,41514,00000888,NULL,NULL,'2022-04-20','2022-04-20',0003,1,NULL,130655.80,NULL,'2022-06-17 21:49:57','2022-06-17 21:49:57',NULL),(882,7255,1,1,NULL,NULL,122822,23,NULL,NULL,334,1,NULL,NULL,41445,41455,00000889,NULL,NULL,'2022-04-22','2022-04-22',0003,1,NULL,106903.50,NULL,'2022-06-17 21:49:57','2022-06-17 21:49:57',NULL),(883,7255,1,1,NULL,NULL,122822,23,NULL,NULL,334,1,NULL,NULL,41445,41515,00000890,NULL,NULL,'2022-04-22','2022-04-22',0003,1,NULL,105391.00,NULL,'2022-06-17 21:49:57','2022-06-17 21:49:57',NULL),(884,7255,1,1,NULL,NULL,122822,23,NULL,NULL,334,1,NULL,NULL,41445,41514,00000891,NULL,NULL,'2022-04-28','2022-04-28',0003,1,NULL,92565.00,NULL,'2022-06-17 21:49:57','2022-06-17 21:49:57',NULL),(885,7255,1,1,NULL,NULL,122822,23,NULL,NULL,334,1,NULL,NULL,41445,41516,00000892,NULL,NULL,'2022-04-28','2022-04-28',0003,1,NULL,160091.50,NULL,'2022-06-17 21:49:57','2022-06-17 21:49:57',NULL),(886,7255,1,1,NULL,NULL,122823,23,NULL,NULL,334,1,NULL,NULL,41445,41517,00000893,NULL,NULL,'2022-05-02','2022-05-02',0003,1,NULL,124000.80,NULL,'2022-06-17 21:51:14','2022-06-17 21:51:14',NULL),(887,7255,1,1,NULL,NULL,122823,23,NULL,NULL,334,1,NULL,NULL,41445,41510,00000894,NULL,NULL,'2022-05-02','2022-05-02',0003,1,NULL,179443.00,NULL,'2022-06-17 21:51:14','2022-06-17 21:51:14',NULL),(888,7255,1,1,NULL,NULL,122823,23,NULL,NULL,334,1,NULL,NULL,41445,41518,00000895,NULL,NULL,'2022-05-04','2022-05-04',0003,1,NULL,137216.42,NULL,'2022-06-17 21:51:14','2022-06-17 21:51:14',NULL),(889,7255,1,1,NULL,NULL,122823,23,NULL,NULL,334,1,NULL,NULL,41445,41519,00000896,NULL,NULL,'2022-05-10','2022-05-10',0003,1,NULL,155182.50,NULL,'2022-06-17 21:51:14','2022-06-17 21:51:14',NULL),(890,7255,1,1,NULL,NULL,122823,23,NULL,NULL,334,1,NULL,NULL,41445,41517,00000897,NULL,NULL,'2022-05-10','2022-05-10',0003,1,NULL,22990.00,NULL,'2022-06-17 21:51:14','2022-06-17 21:51:14',NULL),(891,7255,1,1,NULL,NULL,122823,23,NULL,NULL,334,1,NULL,NULL,41445,41510,00000898,NULL,NULL,'2022-05-10','2022-05-10',0003,1,NULL,17890.12,NULL,'2022-06-17 21:51:14','2022-06-17 21:51:14',NULL),(892,7255,1,1,NULL,NULL,122823,23,NULL,NULL,334,1,NULL,NULL,41445,41456,00000899,NULL,NULL,'2022-05-10','2022-05-10',0003,1,NULL,49610.00,NULL,'2022-06-17 21:51:14','2022-06-17 21:51:14',NULL),(893,7255,1,1,NULL,NULL,122823,23,NULL,NULL,334,1,NULL,NULL,41445,41520,00000900,NULL,NULL,'2022-05-11','2022-05-11',0003,1,NULL,56870.00,NULL,'2022-06-17 21:51:15','2022-06-17 21:51:15',NULL),(894,7255,1,1,NULL,NULL,122823,23,NULL,NULL,334,1,NULL,NULL,41445,41458,00000901,NULL,NULL,'2022-05-11','2022-05-11',0003,1,NULL,22869.00,NULL,'2022-06-17 21:51:15','2022-06-17 21:51:15',NULL),(895,7255,1,1,NULL,NULL,122823,23,NULL,NULL,334,1,NULL,NULL,41445,41453,00000902,NULL,NULL,'2022-05-11','2022-05-11',0003,1,NULL,143245.85,NULL,'2022-06-17 21:51:15','2022-06-17 21:51:15',NULL),(896,7255,1,1,NULL,NULL,122823,23,NULL,NULL,334,1,NULL,NULL,41445,41521,00000903,NULL,NULL,'2022-05-13','2022-05-13',0003,1,NULL,65824.00,NULL,'2022-06-17 21:51:15','2022-06-17 21:51:15',NULL);
INSERT INTO `receipts` VALUES (897,7255,1,3,NULL,NULL,122823,23,NULL,NULL,334,1,NULL,NULL,41445,41457,00000099,NULL,NULL,'2022-05-17','2022-05-17',0003,1,NULL,741488.00,NULL,'2022-06-17 21:51:15','2022-06-17 21:51:15',NULL),(898,7255,1,23,NULL,NULL,122823,23,NULL,NULL,334,1,NULL,NULL,41445,41457,00000050,NULL,NULL,'2022-05-17','2022-05-17',0003,1,NULL,370744.00,NULL,'2022-06-17 21:51:15','2022-06-17 21:51:15',NULL),(899,7255,1,1,NULL,NULL,122823,23,NULL,NULL,334,1,NULL,NULL,41445,41522,00000904,NULL,NULL,'2022-05-20','2022-05-20',0003,1,NULL,33819.50,NULL,'2022-06-17 21:51:15','2022-06-17 21:51:15',NULL),(900,7255,1,1,NULL,NULL,122823,23,NULL,NULL,334,1,NULL,NULL,41445,41448,00000905,NULL,NULL,'2022-05-20','2022-05-20',0003,1,NULL,74995.80,NULL,'2022-06-17 21:51:15','2022-06-17 21:51:15',NULL),(901,7255,1,1,NULL,NULL,122823,23,NULL,NULL,334,1,NULL,NULL,41445,41523,00000906,NULL,NULL,'2022-05-23','2022-05-23',0003,1,NULL,55115.50,NULL,'2022-06-17 21:51:15','2022-06-17 21:51:15',NULL),(902,7255,1,1,NULL,NULL,122823,23,NULL,NULL,334,1,NULL,NULL,41445,41523,00000907,NULL,NULL,'2022-05-23','2022-05-23',0003,1,NULL,44588.50,NULL,'2022-06-17 21:51:15','2022-06-17 21:51:15',NULL),(903,7255,1,1,NULL,NULL,122823,23,NULL,NULL,334,1,NULL,NULL,41445,41458,00000908,NULL,NULL,'2022-05-27','2022-05-27',0003,1,NULL,115918.00,NULL,'2022-06-17 21:51:15','2022-06-17 21:51:15',NULL),(904,7255,1,1,NULL,NULL,122823,23,NULL,NULL,334,1,NULL,NULL,41445,41458,00000909,NULL,NULL,'2022-05-27','2022-05-27',0003,1,NULL,124182.30,NULL,'2022-06-17 21:51:15','2022-06-17 21:51:15',NULL),(905,7255,1,3,NULL,NULL,122823,23,NULL,NULL,334,1,NULL,NULL,41445,41458,00000100,NULL,NULL,'2022-05-27','2022-05-27',0003,1,NULL,115918.00,NULL,'2022-06-17 21:51:15','2022-06-17 21:51:15',NULL),(906,7255,2,1,NULL,NULL,122822,23,217,NULL,334,1,NULL,NULL,41445,41463,00001278,NULL,NULL,'2022-04-01','2022-04-01',0003,1,NULL,6700.00,NULL,'2022-06-17 21:57:26','2022-06-17 21:57:26',NULL),(907,7255,2,1,NULL,NULL,122822,23,217,NULL,334,1,NULL,NULL,41445,41464,00712862,NULL,NULL,'2022-04-01','2022-04-01',1064,1,NULL,39349.31,NULL,'2022-06-17 21:57:26','2022-06-17 21:57:26',NULL),(908,7255,2,1,NULL,NULL,122822,23,217,NULL,334,1,NULL,NULL,41445,41524,00004520,NULL,NULL,'2022-04-01','2022-04-01',0002,1,NULL,4162.40,NULL,'2022-06-17 21:57:27','2022-06-17 21:57:27',NULL),(909,7255,2,1,NULL,NULL,122822,23,217,NULL,334,1,NULL,NULL,41445,41490,00013783,NULL,NULL,'2022-04-01','2022-04-01',0002,1,NULL,21981.48,NULL,'2022-06-17 21:57:27','2022-06-17 21:57:27',NULL),(910,7255,2,1,NULL,NULL,122822,23,217,NULL,334,1,NULL,NULL,41445,41489,00004604,NULL,NULL,'2022-04-01','2022-04-01',0005,1,NULL,4000.00,NULL,'2022-06-17 21:57:27','2022-06-17 21:57:27',NULL),(911,7255,2,1,NULL,NULL,122822,23,217,NULL,334,1,NULL,NULL,41445,41468,00021844,NULL,NULL,'2022-04-01','2022-04-01',0006,1,NULL,40117.14,NULL,'2022-06-17 21:57:27','2022-06-17 21:57:27',NULL),(912,7255,2,1,NULL,NULL,122822,23,217,NULL,334,1,NULL,NULL,41445,41357,00294906,NULL,NULL,'2022-04-02','2022-04-02',5011,1,NULL,121.36,NULL,'2022-06-17 21:57:27','2022-06-17 21:57:27',NULL),(913,7255,2,1,NULL,NULL,122822,23,217,NULL,334,1,NULL,NULL,41445,41357,00217767,NULL,NULL,'2022-04-02','2022-04-02',5014,1,NULL,3951.73,NULL,'2022-06-17 21:57:27','2022-06-17 21:57:27',NULL),(914,7255,2,1,NULL,NULL,122822,23,217,NULL,334,1,NULL,NULL,41445,41358,02572437,NULL,NULL,'2022-04-02','2022-04-02',0050,1,NULL,2710.94,NULL,'2022-06-17 21:57:27','2022-06-17 21:57:27',NULL),(915,7255,2,1,NULL,NULL,122822,23,217,NULL,334,1,NULL,NULL,41445,41358,02548451,NULL,NULL,'2022-04-02','2022-04-02',0050,1,NULL,602.66,NULL,'2022-06-17 21:57:27','2022-06-17 21:57:27',NULL),(916,7255,2,1,NULL,NULL,122822,23,217,NULL,334,1,NULL,NULL,41445,41525,00002547,NULL,NULL,'2022-04-04','2022-04-04',0004,1,NULL,109892.00,NULL,'2022-06-17 21:57:27','2022-06-17 21:57:27',NULL),(917,7255,2,1,NULL,NULL,122822,23,217,NULL,334,1,NULL,NULL,41445,41373,03141120,NULL,NULL,'2022-04-04','2022-04-04',0629,1,NULL,231.00,NULL,'2022-06-17 21:57:27','2022-06-17 21:57:27',NULL);
INSERT INTO `receipts` VALUES (918,7255,2,1,NULL,NULL,122822,23,217,NULL,334,1,NULL,NULL,41445,41471,00018498,NULL,NULL,'2022-04-04','2022-04-04',0001,1,NULL,5505.50,NULL,'2022-06-17 21:57:27','2022-06-17 21:57:27',NULL),(919,7255,2,1,NULL,NULL,122822,23,217,NULL,334,1,NULL,NULL,41445,41475,00067085,NULL,NULL,'2022-04-04','2022-04-04',0004,1,NULL,21572.64,NULL,'2022-06-17 21:57:27','2022-06-17 21:57:27',NULL),(920,7255,2,1,NULL,NULL,122822,23,217,NULL,334,1,NULL,NULL,41445,41375,02829220,NULL,NULL,'2022-04-04','2022-04-04',0711,1,NULL,693.59,NULL,'2022-06-17 21:57:27','2022-06-17 21:57:27',NULL),(921,7255,2,1,NULL,NULL,122822,23,217,NULL,334,1,NULL,NULL,41445,41472,00008624,NULL,NULL,'2022-04-05','2022-04-05',0002,1,NULL,6384.17,NULL,'2022-06-17 21:57:27','2022-06-17 21:57:27',NULL),(922,7255,2,1,NULL,NULL,122822,23,217,NULL,334,1,NULL,NULL,41445,41472,00008625,NULL,NULL,'2022-04-05','2022-04-05',0002,1,NULL,56073.40,NULL,'2022-06-17 21:57:27','2022-06-17 21:57:27',NULL),(923,7255,2,12,NULL,NULL,122822,23,250,NULL,334,1,NULL,NULL,41445,40719,00001606,NULL,NULL,'2022-04-05','2022-04-05',0003,1,NULL,17200.00,NULL,'2022-06-17 21:57:27','2022-06-17 21:57:27',NULL),(924,7255,2,1,NULL,NULL,122822,23,217,NULL,334,1,NULL,NULL,41445,41478,00003618,NULL,NULL,'2022-04-05','2022-04-05',0004,1,NULL,508.58,NULL,'2022-06-17 21:57:27','2022-06-17 21:57:27',NULL),(925,7255,2,1,NULL,NULL,122822,23,217,NULL,334,1,NULL,NULL,41445,41526,00004542,NULL,NULL,'2022-04-05','2022-04-05',0003,1,NULL,15909.36,NULL,'2022-06-17 21:57:27','2022-06-17 21:57:27',NULL),(926,7255,2,1,NULL,NULL,122822,23,217,NULL,334,1,NULL,NULL,41445,41472,00008631,NULL,NULL,'2022-04-06','2022-04-06',0002,1,NULL,4312.90,NULL,'2022-06-17 21:57:27','2022-06-17 21:57:27',NULL),(927,7255,2,1,NULL,NULL,122822,23,217,NULL,334,1,NULL,NULL,41445,41527,00002318,NULL,NULL,'2022-04-06','2022-04-06',0006,1,NULL,5000.01,NULL,'2022-06-17 21:57:27','2022-06-17 21:57:27',NULL),(928,7255,2,1,NULL,NULL,122822,23,217,NULL,334,1,NULL,NULL,41445,41494,00008676,NULL,NULL,'2022-04-06','2022-04-06',6950,1,NULL,5267.65,NULL,'2022-06-17 21:57:27','2022-06-17 21:57:27',NULL),(929,7255,2,1,NULL,NULL,122822,23,217,NULL,334,1,NULL,NULL,41445,41490,00013805,NULL,NULL,'2022-04-06','2022-04-06',0002,1,NULL,21793.55,NULL,'2022-06-17 21:57:27','2022-06-17 21:57:27',NULL),(930,7255,2,1,NULL,NULL,122822,23,217,NULL,334,1,NULL,NULL,41445,41490,00013808,NULL,NULL,'2022-04-07','2022-04-07',0002,1,NULL,32535.67,NULL,'2022-06-17 21:57:27','2022-06-17 21:57:27',NULL),(931,7255,2,1,NULL,NULL,122822,23,217,NULL,334,1,NULL,NULL,41445,41490,00013807,NULL,NULL,'2022-04-07','2022-04-07',0002,1,NULL,28852.87,NULL,'2022-06-17 21:57:27','2022-06-17 21:57:27',NULL),(932,7255,2,1,NULL,NULL,122822,23,217,NULL,334,1,NULL,NULL,41445,41468,00021883,NULL,NULL,'2022-04-07','2022-04-07',0006,1,NULL,874.04,NULL,'2022-06-17 21:57:28','2022-06-17 21:57:28',NULL),(933,7255,2,1,NULL,NULL,122822,23,217,NULL,334,1,NULL,NULL,41445,41528,00037320,NULL,NULL,'2022-04-07','2022-04-07',0005,1,NULL,22715.20,NULL,'2022-06-17 21:57:28','2022-06-17 21:57:28',NULL),(934,7255,2,1,NULL,NULL,122822,23,217,NULL,334,1,NULL,NULL,41445,41494,00009776,NULL,NULL,'2022-04-08','2022-04-08',6922,1,NULL,5442.01,NULL,'2022-06-17 21:57:28','2022-06-17 21:57:28',NULL),(935,7255,2,1,NULL,NULL,122822,23,217,NULL,334,1,NULL,NULL,41445,41529,00002740,NULL,NULL,'2022-04-08','2022-04-08',0006,1,NULL,192540.65,NULL,'2022-06-17 21:57:28','2022-06-17 21:57:28',NULL),(936,7255,2,1,NULL,NULL,122822,23,217,NULL,334,1,NULL,NULL,41445,41467,00012045,NULL,NULL,'2022-04-08','2022-04-08',0003,1,NULL,15168.98,NULL,'2022-06-17 21:57:28','2022-06-17 21:57:28',NULL),(937,7255,2,1,NULL,NULL,122822,23,217,NULL,334,1,NULL,NULL,41445,41530,00000153,NULL,NULL,'2022-04-09','2022-04-09',0004,1,NULL,639.99,NULL,'2022-06-17 21:57:28','2022-06-17 21:57:28',NULL),(938,7255,2,1,NULL,NULL,122822,23,217,NULL,334,1,NULL,NULL,41445,41531,00107206,NULL,NULL,'2022-04-09','2022-04-09',0002,1,NULL,8074.33,NULL,'2022-06-17 21:57:28','2022-06-17 21:57:28',NULL);
INSERT INTO `receipts` VALUES (939,7255,2,1,NULL,NULL,122822,23,217,NULL,334,1,NULL,NULL,41445,41521,00033821,NULL,NULL,'2022-04-11','2022-04-11',0101,1,NULL,40706.13,NULL,'2022-06-17 21:57:28','2022-06-17 21:57:28',NULL),(940,7255,2,1,NULL,NULL,122822,23,217,NULL,334,1,NULL,NULL,41445,41494,00008980,NULL,NULL,'2022-04-11','2022-04-11',6874,1,NULL,2034.02,NULL,'2022-06-17 21:57:28','2022-06-17 21:57:28',NULL),(941,7255,2,1,NULL,NULL,122822,23,217,NULL,334,1,NULL,NULL,41445,41485,00003192,NULL,NULL,'2022-04-12','2022-04-12',0061,1,NULL,1500.56,NULL,'2022-06-17 21:57:28','2022-06-17 21:57:28',NULL),(942,7255,2,1,NULL,NULL,122822,23,217,NULL,334,1,NULL,NULL,41445,41532,00000795,NULL,NULL,'2022-04-12','2022-04-12',0003,1,NULL,26000.00,NULL,'2022-06-17 21:57:28','2022-06-17 21:57:28',NULL),(943,7255,2,1,NULL,NULL,122822,23,217,NULL,334,1,NULL,NULL,41445,41505,00005941,NULL,NULL,'2022-04-12','2022-04-12',0006,1,NULL,17199.99,NULL,'2022-06-17 21:57:28','2022-06-17 21:57:28',NULL),(944,7255,2,1,NULL,NULL,122822,23,217,NULL,334,1,NULL,NULL,41445,41505,00005943,NULL,NULL,'2022-04-12','2022-04-12',0006,1,NULL,12000.01,NULL,'2022-06-17 21:57:28','2022-06-17 21:57:28',NULL),(945,7255,2,1,NULL,NULL,122822,23,217,NULL,334,1,NULL,NULL,41445,41533,00004599,NULL,NULL,'2022-04-12','2022-04-12',0003,1,NULL,11150.00,NULL,'2022-06-17 21:57:28','2022-06-17 21:57:28',NULL),(946,7255,2,1,NULL,NULL,122822,23,217,NULL,334,1,NULL,NULL,41445,41533,00004604,NULL,NULL,'2022-04-12','2022-04-12',0003,1,NULL,9200.01,NULL,'2022-06-17 21:57:28','2022-06-17 21:57:28',NULL),(947,7255,2,1,NULL,NULL,122822,23,217,NULL,334,1,NULL,NULL,41445,41534,00019993,NULL,NULL,'2022-04-12','2022-04-12',0003,1,NULL,1972.30,NULL,'2022-06-17 21:57:28','2022-06-17 21:57:28',NULL),(948,7255,2,1,NULL,NULL,122822,23,217,NULL,334,1,NULL,NULL,41445,41478,00003659,NULL,NULL,'2022-04-12','2022-04-12',0004,1,NULL,11468.69,NULL,'2022-06-17 21:57:28','2022-06-17 21:57:28',NULL),(949,7255,2,1,NULL,NULL,122822,23,217,NULL,334,1,NULL,NULL,41445,41490,00013841,NULL,NULL,'2022-04-12','2022-04-12',0002,1,NULL,10712.01,NULL,'2022-06-17 21:57:28','2022-06-17 21:57:28',NULL),(950,7255,2,1,NULL,NULL,122822,23,217,NULL,334,1,NULL,NULL,41445,41494,00009169,NULL,NULL,'2022-04-13','2022-04-13',6940,1,NULL,508.50,NULL,'2022-06-17 21:57:28','2022-06-17 21:57:28',NULL),(951,7255,2,1,NULL,NULL,122822,23,217,NULL,334,1,NULL,NULL,41445,41494,00002476,NULL,NULL,'2022-04-13','2022-04-13',9040,1,NULL,5392.65,NULL,'2022-06-17 21:57:28','2022-06-17 21:57:28',NULL),(952,7255,2,1,NULL,NULL,122822,23,217,NULL,334,1,NULL,NULL,41445,41487,00791476,NULL,NULL,'2022-04-13','2022-04-13',0035,1,NULL,7719.47,NULL,'2022-06-17 21:57:28','2022-06-17 21:57:28',NULL),(953,7255,2,1,NULL,NULL,122822,23,217,NULL,334,1,NULL,NULL,41445,41535,00005888,NULL,NULL,'2022-04-14','2022-04-14',0002,1,NULL,10949.22,NULL,'2022-06-17 21:57:28','2022-06-17 21:57:28',NULL),(954,7255,2,1,NULL,NULL,122822,23,217,NULL,334,1,NULL,NULL,41445,41536,00000023,NULL,NULL,'2022-04-14','2022-04-14',0003,1,NULL,3246.49,NULL,'2022-06-17 21:57:28','2022-06-17 21:57:28',NULL),(955,7255,2,3,NULL,NULL,122822,23,217,NULL,334,1,NULL,NULL,41445,41499,00000132,NULL,NULL,'2022-04-14','2022-04-14',0300,1,NULL,12126.37,NULL,'2022-06-17 21:57:28','2022-06-17 21:57:28',NULL),(956,7255,2,1,NULL,NULL,122822,23,217,NULL,334,1,NULL,NULL,41445,41499,00001753,NULL,NULL,'2022-04-14','2022-04-14',0300,1,NULL,12473.25,NULL,'2022-06-17 21:57:28','2022-06-17 21:57:28',NULL),(957,7255,2,1,NULL,NULL,122822,23,217,NULL,334,1,NULL,NULL,41445,41537,00000230,NULL,NULL,'2022-04-16','2022-04-16',0004,1,NULL,14000.00,NULL,'2022-06-17 21:57:29','2022-06-17 21:57:29',NULL),(958,7255,2,1,NULL,NULL,122822,23,217,NULL,334,1,NULL,NULL,41445,41013,00038626,NULL,NULL,'2022-04-16','2022-04-16',2031,1,NULL,4733.28,NULL,'2022-06-17 21:57:29','2022-06-17 21:57:29',NULL),(959,7255,2,1,NULL,NULL,122822,23,217,NULL,334,1,NULL,NULL,41445,41535,00005892,NULL,NULL,'2022-04-18','2022-04-18',0002,1,NULL,32576.00,NULL,'2022-06-17 21:57:29','2022-06-17 21:57:29',NULL);
INSERT INTO `receipts` VALUES (960,7255,2,1,NULL,NULL,122822,23,217,NULL,334,1,NULL,NULL,41445,41373,03181846,NULL,NULL,'2022-04-18','2022-04-18',0629,1,NULL,204.00,NULL,'2022-06-17 21:57:29','2022-06-17 21:57:29',NULL),(961,7255,2,1,NULL,NULL,122822,23,217,NULL,334,1,NULL,NULL,41445,41538,00077665,NULL,NULL,'2022-04-18','2022-04-18',0005,1,NULL,4258.00,NULL,'2022-06-17 21:57:29','2022-06-17 21:57:29',NULL),(962,7255,2,1,NULL,NULL,122822,23,217,NULL,334,1,NULL,NULL,41445,41357,00220701,NULL,NULL,'2022-04-18','2022-04-18',5014,1,NULL,2980.59,NULL,'2022-06-17 21:57:29','2022-06-17 21:57:29',NULL),(963,7255,2,1,NULL,NULL,122822,23,217,NULL,334,1,NULL,NULL,41445,41357,00300720,NULL,NULL,'2022-04-18','2022-04-18',5011,1,NULL,214.92,NULL,'2022-06-17 21:57:29','2022-06-17 21:57:29',NULL),(964,7255,2,1,NULL,NULL,122822,23,217,NULL,334,1,NULL,NULL,41445,41375,02885418,NULL,NULL,'2022-04-18','2022-04-18',0711,1,NULL,190.00,NULL,'2022-06-17 21:57:29','2022-06-17 21:57:29',NULL),(965,7255,2,1,NULL,NULL,122822,23,217,NULL,334,1,NULL,NULL,41445,41539,00000197,NULL,NULL,'2022-04-19','2022-04-19',0002,1,NULL,129930.22,NULL,'2022-06-17 21:57:29','2022-06-17 21:57:29',NULL),(966,7255,2,7,NULL,NULL,122822,23,250,NULL,334,1,NULL,NULL,41445,41540,00000121,NULL,NULL,'2022-04-20','2022-04-20',0002,1,NULL,46115.71,NULL,'2022-06-17 21:57:29','2022-06-17 21:57:29',NULL),(967,7255,2,1,NULL,NULL,122822,23,217,NULL,334,1,NULL,NULL,41445,41533,00004622,NULL,NULL,'2022-04-21','2022-04-21',0003,1,NULL,1670.01,NULL,'2022-06-17 21:57:29','2022-06-17 21:57:29',NULL),(968,7255,2,1,NULL,NULL,122822,23,217,NULL,334,1,NULL,NULL,41445,41533,00004621,NULL,NULL,'2022-04-21','2022-04-21',0003,1,NULL,17100.00,NULL,'2022-06-17 21:57:29','2022-06-17 21:57:29',NULL),(969,7255,2,1,NULL,NULL,122822,23,217,NULL,334,1,NULL,NULL,41445,41494,00009212,NULL,NULL,'2022-04-21','2022-04-21',6874,1,NULL,3255.63,NULL,'2022-06-17 21:57:29','2022-06-17 21:57:29',NULL),(970,7255,2,1,NULL,NULL,122822,23,217,NULL,334,1,NULL,NULL,41445,41495,00483710,NULL,NULL,'2022-04-22','2022-04-22',0700,1,NULL,652.73,NULL,'2022-06-17 21:57:29','2022-06-17 21:57:29',NULL),(971,7255,2,1,NULL,NULL,122822,23,217,NULL,334,1,NULL,NULL,41445,41475,00067888,NULL,NULL,'2022-04-22','2022-04-22',0004,1,NULL,5478.60,NULL,'2022-06-17 21:57:29','2022-06-17 21:57:29',NULL),(972,7255,2,1,NULL,NULL,122822,23,217,NULL,334,1,NULL,NULL,41445,41495,01538077,NULL,NULL,'2022-04-23','2022-04-23',0104,1,NULL,202.64,NULL,'2022-06-17 21:57:29','2022-06-17 21:57:29',NULL),(973,7255,2,1,NULL,NULL,122822,23,217,NULL,334,1,NULL,NULL,41445,41494,00001728,NULL,NULL,'2022-04-23','2022-04-23',7792,1,NULL,579.69,NULL,'2022-06-17 21:57:29','2022-06-17 21:57:29',NULL),(974,7255,2,1,NULL,NULL,122822,23,217,NULL,334,1,NULL,NULL,41445,41541,00015245,NULL,NULL,'2022-04-25','2022-04-25',0005,1,NULL,29999.00,NULL,'2022-06-17 21:57:29','2022-06-17 21:57:29',NULL),(975,7255,2,1,NULL,NULL,122822,23,217,NULL,334,1,NULL,NULL,41445,41494,00007360,NULL,NULL,'2022-04-25','2022-04-25',6872,1,NULL,3153.04,NULL,'2022-06-17 21:57:29','2022-06-17 21:57:29',NULL),(976,7255,2,1,NULL,NULL,122822,23,217,NULL,334,1,NULL,NULL,41445,41468,00022012,NULL,NULL,'2022-04-25','2022-04-25',0006,1,NULL,5043.84,NULL,'2022-06-17 21:57:29','2022-06-17 21:57:29',NULL),(977,7255,2,1,NULL,NULL,122822,23,217,NULL,334,1,NULL,NULL,41445,41542,00001747,NULL,NULL,'2022-04-25','2022-04-25',0003,1,NULL,4769.54,NULL,'2022-06-17 21:57:29','2022-06-17 21:57:29',NULL),(978,7255,2,7,NULL,NULL,122822,23,250,NULL,334,1,NULL,NULL,41445,41540,00000123,NULL,NULL,'2022-04-26','2022-04-26',0002,1,NULL,25926.50,NULL,'2022-06-17 21:57:29','2022-06-17 21:57:29',NULL),(979,7255,2,1,NULL,NULL,122822,23,217,NULL,334,1,NULL,NULL,41445,41472,00008724,NULL,NULL,'2022-04-27','2022-04-27',0002,1,NULL,5768.22,NULL,'2022-06-17 21:57:29','2022-06-17 21:57:29',NULL),(980,7255,2,1,NULL,NULL,122822,23,217,NULL,334,1,NULL,NULL,41445,41478,00003744,NULL,NULL,'2022-04-28','2022-04-28',0004,1,NULL,1017.32,NULL,'2022-06-17 21:57:29','2022-06-17 21:57:29',NULL);
INSERT INTO `receipts` VALUES (981,7255,2,1,NULL,NULL,122822,23,217,NULL,334,1,NULL,NULL,41445,41543,00000002,NULL,NULL,'2022-04-28','2022-04-28',0003,1,NULL,5050.00,NULL,'2022-06-17 21:57:29','2022-06-17 21:57:29',NULL),(982,7255,2,3,NULL,NULL,122822,23,217,NULL,334,1,NULL,NULL,41445,41539,00000011,NULL,NULL,'2022-04-29','2022-04-29',0002,1,NULL,131702.57,NULL,'2022-06-17 21:57:29','2022-06-17 21:57:29',NULL),(983,7255,2,3,NULL,NULL,122822,23,217,NULL,334,1,NULL,NULL,41445,41539,00000012,NULL,NULL,'2022-04-29','2022-04-29',0002,1,NULL,131702.57,NULL,'2022-06-17 21:57:30','2022-06-17 21:57:30',NULL),(984,7255,2,2,NULL,NULL,122822,23,217,NULL,334,1,NULL,NULL,41445,41539,00000001,NULL,NULL,'2022-04-29','2022-04-29',0002,1,NULL,131702.57,NULL,'2022-06-17 21:57:30','2022-06-17 21:57:30',NULL),(985,7255,2,1,NULL,NULL,122822,23,217,NULL,334,1,NULL,NULL,41445,41506,00015658,NULL,NULL,'2022-04-29','2022-04-29',0003,1,NULL,15727.23,NULL,'2022-06-17 21:57:30','2022-06-17 21:57:30',NULL),(986,7255,2,1,NULL,NULL,122822,23,217,NULL,334,1,NULL,NULL,41445,41506,00015659,NULL,NULL,'2022-04-29','2022-04-29',0003,1,NULL,8820.59,NULL,'2022-06-17 21:57:30','2022-06-17 21:57:30',NULL),(987,7255,2,1,NULL,NULL,122822,23,217,NULL,334,1,NULL,NULL,41445,41489,00005123,NULL,NULL,'2022-04-29','2022-04-29',0005,1,NULL,4940.00,NULL,'2022-06-17 21:57:30','2022-06-17 21:57:30',NULL),(988,7255,2,1,NULL,NULL,122822,23,217,NULL,334,1,NULL,NULL,41445,41543,00000006,NULL,NULL,'2022-04-29','2022-04-29',0003,1,NULL,4400.00,NULL,'2022-06-17 21:57:30','2022-06-17 21:57:30',NULL),(989,7255,2,1,NULL,NULL,122822,23,217,NULL,334,1,NULL,NULL,41445,41544,00006523,NULL,NULL,'2022-04-30','2022-04-30',0004,1,NULL,1139.99,NULL,'2022-06-17 21:57:30','2022-06-17 21:57:30',NULL),(990,7255,2,1,NULL,NULL,122822,23,217,NULL,334,1,NULL,NULL,41445,41378,06163792,NULL,NULL,'2022-04-30','2022-04-30',6364,1,NULL,9912.15,NULL,'2022-06-17 21:57:30','2022-06-17 21:57:30',NULL),(991,7255,2,1,NULL,NULL,122823,23,217,NULL,334,1,NULL,NULL,41445,41464,00723339,NULL,NULL,'2022-05-01','2022-05-01',1064,1,NULL,37354.59,NULL,'2022-06-17 22:01:18','2022-06-17 22:01:18',NULL),(992,7255,2,1,NULL,NULL,122823,23,217,NULL,334,1,NULL,NULL,41445,41524,00004581,NULL,NULL,'2022-05-02','2022-05-02',0002,1,NULL,1210.00,NULL,'2022-06-17 22:01:18','2022-06-17 22:01:18',NULL),(993,7255,2,1,NULL,NULL,122823,23,217,NULL,334,1,NULL,NULL,41445,41357,00228545,NULL,NULL,'2022-05-02','2022-05-02',5014,1,NULL,2706.90,NULL,'2022-06-17 22:01:18','2022-06-17 22:01:18',NULL),(994,7255,2,1,NULL,NULL,122823,23,217,NULL,334,1,NULL,NULL,41445,41358,02610318,NULL,NULL,'2022-05-02','2022-05-02',0050,1,NULL,3486.22,NULL,'2022-06-17 22:01:18','2022-06-17 22:01:18',NULL),(995,7255,2,1,NULL,NULL,122823,23,217,NULL,334,1,NULL,NULL,41445,41358,02584216,NULL,NULL,'2022-05-02','2022-05-02',0050,1,NULL,888.30,NULL,'2022-06-17 22:01:18','2022-06-17 22:01:18',NULL),(996,7255,2,1,NULL,NULL,122823,23,217,NULL,334,1,NULL,NULL,41445,41490,00013948,NULL,NULL,'2022-05-02','2022-05-02',0002,1,NULL,18796.38,NULL,'2022-06-17 22:01:18','2022-06-17 22:01:18',NULL),(997,7255,2,1,NULL,NULL,122823,23,217,NULL,334,1,NULL,NULL,41445,41528,00037591,NULL,NULL,'2022-05-02','2022-05-02',0005,1,NULL,28390.45,NULL,'2022-06-17 22:01:18','2022-06-17 22:01:18',NULL),(998,7255,2,1,NULL,NULL,122823,23,217,NULL,334,1,NULL,NULL,41445,41463,00001355,NULL,NULL,'2022-05-03','2022-05-03',0003,1,NULL,4330.00,NULL,'2022-06-17 22:01:18','2022-06-17 22:01:18',NULL),(999,7255,2,1,NULL,NULL,122823,23,217,NULL,334,1,NULL,NULL,41445,41373,03220060,NULL,NULL,'2022-05-03','2022-05-03',0629,1,NULL,272.00,NULL,'2022-06-17 22:01:18','2022-06-17 22:01:18',NULL),(1000,7255,2,1,NULL,NULL,122823,23,217,NULL,334,1,NULL,NULL,41445,41545,00015679,NULL,NULL,'2022-05-03','2022-05-03',0003,1,NULL,15730.00,NULL,'2022-06-17 22:01:18','2022-06-17 22:01:18',NULL),(1001,7255,2,1,NULL,NULL,122823,23,217,NULL,334,1,NULL,NULL,41445,41478,00003762,NULL,NULL,'2022-05-03','2022-05-03',0004,1,NULL,724.78,NULL,'2022-06-17 22:01:18','2022-06-17 22:01:18',NULL);
INSERT INTO `receipts` VALUES (1002,7255,2,1,NULL,NULL,122823,23,217,NULL,334,1,NULL,NULL,41445,41494,00010935,NULL,NULL,'2022-05-03','2022-05-03',6936,1,NULL,4271.70,NULL,'2022-06-17 22:01:18','2022-06-17 22:01:18',NULL),(1003,7255,2,1,NULL,NULL,122823,23,217,NULL,334,1,NULL,NULL,41445,41471,00018952,NULL,NULL,'2022-05-03','2022-05-03',0001,1,NULL,5505.50,NULL,'2022-06-17 22:01:18','2022-06-17 22:01:18',NULL),(1004,7255,2,1,NULL,NULL,122823,23,217,NULL,334,1,NULL,NULL,41445,41375,02943430,NULL,NULL,'2022-05-03','2022-05-03',0711,1,NULL,68.00,NULL,'2022-06-17 22:01:18','2022-06-17 22:01:18',NULL),(1005,7255,2,2,NULL,NULL,122823,23,250,NULL,334,1,NULL,NULL,41445,41528,00000405,NULL,NULL,'2022-05-03','2022-05-03',0005,1,NULL,22715.20,NULL,'2022-06-17 22:01:19','2022-06-17 22:01:19',NULL),(1006,7255,2,1,NULL,NULL,122823,23,217,NULL,334,1,NULL,NULL,41445,41472,00008777,NULL,NULL,'2022-05-04','2022-05-04',0002,1,NULL,8289.54,NULL,'2022-06-17 22:01:19','2022-06-17 22:01:19',NULL),(1007,7255,2,1,NULL,NULL,122823,23,217,NULL,334,1,NULL,NULL,41445,41472,00008778,NULL,NULL,'2022-05-04','2022-05-04',0002,1,NULL,715.61,NULL,'2022-06-17 22:01:19','2022-06-17 22:01:19',NULL),(1008,7255,2,1,NULL,NULL,122823,23,217,NULL,334,1,NULL,NULL,41445,41546,00149981,NULL,NULL,'2022-05-04','2022-05-04',0003,1,NULL,21730.22,NULL,'2022-06-17 22:01:19','2022-06-17 22:01:19',NULL),(1009,7255,2,1,NULL,NULL,122823,23,217,NULL,334,1,NULL,NULL,41445,41546,00150039,NULL,NULL,'2022-05-04','2022-05-04',0003,1,NULL,12126.46,NULL,'2022-06-17 22:01:19','2022-06-17 22:01:19',NULL),(1010,7255,2,1,NULL,NULL,122823,23,217,NULL,334,1,NULL,NULL,41445,41547,00000883,NULL,NULL,'2022-05-04','2022-05-04',0002,1,NULL,54218.89,NULL,'2022-06-17 22:01:19','2022-06-17 22:01:19',NULL),(1011,7255,2,1,NULL,NULL,122823,23,217,NULL,334,1,NULL,NULL,41445,41469,00000909,NULL,NULL,'2022-05-05','2022-05-05',0002,1,NULL,114504.24,NULL,'2022-06-17 22:01:19','2022-06-17 22:01:19',NULL),(1012,7255,2,1,NULL,NULL,122823,23,217,NULL,334,1,NULL,NULL,41445,41472,00008791,NULL,NULL,'2022-05-05','2022-05-05',0002,1,NULL,15675.27,NULL,'2022-06-17 22:01:19','2022-06-17 22:01:19',NULL),(1013,7255,2,12,NULL,NULL,122823,23,250,NULL,334,1,NULL,NULL,41445,40719,00001647,NULL,NULL,'2022-05-05','2022-05-05',0003,1,NULL,17200.00,NULL,'2022-06-17 22:01:19','2022-06-17 22:01:19',NULL),(1014,7255,2,1,NULL,NULL,122823,23,217,NULL,334,1,NULL,NULL,41445,41494,00013879,NULL,NULL,'2022-05-06','2022-05-06',6918,1,NULL,4884.01,NULL,'2022-06-17 22:01:19','2022-06-17 22:01:19',NULL),(1015,7255,2,1,NULL,NULL,122823,23,217,NULL,334,1,NULL,NULL,41445,41475,00068508,NULL,NULL,'2022-05-06','2022-05-06',0004,1,NULL,646.38,NULL,'2022-06-17 22:01:19','2022-06-17 22:01:19',NULL),(1016,7255,2,1,NULL,NULL,122823,23,217,NULL,334,1,NULL,NULL,41445,41475,00068506,NULL,NULL,'2022-05-06','2022-05-06',0004,1,NULL,25185.64,NULL,'2022-06-17 22:01:19','2022-06-17 22:01:19',NULL),(1017,7255,2,1,NULL,NULL,122823,23,217,NULL,334,1,NULL,NULL,41445,41475,00068509,NULL,NULL,'2022-05-06','2022-05-06',0004,1,NULL,3924.47,NULL,'2022-06-17 22:01:19','2022-06-17 22:01:19',NULL),(1018,7255,2,1,NULL,NULL,122823,23,217,NULL,334,1,NULL,NULL,41445,41548,00011989,NULL,NULL,'2022-05-06','2022-05-06',0005,1,NULL,26962.43,NULL,'2022-06-17 22:01:19','2022-06-17 22:01:19',NULL),(1019,7255,2,1,NULL,NULL,122823,23,217,NULL,334,1,NULL,NULL,41445,41549,00001106,NULL,NULL,'2022-05-06','2022-05-06',0001,1,NULL,4730.00,NULL,'2022-06-17 22:01:19','2022-06-17 22:01:19',NULL),(1020,7255,2,1,NULL,NULL,122823,23,217,NULL,334,1,NULL,NULL,41445,41550,00000277,NULL,NULL,'2022-05-08','2022-05-08',8941,1,NULL,7984.51,NULL,'2022-06-17 22:01:19','2022-06-17 22:01:19',NULL),(1021,7255,2,1,NULL,NULL,122823,23,217,NULL,334,1,NULL,NULL,41445,41482,00001272,NULL,NULL,'2022-05-09','2022-05-09',0002,1,NULL,117850.00,NULL,'2022-06-17 22:01:19','2022-06-17 22:01:19',NULL);
INSERT INTO `receipts` VALUES (1022,7255,2,3,NULL,NULL,122823,23,217,NULL,334,1,NULL,NULL,41445,41475,00012501,NULL,NULL,'2022-05-09','2022-05-09',0004,1,NULL,7040.75,NULL,'2022-06-17 22:01:19','2022-06-17 22:01:19',NULL),(1023,7255,2,1,NULL,NULL,122823,23,217,NULL,334,1,NULL,NULL,41445,41468,00022095,NULL,NULL,'2022-05-09','2022-05-09',0006,1,NULL,20183.80,NULL,'2022-06-17 22:01:19','2022-06-17 22:01:19',NULL),(1024,7255,2,1,NULL,NULL,122823,23,250,NULL,334,1,NULL,NULL,41445,41468,00022097,NULL,NULL,'2022-05-09','2022-05-09',0006,1,NULL,17972.15,NULL,'2022-06-17 22:01:19','2022-06-17 22:01:19',NULL),(1025,7255,2,2,NULL,NULL,122823,23,217,NULL,334,1,NULL,NULL,41445,41468,00000477,NULL,NULL,'2022-05-09','2022-05-09',0006,1,NULL,662.04,NULL,'2022-06-17 22:01:19','2022-06-17 22:01:19',NULL),(1026,7255,2,1,NULL,NULL,122823,23,217,NULL,334,1,NULL,NULL,41445,41504,00048895,NULL,NULL,'2022-05-10','2022-05-10',0065,1,NULL,49417.58,NULL,'2022-06-17 22:01:19','2022-06-17 22:01:19',NULL),(1027,7255,2,1,NULL,NULL,122823,23,217,NULL,334,1,NULL,NULL,41445,41504,00048896,NULL,NULL,'2022-05-10','2022-05-10',0065,1,NULL,40971.21,NULL,'2022-06-17 22:01:19','2022-06-17 22:01:19',NULL),(1028,7255,2,1,NULL,NULL,122823,23,217,NULL,334,1,NULL,NULL,41445,41551,00005423,NULL,NULL,'2022-05-10','2022-05-10',0003,1,NULL,2420.00,NULL,'2022-06-17 22:01:19','2022-06-17 22:01:19',NULL),(1029,7255,2,1,NULL,NULL,122823,23,217,NULL,334,1,NULL,NULL,41445,41497,00012185,NULL,NULL,'2022-05-11','2022-05-11',0002,1,NULL,19391.64,NULL,'2022-06-17 22:01:19','2022-06-17 22:01:19',NULL),(1030,7255,2,1,NULL,NULL,122823,23,217,NULL,334,1,NULL,NULL,41445,41552,00001283,NULL,NULL,'2022-05-12','2022-05-12',0004,1,NULL,14513.80,NULL,'2022-06-17 22:01:20','2022-06-17 22:01:20',NULL),(1031,7255,2,1,NULL,NULL,122823,23,217,NULL,334,1,NULL,NULL,41445,41472,00008834,NULL,NULL,'2022-05-12','2022-05-12',0002,1,NULL,484.00,NULL,'2022-06-17 22:01:20','2022-06-17 22:01:20',NULL),(1032,7255,2,1,NULL,NULL,122823,23,217,NULL,334,1,NULL,NULL,41445,41505,00006098,NULL,NULL,'2022-05-12','2022-05-12',0006,1,NULL,8190.01,NULL,'2022-06-17 22:01:20','2022-06-17 22:01:20',NULL),(1033,7255,2,1,NULL,NULL,122823,23,217,NULL,334,1,NULL,NULL,41445,41524,00004615,NULL,NULL,'2022-05-12','2022-05-12',0002,1,NULL,968.00,NULL,'2022-06-17 22:01:20','2022-06-17 22:01:20',NULL),(1034,7255,2,1,NULL,NULL,122823,23,217,NULL,334,1,NULL,NULL,41445,41505,00006097,NULL,NULL,'2022-05-12','2022-05-12',0006,1,NULL,159219.06,NULL,'2022-06-17 22:01:20','2022-06-17 22:01:20',NULL),(1035,7255,2,1,NULL,NULL,122823,23,250,NULL,334,1,NULL,NULL,41445,41490,00014013,NULL,NULL,'2022-05-12','2022-05-12',0002,1,NULL,25813.89,NULL,'2022-06-17 22:01:20','2022-06-17 22:01:20',NULL),(1036,7255,2,1,NULL,NULL,122823,23,217,NULL,334,1,NULL,NULL,41445,41490,00014017,NULL,NULL,'2022-05-12','2022-05-12',0002,1,NULL,4150.40,NULL,'2022-06-17 22:01:20','2022-06-17 22:01:20',NULL),(1037,7255,2,1,NULL,NULL,122823,23,250,NULL,334,1,NULL,NULL,41445,41490,00014014,NULL,NULL,'2022-05-12','2022-05-12',0002,1,NULL,41591.05,NULL,'2022-06-17 22:01:20','2022-06-17 22:01:20',NULL),(1038,7255,2,1,NULL,NULL,122823,23,250,NULL,334,1,NULL,NULL,41445,41490,00014015,NULL,NULL,'2022-05-12','2022-05-12',0002,1,NULL,41591.05,NULL,'2022-06-17 22:01:20','2022-06-17 22:01:20',NULL),(1039,7255,2,1,NULL,NULL,122823,23,250,NULL,334,1,NULL,NULL,41445,41490,00014012,NULL,NULL,'2022-05-12','2022-05-12',0002,1,NULL,21981.00,NULL,'2022-06-17 22:01:20','2022-06-17 22:01:20',NULL),(1040,7255,2,1,NULL,NULL,122823,23,217,NULL,334,1,NULL,NULL,41445,41490,00014016,NULL,NULL,'2022-05-12','2022-05-12',0002,1,NULL,15551.51,NULL,'2022-06-17 22:01:20','2022-06-17 22:01:20',NULL),(1041,7255,2,1,NULL,NULL,122823,23,217,NULL,334,1,NULL,NULL,41445,41468,00022127,NULL,NULL,'2022-05-13','2022-05-13',0006,1,NULL,26485.65,NULL,'2022-06-17 22:01:20','2022-06-17 22:01:20',NULL);
INSERT INTO `receipts` VALUES (1042,7255,2,1,NULL,NULL,122823,23,217,NULL,334,1,NULL,NULL,41445,41532,00000804,NULL,NULL,'2022-05-14','2022-05-14',0003,1,NULL,11900.00,NULL,'2022-06-17 22:01:20','2022-06-17 22:01:20',NULL),(1043,7255,2,1,NULL,NULL,122823,23,217,NULL,334,1,NULL,NULL,41445,41472,00008845,NULL,NULL,'2022-05-16','2022-05-16',0002,1,NULL,12647.43,NULL,'2022-06-17 22:01:20','2022-06-17 22:01:20',NULL),(1044,7255,2,1,NULL,NULL,122823,23,217,NULL,334,1,NULL,NULL,41445,41478,00003831,NULL,NULL,'2022-05-16','2022-05-16',0004,1,NULL,2979.75,NULL,'2022-06-17 22:01:20','2022-06-17 22:01:20',NULL),(1045,7255,2,1,NULL,NULL,122823,23,217,NULL,334,1,NULL,NULL,41445,41553,00002328,NULL,NULL,'2022-05-16','2022-05-16',0012,1,NULL,10800.00,NULL,'2022-06-17 22:01:20','2022-06-17 22:01:20',NULL),(1046,7255,2,1,NULL,NULL,122823,23,217,NULL,334,1,NULL,NULL,41445,41373,03273750,NULL,NULL,'2022-05-17','2022-05-17',0629,1,NULL,1274.45,NULL,'2022-06-17 22:01:20','2022-06-17 22:01:20',NULL),(1047,7255,2,1,NULL,NULL,122823,23,217,NULL,334,1,NULL,NULL,41445,41357,00234547,NULL,NULL,'2022-05-17','2022-05-17',5014,1,NULL,3256.78,NULL,'2022-06-17 22:01:20','2022-06-17 22:01:20',NULL),(1048,7255,2,1,NULL,NULL,122823,23,217,NULL,334,1,NULL,NULL,41445,41478,00003842,NULL,NULL,'2022-05-17','2022-05-17',0004,1,NULL,3177.65,NULL,'2022-06-17 22:01:20','2022-06-17 22:01:20',NULL),(1049,7255,2,1,NULL,NULL,122823,23,217,NULL,334,1,NULL,NULL,41445,41375,02998894,NULL,NULL,'2022-05-17','2022-05-17',0711,1,NULL,163.00,NULL,'2022-06-17 22:01:20','2022-06-17 22:01:20',NULL),(1050,7255,2,1,NULL,NULL,122823,23,217,NULL,334,1,NULL,NULL,41445,41493,00550120,NULL,NULL,'2022-05-19','2022-05-19',0503,1,NULL,428.51,NULL,'2022-06-17 22:01:20','2022-06-17 22:01:20',NULL),(1051,7255,2,1,NULL,NULL,122823,23,217,NULL,334,1,NULL,NULL,41445,41467,00012265,NULL,NULL,'2022-05-19','2022-05-19',0003,1,NULL,8113.03,NULL,'2022-06-17 22:01:20','2022-06-17 22:01:20',NULL),(1052,7255,2,1,NULL,NULL,122823,23,217,NULL,334,1,NULL,NULL,41445,41494,00003889,NULL,NULL,'2022-05-20','2022-05-20',9058,1,NULL,4271.87,NULL,'2022-06-17 22:01:20','2022-06-17 22:01:20',NULL),(1053,7255,2,1,NULL,NULL,122823,23,217,NULL,334,1,NULL,NULL,41445,41497,00012230,NULL,NULL,'2022-05-20','2022-05-20',0002,1,NULL,76337.45,NULL,'2022-06-17 22:01:20','2022-06-17 22:01:20',NULL),(1054,7255,2,1,NULL,NULL,122823,23,217,NULL,334,1,NULL,NULL,41445,41553,00002340,NULL,NULL,'2022-05-21','2022-05-21',0012,1,NULL,20500.00,NULL,'2022-06-17 22:01:20','2022-06-17 22:01:20',NULL),(1055,7255,2,1,NULL,NULL,122823,23,217,NULL,334,1,NULL,NULL,41445,41554,00009176,NULL,NULL,'2022-05-21','2022-05-21',0003,1,NULL,11900.00,NULL,'2022-06-17 22:01:21','2022-06-17 22:01:21',NULL),(1056,7255,2,1,NULL,NULL,122823,23,217,NULL,334,1,NULL,NULL,41445,41377,02818782,NULL,NULL,'2022-05-21','2022-05-21',0113,1,NULL,20.00,NULL,'2022-06-17 22:01:21','2022-06-17 22:01:21',NULL),(1057,7255,2,1,NULL,NULL,122823,23,217,NULL,334,1,NULL,NULL,41445,41495,00511254,NULL,NULL,'2022-05-23','2022-05-23',0700,1,NULL,279.00,NULL,'2022-06-17 22:01:21','2022-06-17 22:01:21',NULL),(1058,7255,2,1,NULL,NULL,122823,23,217,NULL,334,1,NULL,NULL,41445,41478,00003864,NULL,NULL,'2022-05-23','2022-05-23',0004,1,NULL,6468.77,NULL,'2022-06-17 22:01:21','2022-06-17 22:01:21',NULL),(1059,7255,2,1,NULL,NULL,122823,23,217,NULL,334,1,NULL,NULL,41445,41555,00035226,NULL,NULL,'2022-05-23','2022-05-23',0004,1,NULL,8075.73,NULL,'2022-06-17 22:01:21','2022-06-17 22:01:21',NULL),(1060,7255,2,1,NULL,NULL,122823,23,217,NULL,334,1,NULL,NULL,41445,41556,00005484,NULL,NULL,'2022-05-24','2022-05-24',0005,1,NULL,19239.00,NULL,'2022-06-17 22:01:21','2022-06-17 22:01:21',NULL),(1061,7255,2,1,NULL,NULL,122823,23,217,NULL,334,1,NULL,NULL,41445,41478,00003871,NULL,NULL,'2022-05-24','2022-05-24',0004,1,NULL,2140.32,NULL,'2022-06-17 22:01:21','2022-06-17 22:01:21',NULL),(1062,7255,2,3,NULL,NULL,122823,23,217,NULL,334,1,NULL,NULL,41445,41478,00000065,NULL,NULL,'2022-05-24','2022-05-24',0004,1,NULL,3438.29,NULL,'2022-06-17 22:01:21','2022-06-17 22:01:21',NULL);
INSERT INTO `receipts` VALUES (1063,7255,2,1,NULL,NULL,122823,23,217,NULL,334,1,NULL,NULL,41445,41557,00018744,NULL,NULL,'2022-05-26','2022-05-26',0004,1,NULL,66752.07,NULL,'2022-06-17 22:01:21','2022-06-17 22:01:21',NULL),(1064,7255,2,2,NULL,NULL,122823,23,217,NULL,334,1,NULL,NULL,41445,41478,00000003,NULL,NULL,'2022-05-26','2022-05-26',0004,1,NULL,9500.00,NULL,'2022-06-17 22:01:21','2022-06-17 22:01:21',NULL),(1065,7255,2,1,NULL,NULL,122823,23,217,NULL,334,1,NULL,NULL,41445,41490,00014081,NULL,NULL,'2022-05-26','2022-05-26',0002,1,NULL,24039.60,NULL,'2022-06-17 22:01:21','2022-06-17 22:01:21',NULL),(1066,7255,2,1,NULL,NULL,122823,23,217,NULL,334,1,NULL,NULL,41445,41467,00012293,NULL,NULL,'2022-05-26','2022-05-26',0003,1,NULL,19618.29,NULL,'2022-06-17 22:01:21','2022-06-17 22:01:21',NULL),(1067,7255,2,2,NULL,NULL,122823,23,250,NULL,334,1,NULL,NULL,41445,41506,00000089,NULL,NULL,'2022-05-27','2022-05-27',0003,1,NULL,8260.34,NULL,'2022-06-17 22:01:21','2022-06-17 22:01:21',NULL),(1068,7255,2,1,NULL,NULL,122823,23,217,NULL,334,1,NULL,NULL,41445,41506,00015790,NULL,NULL,'2022-05-27','2022-05-27',0003,1,NULL,13455.85,NULL,'2022-06-17 22:01:21','2022-06-17 22:01:21',NULL),(1069,7255,2,1,NULL,NULL,122823,23,217,NULL,334,1,NULL,NULL,41445,41506,00015799,NULL,NULL,'2022-05-28','2022-05-28',0003,1,NULL,23135.99,NULL,'2022-06-17 22:01:21','2022-06-17 22:01:21',NULL),(1070,7255,2,1,NULL,NULL,122823,23,217,NULL,334,1,NULL,NULL,41445,41472,00008901,NULL,NULL,'2022-05-30','2022-05-30',0002,1,NULL,11099.18,NULL,'2022-06-17 22:01:21','2022-06-17 22:01:21',NULL),(1071,7255,2,1,NULL,NULL,122823,23,217,NULL,334,1,NULL,NULL,41445,41558,00012314,NULL,NULL,'2022-05-30','2022-05-30',0002,1,NULL,4145.03,NULL,'2022-06-17 22:01:21','2022-06-17 22:01:21',NULL),(1072,7255,2,1,NULL,NULL,122823,23,217,NULL,334,1,NULL,NULL,41445,41472,00008905,NULL,NULL,'2022-05-31','2022-05-31',0002,1,NULL,6031.79,NULL,'2022-06-17 22:01:21','2022-06-17 22:01:21',NULL),(1073,7255,2,1,NULL,NULL,122823,23,217,NULL,334,1,NULL,NULL,41445,41506,00015831,NULL,NULL,'2022-05-31','2022-05-31',0003,1,NULL,5183.97,NULL,'2022-06-17 22:01:21','2022-06-17 22:01:21',NULL),(1074,7255,2,1,NULL,NULL,122823,23,217,NULL,334,1,NULL,NULL,41445,41378,06311316,NULL,NULL,'2022-05-31','2022-05-31',6364,1,NULL,9912.15,NULL,'2022-06-17 22:01:21','2022-06-17 22:01:21',NULL),(1075,7255,3,1,NULL,NULL,124384,NULL,NULL,NULL,NULL,1,3,NULL,41445,41559,00000003,00000003,0,'2022-03-31',NULL,2022,1,NULL,16385.97,NULL,'2022-06-17 22:08:07','2022-06-17 23:00:17',NULL),(1076,7255,3,1,NULL,NULL,122822,NULL,NULL,NULL,NULL,1,3,NULL,41445,41560,00000004,00000004,0,'2022-04-30',NULL,2022,1,NULL,3060.57,NULL,'2022-06-17 22:12:06','2022-06-17 22:12:06',NULL),(1077,7255,3,1,NULL,NULL,122823,NULL,NULL,NULL,NULL,1,3,NULL,41445,41560,00000005,00000005,0,'2022-05-31',NULL,2022,1,NULL,22209.10,NULL,'2022-06-17 22:16:52','2022-06-17 22:16:52',NULL),(1086,7255,2,1,NULL,NULL,37982,22,5,NULL,647,1,NULL,NULL,41389,41579,00000182,00000182,NULL,'2022-04-01',NULL,0001,1,NULL,13260.00,NULL,'2022-06-18 01:23:38','2022-06-18 01:23:38',NULL),(1087,7255,2,1,NULL,NULL,37982,22,5,NULL,647,1,NULL,NULL,41389,41580,00004141,00004141,NULL,'2022-04-01',NULL,0002,1,NULL,1643.80,NULL,'2022-06-18 01:23:38','2022-06-18 01:23:38',NULL),(1088,7255,2,1,NULL,NULL,37982,22,5,NULL,647,1,NULL,NULL,41389,41581,00005241,00005241,NULL,'2022-04-01',NULL,0024,1,NULL,4366.67,NULL,'2022-06-18 01:23:38','2022-06-18 01:23:38',NULL),(1089,7255,2,1,NULL,NULL,37982,22,5,NULL,647,1,NULL,NULL,41389,41582,00047795,00047795,NULL,'2022-04-04',NULL,0031,1,NULL,4490.06,NULL,'2022-06-18 01:23:38','2022-06-18 01:23:38',NULL),(1090,7255,2,1,NULL,NULL,37982,22,5,NULL,647,1,NULL,NULL,41389,40719,00001605,00001605,NULL,'2022-04-05',NULL,0003,1,NULL,7200.00,NULL,'2022-06-18 01:23:38','2022-06-18 01:23:38',NULL),(1091,7255,2,1,NULL,NULL,37982,22,5,NULL,647,1,NULL,NULL,41389,41582,00047962,00047962,NULL,'2022-04-07',NULL,0031,1,NULL,4628.33,NULL,'2022-06-18 01:23:38','2022-06-18 01:23:38',NULL);
INSERT INTO `receipts` VALUES (1092,7255,2,1,NULL,NULL,37982,22,5,NULL,647,1,NULL,NULL,41389,41582,00048125,00048125,NULL,'2022-04-11',NULL,0031,1,NULL,5703.76,NULL,'2022-06-18 01:23:38','2022-06-18 01:23:38',NULL),(1093,7255,2,1,NULL,NULL,37982,22,5,NULL,647,1,NULL,NULL,41389,41582,00048485,00048485,NULL,'2022-04-18',NULL,0031,1,NULL,7089.68,NULL,'2022-06-18 01:23:39','2022-06-18 01:23:39',NULL),(1094,7255,2,1,NULL,NULL,37982,22,5,NULL,647,1,NULL,NULL,41389,41583,00000523,00000523,NULL,'2022-04-18',NULL,0003,1,NULL,5845.02,NULL,'2022-06-18 01:23:39','2022-06-18 01:23:39',NULL),(1095,7255,2,1,NULL,NULL,37982,22,5,NULL,647,1,NULL,NULL,41389,41582,00048838,00048838,NULL,'2022-04-18',NULL,0031,1,NULL,6355.62,NULL,'2022-06-18 01:23:39','2022-06-18 01:23:39',NULL),(1096,7255,2,1,NULL,NULL,37982,22,5,NULL,647,1,NULL,NULL,41389,41582,00048962,00048962,NULL,'2022-04-21',NULL,0031,1,NULL,3254.81,NULL,'2022-06-18 01:23:39','2022-06-18 01:23:39',NULL),(1097,7255,2,1,NULL,NULL,37982,22,5,NULL,647,1,NULL,NULL,41389,41582,00048981,00048981,NULL,'2022-04-21',NULL,0031,1,NULL,3458.37,NULL,'2022-06-18 01:23:39','2022-06-18 01:23:39',NULL),(1098,7255,2,1,NULL,NULL,37982,22,5,NULL,647,1,NULL,NULL,41389,41582,00049153,00049153,NULL,'2022-04-23',NULL,0031,1,NULL,4150.13,NULL,'2022-06-18 01:23:39','2022-06-18 01:23:39',NULL),(1099,7255,2,1,NULL,NULL,37982,22,5,NULL,647,1,NULL,NULL,41389,41584,00000715,00000715,NULL,'2022-04-24',NULL,0002,1,NULL,4200.00,NULL,'2022-06-18 01:23:39','2022-06-18 01:23:39',NULL),(1100,7255,2,1,NULL,NULL,37982,22,5,NULL,647,1,NULL,NULL,41389,41582,00049322,00049322,NULL,'2022-04-25',NULL,0031,1,NULL,4692.03,NULL,'2022-06-18 01:23:39','2022-06-18 01:23:39',NULL),(1101,7255,2,40,NULL,NULL,37982,22,5,NULL,647,1,NULL,NULL,41389,41375,00042022,00042022,NULL,'2022-04-30',NULL,0009,1,NULL,7415.37,NULL,'2022-06-18 01:23:39','2022-06-18 01:23:39',NULL),(1102,7255,2,40,NULL,NULL,37982,22,5,NULL,647,1,NULL,NULL,41389,41357,00042022,00042022,NULL,'2022-04-30',NULL,0009,1,NULL,438.34,NULL,'2022-06-18 01:23:39','2022-06-18 01:23:39',NULL),(1103,7255,2,40,NULL,NULL,37982,22,5,NULL,647,1,NULL,NULL,41389,41373,00042022,00042022,NULL,'2022-04-30',NULL,0009,1,NULL,1315.04,NULL,'2022-06-18 01:23:39','2022-06-18 01:23:39',NULL),(1104,7255,2,40,NULL,NULL,37982,22,5,NULL,647,1,NULL,NULL,41389,41495,00042022,00042022,NULL,'2022-04-30',NULL,0009,1,NULL,3890.33,NULL,'2022-06-18 01:23:39','2022-06-18 01:23:39',NULL),(1105,7255,1,4,NULL,NULL,34885,23,NULL,NULL,330,1,NULL,NULL,41296,41299,00000925,NULL,NULL,'2022-05-02','2022-05-02',0002,1,NULL,8112.00,NULL,'2022-06-22 02:09:17','2022-06-22 02:09:17',NULL),(1106,7255,1,4,NULL,NULL,34885,23,NULL,NULL,330,1,NULL,NULL,41296,41300,00000926,NULL,NULL,'2022-05-02','2022-05-02',0002,1,NULL,886.00,NULL,'2022-06-22 02:09:17','2022-06-22 02:09:17',NULL),(1107,7255,1,1,NULL,NULL,34885,23,NULL,NULL,330,1,NULL,NULL,41296,41298,00002508,NULL,NULL,'2022-05-02','2022-05-02',0002,1,NULL,356428.80,NULL,'2022-06-22 02:09:17','2022-06-22 02:09:17',NULL),(1108,7255,1,3,NULL,NULL,34885,23,NULL,NULL,330,1,NULL,NULL,41296,41301,00000668,NULL,NULL,'2022-05-03','2022-05-03',0002,1,NULL,5351.47,NULL,'2022-06-22 02:09:17','2022-06-22 02:09:17',NULL),(1109,7255,1,4,NULL,NULL,34885,23,NULL,NULL,330,1,NULL,NULL,41296,41302,00000927,NULL,NULL,'2022-05-03','2022-05-03',0002,1,NULL,886.00,NULL,'2022-06-22 02:09:17','2022-06-22 02:09:17',NULL),(1110,7255,1,3,NULL,NULL,34885,23,NULL,NULL,330,1,NULL,NULL,41296,41305,00000669,NULL,NULL,'2022-05-04','2022-05-04',0002,1,NULL,5006.04,NULL,'2022-06-22 02:09:17','2022-06-22 02:09:17',NULL),(1111,7255,1,1,NULL,NULL,34885,23,NULL,NULL,330,1,NULL,NULL,41296,41303,00002509,NULL,NULL,'2022-05-04','2022-05-04',0002,1,NULL,75542.22,NULL,'2022-06-22 02:09:17','2022-06-22 02:09:17',NULL),(1112,7255,1,1,NULL,NULL,34885,23,NULL,NULL,330,1,NULL,NULL,41296,41304,00002510,NULL,NULL,'2022-05-04','2022-05-04',0002,1,NULL,80011.78,NULL,'2022-06-22 02:09:18','2022-06-22 02:09:18',NULL);
INSERT INTO `receipts` VALUES (1113,7255,1,3,NULL,NULL,34885,23,NULL,NULL,330,1,NULL,NULL,41296,41311,00000670,NULL,NULL,'2022-05-05','2022-05-05',0002,1,NULL,22490.68,NULL,'2022-06-22 02:09:18','2022-06-22 02:09:18',NULL),(1114,7255,1,3,NULL,NULL,34885,23,NULL,NULL,330,1,NULL,NULL,41296,41312,00000671,NULL,NULL,'2022-05-05','2022-05-05',0002,1,NULL,65187.54,NULL,'2022-06-22 02:09:18','2022-06-22 02:09:18',NULL),(1115,7255,1,1,NULL,NULL,34885,23,NULL,NULL,330,1,NULL,NULL,41296,41306,00002511,NULL,NULL,'2022-05-05','2022-05-05',0002,1,NULL,67534.50,NULL,'2022-06-22 02:09:18','2022-06-22 02:09:18',NULL),(1116,7255,1,1,NULL,NULL,34885,23,NULL,NULL,330,1,NULL,NULL,41296,41307,00002512,NULL,NULL,'2022-05-05','2022-05-05',0002,1,NULL,78742.30,NULL,'2022-06-22 02:09:18','2022-06-22 02:09:18',NULL),(1117,7255,1,1,NULL,NULL,34885,23,NULL,NULL,330,1,NULL,NULL,41296,41308,00002513,NULL,NULL,'2022-05-05','2022-05-05',0002,1,NULL,64944.82,NULL,'2022-06-22 02:09:18','2022-06-22 02:09:18',NULL),(1118,7255,1,1,NULL,NULL,34885,23,NULL,NULL,330,1,NULL,NULL,41296,41309,00002514,NULL,NULL,'2022-05-05','2022-05-05',0002,1,NULL,106903.50,NULL,'2022-06-22 02:09:18','2022-06-22 02:09:18',NULL),(1119,7255,1,1,NULL,NULL,34885,23,NULL,NULL,330,1,NULL,NULL,41296,41301,00002515,NULL,NULL,'2022-05-05','2022-05-05',0002,1,NULL,43837.56,NULL,'2022-06-22 02:09:18','2022-06-22 02:09:18',NULL),(1120,7255,1,1,NULL,NULL,34885,23,NULL,NULL,330,1,NULL,NULL,41296,41310,00002516,NULL,NULL,'2022-05-05','2022-05-05',0002,1,NULL,63191.85,NULL,'2022-06-22 02:09:18','2022-06-22 02:09:18',NULL),(1121,7255,1,1,NULL,NULL,34885,23,NULL,NULL,330,1,NULL,NULL,41296,41303,00002517,NULL,NULL,'2022-05-06','2022-05-06',0002,1,NULL,62078.01,NULL,'2022-06-22 02:09:18','2022-06-22 02:09:18',NULL),(1122,7255,1,3,NULL,NULL,34885,23,NULL,NULL,330,1,NULL,NULL,41296,41314,00000672,NULL,NULL,'2022-05-09','2022-05-09',0002,1,NULL,8301.42,NULL,'2022-06-22 02:09:18','2022-06-22 02:09:18',NULL),(1123,7255,1,4,NULL,NULL,34885,23,NULL,NULL,330,1,NULL,NULL,41296,41315,00000928,NULL,NULL,'2022-05-09','2022-05-09',0002,1,NULL,11288.00,NULL,'2022-06-22 02:09:18','2022-06-22 02:09:18',NULL),(1124,7255,1,4,NULL,NULL,34885,23,NULL,NULL,330,1,NULL,NULL,41296,41315,00000929,NULL,NULL,'2022-05-09','2022-05-09',0002,1,NULL,11288.00,NULL,'2022-06-22 02:09:18','2022-06-22 02:09:18',NULL),(1125,7255,1,4,NULL,NULL,34885,23,NULL,NULL,330,1,NULL,NULL,41296,41315,00000930,NULL,NULL,'2022-05-09','2022-05-09',0002,1,NULL,11288.00,NULL,'2022-06-22 02:09:18','2022-06-22 02:09:18',NULL),(1126,7255,1,4,NULL,NULL,34885,23,NULL,NULL,330,1,NULL,NULL,41296,41315,00000931,NULL,NULL,'2022-05-09','2022-05-09',0002,1,NULL,11288.00,NULL,'2022-06-22 02:09:18','2022-06-22 02:09:18',NULL),(1127,7255,1,4,NULL,NULL,34885,23,NULL,NULL,330,1,NULL,NULL,41296,41315,00000932,NULL,NULL,'2022-05-09','2022-05-09',0002,1,NULL,11288.00,NULL,'2022-06-22 02:09:18','2022-06-22 02:09:18',NULL),(1128,7255,1,4,NULL,NULL,34885,23,NULL,NULL,330,1,NULL,NULL,41296,41316,00000933,NULL,NULL,'2022-05-09','2022-05-09',0002,1,NULL,835.00,NULL,'2022-06-22 02:09:18','2022-06-22 02:09:18',NULL),(1129,7255,1,4,NULL,NULL,34885,23,NULL,NULL,330,1,NULL,NULL,41296,41317,00000934,NULL,NULL,'2022-05-09','2022-05-09',0002,1,NULL,5340.00,NULL,'2022-06-22 02:09:18','2022-06-22 02:09:18',NULL),(1130,7255,1,4,NULL,NULL,34885,23,NULL,NULL,330,1,NULL,NULL,41296,41318,00000935,NULL,NULL,'2022-05-09','2022-05-09',0002,1,NULL,16552.00,NULL,'2022-06-22 02:09:18','2022-06-22 02:09:18',NULL),(1131,7255,1,1,NULL,NULL,34885,23,NULL,NULL,330,1,NULL,NULL,41296,41313,00002518,NULL,NULL,'2022-05-09','2022-05-09',0002,1,NULL,33256.08,NULL,'2022-06-22 02:09:18','2022-06-22 02:09:18',NULL),(1132,7255,1,3,NULL,NULL,34885,23,NULL,NULL,330,1,NULL,NULL,41296,41301,00000673,NULL,NULL,'2022-05-10','2022-05-10',0002,1,NULL,2191.87,NULL,'2022-06-22 02:09:18','2022-06-22 02:09:18',NULL);
INSERT INTO `receipts` VALUES (1133,7255,1,4,NULL,NULL,34885,23,NULL,NULL,330,1,NULL,NULL,41296,41322,00000936,NULL,NULL,'2022-05-10','2022-05-10',0002,1,NULL,1344.00,NULL,'2022-06-22 02:09:18','2022-06-22 02:09:18',NULL),(1134,7255,1,4,NULL,NULL,34885,23,NULL,NULL,330,1,NULL,NULL,41296,41323,00000937,NULL,NULL,'2022-05-10','2022-05-10',0002,1,NULL,4777.00,NULL,'2022-06-22 02:09:19','2022-06-22 02:09:19',NULL),(1135,7255,1,1,NULL,NULL,34885,23,NULL,NULL,330,1,NULL,NULL,41296,41319,00002519,NULL,NULL,'2022-05-10','2022-05-10',0002,1,NULL,27076.92,NULL,'2022-06-22 02:09:19','2022-06-22 02:09:19',NULL),(1136,7255,1,1,NULL,NULL,34885,23,NULL,NULL,330,1,NULL,NULL,41296,41305,00002520,NULL,NULL,'2022-05-10','2022-05-10',0002,1,NULL,285143.04,NULL,'2022-06-22 02:09:19','2022-06-22 02:09:19',NULL),(1137,7255,1,1,NULL,NULL,34885,23,NULL,NULL,330,1,NULL,NULL,41296,41320,00002521,NULL,NULL,'2022-05-10','2022-05-10',0002,1,NULL,44580.12,NULL,'2022-06-22 02:09:19','2022-06-22 02:09:19',NULL),(1138,7255,1,1,NULL,NULL,34885,23,NULL,NULL,330,1,NULL,NULL,41296,41321,00002522,NULL,NULL,'2022-05-10','2022-05-10',0002,1,NULL,167934.56,NULL,'2022-06-22 02:09:19','2022-06-22 02:09:19',NULL),(1139,7255,1,2,NULL,NULL,34885,23,NULL,NULL,330,1,NULL,NULL,41296,41304,00000059,NULL,NULL,'2022-05-11','2022-05-11',0002,1,NULL,69740.71,NULL,'2022-06-22 02:09:19','2022-06-22 02:09:19',NULL),(1140,7255,1,3,NULL,NULL,34885,23,NULL,NULL,330,1,NULL,NULL,41296,41308,00000674,NULL,NULL,'2022-05-11','2022-05-11',0002,1,NULL,3247.24,NULL,'2022-06-22 02:09:19','2022-06-22 02:09:19',NULL),(1141,7255,1,1,NULL,NULL,34885,23,NULL,NULL,330,1,NULL,NULL,41296,41324,00002523,NULL,NULL,'2022-05-11','2022-05-11',0002,1,NULL,78284.38,NULL,'2022-06-22 02:09:19','2022-06-22 02:09:19',NULL),(1142,7255,1,1,NULL,NULL,34885,23,NULL,NULL,330,1,NULL,NULL,41296,41325,00002524,NULL,NULL,'2022-05-11','2022-05-11',0002,1,NULL,1542.00,NULL,'2022-06-22 02:09:19','2022-06-22 02:09:19',NULL),(1143,7255,1,1,NULL,NULL,34885,23,NULL,NULL,330,1,NULL,NULL,41296,41326,00002525,NULL,NULL,'2022-05-11','2022-05-11',0002,1,NULL,63191.85,NULL,'2022-06-22 02:09:19','2022-06-22 02:09:19',NULL),(1144,7255,1,3,NULL,NULL,34885,23,NULL,NULL,330,1,NULL,NULL,41296,41326,00000675,NULL,NULL,'2022-05-13','2022-05-13',0002,1,NULL,3159.59,NULL,'2022-06-22 02:09:19','2022-06-22 02:09:19',NULL),(1145,7255,1,4,NULL,NULL,34885,23,NULL,NULL,330,1,NULL,NULL,41296,41328,00000938,NULL,NULL,'2022-05-13','2022-05-13',0002,1,NULL,8112.00,NULL,'2022-06-22 02:09:19','2022-06-22 02:09:19',NULL),(1146,7255,1,4,NULL,NULL,34885,23,NULL,NULL,330,1,NULL,NULL,41296,41329,00000939,NULL,NULL,'2022-05-13','2022-05-13',0002,1,NULL,16224.00,NULL,'2022-06-22 02:09:19','2022-06-22 02:09:19',NULL),(1147,7255,1,4,NULL,NULL,34885,23,NULL,NULL,330,1,NULL,NULL,41296,41330,00000940,NULL,NULL,'2022-05-13','2022-05-13',0002,1,NULL,8112.00,NULL,'2022-06-22 02:09:19','2022-06-22 02:09:19',NULL),(1148,7255,1,4,NULL,NULL,34885,23,NULL,NULL,330,1,NULL,NULL,41296,41330,00000941,NULL,NULL,'2022-05-13','2022-05-13',0002,1,NULL,16224.00,NULL,'2022-06-22 02:09:19','2022-06-22 02:09:19',NULL),(1149,7255,1,1,NULL,NULL,34885,23,NULL,NULL,330,1,NULL,NULL,41296,41303,00002526,NULL,NULL,'2022-05-13','2022-05-13',0002,1,NULL,95334.09,NULL,'2022-06-22 02:09:19','2022-06-22 02:09:19',NULL),(1150,7255,1,1,NULL,NULL,34885,23,NULL,NULL,330,1,NULL,NULL,41296,41327,00002527,NULL,NULL,'2022-05-13','2022-05-13',0002,1,NULL,48443.20,NULL,'2022-06-22 02:09:19','2022-06-22 02:09:19',NULL),(1151,7255,1,1,NULL,NULL,34885,23,NULL,NULL,330,1,NULL,NULL,41296,41331,00002528,NULL,NULL,'2022-05-16','2022-05-16',0002,1,NULL,48710.61,NULL,'2022-06-22 02:09:19','2022-06-22 02:09:19',NULL),(1152,7255,1,1,NULL,NULL,34885,23,NULL,NULL,330,1,NULL,NULL,41296,41332,00002529,NULL,NULL,'2022-05-16','2022-05-16',0002,1,NULL,52012.35,NULL,'2022-06-22 02:09:19','2022-06-22 02:09:19',NULL);
INSERT INTO `receipts` VALUES (1153,7255,1,1,NULL,NULL,34885,23,NULL,NULL,330,1,NULL,NULL,41296,41333,00002530,NULL,NULL,'2022-05-16','2022-05-16',0002,1,NULL,27076.92,NULL,'2022-06-22 02:09:19','2022-06-22 02:09:19',NULL),(1154,7255,1,2,NULL,NULL,34885,23,NULL,NULL,330,1,NULL,NULL,41296,41336,00000060,NULL,NULL,'2022-05-17','2022-05-17',0002,1,NULL,15000.00,NULL,'2022-06-22 02:09:19','2022-06-22 02:09:19',NULL),(1155,7255,1,3,NULL,NULL,34885,23,NULL,NULL,330,1,NULL,NULL,41296,41319,00000676,NULL,NULL,'2022-05-17','2022-05-17',0002,1,NULL,1353.84,NULL,'2022-06-22 02:09:19','2022-06-22 02:09:19',NULL),(1156,7255,1,4,NULL,NULL,34885,23,NULL,NULL,330,1,NULL,NULL,41296,41337,00000942,NULL,NULL,'2022-05-17','2022-05-17',0002,1,NULL,7243.00,NULL,'2022-06-22 02:09:19','2022-06-22 02:09:19',NULL),(1157,7255,1,1,NULL,NULL,34885,23,NULL,NULL,330,1,NULL,NULL,41296,41334,00002531,NULL,NULL,'2022-05-17','2022-05-17',0002,1,NULL,27076.92,NULL,'2022-06-22 02:09:20','2022-06-22 02:09:20',NULL),(1158,7255,1,1,NULL,NULL,34885,23,NULL,NULL,330,1,NULL,NULL,41296,41335,00002532,NULL,NULL,'2022-05-17','2022-05-17',0002,1,NULL,63222.50,NULL,'2022-06-22 02:09:20','2022-06-22 02:09:20',NULL),(1159,7255,1,1,NULL,NULL,34885,23,NULL,NULL,330,1,NULL,NULL,41296,41303,00002533,NULL,NULL,'2022-05-19','2022-05-19',0002,1,NULL,66512.16,NULL,'2022-06-22 02:09:20','2022-06-22 02:09:20',NULL),(1160,7255,1,3,NULL,NULL,34885,23,NULL,NULL,330,1,NULL,NULL,41296,41331,00000677,NULL,NULL,'2022-05-20','2022-05-20',0002,1,NULL,2435.53,NULL,'2022-06-22 02:09:20','2022-06-22 02:09:20',NULL),(1161,7255,1,3,NULL,NULL,34885,23,NULL,NULL,330,1,NULL,NULL,41296,41334,00000678,NULL,NULL,'2022-05-20','2022-05-20',0002,1,NULL,1353.84,NULL,'2022-06-22 02:09:20','2022-06-22 02:09:20',NULL),(1162,7255,1,3,NULL,NULL,34885,23,NULL,NULL,330,1,NULL,NULL,41296,41298,00000679,NULL,NULL,'2022-05-20','2022-05-20',0002,1,NULL,17821.44,NULL,'2022-06-22 02:09:20','2022-06-22 02:09:20',NULL),(1163,7255,1,3,NULL,NULL,34885,23,NULL,NULL,330,1,NULL,NULL,41296,41313,00000680,NULL,NULL,'2022-05-20','2022-05-20',0002,1,NULL,1662.80,NULL,'2022-06-22 02:09:20','2022-06-22 02:09:20',NULL),(1164,7255,1,1,NULL,NULL,34885,23,NULL,NULL,330,1,NULL,NULL,41296,41327,00002534,NULL,NULL,'2022-05-20','2022-05-20',0002,1,NULL,153219.30,NULL,'2022-06-22 02:09:20','2022-06-22 02:09:20',NULL),(1165,7255,1,1,NULL,NULL,34885,23,NULL,NULL,330,1,NULL,NULL,41296,41338,00002535,NULL,NULL,'2022-05-20','2022-05-20',0002,1,NULL,94002.79,NULL,'2022-06-22 02:09:20','2022-06-22 02:09:20',NULL),(1166,7255,1,1,NULL,NULL,34885,23,NULL,NULL,330,1,NULL,NULL,41296,41339,00002536,NULL,NULL,'2022-05-20','2022-05-20',0002,1,NULL,49475.71,NULL,'2022-06-22 02:09:20','2022-06-22 02:09:20',NULL),(1167,7255,1,1,NULL,NULL,34885,23,NULL,NULL,330,1,NULL,NULL,41296,41340,00002537,NULL,NULL,'2022-05-20','2022-05-20',0002,1,NULL,67534.50,NULL,'2022-06-22 02:09:20','2022-06-22 02:09:20',NULL),(1168,7255,1,4,NULL,NULL,34885,23,NULL,NULL,330,1,NULL,NULL,41296,41344,00000943,NULL,NULL,'2022-05-23','2022-05-23',0002,1,NULL,1890.00,NULL,'2022-06-22 02:09:20','2022-06-22 02:09:20',NULL),(1169,7255,1,1,NULL,NULL,34885,23,NULL,NULL,330,1,NULL,NULL,41296,41336,00002538,NULL,NULL,'2022-05-23','2022-05-23',0002,1,NULL,67534.50,NULL,'2022-06-22 02:09:20','2022-06-22 02:09:20',NULL),(1170,7255,1,1,NULL,NULL,34885,23,NULL,NULL,330,1,NULL,NULL,41296,41341,00002539,NULL,NULL,'2022-05-23','2022-05-23',0002,1,NULL,64157.78,NULL,'2022-06-22 02:09:20','2022-06-22 02:09:20',NULL),(1171,7255,1,1,NULL,NULL,34885,23,NULL,NULL,330,1,NULL,NULL,41296,41342,00002540,NULL,NULL,'2022-05-23','2022-05-23',0002,1,NULL,7440.00,NULL,'2022-06-22 02:09:20','2022-06-22 02:09:20',NULL),(1172,7255,1,1,NULL,NULL,34885,23,NULL,NULL,330,1,NULL,NULL,41296,41303,00002541,NULL,NULL,'2022-05-23','2022-05-23',0002,1,NULL,155138.02,NULL,'2022-06-22 02:09:20','2022-06-22 02:09:20',NULL);
INSERT INTO `receipts` VALUES (1173,7255,1,1,NULL,NULL,34885,23,NULL,NULL,330,1,NULL,NULL,41296,41343,00002542,NULL,NULL,'2022-05-23','2022-05-23',0002,1,NULL,117711.00,NULL,'2022-06-22 02:09:20','2022-06-22 02:09:20',NULL),(1174,7255,1,1,NULL,NULL,34885,23,NULL,NULL,330,1,NULL,NULL,41296,41345,00002543,NULL,NULL,'2022-05-24','2022-05-24',0002,1,NULL,73301.48,NULL,'2022-06-22 02:09:20','2022-06-22 02:09:20',NULL),(1175,7255,1,3,NULL,NULL,34885,23,NULL,NULL,330,1,NULL,NULL,41296,41338,00000681,NULL,NULL,'2022-05-26','2022-05-26',0002,1,NULL,4700.14,NULL,'2022-06-22 02:09:20','2022-06-22 02:09:20',NULL),(1176,7255,1,1,NULL,NULL,34885,23,NULL,NULL,330,1,NULL,NULL,41296,41303,00002544,NULL,NULL,'2022-05-26','2022-05-26',0002,1,NULL,105553.14,NULL,'2022-06-22 02:09:20','2022-06-22 02:09:20',NULL),(1177,7255,1,1,NULL,NULL,34885,23,NULL,NULL,330,1,NULL,NULL,41296,41347,00002546,NULL,NULL,'2022-05-27','2022-05-27',0002,1,NULL,67534.50,NULL,'2022-06-22 02:09:20','2022-06-22 02:09:20',NULL),(1178,7255,1,1,NULL,NULL,34885,23,NULL,NULL,330,1,NULL,NULL,41296,41348,00002547,00002547,NULL,'2022-05-27','2022-05-27',0002,1,NULL,130479.20,NULL,'2022-06-22 02:09:20','2022-06-22 14:11:07',NULL),(1179,7255,1,1,NULL,NULL,34885,23,NULL,NULL,330,1,NULL,NULL,41296,41349,00002548,NULL,NULL,'2022-05-27','2022-05-27',0002,1,NULL,29930.47,NULL,'2022-06-22 02:09:20','2022-06-22 02:09:20',NULL),(1180,7255,1,1,NULL,NULL,34885,23,NULL,NULL,330,1,NULL,NULL,41296,41350,00002549,NULL,NULL,'2022-05-27','2022-05-27',0002,1,NULL,1780000.00,NULL,'2022-06-22 02:09:21','2022-06-22 02:09:21',NULL),(1181,7255,1,1,NULL,NULL,34885,23,NULL,NULL,330,1,NULL,NULL,41296,41346,00002545,NULL,NULL,'2022-05-27','2022-05-27',0002,1,NULL,32361.03,NULL,'2022-06-22 02:09:21','2022-06-22 02:09:21',NULL),(1182,7255,1,1,NULL,NULL,34885,23,NULL,NULL,330,1,NULL,NULL,41296,41351,00002550,NULL,NULL,'2022-05-30','2022-05-30',0002,1,NULL,67534.50,NULL,'2022-06-22 02:09:21','2022-06-22 02:09:21',NULL),(1183,7255,1,1,NULL,NULL,34885,23,NULL,NULL,330,1,NULL,NULL,41296,41352,00002551,NULL,NULL,'2022-05-30','2022-05-30',0002,1,NULL,31752.39,NULL,'2022-06-22 02:09:21','2022-06-22 02:09:21',NULL),(1184,7255,1,3,NULL,NULL,34885,23,NULL,NULL,330,1,NULL,NULL,41296,41349,00000682,NULL,NULL,'2022-05-30','2022-05-30',0002,1,NULL,1496.52,NULL,'2022-06-22 02:09:21','2022-06-22 02:09:21',NULL),(1185,7255,1,4,NULL,NULL,34885,23,NULL,NULL,330,1,NULL,NULL,41296,41353,00000944,NULL,NULL,'2022-05-30','2022-05-30',0002,1,NULL,1693.00,NULL,'2022-06-22 02:09:21','2022-06-22 02:09:21',NULL),(1186,7255,1,4,NULL,NULL,34885,23,NULL,NULL,330,1,NULL,NULL,41296,41353,00000945,NULL,NULL,'2022-05-30','2022-05-30',0002,1,NULL,8830.00,NULL,'2022-06-22 02:09:21','2022-06-22 02:09:21',NULL),(1187,7255,1,4,NULL,NULL,34885,23,NULL,NULL,330,1,NULL,NULL,41296,41354,00000946,NULL,NULL,'2022-05-30','2022-05-30',0002,1,NULL,11288.00,NULL,'2022-06-22 02:09:21','2022-06-22 02:09:21',NULL),(1188,7255,1,4,NULL,NULL,34885,23,NULL,NULL,330,1,NULL,NULL,41296,41355,00000947,NULL,NULL,'2022-05-30','2022-05-30',0002,1,NULL,16552.00,NULL,'2022-06-22 02:09:21','2022-06-22 02:09:21',NULL),(1189,7255,1,4,NULL,NULL,34885,23,NULL,NULL,330,1,NULL,NULL,41296,41355,00000948,NULL,NULL,'2022-05-30','2022-05-30',0002,1,NULL,16552.00,NULL,'2022-06-22 02:09:21','2022-06-22 02:09:21',NULL),(1190,7255,1,3,NULL,NULL,34885,23,NULL,NULL,330,1,NULL,NULL,41296,41351,00000683,NULL,NULL,'2022-05-31','2022-05-31',0002,1,NULL,3376.72,NULL,'2022-06-22 02:09:21','2022-06-22 02:09:21',NULL),(1191,7255,2,4,NULL,NULL,124480,22,217,NULL,705,1,NULL,NULL,41408,41585,02090444,NULL,NULL,'2022-03-01','2022-03-01',0054,1,NULL,19596.67,NULL,'2022-06-29 19:04:27','2022-06-29 19:04:27',NULL),(1192,7255,2,5,NULL,NULL,124480,22,217,NULL,705,1,NULL,NULL,41408,41585,00469536,NULL,NULL,'2022-03-01','2022-03-01',0094,1,NULL,375.00,NULL,'2022-06-29 19:04:27','2022-06-29 19:04:27',NULL);
INSERT INTO `receipts` VALUES (1193,7255,2,1,NULL,NULL,124480,22,250,NULL,705,1,NULL,NULL,41408,41586,00002711,NULL,NULL,'2022-03-02','2022-03-02',0002,1,NULL,7500.00,NULL,'2022-06-29 19:04:27','2022-06-29 19:04:27',NULL),(1194,7255,2,1,NULL,NULL,124480,22,250,NULL,705,1,NULL,NULL,41408,41587,00000126,NULL,NULL,'2022-03-02','2022-03-02',6129,1,NULL,2400.40,NULL,'2022-06-29 19:04:27','2022-06-29 19:04:27',NULL),(1195,7255,2,1,NULL,NULL,124480,22,250,NULL,705,1,NULL,NULL,41408,41588,00858281,NULL,NULL,'2022-03-02','2022-03-02',0500,1,NULL,11633.07,NULL,'2022-06-29 19:04:27','2022-06-29 19:04:27',NULL),(1196,7255,2,3,NULL,NULL,124480,22,250,NULL,705,1,NULL,NULL,41408,41589,00025066,NULL,NULL,'2022-03-02','2022-03-02',0003,1,NULL,6287.63,NULL,'2022-06-29 19:04:27','2022-06-29 19:04:27',NULL),(1197,7255,2,3,NULL,NULL,124480,22,250,NULL,705,1,NULL,NULL,41408,41589,00025065,NULL,NULL,'2022-03-02','2022-03-02',0003,1,NULL,6287.63,NULL,'2022-06-29 19:04:27','2022-06-29 19:04:27',NULL),(1198,7255,2,1,NULL,NULL,124480,22,250,NULL,705,1,NULL,NULL,41408,41590,04587544,NULL,NULL,'2022-03-03','2022-03-03',9407,1,NULL,0.00,NULL,'2022-06-29 19:04:27','2022-06-29 19:04:27',NULL),(1199,7255,2,1,NULL,NULL,124480,22,250,NULL,705,1,NULL,NULL,41408,41591,00374736,NULL,NULL,'2022-03-03','2022-03-03',0002,1,NULL,11525.26,NULL,'2022-06-29 19:04:27','2022-06-29 19:04:27',NULL),(1200,7255,2,1,NULL,NULL,124480,22,250,NULL,705,1,NULL,NULL,41408,41592,00000189,NULL,NULL,'2022-03-03','2022-03-03',0016,1,NULL,4740.00,NULL,'2022-06-29 19:04:27','2022-06-29 19:04:27',NULL),(1201,7255,2,1,NULL,NULL,124480,22,250,NULL,705,1,NULL,NULL,41408,41589,00344208,NULL,NULL,'2022-03-04','2022-03-04',0003,1,NULL,6287.63,NULL,'2022-06-29 19:04:27','2022-06-29 19:04:27',NULL),(1202,7255,2,1,NULL,NULL,124480,22,217,NULL,705,1,NULL,NULL,41408,41593,00003978,NULL,NULL,'2022-03-04','2022-03-04',1809,1,NULL,38127.31,NULL,'2022-06-29 19:04:27','2022-06-29 19:04:27',NULL),(1203,7255,2,1,NULL,NULL,124480,22,250,NULL,705,1,NULL,NULL,41408,41594,00007668,NULL,NULL,'2022-03-04','2022-03-04',0041,1,NULL,19707.23,NULL,'2022-06-29 19:04:27','2022-06-29 19:04:27',NULL),(1204,7255,2,1,NULL,NULL,124480,22,250,NULL,705,1,NULL,NULL,41408,41595,00000680,NULL,NULL,'2022-03-05','2022-03-05',6719,1,NULL,8567.73,NULL,'2022-06-29 19:04:27','2022-06-29 19:04:27',NULL),(1205,7255,2,1,NULL,NULL,124480,22,250,NULL,705,1,NULL,NULL,41408,41592,00000193,NULL,NULL,'2022-03-07','2022-03-07',0016,1,NULL,8380.00,NULL,'2022-06-29 19:04:27','2022-06-29 19:04:27',NULL),(1206,7255,2,1,NULL,NULL,124480,22,250,NULL,705,1,NULL,NULL,41408,41587,00000055,NULL,NULL,'2022-03-07','2022-03-07',6135,1,NULL,1518.46,NULL,'2022-06-29 19:04:27','2022-06-29 19:04:27',NULL),(1207,7255,2,1,NULL,NULL,124480,22,250,NULL,705,1,NULL,NULL,41408,41596,00272371,NULL,NULL,'2022-03-07','2022-03-07',0010,1,NULL,7806.69,NULL,'2022-06-29 19:04:27','2022-06-29 19:04:27',NULL),(1208,7255,2,1,NULL,NULL,124480,22,250,NULL,705,1,NULL,NULL,41408,41590,04594378,NULL,NULL,'2022-03-08','2022-03-08',9407,1,NULL,22214.47,NULL,'2022-06-29 19:04:27','2022-06-29 19:04:27',NULL),(1209,7255,2,1,NULL,NULL,124480,22,250,NULL,705,1,NULL,NULL,41408,41590,04594377,NULL,NULL,'2022-03-08','2022-03-08',9407,1,NULL,0.00,NULL,'2022-06-29 19:04:27','2022-06-29 19:04:27',NULL),(1210,7255,2,1,NULL,NULL,124480,22,250,NULL,705,1,NULL,NULL,41408,41595,00001691,NULL,NULL,'2022-03-08','2022-03-08',6772,1,NULL,1961.00,NULL,'2022-06-29 19:04:28','2022-06-29 19:04:28',NULL),(1211,7255,2,1,NULL,NULL,124480,22,250,NULL,705,1,NULL,NULL,41408,41595,00000717,NULL,NULL,'2022-03-09','2022-03-09',6704,1,NULL,715.82,NULL,'2022-06-29 19:04:28','2022-06-29 19:04:28',NULL),(1212,7255,2,1,NULL,NULL,124480,22,250,NULL,705,1,NULL,NULL,41408,41597,00000335,NULL,NULL,'2022-03-10','2022-03-10',0023,1,NULL,8300.00,NULL,'2022-06-29 19:04:28','2022-06-29 19:04:28',NULL),(1213,7255,2,1,NULL,NULL,124480,22,250,NULL,705,1,NULL,NULL,41408,41590,04598548,NULL,NULL,'2022-03-10','2022-03-10',9407,1,NULL,11842.72,NULL,'2022-06-29 19:04:28','2022-06-29 19:04:28',NULL);
INSERT INTO `receipts` VALUES (1214,7255,2,1,NULL,NULL,124480,22,250,NULL,705,1,NULL,NULL,41408,41595,00000629,NULL,NULL,'2022-03-11','2022-03-11',14519,1,NULL,261.00,NULL,'2022-06-29 19:04:28','2022-06-29 19:04:28',NULL),(1215,7255,2,1,NULL,NULL,124480,22,250,NULL,705,1,NULL,NULL,41408,41587,00000112,NULL,NULL,'2022-03-11','2022-03-11',6133,1,NULL,846.16,NULL,'2022-06-29 19:04:28','2022-06-29 19:04:28',NULL),(1216,7255,2,1,NULL,NULL,124480,22,250,NULL,705,1,NULL,NULL,41408,41595,00001553,NULL,NULL,'2022-03-11','2022-03-11',11775,1,NULL,4737.90,NULL,'2022-06-29 19:04:28','2022-06-29 19:04:28',NULL),(1217,7255,2,1,NULL,NULL,124480,22,250,NULL,705,1,NULL,NULL,41408,41024,00243693,NULL,NULL,'2022-03-12','2022-03-12',0026,1,NULL,70400.22,NULL,'2022-06-29 19:04:28','2022-06-29 19:04:28',NULL),(1218,7255,2,1,NULL,NULL,124480,22,250,NULL,705,1,NULL,NULL,41408,41595,00001711,NULL,NULL,'2022-03-12','2022-03-12',6772,1,NULL,948.82,NULL,'2022-06-29 19:04:28','2022-06-29 19:04:28',NULL),(1219,7255,2,1,NULL,NULL,124480,22,217,NULL,705,1,NULL,NULL,41408,41593,00004129,NULL,NULL,'2022-03-12','2022-03-12',1809,1,NULL,64618.44,NULL,'2022-06-29 19:04:28','2022-06-29 19:04:28',NULL),(1220,7255,2,1,NULL,NULL,124480,22,250,NULL,705,1,NULL,NULL,41408,41595,00001563,NULL,NULL,'2022-03-12','2022-03-12',11775,1,NULL,699.02,NULL,'2022-06-29 19:04:28','2022-06-29 19:04:28',NULL),(1221,7255,2,5,NULL,NULL,124480,22,217,NULL,705,1,NULL,NULL,41408,41585,00471945,NULL,NULL,'2022-03-13','2022-03-13',0094,1,NULL,107.00,NULL,'2022-06-29 19:04:28','2022-06-29 19:04:28',NULL),(1222,7255,2,1,NULL,NULL,124480,22,250,NULL,705,1,NULL,NULL,41408,41587,00000113,NULL,NULL,'2022-03-14','2022-03-14',6133,1,NULL,2654.49,NULL,'2022-06-29 19:04:28','2022-06-29 19:04:28',NULL),(1223,7255,2,3,NULL,NULL,124480,22,250,NULL,705,1,NULL,NULL,41408,41588,00028621,NULL,NULL,'2022-03-14','2022-03-14',0500,1,NULL,47088.44,NULL,'2022-06-29 19:04:28','2022-06-29 19:04:28',NULL),(1224,7255,2,1,NULL,NULL,124480,22,250,NULL,705,1,NULL,NULL,41408,41587,00000063,NULL,NULL,'2022-03-15','2022-03-15',6135,1,NULL,929.03,NULL,'2022-06-29 19:04:28','2022-06-29 19:04:28',NULL),(1225,7255,2,4,NULL,NULL,124480,22,217,NULL,705,1,NULL,NULL,41408,41598,01580714,NULL,NULL,'2022-03-15','2022-03-15',1410,1,NULL,830.00,NULL,'2022-06-29 19:04:28','2022-06-29 19:04:28',NULL),(1226,7255,2,1,NULL,NULL,124480,22,250,NULL,705,1,NULL,NULL,41408,41599,00000115,NULL,NULL,'2022-03-16','2022-03-16',0002,1,NULL,84700.00,NULL,'2022-06-29 19:04:28','2022-06-29 19:04:28',NULL),(1227,7255,2,2,NULL,NULL,124480,22,250,NULL,705,1,NULL,NULL,41408,41596,00086324,NULL,NULL,'2022-03-16','2022-03-16',0016,1,NULL,495.72,NULL,'2022-06-29 19:04:28','2022-06-29 19:04:28',NULL),(1228,7255,2,1,NULL,NULL,124480,22,250,NULL,705,1,NULL,NULL,41408,41024,00274890,NULL,NULL,'2022-03-17','2022-03-17',0021,1,NULL,66.56,NULL,'2022-06-29 19:04:28','2022-06-29 19:04:28',NULL),(1229,7255,2,1,NULL,NULL,124480,22,250,NULL,705,1,NULL,NULL,41408,41590,04609654,NULL,NULL,'2022-03-17','2022-03-17',9407,1,NULL,18689.04,NULL,'2022-06-29 19:04:28','2022-06-29 19:04:28',NULL),(1230,7255,2,1,NULL,NULL,124480,22,250,NULL,705,1,NULL,NULL,41408,41600,00016138,NULL,NULL,'2022-03-17','2022-03-17',0008,1,NULL,28334.17,NULL,'2022-06-29 19:04:28','2022-06-29 19:04:28',NULL),(1231,7255,2,1,NULL,NULL,124480,22,250,NULL,705,1,NULL,NULL,41408,41589,00346649,NULL,NULL,'2022-03-18','2022-03-18',0003,1,NULL,6044.89,NULL,'2022-06-29 19:04:29','2022-06-29 19:04:29',NULL),(1232,7255,2,1,NULL,NULL,124480,22,250,NULL,705,1,NULL,NULL,41408,41592,00000204,NULL,NULL,'2022-03-18','2022-03-18',0016,1,NULL,6344.00,NULL,'2022-06-29 19:04:29','2022-06-29 19:04:29',NULL),(1233,7255,2,1,NULL,NULL,124480,22,250,NULL,705,1,NULL,NULL,41408,41594,00007911,NULL,NULL,'2022-03-18','2022-03-18',0041,1,NULL,16827.50,NULL,'2022-06-29 19:04:29','2022-06-29 19:04:29',NULL),(1234,7255,2,1,NULL,NULL,124480,22,250,NULL,705,1,NULL,NULL,41408,41594,00007910,NULL,NULL,'2022-03-18','2022-03-18',0041,1,NULL,33655.00,NULL,'2022-06-29 19:04:29','2022-06-29 19:04:29',NULL);
INSERT INTO `receipts` VALUES (1235,7255,2,3,NULL,NULL,124480,22,250,NULL,705,1,NULL,NULL,41408,41594,00000069,NULL,NULL,'2022-03-18','2022-03-18',0041,1,NULL,33655.00,NULL,'2022-06-29 19:04:29','2022-06-29 19:04:29',NULL),(1236,7255,2,4,NULL,NULL,124480,22,217,NULL,705,1,NULL,NULL,41408,41601,00014429,NULL,NULL,'2022-03-18','2022-03-18',0003,1,NULL,7284.64,NULL,'2022-06-29 19:04:29','2022-06-29 19:04:29',NULL),(1237,7255,2,1,NULL,NULL,124480,22,217,NULL,705,1,NULL,NULL,41408,41593,00006599,NULL,NULL,'2022-03-19','2022-03-19',1808,1,NULL,21009.41,NULL,'2022-06-29 19:04:29','2022-06-29 19:04:29',NULL),(1238,7255,2,1,NULL,NULL,124480,22,250,NULL,705,1,NULL,NULL,41408,41595,00001588,NULL,NULL,'2022-03-19','2022-03-19',11775,1,NULL,2680.58,NULL,'2022-06-29 19:04:29','2022-06-29 19:04:29',NULL),(1239,7255,2,3,NULL,NULL,124480,22,250,NULL,705,1,NULL,NULL,41408,41593,00001897,NULL,NULL,'2022-03-19','2022-03-19',1822,1,NULL,1871.90,NULL,'2022-06-29 19:04:29','2022-06-29 19:04:29',NULL),(1240,7255,2,3,NULL,NULL,124480,22,250,NULL,705,1,NULL,NULL,41408,41593,00001895,NULL,NULL,'2022-03-19','2022-03-19',1822,1,NULL,3517.37,NULL,'2022-06-29 19:04:29','2022-06-29 19:04:29',NULL),(1241,7255,2,3,NULL,NULL,124480,22,250,NULL,705,1,NULL,NULL,41408,41593,00001896,NULL,NULL,'2022-03-19','2022-03-19',1822,1,NULL,5982.12,NULL,'2022-06-29 19:04:29','2022-06-29 19:04:29',NULL),(1242,7255,2,1,NULL,NULL,124480,22,250,NULL,705,1,NULL,NULL,41408,41590,04616281,NULL,NULL,'2022-03-22','2022-03-22',9407,1,NULL,0.00,NULL,'2022-06-29 19:04:29','2022-06-29 19:04:29',NULL),(1243,7255,2,1,NULL,NULL,124480,22,217,NULL,705,1,NULL,NULL,41408,41590,04616282,NULL,NULL,'2022-03-22','2022-03-22',9407,1,NULL,31267.14,NULL,'2022-06-29 19:04:29','2022-06-29 19:04:29',NULL),(1244,7255,2,1,NULL,NULL,124480,22,250,NULL,705,1,NULL,NULL,41408,41595,00000401,NULL,NULL,'2022-03-23','2022-03-23',14523,1,NULL,1131.14,NULL,'2022-06-29 19:04:29','2022-06-29 19:04:29',NULL),(1245,7255,2,1,NULL,NULL,124480,22,250,NULL,705,1,NULL,NULL,41408,41592,00000207,NULL,NULL,'2022-03-23','2022-03-23',0016,1,NULL,8012.00,NULL,'2022-06-29 19:04:29','2022-06-29 19:04:29',NULL),(1246,7255,2,1,NULL,NULL,124480,22,250,NULL,705,1,NULL,NULL,41408,41024,00283040,NULL,NULL,'2022-03-23','2022-03-23',0021,1,NULL,35.52,NULL,'2022-06-29 19:04:29','2022-06-29 19:04:29',NULL),(1247,7255,2,1,NULL,NULL,124480,22,250,NULL,705,1,NULL,NULL,41408,41587,00000066,NULL,NULL,'2022-03-24','2022-03-24',6135,1,NULL,2191.34,NULL,'2022-06-29 19:04:29','2022-06-29 19:04:29',NULL),(1248,7255,2,1,NULL,NULL,124480,22,250,NULL,705,1,NULL,NULL,41408,41595,00000778,NULL,NULL,'2022-03-24','2022-03-24',6704,1,NULL,1135.65,NULL,'2022-06-29 19:04:29','2022-06-29 19:04:29',NULL),(1249,7255,2,1,NULL,NULL,124480,22,250,NULL,705,1,NULL,NULL,41408,41594,00008012,NULL,NULL,'2022-03-25','2022-03-25',0041,1,NULL,17335.50,NULL,'2022-06-29 19:04:29','2022-06-29 19:04:29',NULL),(1250,7255,2,1,NULL,NULL,124480,22,250,NULL,705,1,NULL,NULL,41408,41589,00347822,NULL,NULL,'2022-03-25','2022-03-25',0003,1,NULL,2707.05,NULL,'2022-06-29 19:04:29','2022-06-29 19:04:29',NULL),(1251,7255,2,1,NULL,NULL,124480,22,250,NULL,705,1,NULL,NULL,41408,41024,00330072,NULL,NULL,'2022-03-25','2022-03-25',0021,1,NULL,191.53,NULL,'2022-06-29 19:04:29','2022-06-29 19:04:29',NULL),(1252,7255,2,1,NULL,NULL,124480,22,217,NULL,705,1,NULL,NULL,41408,41593,00006790,NULL,NULL,'2022-03-26','2022-03-26',1808,1,NULL,17249.55,NULL,'2022-06-29 19:04:29','2022-06-29 19:04:29',NULL),(1253,7255,2,1,NULL,NULL,124480,22,250,NULL,705,1,NULL,NULL,41408,41593,00006791,NULL,NULL,'2022-03-26','2022-03-26',1808,1,NULL,2903.07,NULL,'2022-06-29 19:04:29','2022-06-29 19:04:29',NULL),(1254,7255,2,1,NULL,NULL,124480,22,250,NULL,705,1,NULL,NULL,41408,41593,00004754,NULL,NULL,'2022-03-26','2022-03-26',1810,1,NULL,32508.35,NULL,'2022-06-29 19:04:29','2022-06-29 19:04:29',NULL),(1255,7255,2,3,NULL,NULL,124480,22,250,NULL,705,1,NULL,NULL,41408,41593,00001994,NULL,NULL,'2022-03-27','2022-03-27',1822,1,NULL,885.72,NULL,'2022-06-29 19:04:29','2022-06-29 19:04:29',NULL);
INSERT INTO `receipts` VALUES (1256,7255,2,1,NULL,NULL,124480,22,250,NULL,705,1,NULL,NULL,41408,41600,00016288,NULL,NULL,'2022-03-28','2022-03-28',0008,1,NULL,17676.27,NULL,'2022-06-29 19:04:29','2022-06-29 19:04:29',NULL),(1257,7255,2,1,NULL,NULL,124480,22,250,NULL,705,1,NULL,NULL,41408,41588,00882654,NULL,NULL,'2022-03-28','2022-03-28',0500,1,NULL,1338.25,NULL,'2022-06-29 19:04:30','2022-06-29 19:04:30',NULL),(1258,7255,2,1,NULL,NULL,124480,22,217,NULL,705,1,NULL,NULL,41408,41593,00004797,NULL,NULL,'2022-03-29','2022-03-29',1810,1,NULL,11818.49,NULL,'2022-06-29 19:04:30','2022-06-29 19:04:30',NULL),(1259,7255,2,1,NULL,NULL,124480,22,217,NULL,705,1,NULL,NULL,41408,41593,00004796,NULL,NULL,'2022-03-29','2022-03-29',1810,1,NULL,21610.09,NULL,'2022-06-29 19:04:30','2022-06-29 19:04:30',NULL),(1260,7255,2,4,NULL,NULL,124480,22,250,NULL,705,1,NULL,NULL,41408,41602,00015884,NULL,NULL,'2022-03-29','2022-03-29',1066,1,NULL,0.00,NULL,'2022-06-29 19:04:30','2022-06-29 19:04:30',NULL),(1261,7255,2,1,NULL,NULL,124480,22,250,NULL,705,1,NULL,NULL,41408,41596,00274503,NULL,NULL,'2022-03-30','2022-03-30',0010,1,NULL,8674.10,NULL,'2022-06-29 19:04:30','2022-06-29 19:04:30',NULL),(1262,7255,2,1,NULL,NULL,124480,22,250,NULL,705,1,NULL,NULL,41408,41603,00010867,NULL,NULL,'2022-03-30','2022-03-30',0004,1,NULL,1050.00,NULL,'2022-06-29 19:04:30','2022-06-29 19:04:30',NULL),(1263,7255,2,1,NULL,NULL,124480,22,250,NULL,705,1,NULL,NULL,41408,41604,11931892,NULL,NULL,'2022-03-31','2022-03-31',0006,1,NULL,2434.35,NULL,'2022-06-29 19:04:30','2022-06-29 19:04:30',NULL),(1264,7255,2,1,NULL,NULL,124480,22,250,NULL,705,1,NULL,NULL,41408,41604,11931796,NULL,NULL,'2022-03-31','2022-03-31',0006,1,NULL,0.00,NULL,'2022-06-29 19:04:30','2022-06-29 19:04:30',NULL),(1265,7255,2,1,NULL,NULL,124480,22,250,NULL,705,1,NULL,NULL,41408,41590,04629330,NULL,NULL,'2022-03-31','2022-03-31',9407,1,NULL,14678.86,NULL,'2022-06-29 19:04:30','2022-06-29 19:04:30',NULL),(1266,7255,2,3,NULL,NULL,124480,22,250,NULL,705,1,NULL,NULL,41408,41596,00046807,NULL,NULL,'2022-03-31','2022-03-31',0016,1,NULL,421.63,NULL,'2022-06-29 19:04:30','2022-06-29 19:04:30',NULL),(1267,7255,2,3,NULL,NULL,124480,22,250,NULL,705,1,NULL,NULL,41408,41596,00034123,NULL,NULL,'2022-03-31','2022-03-31',0010,1,NULL,6639.73,NULL,'2022-06-29 19:04:30','2022-06-29 19:04:30',NULL),(1268,7255,1,1,NULL,NULL,124480,22,96,NULL,705,1,NULL,NULL,41408,41617,00000127,00000127,NULL,'2022-03-19',NULL,0010,1,NULL,3380.00,NULL,'2022-06-29 20:29:56','2022-06-29 20:29:56',NULL),(1269,7255,1,1,NULL,NULL,124480,22,96,NULL,705,1,NULL,NULL,41408,41617,00000128,00000128,NULL,'2022-03-23',NULL,0010,1,NULL,5110.00,NULL,'2022-06-29 20:29:56','2022-06-29 20:29:56',NULL),(1270,7255,1,1,NULL,NULL,124480,22,96,NULL,705,1,NULL,NULL,41408,41617,00000129,00000129,NULL,'2022-03-31',NULL,0010,1,NULL,2060.00,NULL,'2022-06-29 20:29:56','2022-06-29 20:29:56',NULL),(1271,7255,1,1,NULL,NULL,54649,22,NULL,NULL,645,1,NULL,NULL,41400,41618,00000343,NULL,NULL,'2022-06-08','2022-06-08',0002,1,NULL,48197.00,NULL,'2022-07-20 17:00:39','2022-07-20 17:00:39',NULL),(1272,7255,1,1,NULL,NULL,54649,22,NULL,NULL,645,1,NULL,NULL,41400,41619,00000342,NULL,NULL,'2022-06-08','2022-06-08',0002,1,NULL,27404.00,NULL,'2022-07-20 17:00:39','2022-07-20 17:00:39',NULL),(1273,7255,1,1,NULL,NULL,54649,22,NULL,NULL,645,1,NULL,NULL,41400,41619,00000341,NULL,NULL,'2022-06-08','2022-06-08',0002,1,NULL,103666.50,NULL,'2022-07-20 17:00:40','2022-07-20 17:00:40',NULL),(1274,7255,1,1,NULL,NULL,54649,22,NULL,NULL,645,1,NULL,NULL,41400,41620,00000344,NULL,NULL,'2022-06-08','2022-06-08',0002,1,NULL,21216.00,NULL,'2022-07-20 17:00:40','2022-07-20 17:00:40',NULL),(1275,7255,1,4,NULL,NULL,54649,22,NULL,NULL,645,1,NULL,NULL,41400,41621,00000117,NULL,NULL,'2022-06-08','2022-06-08',0002,1,NULL,18060.00,NULL,'2022-07-20 17:00:40','2022-07-20 17:00:40',NULL),(1276,7255,1,1,NULL,NULL,54649,22,NULL,NULL,645,1,NULL,NULL,41400,41622,00000345,NULL,NULL,'2022-06-30','2022-06-30',0002,1,NULL,13260.00,NULL,'2022-07-20 17:00:40','2022-07-20 17:00:40',NULL);
INSERT INTO `receipts` VALUES (1277,7255,2,1,NULL,NULL,54649,22,250,NULL,645,1,NULL,NULL,41400,41623,00003024,NULL,NULL,'2022-06-10','2022-06-10',0027,1,NULL,1016.53,NULL,'2022-07-20 17:00:51','2022-07-20 17:00:51',NULL),(1278,7255,2,1,NULL,NULL,54649,22,250,NULL,645,1,NULL,NULL,41400,41624,00000244,NULL,NULL,'2022-06-13','2022-06-13',0013,1,NULL,2184.80,NULL,'2022-07-20 17:00:51','2022-07-20 17:00:51',NULL),(1279,7255,2,1,NULL,NULL,54649,22,250,NULL,645,1,NULL,NULL,41400,41624,00000245,NULL,NULL,'2022-06-14','2022-06-14',0013,1,NULL,3597.98,NULL,'2022-07-20 17:00:51','2022-07-20 17:00:51',NULL),(1280,7255,2,1,NULL,NULL,54649,22,250,NULL,645,1,NULL,NULL,41400,41013,00069030,NULL,NULL,'2022-06-29','2022-06-29',2019,1,NULL,2553.36,NULL,'2022-07-20 17:00:51','2022-07-20 17:00:51',NULL),(1281,7255,2,1,NULL,NULL,54649,22,250,NULL,645,1,NULL,NULL,41400,41625,00002943,NULL,NULL,'2022-06-30','2022-06-30',0005,1,NULL,9144.99,NULL,'2022-07-20 17:00:51','2022-07-20 17:00:51',NULL),(1282,7255,1,1,NULL,NULL,62224,22,NULL,NULL,738,1,NULL,NULL,41405,41626,00000319,NULL,NULL,'2022-06-06','2022-06-06',0002,1,NULL,106722.00,NULL,'2022-07-20 17:08:40','2022-07-20 17:08:40',NULL),(1283,7255,1,1,NULL,NULL,62224,22,NULL,NULL,738,1,NULL,NULL,41405,41627,00000318,NULL,NULL,'2022-06-06','2022-06-06',0002,1,NULL,217712.88,NULL,'2022-07-20 17:08:40','2022-07-20 17:08:40',NULL),(1284,7255,1,1,NULL,NULL,62224,22,NULL,NULL,738,1,NULL,NULL,41405,41628,00000317,NULL,NULL,'2022-06-06','2022-06-06',0002,1,NULL,182952.00,NULL,'2022-07-20 17:08:40','2022-07-20 17:08:40',NULL),(1285,7255,1,1,NULL,NULL,62224,22,NULL,NULL,738,1,NULL,NULL,41405,41629,00000322,NULL,NULL,'2022-06-06','2022-06-06',0002,1,NULL,213262.50,NULL,'2022-07-20 17:08:40','2022-07-20 17:08:40',NULL),(1286,7255,1,1,NULL,NULL,62224,22,NULL,NULL,738,1,NULL,NULL,41405,41629,00000321,NULL,NULL,'2022-06-06','2022-06-06',0002,1,NULL,254100.00,NULL,'2022-07-20 17:08:40','2022-07-20 17:08:40',NULL),(1287,7255,1,1,NULL,NULL,62224,22,NULL,NULL,738,1,NULL,NULL,41405,41629,00000320,NULL,NULL,'2022-06-06','2022-06-06',0002,1,NULL,90582.78,NULL,'2022-07-20 17:08:40','2022-07-20 17:08:40',NULL),(1288,7255,2,1,NULL,NULL,62224,22,250,NULL,738,1,NULL,NULL,41405,41630,00010631,NULL,NULL,'2022-06-01','2022-06-01',0010,1,NULL,48400.00,NULL,'2022-07-20 17:09:01','2022-07-20 17:09:01',NULL),(1289,7255,2,1,NULL,NULL,62224,22,250,NULL,738,1,NULL,NULL,41405,41631,00000734,NULL,NULL,'2022-06-01','2022-06-01',0001,1,NULL,12100.00,NULL,'2022-07-20 17:09:01','2022-07-20 17:09:01',NULL),(1290,7255,2,7,NULL,NULL,62224,22,217,NULL,738,1,NULL,NULL,41405,41632,00000312,NULL,NULL,'2022-06-02','2022-06-02',0002,1,NULL,163800.00,NULL,'2022-07-20 17:09:01','2022-07-20 17:09:01',NULL),(1291,7255,2,1,NULL,NULL,62224,22,250,NULL,738,1,NULL,NULL,41405,41015,00735390,NULL,NULL,'2022-06-07','2022-06-07',2465,1,NULL,25447.04,NULL,'2022-07-20 17:09:02','2022-07-20 17:09:02',NULL),(1292,7255,2,1,NULL,NULL,62224,22,250,NULL,738,1,NULL,NULL,41405,41633,00000863,NULL,NULL,'2022-06-13','2022-06-13',0001,1,NULL,76000.00,NULL,'2022-07-20 17:09:02','2022-07-20 17:09:02',NULL),(1293,7255,2,1,NULL,NULL,62224,22,250,NULL,738,1,NULL,NULL,41405,41634,00004353,NULL,NULL,'2022-06-15','2022-06-15',0003,1,NULL,1963.89,NULL,'2022-07-20 17:09:02','2022-07-20 17:09:02',NULL),(1294,7255,2,1,NULL,NULL,62224,22,250,NULL,738,1,NULL,NULL,41405,41634,00004372,NULL,NULL,'2022-06-28','2022-06-28',0003,1,NULL,9126.17,NULL,'2022-07-20 17:09:02','2022-07-20 17:09:02',NULL),(1295,7255,2,1,NULL,NULL,62224,22,250,NULL,738,1,NULL,NULL,41405,41635,00010000,NULL,NULL,'2022-06-30','2022-06-30',0003,1,NULL,37878.59,NULL,'2022-07-20 17:09:02','2022-07-20 17:09:02',NULL);

--
-- Table structure for table `recibo_config`
--

CREATE TABLE `recibo_config` (
  `id` int(10) unsigned NOT NULL AUTO_INCREMENT,
  `user_id` int(10) unsigned DEFAULT NULL,
  `person_id` int(10) unsigned NOT NULL,
  `num_inicial` int(10) unsigned NOT NULL DEFAULT '0',
  `created_at` timestamp NULL DEFAULT NULL,
  `updated_at` timestamp NULL DEFAULT NULL,
  `deleted_at` timestamp NULL DEFAULT NULL,
  PRIMARY KEY (`id`),
  KEY `recibo_config_person_id_foreign` (`person_id`),
  CONSTRAINT `recibo_config_person_id_foreign` FOREIGN KEY (`person_id`) REFERENCES `persons` (`id`)
) ENGINE=InnoDB AUTO_INCREMENT=2 DEFAULT CHARSET=utf8mb4 COLLATE=utf8mb4_unicode_ci;

--
-- Dumping data for table `recibo_config`
--

INSERT INTO `recibo_config` VALUES (1,7255,40719,0,'2022-05-19 12:08:18','2022-05-19 12:08:18',NULL);

--
-- Table structure for table `recibos`
--

CREATE TABLE `recibos` (
  `id` int(10) unsigned NOT NULL AUTO_INCREMENT,
  `user_id` int(10) unsigned NOT NULL,
  `fecha` date NOT NULL DEFAULT '2019-12-13',
  `punto_venta_id` int(10) unsigned NOT NULL,
  `numero` int(10) unsigned NOT NULL,
  `person_id` int(10) unsigned NOT NULL,
  `person_id_receptor` int(10) unsigned NOT NULL DEFAULT '3',
  `condicion_venta_id` int(10) unsigned NOT NULL DEFAULT '1',
  `cond_frente_iva_id` int(10) unsigned NOT NULL DEFAULT '1',
  `importe` decimal(16,2) NOT NULL DEFAULT '0.00',
  `en_concepto_de` longtext COLLATE utf8mb4_unicode_ci,
  `ret_ganancias` decimal(16,2) NOT NULL DEFAULT '0.00',
  `ret_iva` decimal(16,2) NOT NULL DEFAULT '0.00',
  `ret_iibb` decimal(16,2) NOT NULL DEFAULT '0.00',
  `imp_internos` decimal(16,2) NOT NULL DEFAULT '0.00',
  `imp_municipales` decimal(16,2) NOT NULL DEFAULT '0.00',
  `total_otros_tributos` decimal(16,2) NOT NULL DEFAULT '0.00',
  `total` decimal(16,2) NOT NULL DEFAULT '0.00',
  `comentario` varchar(191) COLLATE utf8mb4_unicode_ci DEFAULT NULL,
  `created_at` timestamp NULL DEFAULT NULL,
  `updated_at` timestamp NULL DEFAULT NULL,
  `deleted_at` timestamp NULL DEFAULT NULL,
  PRIMARY KEY (`id`),
  KEY `recibos_punto_venta_id_foreign` (`punto_venta_id`),
  KEY `recibos_person_id_foreign` (`person_id`),
  KEY `recibos_person_id_receptor_foreign` (`person_id_receptor`),
  KEY `recibos_condicion_venta_id_foreign` (`condicion_venta_id`),
  KEY `recibos_cond_frente_iva_id_foreign` (`cond_frente_iva_id`),
  CONSTRAINT `recibos_cond_frente_iva_id_foreign` FOREIGN KEY (`cond_frente_iva_id`) REFERENCES `fac_elec_cond_frente_iva` (`id`),
  CONSTRAINT `recibos_condicion_venta_id_foreign` FOREIGN KEY (`condicion_venta_id`) REFERENCES `condiciones_venta` (`id`),
  CONSTRAINT `recibos_person_id_foreign` FOREIGN KEY (`person_id`) REFERENCES `persons` (`id`),
  CONSTRAINT `recibos_person_id_receptor_foreign` FOREIGN KEY (`person_id_receptor`) REFERENCES `persons` (`id`),
  CONSTRAINT `recibos_punto_venta_id_foreign` FOREIGN KEY (`punto_venta_id`) REFERENCES `fact_elec_puntos_venta` (`id`)
) ENGINE=InnoDB DEFAULT CHARSET=utf8mb4 COLLATE=utf8mb4_unicode_ci;

--
-- Dumping data for table `recibos`
--


--
-- Table structure for table `remito_config`
--

CREATE TABLE `remito_config` (
  `id` int(10) unsigned NOT NULL AUTO_INCREMENT,
  `user_id` int(10) unsigned NOT NULL,
  `person_id` int(10) unsigned NOT NULL,
  `num_inicial` int(10) unsigned NOT NULL DEFAULT '0',
  `created_at` timestamp NULL DEFAULT NULL,
  `updated_at` timestamp NULL DEFAULT NULL,
  `deleted_at` timestamp NULL DEFAULT NULL,
  PRIMARY KEY (`id`),
  KEY `remito_config_person_id_foreign` (`person_id`),
  CONSTRAINT `remito_config_person_id_foreign` FOREIGN KEY (`person_id`) REFERENCES `persons` (`id`)
) ENGINE=InnoDB AUTO_INCREMENT=2 DEFAULT CHARSET=utf8mb4 COLLATE=utf8mb4_unicode_ci;

--
-- Dumping data for table `remito_config`
--

INSERT INTO `remito_config` VALUES (1,7255,40719,0,'2022-05-19 12:08:18','2022-05-19 12:08:18',NULL);

--
-- Table structure for table `remitos`
--

CREATE TABLE `remitos` (
  `id` int(10) unsigned NOT NULL AUTO_INCREMENT,
  `user_id` int(10) unsigned NOT NULL,
  `fecha` date NOT NULL DEFAULT '2020-05-25',
  `punto_venta_id` int(10) unsigned NOT NULL,
  `numero` int(10) unsigned NOT NULL,
  `person_id` int(10) unsigned NOT NULL,
  `person_id_receptor` int(10) unsigned NOT NULL DEFAULT '3',
  `condicion_venta_id` int(10) unsigned NOT NULL DEFAULT '1',
  `cond_frente_iva_id` int(10) unsigned NOT NULL DEFAULT '1',
  `en_concepto_de` longtext COLLATE utf8mb4_unicode_ci,
  `comentario` varchar(191) COLLATE utf8mb4_unicode_ci DEFAULT NULL,
  `created_at` timestamp NULL DEFAULT NULL,
  `updated_at` timestamp NULL DEFAULT NULL,
  `deleted_at` timestamp NULL DEFAULT NULL,
  PRIMARY KEY (`id`),
  KEY `remitos_punto_venta_id_foreign` (`punto_venta_id`),
  KEY `remitos_person_id_foreign` (`person_id`),
  KEY `remitos_person_id_receptor_foreign` (`person_id_receptor`),
  KEY `remitos_condicion_venta_id_foreign` (`condicion_venta_id`),
  KEY `remitos_cond_frente_iva_id_foreign` (`cond_frente_iva_id`),
  CONSTRAINT `remitos_cond_frente_iva_id_foreign` FOREIGN KEY (`cond_frente_iva_id`) REFERENCES `fac_elec_cond_frente_iva` (`id`),
  CONSTRAINT `remitos_condicion_venta_id_foreign` FOREIGN KEY (`condicion_venta_id`) REFERENCES `condiciones_venta` (`id`),
  CONSTRAINT `remitos_person_id_foreign` FOREIGN KEY (`person_id`) REFERENCES `persons` (`id`),
  CONSTRAINT `remitos_person_id_receptor_foreign` FOREIGN KEY (`person_id_receptor`) REFERENCES `persons` (`id`),
  CONSTRAINT `remitos_punto_venta_id_foreign` FOREIGN KEY (`punto_venta_id`) REFERENCES `fact_elec_puntos_venta` (`id`)
) ENGINE=InnoDB DEFAULT CHARSET=utf8mb4 COLLATE=utf8mb4_unicode_ci;

--
-- Dumping data for table `remitos`
--


--
-- Table structure for table `reportes`
--

CREATE TABLE `reportes` (
  `id` int(10) unsigned NOT NULL AUTO_INCREMENT,
  `description` varchar(180) COLLATE utf8mb4_unicode_ci NOT NULL,
  `class` int(10) unsigned NOT NULL,
  `class_description` varchar(180) COLLATE utf8mb4_unicode_ci NOT NULL,
  `data_type` varchar(100) COLLATE utf8mb4_unicode_ci NOT NULL,
  `path` varchar(255) COLLATE utf8mb4_unicode_ci DEFAULT NULL,
  `created_at` timestamp NULL DEFAULT NULL,
  `updated_at` timestamp NULL DEFAULT NULL,
  PRIMARY KEY (`id`),
  UNIQUE KEY `reportes_description_unique` (`description`)
) ENGINE=InnoDB AUTO_INCREMENT=8 DEFAULT CHARSET=utf8mb4 COLLATE=utf8mb4_unicode_ci;

--
-- Dumping data for table `reportes`
--

INSERT INTO `reportes` VALUES (1,'Comprobantes',1,'informes','','reportes/informes/comprobantes/comprobantes',NULL,NULL),(3,'Liquidaciones IIBB',1,'informes','','reportes/informes/iibb/iibb',NULL,NULL),(4,'Tablero de Control',3,'tablero','','reportes/tableroControl/index',NULL,NULL),(5,'Liquidaciones IVA',1,'informes','','reportes/informes/iva/iva',NULL,NULL),(6,'Obligaciones Anuales',1,'informes','','reportes/informes/obligaciones_anuales/index','2019-11-29 18:37:49','2019-11-29 18:37:49'),(7,'Estado CUITs',1,'informes','','reportes/informes/control_cuits/index','2019-12-09 00:50:43','2019-12-09 00:50:43');

--
-- Table structure for table `retention_types`
--

CREATE TABLE `retention_types` (
  `id` int(10) unsigned NOT NULL AUTO_INCREMENT,
  `created_at` timestamp NULL DEFAULT NULL,
  `updated_at` timestamp NULL DEFAULT NULL,
  `name` varchar(255) COLLATE utf8mb4_unicode_ci NOT NULL,
  `apply_to` varchar(255) COLLATE utf8mb4_unicode_ci NOT NULL DEFAULT 'iibb',
  `code` varchar(255) COLLATE utf8mb4_unicode_ci DEFAULT NULL,
  `zone_id` int(11) DEFAULT NULL,
  `plan_cuenta_id` int(10) unsigned NOT NULL DEFAULT '1',
  PRIMARY KEY (`id`),
  KEY `retention_types_plan_cuenta_id_foreign` (`plan_cuenta_id`),
  CONSTRAINT `retention_types_plan_cuenta_id_foreign` FOREIGN KEY (`plan_cuenta_id`) REFERENCES `conta_plan_cuenta` (`id`)
) ENGINE=InnoDB AUTO_INCREMENT=29 DEFAULT CHARSET=utf8mb4 COLLATE=utf8mb4_unicode_ci;

--
-- Dumping data for table `retention_types`
--

INSERT INTO `retention_types` VALUES (1,NULL,NULL,'Retenciones de Ganancias','ganancias','GAN',NULL,23),(2,NULL,NULL,'Retenciones de SUSS','sus','SUSS',NULL,162),(3,NULL,NULL,'Retenciones de IVA','iva','Ret IVA',NULL,25),(4,NULL,'2022-05-19 10:12:11','Retencion IIBB de Buenos Aires','iibb',NULL,23,251),(5,NULL,'2022-05-19 10:12:11','Retencion IIBB de Capital Federal','iibb',NULL,22,252),(6,NULL,'2022-05-19 10:12:11','Retencion IIBB de Catamarca','iibb',NULL,24,253),(7,NULL,'2022-05-19 10:12:11','Retencion IIBB de Chaco','iibb',NULL,3,254),(8,NULL,'2022-05-19 10:12:11','Retencion IIBB de Chubut','iibb',NULL,4,255),(9,NULL,'2022-05-19 10:12:11','Retencion IIBB de Córdoba','iibb',NULL,1,256),(10,NULL,'2022-05-19 10:12:11','Retencion IIBB de Corrientes','iibb',NULL,2,257),(11,NULL,'2022-05-19 10:12:11','Retencion IIBB de Entre Ríos','iibb',NULL,5,258),(12,NULL,'2022-05-19 10:12:11','Retencion IIBB de Formosa','iibb',NULL,6,259),(13,NULL,'2022-05-19 10:12:11','Retencion IIBB de Jujuy','iibb',NULL,7,260),(14,NULL,'2022-05-19 10:12:11','Retencion IIBB de La Pampa','iibb',NULL,8,261),(15,NULL,'2022-05-19 10:12:11','Retencion IIBB de La Rioja','iibb',NULL,9,262),(16,NULL,'2022-05-19 10:12:11','Retencion IIBB de Mendoza','iibb',NULL,10,263),(17,NULL,'2022-05-19 10:12:11','Retencion IIBB de Misiones','iibb',NULL,11,264),(18,NULL,'2022-05-19 10:12:11','Retencion IIBB de Neuquén','iibb',NULL,12,265),(19,NULL,'2022-05-19 10:12:11','Retencion IIBB de Pascua Lama','iibb',NULL,25,266),(20,NULL,'2022-05-19 10:12:11','Retencion IIBB de Río Negro','iibb',NULL,13,267),(21,NULL,'2022-05-19 10:12:11','Retencion IIBB de Salta','iibb',NULL,14,268),(22,NULL,'2022-05-19 10:12:11','Retencion IIBB de San Juan','iibb',NULL,15,269),(23,NULL,'2022-05-19 10:12:11','Retencion IIBB de San Luis','iibb',NULL,16,270),(24,NULL,'2022-05-19 10:12:11','Retencion IIBB de Santa Cruz','iibb',NULL,17,271),(25,NULL,'2022-05-19 10:12:11','Retencion IIBB de Santa Fe','iibb',NULL,18,272),(26,NULL,'2022-05-19 10:12:11','Retencion IIBB de Santiago del Estero','iibb',NULL,19,273),(27,NULL,'2022-05-19 10:12:11','Retencion IIBB de Tierra del Fuego','iibb',NULL,20,274),(28,NULL,'2022-05-19 10:12:11','Retencion IIBB de Tucuman','iibb',NULL,21,275);

--
-- Table structure for table `retentions`
--

CREATE TABLE `retentions` (
  `id` int(10) unsigned NOT NULL AUTO_INCREMENT,
  `created_at` timestamp NULL DEFAULT NULL,
  `updated_at` timestamp NULL DEFAULT NULL,
  `name` varchar(255) COLLATE utf8mb4_unicode_ci NOT NULL,
  PRIMARY KEY (`id`)
) ENGINE=InnoDB DEFAULT CHARSET=utf8mb4 COLLATE=utf8mb4_unicode_ci;

--
-- Dumping data for table `retentions`
--


--
-- Table structure for table `sexo`
--

CREATE TABLE `sexo` (
  `id` int(10) unsigned NOT NULL AUTO_INCREMENT,
  `user_id` int(10) unsigned DEFAULT NULL,
  `descripcion` varchar(191) COLLATE utf8mb4_unicode_ci NOT NULL,
  `habilitado` tinyint(1) NOT NULL DEFAULT '1',
  `created_at` timestamp NULL DEFAULT NULL,
  `updated_at` timestamp NULL DEFAULT NULL,
  `deleted_at` timestamp NULL DEFAULT NULL,
  PRIMARY KEY (`id`),
  UNIQUE KEY `sexo_descripcion_unique` (`descripcion`)
) ENGINE=InnoDB AUTO_INCREMENT=3 DEFAULT CHARSET=utf8mb4 COLLATE=utf8mb4_unicode_ci;

--
-- Dumping data for table `sexo`
--

INSERT INTO `sexo` VALUES (1,NULL,'Masculino',1,'2020-05-28 20:55:23','2020-05-28 20:55:23',NULL),(2,NULL,'Femenino',1,'2020-05-28 20:55:23','2020-05-28 20:55:23',NULL);

--
-- Table structure for table `sicore_alicuotas`
--

CREATE TABLE `sicore_alicuotas` (
  `id` bigint(20) unsigned NOT NULL AUTO_INCREMENT,
  `user_id` int(10) unsigned DEFAULT NULL,
  `anio` int(11) DEFAULT NULL,
  `desde` int(10) unsigned NOT NULL,
  `hasta` int(10) unsigned NOT NULL,
  `impuesto` int(10) unsigned NOT NULL,
  `mas_porcentaje` decimal(8,2) unsigned NOT NULL,
  `excedente` int(11) DEFAULT NULL,
  `created_at` timestamp NULL DEFAULT NULL,
  `updated_at` timestamp NULL DEFAULT NULL,
  `deleted_at` timestamp NULL DEFAULT NULL,
  PRIMARY KEY (`id`)
) ENGINE=InnoDB AUTO_INCREMENT=9 DEFAULT CHARSET=utf8mb4 COLLATE=utf8mb4_unicode_ci;

--
-- Dumping data for table `sicore_alicuotas`
--

INSERT INTO `sicore_alicuotas` VALUES (1,NULL,2022,0,8000,0,0.00,0,NULL,NULL,NULL),(2,NULL,2022,8000,16000,400,9.00,8000,NULL,NULL,NULL),(3,NULL,2022,16000,24000,1120,12.00,16000,NULL,NULL,NULL),(4,NULL,2022,24000,32000,2080,15.00,24000,NULL,NULL,NULL),(5,NULL,2022,32000,48000,3280,19.00,32000,NULL,NULL,NULL),(6,NULL,2022,48000,64000,6320,23.00,48000,NULL,NULL,NULL),(7,NULL,2022,64000,96000,10000,27.00,64000,NULL,NULL,NULL),(8,NULL,2022,96000,999999,18640,31.00,96000,NULL,NULL,NULL);

--
-- Table structure for table `sicore_comprobantes`
--

CREATE TABLE `sicore_comprobantes` (
  `id` bigint(20) unsigned NOT NULL AUTO_INCREMENT,
  `codigo` varchar(191) COLLATE utf8mb4_unicode_ci NOT NULL,
  `descripcion` varchar(191) COLLATE utf8mb4_unicode_ci NOT NULL,
  `habilitado` tinyint(1) NOT NULL DEFAULT '1',
  `created_at` timestamp NULL DEFAULT NULL,
  `updated_at` timestamp NULL DEFAULT NULL,
  `deleted_at` timestamp NULL DEFAULT NULL,
  PRIMARY KEY (`id`)
) ENGINE=InnoDB AUTO_INCREMENT=97 DEFAULT CHARSET=utf8mb4 COLLATE=utf8mb4_unicode_ci;

--
-- Dumping data for table `sicore_comprobantes`
--

INSERT INTO `sicore_comprobantes` VALUES (1,'1','FACTURAS A',1,NULL,NULL,NULL),(2,'2','NOTAS DE DEBITO A',1,NULL,NULL,NULL),(3,'3','NOTAS DE CREDITO A',1,NULL,NULL,NULL),(4,'4','RECIBOS A',1,NULL,NULL,NULL),(5,'5','NOTAS DE VENTA AL CONTADO A',1,NULL,NULL,NULL),(6,'6','FACTURAS B',1,NULL,NULL,NULL),(7,'7','NOTAS DE DEBITO B',1,NULL,NULL,NULL),(8,'8','NOTAS DE CREDITO B',1,NULL,NULL,NULL),(9,'9','RECIBOS B',1,NULL,NULL,NULL),(10,'10','NOTAS DE VENTA AL CONTADO B',1,NULL,NULL,NULL),(11,'11','FACTURAS C',1,NULL,NULL,NULL),(12,'12','NOTAS DE DEBITO C',1,NULL,NULL,NULL),(13,'13','NOTAS DE CREDITO C',1,NULL,NULL,NULL),(14,'15','RECIBOS C',1,NULL,NULL,NULL),(15,'16','NOTAS DE VENTA AL CONTADO C',1,NULL,NULL,NULL),(16,'17','LIQUIDACION DE SERVICIOS PUBLICOS CLASE A',1,NULL,NULL,NULL),(17,'18','LIQUIDACION DE SERVICIOS PUBLICOS CLASE B',1,NULL,NULL,NULL),(18,'19','FACTURAS DE EXPORTACION',1,NULL,NULL,NULL),(19,'20','NOTAS DE DEBITO POR OPERACIONES CON EL EXTERIOR',1,NULL,NULL,NULL),(20,'21','NOTAS DE CREDITO POR OPERACIONES CON EL EXTERIOR',1,NULL,NULL,NULL),(21,'22','FACTURAS - PERMISO EXPORTACION SIMPLIFICADO - DTO. 855/97',1,NULL,NULL,NULL),(22,'23','COMPROBANTES “A” DE COMPRA PRIMARIA PARA EL SECTOR PESQUERO MARITIMO',1,NULL,NULL,NULL),(23,'24','COMPROBANTES “A” DE CONSIGNACION PRIMARIA PARA EL SECTOR PESQUERO MARITIMO',1,NULL,NULL,NULL),(24,'25','COMPROBANTES “B” DE COMPRA PRIMARIA PARA EL SECTOR PESQUERO MARITIMO',1,NULL,NULL,NULL),(25,'26','COMPROBANTES “B” DE CONSIGNACION PRIMARIA PARA EL SECTOR PESQUERO MARITIMO',1,NULL,NULL,NULL),(26,'27','LIQUIDACION UNICA COMERCIAL IMPOSITIVA CLASE A',1,NULL,NULL,NULL),(27,'28','LIQUIDACION UNICA COMERCIAL IMPOSITIVA CLASE B',1,NULL,NULL,NULL),(28,'29','LIQUIDACION UNICA COMERCIAL IMPOSITIVA CLASE C',1,NULL,NULL,NULL),(29,'30','COMPROBANTES DE COMPRA DE BIENES USADOS',1,NULL,NULL,NULL),(30,'31','MANDATO - CONSIGNACION',1,NULL,NULL,NULL),(31,'32','COMPROBANTES PARA RECICLAR MATERIALES',1,NULL,NULL,NULL),(32,'33','LIQUIDACION PRIMARIA DE GRANOS',1,NULL,NULL,NULL),(33,'34','COMPROBANTES A DEL APARTADO A  INCISO F)  R.G. N°  1415',1,NULL,NULL,NULL),(34,'35','COMPROBANTES B DEL ANEXO I, APARTADO A, INC. F), R.G. N° 1415',1,NULL,NULL,NULL),(35,'36','COMPROBANTES C DEL Anexo I, Apartado A, INC.F), R.G. N° 1415',1,NULL,NULL,NULL),(36,'37','NOTAS DE DEBITO O DOCUMENTO EQUIVALENTE QUE CUMPLAN CON LA R.G. N° 1415',1,NULL,NULL,NULL),(37,'38','NOTAS DE CREDITO O DOCUMENTO EQUIVALENTE QUE CUMPLAN CON LA R.G. N° 1415',1,NULL,NULL,NULL),(38,'39','OTROS COMPROBANTES A QUE CUMPLEN CON LA R G  1415',1,NULL,NULL,NULL),(39,'40','OTROS COMPROBANTES B QUE CUMPLAN CON LA R.G. N° 1415',1,NULL,NULL,NULL),(40,'41','OTROS COMPROBANTES C QUE CUMPLAN CON LA R.G. N° 1415',1,NULL,NULL,NULL),(41,'43','NOTA DE CREDITO LIQUIDACION UNICA COMERCIAL IMPOSITIVA CLASE B',1,NULL,NULL,NULL),(42,'44','NOTA DE CREDITO LIQUIDACION UNICA COMERCIAL IMPOSITIVA CLASE C',1,NULL,NULL,NULL),(43,'45','NOTA DE DEBITO LIQUIDACION UNICA COMERCIAL IMPOSITIVA CLASE A',1,NULL,NULL,NULL),(44,'46','NOTA DE DEBITO LIQUIDACION UNICA COMERCIAL IMPOSITIVA CLASE B',1,NULL,NULL,NULL),(45,'47','NOTA DE DEBITO LIQUIDACION UNICA COMERCIAL IMPOSITIVA CLASE C',1,NULL,NULL,NULL),(46,'48','NOTA DE CREDITO LIQUIDACION UNICA COMERCIAL IMPOSITIVA CLASE A',1,NULL,NULL,NULL),(47,'49','COMPROBANTES DE COMPRA DE BIENES NO REGISTRABLES A CONSUMIDORES FINALES',1,NULL,NULL,NULL),(48,'50','RECIBO FACTURA A  REGIMEN DE FACTURA DE CREDITO ',1,NULL,NULL,NULL),(49,'51','FACTURAS M',1,NULL,NULL,NULL),(50,'52','NOTAS DE DEBITO M',1,NULL,NULL,NULL),(51,'53','NOTAS DE CREDITO M',1,NULL,NULL,NULL),(52,'54','RECIBOS M',1,NULL,NULL,NULL),(53,'55','NOTAS DE VENTA AL CONTADO M',1,NULL,NULL,NULL),(54,'56','COMPROBANTES M DEL ANEXO I  APARTADO A  INC F) R.G. N° 1415',1,NULL,NULL,NULL),(55,'57','OTROS COMPROBANTES M QUE CUMPLAN CON LA R.G. N° 1415',1,NULL,NULL,NULL),(56,'58','CUENTAS DE VENTA Y LIQUIDO PRODUCTO M',1,NULL,NULL,NULL),(57,'59','LIQUIDACIONES M',1,NULL,NULL,NULL);
INSERT INTO `sicore_comprobantes` VALUES (58,'60','CUENTAS DE VENTA Y LIQUIDO PRODUCTO A',1,NULL,NULL,NULL),(59,'61','CUENTAS DE VENTA Y LIQUIDO PRODUCTO B',1,NULL,NULL,NULL),(60,'63','LIQUIDACIONES A',1,NULL,NULL,NULL),(61,'64','LIQUIDACIONES B',1,NULL,NULL,NULL),(62,'66','DESPACHO DE IMPORTACION',1,NULL,NULL,NULL),(63,'68','LIQUIDACION C',1,NULL,NULL,NULL),(64,'70','RECIBOS FACTURA DE CREDITO',1,NULL,NULL,NULL),(65,'80','INFORME DIARIO DE CIERRE (ZETA) - CONTROLADORES FISCALES',1,NULL,NULL,NULL),(66,'81','TIQUE FACTURA A   ',1,NULL,NULL,NULL),(67,'82','TIQUE FACTURA B',1,NULL,NULL,NULL),(68,'83','TIQUE',1,NULL,NULL,NULL),(69,'88','REMITO ELECTRONICO',1,NULL,NULL,NULL),(70,'89','RESUMEN DE DATOS',1,NULL,NULL,NULL),(71,'90','OTROS COMPROBANTES - DOCUMENTOS EXCEPTUADOS - NOTAS DE CREDITO',1,NULL,NULL,NULL),(72,'91','REMITOS R',1,NULL,NULL,NULL),(73,'99','OTROS COMPROBANTES QUE NO CUMPLEN O ESTÁN EXCEPTUADOS DE LA R.G. 1415 Y SUS MODIF',1,NULL,NULL,NULL),(74,'110','TIQUE NOTA DE CREDITO ',1,NULL,NULL,NULL),(75,'111','TIQUE FACTURA C',1,NULL,NULL,NULL),(76,'112','TIQUE NOTA DE CREDITO A',1,NULL,NULL,NULL),(77,'113','TIQUE NOTA DE CREDITO B',1,NULL,NULL,NULL),(78,'114','TIQUE NOTA DE CREDITO C',1,NULL,NULL,NULL),(79,'115','TIQUE NOTA DE DEBITO A',1,NULL,NULL,NULL),(80,'116','TIQUE NOTA DE DEBITO B',1,NULL,NULL,NULL),(81,'117','TIQUE NOTA DE DEBITO C',1,NULL,NULL,NULL),(82,'118','TIQUE FACTURA M',1,NULL,NULL,NULL),(83,'119','TIQUE NOTA DE CREDITO M',1,NULL,NULL,NULL),(84,'120','TIQUE NOTA DE DEBITO M',1,NULL,NULL,NULL),(85,'201','FACTURA DE CRÉDITO ELECTRÓNICA MiPyMEs (FCE) A',1,NULL,NULL,NULL),(86,'202','NOTA DE DEBITO ELECTRÓNICA MiPyMEs (FCE) A',1,NULL,NULL,NULL),(87,'203','NOTA DE CREDITO ELECTRÓNICA MiPyMEs (FCE) A',1,NULL,NULL,NULL),(88,'206','FACTURA DE CRÉDITO ELECTRÓNICA MiPyMEs (FCE) B',1,NULL,NULL,NULL),(89,'207','NOTA DE DEBITO ELECTRÓNICA MiPyMEs (FCE) B',1,NULL,NULL,NULL),(90,'208','NOTA DE CREDITO ELECTRÓNICA MiPyMEs (FCE) B',1,NULL,NULL,NULL),(91,'211','FACTURA DE CRÉDITO ELECTRÓNICA MiPyMEs (FCE) C',1,NULL,NULL,NULL),(92,'212','NOTA DE DEBITO ELECTRÓNICA MiPyMEs (FCE) C',1,NULL,NULL,NULL),(93,'213','NOTA DE CREDITO ELECTRÓNICA MiPyMEs (FCE) C',1,NULL,NULL,NULL),(94,'331','LIQUIDACION SECUNDARIA DE GRANOS',1,NULL,NULL,NULL),(95,'332','CERTIFICACION ELECTRONICA (GRANOS)',1,NULL,NULL,NULL),(96,'995','REMITO ELECTRÓNICO CÁRNICO ',1,NULL,NULL,NULL);

--
-- Table structure for table `sicore_details`
--

CREATE TABLE `sicore_details` (
  `id` bigint(20) unsigned NOT NULL AUTO_INCREMENT,
  `user_id` int(10) unsigned DEFAULT NULL,
  `period_id` int(10) unsigned NOT NULL,
  `fecha` date NOT NULL DEFAULT '2022-05-19',
  `person_id` int(10) unsigned NOT NULL,
  `person_id_relationed` int(10) unsigned NOT NULL,
  `is_inscripto` tinyint(1) NOT NULL DEFAULT '1',
  `sicore_regimen_id` bigint(20) unsigned NOT NULL,
  `sicore_comprobante_id` bigint(20) unsigned NOT NULL,
  `comprobante_numero` varchar(191) COLLATE utf8mb4_unicode_ci NOT NULL,
  `neto_grav_acum_mens` decimal(16,2) NOT NULL DEFAULT '0.00',
  `ret_acum_mes` decimal(16,2) NOT NULL DEFAULT '0.00',
  `monto_no_sujeto_ret` decimal(16,2) NOT NULL DEFAULT '0.00',
  `tasa_aplicable` decimal(16,2) NOT NULL DEFAULT '0.00',
  `neto_sujeto_a_ret` decimal(16,2) NOT NULL DEFAULT '0.00',
  `retencion` decimal(16,2) NOT NULL DEFAULT '0.00',
  `comentario` varchar(191) COLLATE utf8mb4_unicode_ci DEFAULT NULL,
  `created_at` timestamp NULL DEFAULT NULL,
  `updated_at` timestamp NULL DEFAULT NULL,
  `deleted_at` timestamp NULL DEFAULT NULL,
  PRIMARY KEY (`id`),
  KEY `sicore_details_person_id_foreign` (`person_id`),
  KEY `sicore_details_person_id_relationed_foreign` (`person_id_relationed`),
  KEY `sicore_details_period_id_foreign` (`period_id`),
  KEY `sicore_details_sicore_regimen_id_foreign` (`sicore_regimen_id`),
  KEY `sicore_details_sicore_comprobante_id_foreign` (`sicore_comprobante_id`),
  CONSTRAINT `sicore_details_period_id_foreign` FOREIGN KEY (`period_id`) REFERENCES `periods` (`id`),
  CONSTRAINT `sicore_details_person_id_foreign` FOREIGN KEY (`person_id`) REFERENCES `persons` (`id`),
  CONSTRAINT `sicore_details_person_id_relationed_foreign` FOREIGN KEY (`person_id_relationed`) REFERENCES `persons` (`id`),
  CONSTRAINT `sicore_details_sicore_comprobante_id_foreign` FOREIGN KEY (`sicore_comprobante_id`) REFERENCES `sicore_comprobantes` (`id`),
  CONSTRAINT `sicore_details_sicore_regimen_id_foreign` FOREIGN KEY (`sicore_regimen_id`) REFERENCES `sicore_regimenes` (`id`)
) ENGINE=InnoDB DEFAULT CHARSET=utf8mb4 COLLATE=utf8mb4_unicode_ci;

--
-- Dumping data for table `sicore_details`
--


--
-- Table structure for table `sicore_regimenes`
--

CREATE TABLE `sicore_regimenes` (
  `id` bigint(20) unsigned NOT NULL AUTO_INCREMENT,
  `user_id` int(10) unsigned DEFAULT NULL,
  `cod_regimen` varchar(191) COLLATE utf8mb4_unicode_ci NOT NULL,
  `anexo` varchar(191) COLLATE utf8mb4_unicode_ci NOT NULL,
  `descripcion` varchar(191) COLLATE utf8mb4_unicode_ci NOT NULL,
  `ret_min_ins` int(11) NOT NULL,
  `porcent_ins` decimal(8,2) NOT NULL,
  `porcent_no_ins` decimal(8,2) NOT NULL,
  `monto_no_sujeto_ret` int(11) NOT NULL,
  `habilitado` tinyint(1) NOT NULL DEFAULT '1',
  `created_at` timestamp NULL DEFAULT NULL,
  `updated_at` timestamp NULL DEFAULT NULL,
  `deleted_at` timestamp NULL DEFAULT NULL,
  PRIMARY KEY (`id`)
) ENGINE=InnoDB AUTO_INCREMENT=25 DEFAULT CHARSET=utf8mb4 COLLATE=utf8mb4_unicode_ci;

--
-- Dumping data for table `sicore_regimenes`
--

INSERT INTO `sicore_regimenes` VALUES (1,NULL,'19','Anexo II,  inc. a) pto. 1)','Intereses  por operaciones realizadas en entidades financieras. Ley N° 21.526 y sus modificaciones o agentes de bolsa o mercado abierto.',0,3.00,10.00,0,1,NULL,NULL,NULL),(2,NULL,'21','Anexo II , inc. a) pto. 2)','Intereses originados en operaciones no comprendidas en el punto 1.',0,6.00,28.00,7870,1,NULL,NULL,NULL),(3,NULL,'30','Anexo II, inc. b) pto. 1)','Alquileres o arrendamientos de bienes muebles.',0,6.00,28.00,11200,1,NULL,NULL,NULL),(4,NULL,'31','Anexo II, inc. b) pto. 2)','Bienes Inmuebles Urbanos, incluidos los efectuados bajo la modalidad de leasing –incluye suburbanos.',0,6.00,28.00,11200,1,NULL,NULL,NULL),(5,NULL,'32','Anexo II, inc. b) pto. 3)','Bienes Inmuebles Rurales, incluidos los efectuados bajo la modalidad de leasing –incluye subrurales-.',0,6.00,28.00,11200,1,NULL,NULL,NULL),(6,NULL,'35','Anexo II, inc. c)','Regalías.',0,6.00,28.00,7870,1,NULL,NULL,NULL),(7,NULL,'43','Anexo II, inc. d)','Interés accionario,  excedentes y retornos distribuidos entre asociados, cooperativas -excepto consumo-.',0,6.00,28.00,7870,1,NULL,NULL,NULL),(8,NULL,'51','Anexo II, inc. e)','Obligaciones de no hacer, o por abandono o no ejercicio de una actividad.',0,6.00,28.00,7870,1,NULL,NULL,NULL),(9,NULL,'78','Anexo II, inc. f)','Enajenación de bienes muebles y bienes de cambio.',0,2.00,10.00,224000,1,NULL,NULL,NULL),(10,NULL,'86','Anexo II, inc. g)','Transferencia  temporaria o definitiva de derechos de llave, marcas, patentes de invención, regalías, concesiones y similares.',0,2.00,10.00,224000,1,NULL,NULL,NULL),(11,NULL,'94','Anexo II, inc. i)','Locaciones de obra y/o servicios no ejecutados en relación de dependencia no mencionados expresamente en otros incisos.',0,2.00,28.00,67170,1,NULL,NULL,NULL),(12,NULL,'95','Anexo ll, inc. l)','Operaciones de transporte de carga  nacional e internacional.',0,0.25,28.00,67170,1,NULL,NULL,NULL),(13,NULL,'53','Anexo ll, inc. m)','Operaciones realizadas  por intermedio  de mercados de  cereales a término que se resuelvan en el  curso del término (arbitrajes) y de mercados de futuros y opciones.',0,0.50,2.00,0,1,NULL,NULL,NULL),(14,NULL,'55','Anexo ll, inc. n)','Distribución de películas. Transmisión de programación. Televisión vía satelital.',0,0.50,2.00,0,1,NULL,NULL,NULL),(15,NULL,'111','Anexo ll, inc. ñ)','Cualquier  otra cesión  o locación de derechos, excepto las que correspondan a operaciones realizadas por intermedio de  mercados  de cereales  a término que se resuelvan en el curso del térm',0,0.50,2.00,0,1,NULL,NULL,NULL),(16,NULL,'112','Anexo ll, inc. o)','Beneficios provenientes del cumplimiento de los requisitos de los planes de seguro de retiro privados administrados por entidades sujetas al control de la Superintendencia de Seguros de la Na',0,3.00,3.00,16830,1,NULL,NULL,NULL),(17,NULL,'113','Anexo ll, inc. p)','Rescates -totales o parciales- por desistimiento de los planes de seguro de retiro a que se refiere el inciso o), excepto que sea de aplicación lo normado en el artículo 101 de la Ley de Impu',0,3.00,3.00,16830,1,NULL,NULL,NULL),(18,NULL,'779','Anexo ll, inc. q)','Subsidios abonados por los Estados Nacional, provinciales, municipales o el Gobierno de la Ciudad Autónoma de Buenos Ares, en concepto de enajenación de bienes muebles y bienes de cambio, en ',0,2.00,10.00,76140,1,NULL,NULL,NULL),(19,NULL,'780','Anexo ll, inc. r)','Subsidios abonados por los Estados Nacional, provinciales, municipales o el Gobierno de la Ciudad Autónoma de Buenos Aires, en concepto de locaciones de obra y/o servicios, no ejecutados en r',0,2.00,28.00,31460,1,NULL,NULL,NULL),(20,NULL,'110','Anexo II, inc. h)','Explotación de derechos de autor (Ley N° 11.723).',0,0.00,28.00,10000,1,NULL,NULL,NULL);
INSERT INTO `sicore_regimenes` VALUES (21,NULL,'25','Anexo II, inc. j)','Comisiones u otras retribuciones derivadas de la actividad de comisionista, rematador, consignatario y demás auxiliares de comercio a que se refiere el inciso c) del artículo 49 de la Ley de ',0,0.00,28.00,16830,1,NULL,NULL,NULL),(22,NULL,'116','Anexo ll, inc. k)','Honorarios de director de sociedades anónimas, síndico, fiduciario, consejero de sociedades cooperativas, integrante de consejos de vigilancia y socios administradores de las sociedades de re',0,0.00,28.00,67170,1,NULL,NULL,NULL),(23,NULL,'116','Anexo ll, inc. k)','Profesionales liberales, oficios, albacea, mandatario, gestor de negocio.',0,0.00,28.00,16830,1,NULL,NULL,NULL),(24,NULL,'124','Anexo ll, inc. k)','Corredor, viajante de comercio y despachante de aduana.',0,0.00,28.00,16830,1,NULL,NULL,NULL);

--
-- Table structure for table `solicitantes_certificado`
--

CREATE TABLE `solicitantes_certificado` (
  `id` int(10) unsigned NOT NULL AUTO_INCREMENT,
  `curso_id` int(10) unsigned NOT NULL,
  `nombre` varchar(191) COLLATE utf8mb4_unicode_ci NOT NULL,
  `mail` varchar(191) COLLATE utf8mb4_unicode_ci NOT NULL,
  `cuit` varchar(191) COLLATE utf8mb4_unicode_ci DEFAULT NULL,
  `created_at` timestamp NULL DEFAULT NULL,
  `updated_at` timestamp NULL DEFAULT NULL,
  `deleted_at` timestamp NULL DEFAULT NULL,
  PRIMARY KEY (`id`),
  KEY `solicitantes_certificado_curso_id_foreign` (`curso_id`),
  CONSTRAINT `solicitantes_certificado_curso_id_foreign` FOREIGN KEY (`curso_id`) REFERENCES `cursos` (`id`)
) ENGINE=InnoDB DEFAULT CHARSET=utf8mb4 COLLATE=utf8mb4_unicode_ci;

--
-- Dumping data for table `solicitantes_certificado`
--


--
-- Table structure for table `status`
--

CREATE TABLE `status` (
  `id` int(10) unsigned NOT NULL AUTO_INCREMENT,
  `name` varchar(255) COLLATE utf8mb4_unicode_ci NOT NULL,
  `receipt_type_id` int(10) unsigned DEFAULT NULL,
  `created_at` timestamp NULL DEFAULT NULL,
  `updated_at` timestamp NULL DEFAULT NULL,
  PRIMARY KEY (`id`),
  KEY `status_receipt_type_id_foreign` (`receipt_type_id`),
  CONSTRAINT `status_receipt_type_id_foreign` FOREIGN KEY (`receipt_type_id`) REFERENCES `receipt_types` (`id`)
) ENGINE=InnoDB AUTO_INCREMENT=4 DEFAULT CHARSET=utf8mb4 COLLATE=utf8mb4_unicode_ci;

--
-- Dumping data for table `status`
--

INSERT INTO `status` VALUES (1,'Activo',NULL,NULL,NULL),(2,'Anulado',NULL,NULL,NULL),(3,'Liquidado',NULL,NULL,NULL);

--
-- Table structure for table `suscrip_modulos`
--

CREATE TABLE `suscrip_modulos` (
  `id` int(10) unsigned NOT NULL AUTO_INCREMENT,
  `user_id` int(10) unsigned NOT NULL,
  `descripcion` varchar(191) COLLATE utf8mb4_unicode_ci DEFAULT NULL,
  `habilitado` tinyint(1) NOT NULL DEFAULT '1',
  `created_at` timestamp NULL DEFAULT NULL,
  `updated_at` timestamp NULL DEFAULT NULL,
  `deleted_at` timestamp NULL DEFAULT NULL,
  PRIMARY KEY (`id`)
) ENGINE=InnoDB AUTO_INCREMENT=8 DEFAULT CHARSET=utf8mb4 COLLATE=utf8mb4_unicode_ci;

--
-- Dumping data for table `suscrip_modulos`
--

INSERT INTO `suscrip_modulos` VALUES (1,0,'Administración',1,NULL,NULL,NULL),(2,0,'Sueldos',1,NULL,NULL,NULL),(3,0,'Impuestos',1,NULL,NULL,NULL),(4,0,'Contabilidad',1,NULL,NULL,NULL),(5,0,'Factura Electrónica',1,NULL,NULL,NULL),(6,0,'Tesorería',1,NULL,NULL,NULL),(7,0,'Del Contador',1,NULL,NULL,NULL);

--
-- Table structure for table `suscrip_planes`
--

CREATE TABLE `suscrip_planes` (
  `id` int(10) unsigned NOT NULL AUTO_INCREMENT,
  `user_id` int(10) unsigned NOT NULL,
  `descripcion` varchar(191) COLLATE utf8mb4_unicode_ci DEFAULT NULL,
  `importe` decimal(16,2) DEFAULT NULL,
  `habilitado` tinyint(1) NOT NULL DEFAULT '1',
  `created_at` timestamp NULL DEFAULT NULL,
  `updated_at` timestamp NULL DEFAULT NULL,
  `deleted_at` timestamp NULL DEFAULT NULL,
  PRIMARY KEY (`id`)
) ENGINE=InnoDB AUTO_INCREMENT=5 DEFAULT CHARSET=utf8mb4 COLLATE=utf8mb4_unicode_ci;

--
-- Dumping data for table `suscrip_planes`
--

INSERT INTO `suscrip_planes` VALUES (1,0,'GRATIS',0.00,1,NULL,NULL,NULL),(2,0,'BASICO',1000.00,1,NULL,NULL,NULL),(3,0,'MEDIO',2500.00,1,NULL,NULL,NULL),(4,0,'FULL',4000.00,1,NULL,NULL,NULL);

--
-- Table structure for table `suscrip_planes_detail`
--

CREATE TABLE `suscrip_planes_detail` (
  `id` int(10) unsigned NOT NULL AUTO_INCREMENT,
  `user_id` int(10) unsigned NOT NULL,
  `suscrip_plan_id` int(10) unsigned NOT NULL,
  `suscrip_modulo_id` int(10) unsigned NOT NULL,
  `permitido` tinyint(1) NOT NULL DEFAULT '1',
  `descripcion` varchar(191) COLLATE utf8mb4_unicode_ci NOT NULL,
  `icono` varchar(191) COLLATE utf8mb4_unicode_ci DEFAULT NULL,
  `numero` varchar(191) COLLATE utf8mb4_unicode_ci DEFAULT NULL,
  `habilitado` tinyint(1) NOT NULL DEFAULT '1',
  `created_at` timestamp NULL DEFAULT NULL,
  `updated_at` timestamp NULL DEFAULT NULL,
  `deleted_at` timestamp NULL DEFAULT NULL,
  PRIMARY KEY (`id`),
  KEY `suscrip_planes_detail_suscrip_plan_id_foreign` (`suscrip_plan_id`),
  KEY `suscrip_planes_detail_suscrip_modulo_id_foreign` (`suscrip_modulo_id`),
  CONSTRAINT `suscrip_planes_detail_suscrip_modulo_id_foreign` FOREIGN KEY (`suscrip_modulo_id`) REFERENCES `suscrip_modulos` (`id`),
  CONSTRAINT `suscrip_planes_detail_suscrip_plan_id_foreign` FOREIGN KEY (`suscrip_plan_id`) REFERENCES `suscrip_planes` (`id`)
) ENGINE=InnoDB AUTO_INCREMENT=85 DEFAULT CHARSET=utf8mb4 COLLATE=utf8mb4_unicode_ci;

--
-- Dumping data for table `suscrip_planes_detail`
--

INSERT INTO `suscrip_planes_detail` VALUES (1,0,1,1,1,'CUITs para operar','','1',1,NULL,NULL,NULL),(2,0,1,1,0,'Usuarios para tus clientes','fa fa-times-circle','',1,NULL,NULL,NULL),(3,0,1,1,1,'Reporte de Control Total de las liquidaciones','fa fa-check-circle','',1,NULL,NULL,NULL),(4,0,1,1,0,'Enviar estado de deudas impositivas','fa fa-times-circle','',1,NULL,NULL,NULL),(5,0,1,1,0,'Enviar vencimientos y honorarios de tus clientes','fa fa-times-circle','',1,NULL,NULL,NULL),(6,0,2,1,1,'CUITs para operar','','30',1,NULL,NULL,NULL),(7,0,2,1,1,'Usuarios para tus clientes','fa fa-check-circle','5',1,NULL,NULL,NULL),(8,0,2,1,1,'Reporte de Control Total de las liquidaciones','fa fa-check-circle','',1,NULL,NULL,NULL),(9,0,2,1,0,'Enviar estado de deudas impositivas','fa fa-times-circle','',1,NULL,NULL,NULL),(10,0,2,1,0,'Enviar vencimientos y honorarios de tus clientes','fa fa-times-circle','',1,NULL,NULL,NULL),(11,0,3,1,1,'CUITs para operar','','100',1,NULL,NULL,NULL),(12,0,3,1,1,'Usuarios para tus clientes','fa fa-check-circle','15',1,NULL,NULL,NULL),(13,0,3,1,1,'Reporte de Control Total de las liquidaciones','fa fa-check-circle','',1,NULL,NULL,NULL),(14,0,3,1,1,'Enviar estado de deudas impositivas','fa fa-check-circle','',1,NULL,NULL,NULL),(15,0,3,1,1,'Enviar vencimientos y honorarios de tus clientes','fa fa-check-circle','',1,NULL,NULL,NULL),(16,0,4,1,1,'CUITs para operar','','200',1,NULL,NULL,NULL),(17,0,4,1,1,'Usuarios para tus clientes','fa fa-check-circle','30',1,NULL,NULL,NULL),(18,0,4,1,1,'Reporte de Control Total de las liquidaciones','fa fa-check-circle','',1,NULL,NULL,NULL),(19,0,4,1,1,'Enviar estado de deudas impositivas','fa fa-check-circle','',1,NULL,NULL,NULL),(20,0,4,1,1,'Enviar vencimientos y honorarios de tus clientes','fa fa-check-circle','',1,NULL,NULL,NULL),(21,0,1,2,1,'Total de Legajos','','10',1,NULL,NULL,NULL),(22,0,1,2,0,'Creacion de convenios colectivos de trabajo','fa fa-times-circle','',1,NULL,NULL,NULL),(23,0,1,2,1,'TXT para SICOSS','fa fa-check-circle','',1,NULL,NULL,NULL),(24,0,1,2,1,'Reportes de sueldos','fa fa-check-circle','',1,NULL,NULL,NULL),(25,0,2,2,1,'Total de Legajos','','50',1,NULL,NULL,NULL),(26,0,2,2,1,'Creacion de convenios colectivos de trabajo','fa fa-check-circle','',1,NULL,NULL,NULL),(27,0,2,2,1,'TXT para SICOSS','fa fa-check-circle','',1,NULL,NULL,NULL),(28,0,2,2,1,'Reportes de sueldos','fa fa-check-circle','',1,NULL,NULL,NULL),(29,0,3,2,1,'Total de Legajos','','200',1,NULL,NULL,NULL),(30,0,3,2,1,'Creacion de convenios colectivos de trabajo','fa fa-check-circle','',1,NULL,NULL,NULL),(31,0,3,2,1,'TXT para SICOSS','fa fa-check-circle','',1,NULL,NULL,NULL),(32,0,3,2,1,'Reportes de sueldos','fa fa-check-circle','',1,NULL,NULL,NULL),(33,0,4,2,1,'Total de Legajos','','200',1,NULL,NULL,NULL),(34,0,4,2,1,'Creacion de convenios colectivos de trabajo','fa fa-check-circle','',1,NULL,NULL,NULL),(35,0,4,2,1,'TXT para SICOSS','fa fa-check-circle','',1,NULL,NULL,NULL),(36,0,4,2,1,'Reportes de sueldos','fa fa-check-circle','',1,NULL,NULL,NULL),(37,0,1,3,1,'Cant. Comprobantes','','100',1,NULL,NULL,NULL),(38,0,1,3,1,'TXT Citi Ventas - Libro IVA Digital','fa fa-check-circle','',1,NULL,NULL,NULL),(39,0,1,3,1,'Importacion de Ventas y Compras desde AFIP','fa fa-check-circle','',1,NULL,NULL,NULL),(40,0,1,3,0,'Ventanilla Electronica','fa fa-times-circle','',1,NULL,NULL,NULL),(41,0,2,3,1,'Cant. Comprobantes','','Ilimitado',1,NULL,NULL,NULL),(42,0,2,3,1,'TXT Citi Ventas - Libro IVA Digital','fa fa-check-circle','',1,NULL,NULL,NULL),(43,0,2,3,1,'Importacion de Ventas y Compras desde AFIP','fa fa-check-circle','',1,NULL,NULL,NULL),(44,0,2,3,1,'Ventanilla Electronica','fa fa-check-circle','',1,NULL,NULL,NULL),(45,0,3,3,1,'Cant. Comprobantes','','Ilimitado',1,NULL,NULL,NULL),(46,0,3,3,1,'TXT Citi Ventas - Libro IVA Digital','fa fa-check-circle','',1,NULL,NULL,NULL),(47,0,3,3,1,'Importacion de Ventas y Compras desde AFIP','fa fa-check-circle','',1,NULL,NULL,NULL),(48,0,3,3,1,'Ventanilla Electronica','fa fa-check-circle','',1,NULL,NULL,NULL);
INSERT INTO `suscrip_planes_detail` VALUES (49,0,4,3,1,'Cant. Comprobantes','','Ilimitado',1,NULL,NULL,NULL),(50,0,4,3,1,'TXT Citi Ventas - Libro IVA Digital','fa fa-check-circle','',1,NULL,NULL,NULL),(51,0,4,3,1,'Importacion de Ventas y Compras desde AFIP','fa fa-check-circle','',1,NULL,NULL,NULL),(52,0,4,3,1,'Ventanilla Electronica','fa fa-check-circle','',1,NULL,NULL,NULL),(53,0,1,4,1,'Ajuste por Inflacion','fa fa-check-circle','',1,NULL,NULL,NULL),(54,0,1,4,1,'Registracion de Actas Societarias','fa fa-check-circle','',1,NULL,NULL,NULL),(55,0,1,4,1,'Libros Contables','fa fa-check-circle','',1,NULL,NULL,NULL),(56,0,1,4,1,'Reportes','fa fa-check-circle','',1,NULL,NULL,NULL),(57,0,2,4,1,'Ajuste por Inflacion','fa fa-check-circle','',1,NULL,NULL,NULL),(58,0,2,4,1,'Registracion de Actas Societarias','fa fa-check-circle','',1,NULL,NULL,NULL),(59,0,2,4,1,'Libros Contables','fa fa-check-circle','',1,NULL,NULL,NULL),(60,0,2,4,1,'Reportes','fa fa-check-circle','',1,NULL,NULL,NULL),(61,0,3,4,1,'Ajuste por Inflacion','fa fa-check-circle','',1,NULL,NULL,NULL),(62,0,3,4,1,'Registracion de Actas Societarias','fa fa-check-circle','',1,NULL,NULL,NULL),(63,0,3,4,1,'Libros Contables','fa fa-check-circle','',1,NULL,NULL,NULL),(64,0,3,4,1,'Reportes','fa fa-check-circle','',1,NULL,NULL,NULL),(65,0,4,4,1,'Ajuste por Inflacion','fa fa-check-circle','',1,NULL,NULL,NULL),(66,0,4,4,1,'Registracion de Actas Societarias','fa fa-check-circle','',1,NULL,NULL,NULL),(67,0,4,4,1,'Libros Contables','fa fa-check-circle','',1,NULL,NULL,NULL),(68,0,4,4,1,'Reportes','fa fa-check-circle','',1,NULL,NULL,NULL),(69,0,1,5,0,'Facturacion Electronica','fa fa-times-circle','',1,NULL,NULL,NULL),(70,0,1,5,1,'Facturacion Masiva y envio de facturas via email','fa fa-check-circle','',1,NULL,NULL,NULL),(71,0,1,5,1,'Remitos-Recibos-Presupuestos','fa fa-check-circle','',1,NULL,NULL,NULL),(72,0,1,5,1,'Reportes','fa fa-check-circle','',1,NULL,NULL,NULL),(73,0,2,5,1,'Facturacion Electronica','fa fa-check-circle','',1,NULL,NULL,NULL),(74,0,2,5,1,'Facturacion Masiva y envio de facturas via email','fa fa-check-circle','',1,NULL,NULL,NULL),(75,0,2,5,1,'Remitos-Recibos-Presupuestos','fa fa-check-circle','',1,NULL,NULL,NULL),(76,0,2,5,1,'Reportes','fa fa-check-circle','',1,NULL,NULL,NULL),(77,0,3,5,1,'Facturacion Electronica','fa fa-check-circle','',1,NULL,NULL,NULL),(78,0,3,5,1,'Facturacion Masiva y envio de facturas via email','fa fa-check-circle','',1,NULL,NULL,NULL),(79,0,3,5,1,'Remitos-Recibos-Presupuestos','fa fa-check-circle','',1,NULL,NULL,NULL),(80,0,3,5,1,'Reportes','fa fa-check-circle','',1,NULL,NULL,NULL),(81,0,4,5,1,'Facturacion Electronica','fa fa-check-circle','',1,NULL,NULL,NULL),(82,0,4,5,1,'Facturacion Masiva y envio de facturas via email','fa fa-check-circle','',1,NULL,NULL,NULL),(83,0,4,5,1,'Remitos-Recibos-Presupuestos','fa fa-check-circle','',1,NULL,NULL,NULL),(84,0,4,5,1,'Reportes','fa fa-check-circle','',1,NULL,NULL,NULL);

--
-- Table structure for table `syj_actividad`
--

CREATE TABLE `syj_actividad` (
  `id` int(10) unsigned NOT NULL AUTO_INCREMENT,
  `user_id` int(10) unsigned DEFAULT NULL,
  `codigo_afip` int(10) unsigned NOT NULL,
  `descripcion` varchar(191) COLLATE utf8mb4_unicode_ci NOT NULL,
  `habilitado` tinyint(1) NOT NULL DEFAULT '1',
  `created_at` timestamp NULL DEFAULT NULL,
  `updated_at` timestamp NULL DEFAULT NULL,
  `deleted_at` timestamp NULL DEFAULT NULL,
  PRIMARY KEY (`id`),
  UNIQUE KEY `syj_actividad_codigo_afip_unique` (`codigo_afip`),
  UNIQUE KEY `syj_actividad_descripcion_unique` (`descripcion`)
) ENGINE=InnoDB AUTO_INCREMENT=145 DEFAULT CHARSET=utf8mb4 COLLATE=utf8mb4_unicode_ci;

--
-- Dumping data for table `syj_actividad`
--

INSERT INTO `syj_actividad` VALUES (1,NULL,0,'Zona de Desastre. Decreto 1386/01',1,'2020-05-28 20:55:21','2020-05-28 20:55:21',NULL),(2,NULL,1,'Produccion Primaria excepto actividad agropec',1,'2020-05-28 20:55:21','2020-05-28 20:55:21',NULL),(3,NULL,2,'Produccion de bienes sin comercializacion',1,'2020-05-28 20:55:21','2020-05-28 20:55:21',NULL),(4,NULL,3,'Construccion de inmuebles',1,'2020-05-28 20:55:21','2020-05-28 20:55:21',NULL),(5,NULL,4,'Turismo',1,'2020-05-28 20:55:21','2020-05-28 20:55:21',NULL),(6,NULL,5,'Investigacion Cientifica y Tecnologica',1,'2020-05-28 20:55:21','2020-05-28 20:55:21',NULL),(7,NULL,6,'Administracion Publica CON OBRA SOCIAL 23660',1,'2020-05-28 20:55:21','2020-05-28 20:55:21',NULL),(8,NULL,7,'Enseñanza Privada L.13047 no comp.en D 137/05',1,'2020-05-28 20:55:21','2020-05-28 20:55:21',NULL),(9,NULL,8,'Servicio Domestico',1,'2020-05-28 20:55:21','2020-05-28 20:55:21',NULL),(10,NULL,9,'Servicios energeticos Res.MTESS 268 y 824/09',1,'2020-05-28 20:55:21','2020-05-28 20:55:21',NULL),(11,NULL,10,'UNIVERSIDADES PRIVADAS.Personal No Doc. D112',1,'2020-05-28 20:55:21','2020-05-28 20:55:21',NULL),(12,NULL,11,'Personal Permanente Disc.Emp.de Ss.Eventuales',1,'2020-05-28 20:55:21','2020-05-28 20:55:21',NULL),(13,NULL,12,'PIT-Programas Intensivos de Trabajo',1,'2020-05-28 20:55:21','2020-05-28 20:55:21',NULL),(14,NULL,13,'Personal embarcado',1,'2020-05-28 20:55:21','2020-05-28 20:55:21',NULL),(15,NULL,14,'Personal embarcado Dec 1255 S/ res SSS 18/99',1,'2020-05-28 20:55:21','2020-05-28 20:55:21',NULL),(16,NULL,15,'LRT- Direct. SA,municipios,org cent y desc,Em',1,'2020-05-28 20:55:21','2020-05-28 20:55:21',NULL),(17,NULL,16,'No oblig con el SIJP(colegios,reciproc prev y',1,'2020-05-28 20:55:21','2020-05-28 20:55:21',NULL),(18,NULL,17,'Oblig.al SIJP-sin Obra Social Nac(Adm Pub y',1,'2020-05-28 20:55:21','2020-05-28 20:55:21',NULL),(19,NULL,18,'Prov incorp al SIJP sin obra social con ART',1,'2020-05-28 20:55:21','2020-05-28 20:55:21',NULL),(20,NULL,19,'Provincia incorp al SIJP sin obra social sin',1,'2020-05-28 20:55:21','2020-05-28 20:55:21',NULL),(21,NULL,20,'Ley Nº 24.331 Zona Franca',1,'2020-05-28 20:55:21','2020-05-28 20:55:21',NULL),(22,NULL,21,'D Nº1024/93 Empr del Est,Org y Entes Pub c/OS',1,'2020-05-28 20:55:21','2020-05-28 20:55:21',NULL),(23,NULL,22,'D Nº1024/93 Empr del Est,Org y Entes Pub s/OS',1,'2020-05-28 20:55:21','2020-05-28 20:55:21',NULL),(24,NULL,23,'ILT para actividad 21',1,'2020-05-28 20:55:21','2020-05-28 20:55:21',NULL),(25,NULL,24,'ILPPP o ILPPD para actividad 21',1,'2020-05-28 20:55:21','2020-05-28 20:55:21',NULL),(26,NULL,25,'ILPTP para actividad 21',1,'2020-05-28 20:55:21','2020-05-28 20:55:21',NULL),(27,NULL,26,'ILT para actividad 22',1,'2020-05-28 20:55:21','2020-05-28 20:55:21',NULL),(28,NULL,27,'Servicio exterior Ley Nº22731',1,'2020-05-28 20:55:21','2020-05-28 20:55:21',NULL),(29,NULL,28,'ILPTP para actividad 22',1,'2020-05-28 20:55:21','2020-05-28 20:55:21',NULL),(30,NULL,29,'Pers embarc Dec 1255 S/res SSS 18/99 c/OS',1,'2020-05-28 20:55:21','2020-05-28 20:55:21',NULL),(31,NULL,30,'AFA Dec Nº1212/03 Aportante Autonomo',1,'2020-05-28 20:55:21','2020-05-28 20:55:21',NULL),(32,NULL,31,'Trabajador Rural de la Armada Argentina Ley 2',1,'2020-05-28 20:55:21','2020-05-28 20:55:21',NULL),(33,NULL,32,'CSJN Corte Supr de Justicia, Magist Prov, Rev',1,'2020-05-28 20:55:21','2020-05-28 20:55:21',NULL),(34,NULL,33,'Representante Gremial en uso de licencia',1,'2020-05-28 20:55:21','2020-05-28 20:55:21',NULL),(35,NULL,34,'Docentes est nacionales CON OBRA SOCIAL 23660',1,'2020-05-28 20:55:21','2020-05-28 20:55:21',NULL),(36,NULL,35,'Docentes est nacionales SIN OBRA SOCIAL 23660',1,'2020-05-28 20:55:21','2020-05-28 20:55:21',NULL),(37,NULL,36,'Inv cientif tecnolog docente univ est nac c/O',1,'2020-05-28 20:55:21','2020-05-28 20:55:21',NULL),(38,NULL,37,'Inv cientif tecnolog docente univ est nac s/O',1,'2020-05-28 20:55:21','2020-05-28 20:55:21',NULL);
INSERT INTO `syj_actividad` VALUES (39,NULL,38,'Docentes privados Res 71/99 SSS Dec 137/05',1,'2020-05-28 20:55:21','2020-05-28 20:55:21',NULL),(40,NULL,39,'No Docentes Privados Res 71/99 SSS',1,'2020-05-28 20:55:21','2020-05-28 20:55:21',NULL),(41,NULL,40,'Industria del software Ley Nº 25922',1,'2020-05-28 20:55:21','2020-05-28 20:55:21',NULL),(42,NULL,41,'Trabajador de la Const Ley 25345 art 36',1,'2020-05-28 20:55:21','2020-05-28 20:55:21',NULL),(43,NULL,42,'Asignaciones Familiares y FNE con OS Nacional',1,'2020-05-28 20:55:21','2020-05-28 20:55:21',NULL),(44,NULL,43,'Asignaciones Familiares y FNE sin OS Nacional',1,'2020-05-28 20:55:21','2020-05-28 20:55:21',NULL),(45,NULL,44,'Ley Nº 24061 Dto 249/92',1,'2020-05-28 20:55:21','2020-05-28 20:55:21',NULL),(46,NULL,45,'Prov incorp al SIJP c/OS Nac con ART',1,'2020-05-28 20:55:21','2020-05-28 20:55:21',NULL),(47,NULL,46,'Prov incorp al SIJP con OS Nacional sin ART',1,'2020-05-28 20:55:21','2020-05-28 20:55:21',NULL),(48,NULL,47,'Ley Nº 15223 con Obra Social',1,'2020-05-28 20:55:21','2020-05-28 20:55:21',NULL),(49,NULL,48,'Regimen nacional sin Obra Social nacional',1,'2020-05-28 20:55:21','2020-05-28 20:55:21',NULL),(50,NULL,49,'Actividades no clasificadas',1,'2020-05-28 20:55:21','2020-05-28 20:55:21',NULL),(51,NULL,50,'POLICIA DE LA RIOJA',1,'2020-05-28 20:55:21','2020-05-28 20:55:21',NULL),(52,NULL,51,'POLICIA DE JUJUY',1,'2020-05-28 20:55:21','2020-05-28 20:55:21',NULL),(53,NULL,52,'POLICIA DE TUCUMAN',1,'2020-05-28 20:55:21','2020-05-28 20:55:21',NULL),(54,NULL,53,'POLICIA DE CATAMARCA',1,'2020-05-28 20:55:21','2020-05-28 20:55:21',NULL),(55,NULL,54,'POLICIA DE RIO NEGRO',1,'2020-05-28 20:55:21','2020-05-28 20:55:21',NULL),(56,NULL,55,'POLICIA DE MENDOZA',1,'2020-05-28 20:55:21','2020-05-28 20:55:21',NULL),(57,NULL,56,'POLICIA DE SANTIAGO DEL ESTERO',1,'2020-05-28 20:55:21','2020-05-28 20:55:21',NULL),(58,NULL,57,'POLICIA DE SALTA',1,'2020-05-28 20:55:21','2020-05-28 20:55:21',NULL),(59,NULL,58,'POLICIA DE SAN JUAN',1,'2020-05-28 20:55:21','2020-05-28 20:55:21',NULL),(60,NULL,59,'POLICIA DE SAN LUIS',1,'2020-05-28 20:55:21','2020-05-28 20:55:21',NULL),(61,NULL,60,'SERVICIO PENITENCIARIO DE SAN LUIS',1,'2020-05-28 20:55:21','2020-05-28 20:55:21',NULL),(62,NULL,61,'POLICIA METROPOLITANA DEL GOB DE LA CABA',1,'2020-05-28 20:55:21','2020-05-28 20:55:21',NULL),(63,NULL,62,'Personal sin estado policial POLICIA METROP',1,'2020-05-28 20:55:21','2020-05-28 20:55:21',NULL),(64,NULL,63,'SERVICIO PENITENCIARIO DE LA RIOJA',1,'2020-05-28 20:55:21','2020-05-28 20:55:21',NULL),(65,NULL,64,'SERVICIO PENITENCIARIO DE JUJUY',1,'2020-05-28 20:55:21','2020-05-28 20:55:21',NULL),(66,NULL,65,'SERVICIO PENITENCIARIO DE TUCUMAN',1,'2020-05-28 20:55:21','2020-05-28 20:55:21',NULL),(67,NULL,66,'SERVICIO PENITENCIARIO DE CATAMARCA',1,'2020-05-28 20:55:21','2020-05-28 20:55:21',NULL),(68,NULL,67,'SERVICIO PENITENCIARIO DE RIO NEGRO',1,'2020-05-28 20:55:21','2020-05-28 20:55:21',NULL),(69,NULL,68,'SERVICO PENITENCIARIO DE MENDOZA',1,'2020-05-28 20:55:21','2020-05-28 20:55:21',NULL),(70,NULL,69,'Legisladores Nacionales(diputados y senadores',1,'2020-05-28 20:55:21','2020-05-28 20:55:21',NULL),(71,NULL,70,'SERVICIO PENITENCIARIO DE SANTIAGO DEL ESTERO',1,'2020-05-28 20:55:21','2020-05-28 20:55:21',NULL),(72,NULL,71,'SERVICIO PENITENCIARIO DE SALTA',1,'2020-05-28 20:55:21','2020-05-28 20:55:21',NULL),(73,NULL,72,'SERVICIO PENITENCIARIO DE SAN JUAN',1,'2020-05-28 20:55:21','2020-05-28 20:55:21',NULL),(74,NULL,73,'ILT p/actividad 91',1,'2020-05-28 20:55:21','2020-05-28 20:55:21',NULL),(75,NULL,74,'ILPPP o ILPPD p/actividad 91',1,'2020-05-28 20:55:21','2020-05-28 20:55:21',NULL),(76,NULL,75,'Docente de Prov incorp SIJP s/OS Nac c/ART',1,'2020-05-28 20:55:21','2020-05-28 20:55:21',NULL),(77,NULL,76,'Docente de Prov incorp SIJP s/OS Nac s/ART',1,'2020-05-28 20:55:21','2020-05-28 20:55:21',NULL),(78,NULL,77,'Docente de Prov incorp SIJP c/OS Nac c/ART',1,'2020-05-28 20:55:21','2020-05-28 20:55:21',NULL);
INSERT INTO `syj_actividad` VALUES (79,NULL,78,'Invest cient tecnolog docente univ Prov inc S',1,'2020-05-28 20:55:21','2020-05-28 20:55:21',NULL),(80,NULL,79,'Invest cientif tecnolog Prov incorp al SIJP c',1,'2020-05-28 20:55:21','2020-05-28 20:55:21',NULL),(81,NULL,80,'ILPTP p/activ 01 02 03 04 05 11 13 49 91',1,'2020-05-28 20:55:21','2020-05-28 20:55:21',NULL),(82,NULL,81,'Funcionarios del PJ y otros Ley Nº24018',1,'2020-05-28 20:55:21','2020-05-28 20:55:21',NULL),(83,NULL,82,'Funcionarios del PE y otros Ley Nº 24018',1,'2020-05-28 20:55:21','2020-05-28 20:55:21',NULL),(84,NULL,83,'Presidente de la Nacion y Vicep de la Nacion',1,'2020-05-28 20:55:21','2020-05-28 20:55:21',NULL),(85,NULL,84,'Docentes Privados Res 71/99 SSS D 137/05 s/OS',1,'2020-05-28 20:55:21','2020-05-28 20:55:21',NULL),(86,NULL,85,'Magistrados Prov,Revisores de Cta-docentes',1,'2020-05-28 20:55:21','2020-05-28 20:55:21',NULL),(87,NULL,86,'Decreto 1474/2007 actividad minera',1,'2020-05-28 20:55:21','2020-05-28 20:55:21',NULL),(88,NULL,87,'Ley 26508 docentes univ c/OS Nacional',1,'2020-05-28 20:55:21','2020-05-28 20:55:21',NULL),(89,NULL,88,'Ley 26508 docentes univ s/OS Nacional',1,'2020-05-28 20:55:21','2020-05-28 20:55:21',NULL),(90,NULL,89,'ILPTP p/actividad 97',1,'2020-05-28 20:55:21','2020-05-28 20:55:21',NULL),(91,NULL,90,'ILT o ILPPP o ILPTP p/actividad 15',1,'2020-05-28 20:55:21','2020-05-28 20:55:21',NULL),(92,NULL,91,'Regimen previsional propio. OS L.23660 y 2471',1,'2020-05-28 20:55:21','2020-05-28 20:55:21',NULL),(93,NULL,92,'Res 71/99 SSS y otros',1,'2020-05-28 20:55:21','2020-05-28 20:55:21',NULL),(94,NULL,93,'UNIV PRIVADAS Personal Docente D 1123/99',1,'2020-05-28 20:55:21','2020-05-28 20:55:21',NULL),(95,NULL,94,'Decreto 953/99',1,'2020-05-28 20:55:21','2020-05-28 20:55:21',NULL),(96,NULL,95,'Ley Nº 15223 sin Obra Social',1,'2020-05-28 20:55:21','2020-05-28 20:55:21',NULL),(97,NULL,96,'Pers Perm Disc Serv Event Alcanz p/Dto96/99',1,'2020-05-28 20:55:21','2020-05-28 20:55:21',NULL),(98,NULL,97,'Trabajador Agrario Ley 25191',1,'2020-05-28 20:55:21','2020-05-28 20:55:21',NULL),(99,NULL,98,'Zona de Desastre Dec Nº1386/01 Act Agropecuar',1,'2020-05-28 20:55:21','2020-05-28 20:55:21',NULL),(100,NULL,99,'Trabajador Agrario (excluido Ley 26727)',1,'2020-05-28 20:55:21','2020-05-28 20:55:21',NULL),(101,NULL,100,'CSJN Corte Supr de Justicia, Magistrados provinciales, Revisores de Cta sin ART',1,NULL,NULL,NULL),(102,NULL,101,'Magistrados provinciales, Revisores de Cta -docentes sin ART',1,NULL,NULL,NULL),(103,NULL,102,'Zona de Desastre Decreto N° 1386/01. Actividad Agropecuaria Ley N° 25191',1,NULL,NULL,NULL),(104,NULL,103,'Trabajador Agrario Ley 23808 y otros regímenes',1,NULL,NULL,NULL),(105,NULL,104,'Zona de Desastre Decreto N° 1386/01. Actividad Agropecuaria Ley N° 23808 y otros regímenes',1,NULL,NULL,NULL),(106,NULL,105,'Dto. 637/13. Personal civil de las Fuerzas Armadas y de Seguridad excepto personal civil docente perteneciente a otra OS',1,NULL,NULL,NULL),(107,NULL,106,'Administración Pública CON OBRA SOCIAL 23660 (con PAMI) Tipo de empleador especial',1,NULL,NULL,NULL),(108,NULL,107,'Serv. energéticos Res. MTESS 268 y 824/09 Empr del Estado, Org. y Entes Públicos (Dto. 1024/93) s/OS, c/FNE s/ As. Fs.',1,NULL,NULL,NULL),(109,NULL,108,'Serv. energéticos Res. MTESS 268 y 824/09 Emp. del estado y Org. y Entes públicos ( Dto. 1024/93) con OS y FNE sin As. Fs.',1,NULL,NULL,NULL),(110,NULL,109,'Servicios energéticos Res.MTESS 268 y 824/09 - Provincias (sin PAMI y sin OS)',1,NULL,NULL,NULL),(111,NULL,110,'Servicios energéticos Res.MTESS 268 y 824/09 - Provincias con OS',1,NULL,NULL,NULL),(112,NULL,111,'Servicios energéticos Res.MTESS 268 y 824/09 - Provincias (sin PAMI y sin OS) sin ART',1,NULL,NULL,NULL),(113,NULL,112,'Servicios energéticos Res.MTESS 268 y 824/09 - Provincias con OS sin ART',1,NULL,NULL,NULL),(114,NULL,113,'Policía Federal del Gobierno de la Ciudad de Buenos Aires',1,NULL,NULL,NULL);
INSERT INTO `syj_actividad` VALUES (115,NULL,117,'Obligados al SIJP -sin Obra Social Nacional (Adm Pub y otros) y SIN PAMI - Tipo de empleador especial',1,NULL,NULL,NULL),(116,NULL,119,'Detracción especial - Ley Nº 27430 - Textiles',1,NULL,NULL,NULL),(117,NULL,120,'Detracción Ampliada - Dcto. 128/2019',1,NULL,NULL,NULL),(118,NULL,122,'Trabajador Agrario. Ley 26727 - Detracción Ampliada Dcto. 128/2019',1,NULL,NULL,NULL),(119,NULL,123,'Trabajador Agrario Ley 25191 - Detracción Ampliada Dcto. 128/2019',1,NULL,NULL,NULL),(120,NULL,124,'Trabajador Agrario Ley 23808 y otros regímenes - Detracción Ampliada Dcto. 128/2019',1,NULL,NULL,NULL),(121,NULL,125,'Actividades no clasificadas-Detracción Ampliada - Dcto. 688/2019 - Dcto. 34/2021 - Dcto 242/2021',1,NULL,NULL,NULL),(122,NULL,126,'Ley Nº 15223 con obra social-Detracción Ampliada - Dcto. 688/2019  -  Dcto. 34/2021 -  Dcto 242/2021',1,NULL,NULL,NULL),(123,NULL,127,'Actividades no clasificadas - Sector Salud Dcto. 34/2021  -  Dcto 242/2021',1,NULL,NULL,NULL),(124,NULL,128,'Ley Nº 15223 con obra social - Sector Salud Dcto. 34/2021  -  Dcto 242/2021',1,NULL,NULL,NULL),(125,NULL,129,'Actividades no clasificadas-Detracción Ampliada - Dcto. 688/2019',1,NULL,NULL,NULL),(126,NULL,130,'Ley Nº 15223 con obra social-Detracción Ampliada - Dcto. 688/2019.',1,NULL,NULL,NULL),(127,NULL,131,'Regimen previsional propio.  Obra Social L.23660 Y FNE',1,NULL,NULL,NULL),(128,NULL,132,'Economía del conocimiento - Ley 27.506. Art. 8',1,NULL,NULL,NULL),(129,NULL,133,'Economía del conocimiento - Ley 27.506. Art. 9',1,NULL,NULL,NULL),(130,NULL,901,'Poder judicial (sin ART)',1,NULL,NULL,NULL),(131,NULL,902,'Poder judicial (con ART)',1,NULL,NULL,NULL),(132,NULL,903,'Poder Legislativo (sin ART)',1,NULL,NULL,NULL),(133,NULL,904,'Poder Legislativo (con ART)',1,NULL,NULL,NULL),(134,NULL,905,'Empleo público en Gral. (sin ART)',1,NULL,NULL,NULL),(135,NULL,906,'Empleo público en Gral. (con ART)',1,NULL,NULL,NULL),(136,NULL,907,'Docente (sin ART)',1,NULL,NULL,NULL),(137,NULL,908,'Docente (con ART)',1,NULL,NULL,NULL),(138,NULL,909,'Fuerza de seguridad (sin ART)',1,NULL,NULL,NULL),(139,NULL,910,'Fuerza de seguridad (con ART)',1,NULL,NULL,NULL),(140,NULL,911,'No clasificados (sin ART)',1,NULL,NULL,NULL),(141,NULL,912,'No clasificados (con ART)',1,NULL,NULL,NULL),(142,NULL,913,'Prestadores de servicios (monotributo y/o autónomos)',1,NULL,NULL,NULL),(143,NULL,920,'No obligados al SIPA - informativo (sin ART)',1,NULL,NULL,NULL),(144,NULL,921,'No obligados al SIPA - informativo (con ART)',1,NULL,NULL,NULL);

--
