-- Table structure for table `blogs`
--

CREATE TABLE `blogs` (
  `id` int(10) unsigned NOT NULL AUTO_INCREMENT,
  `user_id` int(10) unsigned DEFAULT NULL,
  `fecha` date NOT NULL,
  `file` varchar(191) COLLATE utf8mb4_unicode_ci DEFAULT NULL,
  `blogs_categoria_id` int(10) unsigned NOT NULL,
  `blogs_categoria_sub_id` int(10) unsigned NOT NULL,
  `path` varchar(191) COLLATE utf8mb4_unicode_ci NOT NULL,
  `titulo` varchar(191) COLLATE utf8mb4_unicode_ci NOT NULL,
  `contenido` longtext COLLATE utf8mb4_unicode_ci NOT NULL,
  `autor` varchar(191) COLLATE utf8mb4_unicode_ci NOT NULL,
  `publicar` tinyint(1) NOT NULL DEFAULT '0',
  `created_at` timestamp NULL DEFAULT NULL,
  `updated_at` timestamp NULL DEFAULT NULL,
  `deleted_at` timestamp NULL DEFAULT NULL,
  PRIMARY KEY (`id`),
  KEY `blogs_blogs_categoria_id_foreign` (`blogs_categoria_id`),
  KEY `blogs_blogs_categoria_sub_id_foreign` (`blogs_categoria_sub_id`),
  CONSTRAINT `blogs_blogs_categoria_id_foreign` FOREIGN KEY (`blogs_categoria_id`) REFERENCES `blogs_categorias` (`id`),
  CONSTRAINT `blogs_blogs_categoria_sub_id_foreign` FOREIGN KEY (`blogs_categoria_sub_id`) REFERENCES `blogs_categorias_sub` (`id`)
) ENGINE=InnoDB DEFAULT CHARSET=utf8mb4 COLLATE=utf8mb4_unicode_ci;

--
-- Dumping data for table `blogs`
--


--
-- Table structure for table `blogs_categorias`
--

CREATE TABLE `blogs_categorias` (
  `id` int(10) unsigned NOT NULL AUTO_INCREMENT,
  `user_id` int(10) unsigned DEFAULT NULL,
  `descripcion` varchar(191) COLLATE utf8mb4_unicode_ci DEFAULT NULL,
  `created_at` timestamp NULL DEFAULT NULL,
  `updated_at` timestamp NULL DEFAULT NULL,
  `deleted_at` timestamp NULL DEFAULT NULL,
  PRIMARY KEY (`id`)
) ENGINE=InnoDB DEFAULT CHARSET=utf8mb4 COLLATE=utf8mb4_unicode_ci;

--
-- Dumping data for table `blogs_categorias`
--


--
-- Table structure for table `blogs_categorias_sub`
--

CREATE TABLE `blogs_categorias_sub` (
  `id` int(10) unsigned NOT NULL AUTO_INCREMENT,
  `user_id` int(10) unsigned DEFAULT NULL,
  `blogs_categoria_id` int(10) unsigned NOT NULL,
  `descripcion` varchar(191) COLLATE utf8mb4_unicode_ci NOT NULL,
  `created_at` timestamp NULL DEFAULT NULL,
  `updated_at` timestamp NULL DEFAULT NULL,
  `deleted_at` timestamp NULL DEFAULT NULL,
  PRIMARY KEY (`id`),
  KEY `blogs_categorias_sub_blogs_categoria_id_foreign` (`blogs_categoria_id`),
  CONSTRAINT `blogs_categorias_sub_blogs_categoria_id_foreign` FOREIGN KEY (`blogs_categoria_id`) REFERENCES `blogs_categorias` (`id`)
) ENGINE=InnoDB DEFAULT CHARSET=utf8mb4 COLLATE=utf8mb4_unicode_ci;

--
-- Dumping data for table `blogs_categorias_sub`
--


--
-- Table structure for table `bs_per_alicuotas`
--

CREATE TABLE `bs_per_alicuotas` (
  `id` int(10) unsigned NOT NULL AUTO_INCREMENT,
  `anio` int(10) unsigned NOT NULL,
  `min_no_imponible` decimal(16,2) NOT NULL DEFAULT '0.00',
  `desde` decimal(16,2) NOT NULL DEFAULT '0.00',
  `hasta` decimal(16,2) NOT NULL DEFAULT '0.00',
  `impuesto` decimal(16,2) NOT NULL DEFAULT '0.00',
  `mas_porcentaje` decimal(16,4) NOT NULL DEFAULT '0.0000',
  `excedente` decimal(16,2) NOT NULL DEFAULT '0.00',
  `created_at` timestamp NULL DEFAULT NULL,
  `updated_at` timestamp NULL DEFAULT NULL,
  `deleted_at` timestamp NULL DEFAULT NULL,
  PRIMARY KEY (`id`)
) ENGINE=InnoDB AUTO_INCREMENT=15 DEFAULT CHARSET=utf8mb4 COLLATE=utf8mb4_unicode_ci;

--
-- Dumping data for table `bs_per_alicuotas`
--

INSERT INTO `bs_per_alicuotas` VALUES (1,2017,950000.00,0.00,999999999.99,0.00,0.0050,950000.00,'2019-11-19 21:09:50','2019-11-19 21:09:50',NULL),(2,2018,1050000.00,0.00,999999999.99,0.00,0.0025,1050000.00,'2019-11-19 21:09:50','2019-11-19 21:09:50',NULL),(3,2019,2000000.00,0.00,3000000.00,0.00,0.0050,0.00,'2019-11-19 21:09:50','2022-05-19 10:12:10',NULL),(4,2019,2000000.00,3000000.00,6500000.00,15000.00,0.0075,3000000.00,'2019-11-19 21:09:50','2022-05-19 10:12:10',NULL),(5,2019,2000000.00,6500000.00,18000000.00,41250.00,0.0100,6500000.00,'2019-11-19 21:09:50','2022-05-19 10:12:10',NULL),(6,2019,2000000.00,18000000.00,999999999.99,156250.00,0.0125,18000000.00,'2022-05-19 10:12:10','2022-05-19 10:12:10',NULL),(7,2020,2000000.00,0.00,3000000.00,0.00,0.0050,0.00,'2022-05-19 10:12:15','2022-05-19 10:12:15',NULL),(8,2020,2000000.00,3000000.00,6500000.00,15000.00,0.0075,3000000.00,'2022-05-19 10:12:15','2022-05-19 10:12:15',NULL),(9,2020,2000000.00,6500000.00,18000000.00,41250.00,0.0100,6500000.00,'2022-05-19 10:12:15','2022-05-19 10:12:15',NULL),(10,2020,2000000.00,18000000.00,999999999.99,156250.00,0.0125,18000000.00,'2022-05-19 10:12:15','2022-05-19 10:12:15',NULL),(11,2021,6000000.00,0.00,3000000.00,0.00,0.0050,0.00,'2022-05-19 10:12:21','2022-05-19 10:12:21',NULL),(12,2021,6000000.00,3000000.00,6500000.00,15000.00,0.0075,3000000.00,'2022-05-19 10:12:21','2022-05-19 10:12:21',NULL),(13,2021,6000000.00,6500000.00,18000000.00,41250.00,0.0100,6500000.00,'2022-05-19 10:12:21','2022-05-19 10:12:21',NULL),(14,2021,6000000.00,18000000.00,999999999.99,156250.00,0.0125,18000000.00,'2022-05-19 10:12:21','2022-05-19 10:12:21',NULL);

--
-- Table structure for table `bs_per_ddjjs`
--

CREATE TABLE `bs_per_ddjjs` (
  `id` int(10) unsigned NOT NULL AUTO_INCREMENT,
  `user_id` int(10) unsigned DEFAULT NULL,
  `anio` int(10) unsigned NOT NULL,
  `person_id` int(10) unsigned NOT NULL,
  `total_bienes_gravados` decimal(16,2) NOT NULL DEFAULT '0.00',
  `total_bienes_exentos` decimal(16,2) NOT NULL DEFAULT '0.00',
  `min_no_imponible` decimal(16,2) NOT NULL DEFAULT '0.00',
  `base_imponible` decimal(16,2) NOT NULL DEFAULT '0.00',
  `impuesto_determinado` decimal(16,2) NOT NULL DEFAULT '0.00',
  `saldo_a_pagar` decimal(16,2) NOT NULL DEFAULT '0.00',
  `saldo_a_favor` decimal(16,2) NOT NULL DEFAULT '0.00',
  `comentario` varchar(191) COLLATE utf8mb4_unicode_ci DEFAULT NULL,
  `created_at` timestamp NULL DEFAULT NULL,
  `updated_at` timestamp NULL DEFAULT NULL,
  `deleted_at` timestamp NULL DEFAULT NULL,
  PRIMARY KEY (`id`),
  KEY `bs_per_ddjjs_person_id_foreign` (`person_id`),
  CONSTRAINT `bs_per_ddjjs_person_id_foreign` FOREIGN KEY (`person_id`) REFERENCES `persons` (`id`)
) ENGINE=InnoDB DEFAULT CHARSET=utf8mb4 COLLATE=utf8mb4_unicode_ci;

--
-- Dumping data for table `bs_per_ddjjs`
--


--
-- Table structure for table `bs_pers_conceptos`
--

CREATE TABLE `bs_pers_conceptos` (
  `id` int(10) unsigned NOT NULL AUTO_INCREMENT,
  `nombre` varchar(191) COLLATE utf8mb4_unicode_ci NOT NULL,
  `status` tinyint(1) NOT NULL DEFAULT '1',
  `created_at` timestamp NULL DEFAULT NULL,
  `updated_at` timestamp NULL DEFAULT NULL,
  `deleted_at` timestamp NULL DEFAULT NULL,
  PRIMARY KEY (`id`)
) ENGINE=InnoDB AUTO_INCREMENT=12 DEFAULT CHARSET=utf8mb4 COLLATE=utf8mb4_unicode_ci;

--
-- Dumping data for table `bs_pers_conceptos`
--

INSERT INTO `bs_pers_conceptos` VALUES (1,'Inmuebles',1,'2019-11-19 21:09:50','2019-11-19 21:09:50',NULL),(2,'Derechos Reales',1,'2019-11-19 21:09:50','2019-11-19 21:09:50',NULL),(3,'Naves y Aeronaves',1,'2019-11-19 21:09:50','2019-11-19 21:09:50',NULL),(4,'Automotores y otros rodados',1,'2019-11-19 21:09:50','2019-11-19 21:09:50',NULL),(5,'Dinero y depósitos en dinero',1,'2019-11-19 21:09:50','2019-11-19 21:09:50',NULL),(6,'Títulos, acciones, cuotas o participaciones sociales y otros títulos valores',1,'2019-11-19 21:09:50','2019-11-19 21:09:50',NULL),(7,'Patrimonio de empresas o explotaciones unipersonales',1,'2019-11-19 21:09:50','2019-11-19 21:09:50',NULL),(8,'Créditos y debentures',1,'2019-11-19 21:09:50','2019-11-19 21:09:50',NULL),(9,'Derechos de propiedad científica, literaria o artística, marcas, patentes y sus licencias',1,'2019-11-19 21:09:50','2019-11-19 21:09:50',NULL),(10,'Otros Bienes (incluye semovientes, antigüedades, objetos de colección, objetos de arte, ...)',1,'2019-11-19 21:09:50','2019-11-19 21:09:50',NULL),(11,'Objetos Personales y del Hogar',1,'2019-11-19 21:09:50','2019-11-19 21:09:50',NULL);

--
-- Table structure for table `bs_pers_detail_anticipos`
--

CREATE TABLE `bs_pers_detail_anticipos` (
  `id` int(10) unsigned NOT NULL AUTO_INCREMENT,
  `bs_per_ddjj_id` int(10) unsigned NOT NULL,
  `person_id` int(10) unsigned NOT NULL,
  `ganan_concepto_anticipo_id` int(10) unsigned NOT NULL,
  `importe` decimal(16,2) NOT NULL DEFAULT '0.00',
  `created_at` timestamp NULL DEFAULT NULL,
  `updated_at` timestamp NULL DEFAULT NULL,
  `deleted_at` timestamp NULL DEFAULT NULL,
  PRIMARY KEY (`id`),
  KEY `bs_pers_detail_anticipos_bs_per_ddjj_id_foreign` (`bs_per_ddjj_id`),
  KEY `bs_pers_detail_anticipos_person_id_foreign` (`person_id`),
  KEY `bs_pers_detail_anticipos_ganan_concepto_anticipo_id_foreign` (`ganan_concepto_anticipo_id`),
  CONSTRAINT `bs_pers_detail_anticipos_bs_per_ddjj_id_foreign` FOREIGN KEY (`bs_per_ddjj_id`) REFERENCES `bs_per_ddjjs` (`id`),
  CONSTRAINT `bs_pers_detail_anticipos_ganan_concepto_anticipo_id_foreign` FOREIGN KEY (`ganan_concepto_anticipo_id`) REFERENCES `ganan_conceptos_anticipos` (`id`),
  CONSTRAINT `bs_pers_detail_anticipos_person_id_foreign` FOREIGN KEY (`person_id`) REFERENCES `persons` (`id`)
) ENGINE=InnoDB DEFAULT CHARSET=utf8mb4 COLLATE=utf8mb4_unicode_ci;

--
-- Dumping data for table `bs_pers_detail_anticipos`
--


--
-- Table structure for table `bs_pers_detail_bienes`
--

CREATE TABLE `bs_pers_detail_bienes` (
  `id` int(10) unsigned NOT NULL AUTO_INCREMENT,
  `bs_per_ddjj_id` int(10) unsigned NOT NULL,
  `person_id` int(10) unsigned NOT NULL,
  `bs_pers_concepto_id` int(10) unsigned NOT NULL,
  `concepto` varchar(191) COLLATE utf8mb4_unicode_ci DEFAULT NULL,
  `importe_gravado` decimal(16,2) NOT NULL DEFAULT '0.00',
  `importe_exento` decimal(16,2) NOT NULL DEFAULT '0.00',
  `comentario` varchar(191) COLLATE utf8mb4_unicode_ci DEFAULT NULL,
  `created_at` timestamp NULL DEFAULT NULL,
  `updated_at` timestamp NULL DEFAULT NULL,
  `deleted_at` timestamp NULL DEFAULT NULL,
  PRIMARY KEY (`id`),
  KEY `bs_pers_detail_bienes_bs_per_ddjj_id_foreign` (`bs_per_ddjj_id`),
  KEY `bs_pers_detail_bienes_person_id_foreign` (`person_id`),
  KEY `bs_pers_detail_bienes_bs_pers_concepto_id_foreign` (`bs_pers_concepto_id`),
  CONSTRAINT `bs_pers_detail_bienes_bs_per_ddjj_id_foreign` FOREIGN KEY (`bs_per_ddjj_id`) REFERENCES `bs_per_ddjjs` (`id`),
  CONSTRAINT `bs_pers_detail_bienes_bs_pers_concepto_id_foreign` FOREIGN KEY (`bs_pers_concepto_id`) REFERENCES `bs_pers_conceptos` (`id`),
  CONSTRAINT `bs_pers_detail_bienes_person_id_foreign` FOREIGN KEY (`person_id`) REFERENCES `persons` (`id`)
) ENGINE=InnoDB DEFAULT CHARSET=utf8mb4 COLLATE=utf8mb4_unicode_ci;

--
-- Dumping data for table `bs_pers_detail_bienes`
--


--
-- Table structure for table `calle`
--

CREATE TABLE `calle` (
  `id` int(10) unsigned NOT NULL AUTO_INCREMENT,
  `user_id` int(10) unsigned DEFAULT NULL,
  `localidad_id` int(10) unsigned NOT NULL,
  `descripcion` varchar(191) COLLATE utf8mb4_unicode_ci NOT NULL,
  `desdealt` int(10) unsigned DEFAULT NULL,
  `hastaalt` int(10) unsigned DEFAULT NULL,
  `codpostal` int(10) unsigned DEFAULT NULL,
  `habilitado` tinyint(1) NOT NULL DEFAULT '1',
  `created_at` timestamp NULL DEFAULT NULL,
  `updated_at` timestamp NULL DEFAULT NULL,
  `deleted_at` timestamp NULL DEFAULT NULL,
  PRIMARY KEY (`id`),
  KEY `calle_localidad_id_foreign` (`localidad_id`),
  CONSTRAINT `calle_localidad_id_foreign` FOREIGN KEY (`localidad_id`) REFERENCES `localidad` (`id`)
) ENGINE=InnoDB AUTO_INCREMENT=2 DEFAULT CHARSET=utf8mb4 COLLATE=utf8mb4_unicode_ci;

--
-- Dumping data for table `calle`
--

INSERT INTO `calle` VALUES (1,NULL,1,'Ramon Falcon',6800,7500,1408,1,'2020-05-28 20:55:23','2020-05-28 20:55:23',NULL);

--
-- Table structure for table `categorias_iibb`
--

CREATE TABLE `categorias_iibb` (
  `id` int(10) unsigned NOT NULL AUTO_INCREMENT,
  `categoria` varchar(255) COLLATE utf8mb4_unicode_ci DEFAULT NULL,
  `impuesto` decimal(16,2) DEFAULT NULL,
  `anual` decimal(16,2) DEFAULT NULL,
  `facAnual` decimal(16,2) DEFAULT NULL,
  `superficie` int(11) DEFAULT NULL,
  `energia` int(11) DEFAULT NULL,
  `comentario` varchar(255) COLLATE utf8mb4_unicode_ci DEFAULT NULL,
  `vigente` varchar(255) COLLATE utf8mb4_unicode_ci NOT NULL DEFAULT '1',
  `created_at` timestamp NULL DEFAULT NULL,
  `updated_at` timestamp NULL DEFAULT NULL,
  `deleted_at` timestamp NULL DEFAULT NULL,
  PRIMARY KEY (`id`)
) ENGINE=InnoDB AUTO_INCREMENT=9 DEFAULT CHARSET=utf8mb4 COLLATE=utf8mb4_unicode_ci;

--
-- Dumping data for table `categorias_iibb`
--

INSERT INTO `categorias_iibb` VALUES (1,'A',1850.00,11100.00,370000.00,30,3300,NULL,'1',NULL,'2022-10-23 23:44:24',NULL),(2,'B',2750.00,16500.00,550000.00,45,5000,NULL,'1',NULL,'2022-10-23 23:44:24',NULL),(3,'C',3850.00,23100.00,770000.00,60,6700,NULL,'1',NULL,'2022-10-23 23:44:24',NULL),(4,'D',5300.00,31800.00,1060000.00,85,10000,NULL,'1',NULL,'2022-10-23 23:44:24',NULL),(5,'E',7000.00,42000.00,1400000.00,110,13000,NULL,'1',NULL,'2022-10-23 23:44:24',NULL),(6,'F',8750.00,52500.00,1750000.00,150,16500,NULL,'1',NULL,'2022-10-23 23:44:24',NULL),(7,'G',10500.00,63000.00,2100000.00,200,20000,NULL,'1',NULL,'2022-10-23 23:44:24',NULL),(8,'H',13000.00,78000.00,2600000.00,200,20000,NULL,'1',NULL,'2022-10-23 23:44:24',NULL);

--
-- Table structure for table `categorias_monotributo`
--

CREATE TABLE `categorias_monotributo` (
  `id` int(10) unsigned NOT NULL AUTO_INCREMENT,
  `categoria` varchar(255) COLLATE utf8mb4_unicode_ci DEFAULT NULL,
  `facAnual` decimal(16,2) DEFAULT NULL,
  `facMensual` decimal(16,2) DEFAULT NULL,
  `actividad` varchar(255) COLLATE utf8mb4_unicode_ci DEFAULT NULL,
  `empleados` varchar(255) COLLATE utf8mb4_unicode_ci DEFAULT NULL,
  `superficie` int(11) DEFAULT NULL,
  `energia` int(11) DEFAULT NULL,
  `alquileres` decimal(16,2) DEFAULT NULL,
  `impuesto_servicio` decimal(16,2) DEFAULT NULL,
  `impuesto_venta` decimal(16,2) DEFAULT NULL,
  `sipa` decimal(16,2) DEFAULT NULL,
  `obraSocial` decimal(16,2) DEFAULT NULL,
  `totalServicio` decimal(16,2) DEFAULT NULL,
  `totalVenta` decimal(16,2) DEFAULT NULL,
  `comentario` varchar(255) COLLATE utf8mb4_unicode_ci DEFAULT NULL,
  `desde` date DEFAULT NULL,
  `hasta` date DEFAULT NULL,
  `vigente` varchar(255) COLLATE utf8mb4_unicode_ci NOT NULL DEFAULT '0',
  `created_at` timestamp NULL DEFAULT NULL,
  `updated_at` timestamp NULL DEFAULT NULL,
  `deleted_at` timestamp NULL DEFAULT NULL,
  PRIMARY KEY (`id`)
) ENGINE=InnoDB AUTO_INCREMENT=15 DEFAULT CHARSET=utf8mb4 COLLATE=utf8mb4_unicode_ci;

--
-- Dumping data for table `categorias_monotributo`
--

INSERT INTO `categorias_monotributo` VALUES (1,'A',999657.23,83304.77,'No Excluida','0',30,3330,230178.48,496.85,496.85,2192.15,3061.75,5750.75,5750.75,NULL,'2018-01-01',NULL,'1',NULL,NULL,NULL),(2,'B',1485976.96,123831.41,'No Excluida','0',45,5000,230178.48,957.27,957.27,2411.36,3061.75,6430.38,6430.38,NULL,'2018-01-01',NULL,'1',NULL,NULL,NULL),(3,'C',2080367.73,173363.98,'No Excluida','0',60,6700,460356.93,1636.83,1512.56,2652.52,3061.75,7351.10,7226.83,NULL,'2018-01-01',NULL,'1',NULL,NULL,NULL),(4,'D',2583720.42,215310.04,'No Excluida','0',85,10000,460356.93,2689.05,2484.46,2917.75,3638.26,9245.06,9040.47,NULL,'2018-01-01',NULL,'1',NULL,NULL,NULL),(5,'E',3042435.05,253536.25,'No Excluida','0',110,13000,573619.32,5115.04,3967.80,3209.55,4452.02,12776.61,11629.37,NULL,'2018-01-01',NULL,'1',NULL,NULL,NULL),(6,'F',3803043.82,316920.32,'No Excluida','0',150,16500,575446.12,7036.89,5180.81,3530.49,5145.02,15712.40,13856.32,NULL,'2018-01-01',NULL,'1',NULL,NULL,NULL),(7,'G',4563652.57,380304.38,'No Excluida','0',200,20000,690535.39,8951.39,6459.54,3883.53,5512.52,18347.44,15855.59,NULL,'2018-01-01',NULL,'1',NULL,NULL,NULL),(8,'H',5650236.51,470853.04,'No Excluida','0',200,20000,920713.84,20460.26,15856.76,4271.88,6615.02,31347.16,26743.66,NULL,'2018-01-01',NULL,'1',NULL,NULL,NULL),(9,'I',6323918.55,526993.21,'Venta de Bs Muebles','0',200,20000,920713.84,NULL,25575.36,4699.08,8190.03,NULL,38464.47,NULL,'2018-01-01',NULL,'1',NULL,NULL,NULL),(10,'J',7247514.92,603959.58,'Venta de Bs Muebles','0',200,20000,920713.84,NULL,30054.72,5169.03,9166.53,NULL,44390.28,NULL,'2018-01-01',NULL,'1',NULL,NULL,NULL),(11,'K',8040721.19,670060.10,'Venta de Bs Muebles','0',200,20000,920713.84,NULL,34526.76,5685.87,10505.29,NULL,50717.92,NULL,'2018-01-01',NULL,'1',NULL,NULL,NULL),(12,'Monotributo Social',748382.07,62365.17,'No Excluida','0',0,0,0.00,0.00,0.00,0.00,0.00,0.00,0.00,NULL,'2018-01-01',NULL,'1','2020-02-27 02:46:40','2020-02-27 02:46:40',NULL),(13,'A Exento',999657.23,83304.77,NULL,NULL,NULL,NULL,230178.48,0.00,0.00,2192.15,3061.75,5253.90,5253.90,'',NULL,NULL,'0',NULL,NULL,NULL),(14,'B Exento',1485976.96,123831.41,NULL,NULL,NULL,NULL,230178.48,0.00,0.00,2411.36,3061.75,5473.11,5473.11,'',NULL,NULL,'0',NULL,NULL,NULL);

--
-- Table structure for table `charlas_details`
--

CREATE TABLE `charlas_details` (
  `id` int(10) unsigned NOT NULL AUTO_INCREMENT,
  `user_id` int(10) unsigned DEFAULT NULL,
  `charla` longtext COLLATE utf8mb4_unicode_ci NOT NULL,
  `person_id` int(10) unsigned NOT NULL,
  `status` int(10) unsigned NOT NULL DEFAULT '1',
  `created_at` timestamp NULL DEFAULT NULL,
  `updated_at` timestamp NULL DEFAULT NULL,
  `deleted_at` timestamp NULL DEFAULT NULL,
  PRIMARY KEY (`id`),
  KEY `charlas_details_person_id_foreign` (`person_id`),
  CONSTRAINT `charlas_details_person_id_foreign` FOREIGN KEY (`person_id`) REFERENCES `persons` (`id`)
) ENGINE=InnoDB DEFAULT CHARSET=utf8mb4 COLLATE=utf8mb4_unicode_ci;

--
-- Dumping data for table `charlas_details`
--

DELIMITER ;;
/*!50003 CREATE*/ /*!50017 DEFINER=`forge`@`%`*/ /*!50003 TRIGGER `CharlaDetail_BD` BEFORE DELETE ON `charlas_details` FOR EACH ROW insert into back_up_charlas_details (charla,person_id,modificado)
values(old.charla,old.person_id,now()) */;;
DELIMITER ;

--
-- Table structure for table `claves`
--

CREATE TABLE `claves` (
  `id` int(10) unsigned NOT NULL AUTO_INCREMENT,
  `user_id` int(10) unsigned DEFAULT NULL,
  `name` varchar(255) COLLATE utf8mb4_unicode_ci NOT NULL,
  `created_at` timestamp NULL DEFAULT NULL,
  `updated_at` timestamp NULL DEFAULT NULL,
  `deleted_at` timestamp NULL DEFAULT NULL,
  PRIMARY KEY (`id`)
) ENGINE=InnoDB AUTO_INCREMENT=44 DEFAULT CHARSET=utf8mb4 COLLATE=utf8mb4_unicode_ci;

--
-- Dumping data for table `claves`
--

INSERT INTO `claves` VALUES (1,NULL,'Clave Fiscal',NULL,NULL,NULL),(2,NULL,'Clave Ciudad',NULL,NULL,NULL),(3,NULL,'Clave ARBA',NULL,NULL,NULL),(4,NULL,'Clave ANSES',NULL,NULL,NULL),(5,NULL,'Catedral',NULL,NULL,NULL),(6,NULL,'CEMIBA',NULL,NULL,NULL),(7,NULL,'COMPRA ARG',NULL,NULL,NULL),(8,NULL,'Consejo Ciencias Economicas',NULL,NULL,NULL),(9,NULL,'Correo',NULL,NULL,NULL),(10,NULL,'CUR',NULL,NULL,NULL),(11,NULL,'Firma Digital',NULL,NULL,NULL),(12,NULL,'Interbanking',NULL,NULL,NULL),(13,NULL,'Banco Citibank',NULL,NULL,NULL),(14,NULL,'Banco Ciudad',NULL,NULL,NULL),(15,NULL,'Banco Frances',NULL,NULL,NULL),(16,NULL,'Banco Galicia',NULL,NULL,NULL),(17,NULL,'Banco HSBC',NULL,NULL,NULL),(18,NULL,'Banco Itau',NULL,NULL,NULL),(19,NULL,'Banco Nacion',NULL,NULL,NULL),(20,NULL,'Banco Macro',NULL,NULL,NULL),(21,NULL,'Banco Patagonia',NULL,NULL,NULL),(22,NULL,'Banco Provincia',NULL,NULL,NULL),(23,NULL,'Banco Santander',NULL,NULL,NULL),(24,NULL,'Banco Supervielle',NULL,NULL,NULL),(25,NULL,'Seguridad e Higiene',NULL,NULL,NULL),(26,NULL,'Sindicato - ANSES',NULL,NULL,NULL),(27,NULL,'Sindicato - AOT',NULL,NULL,NULL),(28,NULL,'Sindicato - ATSA',NULL,NULL,NULL),(29,NULL,'Sindicato - Camioneros',NULL,NULL,NULL),(30,NULL,'Sindicato - Guinchero',NULL,NULL,NULL),(31,NULL,'Sindicato - IERIC',NULL,NULL,NULL),(32,NULL,'Sindicato - La Estrella',NULL,NULL,NULL),(33,NULL,'Sindicato - Nemesis',NULL,NULL,NULL),(34,NULL,'Sindicato - Pasta',NULL,NULL,NULL),(35,NULL,'Sindicato - SEC',NULL,NULL,NULL),(36,NULL,'Sindicato - SICOP',NULL,NULL,NULL),(37,NULL,'Sindicato - SOCAYA',NULL,NULL,NULL),(38,NULL,'Sindicato - UTHGRA',NULL,NULL,NULL),(39,NULL,'Sindicato - INACAP',NULL,NULL,NULL),(40,NULL,'Sindicato - Otro',NULL,NULL,NULL),(41,NULL,'Otra',NULL,NULL,NULL),(42,NULL,'Prisma - Firma Digital',NULL,NULL,NULL),(43,NULL,'Sindicato - FATSA',NULL,NULL,NULL);

--
-- Table structure for table `claves_details`
--

CREATE TABLE `claves_details` (
  `id` int(10) unsigned NOT NULL AUTO_INCREMENT,
  `user_id` int(10) unsigned DEFAULT NULL,
  `clave` varchar(255) COLLATE utf8mb4_unicode_ci DEFAULT NULL,
  `valor` varchar(255) COLLATE utf8mb4_unicode_ci NOT NULL,
  `comentario` varchar(255) COLLATE utf8mb4_unicode_ci DEFAULT NULL,
  `clave_id` int(10) unsigned NOT NULL,
  `person_id` int(10) unsigned NOT NULL,
  `status` int(10) unsigned NOT NULL DEFAULT '1',
  `created_at` timestamp NULL DEFAULT NULL,
  `updated_at` timestamp NULL DEFAULT NULL,
  `deleted_at` timestamp NULL DEFAULT NULL,
  PRIMARY KEY (`id`),
  KEY `claves_details_clave_id_foreign` (`clave_id`),
  KEY `claves_details_person_id_foreign` (`person_id`),
  CONSTRAINT `claves_details_clave_id_foreign` FOREIGN KEY (`clave_id`) REFERENCES `claves` (`id`),
  CONSTRAINT `claves_details_person_id_foreign` FOREIGN KEY (`person_id`) REFERENCES `persons` (`id`)
) ENGINE=InnoDB AUTO_INCREMENT=67 DEFAULT CHARSET=utf8mb4 COLLATE=utf8mb4_unicode_ci;

--
-- Dumping data for table `claves_details`
--

INSERT INTO `claves_details` VALUES (2,7255,NULL,'Defrancisco75712021',NULL,1,40734,1,'2022-06-17 00:03:20','2022-06-17 00:03:20',NULL),(5,7255,'fiscal','A8p4d2g1d02021',NULL,1,40741,1,'2022-06-17 01:21:41','2022-06-17 01:21:41',NULL),(24,7255,NULL,'Alpatem2022',NULL,1,41297,1,'2022-06-17 18:21:43','2022-06-17 18:21:43',NULL),(31,7255,NULL,'Alpatem2022',NULL,1,41296,1,'2022-06-17 19:10:54','2022-06-17 19:10:54',NULL),(32,7255,NULL,'501648',NULL,3,41296,1,'2022-06-17 19:10:54','2022-06-17 19:10:54',NULL),(33,7255,NULL,'Alpatem2022',NULL,2,41296,1,'2022-06-17 19:10:54','2022-06-17 19:10:54',NULL),(34,7255,NULL,'Turismoalb2021',NULL,1,41390,1,'2022-06-17 19:51:48','2022-06-17 19:51:48',NULL),(38,7255,NULL,'Afip0304072021',NULL,1,41398,1,'2022-06-17 20:05:23','2022-06-17 20:05:23',NULL),(41,7255,NULL,'Afip0304072021',NULL,1,41397,1,'2022-06-17 20:06:40','2022-06-17 20:06:40',NULL),(42,7255,NULL,'afIP5073002021',NULL,1,41399,1,'2022-06-17 20:10:16','2022-06-17 20:10:16',NULL),(43,7255,NULL,'afIP5073002021',NULL,1,41400,1,'2022-06-17 20:13:50','2022-06-17 20:13:50',NULL),(44,7255,NULL,'Rjorge31802022',NULL,1,41401,1,'2022-06-17 20:18:02','2022-06-17 20:18:02',NULL),(45,7255,NULL,'Clot_1342512021',NULL,1,41402,1,'2022-06-17 20:20:40','2022-06-17 20:20:40',NULL),(46,7255,NULL,'Alvesgil2022',NULL,1,41403,1,'2022-06-17 20:22:17','2022-06-17 20:22:17',NULL),(47,7255,NULL,'Rjorge31802022',NULL,1,41404,1,'2022-06-17 20:27:59','2022-06-17 20:27:59',NULL),(49,7255,NULL,'Cnet20202022',NULL,1,41406,1,'2022-06-17 20:35:15','2022-06-17 20:35:15',NULL),(50,7255,NULL,'Lourdes2021',NULL,1,41407,1,'2022-06-17 20:38:09','2022-06-17 20:38:09',NULL),(52,7255,NULL,'AE811KWfiat',NULL,1,41409,1,'2022-06-17 20:42:26','2022-06-17 20:42:26',NULL),(54,7255,NULL,'Mario220819552021',NULL,1,41444,1,'2022-06-17 21:14:18','2022-06-17 21:14:18',NULL),(59,7255,NULL,'Mario220819552021',NULL,1,41443,1,'2022-06-17 21:21:36','2022-06-17 21:21:36',NULL),(63,7255,NULL,'Turismoalb2021',NULL,1,41389,1,'2022-06-18 02:31:45','2022-06-18 02:31:45',NULL),(64,7255,NULL,'Claudia863612021',NULL,1,41408,1,'2022-06-29 19:03:41','2022-06-29 19:03:41',NULL),(66,7255,NULL,'Clot_1342512022',NULL,1,41405,1,'2022-07-20 20:41:34','2022-07-20 20:41:34',NULL);
DELIMITER ;;
/*!50003 CREATE*/ /*!50017 DEFINER=`forge`@`%`*/ /*!50003 TRIGGER `ClavesDetail_BD` BEFORE DELETE ON `claves_details` FOR EACH ROW insert into back_up_claves_details (clave,valor,comentario,clave_id,person_id,modificado)
values(old.clave,old.valor,old.comentario,old.clave_id,old.person_id,now()) */;;
DELIMITER ;

--
-- Table structure for table `claves_mails`
--

CREATE TABLE `claves_mails` (
  `id` int(10) unsigned NOT NULL AUTO_INCREMENT,
  `description` varchar(180) COLLATE utf8mb4_unicode_ci NOT NULL,
  `class` int(10) unsigned NOT NULL,
  `class_description` varchar(180) COLLATE utf8mb4_unicode_ci NOT NULL,
  `path` varchar(255) COLLATE utf8mb4_unicode_ci DEFAULT NULL,
  `created_at` timestamp NULL DEFAULT NULL,
  `updated_at` timestamp NULL DEFAULT NULL,
  PRIMARY KEY (`id`)
) ENGINE=InnoDB AUTO_INCREMENT=6 DEFAULT CHARSET=utf8mb4 COLLATE=utf8mb4_unicode_ci;

--
-- Dumping data for table `claves_mails`
--

INSERT INTO `claves_mails` VALUES (1,'Listado de Claves',1,'Claves','claves_mails/claves_listado',NULL,NULL),(3,'Listado de Mails',2,'Mails','claves_mails/mails_listado',NULL,NULL),(5,'Listado de Charlas',3,'Charlas','claves_mails/charlas_listado',NULL,NULL);

--
-- Table structure for table `cm_articulos_regimenes`
--

CREATE TABLE `cm_articulos_regimenes` (
  `id` int(10) unsigned NOT NULL AUTO_INCREMENT,
  `user_id` int(11) DEFAULT NULL,
  `descripcion` longtext COLLATE utf8mb4_unicode_ci,
  `codigo` int(11) DEFAULT NULL,
  `habilitado` tinyint(1) NOT NULL DEFAULT '0',
  `created_at` timestamp NULL DEFAULT NULL,
  `updated_at` timestamp NULL DEFAULT NULL,
  `deleted_at` timestamp NULL DEFAULT NULL,
  PRIMARY KEY (`id`)
) ENGINE=InnoDB AUTO_INCREMENT=11 DEFAULT CHARSET=utf8mb4 COLLATE=utf8mb4_unicode_ci;

--
-- Dumping data for table `cm_articulos_regimenes`
--

INSERT INTO `cm_articulos_regimenes` VALUES (1,NULL,'Articulo 2',2,1,'2022-05-19 10:12:16','2022-05-19 10:12:16',NULL),(2,NULL,'Articulo 6',6,0,'2022-05-19 10:12:16','2022-05-19 10:12:16',NULL),(3,NULL,'Articulo 7',7,0,'2022-05-19 10:12:16','2022-05-19 10:12:16',NULL),(4,NULL,'Articulo 8',8,0,'2022-05-19 10:12:16','2022-05-19 10:12:16',NULL),(5,NULL,'Articulo 9',9,0,'2022-05-19 10:12:16','2022-05-19 10:12:16',NULL),(6,NULL,'Articulo 10',10,0,'2022-05-19 10:12:16','2022-05-19 10:12:16',NULL),(7,NULL,'Articulo 11',11,0,'2022-05-19 10:12:16','2022-05-19 10:12:16',NULL),(8,NULL,'Articulo 12',12,0,'2022-05-19 10:12:16','2022-05-19 10:12:16',NULL),(9,NULL,'Articulo 13',13,0,'2022-05-19 10:12:16','2022-05-19 10:12:16',NULL),(10,NULL,'Articulo 14',14,1,'2022-05-19 10:12:16','2022-05-19 10:12:16',NULL);

--
-- Table structure for table `condicion_frente_al_iva`
--

CREATE TABLE `condicion_frente_al_iva` (
  `id` int(10) unsigned NOT NULL AUTO_INCREMENT,
  `user_id` int(10) unsigned DEFAULT NULL,
  `codigo_afip` int(11) DEFAULT NULL,
  `descripcion` text COLLATE utf8mb4_unicode_ci NOT NULL,
  `show_comprobantes_a` tinyint(1) NOT NULL DEFAULT '0',
  `show_comprobantes_b` tinyint(1) NOT NULL DEFAULT '0',
  `habilitado` tinyint(1) NOT NULL DEFAULT '1',
  `created_at` timestamp NULL DEFAULT NULL,
  `updated_at` timestamp NULL DEFAULT NULL,
  `deleted_at` timestamp NULL DEFAULT NULL,
  PRIMARY KEY (`id`)
) ENGINE=InnoDB AUTO_INCREMENT=17 DEFAULT CHARSET=utf8mb4 COLLATE=utf8mb4_unicode_ci;

--
-- Dumping data for table `condicion_frente_al_iva`
--

INSERT INTO `condicion_frente_al_iva` VALUES (1,NULL,1,'IVA Responsable Inscripto',1,0,1,NULL,NULL,NULL),(2,NULL,2,'IVA Responsable no Inscripto',0,0,1,NULL,NULL,NULL),(3,NULL,3,'IVA no Responsable',0,0,1,NULL,NULL,NULL),(4,NULL,4,'IVA Sujeto Exento',0,1,1,NULL,NULL,NULL),(5,NULL,5,'Consumidor Final',0,1,1,NULL,NULL,NULL),(6,NULL,6,'Responsable Monotributo',1,0,1,NULL,NULL,NULL),(7,NULL,7,'Sujeto no Categorizado',0,1,1,NULL,NULL,NULL),(8,NULL,8,'Proveedor del Exterior',0,1,1,NULL,NULL,NULL),(9,NULL,9,'Cliente del Exterior',0,1,1,NULL,NULL,NULL),(10,NULL,10,'IVA Liberado – Ley Nº 19.640',0,1,1,NULL,NULL,NULL),(11,NULL,11,'IVA Responsable Inscripto – Agente de Percepción',0,0,1,NULL,NULL,NULL),(12,NULL,12,'Pequeño Contribuyente Eventual',0,0,1,NULL,NULL,NULL),(13,NULL,13,'Monotributista Social',1,0,1,NULL,NULL,NULL),(14,NULL,14,'Pequeño Contribuyente Eventual Social',0,0,1,NULL,NULL,NULL),(15,NULL,NULL,'Monotributista Trabajador Independiente Promovido',1,0,1,NULL,NULL,NULL),(16,NULL,NULL,'IVA No Alcanzado',0,1,1,NULL,NULL,NULL);

--
-- Table structure for table `condiciones_venta`
--

CREATE TABLE `condiciones_venta` (
  `id` int(10) unsigned NOT NULL AUTO_INCREMENT,
  `descripcion` varchar(100) COLLATE utf8mb4_unicode_ci NOT NULL,
  `created_at` timestamp NULL DEFAULT NULL,
  `updated_at` timestamp NULL DEFAULT NULL,
  PRIMARY KEY (`id`)
) ENGINE=InnoDB AUTO_INCREMENT=9 DEFAULT CHARSET=utf8mb4 COLLATE=utf8mb4_unicode_ci;

--
-- Dumping data for table `condiciones_venta`
--

INSERT INTO `condiciones_venta` VALUES (1,'Contado',NULL,NULL),(2,'Tarjeta de Debito',NULL,NULL),(3,'Tarjeta de Credito',NULL,NULL),(4,'Cuenta Corriente',NULL,NULL),(5,'Cheque',NULL,NULL),(6,'Ticket',NULL,NULL),(7,'Transferencia',NULL,NULL),(8,'Otra',NULL,NULL);

--
-- Table structure for table `consultas`
--

CREATE TABLE `consultas` (
  `id` int(10) unsigned NOT NULL AUTO_INCREMENT,
  `user_id` int(11) DEFAULT NULL,
  `descripcion` varchar(191) COLLATE utf8mb4_unicode_ci DEFAULT NULL,
  `habilitado` tinyint(1) NOT NULL DEFAULT '1',
  `created_at` timestamp NULL DEFAULT NULL,
  `updated_at` timestamp NULL DEFAULT NULL,
  `deleted_at` timestamp NULL DEFAULT NULL,
  PRIMARY KEY (`id`)
) ENGINE=InnoDB AUTO_INCREMENT=3 DEFAULT CHARSET=utf8mb4 COLLATE=utf8mb4_unicode_ci;

--
-- Dumping data for table `consultas`
--

INSERT INTO `consultas` VALUES (1,NULL,'Estado Liquidaciones',1,NULL,NULL,NULL),(2,NULL,'Consumo',1,NULL,NULL,NULL);

--
-- Table structure for table `consultas_aux`
--

CREATE TABLE `consultas_aux` (
  `id` int(10) unsigned NOT NULL AUTO_INCREMENT,
  `user_id` int(11) DEFAULT NULL,
  `consulta_id` int(10) unsigned NOT NULL,
  `person_id` int(10) unsigned DEFAULT NULL,
  `descripcion` longtext COLLATE utf8mb4_unicode_ci,
  `estado` tinyint(1) NOT NULL DEFAULT '0',
  `created_at` timestamp NULL DEFAULT NULL,
  `updated_at` timestamp NULL DEFAULT NULL,
  `deleted_at` timestamp NULL DEFAULT NULL,
  PRIMARY KEY (`id`),
  KEY `consultas_aux_consulta_id_foreign` (`consulta_id`),
  KEY `consultas_aux_person_id_foreign` (`person_id`),
  CONSTRAINT `consultas_aux_consulta_id_foreign` FOREIGN KEY (`consulta_id`) REFERENCES `consultas` (`id`),
  CONSTRAINT `consultas_aux_person_id_foreign` FOREIGN KEY (`person_id`) REFERENCES `persons` (`id`)
) ENGINE=InnoDB AUTO_INCREMENT=2 DEFAULT CHARSET=utf8mb4 COLLATE=utf8mb4_unicode_ci;

--
-- Dumping data for table `consultas_aux`
--

INSERT INTO `consultas_aux` VALUES (1,NULL,1,NULL,'[{\"id\":40734,\"user_id\":7255,\"field_name1\":\"DEFRANCISCO JORGE\",\"field_name2\":null,\"document_type\":\"cuit\",\"document\":\"20-17392478-0\",\"cond_frente_al_iva_id\":null,\"country_id\":null,\"state_id\":null,\"zone_id\":null,\"plan_cuenta_id\":null,\"iva_creditos_tipo_id\":null,\"created_at\":\"2022-06-17T02:25:25.000000Z\",\"updated_at\":\"2022-06-17T02:25:25.000000Z\",\"activity_id\":null,\"address\":null,\"person_type_id\":1,\"fa_iva_condition_id\":null,\"fa_codigo_postal\":null,\"email\":null,\"deleted_at\":null,\"status_liq_iibb\":\"Pendiente\",\"estado\":\"INCOMPLETO\",\"otros\":\"\",\"configuration\":[{\"id\":17,\"user_id\":7255,\"person_id\":40734,\"period_id\":null,\"zone_id\":null,\"settle_calc_by_coef\":0,\"created_at\":\"2022-06-17T02:25:25.000000Z\",\"updated_at\":\"2022-06-17T03:03:20.000000Z\",\"active\":2,\"enviarMail\":1,\"honorario\":\"0.00\",\"cta_cte_tesoreria_cuenta_id\":null,\"month_close\":12,\"iva_condition_id\":2,\"obligation_sell\":0,\"obligation_buy\":0,\"obligation_iva\":0,\"obligation_electronic_receipt\":0,\"obligation_iibb\":3,\"obligation_other_taxes\":null,\"liquidation_start_period\":\"2022-05\",\"obligation_salaries\":0,\"empleada_domestica\":0,\"prorratear_iva\":0,\"is_itc\":0,\"priority_order\":1,\"person_id_administrador\":40734,\"person_id_titular\":40734,\"logo_path\":null,\"certificado_afip_path\":null,\"llave_afip_path\":null,\"access_electronic_receipt\":0,\"ruta_logo_fa\":null,\"inicio_actividades\":\"2022-06-16T03:00:00.000000Z\",\"iibb\":null,\"fe_leyenda\":null,\"atencion_iva\":0,\"atencion_iva_comentario\":null,\"atencion_iibb\":0,\"atencion_iibb_comentario\":null,\"deleted_at\":null}],\"liquidador\":null,\"periods\":[{\"id\":22728,\"user_id\":null,\"code\":\"2022-05\",\"year\":2022,\"period_number\":5,\"date_from\":\"2022-05-01\",\"date_to\":\"2022-05-31\",\"created_at\":null,\"updated_at\":null,\"person_id\":40734,\"conta_status\":0,\"deleted_at\":null,\"syj_periods_status_id\":1,\"syj_sin_asiento\":0,\"syj_asiento_modificado\":0,\"syj_periods_status_emp_dom_id\":1,\"syj_periods_status_emp_dom\":{\"id\":1,\"user_id\":null,\"descripcion\":\"Sin Usar\",\"habilitado\":1,\"created_at\":null,\"updated_at\":null,\"deleted_at\":null},\"syj_periods_status\":{\"id\":1,\"user_id\":null,\"descripcion\":\"Sin Usar\",\"habilitado\":1,\"created_at\":null,\"updated_at\":null,\"deleted_at\":null}}]},{\"id\":40741,\"user_id\":7255,\"field_name1\":\"MARCELLINO GABRIELA\",\"field_name2\":null,\"document_type\":\"cuit\",\"document\":\"27-26010815-3\",\"cond_frente_al_iva_id\":null,\"country_id\":null,\"state_id\":null,\"zone_id\":null,\"plan_cuenta_id\":null,\"iva_creditos_tipo_id\":null,\"created_at\":\"2022-06-17T03:06:09.000000Z\",\"updated_at\":\"2022-06-17T03:06:09.000000Z\",\"activity_id\":null,\"address\":null,\"person_type_id\":1,\"fa_iva_condition_id\":null,\"fa_codigo_postal\":null,\"email\":null,\"deleted_at\":null,\"status_liq_iibb\":\"Pendiente\",\"estado\":\"INCOMPLETO\",\"otros\":\"\",\"configuration\":[{\"id\":24,\"user_id\":7255,\"person_id\":40741,\"period_id\":null,\"zone_id\":null,\"settle_calc_by_coef\":0,\"created_at\":\"2022-06-17T03:06:10.000000Z\",\"updated_at\":\"2022-06-17T03:06:53.000000Z\",\"active\":2,\"enviarMail\":1,\"honorario\":\"0.00\",\"cta_cte_tesoreria_cuenta_id\":null,\"month_close\":12,\"iva_condition_id\":2,\"obligation_sell\":0,\"obligation_buy\":0,\"obligation_iva\":0,\"obligation_electronic_receipt\":0,\"obligation_iibb\":4,\"obligation_other_taxes\":null,\"liquidation_start_period\":\"2022-05\",\"obligation_salaries\":0,\"empleada_domestica\":0,\"prorratear_iva\":0,\"is_itc\":0,\"priority_order\":1,\"person_id_administrador\":40741,\"person_id_titular\":40741,\"logo_path\":null,\"certificado_afip_path\":null,\"llave_afip_path\":null,\"access_electronic_receipt\":0,\"ruta_logo_fa\":null,\"inicio_actividades\":\"2012-02-01T03:00:00.000000Z\",\"iibb\":\"27260108153\",\"fe_leyenda\":null,\"atencion_iva\":0,\"atencion_iva_comentario\":null,\"atencion_iibb\":0,\"atencion_iibb_comentario\":null,\"deleted_at\":null}],\"liquidador\":null,\"periods\":[{\"id\":33333,\"user_id\":null,\"code\":\"2022-05\",\"year\":2022,\"period_number\":5,\"date_from\":\"2022-05-01\",\"date_to\":\"2022-05-31\",\"created_at\":null,\"updated_at\":null,\"person_id\":40741,\"conta_status\":0,\"deleted_at\":null,\"syj_periods_status_id\":1,\"syj_sin_asiento\":0,\"syj_asiento_modificado\":0,\"syj_periods_status_emp_dom_id\":1,\"syj_periods_status_emp_dom\":{\"id\":1,\"user_id\":null,\"descripcion\":\"Sin Usar\",\"habilitado\":1,\"created_at\":null,\"updated_at\":null,\"deleted_at\":null},\"syj_periods_status\":{\"id\":1,\"user_id\":null,\"descripcion\":\"Sin Usar\",\"habilitado\":1,\"created_at\":null,\"updated_at\":null,\"deleted_at\":null}}]}]',1,'2022-06-17 00:23:37','2022-06-17 00:23:39',NULL);

--
-- Table structure for table `conta_asientos`
--

CREATE TABLE `conta_asientos` (
  `id` int(10) unsigned NOT NULL AUTO_INCREMENT,
  `user_id` int(10) unsigned DEFAULT NULL,
  `person_id` int(10) unsigned DEFAULT NULL,
  `period_id` int(10) unsigned DEFAULT NULL,
  `tipo_asiento_id` int(10) unsigned NOT NULL,
  `debe_cta_cte_tesoreria_cuenta_id` int(10) unsigned DEFAULT NULL,
  `haber_cta_cte_tesoreria_cuenta_id` int(10) unsigned DEFAULT NULL,
  `ctactecheque_id` int(10) unsigned DEFAULT NULL,
  `num_asiento` int(11) DEFAULT NULL,
  `fecha_registracion` date DEFAULT NULL,
  `fecha_vencimiento` date DEFAULT NULL,
  `total` decimal(16,2) NOT NULL,
  `adjunto` text COLLATE utf8mb4_unicode_ci,
  `comentario` varchar(255) COLLATE utf8mb4_unicode_ci DEFAULT NULL,
  `radioChecked` int(11) DEFAULT NULL,
  `status` int(11) NOT NULL DEFAULT '1',
  `CuentaTipo_id` int(10) unsigned DEFAULT NULL,
  `CentroCosto_id` int(10) unsigned DEFAULT NULL,
  `pagado` int(10) unsigned DEFAULT NULL,
  `created_at` timestamp NULL DEFAULT NULL,
  `updated_at` timestamp NULL DEFAULT NULL,
  `deleted_at` timestamp NULL DEFAULT NULL,
  PRIMARY KEY (`id`),
  KEY `conta_asientos_person_id_foreign` (`person_id`),
  KEY `conta_asientos_period_id_foreign` (`period_id`),
  KEY `conta_asientos_tipo_asiento_id_foreign` (`tipo_asiento_id`),
  KEY `conta_asientos_cuentatipo_id_foreign` (`CuentaTipo_id`),
  KEY `conta_asientos_centrocosto_id_foreign` (`CentroCosto_id`),
  KEY `conta_asientos_ctactecheque_id_foreign` (`ctactecheque_id`),
  KEY `conta_asientos_haber_cta_cte_tesoreria_cuenta_id_foreign` (`haber_cta_cte_tesoreria_cuenta_id`),
  KEY `conta_asientos_debe_cta_cte_tesoreria_cuenta_id_foreign` (`debe_cta_cte_tesoreria_cuenta_id`),
  CONSTRAINT `conta_asientos_centrocosto_id_foreign` FOREIGN KEY (`CentroCosto_id`) REFERENCES `ctactegastos_centrocosto` (`id`),
  CONSTRAINT `conta_asientos_ctactecheque_id_foreign` FOREIGN KEY (`ctactecheque_id`) REFERENCES `ctacte_cheques` (`id`),
  CONSTRAINT `conta_asientos_cuentatipo_id_foreign` FOREIGN KEY (`CuentaTipo_id`) REFERENCES `ctactegastos_cuenta_tipo` (`idCuentaTipo`),
  CONSTRAINT `conta_asientos_debe_cta_cte_tesoreria_cuenta_id_foreign` FOREIGN KEY (`debe_cta_cte_tesoreria_cuenta_id`) REFERENCES `cta_cte_tesoreria_cuentas` (`id`),
  CONSTRAINT `conta_asientos_haber_cta_cte_tesoreria_cuenta_id_foreign` FOREIGN KEY (`haber_cta_cte_tesoreria_cuenta_id`) REFERENCES `cta_cte_tesoreria_cuentas` (`id`),
  CONSTRAINT `conta_asientos_period_id_foreign` FOREIGN KEY (`period_id`) REFERENCES `periods` (`id`),
  CONSTRAINT `conta_asientos_person_id_foreign` FOREIGN KEY (`person_id`) REFERENCES `persons` (`id`),
  CONSTRAINT `conta_asientos_tipo_asiento_id_foreign` FOREIGN KEY (`tipo_asiento_id`) REFERENCES `conta_tipo_asientos` (`id`)
) ENGINE=InnoDB DEFAULT CHARSET=utf8mb4 COLLATE=utf8mb4_unicode_ci;

--
-- Dumping data for table `conta_asientos`
--


--
-- Table structure for table `conta_asientos_details`
--

CREATE TABLE `conta_asientos_details` (
  `id` int(10) unsigned NOT NULL AUTO_INCREMENT,
  `user_id` int(10) unsigned DEFAULT NULL,
  `conta_asiento_id` int(10) unsigned NOT NULL,
  `person_id` int(10) unsigned DEFAULT NULL,
  `period_id` int(10) unsigned DEFAULT NULL,
  `tipo_asiento_id` int(10) unsigned NOT NULL,
  `cta_cte_tesoreria_cuenta_id` int(10) unsigned DEFAULT NULL,
  `saldo_id` int(10) unsigned NOT NULL,
  `monto` decimal(16,2) NOT NULL,
  `created_at` timestamp NULL DEFAULT NULL,
  `updated_at` timestamp NULL DEFAULT NULL,
  `deleted_at` timestamp NULL DEFAULT NULL,
  PRIMARY KEY (`id`),
  KEY `conta_asientos_details_conta_asiento_id_foreign` (`conta_asiento_id`),
  KEY `conta_asientos_details_person_id_foreign` (`person_id`),
  KEY `conta_asientos_details_period_id_foreign` (`period_id`),
  KEY `conta_asientos_details_tipo_asiento_id_foreign` (`tipo_asiento_id`),
  KEY `conta_asientos_details_saldo_id_foreign` (`saldo_id`),
  KEY `conta_asientos_details_cta_cte_tesoreria_cuenta_id_foreign` (`cta_cte_tesoreria_cuenta_id`),
  CONSTRAINT `conta_asientos_details_conta_asiento_id_foreign` FOREIGN KEY (`conta_asiento_id`) REFERENCES `conta_asientos` (`id`),
  CONSTRAINT `conta_asientos_details_cta_cte_tesoreria_cuenta_id_foreign` FOREIGN KEY (`cta_cte_tesoreria_cuenta_id`) REFERENCES `cta_cte_tesoreria_cuentas` (`id`),
  CONSTRAINT `conta_asientos_details_period_id_foreign` FOREIGN KEY (`period_id`) REFERENCES `periods` (`id`),
  CONSTRAINT `conta_asientos_details_person_id_foreign` FOREIGN KEY (`person_id`) REFERENCES `persons` (`id`),
  CONSTRAINT `conta_asientos_details_saldo_id_foreign` FOREIGN KEY (`saldo_id`) REFERENCES `conta_tipo_saldos` (`id`),
  CONSTRAINT `conta_asientos_details_tipo_asiento_id_foreign` FOREIGN KEY (`tipo_asiento_id`) REFERENCES `conta_tipo_asientos` (`id`)
) ENGINE=InnoDB DEFAULT CHARSET=utf8mb4 COLLATE=utf8mb4_unicode_ci;

--
-- Dumping data for table `conta_asientos_details`
--


--
-- Table structure for table `conta_centro_costo_plan_cuenta`
--

CREATE TABLE `conta_centro_costo_plan_cuenta` (
  `id` bigint(20) unsigned NOT NULL AUTO_INCREMENT,
  `user_id` int(10) unsigned DEFAULT NULL,
  `conta_centro_costo_id` bigint(20) unsigned DEFAULT NULL,
  `conta_plan_cuenta_id` int(10) unsigned NOT NULL,
  `created_at` timestamp NULL DEFAULT NULL,
  `updated_at` timestamp NULL DEFAULT NULL,
  `deleted_at` timestamp NULL DEFAULT NULL,
  PRIMARY KEY (`id`),
  KEY `conta_centro_costo_plan_cuenta_conta_centro_costo_id_foreign` (`conta_centro_costo_id`),
  KEY `conta_centro_costo_plan_cuenta_conta_plan_cuenta_id_foreign` (`conta_plan_cuenta_id`),
  CONSTRAINT `conta_centro_costo_plan_cuenta_conta_centro_costo_id_foreign` FOREIGN KEY (`conta_centro_costo_id`) REFERENCES `conta_centro_costos` (`id`),
  CONSTRAINT `conta_centro_costo_plan_cuenta_conta_plan_cuenta_id_foreign` FOREIGN KEY (`conta_plan_cuenta_id`) REFERENCES `conta_plan_cuenta` (`id`)
) ENGINE=InnoDB DEFAULT CHARSET=utf8mb4 COLLATE=utf8mb4_unicode_ci;

--
-- Dumping data for table `conta_centro_costo_plan_cuenta`
--


--
-- Table structure for table `conta_centro_costos`
--

CREATE TABLE `conta_centro_costos` (
  `id` bigint(20) unsigned NOT NULL AUTO_INCREMENT,
  `user_id` int(10) unsigned DEFAULT NULL,
  `person_id` int(10) unsigned NOT NULL,
  `descripcion` text COLLATE utf8mb4_unicode_ci NOT NULL,
  `habilitado` tinyint(1) NOT NULL DEFAULT '1',
  `created_at` timestamp NULL DEFAULT NULL,
  `updated_at` timestamp NULL DEFAULT NULL,
  `deleted_at` timestamp NULL DEFAULT NULL,
  PRIMARY KEY (`id`),
  KEY `conta_centro_costos_person_id_foreign` (`person_id`),
  CONSTRAINT `conta_centro_costos_person_id_foreign` FOREIGN KEY (`person_id`) REFERENCES `persons` (`id`)
) ENGINE=InnoDB DEFAULT CHARSET=utf8mb4 COLLATE=utf8mb4_unicode_ci;

--
-- Dumping data for table `conta_centro_costos`
--


--
-- Table structure for table `conta_plan_cuenta`
--

CREATE TABLE `conta_plan_cuenta` (
  `id` int(10) unsigned NOT NULL AUTO_INCREMENT,
  `user_id` int(10) unsigned DEFAULT NULL,
  `codigo` int(11) NOT NULL,
  `tipo_cuenta_id` int(10) unsigned NOT NULL,
  `saldo_id` int(10) unsigned NOT NULL,
  `padre` int(11) NOT NULL,
  `nombre` varchar(255) COLLATE utf8mb4_unicode_ci NOT NULL,
  `rubro` varchar(255) COLLATE utf8mb4_unicode_ci DEFAULT NULL,
  `comentario` varchar(255) COLLATE utf8mb4_unicode_ci DEFAULT NULL,
  `status` int(10) unsigned NOT NULL DEFAULT '1',
  `no_editable` int(11) NOT NULL DEFAULT '1',
  `tes_cta_cte` tinyint(1) NOT NULL DEFAULT '0',
  `tes_cuenta_origen` tinyint(1) NOT NULL DEFAULT '0',
  `tes_cuenta_destino` tinyint(1) NOT NULL DEFAULT '0',
  `conta_asientos` tinyint(1) NOT NULL DEFAULT '0',
  `deleted_at` timestamp NULL DEFAULT NULL,
  PRIMARY KEY (`id`),
  KEY `conta_plan_cuenta_tipo_cuenta_id_foreign` (`tipo_cuenta_id`),
  KEY `conta_plan_cuenta_saldo_id_foreign` (`saldo_id`),
  CONSTRAINT `conta_plan_cuenta_saldo_id_foreign` FOREIGN KEY (`saldo_id`) REFERENCES `conta_tipo_saldos` (`id`),
  CONSTRAINT `conta_plan_cuenta_tipo_cuenta_id_foreign` FOREIGN KEY (`tipo_cuenta_id`) REFERENCES `conta_tipo_cuentas` (`id`)
) ENGINE=InnoDB AUTO_INCREMENT=482 DEFAULT CHARSET=utf8mb4 COLLATE=utf8mb4_unicode_ci;

--
-- Dumping data for table `conta_plan_cuenta`
--

INSERT INTO `conta_plan_cuenta` VALUES (1,NULL,1000000,1,1,0,'ACTIVO','Activo',NULL,1,1,0,0,0,0,NULL),(2,NULL,1100000,2,1,1000000,'ACTIVO CORRIENTE','Activo',NULL,1,1,0,0,0,0,NULL),(3,NULL,1110000,3,1,1100000,'CAJA Y BANCOS','Activo',NULL,1,1,0,0,0,0,NULL),(4,NULL,1110100,4,1,1110000,'CAJAS','Activo',NULL,1,1,0,0,0,0,NULL),(5,NULL,1110101,5,1,1110100,'Caja Oficina','Activo',NULL,0,1,0,0,0,0,NULL),(6,NULL,1110102,5,1,1110100,'Caja Casa','Activo',NULL,0,1,0,0,0,0,NULL),(7,NULL,1110103,5,1,1110100,'Caja Dolares Casa','Activo',NULL,0,1,0,0,0,0,NULL),(8,NULL,1110104,5,1,1110100,'Banco Santander 015-372795/5','Activo',NULL,0,1,0,0,0,0,'2020-12-31 13:34:22'),(9,NULL,1110200,4,1,1110000,'BANCOS','Activo',NULL,1,1,0,0,0,0,NULL),(10,NULL,1110201,5,1,1110200,'Banco Santander Rio Cta Corriente','Activo',NULL,1,2,1,1,1,0,'2020-12-31 13:34:22'),(11,NULL,1110202,5,1,1110200,'Banco Santander Rio Cta Corriente DOLARES','Activo',NULL,1,2,1,1,1,0,'2020-12-31 13:34:22'),(12,NULL,1130000,3,1,1100000,'CREDITOS POR VENTAS','Activo',NULL,1,1,0,0,0,0,NULL),(13,NULL,1130101,5,1,1130100,'Clientes - Deudores','Activo',NULL,1,2,0,0,0,1,NULL),(14,NULL,1130102,5,1,1130100,'Deudores por ventas comunes','Activo',NULL,1,1,0,0,0,1,NULL),(15,NULL,1130103,5,1,1130100,'Deudores por ventas morosos','Activo',NULL,1,1,0,0,0,1,NULL),(16,NULL,1130104,5,1,1130100,'Deudores en gestión judicial','Activo',NULL,1,1,0,0,0,1,NULL),(17,NULL,1130105,5,1,1130100,'Previsión deudores incobrables','Activo',NULL,1,1,0,0,0,1,NULL),(18,NULL,1140000,3,1,1100000,'OTROS CREDITOS','Activo',NULL,1,1,0,0,0,0,NULL),(19,NULL,1140100,4,1,1140000,'Retenciones Sufridas','Activo',NULL,1,1,0,0,0,0,NULL),(20,NULL,1140301,5,1,1140300,'Anticipos Impuesto a las Ganancias','Activo',NULL,1,2,0,0,1,1,NULL),(21,NULL,1140102,5,1,1140100,'Retenciones Ingr. Brutos','Activo',NULL,0,1,0,0,0,0,NULL),(22,NULL,1140329,5,1,1140300,'Anticipo Impto.Ganancia Mínima Presunta','Activo',NULL,1,1,0,0,0,1,NULL),(23,NULL,1140105,5,1,1140100,'Retenciones Impuesto a las Ganancias','Activo',NULL,1,2,1,0,0,1,NULL),(24,NULL,1140106,5,1,1140100,'Impuesto a las Ganancias (Saldo a favor)','Activo',NULL,1,1,0,0,0,1,NULL),(25,NULL,1140107,5,1,1140100,'Retenciones de IVA','Activo',NULL,1,2,1,0,0,1,NULL),(26,NULL,1140200,4,1,1140000,'CREDITOS DIVERSOS','Activo',NULL,1,1,0,0,0,0,NULL),(27,NULL,1140201,5,1,1140200,'Anticipos de proveedores','Activo',NULL,1,1,0,0,0,1,NULL),(28,NULL,1140205,5,1,1140200,'Depósito en garantía alquileres','Activo',NULL,1,1,0,0,0,1,NULL),(29,NULL,1140206,5,1,1140200,'Derechos adquiridos a devengar','Activo',NULL,1,1,0,0,0,1,NULL),(30,NULL,1140207,5,1,1140200,'Intereses a devengar','Activo',NULL,1,1,0,0,0,1,NULL),(31,NULL,1140208,5,1,1140200,'Cuentas a rendir - Directores','Activo',NULL,1,1,0,0,0,1,NULL),(32,NULL,1140210,5,1,1140200,'Alquileres no devengados','Activo',NULL,1,1,0,0,0,1,NULL),(33,NULL,1150000,3,1,1100000,'BIENES DE CAMBIO','Activo',NULL,1,1,0,0,0,0,NULL),(34,NULL,1150400,4,1,1150000,'MERCADERIA DE REVENTA','Activo',NULL,1,1,0,0,0,0,NULL),(35,NULL,1200000,2,1,1000000,'ACTIVO NO CORRIENTE','Activo',NULL,1,1,0,0,0,0,NULL),(36,NULL,1220000,3,1,1200000,'BIENES DE USO','Activo',NULL,1,1,0,0,0,0,NULL),(37,NULL,1220100,4,1,1220000,'EQUIPOS DE COMPUTACION','Activo',NULL,1,1,0,0,0,0,NULL),(38,NULL,1220101,5,1,1220100,'Equipos de computación valores históricos','Activo',NULL,1,1,0,0,0,1,NULL),(39,NULL,1220102,5,1,1220100,'Equipos de computación ajuste','Activo',NULL,1,1,0,0,0,1,NULL),(40,NULL,1220108,5,1,1220100,'Amortización Acumulada Equipos de comput.','Activo',NULL,1,1,0,0,0,1,'2020-12-31 13:34:22'),(41,NULL,1220200,4,1,1220000,'INSTALACIONES','Activo',NULL,1,1,0,0,0,0,NULL),(42,NULL,1220201,5,1,1220200,'Instalaciones valores históricos','Activo',NULL,1,1,0,0,0,1,NULL),(43,NULL,1220202,5,1,1220200,'Instalaciones ajuste','Activo',NULL,1,1,0,0,0,1,NULL),(44,NULL,1220206,5,1,1220200,'Amortización Acumulada Instalaciones','Activo',NULL,1,1,0,0,0,1,NULL),(45,NULL,1220300,4,1,1220000,'MUEBLES Y UTILES','Activo',NULL,1,1,0,0,0,0,NULL);
INSERT INTO `conta_plan_cuenta` VALUES (46,NULL,1220301,5,1,1220300,'Muebles y utiles valores históricos','Activo',NULL,1,1,0,0,0,1,NULL),(47,NULL,1220302,5,1,1220300,'Muebles y utiles ajuste','Activo',NULL,1,1,0,0,0,1,NULL),(48,NULL,1220306,5,1,1220300,'Amortización Acumulada Muebles y Útiles','Activo',NULL,1,1,0,0,0,1,NULL),(49,NULL,1230000,3,1,1200000,'ACTIVOS INTANGIBLES','Activo',NULL,1,1,0,0,0,0,NULL),(50,NULL,1230101,5,1,1230100,'Gastos de organización valores historicos','Activo',NULL,1,1,0,0,0,1,NULL),(51,NULL,1230102,5,1,1230100,'Gastos de organización ajuste','Activo',NULL,1,1,0,0,0,1,NULL),(52,NULL,1230103,5,1,1230100,'Amortización acumulada gs. de organización','Activo',NULL,1,1,0,0,0,1,NULL),(53,NULL,2000000,1,2,0,'PASIVO','Pasivo',NULL,1,1,0,0,0,0,NULL),(54,NULL,2100000,2,2,2000000,'PASIVO CORRIENTE','Pasivo',NULL,1,1,0,0,0,0,NULL),(55,NULL,2110000,3,2,2100000,'Deudas','Pasivo',NULL,1,1,0,0,0,0,NULL),(56,NULL,2110100,4,2,2110000,'Comerciales','Pasivo',NULL,1,1,0,0,0,0,NULL),(57,NULL,2110101,5,2,2110100,'Proveedores en Cta. Cte. locales','Pasivo',NULL,1,2,0,0,0,1,NULL),(58,NULL,2110102,5,2,2110100,'Proveedores en cta. cte. exterior','Pasivo',NULL,1,1,0,0,0,1,NULL),(59,NULL,2110103,5,2,2110100,'Derechos de exhibición a devengar','Pasivo',NULL,1,1,0,0,0,1,NULL),(60,NULL,2110104,5,2,2110100,'Cheques emitidos ','Pasivo',NULL,1,2,1,1,1,1,NULL),(61,NULL,2110200,4,2,2110000,'REMUNERACIONES Y CARGAS SOCIALES','Pasivo',NULL,1,1,0,0,0,0,NULL),(62,NULL,2110201,5,2,2110200,'Sueldos y Jornales a pagar','Pasivo',NULL,1,2,0,0,1,1,NULL),(63,NULL,2110202,5,2,2110200,'Cargas sociales a pagar','Pasivo',NULL,1,1,0,0,0,1,NULL),(64,NULL,2110203,5,2,2110200,'Sindicatos a Pagar','Pasivo',NULL,1,1,0,0,0,1,NULL),(65,NULL,2110300,4,2,2110000,'CARGAS FISCALES','Pasivo',NULL,1,1,0,0,0,0,NULL),(67,NULL,2110301,5,2,2110300,'IVA Debito Fiscal','Pasivo',NULL,1,2,0,0,0,1,NULL),(68,NULL,1140222,5,1,1140200,'IVA Credito Fiscal','Activo',NULL,1,2,0,0,0,1,NULL),(69,NULL,2110303,5,2,2110300,'Impuestos Internos','Pasivo',NULL,1,1,0,0,0,1,NULL),(70,NULL,2110304,5,2,2110300,'Impuestos al Combustible','Pasivo',NULL,1,1,0,0,0,1,NULL),(71,NULL,2110601,5,2,2110600,'IVA Retenciones de terceros','Pasivo',NULL,1,1,0,0,0,1,NULL),(72,NULL,2110306,5,2,2110300,'IVA Percepciones realiz.por terceros','Pasivo',NULL,1,2,0,0,0,1,NULL),(73,NULL,2110307,5,2,2110300,'IVA Saldo a favor','Pasivo',NULL,1,1,0,0,0,1,NULL),(74,NULL,2110308,5,2,2110300,'IVA a pagar','Pasivo',NULL,1,2,0,0,0,1,NULL),(75,NULL,2110309,5,2,2110300,'Percepciones Ingresos Brutos','Pasivo',NULL,1,1,0,0,0,1,NULL),(76,NULL,2110310,5,2,2110300,'Otros Pagos AFIP','Pasivo',NULL,1,1,0,0,0,1,NULL),(78,NULL,2110350,5,2,2110300,'Impuesto a los Ingresos Brutos Pasivo','Pasivo',NULL,1,1,0,0,0,1,NULL),(79,NULL,2110313,5,2,2110300,'Impuesto a las Ganancias','Pasivo',NULL,1,1,0,0,0,1,NULL),(80,NULL,2110314,5,2,2110300,'Impuesto a la Ganancia Mínima Presunta','Pasivo',NULL,1,1,0,0,0,1,NULL),(81,NULL,2110602,5,2,2110600,'AFIP - Retenciones Impuesto a las Ganancias','Pasivo',NULL,1,1,0,0,0,1,NULL),(82,NULL,2110316,5,2,2110300,'AFIP - Plan de Facilidades Decreto 338/02','Pasivo',NULL,1,1,0,0,0,1,NULL),(83,NULL,2200000,2,2,2000000,'PASIVO NO CORRIENTE','Pasivo',NULL,1,1,0,0,0,0,NULL),(84,NULL,3000000,1,2,0,'PATRIMONIO NETO','Patrimonio Neto',NULL,1,1,0,0,0,0,NULL),(85,NULL,3100000,2,2,3000000,'APORTE DE LOS PROPIETARIOS','Patrimonio Neto',NULL,1,1,0,0,0,0,NULL),(86,NULL,3110100,4,2,3110000,'CAPITAL SOCIAL','Patrimonio Neto',NULL,1,1,0,0,0,0,NULL),(87,NULL,3110101,5,2,3110100,'Acciones en circulación','Patrimonio Neto',NULL,1,1,0,0,0,1,NULL),(88,NULL,3110102,5,2,3110100,'Ajuste del Capital','Patrimonio Neto',NULL,1,2,0,0,0,1,NULL),(89,NULL,3110103,5,2,3110100,'Aportes Irrevocables Futuras Suscripciones','Patrimonio Neto',NULL,1,1,0,0,0,1,NULL),(90,NULL,3400000,2,2,3000000,'RESULTADOS','Patrimonio Neto',NULL,1,1,0,0,0,0,NULL),(91,NULL,3410101,5,2,3410100,'Resultado del ejercicio','Patrimonio Neto',NULL,1,1,0,0,0,1,NULL);
INSERT INTO `conta_plan_cuenta` VALUES (92,NULL,3410102,5,2,3410100,'Resultado ejercicios anteriores','Patrimonio Neto',NULL,1,1,0,0,0,1,NULL),(93,NULL,3410103,5,2,3410100,'A.R.E.A.','Patrimonio Neto',NULL,1,1,0,0,0,1,NULL),(94,NULL,4000000,1,2,0,'INGRESOS','Result. Positivo',NULL,1,1,0,0,0,0,NULL),(95,NULL,4100000,2,2,4000000,'INGRESOS ORDINARIOS','Result. Positivo',NULL,1,1,0,0,0,0,NULL),(96,NULL,4110101,5,2,4110100,'VENTAS','Result. Positivo',NULL,1,2,0,0,0,1,NULL),(97,NULL,4110102,5,2,4110100,'Honorarios','Result. Positivo',NULL,1,1,0,0,0,1,NULL),(98,NULL,4110103,5,2,4110100,'Sueldo Vane','Result. Positivo',NULL,0,1,0,0,0,0,'2020-12-31 13:34:22'),(99,NULL,4110104,5,2,4110100,'Descuentos obtenidos','Result. Positivo',NULL,1,1,0,0,0,1,NULL),(100,NULL,4110105,5,2,4110100,'Reintegros por exportaciones','Result. Positivo',NULL,1,1,0,0,0,1,NULL),(101,NULL,4120000,3,2,4100000,'OTROS INGRESOS','Result. Positivo',NULL,1,1,0,0,0,0,NULL),(102,NULL,4120101,5,2,4120100,'Intereses Cobrados','Result. Positivo',NULL,1,1,0,0,0,1,NULL),(103,NULL,4120102,5,2,4120100,'Diferencias de cambio','Result. Positivo',NULL,1,1,0,0,0,1,NULL),(104,NULL,4120103,5,2,4120100,'Descuentos obtenidos','Result. Positivo',NULL,1,1,0,0,0,1,NULL),(107,NULL,5000000,1,1,0,'GASTOS','Result. Negativo',NULL,1,1,0,0,0,0,NULL),(108,NULL,5100000,2,1,5000000,'GASTOS ORDINARIOS','Result. Negativo',NULL,1,1,0,0,0,0,NULL),(109,NULL,5110100,4,1,5110000,'ASIENTO DE SUELDO','Result. Negativo',NULL,1,1,0,0,0,0,NULL),(110,NULL,5110101,5,1,5110100,'Sueldos','Result. Negativo',NULL,1,1,0,0,0,1,NULL),(111,NULL,5110102,5,1,5110100,'Contribuciones','Result. Negativo',NULL,1,1,0,0,0,1,NULL),(112,NULL,5110103,5,1,5110100,'Sindicato','Result. Negativo',NULL,1,1,0,0,0,1,NULL),(113,NULL,5120100,4,1,5120000,'GASTOS DE OPERACION','Result. Negativo',NULL,1,1,0,0,0,0,NULL),(114,NULL,5120101,5,1,5120100,'ACA','Result. Negativo',NULL,1,1,0,0,0,1,'2020-12-31 13:34:22'),(115,NULL,5120102,5,1,5120100,'Aereos','Result. Negativo',NULL,1,1,0,0,0,1,NULL),(116,NULL,5120103,5,1,5120100,'Alquiler','Result. Negativo',NULL,1,1,0,0,0,1,NULL),(117,NULL,5120104,5,1,5120100,'AGUA AYSA','Result. Negativo',NULL,1,1,0,0,0,1,'2020-12-31 13:34:22'),(118,NULL,5120105,5,1,5120100,'TV Cablevision','Result. Negativo',NULL,1,1,0,0,0,1,'2020-12-31 13:34:22'),(119,NULL,5120106,5,1,5120100,'Caja Jubilacion Consejo','Result. Negativo',NULL,1,1,0,0,0,1,NULL),(120,NULL,5120107,5,1,5120100,'Celulares','Result. Negativo',NULL,1,1,0,0,0,1,NULL),(121,NULL,5120108,5,1,5120100,'Cheques','Result. Negativo',NULL,1,1,0,0,0,1,NULL),(122,NULL,5120109,5,1,5120100,'Club la Nacion','Result. Negativo',NULL,0,1,0,0,0,0,'2020-12-31 13:34:22'),(123,NULL,5120110,5,1,5120100,'Comida','Result. Negativo',NULL,1,1,0,0,0,1,'2020-12-31 13:34:22'),(124,NULL,5120111,5,1,5120100,'Diario Clarin','Result. Negativo',NULL,0,1,0,0,0,0,'2020-12-31 13:34:22'),(125,NULL,5120112,5,1,5120100,'Digital Ocean','Result. Negativo',NULL,0,1,0,0,0,0,'2020-12-31 13:34:22'),(126,NULL,5120113,5,1,5120100,'Fletes y acarreos','Result. Negativo',NULL,1,1,0,0,0,1,NULL),(127,NULL,5120114,5,1,5120100,'Luz Edesur','Result. Negativo',NULL,1,1,0,0,0,1,'2020-12-31 13:34:22'),(128,NULL,5120115,5,1,5120100,'Movilidad y Viáticos','Result. Negativo',NULL,1,1,0,0,0,1,NULL),(129,NULL,5120116,5,1,5120100,'Mantenimiento','Result. Negativo',NULL,1,1,0,0,0,1,'2020-12-31 13:34:22'),(130,NULL,5120117,5,1,5120100,'IVA No Computable','Result. Negativo',NULL,1,1,0,0,0,1,'2020-12-31 13:34:22'),(131,NULL,5120118,5,1,5120100,'Entretenimiento','Result. Negativo',NULL,1,1,0,0,0,1,'2020-12-31 13:34:22'),(132,NULL,5120119,5,1,5120100,'Amortización Bienes de Uso','Result. Negativo',NULL,1,1,0,0,0,1,NULL),(133,NULL,5120120,5,1,5120100,'Errepar','Result. Negativo',NULL,0,1,0,0,0,0,'2020-12-31 13:34:22'),(134,NULL,5120121,5,1,5120100,'Hosting Página Web To Webs','Result. Negativo',NULL,0,1,0,0,0,0,'2020-12-31 13:34:22'),(135,NULL,5120122,5,1,5120100,'Gastos varios','Result. Negativo',NULL,1,1,0,0,0,1,NULL);
INSERT INTO `conta_plan_cuenta` VALUES (136,NULL,5120123,5,1,5120100,'Ajuste por redondeo','Result. Negativo',NULL,1,2,0,0,0,1,NULL),(137,NULL,5120124,5,1,5120100,'Deudores Incobrables','Result. Negativo',NULL,1,1,0,0,0,1,NULL),(138,NULL,5120125,5,1,5120100,'Faby Goncalves','Result. Negativo',NULL,0,1,0,0,0,0,'2020-12-31 13:34:22'),(139,NULL,5130100,4,1,5130000,'GASTOS FINANCIEROS','Result. Negativo',NULL,1,1,0,0,0,0,NULL),(140,NULL,5130101,5,1,5130100,'Intereses y Gastos bancarios','Result. Negativo',NULL,1,2,0,0,1,1,NULL),(141,NULL,5130102,5,1,5130100,'Intereses Proveedores','Result. Negativo',NULL,1,1,0,0,0,1,NULL),(142,NULL,5130103,5,1,5130100,'Damian Financiera','Result. Negativo',NULL,0,1,0,0,0,0,'2020-12-31 13:34:22'),(143,NULL,5130104,5,1,5130100,'Diferencias de cambio','Result. Negativo',NULL,1,1,0,0,0,1,NULL),(144,NULL,5130105,5,1,5130100,'Diferencia de Cambio Bces. en M.Extranjera','Result. Negativo',NULL,1,1,0,0,0,1,'2020-12-31 13:34:22'),(145,NULL,5130106,5,1,5130100,'Diferencia tipo cambio Vendedor/Comprador','Result. Negativo',NULL,1,1,0,0,0,1,NULL),(146,NULL,5130107,5,1,5130100,'Diferencia por conversion en Bce. en Mon. Extranj.','Result. Negativo',NULL,1,1,0,0,0,1,'2020-12-31 13:34:22'),(147,NULL,5130108,5,1,5130100,'Diferencia de cambio CMV','Result. Negativo',NULL,1,1,0,0,0,1,'2020-12-31 13:34:22'),(148,NULL,5130109,5,1,5130100,'Diferencia de cambio PT','Result. Negativo',NULL,1,1,0,0,0,1,'2020-12-31 13:34:22'),(149,NULL,5130110,5,1,5130100,'Resultado por Exposición a la Inflación','Result. Negativo',NULL,1,1,0,0,0,1,'2020-12-31 13:34:22'),(150,NULL,5130111,5,1,5130100,'Diferencia de cambio PE','Result. Negativo',NULL,1,1,0,0,0,1,'2020-12-31 13:34:22'),(151,NULL,5130112,5,1,5130100,'Diferencia de cambio Ds.Vtas.','Result. Negativo',NULL,1,1,0,0,0,1,'2020-12-31 13:34:22'),(152,NULL,5130113,5,1,5130100,'Diferencia de cambio ME','Result. Negativo',NULL,1,1,0,0,0,1,NULL),(153,NULL,5130114,5,1,5130100,'Descuentos otorgados','Result. Negativo',NULL,1,1,0,0,0,1,NULL),(154,NULL,5140100,4,1,5140000,'IMPUESTOS','Result. Negativo',NULL,1,1,0,0,0,0,NULL),(155,NULL,5140101,5,1,5140100,'Impuesto a las Ganancias','Result. Negativo',NULL,1,1,0,0,0,1,NULL),(156,NULL,5140164,5,1,5140100,'Impuesto a los Ingresos Brutos','Result. Negativo',NULL,1,2,0,0,0,1,NULL),(157,NULL,5140102,5,1,5140100,'Impuesto al Debito y Credito Bancario','Result. Negativo',NULL,1,1,0,0,0,1,NULL),(158,NULL,5200000,2,1,5000000,'GASTOS EXTRAORDINARIOS','Result. Negativo',NULL,1,1,0,0,0,0,NULL),(159,NULL,5210101,5,1,5210100,'Pérdida por venta bienes de uso','Result. Negativo',NULL,1,1,0,0,0,1,NULL),(160,NULL,5210102,5,1,5210100,'Inversiones','Result. Negativo',NULL,1,1,0,0,0,1,NULL),(161,NULL,5210103,5,1,5210100,'Amortizaciones extraordinarias','Result. Negativo',NULL,1,1,0,0,0,1,NULL),(162,NULL,1140103,5,1,1140100,'Retenciones SUSS','Activo',NULL,1,2,1,0,0,1,NULL),(163,NULL,1110122,5,1,1110100,'Banco Patagonia Cta. Cte.','Activo',NULL,0,1,0,0,0,0,NULL),(164,NULL,1110106,5,1,1110100,'Banco HSBC','Activo',NULL,0,1,0,0,0,0,'2020-12-31 13:34:22'),(165,NULL,1110123,5,1,1110100,'Banco Ciudad Cta. Cte.','Activo',NULL,0,1,0,0,0,0,NULL),(166,NULL,1110124,5,1,1110100,'Banco Nacion Cta. Cte.','Activo',NULL,0,1,0,0,0,0,NULL),(167,NULL,1110109,5,1,1110100,'Banco Galicia Vane','Activo',NULL,0,1,0,0,0,0,'2020-12-31 13:34:22'),(168,NULL,1110110,5,1,1110100,'Banco Frances Vane','Activo',NULL,0,1,0,0,0,0,'2020-12-31 13:34:22'),(169,NULL,1110111,5,1,1110100,'Banco Patagonia In Time SRL','Activo',NULL,0,1,0,0,0,0,'2020-12-31 13:34:22'),(170,NULL,1110112,5,1,1110100,'Banco Ciudad In Time SRL','Activo',NULL,0,1,0,0,0,0,'2020-12-31 13:34:22'),(171,NULL,1110113,5,1,1110100,'Banco Provincia In Time SRL','Activo',NULL,0,1,0,0,0,0,'2020-12-31 13:34:22'),(172,NULL,1110114,5,1,1110100,'Banco Macro PedimeOnline','Activo',NULL,0,1,0,0,0,0,'2020-12-31 13:34:22'),(173,NULL,1110115,5,1,1110100,'Banco Patagonia Problema Resuelto','Activo',NULL,0,1,0,0,0,0,'2020-12-31 13:34:22');
INSERT INTO `conta_plan_cuenta` VALUES (174,NULL,1110116,5,1,1110100,'Banco Patagonia Graciela','Activo',NULL,0,1,0,0,0,0,'2020-12-31 13:34:22'),(175,NULL,1110117,5,1,1110100,'Banco Patagonia Omar','Activo',NULL,0,1,0,0,0,0,'2020-12-31 13:34:22'),(176,NULL,1110118,5,1,1110100,'Cheques','Activo',NULL,1,2,1,1,1,0,NULL),(177,NULL,5120126,5,1,5120100,'Gisela Larzabal','Result. Negativo',NULL,0,1,0,0,0,0,'2020-12-31 13:34:22'),(178,NULL,5120127,5,1,5120100,'Google','Result. Negativo',NULL,1,1,0,0,0,1,'2020-12-31 13:34:22'),(179,NULL,5120128,5,1,5120100,'Seguro Moto','Result. Negativo',NULL,0,1,0,0,0,0,'2020-12-31 13:34:22'),(180,NULL,5120129,5,1,5120100,'Sueldo Agustina','Result. Negativo',NULL,0,1,0,0,0,0,NULL),(181,NULL,5120130,5,1,5120100,'Sueldo Betty','Result. Negativo',NULL,0,1,0,0,0,0,'2020-12-31 13:34:22'),(182,NULL,5120131,5,1,5120100,'Sueldo Elizabet','Result. Negativo',NULL,0,1,0,0,0,0,'2020-12-31 13:34:22'),(183,NULL,5120132,5,1,5120100,'Sueldo Florencia','Result. Negativo',NULL,0,1,0,0,0,0,'2020-12-31 13:34:22'),(184,NULL,5120133,5,1,5120100,'Sueldo Graciela','Result. Negativo',NULL,0,1,0,0,0,0,'2020-12-31 13:34:22'),(185,NULL,5120134,5,1,5120100,'Sueldo Franco Sanchez','Result. Negativo',NULL,0,1,0,0,0,0,'2020-12-31 13:34:22'),(186,NULL,5120135,5,1,5120100,'Sueldo Santiago Sanchez','Result. Negativo',NULL,0,1,0,0,0,0,'2020-12-31 13:34:22'),(187,NULL,5120136,5,1,5120100,'Sueldo Jose Luis','Result. Negativo',NULL,0,1,0,0,0,0,'2020-12-31 13:34:22'),(188,NULL,5120137,5,1,5120100,'Publicidad','Result. Negativo',NULL,1,1,0,0,0,1,NULL),(189,NULL,5120138,5,1,5120100,'Las Nieves','Result. Negativo',NULL,0,1,0,0,0,0,'2020-12-31 13:34:22'),(190,NULL,5120139,5,1,5120100,'Sueldo Lidia','Result. Negativo',NULL,0,1,0,0,0,0,'2020-12-31 13:34:22'),(191,NULL,5120140,5,1,5120100,'Cargas Sociales','Result. Negativo',NULL,1,1,0,0,0,1,NULL),(192,NULL,5120141,5,1,5120100,'Honorarios','Result. Negativo',NULL,1,1,0,0,0,1,NULL),(193,NULL,5120142,5,1,5120100,'Telefono Fijo','Result. Negativo',NULL,1,1,0,0,0,1,NULL),(194,NULL,5120143,5,1,5120100,'ONE DRIVE','Result. Negativo',NULL,0,1,0,0,0,0,'2020-12-31 13:34:22'),(195,NULL,5120144,5,1,5120100,'OSDE','Result. Negativo',NULL,0,1,0,0,0,0,'2020-12-31 13:34:22'),(196,NULL,5120145,5,1,5120100,'SAS Constitucion','Result. Negativo',NULL,0,1,0,0,0,0,'2020-12-31 13:34:22'),(197,NULL,5120146,5,1,5120100,'Seguro de Vida Zurich','Result. Negativo',NULL,0,1,0,0,0,0,'2020-12-31 13:34:22'),(198,NULL,5120147,5,1,5120100,'Seguros','Result. Negativo',NULL,1,1,0,0,0,1,NULL),(199,NULL,5120148,5,1,5120100,'Internet','Result. Negativo',NULL,1,1,0,0,0,1,NULL),(200,NULL,5120149,5,1,5120100,'Seguro de Retiro Zurich','Result. Negativo',NULL,0,1,0,0,0,0,'2020-12-31 13:34:22'),(201,NULL,5140165,5,1,5140100,'Monotributo','Result. Negativo',NULL,1,2,0,0,1,1,NULL),(202,NULL,5140104,5,1,5140100,'IVA In Time SRL','Result. Negativo',NULL,0,1,0,0,0,0,'2020-12-31 13:34:22'),(203,NULL,5140105,5,1,5140100,'Autonomos','Result. Negativo',NULL,1,2,0,0,1,1,NULL),(204,NULL,5140106,5,1,5140100,'Multas Impositivas','Result. Negativo',NULL,1,1,0,0,0,1,NULL),(207,NULL,5120150,5,1,5120100,'Vanesa Gastos','Result. Negativo',NULL,0,1,0,0,0,0,'2020-12-31 13:34:22'),(208,NULL,5140166,5,1,5140100,'Impuesto a los Ingresos Brutos - BS AS','Result. Negativo',NULL,1,1,0,0,0,1,NULL),(209,NULL,5140107,5,1,5140100,'SIRCREB','Result. Negativo',NULL,1,1,0,0,0,1,NULL),(210,NULL,5140108,5,1,5140100,'Consejo Ciencias Economicas','Result. Negativo',NULL,0,1,0,0,0,0,'2020-12-31 13:34:22'),(211,NULL,5120152,5,1,5120100,'Albano Andres','Result. Negativo',NULL,0,1,0,0,0,0,'2020-12-31 13:34:22'),(212,NULL,5120153,5,1,5120100,'Tarjeta Visa','Result. Negativo',NULL,1,1,0,0,0,1,NULL),(213,NULL,5120154,5,1,5120100,'Tarjeta American Express','Result. Negativo',NULL,1,1,0,0,0,1,NULL),(214,NULL,5120155,5,1,5120100,'Tarjeta Mastercard','Result. Negativo',NULL,1,1,0,0,0,1,NULL),(215,NULL,5120156,5,1,5120100,'Imp. Municipales','Result. Negativo',NULL,1,2,0,0,0,1,'2020-12-31 13:34:22');
INSERT INTO `conta_plan_cuenta` VALUES (216,NULL,5120157,5,1,5120100,'Perc/Ret. Imp. Ganancias','Result. Negativo',NULL,1,2,0,0,0,1,NULL),(217,NULL,5120158,5,1,5120100,'Compras','Result. Negativo',NULL,1,2,0,0,0,1,NULL),(218,NULL,4110106,5,2,4110100,'Ventas No Gravadas','Result. Positivo',NULL,1,2,0,0,0,1,NULL),(219,NULL,6110103,5,1,6110100,'Pagos AFIP','Movimiento',NULL,1,2,0,0,1,1,NULL),(220,NULL,5140167,5,1,5140100,'Perc IVA -RG3337','Result. Negativo',NULL,1,2,0,0,0,1,NULL),(221,NULL,5140109,5,1,5140100,'Imps. Internos','Result. Negativo',NULL,1,2,0,0,0,1,NULL),(222,NULL,5140110,5,1,5140100,'Imp. Gasoil','Result. Negativo',NULL,1,2,0,0,0,1,NULL),(223,NULL,5140111,5,1,5140100,'Imp. Hídricos','Result. Negativo',NULL,1,2,0,0,0,1,NULL),(224,NULL,5140112,5,1,5140100,'ITC','Result. Negativo',NULL,1,2,0,0,0,1,NULL),(225,NULL,5140113,5,1,5140100,'Perc IIBB  Buenos Aires','Result. Negativo',NULL,1,2,0,0,0,1,NULL),(226,NULL,5140114,5,1,5140100,'Perc IIBB  Capital Federal','Result. Negativo',NULL,1,2,0,0,0,1,NULL),(227,NULL,5140115,5,1,5140100,'Perc IIBB  Catamarca','Result. Negativo',NULL,1,2,0,0,0,1,NULL),(228,NULL,5140116,5,1,5140100,'Perc IIBB  Chaco','Result. Negativo',NULL,1,2,0,0,0,1,NULL),(229,NULL,5140117,5,1,5140100,'Perc IIBB  Chubut','Result. Negativo',NULL,1,2,0,0,0,1,NULL),(230,NULL,5140118,5,1,5140100,'Perc IIBB  Córdoba','Result. Negativo',NULL,1,2,0,0,0,1,NULL),(231,NULL,5140119,5,1,5140100,'Perc IIBB  Corrientes','Result. Negativo',NULL,1,2,0,0,0,1,NULL),(232,NULL,5140120,5,1,5140100,'Perc IIBB  Entre Ríos','Result. Negativo',NULL,1,2,0,0,0,1,NULL),(233,NULL,5140121,5,1,5140100,'Perc IIBB  Formosa','Result. Negativo',NULL,1,2,0,0,0,1,NULL),(234,NULL,5140122,5,1,5140100,'Perc IIBB  Jujuy','Result. Negativo',NULL,1,2,0,0,0,1,NULL),(235,NULL,5140123,5,1,5140100,'Perc IIBB  La Pampa','Result. Negativo',NULL,1,2,0,0,0,1,NULL),(236,NULL,5140124,5,1,5140100,'Perc IIBB  La Rioja','Result. Negativo',NULL,1,2,0,0,0,1,NULL),(237,NULL,5140125,5,1,5140100,'Perc IIBB  Mendoza','Result. Negativo',NULL,1,2,0,0,0,1,NULL),(238,NULL,5140126,5,1,5140100,'Perc IIBB  Misiones','Result. Negativo',NULL,1,2,0,0,0,1,NULL),(239,NULL,5140127,5,1,5140100,'Perc IIBB  Neuquén','Result. Negativo',NULL,1,2,0,0,0,1,NULL),(240,NULL,5140128,5,1,5140100,'Perc IIBB  Pascua Lama','Result. Negativo',NULL,1,2,0,0,0,1,NULL),(241,NULL,5140129,5,1,5140100,'Perc IIBB  Río Negro','Result. Negativo',NULL,1,2,0,0,0,1,NULL),(242,NULL,5140130,5,1,5140100,'Perc IIBB  Salta','Result. Negativo',NULL,1,2,0,0,0,1,NULL),(243,NULL,5140131,5,1,5140100,'Perc IIBB  San Juan','Result. Negativo',NULL,1,2,0,0,0,1,NULL),(244,NULL,5140132,5,1,5140100,'Perc IIBB  San Luis','Result. Negativo',NULL,1,2,0,0,0,1,NULL),(245,NULL,5140133,5,1,5140100,'Perc IIBB  Santa Cruz','Result. Negativo',NULL,1,2,0,0,0,1,NULL),(246,NULL,5140134,5,1,5140100,'Perc IIBB  Santa Fe','Result. Negativo',NULL,1,2,0,0,0,1,NULL),(247,NULL,5140135,5,1,5140100,'Perc IIBB  Santiago del Estero','Result. Negativo',NULL,1,2,0,0,0,1,NULL),(248,NULL,5140136,5,1,5140100,'Perc IIBB  Tierra del Fuego','Result. Negativo',NULL,1,2,0,0,0,1,NULL),(249,NULL,5140137,5,1,5140100,'Perc IIBB  Tucuman','Result. Negativo',NULL,1,2,0,0,0,1,NULL),(250,NULL,5140138,5,1,5140100,'Compras No Gravadas','Result. Negativo',NULL,1,2,0,0,0,1,NULL),(251,NULL,1140108,5,1,1140100,'Retenciones de IIBB Buenos Aires','Activo',NULL,1,2,1,0,0,1,NULL),(252,NULL,1140109,5,1,1140100,'Retenciones de IIBB Capital Federal','Activo',NULL,1,2,1,0,0,1,NULL),(253,NULL,1140110,5,1,1140100,'Retenciones de IIBB Catamarca','Activo',NULL,1,2,1,0,0,1,NULL),(254,NULL,1140111,5,1,1140100,'Retenciones de IIBB Chaco','Activo',NULL,1,2,1,0,0,1,NULL),(255,NULL,1140112,5,1,1140100,'Retenciones de IIBB Chubut','Activo',NULL,1,2,1,0,0,1,NULL),(256,NULL,1140113,5,1,1140100,'Retenciones de IIBB Córdoba','Activo',NULL,1,2,1,0,0,1,NULL),(257,NULL,1140114,5,1,1140100,'Retenciones de IIBB Corrientes','Activo',NULL,1,2,1,0,0,1,NULL);
INSERT INTO `conta_plan_cuenta` VALUES (258,NULL,1140115,5,1,1140100,'Retenciones de IIBB Entre Ríos','Activo',NULL,1,2,1,0,0,1,NULL),(259,NULL,1140116,5,1,1140100,'Retenciones de IIBB Formosa','Activo',NULL,1,2,1,0,0,1,NULL),(260,NULL,1140117,5,1,1140100,'Retenciones de IIBB Jujuy','Activo',NULL,1,2,1,0,0,1,NULL),(261,NULL,1140118,5,1,1140100,'Retenciones de IIBB La Pampa','Activo',NULL,1,2,1,0,0,1,NULL),(262,NULL,1140119,5,1,1140100,'Retenciones de IIBB La Rioja','Activo',NULL,1,2,1,0,0,1,NULL),(263,NULL,1140120,5,1,1140100,'Retenciones de IIBB Mendoza','Activo',NULL,1,2,1,0,0,1,NULL),(264,NULL,1140121,5,1,1140100,'Retenciones de IIBB Misiones','Activo',NULL,1,2,1,0,0,1,NULL),(265,NULL,1140122,5,1,1140100,'Retenciones de IIBB Neuquén','Activo',NULL,1,2,1,0,0,1,NULL),(266,NULL,1140123,5,1,1140100,'Retenciones de IIBB Pascua Lama','Activo',NULL,1,2,1,0,0,1,NULL),(267,NULL,1140124,5,1,1140100,'Retenciones de IIBB Río Negro','Activo',NULL,1,2,1,0,0,1,NULL),(268,NULL,1140125,5,1,1140100,'Retenciones de IIBB Salta','Activo',NULL,1,2,1,0,0,1,NULL),(269,NULL,1140126,5,1,1140100,'Retenciones de IIBB San Juan','Activo',NULL,1,2,1,0,0,1,NULL),(270,NULL,1140127,5,1,1140100,'Retenciones de IIBB San Luis','Activo',NULL,1,2,1,0,0,1,NULL),(271,NULL,1140128,5,1,1140100,'Retenciones de IIBB Santa Cruz','Activo',NULL,1,2,1,0,0,1,NULL),(272,NULL,1140129,5,1,1140100,'Retenciones de IIBB Santa Fe','Activo',NULL,1,2,1,0,0,1,NULL),(273,NULL,1140130,5,1,1140100,'Retenciones de IIBB Santiago del Estero','Activo',NULL,1,2,1,0,0,1,NULL),(274,NULL,1140131,5,1,1140100,'Retenciones de IIBB Tierra del Fuego','Activo',NULL,1,2,1,0,0,1,NULL),(275,NULL,1140132,5,1,1140100,'Retenciones de IIBB Tucuman','Activo',NULL,1,2,1,0,0,1,NULL),(276,NULL,5140168,5,1,5140100,'SIRCREB Buenos Aires','Result. Negativo',NULL,1,2,0,0,0,1,NULL),(277,NULL,5140139,5,1,5140100,'SIRCREB Capital Federal','Result. Negativo',NULL,1,2,0,0,0,1,NULL),(278,NULL,5140140,5,1,5140100,'SIRCREB Catamarca','Result. Negativo',NULL,1,2,0,0,0,1,NULL),(279,NULL,5140141,5,1,5140100,'SIRCREB Chaco','Result. Negativo',NULL,1,2,0,0,0,1,NULL),(280,NULL,5140142,5,1,5140100,'SIRCREB Chubut','Result. Negativo',NULL,1,2,0,0,0,1,NULL),(281,NULL,5140143,5,1,5140100,'SIRCREB Córdoba','Result. Negativo',NULL,1,2,0,0,0,1,NULL),(282,NULL,5140144,5,1,5140100,'SIRCREB Corrientes','Result. Negativo',NULL,1,2,0,0,0,1,NULL),(283,NULL,5140145,5,1,5140100,'SIRCREB Entre Ríos','Result. Negativo',NULL,1,2,0,0,0,1,NULL),(284,NULL,5140146,5,1,5140100,'SIRCREB Formosa','Result. Negativo',NULL,1,2,0,0,0,1,NULL),(285,NULL,5140147,5,1,5140100,'SIRCREB Jujuy','Result. Negativo',NULL,1,2,0,0,0,1,NULL),(286,NULL,5140148,5,1,5140100,'SIRCREB La Pampa','Result. Negativo',NULL,1,2,0,0,0,1,NULL),(287,NULL,5140149,5,1,5140100,'SIRCREB La Rioja','Result. Negativo',NULL,1,2,0,0,0,1,NULL),(288,NULL,5140150,5,1,5140100,'SIRCREB Mendoza','Result. Negativo',NULL,1,2,0,0,0,1,NULL),(289,NULL,5140151,5,1,5140100,'SIRCREB Misiones','Result. Negativo',NULL,1,2,0,0,0,1,NULL),(290,NULL,5140152,5,1,5140100,'SIRCREB Neuquén','Result. Negativo',NULL,1,2,0,0,0,1,NULL),(291,NULL,5140153,5,1,5140100,'SIRCREB Pascua Lama','Result. Negativo',NULL,1,2,0,0,0,1,NULL),(292,NULL,5140154,5,1,5140100,'SIRCREB Río Negro','Result. Negativo',NULL,1,2,0,0,0,1,NULL),(293,NULL,5140155,5,1,5140100,'SIRCREB Salta','Result. Negativo',NULL,1,2,0,0,0,1,NULL),(294,NULL,5140156,5,1,5140100,'SIRCREB San Juan','Result. Negativo',NULL,1,2,0,0,0,1,NULL),(295,NULL,5140157,5,1,5140100,'SIRCREB San Luis','Result. Negativo',NULL,1,2,0,0,0,1,NULL),(296,NULL,5140158,5,1,5140100,'SIRCREB Santa Cruz','Result. Negativo',NULL,1,2,0,0,0,1,NULL),(297,NULL,5140159,5,1,5140100,'SIRCREB Santa Fe','Result. Negativo',NULL,1,2,0,0,0,1,NULL),(298,NULL,5140160,5,1,5140100,'SIRCREB Santiago del Estero','Result. Negativo',NULL,1,2,0,0,0,1,NULL),(299,NULL,5140161,5,1,5140100,'SIRCREB Tierra del Fuego','Result. Negativo',NULL,1,2,0,0,0,1,NULL),(300,NULL,5140162,5,1,5140100,'SIRCREB Tucuman','Result. Negativo',NULL,1,2,0,0,0,1,NULL);
INSERT INTO `conta_plan_cuenta` VALUES (301,NULL,1140326,5,1,1140300,'IIBB a Favor Buenos Aires','Activo',NULL,1,2,0,0,0,1,NULL),(302,NULL,1140302,5,1,1140300,'IIBB a Favor Capital Federal','Activo',NULL,1,2,0,0,0,1,NULL),(303,NULL,1140303,5,1,1140300,'IIBB a Favor Catamarca','Activo',NULL,1,2,0,0,0,1,NULL),(304,NULL,1140304,5,1,1140300,'IIBB a Favor Chaco','Activo',NULL,1,2,0,0,0,1,NULL),(305,NULL,1140305,5,1,1140300,'IIBB a Favor Chubut','Activo',NULL,1,2,0,0,0,1,NULL),(306,NULL,1140306,5,1,1140300,'IIBB a Favor Córdoba','Activo',NULL,1,2,0,0,0,1,NULL),(307,NULL,1140307,5,1,1140300,'IIBB a Favor Corrientes','Activo',NULL,1,2,0,0,0,1,NULL),(308,NULL,1140308,5,1,1140300,'IIBB a Favor Entre Ríos','Activo',NULL,1,2,0,0,0,1,NULL),(309,NULL,1140309,5,1,1140300,'IIBB a Favor Formosa','Activo',NULL,1,2,0,0,0,1,NULL),(310,NULL,1140310,5,1,1140300,'IIBB a Favor Jujuy','Activo',NULL,1,2,0,0,0,1,NULL),(311,NULL,1140311,5,1,1140300,'IIBB a Favor La Pampa','Activo',NULL,1,2,0,0,0,1,NULL),(312,NULL,1140312,5,1,1140300,'IIBB a Favor La Rioja','Activo',NULL,1,2,0,0,0,1,NULL),(313,NULL,1140313,5,1,1140300,'IIBB a Favor Mendoza','Activo',NULL,1,2,0,0,0,1,NULL),(314,NULL,1140314,5,1,1140300,'IIBB a Favor Misiones','Activo',NULL,1,2,0,0,0,1,NULL),(315,NULL,1140315,5,1,1140300,'IIBB a Favor Neuquén','Activo',NULL,1,2,0,0,0,1,NULL),(316,NULL,1140316,5,1,1140300,'IIBB a Favor Pascua Lama','Activo',NULL,1,2,0,0,0,1,NULL),(317,NULL,1140317,5,1,1140300,'IIBB a Favor Río Negro','Activo',NULL,1,2,0,0,0,1,NULL),(318,NULL,1140318,5,1,1140300,'IIBB a Favor Salta','Activo',NULL,1,2,0,0,0,1,NULL),(319,NULL,1140319,5,1,1140300,'IIBB a Favor San Juan','Activo',NULL,1,2,0,0,0,1,NULL),(320,NULL,1140320,5,1,1140300,'IIBB a Favor San Luis','Activo',NULL,1,2,0,0,0,1,NULL),(321,NULL,1140321,5,1,1140300,'IIBB a Favor Santa Cruz','Activo',NULL,1,2,0,0,0,1,NULL),(322,NULL,1140322,5,1,1140300,'IIBB a Favor Santa Fe','Activo',NULL,1,2,0,0,0,1,NULL),(323,NULL,1140323,5,1,1140300,'IIBB a Favor Santiago del Estero','Activo',NULL,1,2,0,0,0,1,NULL),(324,NULL,1140324,5,1,1140300,'IIBB a Favor Tierra del Fuego','Activo',NULL,1,2,0,0,0,1,NULL),(325,NULL,1140325,5,1,1140300,'IIBB a Favor Tucuman','Activo',NULL,1,2,0,0,0,1,NULL),(326,NULL,2110317,5,2,2110300,'IIBB a Pagar Buenos Aires','Pasivo',NULL,1,2,0,0,0,1,NULL),(327,NULL,2110318,5,2,2110300,'IIBB a Pagar Capital Federal','Pasivo',NULL,1,2,0,0,0,1,NULL),(328,NULL,2110319,5,2,2110300,'IIBB a Pagar Catamarca','Pasivo',NULL,1,2,0,0,0,1,NULL),(329,NULL,2110320,5,2,2110300,'IIBB a Pagar Chaco','Pasivo',NULL,1,2,0,0,0,1,NULL),(330,NULL,2110321,5,2,2110300,'IIBB a Pagar Chubut','Pasivo',NULL,1,2,0,0,0,1,NULL),(331,NULL,2110322,5,2,2110300,'IIBB a Pagar Córdoba','Pasivo',NULL,1,2,0,0,0,1,NULL),(332,NULL,2110323,5,2,2110300,'IIBB a Pagar Corrientes','Pasivo',NULL,1,2,0,0,0,1,NULL),(333,NULL,2110324,5,2,2110300,'IIBB a Pagar Entre Ríos','Pasivo',NULL,1,2,0,0,0,1,NULL),(334,NULL,2110325,5,2,2110300,'IIBB a Pagar Formosa','Pasivo',NULL,1,2,0,0,0,1,NULL),(335,NULL,2110326,5,2,2110300,'IIBB a Pagar Jujuy','Pasivo',NULL,1,2,0,0,0,1,NULL),(336,NULL,2110327,5,2,2110300,'IIBB a Pagar La Pampa','Pasivo',NULL,1,2,0,0,0,1,NULL),(337,NULL,2110328,5,2,2110300,'IIBB a Pagar La Rioja','Pasivo',NULL,1,2,0,0,0,1,NULL),(338,NULL,2110329,5,2,2110300,'IIBB a Pagar Mendoza','Pasivo',NULL,1,2,0,0,0,1,NULL),(339,NULL,2110330,5,2,2110300,'IIBB a Pagar Misiones','Pasivo',NULL,1,2,0,0,0,1,NULL),(340,NULL,2110331,5,2,2110300,'IIBB a Pagar Neuquén','Pasivo',NULL,1,2,0,0,0,1,NULL),(341,NULL,2110332,5,2,2110300,'IIBB a Pagar Pascua Lama','Pasivo',NULL,1,2,0,0,0,1,NULL),(342,NULL,2110333,5,2,2110300,'IIBB a Pagar Río Negro','Pasivo',NULL,1,2,0,0,0,1,NULL),(343,NULL,2110334,5,2,2110300,'IIBB a Pagar Salta','Pasivo',NULL,1,2,0,0,0,1,NULL),(344,NULL,2110335,5,2,2110300,'IIBB a Pagar San Juan','Pasivo',NULL,1,2,0,0,0,1,NULL),(345,NULL,2110336,5,2,2110300,'IIBB a Pagar San Luis','Pasivo',NULL,1,2,0,0,0,1,NULL),(346,NULL,2110337,5,2,2110300,'IIBB a Pagar Santa Cruz','Pasivo',NULL,1,2,0,0,0,1,NULL);
INSERT INTO `conta_plan_cuenta` VALUES (347,NULL,2110338,5,2,2110300,'IIBB a Pagar Santa Fe','Pasivo',NULL,1,2,0,0,0,1,NULL),(348,NULL,2110339,5,2,2110300,'IIBB a Pagar Santiago del Estero','Pasivo',NULL,1,2,0,0,0,1,NULL),(349,NULL,2110340,5,2,2110300,'IIBB a Pagar Tierra del Fuego','Pasivo',NULL,1,2,0,0,0,1,NULL),(350,NULL,2110341,5,2,2110300,'IIBB a Pagar Tucuman','Pasivo',NULL,1,2,0,0,0,1,NULL),(351,NULL,6110101,5,1,6110100,'BANCO SIRCREB','Movimiento',NULL,1,2,0,0,1,1,NULL),(352,NULL,6110102,5,1,6110100,'Compensacion','Movimiento',NULL,1,2,0,0,0,1,'2020-12-31 13:34:22'),(353,NULL,1140327,5,1,1140300,'IVA Saldo Tecnico','Activo',NULL,1,2,0,0,0,1,NULL),(354,NULL,1140328,5,1,1140300,'IVA Saldo Libre Disponibilidad','Activo',NULL,1,2,0,0,0,1,NULL),(355,NULL,6000000,1,1,0,'Movimiento','Movimiento',NULL,1,1,0,0,0,0,NULL),(356,NULL,6100000,2,1,6000000,'Movimiento','Movimiento',NULL,1,1,0,0,0,0,NULL),(357,NULL,6110000,3,1,6100000,'Movimiento','Movimiento',NULL,1,1,0,0,0,0,NULL),(358,NULL,4110000,3,2,4100000,'Ingresos Operativos','Result. Positivo',NULL,1,1,0,0,0,0,NULL),(359,NULL,1110120,5,1,1110100,'Caja en Pesos','Activo',NULL,1,2,1,1,1,0,NULL),(360,NULL,1140211,5,1,1140200,'Retenciones Bancarias de Ganancias a Favor','Activo',NULL,1,2,0,0,1,1,NULL),(361,NULL,1220104,5,1,1220100,'Equipos de Computación','Activo',NULL,1,1,0,0,0,1,NULL),(362,NULL,1220105,5,1,1220100,'Computadoras','Activo',NULL,1,1,0,0,0,1,NULL),(363,NULL,1220304,5,1,1220300,'Muebles y Utiles','Activo',NULL,1,1,0,0,0,1,NULL),(364,NULL,2110105,5,2,2110100,'Anticipo de Clientes','Pasivo',NULL,1,2,0,0,1,1,NULL),(365,NULL,2110401,5,2,2110400,'Provision Honorarios','Pasivo',NULL,1,1,0,0,0,1,NULL),(366,NULL,2110106,5,2,2110100,'Cta. Cte Directores','Pasivo',NULL,1,1,0,0,0,1,NULL),(367,NULL,2110107,5,2,2110100,'Provisión Honorarios Directores','Pasivo',NULL,1,1,0,0,0,1,NULL),(368,NULL,2110110,5,2,2110100,'Cuenta Particular Socio 1','Pasivo',NULL,1,1,0,0,0,1,NULL),(369,NULL,3110104,5,2,3110100,'Capital','Patrimonio Neto',NULL,1,1,0,0,0,1,NULL),(370,NULL,1120000,3,1,1100000,'INVERSIONES','Activo',NULL,1,1,0,0,0,0,NULL),(371,NULL,1160000,3,1,1100000,'OTROS ACTIVOS','Activo',NULL,1,1,0,0,0,0,NULL),(372,NULL,1160100,4,1,1160000,'OTROS','Activo',NULL,1,1,0,0,0,0,NULL),(373,NULL,2110400,4,2,2110000,'Provision de Honorarios','Pasivo',NULL,1,1,0,0,0,0,NULL),(374,NULL,3410100,4,1,3410000,'RESULTADOS ACUMULADOS','Patrimonio Neto',NULL,1,1,0,0,0,0,NULL),(375,NULL,3420000,3,1,3400000,'GANACIAS RESERVADAS','Patrimonio Neto',NULL,1,1,0,0,0,0,NULL),(376,NULL,3420100,4,1,3420000,'Rerva Legal','Patrimonio Neto',NULL,1,1,0,0,0,0,NULL),(377,NULL,1220400,4,1,1220000,'INMUEBLES','Activo',NULL,1,1,0,0,0,0,NULL),(378,NULL,1220500,4,1,1220000,'RODADOS','Activo',NULL,1,1,0,0,0,0,NULL),(379,NULL,1220600,4,1,1220000,'MAQUINARIAS','Activo',NULL,1,1,0,0,0,0,NULL),(380,NULL,1220204,5,1,1220200,'Instalaciones','Activo',NULL,1,1,0,0,0,1,NULL),(381,NULL,3420101,5,2,3420100,'Reserva Legal','Patrimonio Neto',NULL,1,1,0,0,0,1,NULL),(382,NULL,3420102,5,2,3420100,'Reserva Legal','Patrimonio Neto',NULL,1,1,0,0,0,1,'2020-12-31 13:34:22'),(383,NULL,3410105,5,2,3410100,'Resultado no asignado','Patrimonio Neto',NULL,1,1,0,0,0,1,NULL),(384,NULL,1110121,5,1,1110100,'Caja en Dolares','Activo',NULL,1,2,1,1,1,0,NULL),(385,NULL,1120100,4,1,1120000,'TEMPORARIAS','Activo',NULL,1,1,0,0,0,0,NULL),(386,NULL,1120101,5,1,1120100,'PLAZO FIJO','Activo',NULL,1,1,0,0,0,1,NULL),(387,NULL,1120200,4,1,1120000,'PERMANENTES','Activo',NULL,1,1,0,0,0,0,NULL),(388,NULL,1120201,5,1,1120200,'ACCIONES','Activo',NULL,1,1,0,0,0,1,NULL),(389,NULL,1220401,5,1,1220400,'Inmuebles','Activo',NULL,1,1,0,0,0,1,NULL),(390,NULL,1220501,5,1,1220500,'Vehiculos','Activo',NULL,1,1,0,0,0,1,NULL),(391,NULL,1220601,5,1,1220600,'Maquinarias','Activo',NULL,1,1,0,0,0,1,NULL),(392,NULL,1150401,5,1,1150400,'MERCADERIAS','Activo',NULL,1,1,0,0,0,1,NULL),(393,NULL,1160101,5,1,1160100,'OTROS','Activo',NULL,1,1,0,0,0,1,NULL),(394,NULL,1230100,4,1,1230000,'INTANGIBLES','Activo',NULL,1,1,0,0,0,0,NULL);
INSERT INTO `conta_plan_cuenta` VALUES (395,NULL,2110119,5,2,2110100,'Cuenta Particular Socio 2','Pasivo',NULL,1,1,0,0,0,1,NULL),(396,NULL,5120160,5,1,5120100,'Comisiones Y gastos Bancarios','Result. Negativo',NULL,1,1,0,0,0,1,NULL),(397,NULL,4110100,4,2,4110000,'Ingresos Operativos','Result. Positivo',NULL,1,1,0,0,0,0,NULL),(398,NULL,4120100,4,2,4120000,'OTROS INGRESOS','Result. Positivo',NULL,1,1,0,0,0,0,NULL),(399,NULL,5110000,3,1,5100000,'GASTOS ORDINARIOS','Result. Negativo',NULL,1,1,0,0,0,0,NULL),(400,NULL,5120000,3,1,5100000,'GASTOS DE OPERACION','Result. Negativo',NULL,1,1,0,0,0,0,NULL),(401,NULL,5130000,3,1,5100000,'GASTOS DE OPERACION','Result. Negativo',NULL,1,1,0,0,0,0,NULL),(402,NULL,5140000,3,1,5100000,'GASTOS DE OPERACION','Result. Negativo',NULL,1,1,0,0,0,0,NULL),(403,NULL,5210000,3,1,5200000,'GASTOS EXTRAORDINARIOS','Result. Negativo',NULL,1,1,0,0,0,0,NULL),(404,NULL,5210100,4,1,5210000,'GASTOS EXTRAORDINARIOS','Result. Negativo',NULL,1,1,0,0,0,0,NULL),(405,NULL,6110100,4,1,6110000,'Movimiento','Movimiento',NULL,1,1,0,0,0,0,NULL),(406,NULL,1130100,4,1,1130000,'Operaciones Ordinarias','Activo',NULL,1,1,0,0,0,0,NULL),(407,NULL,3110000,3,2,3100000,'CAPITAL SOCIAL','Patrimonio Neto',NULL,1,1,0,0,0,0,NULL),(408,NULL,3410000,3,2,3400000,'RESULTADOS ANTERIORES','Patrimonio Neto',NULL,1,1,0,0,0,0,NULL),(409,NULL,5110101,5,2,5110000,'IVA Crédito Fiscal No computable','Result. Negativo',NULL,1,2,0,0,1,1,NULL),(410,NULL,1110203,5,1,1110200,'Banco ICBC Cta. Cte.','Activo',NULL,1,2,1,1,1,0,NULL),(411,NULL,2110342,5,2,2110300,'Provisión Impuesto a las Ganancias','Pasivo',NULL,1,1,0,0,0,1,NULL),(412,NULL,5120107,5,2,5120000,'Amortización Muebles y Útiles','Result. Negativo',NULL,1,1,0,0,0,1,NULL),(413,NULL,5120102,5,2,5120000,'Amortización Equipos','Result. Negativo',NULL,1,1,0,0,0,1,NULL),(414,NULL,1220109,5,1,1220100,'Amortizacion Acumulada Equipos','Activo',NULL,1,1,0,0,0,1,NULL),(415,NULL,1220602,5,1,1220600,'Amortización Acumulada Maquinarias','Activo',NULL,1,1,0,0,0,1,NULL),(416,NULL,1160102,5,1,1160100,'Materias Primas','Activo',NULL,1,1,0,0,0,1,NULL),(417,NULL,1110204,5,1,1110200,'Banco Itaú Cta. Cte.','Activo',NULL,1,2,1,1,1,0,NULL),(418,NULL,2110113,5,2,2110100,'Deudas Bancarias','Pasivo',NULL,1,2,0,1,1,1,NULL),(419,NULL,1220502,5,1,1220500,'Rodados','Activo',NULL,1,1,0,0,0,1,NULL),(420,NULL,1220503,5,1,1220500,'Amortización Acumulada Rodados','Activo',NULL,1,1,0,0,0,1,NULL),(421,NULL,5120105,5,2,5120000,'Amortización Rodados','Result. Negativo',NULL,1,1,0,0,0,1,'2020-12-31 13:34:22'),(422,NULL,5120109,5,2,5120000,'Amortización Maquinarias','Result. Negativo',NULL,1,1,0,0,0,1,'2020-12-31 13:34:22'),(423,NULL,1220504,5,1,1220500,'Accesorios','Activo',NULL,1,1,0,0,0,1,NULL),(424,NULL,1220505,5,1,1220500,'Amortización Acumulada Accesorios','Activo',NULL,1,1,0,0,0,1,NULL),(425,NULL,1110205,5,1,1110200,'Banco Galicia Cta. Cte.','Activo',NULL,1,2,1,1,1,0,NULL),(426,NULL,3420101,5,2,3420000,'Reserva Facultativa','Patrimonio Neto',NULL,1,1,0,0,0,1,NULL),(427,NULL,1140212,5,1,1140200,'Créditos por Impuestos Diferidos','Activo',NULL,1,1,0,0,0,1,NULL),(428,NULL,1160103,5,1,1160100,'Fondo de Comercio','Activo',NULL,1,1,0,0,0,1,NULL),(429,NULL,1160104,5,1,1160100,'Amortizacion Acumulada Fondo de Comercio','Activo',NULL,1,1,0,0,0,1,NULL),(430,NULL,1140213,5,1,1140200,'Intereses a devengar AGIP','Activo',NULL,1,1,0,0,0,1,NULL),(431,NULL,2110343,5,2,2110300,'PFP IIBB','Pasivo',NULL,1,1,0,0,0,1,'2020-12-31 13:34:22'),(432,NULL,1140330,5,1,1140300,'Pago a Cuenta ITC','Activo',NULL,1,2,0,0,0,1,NULL),(433,NULL,2110114,5,2,2110100,'Préstamo','Pasivo',NULL,1,2,0,1,1,1,NULL),(434,NULL,1160106,5,1,1160100,'Productos','Activo',NULL,1,1,0,0,0,1,NULL),(435,NULL,2110345,5,2,2110300,'Intereses a devengar PFP','Pasivo',NULL,1,1,0,0,0,1,NULL),(436,NULL,1110206,5,1,1110200,'Banco Provincia Cta. Cte.','Activo',NULL,1,2,1,1,1,0,NULL),(437,NULL,1140215,5,1,1140200,'Imp. Ley 25413 Cred 0.6%','Activo',NULL,1,1,0,0,0,1,NULL);
INSERT INTO `conta_plan_cuenta` VALUES (438,NULL,2110402,5,2,2110400,'Honorarios Directorio a Pagar','Pasivo',NULL,1,1,0,0,0,1,NULL),(439,NULL,3110101,5,2,3110100,'Reserva para Futuras Inversiones','Patrimonio Neto',NULL,1,1,0,0,0,1,NULL),(440,NULL,1130106,5,1,1130100,'TEAC - Trabajos Ejecutados a Certificar','Activo',NULL,1,1,0,0,0,1,NULL),(441,NULL,2110115,5,2,2110100,'Leasing','Pasivo',NULL,1,2,0,1,1,1,NULL),(442,NULL,1110207,5,1,1110200,'Banco Comafi Cta. Cte','Activo',NULL,1,2,1,1,1,0,NULL),(443,NULL,2110500,4,2,2110000,'Deudas Financieras','Pasivo',NULL,1,1,0,0,0,0,NULL),(444,NULL,2110501,5,2,2110500,'Banco Santander Rio Cta Cte','Pasivo',NULL,1,1,0,0,0,1,NULL),(446,NULL,2210000,3,2,2200000,'Deudas','Pasivo',NULL,1,1,0,0,0,0,NULL),(447,NULL,2210100,4,2,2210000,'Otras Deudas','Pasivo',NULL,1,1,0,0,0,0,NULL),(448,NULL,2210101,5,2,2210100,'Planes de Pagos AFIP','Pasivo',NULL,1,2,0,1,1,1,NULL),(449,NULL,2110502,5,2,2110500,'Leasing','Pasivo',NULL,1,1,0,0,0,1,NULL),(450,NULL,6110101,5,1,6110000,'Cheques Rechazados','Movimiento',NULL,1,2,0,0,1,1,NULL),(451,NULL,1110208,5,1,1110200,'Banco Patagonia Taxes Software','Activo',NULL,1,2,1,1,1,0,NULL),(452,NULL,1110209,5,1,1110200,'Banco Macro Cta. Cte.','Activo',NULL,1,2,1,1,1,0,NULL),(453,NULL,1120202,5,1,1120200,'Inversión Central Caribe','Activo',NULL,1,1,0,0,0,1,'2020-12-31 13:34:22'),(454,NULL,1120102,5,1,1120100,'Otras Inversiones','Activo',NULL,1,1,0,0,0,1,NULL),(455,NULL,1140216,5,1,1140200,'Otros Créditos','Activo',NULL,1,1,0,0,0,1,NULL),(456,NULL,2110403,5,2,2110400,'Provisión Honorarios Socio Gerente','Pasivo',NULL,1,1,0,0,0,1,NULL),(457,NULL,1110210,5,1,1110200,'Cheque Diferido Banco Santander Rio','Activo',NULL,1,2,1,1,1,0,'2020-12-31 13:34:22'),(458,NULL,1110211,5,1,1110200,'Cheque Diferido Banco Macro','Activo',NULL,1,2,1,1,1,0,'2020-12-31 13:34:22'),(459,NULL,2110204,5,2,2110200,'Moratoria SUSS a pagar','Pasivo',NULL,1,1,0,0,0,1,NULL),(460,NULL,2110344,5,2,2110300,'Impuestos Municipales a Pagar','Pasivo',NULL,1,1,0,0,0,1,NULL),(461,NULL,5110103,5,2,5110000,'Amortización Instalaciones','Result. Negativo',NULL,1,1,0,0,0,1,NULL),(462,NULL,5120110,5,2,5120000,'Amortización Equipos de comput.','Result. Negativo',NULL,1,1,0,0,0,1,'2020-12-31 13:34:22'),(463,NULL,2110118,5,2,2110100,'Cuenta Particular Socio 3','Pasivo',NULL,1,1,0,0,0,1,NULL),(464,NULL,2110120,5,2,2110100,'Cuenta Particular Socio 4','Pasivo',NULL,1,1,0,0,0,1,NULL),(465,NULL,3110102,5,2,3110100,'Otras Reservas','Patrimonio Neto',NULL,1,1,0,0,0,1,NULL),(466,NULL,1140331,5,1,1140300,'IGMP (Saldo a Favor)','Activo',NULL,1,1,0,0,0,1,NULL),(467,NULL,5110104,5,2,5110000,'Interés','Result. Negativo',NULL,1,2,0,0,1,1,NULL),(468,NULL,1150402,5,1,1150400,'Productos en Proceso','Activo',NULL,1,1,0,0,0,1,NULL),(469,NULL,2110205,5,2,2110200,'Depósitos en Garantía Socio Gerente','Pasivo',NULL,1,1,0,0,0,1,NULL),(470,NULL,2110346,5,2,2110300,'Fondos Embargados','Pasivo',NULL,1,1,0,0,0,1,NULL),(471,NULL,2110347,5,2,2110300,'Cuota Solid.','Pasivo',NULL,1,1,0,0,0,1,'2020-12-31 13:34:22'),(472,NULL,1140332,5,1,1140300,'Anticipo Honorarios Directores','Activo',NULL,1,1,0,0,0,1,NULL),(473,NULL,2110348,5,2,2110300,'SICORE a Pagar','Pasivo',NULL,1,1,0,0,0,1,NULL),(474,NULL,1110212,5,1,1110200,'Banco Credicoop Cta. Cte.','Activo',NULL,1,2,1,1,1,0,NULL),(475,NULL,1110213,5,1,1110200,'Banco Superville Cta. Cte.','Activo',NULL,1,2,1,1,1,0,NULL),(476,NULL,5110105,5,2,5110000,'RECPAM','Result. Negativo',NULL,1,2,0,0,0,1,NULL),(477,NULL,1110125,5,1,1110100,'Caja Reales','Activo',NULL,1,2,1,1,1,0,NULL),(478,NULL,5140169,5,1,5140100,'CO2 - Imp. Al Carbono','Result. Negativo',NULL,1,2,0,0,0,1,NULL),(479,NULL,1140300,4,1,1140000,'Anticipo de Impuestos','Activo',NULL,1,1,0,0,0,0,NULL),(480,NULL,2110600,4,2,2110000,'Retenciones Efectuadas','Pasivo',NULL,1,1,0,0,0,0,NULL),(481,NULL,4200000,2,2,4000000,'INGRESOS EXTRAORDINARIOS','Result. Positivo',NULL,1,1,0,0,0,0,NULL);

--
-- Table structure for table `conta_tipo_asientos`
--

CREATE TABLE `conta_tipo_asientos` (
  `id` int(10) unsigned NOT NULL AUTO_INCREMENT,
  `nombre` varchar(255) COLLATE utf8mb4_unicode_ci DEFAULT NULL,
  `created_at` timestamp NULL DEFAULT NULL,
  `updated_at` timestamp NULL DEFAULT NULL,
  `deleted_at` timestamp NULL DEFAULT NULL,
  `orden` int(11) DEFAULT NULL,
  PRIMARY KEY (`id`)
) ENGINE=InnoDB AUTO_INCREMENT=24 DEFAULT CHARSET=utf8mb4 COLLATE=utf8mb4_unicode_ci;

--
-- Dumping data for table `conta_tipo_asientos`
--

INSERT INTO `conta_tipo_asientos` VALUES (1,'Sueldos',NULL,NULL,NULL,11),(2,'Ingresos',NULL,NULL,NULL,9),(3,'Egresos',NULL,NULL,NULL,10),(4,'Amortizaciones',NULL,NULL,NULL,4),(5,'Banco',NULL,NULL,NULL,15),(6,'Ganancias',NULL,NULL,NULL,12),(7,'Retenciones',NULL,NULL,NULL,13),(8,'SIRCREB',NULL,NULL,NULL,14),(9,'Compensaciones',NULL,NULL,NULL,16),(10,'Pagos AFIP',NULL,NULL,NULL,17),(11,'Ajustes',NULL,NULL,NULL,3),(12,'Saldos Iniciales',NULL,NULL,NULL,1),(13,'Cancelacion de Iniciales',NULL,NULL,NULL,2),(14,'Patrimonio Neto',NULL,NULL,NULL,8),(15,'Liquidaciones IVA',NULL,NULL,NULL,18),(16,'Liquidacion IIBB',NULL,NULL,NULL,19),(17,'Asientos de Cierre',NULL,NULL,NULL,5),(18,'Reclasificacion',NULL,NULL,NULL,6),(19,'Otros',NULL,NULL,NULL,7),(20,'Cobranzas','2019-10-02 03:20:37','2019-10-02 03:20:37',NULL,NULL),(21,'Pagos','2019-10-02 03:20:37','2019-10-02 03:20:37',NULL,NULL),(22,'Tesoreria','2019-10-19 02:10:24','2019-10-19 02:10:24',NULL,NULL),(23,'Ajuste por Inflacion','2020-03-01 06:39:20','2020-03-01 06:39:20',NULL,NULL);

--
-- Table structure for table `conta_tipo_cuentas`
--

CREATE TABLE `conta_tipo_cuentas` (
  `id` int(10) unsigned NOT NULL AUTO_INCREMENT,
  `tipo_cuenta` varchar(255) COLLATE utf8mb4_unicode_ci DEFAULT NULL,
  `created_at` timestamp NULL DEFAULT NULL,
  `updated_at` timestamp NULL DEFAULT NULL,
  `deleted_at` timestamp NULL DEFAULT NULL,
  PRIMARY KEY (`id`)
) ENGINE=InnoDB AUTO_INCREMENT=6 DEFAULT CHARSET=utf8mb4 COLLATE=utf8mb4_unicode_ci;

--
-- Dumping data for table `conta_tipo_cuentas`
--

INSERT INTO `conta_tipo_cuentas` VALUES (1,'Rubro',NULL,NULL,NULL),(2,'SubRubro',NULL,NULL,NULL),(3,'Grupo',NULL,NULL,NULL),(4,'SubGrupo',NULL,NULL,NULL),(5,'Cuenta',NULL,NULL,NULL);

--
-- Table structure for table `conta_tipo_saldos`
--

CREATE TABLE `conta_tipo_saldos` (
  `id` int(10) unsigned NOT NULL AUTO_INCREMENT,
  `saldo` varchar(255) COLLATE utf8mb4_unicode_ci DEFAULT NULL,
  `created_at` timestamp NULL DEFAULT NULL,
  `updated_at` timestamp NULL DEFAULT NULL,
  `deleted_at` timestamp NULL DEFAULT NULL,
  PRIMARY KEY (`id`)
) ENGINE=InnoDB AUTO_INCREMENT=3 DEFAULT CHARSET=utf8mb4 COLLATE=utf8mb4_unicode_ci;

--
-- Dumping data for table `conta_tipo_saldos`
--

INSERT INTO `conta_tipo_saldos` VALUES (1,'Deudor',NULL,NULL,NULL),(2,'Acreedor',NULL,NULL,NULL);

--
-- Table structure for table `control_cuits_afip`
--

CREATE TABLE `control_cuits_afip` (
  `id` int(10) unsigned NOT NULL AUTO_INCREMENT,
  `user_id` int(10) unsigned DEFAULT NULL,
  `person_id` int(10) unsigned NOT NULL,
  `field_name1` varchar(191) COLLATE utf8mb4_unicode_ci DEFAULT NULL,
  `cuit` varchar(191) COLLATE utf8mb4_unicode_ci DEFAULT NULL,
  `error` varchar(191) COLLATE utf8mb4_unicode_ci DEFAULT NULL,
  `created_at` timestamp NULL DEFAULT NULL,
  `updated_at` timestamp NULL DEFAULT NULL,
  `deleted_at` timestamp NULL DEFAULT NULL,
  PRIMARY KEY (`id`),
  KEY `control_cuits_afip_person_id_foreign` (`person_id`),
  CONSTRAINT `control_cuits_afip_person_id_foreign` FOREIGN KEY (`person_id`) REFERENCES `persons` (`id`)
) ENGINE=InnoDB DEFAULT CHARSET=utf8mb4 COLLATE=utf8mb4_unicode_ci;

--
-- Dumping data for table `control_cuits_afip`
--


--
-- Table structure for table `control_general`
--

CREATE TABLE `control_general` (
  `id` int(10) unsigned NOT NULL AUTO_INCREMENT,
  `description` varchar(180) COLLATE utf8mb4_unicode_ci NOT NULL,
  `class` int(10) unsigned NOT NULL,
  `class_description` varchar(180) COLLATE utf8mb4_unicode_ci NOT NULL,
  `path` varchar(255) COLLATE utf8mb4_unicode_ci DEFAULT NULL,
  `created_at` timestamp NULL DEFAULT NULL,
  `updated_at` timestamp NULL DEFAULT NULL,
  PRIMARY KEY (`id`),
  UNIQUE KEY `control_general_description_unique` (`description`)
) ENGINE=InnoDB AUTO_INCREMENT=6 DEFAULT CHARSET=utf8mb4 COLLATE=utf8mb4_unicode_ci;

--
-- Dumping data for table `control_general`
--

INSERT INTO `control_general` VALUES (1,'Ingresos - Egresos - Resultado',1,'Proyeccion Ganancias','control_general/proyecGanancias',NULL,NULL),(2,'IVA',2,'IVA','control_general/iva',NULL,NULL),(3,'IIBB',3,'IIBB','control_general/iibb',NULL,NULL),(4,'Por Mes',4,'Vto. Impuestos','control_general/vto',NULL,NULL),(5,'Por Impuesto',4,'Vto. Impuestos','control_general/vtoPorImpuestos',NULL,NULL);

--
-- Table structure for table `cta_cte_cliente`
--

CREATE TABLE `cta_cte_cliente` (
  `id` int(10) unsigned NOT NULL AUTO_INCREMENT,
  `user_id` int(10) unsigned DEFAULT NULL,
  `tipo_asiento_id` int(10) unsigned NOT NULL,
  `person_id` int(10) unsigned NOT NULL,
  `person_id_relationed` int(10) unsigned NOT NULL,
  `cta_cte_tesoreria_cuenta_id` int(10) unsigned DEFAULT NULL,
  `period_id` int(10) unsigned NOT NULL,
  `saldo_id` int(10) unsigned NOT NULL,
  `compensado` tinyint(1) NOT NULL DEFAULT '0',
  `fecha` date DEFAULT NULL,
  `total` decimal(16,2) NOT NULL,
  `comentario` varchar(191) COLLATE utf8mb4_unicode_ci DEFAULT NULL,
  `file` varchar(191) COLLATE utf8mb4_unicode_ci DEFAULT NULL,
  `created_at` timestamp NULL DEFAULT NULL,
  `updated_at` timestamp NULL DEFAULT NULL,
  `deleted_at` timestamp NULL DEFAULT NULL,
  PRIMARY KEY (`id`),
  KEY `cta_cte_cliente_person_id_foreign` (`person_id`),
  KEY `cta_cte_cliente_person_id_relationed_foreign` (`person_id_relationed`),
  KEY `cta_cte_cliente_period_id_foreign` (`period_id`),
  KEY `cta_cte_cliente_saldo_id_foreign` (`saldo_id`),
  KEY `cta_cte_cliente_tipo_asiento_id_foreign` (`tipo_asiento_id`),
  KEY `cta_cte_cliente_cta_cte_tesoreria_cuenta_id_foreign` (`cta_cte_tesoreria_cuenta_id`),
  CONSTRAINT `cta_cte_cliente_cta_cte_tesoreria_cuenta_id_foreign` FOREIGN KEY (`cta_cte_tesoreria_cuenta_id`) REFERENCES `cta_cte_tesoreria_cuentas` (`id`),
  CONSTRAINT `cta_cte_cliente_period_id_foreign` FOREIGN KEY (`period_id`) REFERENCES `periods` (`id`),
  CONSTRAINT `cta_cte_cliente_person_id_foreign` FOREIGN KEY (`person_id`) REFERENCES `persons` (`id`),
  CONSTRAINT `cta_cte_cliente_person_id_relationed_foreign` FOREIGN KEY (`person_id_relationed`) REFERENCES `persons` (`id`),
  CONSTRAINT `cta_cte_cliente_saldo_id_foreign` FOREIGN KEY (`saldo_id`) REFERENCES `conta_tipo_saldos` (`id`),
  CONSTRAINT `cta_cte_cliente_tipo_asiento_id_foreign` FOREIGN KEY (`tipo_asiento_id`) REFERENCES `conta_tipo_asientos` (`id`)
) ENGINE=InnoDB AUTO_INCREMENT=1227 DEFAULT CHARSET=utf8mb4 COLLATE=utf8mb4_unicode_ci;

--
-- Dumping data for table `cta_cte_cliente`
--

INSERT INTO `cta_cte_cliente` VALUES (214,7255,3,40741,41010,57,33333,2,0,'2022-05-02',15671.86,'Factura B N°: 0004-00041726',NULL,'2022-06-17 00:20:00','2022-06-22 00:35:08','2022-06-22 00:35:08'),(215,7255,3,40741,41011,57,33333,2,0,'2022-05-03',16185.00,'Factura A N°: 0001-00001379',NULL,'2022-06-17 00:20:00','2022-06-17 00:20:00',NULL),(216,7255,3,40741,41012,57,33333,2,0,'2022-05-04',12998.00,'Factura A N°: 0020-00001767',NULL,'2022-06-17 00:20:00','2022-06-17 00:20:00',NULL),(217,7255,3,40741,40719,57,33333,2,0,'2022-05-05',5100.00,'RECIBO C N°: 0003-00001627',NULL,'2022-06-17 00:20:00','2022-06-17 00:20:00',NULL),(218,7255,3,40741,41013,57,33333,2,0,'2022-05-08',6379.70,'Factura A N°: 2019-00058728',NULL,'2022-06-17 00:20:00','2022-06-17 00:20:00',NULL),(219,7255,3,40741,41014,57,33333,2,0,'2022-05-09',16380.05,'Factura A N°: 0011-00002035',NULL,'2022-06-17 00:20:01','2022-06-17 00:20:01',NULL),(220,7255,3,40741,41015,57,33333,2,0,'2022-05-14',2405.04,'Factura A N°: 2467-00631186',NULL,'2022-06-17 00:20:01','2022-06-17 00:20:01',NULL),(221,7255,3,40741,41016,57,33333,2,0,'2022-05-15',475.00,'Factura C N°: 0009-03175800',NULL,'2022-06-17 00:20:01','2022-06-17 00:20:01',NULL),(222,7255,3,40741,41017,57,33333,2,0,'2022-05-17',44949.93,'Factura A N°: 0010-00000838',NULL,'2022-06-17 00:20:01','2022-06-17 00:20:01',NULL),(223,7255,3,40741,41018,57,33333,2,0,'2022-05-18',8758.00,'Factura A N°: 0017-00001410',NULL,'2022-06-17 00:20:01','2022-06-17 00:20:01',NULL),(224,7255,3,40741,41019,57,33333,2,0,'2022-05-19',13790.00,'Factura A N°: 0102-00008450',NULL,'2022-06-17 00:20:01','2022-06-17 00:20:01',NULL),(225,7255,3,40741,41020,57,33333,2,0,'2022-05-19',12140.00,'Factura A N°: 0004-00005568',NULL,'2022-06-17 00:20:01','2022-06-17 00:20:01',NULL),(226,7255,3,40741,41021,57,33333,2,0,'2022-05-20',4466.00,'Factura B N°: 2958-00004999',NULL,'2022-06-17 00:20:01','2022-06-17 00:20:01',NULL),(227,7255,3,40741,41022,57,33333,2,0,'2022-05-20',9500.00,'Factura A N°: 0002-00001774',NULL,'2022-06-17 00:20:01','2022-06-17 00:20:01',NULL),(228,7255,3,40741,41023,57,33333,2,0,'2022-05-29',318881.03,'Factura A N°: 0001-01092615',NULL,'2022-06-17 00:20:01','2022-06-17 00:20:01',NULL),(229,7255,3,40741,41024,57,33333,2,0,'2022-05-29',248211.67,'Factura A N°: 0011-01656085',NULL,'2022-06-17 00:20:01','2022-06-17 02:23:20','2022-06-17 02:23:20'),(230,7255,3,40741,41023,57,33333,1,0,'2022-05-29',5978.67,'Nota de crédito A N°: 0001-00477917',NULL,'2022-06-17 00:20:01','2022-06-17 00:20:01',NULL),(231,7255,3,40741,41024,57,33333,1,0,'2022-05-31',5014.81,'Nota de crédito A N°: 0011-00799118',NULL,'2022-06-17 00:20:01','2022-06-17 00:20:01',NULL),(232,7255,3,40741,41025,57,33333,2,0,'2022-05-31',24000.00,'Factura A N°: 0003-00001547',NULL,'2022-06-17 00:20:01','2022-06-17 00:20:01',NULL),(233,7255,3,40741,41026,57,33333,2,0,'2022-05-31',4333.00,'Factura A N°: 0003-00005280',NULL,'2022-06-17 00:20:01','2022-06-17 00:20:01',NULL),(234,7255,3,40741,41027,57,33333,2,0,'2022-05-31',4344.21,'Factura A N°: 0005-00026144',NULL,'2022-06-17 00:20:01','2022-06-17 00:20:01',NULL),(235,7255,2,40741,41028,13,33333,1,0,'2022-05-09',3449.95,'Factura A N°: 0003-00000880',NULL,'2022-06-17 00:39:36','2022-06-17 00:39:36',NULL),(236,7255,2,40741,41029,13,33333,1,0,'2022-05-11',749.99,'Factura A N°: 0003-00000881',NULL,'2022-06-17 00:39:36','2022-06-17 00:39:36',NULL),(237,7255,2,40741,41030,13,33333,1,0,'2022-05-11',11000.00,'Factura A N°: 0003-00000882',NULL,'2022-06-17 00:39:36','2022-06-17 00:39:36',NULL),(238,7255,2,40741,41031,13,33333,1,0,'2022-05-17',1149.98,'Factura A N°: 0003-00000883',NULL,'2022-06-17 00:39:36','2022-06-17 00:39:36',NULL),(239,7255,2,40741,41032,13,33333,1,0,'2022-05-17',1149.98,'Factura A N°: 0003-00000884',NULL,'2022-06-17 00:39:36','2022-06-17 00:39:36',NULL),(240,7255,2,40741,41033,13,33333,1,0,'2022-05-17',1149.99,'Factura B N°: 0003-00015207',NULL,'2022-06-17 00:39:36','2022-06-17 00:39:36',NULL);
INSERT INTO `cta_cte_cliente` VALUES (241,7255,2,40741,41034,13,33333,1,0,'2022-05-17',1599.98,'Factura B N°: 0003-00015208',NULL,'2022-06-17 00:39:36','2022-06-17 00:39:36',NULL),(242,7255,2,40741,41035,13,33333,1,0,'2022-05-17',1149.99,'Factura B N°: 0003-00015209',NULL,'2022-06-17 00:39:36','2022-06-17 00:39:36',NULL),(243,7255,2,40741,41036,13,33333,1,0,'2022-05-17',999.99,'Factura B N°: 0003-00015210',NULL,'2022-06-17 00:39:36','2022-06-17 00:39:36',NULL),(244,7255,2,40741,41037,13,33333,1,0,'2022-05-17',1149.99,'Factura B N°: 0003-00015211',NULL,'2022-06-17 00:39:36','2022-06-17 00:39:36',NULL),(245,7255,2,40741,41038,13,33333,1,0,'2022-05-17',749.99,'Factura B N°: 0003-00015212',NULL,'2022-06-17 00:39:36','2022-06-17 00:39:36',NULL),(246,7255,2,40741,41039,13,33333,1,0,'2022-05-17',2299.98,'Factura B N°: 0003-00015213',NULL,'2022-06-17 00:39:36','2022-06-17 00:39:36',NULL),(247,7255,2,40741,41040,13,33333,1,0,'2022-05-17',13998.99,'Factura B N°: 0003-00015214',NULL,'2022-06-17 00:39:36','2022-06-17 00:39:36',NULL),(248,7255,2,40741,41041,13,33333,1,0,'2022-05-17',1499.99,'Factura B N°: 0003-00015215',NULL,'2022-06-17 00:39:36','2022-06-17 00:39:36',NULL),(249,7255,2,40741,41042,13,33333,1,0,'2022-05-17',1199.98,'Factura B N°: 0003-00015216',NULL,'2022-06-17 00:39:36','2022-06-17 00:39:36',NULL),(250,7255,2,40741,41043,13,33333,1,0,'2022-05-17',4099.96,'Factura B N°: 0003-00015217',NULL,'2022-06-17 00:39:37','2022-06-17 00:39:37',NULL),(251,7255,2,40741,41044,13,33333,1,0,'2022-05-17',999.99,'Factura B N°: 0003-00015218',NULL,'2022-06-17 00:39:37','2022-06-17 00:39:37',NULL),(252,7255,2,40741,41045,13,33333,1,0,'2022-05-17',2199.99,'Factura B N°: 0003-00015219',NULL,'2022-06-17 00:39:37','2022-06-17 00:39:37',NULL),(253,7255,2,40741,41046,13,33333,1,0,'2022-05-17',1149.99,'Factura B N°: 0003-00015220',NULL,'2022-06-17 00:39:37','2022-06-17 00:39:37',NULL),(254,7255,2,40741,41047,13,33333,1,0,'2022-05-17',1149.99,'Factura B N°: 0003-00015221',NULL,'2022-06-17 00:39:37','2022-06-17 00:39:37',NULL),(255,7255,2,40741,41048,13,33333,1,0,'2022-05-17',1899.99,'Factura B N°: 0003-00015222',NULL,'2022-06-17 00:39:37','2022-06-17 00:39:37',NULL),(256,7255,2,40741,41049,13,33333,1,0,'2022-05-17',999.99,'Factura B N°: 0003-00015223',NULL,'2022-06-17 00:39:37','2022-06-17 00:39:37',NULL),(257,7255,2,40741,41050,13,33333,1,0,'2022-05-17',1149.99,'Factura B N°: 0003-00015224',NULL,'2022-06-17 00:39:37','2022-06-17 00:39:37',NULL),(258,7255,2,40741,41051,13,33333,1,0,'2022-05-17',1149.99,'Factura B N°: 0003-00015225',NULL,'2022-06-17 00:39:37','2022-06-17 00:39:37',NULL),(259,7255,2,40741,41052,13,33333,1,0,'2022-05-17',599.99,'Factura B N°: 0003-00015226',NULL,'2022-06-17 00:39:37','2022-06-17 00:39:37',NULL),(260,7255,2,40741,41053,13,33333,1,0,'2022-05-19',8106.99,'Factura A N°: 0004-00000431',NULL,'2022-06-17 00:39:37','2022-06-17 00:39:37',NULL),(261,7255,2,40741,41054,13,33333,1,0,'2022-05-21',849.99,'Factura A N°: 0003-00000885',NULL,'2022-06-17 00:39:37','2022-06-17 00:39:37',NULL),(262,7255,2,40741,41055,13,33333,1,0,'2022-05-23',999.99,'Factura B N°: 0003-00015227',NULL,'2022-06-17 00:39:37','2022-06-17 00:39:37',NULL),(263,7255,2,40741,41056,13,33333,1,0,'2022-05-23',1199.99,'Factura B N°: 0003-00015228',NULL,'2022-06-17 00:39:37','2022-06-17 00:39:37',NULL),(264,7255,2,40741,41057,13,33333,1,0,'2022-05-23',6999.00,'Factura B N°: 0003-00015229',NULL,'2022-06-17 00:39:37','2022-06-17 00:39:37',NULL),(265,7255,2,40741,41058,13,33333,1,0,'2022-05-23',13998.99,'Factura B N°: 0003-00015230',NULL,'2022-06-17 00:39:37','2022-06-17 00:39:37',NULL),(266,7255,2,40741,41059,13,33333,1,0,'2022-05-23',8500.00,'Factura B N°: 0003-00015231',NULL,'2022-06-17 00:39:37','2022-06-17 00:39:37',NULL),(267,7255,2,40741,41060,13,33333,1,0,'2022-05-23',13998.99,'Factura B N°: 0003-00015232',NULL,'2022-06-17 00:39:37','2022-06-17 00:39:37',NULL);
INSERT INTO `cta_cte_cliente` VALUES (268,7255,2,40741,41061,13,33333,1,0,'2022-05-23',6999.00,'Factura B N°: 0003-00015233',NULL,'2022-06-17 00:39:37','2022-06-17 00:39:37',NULL),(269,7255,2,40741,41062,13,33333,1,0,'2022-05-23',31499.97,'Factura B N°: 0003-00015234',NULL,'2022-06-17 00:39:37','2022-06-17 00:39:37',NULL),(270,7255,2,40741,41063,13,33333,1,0,'2022-05-23',13998.99,'Factura B N°: 0003-00015235',NULL,'2022-06-17 00:39:37','2022-06-17 00:39:37',NULL),(271,7255,2,40741,41064,13,33333,1,0,'2022-05-23',1899.98,'Factura B N°: 0003-00015236',NULL,'2022-06-17 00:39:38','2022-06-17 00:39:38',NULL),(272,7255,2,40741,41065,13,33333,1,0,'2022-05-23',1699.98,'Factura B N°: 0003-00015237',NULL,'2022-06-17 00:39:38','2022-06-17 00:39:38',NULL),(273,7255,2,40741,41066,13,33333,1,0,'2022-05-23',1299.98,'Factura B N°: 0003-00015238',NULL,'2022-06-17 00:39:38','2022-06-17 00:39:38',NULL),(274,7255,2,40741,41067,13,33333,1,0,'2022-05-23',6999.96,'Factura B N°: 0003-00015239',NULL,'2022-06-17 00:39:38','2022-06-17 00:39:38',NULL),(275,7255,2,40741,41068,13,33333,1,0,'2022-05-23',2149.98,'Factura B N°: 0003-00015240',NULL,'2022-06-17 00:39:38','2022-06-17 00:39:38',NULL),(276,7255,2,40741,41069,13,33333,1,0,'2022-05-23',4649.96,'Factura B N°: 0003-00015241',NULL,'2022-06-17 00:39:38','2022-06-17 00:39:38',NULL),(277,7255,2,40741,41070,13,33333,1,0,'2022-05-23',999.99,'Factura B N°: 0003-00015242',NULL,'2022-06-17 00:39:38','2022-06-17 00:39:38',NULL),(278,7255,2,40741,41070,13,33333,1,0,'2022-05-23',1499.99,'Factura B N°: 0003-00015243',NULL,'2022-06-17 00:39:38','2022-06-17 00:39:38',NULL),(279,7255,2,40741,41071,13,33333,1,0,'2022-05-23',1299.98,'Factura B N°: 0003-00015244',NULL,'2022-06-17 00:39:38','2022-06-17 00:39:38',NULL),(280,7255,2,40741,41072,13,33333,1,0,'2022-05-23',2799.98,'Factura B N°: 0003-00015245',NULL,'2022-06-17 00:39:38','2022-06-17 00:39:38',NULL),(281,7255,2,40741,41073,13,33333,1,0,'2022-05-23',1699.99,'Factura B N°: 0003-00015246',NULL,'2022-06-17 00:39:38','2022-06-17 00:39:38',NULL),(282,7255,2,40741,41074,13,33333,1,0,'2022-05-23',1699.99,'Factura B N°: 0003-00015247',NULL,'2022-06-17 00:39:38','2022-06-17 00:39:38',NULL),(283,7255,2,40741,41075,13,33333,1,0,'2022-05-23',999.99,'Factura B N°: 0003-00015248',NULL,'2022-06-17 00:39:38','2022-06-17 00:39:38',NULL),(284,7255,2,40741,41076,13,33333,1,0,'2022-05-24',9999.00,'Factura B N°: 0003-00015249',NULL,'2022-06-17 00:39:38','2022-06-17 00:39:38',NULL),(285,7255,2,40741,41077,13,33333,1,0,'2022-05-24',5999.98,'Factura B N°: 0003-00015250',NULL,'2022-06-17 00:39:38','2022-06-17 00:39:38',NULL),(286,7255,2,40741,41078,13,33333,1,0,'2022-05-24',6999.00,'Factura B N°: 0003-00015251',NULL,'2022-06-17 00:39:38','2022-06-17 00:39:38',NULL),(287,7255,2,40741,41079,13,33333,1,0,'2022-05-24',10998.99,'Factura B N°: 0003-00015252',NULL,'2022-06-17 00:39:38','2022-06-17 00:39:38',NULL),(288,7255,2,40741,41080,13,33333,1,0,'2022-05-24',3999.99,'Factura B N°: 0003-00015253',NULL,'2022-06-17 00:39:38','2022-06-17 00:39:38',NULL),(289,7255,2,40741,41081,13,33333,1,0,'2022-05-24',1999.98,'Factura B N°: 0003-00015254',NULL,'2022-06-17 00:39:38','2022-06-17 00:39:38',NULL),(290,7255,2,40741,41082,13,33333,1,0,'2022-05-24',749.99,'Factura B N°: 0003-00015255',NULL,'2022-06-17 00:39:38','2022-06-17 00:39:38',NULL),(291,7255,2,40741,41082,13,33333,1,0,'2022-05-24',549.99,'Factura B N°: 0003-00015256',NULL,'2022-06-17 00:39:38','2022-06-17 00:39:38',NULL),(292,7255,2,40741,41083,13,33333,1,0,'2022-05-26',999.99,'Factura A N°: 0003-00000886',NULL,'2022-06-17 00:39:38','2022-06-17 00:39:38',NULL),(293,7255,2,40741,41084,13,33333,1,0,'2022-05-26',1149.99,'Factura B N°: 0003-00015257',NULL,'2022-06-17 00:39:38','2022-06-17 00:39:38',NULL),(294,7255,2,40741,41085,13,33333,1,0,'2022-05-26',999.99,'Factura B N°: 0003-00015258',NULL,'2022-06-17 00:39:39','2022-06-17 00:39:39',NULL);
INSERT INTO `cta_cte_cliente` VALUES (295,7255,2,40741,41086,13,33333,1,0,'2022-05-26',599.99,'Factura B N°: 0003-00015259',NULL,'2022-06-17 00:39:39','2022-06-17 00:39:39',NULL),(296,7255,2,40741,41087,13,33333,1,0,'2022-05-26',1399.99,'Factura B N°: 0003-00015260',NULL,'2022-06-17 00:39:39','2022-06-17 00:39:39',NULL),(297,7255,2,40741,41088,13,33333,1,0,'2022-05-26',849.99,'Factura B N°: 0003-00015261',NULL,'2022-06-17 00:39:39','2022-06-17 00:39:39',NULL),(298,7255,2,40741,41089,13,33333,1,0,'2022-05-26',1399.99,'Factura B N°: 0003-00015262',NULL,'2022-06-17 00:39:39','2022-06-17 00:39:39',NULL),(299,7255,2,40741,41090,13,33333,1,0,'2022-05-26',1799.99,'Factura B N°: 0003-00015263',NULL,'2022-06-17 00:39:39','2022-06-17 00:39:39',NULL),(300,7255,2,40741,41091,13,33333,1,0,'2022-05-26',549.99,'Factura B N°: 0003-00015264',NULL,'2022-06-17 00:39:39','2022-06-17 00:39:39',NULL),(301,7255,2,40741,41092,13,33333,1,0,'2022-05-26',749.99,'Factura B N°: 0003-00015265',NULL,'2022-06-17 00:39:39','2022-06-17 00:39:39',NULL),(302,7255,2,40741,41093,13,33333,1,0,'2022-05-26',749.99,'Factura B N°: 0003-00015266',NULL,'2022-06-17 00:39:39','2022-06-17 00:39:39',NULL),(303,7255,2,40741,41094,13,33333,1,0,'2022-05-26',1499.99,'Factura B N°: 0003-00015267',NULL,'2022-06-17 00:39:39','2022-06-17 00:39:39',NULL),(304,7255,2,40741,41095,13,33333,1,0,'2022-05-26',999.99,'Factura B N°: 0003-00015268',NULL,'2022-06-17 00:39:39','2022-06-17 00:39:39',NULL),(305,7255,2,40741,41096,13,33333,1,0,'2022-05-26',1899.99,'Factura B N°: 0003-00015269',NULL,'2022-06-17 00:39:39','2022-06-17 00:39:39',NULL),(306,7255,2,40741,41097,13,33333,1,0,'2022-05-26',2499.99,'Factura B N°: 0003-00015270',NULL,'2022-06-17 00:39:39','2022-06-17 00:39:39',NULL),(307,7255,2,40741,41098,13,33333,1,0,'2022-05-26',1149.99,'Factura B N°: 0003-00015271',NULL,'2022-06-17 00:39:39','2022-06-17 00:39:39',NULL),(308,7255,2,40741,41099,13,33333,1,0,'2022-05-26',1149.99,'Factura B N°: 0003-00015272',NULL,'2022-06-17 00:39:39','2022-06-17 00:39:39',NULL),(309,7255,2,40741,41100,13,33333,1,0,'2022-05-26',999.99,'Factura B N°: 0003-00015273',NULL,'2022-06-17 00:39:39','2022-06-17 00:39:39',NULL),(310,7255,2,40741,41101,13,33333,1,0,'2022-05-26',1799.99,'Factura B N°: 0003-00015274',NULL,'2022-06-17 00:39:39','2022-06-17 00:39:39',NULL),(311,7255,2,40741,41102,13,33333,1,0,'2022-05-27',1149.98,'Factura A N°: 0003-00000887',NULL,'2022-06-17 00:39:39','2022-06-17 00:39:39',NULL),(312,7255,2,40741,41103,13,33333,1,0,'2022-05-27',749.99,'Factura A N°: 0003-00000888',NULL,'2022-06-17 00:39:39','2022-06-17 00:39:39',NULL),(313,7255,2,40741,41104,13,33333,1,0,'2022-05-27',749.99,'Factura A N°: 0003-00000889',NULL,'2022-06-17 00:39:39','2022-06-17 00:39:39',NULL),(314,7255,2,40741,41105,13,33333,1,0,'2022-05-27',1899.99,'Factura A N°: 0003-00000890',NULL,'2022-06-17 00:39:39','2022-06-17 00:39:39',NULL),(315,7255,2,40741,41106,13,33333,1,0,'2022-05-27',999.99,'Factura B N°: 0003-00015275',NULL,'2022-06-17 00:39:39','2022-06-17 00:39:39',NULL),(316,7255,2,40741,41094,13,33333,1,0,'2022-05-27',1499.99,'Factura B N°: 0003-00015276',NULL,'2022-06-17 00:39:39','2022-06-17 00:39:39',NULL),(317,7255,2,40741,41107,13,33333,1,0,'2022-05-27',1199.99,'Factura B N°: 0003-00015277',NULL,'2022-06-17 00:39:39','2022-06-17 00:39:39',NULL),(318,7255,2,40741,41108,13,33333,1,0,'2022-05-27',1899.99,'Factura B N°: 0003-00015278',NULL,'2022-06-17 00:39:39','2022-06-17 00:39:39',NULL),(319,7255,2,40741,41109,13,33333,1,0,'2022-05-27',549.99,'Factura B N°: 0003-00015279',NULL,'2022-06-17 00:39:39','2022-06-17 00:39:39',NULL),(320,7255,2,40741,41110,13,33333,1,0,'2022-05-27',1149.99,'Factura B N°: 0003-00015280',NULL,'2022-06-17 00:39:40','2022-06-17 00:39:40',NULL),(321,7255,2,40741,41111,13,33333,1,0,'2022-05-27',3949.99,'Factura B N°: 0003-00015281',NULL,'2022-06-17 00:39:40','2022-06-17 00:39:40',NULL),(322,7255,2,40741,41112,13,33333,1,0,'2022-05-27',1149.99,'Factura B N°: 0003-00015282',NULL,'2022-06-17 00:39:40','2022-06-17 00:39:40',NULL);
INSERT INTO `cta_cte_cliente` VALUES (323,7255,2,40741,41113,13,33333,1,0,'2022-05-27',599.99,'Factura B N°: 0003-00015283',NULL,'2022-06-17 00:39:40','2022-06-17 00:39:40',NULL),(324,7255,2,40741,41114,13,33333,1,0,'2022-05-27',549.99,'Factura B N°: 0003-00015284',NULL,'2022-06-17 00:39:40','2022-06-17 00:39:40',NULL),(325,7255,2,40741,41115,13,33333,1,0,'2022-05-27',749.99,'Factura B N°: 0003-00015285',NULL,'2022-06-17 00:39:40','2022-06-17 00:39:40',NULL),(326,7255,2,40741,41116,13,33333,1,0,'2022-05-28',1149.98,'Factura A N°: 0003-00000891',NULL,'2022-06-17 00:39:40','2022-06-17 00:39:40',NULL),(327,7255,2,40741,41117,13,33333,1,0,'2022-05-28',999.99,'Factura A N°: 0003-00000892',NULL,'2022-06-17 00:39:40','2022-06-17 00:39:40',NULL),(328,7255,2,40741,41118,13,33333,1,0,'2022-05-28',1149.99,'Factura B N°: 0003-00015286',NULL,'2022-06-17 00:39:40','2022-06-17 00:39:40',NULL),(329,7255,2,40741,41119,13,33333,1,0,'2022-05-28',2199.99,'Factura B N°: 0003-00015287',NULL,'2022-06-17 00:39:40','2022-06-17 00:39:40',NULL),(330,7255,2,40741,41120,13,33333,1,0,'2022-05-28',1499.99,'Factura B N°: 0003-00015288',NULL,'2022-06-17 00:39:40','2022-06-17 00:39:40',NULL),(331,7255,2,40741,41121,13,33333,1,0,'2022-05-28',1149.99,'Factura B N°: 0003-00015289',NULL,'2022-06-17 00:39:40','2022-06-17 00:39:40',NULL),(332,7255,2,40741,41122,13,33333,1,0,'2022-05-28',1599.98,'Factura B N°: 0003-00015290',NULL,'2022-06-17 00:39:40','2022-06-17 00:39:40',NULL),(333,7255,2,40741,41123,13,33333,1,0,'2022-05-28',1149.99,'Factura B N°: 0003-00015291',NULL,'2022-06-17 00:39:40','2022-06-17 00:39:40',NULL),(334,7255,2,40741,41124,13,33333,1,0,'2022-05-28',1799.99,'Factura B N°: 0003-00015292',NULL,'2022-06-17 00:39:40','2022-06-17 00:39:40',NULL),(335,7255,2,40741,41125,13,33333,1,0,'2022-05-30',1549.98,'Factura A N°: 0003-00000893',NULL,'2022-06-17 00:39:40','2022-06-17 00:39:40',NULL),(336,7255,2,40741,41126,13,33333,1,0,'2022-05-30',10949.91,'Factura A N°: 0003-00000894',NULL,'2022-06-17 00:39:40','2022-06-17 00:39:40',NULL),(337,7255,2,40741,41127,13,33333,1,0,'2022-05-30',1549.97,'Factura A N°: 0003-00000895',NULL,'2022-06-17 00:39:40','2022-06-17 00:39:40',NULL),(338,7255,2,40741,41128,13,33333,1,0,'2022-05-30',749.99,'Factura A N°: 0003-00000896',NULL,'2022-06-17 00:39:40','2022-06-17 00:39:40',NULL),(339,7255,2,40741,41129,13,33333,1,0,'2022-05-30',999.99,'Factura B N°: 0003-00015293',NULL,'2022-06-17 00:39:40','2022-06-17 00:39:40',NULL),(340,7255,2,40741,41130,13,33333,1,0,'2022-05-30',549.99,'Factura B N°: 0003-00015294',NULL,'2022-06-17 00:39:40','2022-06-17 00:39:40',NULL),(341,7255,2,40741,41131,13,33333,1,0,'2022-05-30',1149.99,'Factura B N°: 0003-00015295',NULL,'2022-06-17 00:39:40','2022-06-17 00:39:40',NULL),(342,7255,2,40741,41132,13,33333,1,0,'2022-05-30',1399.99,'Factura B N°: 0003-00015296',NULL,'2022-06-17 00:39:40','2022-06-17 00:39:40',NULL),(343,7255,2,40741,41133,13,33333,1,0,'2022-05-30',9999.00,'Factura B N°: 0003-00015297',NULL,'2022-06-17 00:39:40','2022-06-17 00:39:40',NULL),(344,7255,2,40741,41134,13,33333,1,0,'2022-05-30',5999.00,'Factura B N°: 0003-00015298',NULL,'2022-06-17 00:39:41','2022-06-17 00:39:41',NULL),(345,7255,2,40741,41135,13,33333,1,0,'2022-05-30',13998.99,'Factura B N°: 0003-00015299',NULL,'2022-06-17 00:39:41','2022-06-17 00:39:41',NULL),(346,7255,2,40741,41136,13,33333,1,0,'2022-05-30',8500.00,'Factura B N°: 0003-00015300',NULL,'2022-06-17 00:39:41','2022-06-17 00:39:41',NULL),(347,7255,2,40741,41137,13,33333,1,0,'2022-05-30',13998.99,'Factura B N°: 0003-00015301',NULL,'2022-06-17 00:39:41','2022-06-17 00:39:41',NULL),(348,7255,2,40741,41138,13,33333,1,0,'2022-05-30',5499.99,'Factura B N°: 0003-00015302',NULL,'2022-06-17 00:39:41','2022-06-17 00:39:41',NULL),(349,7255,2,40741,41139,13,33333,1,0,'2022-05-30',5499.90,'Factura B N°: 0003-00015303',NULL,'2022-06-17 00:39:41','2022-06-17 00:39:41',NULL);
INSERT INTO `cta_cte_cliente` VALUES (350,7255,2,40741,41140,13,33333,1,0,'2022-05-30',1299.98,'Factura B N°: 0003-00015304',NULL,'2022-06-17 00:39:41','2022-06-17 00:39:41',NULL),(351,7255,2,40741,41141,13,33333,1,0,'2022-05-30',2349.98,'Factura B N°: 0003-00015305',NULL,'2022-06-17 00:39:41','2022-06-17 00:39:41',NULL),(352,7255,2,40741,41142,13,33333,1,0,'2022-05-30',2149.98,'Factura B N°: 0003-00015306',NULL,'2022-06-17 00:39:41','2022-06-17 00:39:41',NULL),(353,7255,2,40741,41143,13,33333,1,0,'2022-05-30',1649.97,'Factura B N°: 0003-00015307',NULL,'2022-06-17 00:39:41','2022-06-17 00:39:41',NULL),(354,7255,2,40741,41144,13,33333,1,0,'2022-05-30',3799.96,'Factura B N°: 0003-00015308',NULL,'2022-06-17 00:39:41','2022-06-17 00:39:41',NULL),(355,7255,2,40741,41144,13,33333,1,0,'2022-05-30',1199.99,'Factura B N°: 0003-00015309',NULL,'2022-06-17 00:39:41','2022-06-17 00:39:41',NULL),(356,7255,2,40741,41145,13,33333,1,0,'2022-05-30',1999.98,'Factura B N°: 0003-00015310',NULL,'2022-06-17 00:39:41','2022-06-17 00:39:41',NULL),(357,7255,2,40741,41146,13,33333,1,0,'2022-05-30',4349.96,'Factura B N°: 0003-00015311',NULL,'2022-06-17 00:39:41','2022-06-17 00:39:41',NULL),(358,7255,2,40741,41147,13,33333,1,0,'2022-05-30',1199.99,'Factura B N°: 0003-00015312',NULL,'2022-06-17 00:39:41','2022-06-17 00:39:41',NULL),(359,7255,2,40741,41148,13,33333,1,0,'2022-05-30',799.99,'Factura B N°: 0003-00015313',NULL,'2022-06-17 00:39:41','2022-06-17 00:39:41',NULL),(360,7255,2,40741,41149,13,33333,1,0,'2022-05-30',999.99,'Factura B N°: 0003-00015314',NULL,'2022-06-17 00:39:41','2022-06-17 00:39:41',NULL),(361,7255,2,40741,41150,13,33333,1,0,'2022-05-30',2999.99,'Factura B N°: 0003-00015315',NULL,'2022-06-17 00:39:41','2022-06-17 00:39:41',NULL),(362,7255,2,40741,41151,13,33333,1,0,'2022-05-30',999.99,'Factura B N°: 0003-00015316',NULL,'2022-06-17 00:39:41','2022-06-17 00:39:41',NULL),(363,7255,2,40741,41152,13,33333,1,0,'2022-05-30',1499.98,'Factura B N°: 0003-00015317',NULL,'2022-06-17 00:39:41','2022-06-17 00:39:41',NULL),(364,7255,2,40741,41153,13,33333,1,0,'2022-05-30',849.99,'Factura B N°: 0003-00015318',NULL,'2022-06-17 00:39:41','2022-06-17 00:39:41',NULL),(365,7255,2,40741,41154,13,33333,1,0,'2022-05-30',1499.99,'Factura B N°: 0003-00015319',NULL,'2022-06-17 00:39:41','2022-06-17 00:39:41',NULL),(366,7255,2,40741,41155,13,33333,1,0,'2022-05-30',1799.99,'Factura B N°: 0003-00015320',NULL,'2022-06-17 00:39:41','2022-06-17 00:39:41',NULL),(367,7255,2,40741,41156,13,33333,1,0,'2022-05-30',999.99,'Factura B N°: 0003-00015321',NULL,'2022-06-17 00:39:41','2022-06-17 00:39:41',NULL),(368,7255,2,40741,41157,13,33333,1,0,'2022-05-30',1199.99,'Factura B N°: 0003-00015322',NULL,'2022-06-17 00:39:41','2022-06-17 00:39:41',NULL),(369,7255,2,40741,41158,13,33333,1,0,'2022-05-30',1899.99,'Factura B N°: 0003-00015323',NULL,'2022-06-17 00:39:41','2022-06-17 00:39:41',NULL),(370,7255,2,40741,41159,13,33333,1,0,'2022-05-30',1149.99,'Factura B N°: 0003-00015324',NULL,'2022-06-17 00:39:42','2022-06-17 00:39:42',NULL),(371,7255,2,40741,41160,13,33333,1,0,'2022-05-30',849.99,'Factura B N°: 0003-00015325',NULL,'2022-06-17 00:39:42','2022-06-17 00:39:42',NULL),(372,7255,2,40741,41161,13,33333,1,0,'2022-05-30',1499.99,'Factura B N°: 0003-00015326',NULL,'2022-06-17 00:39:42','2022-06-17 00:39:42',NULL),(373,7255,2,40741,41162,13,33333,1,0,'2022-05-30',1149.99,'Factura B N°: 0003-00015327',NULL,'2022-06-17 00:39:42','2022-06-17 00:39:42',NULL),(374,7255,2,40741,41163,13,33333,1,0,'2022-05-30',749.99,'Factura B N°: 0003-00015328',NULL,'2022-06-17 00:39:42','2022-06-17 00:39:42',NULL),(375,7255,2,40741,41164,13,33333,1,0,'2022-05-31',2499.99,'Factura B N°: 0003-00015374',NULL,'2022-06-17 00:39:42','2022-06-17 00:39:42',NULL),(376,7255,2,40741,41165,13,33333,1,0,'2022-05-31',1899.99,'Factura B N°: 0003-00015375',NULL,'2022-06-17 00:39:42','2022-06-17 00:39:42',NULL),(377,7255,2,40741,41166,13,33333,1,0,'2022-05-31',749.99,'Factura B N°: 0003-00015376',NULL,'2022-06-17 00:39:42','2022-06-17 00:39:42',NULL);
INSERT INTO `cta_cte_cliente` VALUES (378,7255,2,40741,41167,13,33333,1,0,'2022-05-31',2199.99,'Factura B N°: 0003-00015377',NULL,'2022-06-17 00:39:42','2022-06-17 00:39:42',NULL),(379,7255,2,40741,41168,13,33333,1,0,'2022-05-31',1149.99,'Factura B N°: 0003-00015378',NULL,'2022-06-17 00:39:42','2022-06-17 00:39:42',NULL),(380,7255,2,40741,41169,13,33333,1,0,'2022-05-31',1149.99,'Factura B N°: 0003-00015379',NULL,'2022-06-17 00:39:42','2022-06-17 00:39:42',NULL),(381,7255,2,40741,41170,13,33333,1,0,'2022-05-31',999.99,'Factura B N°: 0003-00015380',NULL,'2022-06-17 00:39:42','2022-06-17 00:39:42',NULL),(382,7255,2,40741,41171,13,33333,1,0,'2022-05-31',749.99,'Factura B N°: 0003-00015381',NULL,'2022-06-17 00:39:42','2022-06-17 00:39:42',NULL),(383,7255,2,40741,41172,13,33333,1,0,'2022-05-31',4999.00,'Factura B N°: 0003-00015382',NULL,'2022-06-17 00:39:42','2022-06-17 00:39:42',NULL),(384,7255,2,40741,41173,13,33333,1,0,'2022-05-31',2999.99,'Factura B N°: 0003-00015383',NULL,'2022-06-17 00:39:42','2022-06-17 00:39:42',NULL),(385,7255,2,40741,41174,13,33333,1,0,'2022-05-31',2499.99,'Factura B N°: 0003-00015384',NULL,'2022-06-17 00:39:42','2022-06-17 00:39:42',NULL),(386,7255,2,40741,41175,13,33333,1,0,'2022-05-31',1499.98,'Factura B N°: 0003-00015385',NULL,'2022-06-17 00:39:42','2022-06-17 00:39:42',NULL),(387,7255,2,40741,41176,13,33333,1,0,'2022-05-31',1499.99,'Factura B N°: 0003-00015386',NULL,'2022-06-17 00:39:42','2022-06-17 00:39:42',NULL),(388,7255,2,40741,41177,13,33333,1,0,'2022-05-31',1999.99,'Factura B N°: 0003-00015387',NULL,'2022-06-17 00:39:42','2022-06-17 00:39:42',NULL),(389,7255,2,40741,41178,13,33333,1,0,'2022-05-31',1799.99,'Factura B N°: 0003-00015388',NULL,'2022-06-17 00:39:42','2022-06-17 00:39:42',NULL),(390,7255,2,40741,41179,13,33333,1,0,'2022-05-31',13498.99,'Factura B N°: 0003-00015389',NULL,'2022-06-17 00:39:42','2022-06-17 00:39:42',NULL),(391,7255,2,40741,41180,13,33333,1,0,'2022-05-31',9999.00,'Factura B N°: 0003-00015390',NULL,'2022-06-17 00:39:42','2022-06-17 00:39:42',NULL),(392,7255,2,40741,41181,13,33333,1,0,'2022-05-31',2499.99,'Factura B N°: 0003-00015391',NULL,'2022-06-17 00:39:42','2022-06-17 00:39:42',NULL),(393,7255,2,40741,41182,13,33333,1,0,'2022-05-31',3999.99,'Factura B N°: 0003-00015392',NULL,'2022-06-17 00:39:42','2022-06-17 00:39:42',NULL),(394,7255,2,40741,41183,13,33333,1,0,'2022-05-31',2999.99,'Factura B N°: 0003-00015393',NULL,'2022-06-17 00:39:42','2022-06-17 00:39:42',NULL),(395,7255,2,40741,41184,13,33333,1,0,'2022-05-31',3999.99,'Factura B N°: 0003-00015394',NULL,'2022-06-17 00:39:43','2022-06-17 00:39:43',NULL),(396,7255,2,40741,41185,13,33333,1,0,'2022-05-31',2999.99,'Factura B N°: 0003-00015395',NULL,'2022-06-17 00:39:43','2022-06-17 00:39:43',NULL),(397,7255,2,40741,41186,13,33333,1,0,'2022-05-31',3998.99,'Factura B N°: 0003-00015396',NULL,'2022-06-17 00:39:43','2022-06-17 00:39:43',NULL),(398,7255,2,40741,41187,13,33333,1,0,'2022-05-31',2899.99,'Factura B N°: 0003-00015397',NULL,'2022-06-17 00:39:43','2022-06-17 00:39:43',NULL),(399,7255,2,40741,41188,13,33333,1,0,'2022-05-31',749.99,'Factura B N°: 0003-00015398',NULL,'2022-06-17 00:39:43','2022-06-17 00:39:43',NULL),(400,7255,2,40741,41189,13,33333,1,0,'2022-05-31',849.99,'Factura B N°: 0003-00015399',NULL,'2022-06-17 00:39:43','2022-06-17 00:39:43',NULL),(401,7255,2,40741,41190,13,33333,1,0,'2022-05-31',1149.99,'Factura B N°: 0003-00015400',NULL,'2022-06-17 00:39:43','2022-06-17 00:39:43',NULL),(402,7255,2,40741,41191,13,33333,1,0,'2022-05-31',1149.99,'Factura B N°: 0003-00015401',NULL,'2022-06-17 00:39:43','2022-06-17 00:39:43',NULL),(403,7255,2,40741,41192,13,33333,1,0,'2022-05-31',1399.99,'Factura B N°: 0003-00015402',NULL,'2022-06-17 00:39:43','2022-06-17 00:39:43',NULL),(404,7255,2,40741,41193,13,33333,1,0,'2022-05-31',1499.99,'Factura B N°: 0003-00015403',NULL,'2022-06-17 00:39:43','2022-06-17 00:39:43',NULL);
INSERT INTO `cta_cte_cliente` VALUES (405,7255,2,40741,41194,13,33333,1,0,'2022-05-31',1199.98,'Factura B N°: 0003-00015404',NULL,'2022-06-17 00:39:43','2022-06-17 00:39:43',NULL),(406,7255,2,40741,41195,13,33333,1,0,'2022-05-31',1299.99,'Factura B N°: 0003-00015405',NULL,'2022-06-17 00:39:43','2022-06-17 00:39:43',NULL),(407,7255,2,40741,41196,13,33333,1,0,'2022-05-31',1149.99,'Factura B N°: 0003-00015406',NULL,'2022-06-17 00:39:43','2022-06-17 00:39:43',NULL),(408,7255,2,40741,41197,13,33333,1,0,'2022-05-31',849.99,'Factura B N°: 0003-00015407',NULL,'2022-06-17 00:39:43','2022-06-17 00:39:43',NULL),(409,7255,2,40741,41198,13,33333,1,0,'2022-05-31',1399.99,'Factura B N°: 0003-00015408',NULL,'2022-06-17 00:39:43','2022-06-17 00:39:43',NULL),(410,7255,2,40741,41199,13,33333,1,0,'2022-05-31',1199.99,'Factura B N°: 0003-00015409',NULL,'2022-06-17 00:39:43','2022-06-17 00:39:43',NULL),(411,7255,2,40741,41200,13,33333,1,0,'2022-05-31',849.99,'Factura B N°: 0003-00015410',NULL,'2022-06-17 00:39:43','2022-06-17 00:39:43',NULL),(412,7255,2,40741,41201,13,33333,1,0,'2022-05-31',999.99,'Factura B N°: 0003-00015411',NULL,'2022-06-17 00:39:43','2022-06-17 00:39:43',NULL),(413,7255,2,40741,41202,13,33333,1,0,'2022-05-31',1149.99,'Factura B N°: 0003-00015412',NULL,'2022-06-17 00:39:43','2022-06-17 00:39:43',NULL),(414,7255,2,40741,41203,13,33333,1,0,'2022-05-31',1799.99,'Factura B N°: 0003-00015413',NULL,'2022-06-17 00:39:43','2022-06-17 00:39:43',NULL),(415,7255,2,40741,41204,13,33333,1,0,'2022-05-31',25999.00,'Factura B N°: 0003-00015414',NULL,'2022-06-17 00:39:43','2022-06-17 00:39:43',NULL),(416,7255,2,40741,41205,13,33333,1,0,'2022-05-31',4999.99,'Factura B N°: 0003-00015415',NULL,'2022-06-17 00:39:43','2022-06-17 00:39:43',NULL),(417,7255,2,40741,41206,13,33333,1,0,'2022-05-31',3599.98,'Factura B N°: 0003-00015416',NULL,'2022-06-17 00:39:43','2022-06-17 00:39:43',NULL),(418,7255,2,40741,41207,13,33333,1,0,'2022-05-31',3199.97,'Factura B N°: 0003-00015417',NULL,'2022-06-17 00:39:43','2022-06-17 00:39:43',NULL),(419,7255,2,40741,41208,13,33333,1,0,'2022-05-31',2999.97,'Factura B N°: 0003-00015418',NULL,'2022-06-17 00:39:43','2022-06-17 00:39:43',NULL),(420,7255,2,40741,41209,13,33333,1,0,'2022-05-31',999.99,'Factura B N°: 0003-00015419',NULL,'2022-06-17 00:39:43','2022-06-17 00:39:43',NULL),(421,7255,2,40741,41210,13,33333,1,0,'2022-05-31',999.99,'Factura B N°: 0003-00015420',NULL,'2022-06-17 00:39:43','2022-06-17 00:39:43',NULL),(422,7255,2,40741,41211,13,33333,1,0,'2022-05-31',749.99,'Factura B N°: 0003-00015421',NULL,'2022-06-17 00:39:43','2022-06-17 00:39:43',NULL),(423,7255,2,40741,41212,13,33333,1,0,'2022-05-31',1199.99,'Factura B N°: 0003-00015422',NULL,'2022-06-17 00:39:43','2022-06-17 00:39:43',NULL),(424,7255,2,40741,41213,13,33333,1,0,'2022-05-31',749.99,'Factura B N°: 0003-00015423',NULL,'2022-06-17 00:39:43','2022-06-17 00:39:43',NULL),(425,7255,2,40741,41214,13,33333,1,0,'2022-05-31',849.99,'Factura B N°: 0003-00015424',NULL,'2022-06-17 00:39:44','2022-06-17 00:39:44',NULL),(426,7255,2,40741,41215,13,33333,1,0,'2022-05-31',849.99,'Factura B N°: 0003-00015425',NULL,'2022-06-17 00:39:44','2022-06-17 00:39:44',NULL),(427,7255,2,40741,41216,13,33333,1,0,'2022-05-31',1149.99,'Factura B N°: 0003-00015426',NULL,'2022-06-17 00:39:44','2022-06-17 00:39:44',NULL),(428,7255,2,40741,41217,13,33333,1,0,'2022-05-31',1149.99,'Factura B N°: 0003-00015427',NULL,'2022-06-17 00:39:44','2022-06-17 00:39:44',NULL),(429,7255,2,40741,41218,13,33333,1,0,'2022-05-31',999.99,'Factura B N°: 0003-00015428',NULL,'2022-06-17 00:39:44','2022-06-17 00:39:44',NULL),(430,7255,2,40741,41219,13,33333,1,0,'2022-05-31',1999.99,'Factura B N°: 0003-00015429',NULL,'2022-06-17 00:39:44','2022-06-17 00:39:44',NULL),(431,7255,2,40741,41220,13,33333,1,0,'2022-05-31',699.99,'Factura B N°: 0003-00015430',NULL,'2022-06-17 00:39:44','2022-06-17 00:39:44',NULL),(432,7255,2,40741,41221,13,33333,1,0,'2022-05-31',1399.99,'Factura B N°: 0003-00015431',NULL,'2022-06-17 00:39:44','2022-06-17 00:39:44',NULL);
INSERT INTO `cta_cte_cliente` VALUES (433,7255,2,40741,41222,13,33333,1,0,'2022-05-31',999.99,'Factura B N°: 0003-00015432',NULL,'2022-06-17 00:39:44','2022-06-17 00:39:44',NULL),(434,7255,2,40741,41223,13,33333,1,0,'2022-05-31',1499.98,'Factura B N°: 0003-00015433',NULL,'2022-06-17 00:39:44','2022-06-17 00:39:44',NULL),(435,7255,2,40741,41224,13,33333,1,0,'2022-05-31',1199.99,'Factura B N°: 0003-00015434',NULL,'2022-06-17 00:39:44','2022-06-17 00:39:44',NULL),(436,7255,2,40741,41225,13,33333,1,0,'2022-05-31',1149.99,'Factura B N°: 0003-00015435',NULL,'2022-06-17 00:39:44','2022-06-17 00:39:44',NULL),(437,7255,2,40741,41226,13,33333,1,0,'2022-05-31',1499.98,'Factura B N°: 0003-00015436',NULL,'2022-06-17 00:39:44','2022-06-17 00:39:44',NULL),(438,7255,2,40741,41227,13,33333,1,0,'2022-05-31',1149.99,'Factura B N°: 0003-00015437',NULL,'2022-06-17 00:39:44','2022-06-17 00:39:44',NULL),(439,7255,2,40741,41228,13,33333,1,0,'2022-05-31',599.99,'Factura B N°: 0003-00015438',NULL,'2022-06-17 00:39:44','2022-06-17 00:39:44',NULL),(440,7255,2,40741,41229,13,33333,1,0,'2022-05-31',599.99,'Factura B N°: 0003-00015439',NULL,'2022-06-17 00:39:44','2022-06-17 00:39:44',NULL),(441,7255,2,40741,41230,13,33333,1,0,'2022-05-31',1399.99,'Factura B N°: 0003-00015440',NULL,'2022-06-17 00:39:44','2022-06-17 00:39:44',NULL),(442,7255,2,40741,41231,13,33333,1,0,'2022-05-31',849.99,'Factura B N°: 0003-00015441',NULL,'2022-06-17 00:39:44','2022-06-17 00:39:44',NULL),(443,7255,2,40741,41232,13,33333,1,0,'2022-05-31',1399.99,'Factura B N°: 0003-00015442',NULL,'2022-06-17 00:39:44','2022-06-17 00:39:44',NULL),(444,7255,2,40741,41233,13,33333,1,0,'2022-05-31',749.99,'Factura B N°: 0003-00015443',NULL,'2022-06-17 00:39:44','2022-06-17 00:39:44',NULL),(445,7255,2,40741,41234,13,33333,1,0,'2022-05-31',1149.99,'Factura B N°: 0003-00015444',NULL,'2022-06-17 00:39:44','2022-06-17 00:39:44',NULL),(446,7255,2,40741,41235,13,33333,1,0,'2022-05-31',1299.99,'Factura B N°: 0003-00015445',NULL,'2022-06-17 00:39:44','2022-06-17 00:39:44',NULL),(447,7255,2,40741,41236,13,33333,1,0,'2022-05-31',1149.99,'Factura B N°: 0003-00015446',NULL,'2022-06-17 00:39:44','2022-06-17 00:39:44',NULL),(448,7255,2,40741,41237,13,33333,1,0,'2022-05-31',1499.99,'Factura B N°: 0003-00015447',NULL,'2022-06-17 00:39:44','2022-06-17 00:39:44',NULL),(449,7255,2,40741,41238,13,33333,1,0,'2022-05-31',1149.99,'Factura B N°: 0003-00015448',NULL,'2022-06-17 00:39:44','2022-06-17 00:39:44',NULL),(450,7255,2,40741,41239,13,33333,1,0,'2022-05-31',1399.99,'Factura B N°: 0003-00015449',NULL,'2022-06-17 00:39:44','2022-06-17 00:39:44',NULL),(451,7255,2,40741,41240,13,33333,1,0,'2022-05-31',1149.99,'Factura B N°: 0003-00015450',NULL,'2022-06-17 00:39:44','2022-06-17 00:39:44',NULL),(452,7255,2,40741,41241,13,33333,1,0,'2022-05-31',1499.98,'Factura B N°: 0003-00015451',NULL,'2022-06-17 00:39:44','2022-06-17 00:39:44',NULL),(453,7255,2,40741,41242,13,33333,1,0,'2022-05-31',1799.99,'Factura B N°: 0003-00015452',NULL,'2022-06-17 00:39:44','2022-06-17 00:39:44',NULL),(454,7255,2,40741,41243,13,33333,1,0,'2022-05-31',1149.99,'Factura B N°: 0003-00015453',NULL,'2022-06-17 00:39:44','2022-06-17 00:39:44',NULL),(455,7255,2,40741,41244,13,33333,1,0,'2022-05-31',19999.00,'Factura B N°: 0003-00015454',NULL,'2022-06-17 00:39:44','2022-06-17 00:39:44',NULL),(456,7255,2,40741,41245,13,33333,1,0,'2022-05-31',13998.99,'Factura A N°: 0003-00000897',NULL,'2022-06-17 00:39:44','2022-06-17 00:39:44',NULL),(457,7255,2,40741,41246,13,33333,1,0,'2022-05-31',999.99,'Factura A N°: 0003-00000898',NULL,'2022-06-17 00:39:45','2022-06-17 00:39:45',NULL),(458,7255,2,40741,41247,13,33333,1,0,'2022-05-31',999.99,'Factura A N°: 0003-00000899',NULL,'2022-06-17 00:39:45','2022-06-17 00:39:45',NULL),(459,7255,2,40741,41248,13,33333,1,0,'2022-05-31',1149.98,'Factura A N°: 0003-00000900',NULL,'2022-06-17 00:39:45','2022-06-17 00:39:45',NULL);
INSERT INTO `cta_cte_cliente` VALUES (460,7255,2,40741,41249,13,33333,1,0,'2022-05-31',2799.99,'Factura A N°: 0003-00000901',NULL,'2022-06-17 00:39:45','2022-06-17 00:39:45',NULL),(461,7255,2,40741,41250,13,33333,1,0,'2022-05-31',1999.98,'Factura A N°: 0003-00000902',NULL,'2022-06-17 00:39:45','2022-06-17 00:39:45',NULL),(462,7255,2,40741,41251,13,33333,1,0,'2022-05-31',1149.98,'Factura A N°: 0003-00000903',NULL,'2022-06-17 00:39:45','2022-06-17 00:39:45',NULL),(463,7255,2,40741,41252,13,33333,1,0,'2022-05-31',13998.99,'Factura B N°: 0003-00015329',NULL,'2022-06-17 00:39:45','2022-06-17 00:39:45',NULL),(464,7255,2,40741,41253,13,33333,1,0,'2022-05-31',13998.99,'Factura B N°: 0003-00015330',NULL,'2022-06-17 00:39:45','2022-06-17 00:39:45',NULL),(465,7255,2,40741,41254,13,33333,1,0,'2022-05-31',13998.99,'Factura B N°: 0003-00015331',NULL,'2022-06-17 00:39:45','2022-06-17 00:39:45',NULL),(466,7255,2,40741,41255,13,33333,1,0,'2022-05-31',13998.99,'Factura B N°: 0003-00015332',NULL,'2022-06-17 00:39:45','2022-06-17 00:39:45',NULL),(467,7255,2,40741,41256,13,33333,1,0,'2022-05-31',13998.99,'Factura B N°: 0003-00015333',NULL,'2022-06-17 00:39:45','2022-06-17 00:39:45',NULL),(468,7255,2,40741,41257,13,33333,1,0,'2022-05-31',13998.99,'Factura B N°: 0003-00015334',NULL,'2022-06-17 00:39:45','2022-06-17 00:39:45',NULL),(469,7255,2,40741,41258,13,33333,1,0,'2022-05-31',25999.00,'Factura B N°: 0003-00015335',NULL,'2022-06-17 00:39:45','2022-06-17 00:39:45',NULL),(470,7255,2,40741,41259,13,33333,1,0,'2022-05-31',5499.99,'Factura B N°: 0003-00015336',NULL,'2022-06-17 00:39:45','2022-06-17 00:39:45',NULL),(471,7255,2,40741,41260,13,33333,1,0,'2022-05-31',6999.00,'Factura B N°: 0003-00015337',NULL,'2022-06-17 00:39:45','2022-06-17 00:39:45',NULL),(472,7255,2,40741,41261,13,33333,1,0,'2022-05-31',2299.98,'Factura B N°: 0003-00015338',NULL,'2022-06-17 00:39:45','2022-06-17 00:39:45',NULL),(473,7255,2,40741,41262,13,33333,1,0,'2022-05-31',1399.99,'Factura B N°: 0003-00015339',NULL,'2022-06-17 00:39:45','2022-06-17 00:39:45',NULL),(474,7255,2,40741,41263,13,33333,1,0,'2022-05-31',1149.99,'Factura B N°: 0003-00015340',NULL,'2022-06-17 00:39:45','2022-06-17 00:39:45',NULL),(475,7255,2,40741,41264,13,33333,1,0,'2022-05-31',1099.98,'Factura B N°: 0003-00015341',NULL,'2022-06-17 00:39:45','2022-06-17 00:39:45',NULL),(476,7255,2,40741,41265,13,33333,1,0,'2022-05-31',749.99,'Factura B N°: 0003-00015342',NULL,'2022-06-17 00:39:45','2022-06-17 00:39:45',NULL),(477,7255,2,40741,41266,13,33333,1,0,'2022-05-31',2499.99,'Factura B N°: 0003-00015343',NULL,'2022-06-17 00:39:45','2022-06-17 00:39:45',NULL),(478,7255,2,40741,41267,13,33333,1,0,'2022-05-31',2999.99,'Factura B N°: 0003-00015344',NULL,'2022-06-17 00:39:45','2022-06-17 00:39:45',NULL),(479,7255,2,40741,41268,13,33333,1,0,'2022-05-31',999.99,'Factura B N°: 0003-00015345',NULL,'2022-06-17 00:39:45','2022-06-17 00:39:45',NULL),(480,7255,2,40741,41269,13,33333,1,0,'2022-05-31',1499.98,'Factura B N°: 0003-00015346',NULL,'2022-06-17 00:39:45','2022-06-17 00:39:45',NULL),(481,7255,2,40741,41270,13,33333,1,0,'2022-05-31',1149.99,'Factura B N°: 0003-00015347',NULL,'2022-06-17 00:39:45','2022-06-17 00:39:45',NULL),(482,7255,2,40741,41271,13,33333,1,0,'2022-05-31',999.99,'Factura B N°: 0003-00015348',NULL,'2022-06-17 00:39:45','2022-06-17 00:39:45',NULL),(483,7255,2,40741,41272,13,33333,1,0,'2022-05-31',749.99,'Factura B N°: 0003-00015349',NULL,'2022-06-17 00:39:45','2022-06-17 00:39:45',NULL),(484,7255,2,40741,41258,13,33333,1,0,'2022-05-31',4999.99,'Factura B N°: 0003-00015350',NULL,'2022-06-17 00:39:45','2022-06-17 00:39:45',NULL),(485,7255,2,40741,41273,13,33333,1,0,'2022-05-31',13998.99,'Factura B N°: 0003-00015351',NULL,'2022-06-17 00:39:46','2022-06-17 00:39:46',NULL),(486,7255,2,40741,41274,13,33333,1,0,'2022-05-31',3998.99,'Factura B N°: 0003-00015352',NULL,'2022-06-17 00:39:46','2022-06-17 00:39:46',NULL);
INSERT INTO `cta_cte_cliente` VALUES (487,7255,2,40741,41275,13,33333,1,0,'2022-05-31',849.99,'Factura B N°: 0003-00015353',NULL,'2022-06-17 00:39:46','2022-06-17 00:39:46',NULL),(488,7255,2,40741,41276,13,33333,1,0,'2022-05-31',999.99,'Factura B N°: 0003-00015354',NULL,'2022-06-17 00:39:46','2022-06-17 00:39:46',NULL),(489,7255,2,40741,41277,13,33333,1,0,'2022-05-31',849.99,'Factura B N°: 0003-00015355',NULL,'2022-06-17 00:39:46','2022-06-17 00:39:46',NULL),(490,7255,2,40741,41278,13,33333,1,0,'2022-05-31',1799.99,'Factura B N°: 0003-00015356',NULL,'2022-06-17 00:39:46','2022-06-17 00:39:46',NULL),(491,7255,2,40741,41279,13,33333,1,0,'2022-05-31',2499.99,'Factura B N°: 0003-00015357',NULL,'2022-06-17 00:39:46','2022-06-17 00:39:46',NULL),(492,7255,2,40741,41280,13,33333,1,0,'2022-05-31',749.99,'Factura B N°: 0003-00015358',NULL,'2022-06-17 00:39:46','2022-06-17 00:39:46',NULL),(493,7255,2,40741,41281,13,33333,1,0,'2022-05-31',1149.99,'Factura B N°: 0003-00015359',NULL,'2022-06-17 00:39:46','2022-06-17 00:39:46',NULL),(494,7255,2,40741,41282,13,33333,1,0,'2022-05-31',1499.98,'Factura B N°: 0003-00015360',NULL,'2022-06-17 00:39:46','2022-06-17 00:39:46',NULL),(495,7255,2,40741,41283,13,33333,1,0,'2022-05-31',749.99,'Factura B N°: 0003-00015361',NULL,'2022-06-17 00:39:46','2022-06-17 00:39:46',NULL),(496,7255,2,40741,41284,13,33333,1,0,'2022-05-31',1499.99,'Factura B N°: 0003-00015362',NULL,'2022-06-17 00:39:46','2022-06-17 00:39:46',NULL),(497,7255,2,40741,41285,13,33333,1,0,'2022-05-31',749.99,'Factura B N°: 0003-00015363',NULL,'2022-06-17 00:39:46','2022-06-17 00:39:46',NULL),(498,7255,2,40741,41286,13,33333,1,0,'2022-05-31',1149.99,'Factura B N°: 0003-00015364',NULL,'2022-06-17 00:39:46','2022-06-17 00:39:46',NULL),(499,7255,2,40741,41287,13,33333,1,0,'2022-05-31',749.99,'Factura B N°: 0003-00015365',NULL,'2022-06-17 00:39:46','2022-06-17 00:39:46',NULL),(500,7255,2,40741,41288,13,33333,1,0,'2022-05-31',1999.98,'Factura B N°: 0003-00015366',NULL,'2022-06-17 00:39:46','2022-06-17 00:39:46',NULL),(501,7255,2,40741,41289,13,33333,1,0,'2022-05-31',999.99,'Factura B N°: 0003-00015367',NULL,'2022-06-17 00:39:46','2022-06-17 00:39:46',NULL),(502,7255,2,40741,41290,13,33333,1,0,'2022-05-31',2299.98,'Factura B N°: 0003-00015368',NULL,'2022-06-17 00:39:46','2022-06-17 00:39:46',NULL),(503,7255,2,40741,41291,13,33333,1,0,'2022-05-31',1149.99,'Factura B N°: 0003-00015369',NULL,'2022-06-17 00:39:46','2022-06-17 00:39:46',NULL),(504,7255,2,40741,41292,13,33333,1,0,'2022-05-31',1499.98,'Factura B N°: 0003-00015370',NULL,'2022-06-17 00:39:46','2022-06-17 00:39:46',NULL),(505,7255,2,40741,41293,13,33333,1,0,'2022-05-31',749.99,'Factura B N°: 0003-00015371',NULL,'2022-06-17 00:39:46','2022-06-17 00:39:46',NULL),(506,7255,2,40741,41294,13,33333,1,0,'2022-05-31',749.99,'Factura B N°: 0003-00015372',NULL,'2022-06-17 00:39:46','2022-06-17 00:39:46',NULL),(507,7255,2,40741,41295,13,33333,1,0,'2022-05-31',549.99,'Factura B N°: 0003-00015373',NULL,'2022-06-17 00:39:46','2022-06-17 00:39:46',NULL),(508,7255,3,40741,41024,57,33333,2,0,'2022-05-29',11359321.67,'Factura A N°: 0011-01656085',NULL,'2022-06-17 02:23:20','2022-06-17 02:33:57','2022-06-17 02:33:57'),(509,7255,3,40741,41024,57,33333,2,0,'2022-05-29',248211.67,'Factura A N°: 0011-01656085',NULL,'2022-06-17 02:33:57','2022-06-17 02:33:57',NULL),(510,7255,2,41296,41298,13,34885,1,0,'2022-05-02',356428.80,'Factura A N°: 0002-00002508',NULL,'2022-06-17 18:32:14','2022-06-22 01:53:47','2022-06-22 01:53:47'),(511,7255,2,41296,41299,13,34885,1,0,'2022-05-02',8112.00,'Factura B N°: 0002-00000925',NULL,'2022-06-17 18:32:14','2022-06-22 01:53:47','2022-06-22 01:53:47'),(512,7255,2,41296,41300,13,34885,1,0,'2022-05-02',886.00,'Factura B N°: 0002-00000926',NULL,'2022-06-17 18:32:14','2022-06-22 01:53:47','2022-06-22 01:53:47'),(513,7255,2,41296,41301,13,34885,2,0,'2022-05-03',5351.47,'Nota de crédito A N°: 0002-00000668',NULL,'2022-06-17 18:32:14','2022-06-22 01:53:47','2022-06-22 01:53:47');
INSERT INTO `cta_cte_cliente` VALUES (514,7255,2,41296,41302,13,34885,1,0,'2022-05-03',886.00,'Factura B N°: 0002-00000927',NULL,'2022-06-17 18:32:14','2022-06-22 01:53:47','2022-06-22 01:53:47'),(515,7255,2,41296,41303,13,34885,1,0,'2022-05-04',75542.22,'Factura A N°: 0002-00002509',NULL,'2022-06-17 18:32:14','2022-06-22 01:53:47','2022-06-22 01:53:47'),(516,7255,2,41296,41304,13,34885,1,0,'2022-05-04',80011.78,'Factura A N°: 0002-00002510',NULL,'2022-06-17 18:32:14','2022-06-22 01:53:47','2022-06-22 01:53:47'),(517,7255,2,41296,41305,13,34885,2,0,'2022-05-04',5006.04,'Nota de crédito A N°: 0002-00000669',NULL,'2022-06-17 18:32:14','2022-06-22 01:25:40','2022-06-22 01:25:40'),(518,7255,2,41296,41306,13,34885,1,0,'2022-05-05',67534.50,'Factura A N°: 0002-00002511',NULL,'2022-06-17 18:32:14','2022-06-22 01:53:47','2022-06-22 01:53:47'),(519,7255,2,41296,41307,13,34885,1,0,'2022-05-05',78742.30,'Factura A N°: 0002-00002512',NULL,'2022-06-17 18:32:14','2022-06-22 01:53:47','2022-06-22 01:53:47'),(520,7255,2,41296,41308,13,34885,1,0,'2022-05-05',64944.82,'Factura A N°: 0002-00002513',NULL,'2022-06-17 18:32:14','2022-06-22 01:53:47','2022-06-22 01:53:47'),(521,7255,2,41296,41309,13,34885,1,0,'2022-05-05',106903.50,'Factura A N°: 0002-00002514',NULL,'2022-06-17 18:32:14','2022-06-22 01:53:47','2022-06-22 01:53:47'),(522,7255,2,41296,41301,13,34885,1,0,'2022-05-05',43837.56,'Factura A N°: 0002-00002515',NULL,'2022-06-17 18:32:14','2022-06-22 01:53:47','2022-06-22 01:53:47'),(523,7255,2,41296,41310,13,34885,1,0,'2022-05-05',63191.85,'Factura A N°: 0002-00002516',NULL,'2022-06-17 18:32:14','2022-06-22 01:53:47','2022-06-22 01:53:47'),(524,7255,2,41296,41311,13,34885,2,0,'2022-05-05',22490.68,'Nota de crédito A N°: 0002-00000670',NULL,'2022-06-17 18:32:15','2022-06-22 01:53:48','2022-06-22 01:53:48'),(525,7255,2,41296,41312,13,34885,2,0,'2022-05-05',65187.54,'Nota de crédito A N°: 0002-00000671',NULL,'2022-06-17 18:32:15','2022-06-22 01:53:48','2022-06-22 01:53:48'),(526,7255,2,41296,41303,13,34885,1,0,'2022-05-06',62078.01,'Factura A N°: 0002-00002517',NULL,'2022-06-17 18:32:15','2022-06-22 01:53:48','2022-06-22 01:53:48'),(527,7255,2,41296,41313,13,34885,1,0,'2022-05-09',33256.08,'Factura A N°: 0002-00002518',NULL,'2022-06-17 18:32:15','2022-06-22 01:53:48','2022-06-22 01:53:48'),(528,7255,2,41296,41314,13,34885,2,0,'2022-05-09',8301.42,'Nota de crédito A N°: 0002-00000672',NULL,'2022-06-17 18:32:15','2022-06-22 01:53:48','2022-06-22 01:53:48'),(529,7255,2,41296,41315,13,34885,1,0,'2022-05-09',11288.00,'Factura B N°: 0002-00000928',NULL,'2022-06-17 18:32:15','2022-06-22 01:53:48','2022-06-22 01:53:48'),(530,7255,2,41296,41315,13,34885,1,0,'2022-05-09',11288.00,'Factura B N°: 0002-00000929',NULL,'2022-06-17 18:32:15','2022-06-22 01:53:48','2022-06-22 01:53:48'),(531,7255,2,41296,41315,13,34885,1,0,'2022-05-09',11288.00,'Factura B N°: 0002-00000930',NULL,'2022-06-17 18:32:15','2022-06-22 01:53:48','2022-06-22 01:53:48'),(532,7255,2,41296,41315,13,34885,1,0,'2022-05-09',11288.00,'Factura B N°: 0002-00000931',NULL,'2022-06-17 18:32:15','2022-06-22 01:53:48','2022-06-22 01:53:48'),(533,7255,2,41296,41315,13,34885,1,0,'2022-05-09',11288.00,'Factura B N°: 0002-00000932',NULL,'2022-06-17 18:32:15','2022-06-22 01:53:48','2022-06-22 01:53:48'),(534,7255,2,41296,41316,13,34885,1,0,'2022-05-09',835.00,'Factura B N°: 0002-00000933',NULL,'2022-06-17 18:32:15','2022-06-22 01:53:48','2022-06-22 01:53:48'),(535,7255,2,41296,41317,13,34885,1,0,'2022-05-09',5340.00,'Factura B N°: 0002-00000934',NULL,'2022-06-17 18:32:15','2022-06-22 01:53:48','2022-06-22 01:53:48'),(536,7255,2,41296,41318,13,34885,1,0,'2022-05-09',16552.00,'Factura B N°: 0002-00000935',NULL,'2022-06-17 18:32:15','2022-06-22 01:53:48','2022-06-22 01:53:48'),(537,7255,2,41296,41319,13,34885,1,0,'2022-05-10',27076.92,'Factura A N°: 0002-00002519',NULL,'2022-06-17 18:32:15','2022-06-22 01:53:48','2022-06-22 01:53:48');
INSERT INTO `cta_cte_cliente` VALUES (538,7255,2,41296,41305,13,34885,1,0,'2022-05-10',285143.04,'Factura A N°: 0002-00002520',NULL,'2022-06-17 18:32:15','2022-06-22 01:53:48','2022-06-22 01:53:48'),(539,7255,2,41296,41320,13,34885,1,0,'2022-05-10',44580.12,'Factura A N°: 0002-00002521',NULL,'2022-06-17 18:32:15','2022-06-22 01:53:48','2022-06-22 01:53:48'),(540,7255,2,41296,41321,13,34885,1,0,'2022-05-10',167934.56,'Factura A N°: 0002-00002522',NULL,'2022-06-17 18:32:15','2022-06-22 01:53:48','2022-06-22 01:53:48'),(541,7255,2,41296,41301,13,34885,2,0,'2022-05-10',2191.87,'Nota de crédito A N°: 0002-00000673',NULL,'2022-06-17 18:32:15','2022-06-22 01:53:48','2022-06-22 01:53:48'),(542,7255,2,41296,41322,13,34885,1,0,'2022-05-10',1344.00,'Factura B N°: 0002-00000936',NULL,'2022-06-17 18:32:15','2022-06-22 01:53:48','2022-06-22 01:53:48'),(543,7255,2,41296,41323,13,34885,1,0,'2022-05-10',4777.00,'Factura B N°: 0002-00000937',NULL,'2022-06-17 18:32:15','2022-06-22 01:53:48','2022-06-22 01:53:48'),(544,7255,2,41296,41324,13,34885,1,0,'2022-05-11',78284.38,'Factura A N°: 0002-00002523',NULL,'2022-06-17 18:32:15','2022-06-22 01:53:48','2022-06-22 01:53:48'),(545,7255,2,41296,41325,13,34885,1,0,'2022-05-11',1542.00,'Factura A N°: 0002-00002524',NULL,'2022-06-17 18:32:16','2022-06-22 01:53:48','2022-06-22 01:53:48'),(546,7255,2,41296,41326,13,34885,1,0,'2022-05-11',63191.85,'Factura A N°: 0002-00002525',NULL,'2022-06-17 18:32:16','2022-06-22 01:53:48','2022-06-22 01:53:48'),(547,7255,2,41296,41304,13,34885,1,0,'2022-05-11',69740.71,'Nota de débito A N°: 0002-00000059',NULL,'2022-06-17 18:32:16','2022-06-22 01:53:48','2022-06-22 01:53:48'),(548,7255,2,41296,41308,13,34885,2,0,'2022-05-11',3247.24,'Nota de crédito A N°: 0002-00000674',NULL,'2022-06-17 18:32:16','2022-06-22 01:53:48','2022-06-22 01:53:48'),(549,7255,2,41296,41303,13,34885,1,0,'2022-05-13',95334.09,'Factura A N°: 0002-00002526',NULL,'2022-06-17 18:32:16','2022-06-22 01:53:48','2022-06-22 01:53:48'),(550,7255,2,41296,41327,13,34885,1,0,'2022-05-13',48443.20,'Factura A N°: 0002-00002527',NULL,'2022-06-17 18:32:16','2022-06-22 01:53:48','2022-06-22 01:53:48'),(551,7255,2,41296,41326,13,34885,2,0,'2022-05-13',3159.59,'Nota de crédito A N°: 0002-00000675',NULL,'2022-06-17 18:32:16','2022-06-22 01:53:48','2022-06-22 01:53:48'),(552,7255,2,41296,41328,13,34885,1,0,'2022-05-13',8112.00,'Factura B N°: 0002-00000938',NULL,'2022-06-17 18:32:16','2022-06-22 01:53:48','2022-06-22 01:53:48'),(553,7255,2,41296,41329,13,34885,1,0,'2022-05-13',16224.00,'Factura B N°: 0002-00000939',NULL,'2022-06-17 18:32:16','2022-06-22 01:53:48','2022-06-22 01:53:48'),(554,7255,2,41296,41330,13,34885,1,0,'2022-05-13',8112.00,'Factura B N°: 0002-00000940',NULL,'2022-06-17 18:32:16','2022-06-22 01:53:48','2022-06-22 01:53:48'),(555,7255,2,41296,41330,13,34885,1,0,'2022-05-13',16224.00,'Factura B N°: 0002-00000941',NULL,'2022-06-17 18:32:16','2022-06-22 01:53:48','2022-06-22 01:53:48'),(556,7255,2,41296,41331,13,34885,1,0,'2022-05-16',48710.61,'Factura A N°: 0002-00002528',NULL,'2022-06-17 18:32:16','2022-06-22 01:53:48','2022-06-22 01:53:48'),(557,7255,2,41296,41332,13,34885,1,0,'2022-05-16',52012.35,'Factura A N°: 0002-00002529',NULL,'2022-06-17 18:32:16','2022-06-22 01:53:48','2022-06-22 01:53:48'),(558,7255,2,41296,41333,13,34885,1,0,'2022-05-16',27076.92,'Factura A N°: 0002-00002530',NULL,'2022-06-17 18:32:16','2022-06-22 01:53:48','2022-06-22 01:53:48'),(559,7255,2,41296,41334,13,34885,1,0,'2022-05-17',27076.92,'Factura A N°: 0002-00002531',NULL,'2022-06-17 18:32:16','2022-06-22 01:53:48','2022-06-22 01:53:48'),(560,7255,2,41296,41335,13,34885,1,0,'2022-05-17',63222.50,'Factura A N°: 0002-00002532',NULL,'2022-06-17 18:32:16','2022-06-22 01:53:48','2022-06-22 01:53:48'),(561,7255,2,41296,41336,13,34885,1,0,'2022-05-17',15000.00,'Nota de débito A N°: 0002-00000060',NULL,'2022-06-17 18:32:16','2022-06-22 01:53:48','2022-06-22 01:53:48');
INSERT INTO `cta_cte_cliente` VALUES (562,7255,2,41296,41319,13,34885,2,0,'2022-05-17',1353.84,'Nota de crédito A N°: 0002-00000676',NULL,'2022-06-17 18:32:16','2022-06-22 01:53:48','2022-06-22 01:53:48'),(563,7255,2,41296,41337,13,34885,1,0,'2022-05-17',7243.00,'Factura B N°: 0002-00000942',NULL,'2022-06-17 18:32:16','2022-06-22 01:53:48','2022-06-22 01:53:48'),(564,7255,2,41296,41303,13,34885,1,0,'2022-05-19',66512.16,'Factura A N°: 0002-00002533',NULL,'2022-06-17 18:32:16','2022-06-22 01:53:48','2022-06-22 01:53:48'),(565,7255,2,41296,41327,13,34885,1,0,'2022-05-20',153219.30,'Factura A N°: 0002-00002534',NULL,'2022-06-17 18:32:16','2022-06-22 01:53:48','2022-06-22 01:53:48'),(566,7255,2,41296,41338,13,34885,1,0,'2022-05-20',94002.79,'Factura A N°: 0002-00002535',NULL,'2022-06-17 18:32:16','2022-06-22 01:53:48','2022-06-22 01:53:48'),(567,7255,2,41296,41339,13,34885,1,0,'2022-05-20',49475.71,'Factura A N°: 0002-00002536',NULL,'2022-06-17 18:32:16','2022-06-22 01:53:48','2022-06-22 01:53:48'),(568,7255,2,41296,41340,13,34885,1,0,'2022-05-20',67534.50,'Factura A N°: 0002-00002537',NULL,'2022-06-17 18:32:16','2022-06-22 01:53:48','2022-06-22 01:53:48'),(569,7255,2,41296,41331,13,34885,2,0,'2022-05-20',2435.53,'Nota de crédito A N°: 0002-00000677',NULL,'2022-06-17 18:32:16','2022-06-22 01:53:48','2022-06-22 01:53:48'),(570,7255,2,41296,41334,13,34885,2,0,'2022-05-20',1353.84,'Nota de crédito A N°: 0002-00000678',NULL,'2022-06-17 18:32:17','2022-06-22 01:53:48','2022-06-22 01:53:48'),(571,7255,2,41296,41298,13,34885,2,0,'2022-05-20',17821.44,'Nota de crédito A N°: 0002-00000679',NULL,'2022-06-17 18:32:17','2022-06-22 01:53:48','2022-06-22 01:53:48'),(572,7255,2,41296,41313,13,34885,2,0,'2022-05-20',1662.80,'Nota de crédito A N°: 0002-00000680',NULL,'2022-06-17 18:32:17','2022-06-22 01:53:48','2022-06-22 01:53:48'),(573,7255,2,41296,41336,13,34885,1,0,'2022-05-23',67534.50,'Factura A N°: 0002-00002538',NULL,'2022-06-17 18:32:17','2022-06-22 01:53:48','2022-06-22 01:53:48'),(574,7255,2,41296,41341,13,34885,1,0,'2022-05-23',64157.78,'Factura A N°: 0002-00002539',NULL,'2022-06-17 18:32:17','2022-06-22 01:53:48','2022-06-22 01:53:48'),(575,7255,2,41296,41342,13,34885,1,0,'2022-05-23',7440.00,'Factura A N°: 0002-00002540',NULL,'2022-06-17 18:32:17','2022-06-22 01:53:48','2022-06-22 01:53:48'),(576,7255,2,41296,41303,13,34885,1,0,'2022-05-23',155138.02,'Factura A N°: 0002-00002541',NULL,'2022-06-17 18:32:17','2022-06-22 01:53:48','2022-06-22 01:53:48'),(577,7255,2,41296,41343,13,34885,1,0,'2022-05-23',117711.00,'Factura A N°: 0002-00002542',NULL,'2022-06-17 18:32:17','2022-06-22 01:53:48','2022-06-22 01:53:48'),(578,7255,2,41296,41344,13,34885,1,0,'2022-05-23',1890.00,'Factura B N°: 0002-00000943',NULL,'2022-06-17 18:32:17','2022-06-22 01:53:48','2022-06-22 01:53:48'),(579,7255,2,41296,41345,13,34885,1,0,'2022-05-24',73301.48,'Factura A N°: 0002-00002543',NULL,'2022-06-17 18:32:17','2022-06-22 01:18:24','2022-06-22 01:18:24'),(580,7255,2,41296,41303,13,34885,1,0,'2022-05-26',105553.14,'Factura A N°: 0002-00002544',NULL,'2022-06-17 18:32:17','2022-06-22 01:53:48','2022-06-22 01:53:48'),(581,7255,2,41296,41338,13,34885,2,0,'2022-05-26',4700.14,'Nota de crédito A N°: 0002-00000681',NULL,'2022-06-17 18:32:17','2022-06-22 01:53:48','2022-06-22 01:53:48'),(582,7255,2,41296,41346,13,34885,1,0,'2022-05-27',32361.03,'Factura A N°: 0002-00002545',NULL,'2022-06-17 18:32:17','2022-06-22 01:53:48','2022-06-22 01:53:48'),(583,7255,2,41296,41347,13,34885,1,0,'2022-05-27',67534.50,'Factura A N°: 0002-00002546',NULL,'2022-06-17 18:32:17','2022-06-22 01:53:48','2022-06-22 01:53:48'),(584,7255,2,41296,41348,13,34885,1,0,'2022-05-27',130479.19,'Factura A N°: 0002-00002547',NULL,'2022-06-17 18:32:17','2022-06-22 01:21:28','2022-06-22 01:21:28'),(585,7255,2,41296,41349,13,34885,1,0,'2022-05-27',29930.47,'Factura A N°: 0002-00002548',NULL,'2022-06-17 18:32:17','2022-06-22 01:53:48','2022-06-22 01:53:48');
INSERT INTO `cta_cte_cliente` VALUES (586,7255,2,41296,41350,13,34885,1,0,'2022-05-27',1780000.00,'Factura A N°: 0002-00002549',NULL,'2022-06-17 18:32:17','2022-06-22 01:53:48','2022-06-22 01:53:48'),(587,7255,2,41296,41351,13,34885,1,0,'2022-05-30',67534.50,'Factura A N°: 0002-00002550',NULL,'2022-06-17 18:32:17','2022-06-22 01:53:49','2022-06-22 01:53:49'),(588,7255,2,41296,41352,13,34885,1,0,'2022-05-30',31752.39,'Factura A N°: 0002-00002551',NULL,'2022-06-17 18:32:17','2022-06-22 01:53:49','2022-06-22 01:53:49'),(589,7255,2,41296,41349,13,34885,2,0,'2022-05-30',1496.52,'Nota de crédito A N°: 0002-00000682',NULL,'2022-06-17 18:32:17','2022-06-22 01:53:49','2022-06-22 01:53:49'),(590,7255,2,41296,41353,13,34885,1,0,'2022-05-30',1693.00,'Factura B N°: 0002-00000944',NULL,'2022-06-17 18:32:17','2022-06-22 01:53:49','2022-06-22 01:53:49'),(591,7255,2,41296,41353,13,34885,1,0,'2022-05-30',8830.00,'Factura B N°: 0002-00000945',NULL,'2022-06-17 18:32:17','2022-06-22 01:53:49','2022-06-22 01:53:49'),(592,7255,2,41296,41354,13,34885,1,0,'2022-05-30',11288.00,'Factura B N°: 0002-00000946',NULL,'2022-06-17 18:32:17','2022-06-22 01:53:49','2022-06-22 01:53:49'),(593,7255,2,41296,41355,13,34885,1,0,'2022-05-30',16552.00,'Factura B N°: 0002-00000947',NULL,'2022-06-17 18:32:18','2022-06-22 01:53:49','2022-06-22 01:53:49'),(594,7255,2,41296,41355,13,34885,1,0,'2022-05-30',16552.00,'Factura B N°: 0002-00000948',NULL,'2022-06-17 18:32:18','2022-06-22 01:53:49','2022-06-22 01:53:49'),(595,7255,2,41296,41351,13,34885,2,0,'2022-05-31',3376.72,'Nota de crédito A N°: 0002-00000683',NULL,'2022-06-17 18:32:18','2022-06-22 01:53:49','2022-06-22 01:53:49'),(596,7255,3,41296,41356,57,34885,2,0,'2022-05-01',5470.00,'Factura C N°: 0003-00000651',NULL,'2022-06-17 18:34:20','2022-06-17 18:34:20',NULL),(597,7255,3,41296,41357,57,34885,2,0,'2022-05-02',63.21,'Factura A N°: 5008-00102115',NULL,'2022-06-17 18:34:20','2022-06-17 18:34:20',NULL),(598,7255,3,41296,41358,57,34885,2,0,'2022-05-02',1747.30,'Factura A N°: 0050-02608021',NULL,'2022-06-17 18:34:20','2022-06-17 18:34:20',NULL),(599,7255,3,41296,41359,57,34885,2,0,'2022-05-02',6250.00,'Factura A N°: 0002-00002496',NULL,'2022-06-17 18:34:20','2022-06-17 18:34:20',NULL),(600,7255,3,41296,40719,57,34885,2,0,'2022-05-05',7800.00,'RECIBO C N°: 0003-00001637',NULL,'2022-06-17 18:34:21','2022-06-17 18:34:21',NULL),(601,7255,3,41296,41360,57,34885,2,0,'2022-05-05',65494.88,'Factura A N°: 0002-00000486',NULL,'2022-06-17 18:34:21','2022-06-17 18:34:21',NULL),(602,7255,3,41296,41361,57,34885,2,0,'2022-05-06',5498.00,'Factura B N°: 0004-00010504',NULL,'2022-06-17 18:34:21','2022-06-17 18:34:21',NULL),(603,7255,3,41296,41362,57,34885,2,0,'2022-05-06',1440.00,'Factura A N°: 0007-00002239',NULL,'2022-06-17 18:34:21','2022-06-17 18:34:21',NULL),(604,7255,3,41296,41363,57,34885,2,0,'2022-05-09',1495.00,'Factura A N°: 0010-00006041',NULL,'2022-06-17 18:34:21','2022-06-17 18:34:21',NULL),(605,7255,3,41296,41364,57,34885,2,0,'2022-05-09',4155.00,'Factura C N°: 0400-05228073',NULL,'2022-06-17 18:34:21','2022-06-17 18:34:21',NULL),(606,7255,3,41296,41365,57,34885,2,0,'2022-05-10',32000.00,'Factura C N°: 0002-00000031',NULL,'2022-06-17 18:34:21','2022-06-17 18:34:21',NULL),(607,7255,3,41296,41366,57,34885,2,0,'2022-05-10',4432.00,'Factura A N°: 0003-00020202',NULL,'2022-06-17 18:34:21','2022-06-17 18:34:21',NULL),(608,7255,3,41296,41367,57,34885,2,0,'2022-05-11',36561.56,'Factura A N°: 0004-00038150',NULL,'2022-06-17 18:34:21','2022-06-17 18:34:21',NULL),(609,7255,3,41296,41368,57,34885,1,0,'2022-05-11',276773.16,'Nota de crédito A N°: 0020-00004574',NULL,'2022-06-17 18:34:21','2022-06-17 18:34:21',NULL),(610,7255,3,41296,41368,57,34885,2,0,'2022-05-11',277199.88,'Factura A N°: 0020-00104684',NULL,'2022-06-17 18:34:21','2022-06-17 18:34:21',NULL),(611,7255,3,41296,41368,57,34885,2,0,'2022-05-11',276773.16,'Factura A N°: 0020-00104664',NULL,'2022-06-17 18:34:21','2022-06-17 18:34:21',NULL);
INSERT INTO `cta_cte_cliente` VALUES (612,7255,3,41296,41369,57,34885,2,0,'2022-05-12',2619.89,'Factura A N°: 0949-02008394',NULL,'2022-06-17 18:34:21','2022-06-17 18:34:21',NULL),(613,7255,3,41296,41370,57,34885,2,0,'2022-05-12',151009.59,'Factura A N°: 0001-00001249',NULL,'2022-06-17 18:34:21','2022-06-17 18:34:21',NULL),(614,7255,3,41296,41371,57,34885,2,0,'2022-05-13',971590.04,'Factura A N°: 0004-00020607',NULL,'2022-06-17 18:34:21','2022-06-17 18:34:21',NULL),(615,7255,3,41296,41024,57,34885,2,0,'2022-05-16',5.00,'Factura A N°: 0037-00262792',NULL,'2022-06-17 18:34:21','2022-06-17 18:34:21',NULL),(616,7255,3,41296,41372,57,34885,2,0,'2022-05-16',12482.01,'Factura A N°: 0010-00106987',NULL,'2022-06-17 18:34:21','2022-06-17 18:34:21',NULL),(617,7255,3,41296,41373,57,34885,2,0,'2022-05-17',204.00,'Factura A N°: 0629-03257094',NULL,'2022-06-17 18:34:21','2022-06-17 18:34:21',NULL),(618,7255,3,41296,41374,57,34885,2,0,'2022-05-17',25553.03,'Factura C N°: 0003-00029447',NULL,'2022-06-17 18:34:21','2022-06-17 18:34:21',NULL),(619,7255,3,41296,41357,57,34885,2,0,'2022-05-17',551.21,'Factura A N°: 5008-00104551',NULL,'2022-06-17 18:34:21','2022-06-17 18:34:21',NULL),(620,7255,3,41296,41375,57,34885,2,0,'2022-05-17',68.00,'Factura A N°: 0711-02997696',NULL,'2022-06-17 18:34:21','2022-06-17 18:34:21',NULL),(621,7255,3,41296,41376,57,34885,2,0,'2022-05-19',1489.99,'Factura A N°: 0451-00002633',NULL,'2022-06-17 18:34:21','2022-06-17 18:34:21',NULL),(622,7255,3,41296,41377,57,34885,2,0,'2022-05-21',200.00,'Factura A N°: 0113-02818053',NULL,'2022-06-17 18:34:21','2022-06-17 18:34:21',NULL),(623,7255,3,41296,41378,57,34885,2,0,'2022-05-24',4318.81,'Factura A N°: 6364-06279430',NULL,'2022-06-17 18:34:21','2022-06-17 18:34:21',NULL),(624,7255,3,41296,41379,57,34885,2,0,'2022-05-25',7985.00,'Factura A N°: 0002-00034365',NULL,'2022-06-17 18:34:22','2022-06-17 18:34:22',NULL),(625,7255,3,41296,41380,57,34885,2,0,'2022-05-26',20192.14,'Factura A N°: 0072-00168428',NULL,'2022-06-17 18:34:22','2022-06-17 18:34:22',NULL),(626,7255,3,41296,41350,57,34885,2,0,'2022-05-27',3695279.51,'Factura A N°: 0001-00000821',NULL,'2022-06-17 18:34:22','2022-06-17 18:34:22',NULL),(627,7255,3,41296,41350,57,34885,2,0,'2022-05-27',210000.00,'Nota de débito A N°: 0003-00001067',NULL,'2022-06-17 18:34:22','2022-06-17 18:34:22',NULL),(628,7255,3,41296,41024,57,34885,2,0,'2022-05-29',43037.10,'Factura A N°: 0011-01659712',NULL,'2022-06-17 18:34:22','2022-06-17 18:34:22',NULL),(629,7255,3,41296,41023,57,34885,2,0,'2022-05-29',23613.00,'Factura A N°: 0001-01093997',NULL,'2022-06-17 18:34:22','2022-06-17 18:34:22',NULL),(630,7255,3,41296,41024,57,34885,1,0,'2022-05-31',958.49,'Nota de crédito A N°: 0011-00790741',NULL,'2022-06-17 18:34:22','2022-06-17 18:34:22',NULL),(631,7255,3,41296,41381,57,34885,2,0,'2022-05-31',12150.00,'Factura A N°: 0005-00000992',NULL,'2022-06-17 18:34:22','2022-06-17 18:34:22',NULL),(632,7255,3,41296,41382,57,34885,2,0,'2022-05-31',52320.40,'Factura A N°: 0006-00000461',NULL,'2022-06-17 18:34:22','2022-06-17 18:34:22',NULL),(633,7255,3,41296,41383,57,34885,2,0,'2022-05-31',8690.00,'Factura B N°: 0014-00185867',NULL,'2022-06-17 18:34:22','2022-06-17 18:34:22',NULL),(634,7255,2,41445,41446,13,122823,1,0,'2022-03-02',45919.50,'Factura A N°: 0003-00000854',NULL,'2022-06-17 21:40:03','2022-06-17 21:42:14','2022-06-17 21:42:14'),(635,7255,2,41445,41446,13,122823,1,0,'2022-03-03',7260.00,'Factura A N°: 0003-00000855',NULL,'2022-06-17 21:40:03','2022-06-17 21:42:14','2022-06-17 21:42:14'),(636,7255,2,41445,41447,13,122823,1,0,'2022-03-04',31040.13,'Factura A N°: 0003-00000856',NULL,'2022-06-17 21:40:03','2022-06-17 21:42:14','2022-06-17 21:42:14'),(637,7255,2,41445,41448,13,122823,1,0,'2022-03-04',145200.00,'Factura A N°: 0003-00000857',NULL,'2022-06-17 21:40:03','2022-06-17 21:42:14','2022-06-17 21:42:14'),(638,7255,2,41445,41448,13,122823,1,0,'2022-03-04',96800.00,'Factura A N°: 0003-00000858',NULL,'2022-06-17 21:40:03','2022-06-17 21:41:19','2022-06-17 21:41:19');
INSERT INTO `cta_cte_cliente` VALUES (639,7255,2,41445,41449,13,122823,1,0,'2022-03-04',70700.30,'Factura A N°: 0003-00000859',NULL,'2022-06-17 21:40:03','2022-06-17 21:42:14','2022-06-17 21:42:14'),(640,7255,2,41445,41450,13,122823,1,0,'2022-03-04',271161.00,'FACTURA DE CRÉDITO ELECTRÓNICA MiPyMEs (FCE) A N°: 0003-00000044',NULL,'2022-06-17 21:40:03','2022-06-17 21:42:15','2022-06-17 21:42:15'),(641,7255,2,41445,41451,13,122823,1,0,'2022-03-07',113316.50,'Factura A N°: 0003-00000860',NULL,'2022-06-17 21:40:03','2022-06-17 21:42:15','2022-06-17 21:42:15'),(642,7255,2,41445,41452,13,122823,1,0,'2022-03-07',101349.60,'Factura A N°: 0003-00000861',NULL,'2022-06-17 21:40:03','2022-06-17 21:42:15','2022-06-17 21:42:15'),(643,7255,2,41445,41453,13,122823,1,0,'2022-03-07',78650.00,'Factura A N°: 0003-00000862',NULL,'2022-06-17 21:40:03','2022-06-17 21:42:15','2022-06-17 21:42:15'),(644,7255,2,41445,41447,13,122823,1,0,'2022-03-08',1573.00,'Factura A N°: 0003-00000863',NULL,'2022-06-17 21:40:03','2022-06-17 21:42:15','2022-06-17 21:42:15'),(645,7255,2,41445,41446,13,122823,1,0,'2022-03-08',18150.00,'Factura A N°: 0003-00000864',NULL,'2022-06-17 21:40:03','2022-06-17 21:42:15','2022-06-17 21:42:15'),(646,7255,2,41445,41454,13,122823,1,0,'2022-03-17',62496.50,'Factura A N°: 0003-00000865',NULL,'2022-06-17 21:40:03','2022-06-17 21:42:15','2022-06-17 21:42:15'),(647,7255,2,41445,41455,13,122823,1,0,'2022-03-17',35079.11,'Factura A N°: 0003-00000866',NULL,'2022-06-17 21:40:03','2022-06-17 21:42:15','2022-06-17 21:42:15'),(648,7255,2,41445,41456,13,122823,1,0,'2022-03-18',27418.60,'Factura A N°: 0003-00000867',NULL,'2022-06-17 21:40:03','2022-06-17 21:42:15','2022-06-17 21:42:15'),(649,7255,2,41445,41457,13,122823,1,0,'2022-03-18',741488.00,'FACTURA DE CRÉDITO ELECTRÓNICA MiPyMEs (FCE) A N°: 0003-00000045',NULL,'2022-06-17 21:40:03','2022-06-17 21:42:15','2022-06-17 21:42:15'),(650,7255,2,41445,41457,13,122823,1,0,'2022-03-18',222252.80,'FACTURA DE CRÉDITO ELECTRÓNICA MiPyMEs (FCE) A N°: 0003-00000046',NULL,'2022-06-17 21:40:04','2022-06-17 21:42:15','2022-06-17 21:42:15'),(651,7255,2,41445,41458,13,122823,1,0,'2022-03-22',101035.00,'Factura A N°: 0003-00000868',NULL,'2022-06-17 21:40:04','2022-06-17 21:42:15','2022-06-17 21:42:15'),(652,7255,2,41445,41459,13,122823,1,0,'2022-03-22',45375.00,'Factura A N°: 0003-00000869',NULL,'2022-06-17 21:40:04','2022-06-17 21:42:15','2022-06-17 21:42:15'),(653,7255,2,41445,41460,13,122823,1,0,'2022-03-22',45375.00,'Factura A N°: 0003-00000870',NULL,'2022-06-17 21:40:04','2022-06-17 21:42:15','2022-06-17 21:42:15'),(654,7255,2,41445,41451,13,122823,1,0,'2022-03-22',62496.50,'Factura A N°: 0003-00000871',NULL,'2022-06-17 21:40:04','2022-06-17 21:42:15','2022-06-17 21:42:15'),(655,7255,2,41445,41461,13,122823,1,0,'2022-03-25',14278.00,'Factura A N°: 0003-00000872',NULL,'2022-06-17 21:40:04','2022-06-17 21:42:06','2022-06-17 21:42:06'),(656,7255,2,41445,41454,13,122823,1,0,'2022-03-25',164148.60,'Factura A N°: 0003-00000873',NULL,'2022-06-17 21:40:04','2022-06-17 21:41:43','2022-06-17 21:41:43'),(657,7255,2,41445,41462,13,122823,1,0,'2022-03-31',51577.94,'Factura A N°: 0003-00000874',NULL,'2022-06-17 21:40:04','2022-06-17 21:41:32','2022-06-17 21:41:32'),(658,7255,2,41445,41446,13,124384,1,0,'2022-03-02',45919.50,'Factura A N°: 0003-00000854',NULL,'2022-06-17 21:43:37','2022-06-17 21:43:37',NULL),(659,7255,2,41445,41446,13,124384,1,0,'2022-03-03',7260.00,'Factura A N°: 0003-00000855',NULL,'2022-06-17 21:43:37','2022-06-17 21:43:37',NULL),(660,7255,2,41445,41447,13,124384,1,0,'2022-03-04',31040.13,'Factura A N°: 0003-00000856',NULL,'2022-06-17 21:43:37','2022-06-17 21:43:37',NULL),(661,7255,2,41445,41448,13,124384,1,0,'2022-03-04',145200.00,'Factura A N°: 0003-00000857',NULL,'2022-06-17 21:43:37','2022-06-17 21:43:37',NULL),(662,7255,2,41445,41448,13,124384,1,0,'2022-03-04',96800.00,'Factura A N°: 0003-00000858',NULL,'2022-06-17 21:43:37','2022-06-17 21:43:37',NULL);
INSERT INTO `cta_cte_cliente` VALUES (663,7255,2,41445,41449,13,124384,1,0,'2022-03-04',70700.30,'Factura A N°: 0003-00000859',NULL,'2022-06-17 21:43:37','2022-06-17 21:43:37',NULL),(664,7255,2,41445,41450,13,124384,1,0,'2022-03-04',271161.00,'FACTURA DE CRÉDITO ELECTRÓNICA MiPyMEs (FCE) A N°: 0003-00000044',NULL,'2022-06-17 21:43:37','2022-06-17 21:43:37',NULL),(665,7255,2,41445,41451,13,124384,1,0,'2022-03-07',113316.50,'Factura A N°: 0003-00000860',NULL,'2022-06-17 21:43:37','2022-06-17 21:43:37',NULL),(666,7255,2,41445,41452,13,124384,1,0,'2022-03-07',101349.60,'Factura A N°: 0003-00000861',NULL,'2022-06-17 21:43:37','2022-06-17 21:43:37',NULL),(667,7255,2,41445,41453,13,124384,1,0,'2022-03-07',78650.00,'Factura A N°: 0003-00000862',NULL,'2022-06-17 21:43:37','2022-06-17 21:43:37',NULL),(668,7255,2,41445,41447,13,124384,1,0,'2022-03-08',1573.00,'Factura A N°: 0003-00000863',NULL,'2022-06-17 21:43:37','2022-06-17 21:43:37',NULL),(669,7255,2,41445,41446,13,124384,1,0,'2022-03-08',18150.00,'Factura A N°: 0003-00000864',NULL,'2022-06-17 21:43:37','2022-06-17 21:43:37',NULL),(670,7255,2,41445,41454,13,124384,1,0,'2022-03-17',62496.50,'Factura A N°: 0003-00000865',NULL,'2022-06-17 21:43:37','2022-06-17 21:43:37',NULL),(671,7255,2,41445,41455,13,124384,1,0,'2022-03-17',35079.11,'Factura A N°: 0003-00000866',NULL,'2022-06-17 21:43:37','2022-06-17 21:43:37',NULL),(672,7255,2,41445,41456,13,124384,1,0,'2022-03-18',27418.60,'Factura A N°: 0003-00000867',NULL,'2022-06-17 21:43:37','2022-06-17 21:43:37',NULL),(673,7255,2,41445,41457,13,124384,1,0,'2022-03-18',741488.00,'FACTURA DE CRÉDITO ELECTRÓNICA MiPyMEs (FCE) A N°: 0003-00000045',NULL,'2022-06-17 21:43:38','2022-06-17 21:43:38',NULL),(674,7255,2,41445,41457,13,124384,1,0,'2022-03-18',222252.80,'FACTURA DE CRÉDITO ELECTRÓNICA MiPyMEs (FCE) A N°: 0003-00000046',NULL,'2022-06-17 21:43:38','2022-06-17 21:43:38',NULL),(675,7255,2,41445,41458,13,124384,1,0,'2022-03-22',101035.00,'Factura A N°: 0003-00000868',NULL,'2022-06-17 21:43:38','2022-06-17 21:43:38',NULL),(676,7255,2,41445,41459,13,124384,1,0,'2022-03-22',45375.00,'Factura A N°: 0003-00000869',NULL,'2022-06-17 21:43:38','2022-06-17 21:43:38',NULL),(677,7255,2,41445,41460,13,124384,1,0,'2022-03-22',45375.00,'Factura A N°: 0003-00000870',NULL,'2022-06-17 21:43:38','2022-06-17 21:43:38',NULL),(678,7255,2,41445,41451,13,124384,1,0,'2022-03-22',62496.50,'Factura A N°: 0003-00000871',NULL,'2022-06-17 21:43:38','2022-06-17 21:43:38',NULL),(679,7255,2,41445,41461,13,124384,1,0,'2022-03-25',14278.00,'Factura A N°: 0003-00000872',NULL,'2022-06-17 21:43:38','2022-06-17 21:43:38',NULL),(680,7255,2,41445,41454,13,124384,1,0,'2022-03-25',164148.60,'Factura A N°: 0003-00000873',NULL,'2022-06-17 21:43:38','2022-06-17 21:43:38',NULL),(681,7255,2,41445,41462,13,124384,1,0,'2022-03-31',51577.94,'Factura A N°: 0003-00000874',NULL,'2022-06-17 21:43:38','2022-06-17 21:43:38',NULL),(682,7255,3,41445,41463,57,124384,2,0,'2022-03-01',5710.00,'Factura A N°: 0003-00001184',NULL,'2022-06-17 21:49:09','2022-06-17 21:49:09',NULL),(683,7255,3,41445,41464,57,124384,2,0,'2022-03-01',33245.45,'Factura A N°: 1064-00702346',NULL,'2022-06-17 21:49:09','2022-06-17 21:49:09',NULL),(684,7255,3,41445,41357,57,124384,2,0,'2022-03-02',2261.14,'Factura A N°: 5014-00206514',NULL,'2022-06-17 21:49:09','2022-06-17 21:49:09',NULL),(685,7255,3,41445,41465,57,124384,2,0,'2022-03-02',72899.60,'Factura A N°: 0003-00000773',NULL,'2022-06-17 21:49:09','2022-06-17 21:49:09',NULL),(686,7255,3,41445,41357,57,124384,2,0,'2022-03-02',518.41,'Factura A N°: 5011-00280294',NULL,'2022-06-17 21:49:09','2022-06-17 21:49:09',NULL),(687,7255,3,41445,41466,57,124384,2,0,'2022-03-02',2483.00,'Factura B N°: 0005-00000459',NULL,'2022-06-17 21:49:09','2022-06-17 21:49:09',NULL),(688,7255,3,41445,41466,57,124384,1,0,'2022-03-02',2483.00,'Nota de crédito B N°: 0005-00000022',NULL,'2022-06-17 21:49:10','2022-06-17 21:49:10',NULL);
INSERT INTO `cta_cte_cliente` VALUES (689,7255,3,41445,41466,57,124384,2,0,'2022-03-02',2483.00,'Factura A N°: 0005-00000819',NULL,'2022-06-17 21:49:10','2022-06-17 21:49:10',NULL),(690,7255,3,41445,41467,57,124384,2,0,'2022-03-02',12562.22,'Factura A N°: 0003-00011849',NULL,'2022-06-17 21:49:10','2022-06-17 21:49:10',NULL),(691,7255,3,41445,41468,57,124384,2,0,'2022-03-02',7112.14,'Factura A N°: 0006-00021594',NULL,'2022-06-17 21:49:10','2022-06-17 21:49:10',NULL),(692,7255,3,41445,41467,57,124384,2,0,'2022-03-02',3436.40,'Factura A N°: 0003-00011855',NULL,'2022-06-17 21:49:10','2022-06-17 21:49:10',NULL),(693,7255,3,41445,41469,57,124384,2,0,'2022-03-03',300424.27,'Factura A N°: 0002-00000885',NULL,'2022-06-17 21:49:10','2022-06-17 21:49:10',NULL),(694,7255,3,41445,41470,57,124384,2,0,'2022-03-03',2373.60,'Factura A N°: 0002-00000196',NULL,'2022-06-17 21:49:10','2022-06-17 21:49:10',NULL),(695,7255,3,41445,40719,57,124384,2,0,'2022-03-03',17200.00,'RECIBO C N°: 0003-00001564',NULL,'2022-06-17 21:49:10','2022-06-17 21:49:10',NULL),(696,7255,3,41445,41471,57,124384,2,0,'2022-03-03',5505.50,'Factura A N°: 0001-00018057',NULL,'2022-06-17 21:49:10','2022-06-17 21:49:10',NULL),(697,7255,3,41445,41472,57,124384,2,0,'2022-03-04',20019.83,'Factura A N°: 0002-00008481',NULL,'2022-06-17 21:49:10','2022-06-17 21:49:10',NULL),(698,7255,3,41445,41472,57,124384,1,0,'2022-03-04',10692.09,'Nota de crédito A N°: 0002-00000265',NULL,'2022-06-17 21:49:10','2022-06-17 21:49:10',NULL),(699,7255,3,41445,41472,57,124384,2,0,'2022-03-04',10692.09,'Factura A N°: 0002-00008477',NULL,'2022-06-17 21:49:10','2022-06-17 21:49:10',NULL),(700,7255,3,41445,41373,57,124384,2,0,'2022-03-04',163.00,'Factura A N°: 0629-03066421',NULL,'2022-06-17 21:49:10','2022-06-17 21:49:10',NULL),(701,7255,3,41445,41473,57,124384,2,0,'2022-03-04',30218.95,'Factura A N°: 0003-00076967',NULL,'2022-06-17 21:49:10','2022-06-17 21:49:10',NULL),(702,7255,3,41445,41375,57,124384,2,0,'2022-03-04',136.00,'Factura A N°: 0711-02675509',NULL,'2022-06-17 21:49:10','2022-06-17 21:49:10',NULL),(703,7255,3,41445,41468,57,124384,2,0,'2022-03-04',8353.16,'Factura A N°: 0006-00021606',NULL,'2022-06-17 21:49:10','2022-06-17 21:49:10',NULL),(704,7255,3,41445,41375,57,124384,2,0,'2022-03-04',136.00,'Factura A N°: 0711-02716511',NULL,'2022-06-17 21:49:10','2022-06-17 21:49:10',NULL),(705,7255,3,41445,41474,57,124384,2,0,'2022-03-05',3827.96,'Factura A N°: 0015-00002828',NULL,'2022-06-17 21:49:10','2022-06-17 21:49:10',NULL),(706,7255,3,41445,41475,57,124384,2,0,'2022-03-05',10151.62,'Factura A N°: 0004-00065870',NULL,'2022-06-17 21:49:10','2022-06-17 21:49:10',NULL),(707,7255,3,41445,41476,57,124384,2,0,'2022-03-05',246.60,'Factura A N°: 0009-00009998',NULL,'2022-06-17 21:49:10','2022-06-17 21:49:10',NULL),(708,7255,3,41445,41468,57,124384,2,0,'2022-03-05',19566.53,'Factura A N°: 0006-00021621',NULL,'2022-06-17 21:49:10','2022-06-17 21:49:10',NULL),(709,7255,3,41445,41468,57,124384,2,0,'2022-03-05',41895.08,'Factura A N°: 0006-00021622',NULL,'2022-06-17 21:49:10','2022-06-17 21:49:10',NULL),(710,7255,3,41445,41477,57,124384,2,0,'2022-03-07',444.94,'Factura A N°: 0003-00207034',NULL,'2022-06-17 21:49:10','2022-06-17 21:49:10',NULL),(711,7255,3,41445,41478,57,124384,2,0,'2022-03-07',11494.42,'Factura A N°: 0004-00003451',NULL,'2022-06-17 21:49:10','2022-06-17 21:49:10',NULL),(712,7255,3,41445,41475,57,124384,2,0,'2022-03-07',7108.42,'Factura A N°: 0004-00065906',NULL,'2022-06-17 21:49:10','2022-06-17 21:49:10',NULL),(713,7255,3,41445,41479,57,124384,2,0,'2022-03-07',5743.82,'Factura A N°: 0141-00577633',NULL,'2022-06-17 21:49:11','2022-06-17 21:49:11',NULL),(714,7255,3,41445,41467,57,124384,2,0,'2022-03-07',18500.00,'Factura A N°: 0003-00011878',NULL,'2022-06-17 21:49:11','2022-06-17 21:49:11',NULL),(715,7255,3,41445,41480,57,124384,2,0,'2022-03-08',3579.20,'Factura A N°: 0002-00029248',NULL,'2022-06-17 21:49:11','2022-06-17 21:49:11',NULL);
INSERT INTO `cta_cte_cliente` VALUES (716,7255,3,41445,41477,57,124384,2,0,'2022-03-08',444.94,'Factura A N°: 0003-00207284',NULL,'2022-06-17 21:49:11','2022-06-17 21:49:11',NULL),(717,7255,3,41445,41468,57,124384,2,0,'2022-03-08',13389.78,'Factura A N°: 0006-00021637',NULL,'2022-06-17 21:49:11','2022-06-17 21:49:11',NULL),(718,7255,3,41445,41468,57,124384,2,0,'2022-03-08',19014.63,'Factura A N°: 0006-00021636',NULL,'2022-06-17 21:49:11','2022-06-17 21:49:11',NULL),(719,7255,3,41445,41468,57,124384,2,0,'2022-03-08',12722.95,'Factura A N°: 0006-00021631',NULL,'2022-06-17 21:49:11','2022-06-17 21:49:11',NULL),(720,7255,3,41445,41468,57,124384,1,0,'2022-03-08',12722.95,'Nota de crédito A N°: 0006-00002043',NULL,'2022-06-17 21:49:11','2022-06-17 21:49:11',NULL),(721,7255,3,41445,41480,57,124384,2,0,'2022-03-09',3579.20,'Factura A N°: 0002-00029276',NULL,'2022-06-17 21:49:11','2022-06-17 21:49:11',NULL),(722,7255,3,41445,41468,57,124384,1,0,'2022-03-09',30005.25,'Nota de crédito A N°: 0006-00002047',NULL,'2022-06-17 21:49:11','2022-06-17 21:49:11',NULL),(723,7255,3,41445,41468,57,124384,1,0,'2022-03-09',17814.59,'Nota de crédito A N°: 0006-00002044',NULL,'2022-06-17 21:49:11','2022-06-17 21:49:11',NULL),(724,7255,3,41445,41468,57,124384,1,0,'2022-03-09',13389.78,'Nota de crédito A N°: 0006-00002046',NULL,'2022-06-17 21:49:11','2022-06-17 21:49:11',NULL),(725,7255,3,41445,41468,57,124384,1,0,'2022-03-09',19014.63,'Nota de crédito A N°: 0006-00002045',NULL,'2022-06-17 21:49:11','2022-06-17 21:49:11',NULL),(726,7255,3,41445,41481,57,124384,2,0,'2022-03-09',1680.00,'Factura A N°: 0004-00000225',NULL,'2022-06-17 21:49:11','2022-06-17 21:49:11',NULL),(727,7255,3,41445,41482,57,124384,2,0,'2022-03-10',28900.00,'Factura A N°: 0002-00001089',NULL,'2022-06-17 21:49:11','2022-06-17 21:49:11',NULL),(728,7255,3,41445,41483,57,124384,2,0,'2022-03-10',7078.50,'Factura A N°: 0001-00001869',NULL,'2022-06-17 21:49:11','2022-06-17 21:49:11',NULL),(729,7255,3,41445,41484,57,124384,2,0,'2022-03-10',31701.55,'Factura A N°: 0005-00160445',NULL,'2022-06-17 21:49:11','2022-06-17 21:49:11',NULL),(730,7255,3,41445,41472,57,124384,2,0,'2022-03-11',2797.92,'Factura A N°: 0002-00008527',NULL,'2022-06-17 21:49:11','2022-06-17 21:49:11',NULL),(731,7255,3,41445,41478,57,124384,1,0,'2022-03-11',4844.53,'Nota de crédito A N°: 0004-00000056',NULL,'2022-06-17 21:49:11','2022-06-17 21:49:11',NULL),(732,7255,3,41445,41478,57,124384,2,0,'2022-03-11',5761.45,'Factura A N°: 0004-00003498',NULL,'2022-06-17 21:49:11','2022-06-17 21:49:11',NULL),(733,7255,3,41445,41478,57,124384,2,0,'2022-03-11',4615.25,'Factura A N°: 0004-00003500',NULL,'2022-06-17 21:49:11','2022-06-17 21:49:11',NULL),(734,7255,3,41445,41358,57,124384,2,0,'2022-03-12',3964.38,'Factura A N°: 0050-02536017',NULL,'2022-06-17 21:49:11','2022-06-17 21:49:11',NULL),(735,7255,3,41445,41485,57,124384,2,0,'2022-03-14',4484.34,'Factura A N°: 0063-00001243',NULL,'2022-06-17 21:49:11','2022-06-17 21:49:11',NULL),(736,7255,3,41445,41486,57,124384,2,0,'2022-03-14',82200.03,'Factura A N°: 0020-00000964',NULL,'2022-06-17 21:49:11','2022-06-17 21:49:11',NULL),(737,7255,3,41445,41483,57,124384,2,0,'2022-03-14',4356.00,'Factura A N°: 0001-00001873',NULL,'2022-06-17 21:49:12','2022-06-17 21:49:12',NULL),(738,7255,3,41445,41364,57,124384,2,0,'2022-03-14',4155.00,'Factura C N°: 0600-00841516',NULL,'2022-06-17 21:49:12','2022-06-17 21:49:12',NULL),(739,7255,3,41445,41487,57,124384,2,0,'2022-03-14',8100.28,'Factura A N°: 0035-00789399',NULL,'2022-06-17 21:49:12','2022-06-17 21:49:12',NULL),(740,7255,3,41445,41488,57,124384,2,0,'2022-03-14',141328.00,'Factura A N°: 0001-00001516',NULL,'2022-06-17 21:49:12','2022-06-17 21:49:12',NULL),(741,7255,3,41445,41478,57,124384,2,0,'2022-03-15',2335.82,'Factura A N°: 0004-00003509',NULL,'2022-06-17 21:49:12','2022-06-17 21:49:12',NULL),(742,7255,3,41445,41489,57,124384,2,0,'2022-03-15',800.00,'Factura A N°: 0005-00004195',NULL,'2022-06-17 21:49:12','2022-06-17 21:49:12',NULL);
INSERT INTO `cta_cte_cliente` VALUES (743,7255,3,41445,41490,57,124384,2,0,'2022-03-16',11539.76,'Factura A N°: 0002-00013695',NULL,'2022-06-17 21:49:12','2022-06-17 21:49:12',NULL),(744,7255,3,41445,41491,57,124384,2,0,'2022-03-16',1749.99,'Factura A N°: 0002-00005186',NULL,'2022-06-17 21:49:12','2022-06-17 21:49:12',NULL),(745,7255,3,41445,41357,57,124384,2,0,'2022-03-17',2014.89,'Factura A N°: 5014-00210763',NULL,'2022-06-17 21:49:12','2022-06-17 21:49:12',NULL),(746,7255,3,41445,41357,57,124384,2,0,'2022-03-17',866.56,'Factura A N°: 5011-00287863',NULL,'2022-06-17 21:49:12','2022-06-17 21:49:12',NULL),(747,7255,3,41445,41373,57,124384,2,0,'2022-03-18',371.85,'Factura A N°: 0629-03117389',NULL,'2022-06-17 21:49:12','2022-06-17 21:49:12',NULL),(748,7255,3,41445,41373,57,124384,2,0,'2022-03-18',68.00,'Factura A N°: 0629-03083554',NULL,'2022-06-17 21:49:12','2022-06-17 21:49:12',NULL),(749,7255,3,41445,41479,57,124384,1,0,'2022-03-18',5743.82,'Nota de crédito A N°: 0141-00029709',NULL,'2022-06-17 21:49:12','2022-06-17 21:49:12',NULL),(750,7255,3,41445,41375,57,124384,2,0,'2022-03-18',357.67,'Factura A N°: 0711-02771022',NULL,'2022-06-17 21:49:12','2022-06-17 21:49:12',NULL),(751,7255,3,41445,41375,57,124384,2,0,'2022-03-18',95.00,'Factura A N°: 0711-02727913',NULL,'2022-06-17 21:49:12','2022-06-17 21:49:12',NULL),(752,7255,3,41445,41492,57,124384,2,0,'2022-03-18',19555.21,'Factura A N°: 0006-00001926',NULL,'2022-06-17 21:49:12','2022-06-17 21:49:12',NULL),(753,7255,3,41445,41493,57,124384,2,0,'2022-03-21',434.13,'Factura A N°: 0503-00501142',NULL,'2022-06-17 21:49:12','2022-06-17 21:49:12',NULL),(754,7255,3,41445,41494,57,124384,2,0,'2022-03-21',1525.70,'Factura A N°: 6950-00008256',NULL,'2022-06-17 21:49:12','2022-06-17 21:49:12',NULL),(755,7255,3,41445,41377,57,124384,2,0,'2022-03-21',100.00,'Factura A N°: 0113-02746929',NULL,'2022-06-17 21:49:12','2022-06-17 21:49:12',NULL),(756,7255,3,41445,41377,57,124384,2,0,'2022-03-21',100.00,'Factura A N°: 0113-02722822',NULL,'2022-06-17 21:49:12','2022-06-17 21:49:12',NULL),(757,7255,3,41445,41472,57,124384,2,0,'2022-03-22',3340.80,'Factura A N°: 0002-00008571',NULL,'2022-06-17 21:49:12','2022-06-17 21:49:12',NULL),(758,7255,3,41445,41495,57,124384,2,0,'2022-03-22',408.60,'Factura A N°: 0104-01385296',NULL,'2022-06-17 21:49:12','2022-06-17 21:49:12',NULL),(759,7255,3,41445,41494,57,124384,2,0,'2022-03-22',4069.48,'Factura A N°: 8450-00001129',NULL,'2022-06-17 21:49:12','2022-06-17 21:49:12',NULL),(760,7255,3,41445,41494,57,124384,2,0,'2022-03-22',609.92,'Factura A N°: 8450-00001128',NULL,'2022-06-17 21:49:12','2022-06-17 21:49:12',NULL),(761,7255,3,41445,41478,57,124384,2,0,'2022-03-22',2477.61,'Factura A N°: 0004-00003548',NULL,'2022-06-17 21:49:13','2022-06-17 21:49:13',NULL),(762,7255,3,41445,41451,57,124384,2,0,'2022-03-22',135036.00,'Factura A N°: 0004-00000095',NULL,'2022-06-17 21:49:13','2022-06-17 21:49:13',NULL),(763,7255,3,41445,41495,57,124384,2,0,'2022-03-23',556.26,'Factura A N°: 0700-00445091',NULL,'2022-06-17 21:49:13','2022-06-17 21:49:13',NULL),(764,7255,3,41445,41472,57,124384,2,0,'2022-03-23',3860.69,'Factura A N°: 0002-00008573',NULL,'2022-06-17 21:49:13','2022-06-17 21:49:13',NULL),(765,7255,3,41445,41496,57,124384,2,0,'2022-03-23',3815.00,'Factura A N°: 2002-00023350',NULL,'2022-06-17 21:49:13','2022-06-17 21:49:13',NULL),(766,7255,3,41445,41497,57,124384,2,0,'2022-03-23',9760.59,'Factura A N°: 0002-00012015',NULL,'2022-06-17 21:49:13','2022-06-17 21:49:13',NULL),(767,7255,3,41445,41498,57,124384,2,0,'2022-03-25',14508.65,'Factura A N°: 0020-00000718',NULL,'2022-06-17 21:49:13','2022-06-17 21:49:13',NULL),(768,7255,3,41445,41475,57,124384,2,0,'2022-03-25',10045.69,'Factura A N°: 0004-00066699',NULL,'2022-06-17 21:49:13','2022-06-17 21:49:13',NULL),(769,7255,3,41445,41490,57,124384,2,0,'2022-03-25',12368.42,'Factura A N°: 0002-00013748',NULL,'2022-06-17 21:49:13','2022-06-17 21:49:13',NULL);
INSERT INTO `cta_cte_cliente` VALUES (770,7255,3,41445,41472,57,124384,2,0,'2022-03-28',63643.83,'Factura A N°: 0002-00008593',NULL,'2022-06-17 21:49:13','2022-06-17 21:49:13',NULL),(771,7255,3,41445,41499,57,124384,2,0,'2022-03-28',35224.66,'Factura A N°: 0300-00001614',NULL,'2022-06-17 21:49:13','2022-06-17 21:49:13',NULL),(772,7255,3,41445,41499,57,124384,2,0,'2022-03-28',80478.78,'Factura A N°: 0300-00001613',NULL,'2022-06-17 21:49:13','2022-06-17 21:49:13',NULL),(773,7255,3,41445,41499,57,124384,2,0,'2022-03-28',1303.35,'Factura A N°: 0300-00001629',NULL,'2022-06-17 21:49:13','2022-06-17 21:49:13',NULL),(774,7255,3,41445,41499,57,124384,1,0,'2022-03-28',2040.55,'Nota de crédito A N°: 0300-00000121',NULL,'2022-06-17 21:49:13','2022-06-17 21:49:13',NULL),(775,7255,3,41445,41500,57,124384,1,0,'2022-03-28',30358.66,'Nota de crédito A N°: 0002-00002354',NULL,'2022-06-17 21:49:13','2022-06-17 21:49:13',NULL),(776,7255,3,41445,41501,57,124384,2,0,'2022-03-28',125840.00,'Factura A N°: 0401-00000442',NULL,'2022-06-17 21:49:13','2022-06-17 21:49:13',NULL),(777,7255,3,41445,41474,57,124384,2,0,'2022-03-29',11321.31,'Factura A N°: 0015-00002953',NULL,'2022-06-17 21:49:13','2022-06-17 21:49:13',NULL),(778,7255,3,41445,41502,57,124384,2,0,'2022-03-29',34000.00,'Factura C N°: 0002-00000684',NULL,'2022-06-17 21:49:13','2022-06-17 21:49:13',NULL),(779,7255,3,41445,41503,57,124384,2,0,'2022-03-31',19723.00,'Factura A N°: 0002-00001753',NULL,'2022-06-17 21:49:13','2022-06-17 21:49:13',NULL),(780,7255,3,41445,41504,57,124384,2,0,'2022-03-31',43838.00,'Factura A N°: 0065-00048182',NULL,'2022-06-17 21:49:13','2022-06-17 21:49:13',NULL),(781,7255,3,41445,41505,57,124384,2,0,'2022-03-31',9075.00,'Factura A N°: 0006-00005887',NULL,'2022-06-17 21:49:13','2022-06-17 21:49:13',NULL),(782,7255,3,41445,41374,57,124384,1,0,'2022-03-31',155163.32,'Nota de crédito C N°: 0003-00002600',NULL,'2022-06-17 21:49:13','2022-06-17 21:49:13',NULL),(783,7255,3,41445,41374,57,124384,1,0,'2022-03-31',95325.37,'Nota de crédito C N°: 0003-00002599',NULL,'2022-06-17 21:49:13','2022-06-17 21:49:13',NULL),(784,7255,3,41445,41374,57,124384,2,0,'2022-03-31',95325.37,'Nota de débito C N°: 0003-00000394',NULL,'2022-06-17 21:49:13','2022-06-17 21:49:13',NULL),(785,7255,3,41445,41478,57,124384,2,0,'2022-03-31',5456.27,'Factura A N°: 0004-00003597',NULL,'2022-06-17 21:49:13','2022-06-17 21:49:13',NULL),(786,7255,3,41445,41506,57,124384,2,0,'2022-03-31',14475.94,'Factura A N°: 0003-00015483',NULL,'2022-06-17 21:49:13','2022-06-17 21:49:13',NULL),(787,7255,3,41445,41378,57,124384,2,0,'2022-03-31',11465.77,'Factura A N°: 6364-06018582',NULL,'2022-06-17 21:49:13','2022-06-17 21:49:13',NULL),(788,7255,3,41445,41490,57,124384,2,0,'2022-03-31',23886.71,'Factura A N°: 0002-00013776',NULL,'2022-06-17 21:49:14','2022-06-17 21:49:14',NULL),(789,7255,3,41445,41013,57,124384,2,0,'2022-03-31',4691.51,'Factura A N°: 2035-00039171',NULL,'2022-06-17 21:49:14','2022-06-17 21:49:14',NULL),(790,7255,2,41445,41454,13,122822,1,0,'2022-04-01',34364.00,'Factura A N°: 0003-00000875',NULL,'2022-06-17 21:49:56','2022-06-17 21:49:56',NULL),(791,7255,2,41445,41507,13,122822,1,0,'2022-04-01',595720.51,'Factura A N°: 0003-00000876',NULL,'2022-06-17 21:49:56','2022-06-17 21:49:56',NULL),(792,7255,2,41445,41508,13,122822,1,0,'2022-04-01',1055313.60,'Factura A N°: 0003-00000877',NULL,'2022-06-17 21:49:56','2022-06-17 21:49:56',NULL),(793,7255,2,41445,41509,13,122822,1,0,'2022-04-01',276557.60,'FACTURA DE CRÉDITO ELECTRÓNICA MiPyMEs (FCE) A N°: 0003-00000047',NULL,'2022-06-17 21:49:56','2022-06-17 21:49:56',NULL),(794,7255,2,41445,41457,13,122822,1,0,'2022-04-04',127050.00,'Factura A N°: 0003-00000878',NULL,'2022-06-17 21:49:56','2022-06-17 21:49:56',NULL),(795,7255,2,41445,41450,13,122822,1,0,'2022-04-04',271161.00,'FACTURA DE CRÉDITO ELECTRÓNICA MiPyMEs (FCE) A N°: 0003-00000048',NULL,'2022-06-17 21:49:57','2022-06-17 21:49:57',NULL);
INSERT INTO `cta_cte_cliente` VALUES (796,7255,2,41445,41457,13,122822,2,0,'2022-04-04',222252.80,'NOTA DE CREDITO ELECTRÓNICA MiPyMEs (FCE) A N°: 0003-00000005',NULL,'2022-06-17 21:49:57','2022-06-17 21:49:57',NULL),(797,7255,2,41445,41446,13,122822,1,0,'2022-04-06',30250.00,'Factura A N°: 0003-00000879',NULL,'2022-06-17 21:49:57','2022-06-17 21:49:57',NULL),(798,7255,2,41445,41510,13,122822,1,0,'2022-04-11',81070.00,'Factura A N°: 0003-00000880',NULL,'2022-06-17 21:49:57','2022-06-17 21:49:57',NULL),(799,7255,2,41445,41507,13,122822,2,0,'2022-04-11',595720.51,'Nota de crédito A N°: 0003-00000097',NULL,'2022-06-17 21:49:57','2022-06-17 21:49:57',NULL),(800,7255,2,41445,41509,13,122822,1,0,'2022-04-11',595720.51,'FACTURA DE CRÉDITO ELECTRÓNICA MiPyMEs (FCE) A N°: 0003-00000049',NULL,'2022-06-17 21:49:57','2022-06-17 21:49:57',NULL),(801,7255,2,41445,41511,13,122822,1,0,'2022-04-12',36487.55,'Factura A N°: 0003-00000881',NULL,'2022-06-17 21:49:57','2022-06-17 21:49:57',NULL),(802,7255,2,41445,41458,13,122822,1,0,'2022-04-13',36300.00,'Factura A N°: 0003-00000882',NULL,'2022-06-17 21:49:57','2022-06-17 21:49:57',NULL),(803,7255,2,41445,41456,13,122822,1,0,'2022-04-13',48400.00,'Factura A N°: 0003-00000883',NULL,'2022-06-17 21:49:57','2022-06-17 21:49:57',NULL),(804,7255,2,41445,41512,13,122822,1,0,'2022-04-13',85486.50,'Factura A N°: 0003-00000884',NULL,'2022-06-17 21:49:57','2022-06-17 21:49:57',NULL),(805,7255,2,41445,41512,13,122822,1,0,'2022-04-13',18150.00,'Factura A N°: 0003-00000885',NULL,'2022-06-17 21:49:57','2022-06-17 21:49:57',NULL),(806,7255,2,41445,41512,13,122822,1,0,'2022-04-13',75747.21,'Factura A N°: 0003-00000886',NULL,'2022-06-17 21:49:57','2022-06-17 21:49:57',NULL),(807,7255,2,41445,41513,13,122822,1,0,'2022-04-13',27588.00,'Factura A N°: 0003-00000887',NULL,'2022-06-17 21:49:57','2022-06-17 21:49:57',NULL),(808,7255,2,41445,41512,13,122822,2,0,'2022-04-19',85486.50,'Nota de crédito A N°: 0003-00000098',NULL,'2022-06-17 21:49:57','2022-06-17 21:49:57',NULL),(809,7255,2,41445,41514,13,122822,1,0,'2022-04-20',130655.80,'Factura A N°: 0003-00000888',NULL,'2022-06-17 21:49:57','2022-06-17 21:49:57',NULL),(810,7255,2,41445,41455,13,122822,1,0,'2022-04-22',106903.50,'Factura A N°: 0003-00000889',NULL,'2022-06-17 21:49:57','2022-06-17 21:49:57',NULL),(811,7255,2,41445,41515,13,122822,1,0,'2022-04-22',105391.00,'Factura A N°: 0003-00000890',NULL,'2022-06-17 21:49:57','2022-06-17 21:49:57',NULL),(812,7255,2,41445,41514,13,122822,1,0,'2022-04-28',92565.00,'Factura A N°: 0003-00000891',NULL,'2022-06-17 21:49:57','2022-06-17 21:49:57',NULL),(813,7255,2,41445,41516,13,122822,1,0,'2022-04-28',160091.50,'Factura A N°: 0003-00000892',NULL,'2022-06-17 21:49:57','2022-06-17 21:49:57',NULL),(814,7255,2,41445,41517,13,122823,1,0,'2022-05-02',124000.80,'Factura A N°: 0003-00000893',NULL,'2022-06-17 21:51:14','2022-06-17 21:51:14',NULL),(815,7255,2,41445,41510,13,122823,1,0,'2022-05-02',179443.00,'Factura A N°: 0003-00000894',NULL,'2022-06-17 21:51:14','2022-06-17 21:51:14',NULL),(816,7255,2,41445,41518,13,122823,1,0,'2022-05-04',137216.42,'Factura A N°: 0003-00000895',NULL,'2022-06-17 21:51:14','2022-06-17 21:51:14',NULL),(817,7255,2,41445,41519,13,122823,1,0,'2022-05-10',155182.50,'Factura A N°: 0003-00000896',NULL,'2022-06-17 21:51:14','2022-06-17 21:51:14',NULL),(818,7255,2,41445,41517,13,122823,1,0,'2022-05-10',22990.00,'Factura A N°: 0003-00000897',NULL,'2022-06-17 21:51:14','2022-06-17 21:51:14',NULL),(819,7255,2,41445,41510,13,122823,1,0,'2022-05-10',17890.12,'Factura A N°: 0003-00000898',NULL,'2022-06-17 21:51:14','2022-06-17 21:51:14',NULL),(820,7255,2,41445,41456,13,122823,1,0,'2022-05-10',49610.00,'Factura A N°: 0003-00000899',NULL,'2022-06-17 21:51:15','2022-06-17 21:51:15',NULL),(821,7255,2,41445,41520,13,122823,1,0,'2022-05-11',56870.00,'Factura A N°: 0003-00000900',NULL,'2022-06-17 21:51:15','2022-06-17 21:51:15',NULL);
INSERT INTO `cta_cte_cliente` VALUES (822,7255,2,41445,41458,13,122823,1,0,'2022-05-11',22869.00,'Factura A N°: 0003-00000901',NULL,'2022-06-17 21:51:15','2022-06-17 21:51:15',NULL),(823,7255,2,41445,41453,13,122823,1,0,'2022-05-11',143245.85,'Factura A N°: 0003-00000902',NULL,'2022-06-17 21:51:15','2022-06-17 21:51:15',NULL),(824,7255,2,41445,41521,13,122823,1,0,'2022-05-13',65824.00,'Factura A N°: 0003-00000903',NULL,'2022-06-17 21:51:15','2022-06-17 21:51:15',NULL),(825,7255,2,41445,41457,13,122823,2,0,'2022-05-17',741488.00,'Nota de crédito A N°: 0003-00000099',NULL,'2022-06-17 21:51:15','2022-06-17 21:51:15',NULL),(826,7255,2,41445,41457,13,122823,1,0,'2022-05-17',370744.00,'FACTURA DE CRÉDITO ELECTRÓNICA MiPyMEs (FCE) A N°: 0003-00000050',NULL,'2022-06-17 21:51:15','2022-06-17 21:51:15',NULL),(827,7255,2,41445,41522,13,122823,1,0,'2022-05-20',33819.50,'Factura A N°: 0003-00000904',NULL,'2022-06-17 21:51:15','2022-06-17 21:51:15',NULL),(828,7255,2,41445,41448,13,122823,1,0,'2022-05-20',74995.80,'Factura A N°: 0003-00000905',NULL,'2022-06-17 21:51:15','2022-06-17 21:51:15',NULL),(829,7255,2,41445,41523,13,122823,1,0,'2022-05-23',55115.50,'Factura A N°: 0003-00000906',NULL,'2022-06-17 21:51:15','2022-06-17 21:51:15',NULL),(830,7255,2,41445,41523,13,122823,1,0,'2022-05-23',44588.50,'Factura A N°: 0003-00000907',NULL,'2022-06-17 21:51:15','2022-06-17 21:51:15',NULL),(831,7255,2,41445,41458,13,122823,1,0,'2022-05-27',115918.00,'Factura A N°: 0003-00000908',NULL,'2022-06-17 21:51:15','2022-06-17 21:51:15',NULL),(832,7255,2,41445,41458,13,122823,1,0,'2022-05-27',124182.30,'Factura A N°: 0003-00000909',NULL,'2022-06-17 21:51:15','2022-06-17 21:51:15',NULL),(833,7255,2,41445,41458,13,122823,2,0,'2022-05-27',115918.00,'Nota de crédito A N°: 0003-00000100',NULL,'2022-06-17 21:51:15','2022-06-17 21:51:15',NULL),(834,7255,3,41445,41463,57,122822,2,0,'2022-04-01',6700.00,'Factura A N°: 0003-00001278',NULL,'2022-06-17 21:57:26','2022-06-17 21:57:26',NULL),(835,7255,3,41445,41464,57,122822,2,0,'2022-04-01',39349.31,'Factura A N°: 1064-00712862',NULL,'2022-06-17 21:57:27','2022-06-17 21:57:27',NULL),(836,7255,3,41445,41524,57,122822,2,0,'2022-04-01',4162.40,'Factura A N°: 0002-00004520',NULL,'2022-06-17 21:57:27','2022-06-17 21:57:27',NULL),(837,7255,3,41445,41490,57,122822,2,0,'2022-04-01',21981.48,'Factura A N°: 0002-00013783',NULL,'2022-06-17 21:57:27','2022-06-17 21:57:27',NULL),(838,7255,3,41445,41489,57,122822,2,0,'2022-04-01',4000.00,'Factura A N°: 0005-00004604',NULL,'2022-06-17 21:57:27','2022-06-17 21:57:27',NULL),(839,7255,3,41445,41468,57,122822,2,0,'2022-04-01',40117.14,'Factura A N°: 0006-00021844',NULL,'2022-06-17 21:57:27','2022-06-17 21:57:27',NULL),(840,7255,3,41445,41357,57,122822,2,0,'2022-04-02',121.36,'Factura A N°: 5011-00294906',NULL,'2022-06-17 21:57:27','2022-06-17 21:57:27',NULL),(841,7255,3,41445,41357,57,122822,2,0,'2022-04-02',3951.73,'Factura A N°: 5014-00217767',NULL,'2022-06-17 21:57:27','2022-06-17 21:57:27',NULL),(842,7255,3,41445,41358,57,122822,2,0,'2022-04-02',2710.94,'Factura A N°: 0050-02572437',NULL,'2022-06-17 21:57:27','2022-06-17 21:57:27',NULL),(843,7255,3,41445,41358,57,122822,2,0,'2022-04-02',602.66,'Factura A N°: 0050-02548451',NULL,'2022-06-17 21:57:27','2022-06-17 21:57:27',NULL),(844,7255,3,41445,41525,57,122822,2,0,'2022-04-04',109892.00,'Factura A N°: 0004-00002547',NULL,'2022-06-17 21:57:27','2022-06-17 21:57:27',NULL),(845,7255,3,41445,41373,57,122822,2,0,'2022-04-04',231.00,'Factura A N°: 0629-03141120',NULL,'2022-06-17 21:57:27','2022-06-17 21:57:27',NULL),(846,7255,3,41445,41471,57,122822,2,0,'2022-04-04',5505.50,'Factura A N°: 0001-00018498',NULL,'2022-06-17 21:57:27','2022-06-17 21:57:27',NULL),(847,7255,3,41445,41475,57,122822,2,0,'2022-04-04',21572.64,'Factura A N°: 0004-00067085',NULL,'2022-06-17 21:57:27','2022-06-17 21:57:27',NULL),(848,7255,3,41445,41375,57,122822,2,0,'2022-04-04',693.59,'Factura A N°: 0711-02829220',NULL,'2022-06-17 21:57:27','2022-06-17 21:57:27',NULL);
INSERT INTO `cta_cte_cliente` VALUES (849,7255,3,41445,41472,57,122822,2,0,'2022-04-05',6384.17,'Factura A N°: 0002-00008624',NULL,'2022-06-17 21:57:27','2022-06-17 21:57:27',NULL),(850,7255,3,41445,41472,57,122822,2,0,'2022-04-05',56073.40,'Factura A N°: 0002-00008625',NULL,'2022-06-17 21:57:27','2022-06-17 21:57:27',NULL),(851,7255,3,41445,40719,57,122822,2,0,'2022-04-05',17200.00,'RECIBO C N°: 0003-00001606',NULL,'2022-06-17 21:57:27','2022-06-17 21:57:27',NULL),(852,7255,3,41445,41478,57,122822,2,0,'2022-04-05',508.58,'Factura A N°: 0004-00003618',NULL,'2022-06-17 21:57:27','2022-06-17 21:57:27',NULL),(853,7255,3,41445,41526,57,122822,2,0,'2022-04-05',15909.36,'Factura A N°: 0003-00004542',NULL,'2022-06-17 21:57:27','2022-06-17 21:57:27',NULL),(854,7255,3,41445,41472,57,122822,2,0,'2022-04-06',4312.90,'Factura A N°: 0002-00008631',NULL,'2022-06-17 21:57:27','2022-06-17 21:57:27',NULL),(855,7255,3,41445,41527,57,122822,2,0,'2022-04-06',5000.01,'Factura A N°: 0006-00002318',NULL,'2022-06-17 21:57:27','2022-06-17 21:57:27',NULL),(856,7255,3,41445,41494,57,122822,2,0,'2022-04-06',5267.65,'Factura A N°: 6950-00008676',NULL,'2022-06-17 21:57:27','2022-06-17 21:57:27',NULL),(857,7255,3,41445,41490,57,122822,2,0,'2022-04-06',21793.55,'Factura A N°: 0002-00013805',NULL,'2022-06-17 21:57:27','2022-06-17 21:57:27',NULL),(858,7255,3,41445,41490,57,122822,2,0,'2022-04-07',32535.67,'Factura A N°: 0002-00013808',NULL,'2022-06-17 21:57:27','2022-06-17 21:57:27',NULL),(859,7255,3,41445,41490,57,122822,2,0,'2022-04-07',28852.87,'Factura A N°: 0002-00013807',NULL,'2022-06-17 21:57:28','2022-06-17 21:57:28',NULL),(860,7255,3,41445,41468,57,122822,2,0,'2022-04-07',874.04,'Factura A N°: 0006-00021883',NULL,'2022-06-17 21:57:28','2022-06-17 21:57:28',NULL),(861,7255,3,41445,41528,57,122822,2,0,'2022-04-07',22715.20,'Factura A N°: 0005-00037320',NULL,'2022-06-17 21:57:28','2022-06-17 21:57:28',NULL),(862,7255,3,41445,41494,57,122822,2,0,'2022-04-08',5442.01,'Factura A N°: 6922-00009776',NULL,'2022-06-17 21:57:28','2022-06-17 21:57:28',NULL),(863,7255,3,41445,41529,57,122822,2,0,'2022-04-08',192540.65,'Factura A N°: 0006-00002740',NULL,'2022-06-17 21:57:28','2022-06-17 21:57:28',NULL),(864,7255,3,41445,41467,57,122822,2,0,'2022-04-08',15168.98,'Factura A N°: 0003-00012045',NULL,'2022-06-17 21:57:28','2022-06-17 21:57:28',NULL),(865,7255,3,41445,41530,57,122822,2,0,'2022-04-09',639.99,'Factura A N°: 0004-00000153',NULL,'2022-06-17 21:57:28','2022-06-17 21:57:28',NULL),(866,7255,3,41445,41531,57,122822,2,0,'2022-04-09',8074.33,'Factura A N°: 0002-00107206',NULL,'2022-06-17 21:57:28','2022-06-17 21:57:28',NULL),(867,7255,3,41445,41521,57,122822,2,0,'2022-04-11',40706.13,'Factura A N°: 0101-00033821',NULL,'2022-06-17 21:57:28','2022-06-17 21:57:28',NULL),(868,7255,3,41445,41494,57,122822,2,0,'2022-04-11',2034.02,'Factura A N°: 6874-00008980',NULL,'2022-06-17 21:57:28','2022-06-17 21:57:28',NULL),(869,7255,3,41445,41485,57,122822,2,0,'2022-04-12',1500.56,'Factura A N°: 0061-00003192',NULL,'2022-06-17 21:57:28','2022-06-17 21:57:28',NULL),(870,7255,3,41445,41532,57,122822,2,0,'2022-04-12',26000.00,'Factura A N°: 0003-00000795',NULL,'2022-06-17 21:57:28','2022-06-17 21:57:28',NULL),(871,7255,3,41445,41505,57,122822,2,0,'2022-04-12',17199.99,'Factura A N°: 0006-00005941',NULL,'2022-06-17 21:57:28','2022-06-17 21:57:28',NULL),(872,7255,3,41445,41505,57,122822,2,0,'2022-04-12',12000.01,'Factura A N°: 0006-00005943',NULL,'2022-06-17 21:57:28','2022-06-17 21:57:28',NULL),(873,7255,3,41445,41533,57,122822,2,0,'2022-04-12',11150.00,'Factura A N°: 0003-00004599',NULL,'2022-06-17 21:57:28','2022-06-17 21:57:28',NULL),(874,7255,3,41445,41533,57,122822,2,0,'2022-04-12',9200.01,'Factura A N°: 0003-00004604',NULL,'2022-06-17 21:57:28','2022-06-17 21:57:28',NULL),(875,7255,3,41445,41534,57,122822,2,0,'2022-04-12',1972.30,'Factura A N°: 0003-00019993',NULL,'2022-06-17 21:57:28','2022-06-17 21:57:28',NULL);
INSERT INTO `cta_cte_cliente` VALUES (876,7255,3,41445,41478,57,122822,2,0,'2022-04-12',11468.69,'Factura A N°: 0004-00003659',NULL,'2022-06-17 21:57:28','2022-06-17 21:57:28',NULL),(877,7255,3,41445,41490,57,122822,2,0,'2022-04-12',10712.01,'Factura A N°: 0002-00013841',NULL,'2022-06-17 21:57:28','2022-06-17 21:57:28',NULL),(878,7255,3,41445,41494,57,122822,2,0,'2022-04-13',508.50,'Factura A N°: 6940-00009169',NULL,'2022-06-17 21:57:28','2022-06-17 21:57:28',NULL),(879,7255,3,41445,41494,57,122822,2,0,'2022-04-13',5392.65,'Factura A N°: 9040-00002476',NULL,'2022-06-17 21:57:28','2022-06-17 21:57:28',NULL),(880,7255,3,41445,41487,57,122822,2,0,'2022-04-13',7719.47,'Factura A N°: 0035-00791476',NULL,'2022-06-17 21:57:28','2022-06-17 21:57:28',NULL),(881,7255,3,41445,41535,57,122822,2,0,'2022-04-14',10949.22,'Factura A N°: 0002-00005888',NULL,'2022-06-17 21:57:28','2022-06-17 21:57:28',NULL),(882,7255,3,41445,41536,57,122822,2,0,'2022-04-14',3246.49,'Factura A N°: 0003-00000023',NULL,'2022-06-17 21:57:28','2022-06-17 21:57:28',NULL),(883,7255,3,41445,41499,57,122822,1,0,'2022-04-14',12126.37,'Nota de crédito A N°: 0300-00000132',NULL,'2022-06-17 21:57:28','2022-06-17 21:57:28',NULL),(884,7255,3,41445,41499,57,122822,2,0,'2022-04-14',12473.25,'Factura A N°: 0300-00001753',NULL,'2022-06-17 21:57:29','2022-06-17 21:57:29',NULL),(885,7255,3,41445,41537,57,122822,2,0,'2022-04-16',14000.00,'Factura A N°: 0004-00000230',NULL,'2022-06-17 21:57:29','2022-06-17 21:57:29',NULL),(886,7255,3,41445,41013,57,122822,2,0,'2022-04-16',4733.28,'Factura A N°: 2031-00038626',NULL,'2022-06-17 21:57:29','2022-06-17 21:57:29',NULL),(887,7255,3,41445,41535,57,122822,2,0,'2022-04-18',32576.00,'Factura A N°: 0002-00005892',NULL,'2022-06-17 21:57:29','2022-06-17 21:57:29',NULL),(888,7255,3,41445,41373,57,122822,2,0,'2022-04-18',204.00,'Factura A N°: 0629-03181846',NULL,'2022-06-17 21:57:29','2022-06-17 21:57:29',NULL),(889,7255,3,41445,41538,57,122822,2,0,'2022-04-18',4258.00,'Factura A N°: 0005-00077665',NULL,'2022-06-17 21:57:29','2022-06-17 21:57:29',NULL),(890,7255,3,41445,41357,57,122822,2,0,'2022-04-18',2980.59,'Factura A N°: 5014-00220701',NULL,'2022-06-17 21:57:29','2022-06-17 21:57:29',NULL),(891,7255,3,41445,41357,57,122822,2,0,'2022-04-18',214.92,'Factura A N°: 5011-00300720',NULL,'2022-06-17 21:57:29','2022-06-17 21:57:29',NULL),(892,7255,3,41445,41375,57,122822,2,0,'2022-04-18',190.00,'Factura A N°: 0711-02885418',NULL,'2022-06-17 21:57:29','2022-06-17 21:57:29',NULL),(893,7255,3,41445,41539,57,122822,2,0,'2022-04-19',129930.22,'Factura A N°: 0002-00000197',NULL,'2022-06-17 21:57:29','2022-06-17 21:57:29',NULL),(894,7255,3,41445,41540,57,122822,2,0,'2022-04-20',46115.71,'Factura C N°: 0002-00000121',NULL,'2022-06-17 21:57:29','2022-06-17 21:57:29',NULL),(895,7255,3,41445,41533,57,122822,2,0,'2022-04-21',1670.01,'Factura A N°: 0003-00004622',NULL,'2022-06-17 21:57:29','2022-06-17 21:57:29',NULL),(896,7255,3,41445,41533,57,122822,2,0,'2022-04-21',17100.00,'Factura A N°: 0003-00004621',NULL,'2022-06-17 21:57:29','2022-06-17 21:57:29',NULL),(897,7255,3,41445,41494,57,122822,2,0,'2022-04-21',3255.63,'Factura A N°: 6874-00009212',NULL,'2022-06-17 21:57:29','2022-06-17 21:57:29',NULL),(898,7255,3,41445,41495,57,122822,2,0,'2022-04-22',652.73,'Factura A N°: 0700-00483710',NULL,'2022-06-17 21:57:29','2022-06-17 21:57:29',NULL),(899,7255,3,41445,41475,57,122822,2,0,'2022-04-22',5478.60,'Factura A N°: 0004-00067888',NULL,'2022-06-17 21:57:29','2022-06-17 21:57:29',NULL),(900,7255,3,41445,41495,57,122822,2,0,'2022-04-23',202.64,'Factura A N°: 0104-01538077',NULL,'2022-06-17 21:57:29','2022-06-17 21:57:29',NULL),(901,7255,3,41445,41494,57,122822,2,0,'2022-04-23',579.69,'Factura A N°: 7792-00001728',NULL,'2022-06-17 21:57:29','2022-06-17 21:57:29',NULL),(902,7255,3,41445,41541,57,122822,2,0,'2022-04-25',29999.00,'Factura A N°: 0005-00015245',NULL,'2022-06-17 21:57:29','2022-06-17 21:57:29',NULL);
INSERT INTO `cta_cte_cliente` VALUES (903,7255,3,41445,41494,57,122822,2,0,'2022-04-25',3153.04,'Factura A N°: 6872-00007360',NULL,'2022-06-17 21:57:29','2022-06-17 21:57:29',NULL),(904,7255,3,41445,41468,57,122822,2,0,'2022-04-25',5043.84,'Factura A N°: 0006-00022012',NULL,'2022-06-17 21:57:29','2022-06-17 21:57:29',NULL),(905,7255,3,41445,41542,57,122822,2,0,'2022-04-25',4769.54,'Factura A N°: 0003-00001747',NULL,'2022-06-17 21:57:29','2022-06-17 21:57:29',NULL),(906,7255,3,41445,41540,57,122822,2,0,'2022-04-26',25926.50,'Factura C N°: 0002-00000123',NULL,'2022-06-17 21:57:29','2022-06-17 21:57:29',NULL),(907,7255,3,41445,41472,57,122822,2,0,'2022-04-27',5768.22,'Factura A N°: 0002-00008724',NULL,'2022-06-17 21:57:29','2022-06-17 21:57:29',NULL),(908,7255,3,41445,41478,57,122822,2,0,'2022-04-28',1017.32,'Factura A N°: 0004-00003744',NULL,'2022-06-17 21:57:29','2022-06-17 21:57:29',NULL),(909,7255,3,41445,41543,57,122822,2,0,'2022-04-28',5050.00,'Factura A N°: 0003-00000002',NULL,'2022-06-17 21:57:29','2022-06-17 21:57:29',NULL),(910,7255,3,41445,41539,57,122822,1,0,'2022-04-29',131702.57,'Nota de crédito A N°: 0002-00000011',NULL,'2022-06-17 21:57:30','2022-06-17 21:57:30',NULL),(911,7255,3,41445,41539,57,122822,1,0,'2022-04-29',131702.57,'Nota de crédito A N°: 0002-00000012',NULL,'2022-06-17 21:57:30','2022-06-17 21:57:30',NULL),(912,7255,3,41445,41539,57,122822,2,0,'2022-04-29',131702.57,'Nota de débito A N°: 0002-00000001',NULL,'2022-06-17 21:57:30','2022-06-17 21:57:30',NULL),(913,7255,3,41445,41506,57,122822,2,0,'2022-04-29',15727.23,'Factura A N°: 0003-00015658',NULL,'2022-06-17 21:57:30','2022-06-17 21:57:30',NULL),(914,7255,3,41445,41506,57,122822,2,0,'2022-04-29',8820.59,'Factura A N°: 0003-00015659',NULL,'2022-06-17 21:57:30','2022-06-17 21:57:30',NULL),(915,7255,3,41445,41489,57,122822,2,0,'2022-04-29',4940.00,'Factura A N°: 0005-00005123',NULL,'2022-06-17 21:57:30','2022-06-17 21:57:30',NULL),(916,7255,3,41445,41543,57,122822,2,0,'2022-04-29',4400.00,'Factura A N°: 0003-00000006',NULL,'2022-06-17 21:57:30','2022-06-17 21:57:30',NULL),(917,7255,3,41445,41544,57,122822,2,0,'2022-04-30',1139.99,'Factura A N°: 0004-00006523',NULL,'2022-06-17 21:57:30','2022-06-17 21:57:30',NULL),(918,7255,3,41445,41378,57,122822,2,0,'2022-04-30',9912.15,'Factura A N°: 6364-06163792',NULL,'2022-06-17 21:57:30','2022-06-17 21:57:30',NULL),(919,7255,3,41445,41464,57,122823,2,0,'2022-05-01',37354.59,'Factura A N°: 1064-00723339',NULL,'2022-06-17 22:01:18','2022-06-17 22:01:18',NULL),(920,7255,3,41445,41524,57,122823,2,0,'2022-05-02',1210.00,'Factura A N°: 0002-00004581',NULL,'2022-06-17 22:01:18','2022-06-17 22:01:18',NULL),(921,7255,3,41445,41357,57,122823,2,0,'2022-05-02',2706.90,'Factura A N°: 5014-00228545',NULL,'2022-06-17 22:01:18','2022-06-17 22:01:18',NULL),(922,7255,3,41445,41358,57,122823,2,0,'2022-05-02',3486.22,'Factura A N°: 0050-02610318',NULL,'2022-06-17 22:01:18','2022-06-17 22:01:18',NULL),(923,7255,3,41445,41358,57,122823,2,0,'2022-05-02',888.30,'Factura A N°: 0050-02584216',NULL,'2022-06-17 22:01:18','2022-06-17 22:01:18',NULL),(924,7255,3,41445,41490,57,122823,2,0,'2022-05-02',18796.38,'Factura A N°: 0002-00013948',NULL,'2022-06-17 22:01:18','2022-06-17 22:01:18',NULL),(925,7255,3,41445,41528,57,122823,2,0,'2022-05-02',28390.45,'Factura A N°: 0005-00037591',NULL,'2022-06-17 22:01:18','2022-06-17 22:01:18',NULL),(926,7255,3,41445,41463,57,122823,2,0,'2022-05-03',4330.00,'Factura A N°: 0003-00001355',NULL,'2022-06-17 22:01:18','2022-06-17 22:01:18',NULL),(927,7255,3,41445,41373,57,122823,2,0,'2022-05-03',272.00,'Factura A N°: 0629-03220060',NULL,'2022-06-17 22:01:18','2022-06-17 22:01:18',NULL),(928,7255,3,41445,41545,57,122823,2,0,'2022-05-03',15730.00,'Factura A N°: 0003-00015679',NULL,'2022-06-17 22:01:18','2022-06-17 22:01:18',NULL),(929,7255,3,41445,41478,57,122823,2,0,'2022-05-03',724.78,'Factura A N°: 0004-00003762',NULL,'2022-06-17 22:01:18','2022-06-17 22:01:18',NULL);
INSERT INTO `cta_cte_cliente` VALUES (930,7255,3,41445,41494,57,122823,2,0,'2022-05-03',4271.70,'Factura A N°: 6936-00010935',NULL,'2022-06-17 22:01:18','2022-06-17 22:01:18',NULL),(931,7255,3,41445,41471,57,122823,2,0,'2022-05-03',5505.50,'Factura A N°: 0001-00018952',NULL,'2022-06-17 22:01:18','2022-06-17 22:01:18',NULL),(932,7255,3,41445,41375,57,122823,2,0,'2022-05-03',68.00,'Factura A N°: 0711-02943430',NULL,'2022-06-17 22:01:19','2022-06-17 22:01:19',NULL),(933,7255,3,41445,41528,57,122823,2,0,'2022-05-03',22715.20,'Nota de débito A N°: 0005-00000405',NULL,'2022-06-17 22:01:19','2022-06-17 22:01:19',NULL),(934,7255,3,41445,41472,57,122823,2,0,'2022-05-04',8289.54,'Factura A N°: 0002-00008777',NULL,'2022-06-17 22:01:19','2022-06-17 22:01:19',NULL),(935,7255,3,41445,41472,57,122823,2,0,'2022-05-04',715.61,'Factura A N°: 0002-00008778',NULL,'2022-06-17 22:01:19','2022-06-17 22:01:19',NULL),(936,7255,3,41445,41546,57,122823,2,0,'2022-05-04',21730.22,'Factura A N°: 0003-00149981',NULL,'2022-06-17 22:01:19','2022-06-17 22:01:19',NULL),(937,7255,3,41445,41546,57,122823,2,0,'2022-05-04',12126.46,'Factura A N°: 0003-00150039',NULL,'2022-06-17 22:01:19','2022-06-17 22:01:19',NULL),(938,7255,3,41445,41547,57,122823,2,0,'2022-05-04',54218.89,'Factura A N°: 0002-00000883',NULL,'2022-06-17 22:01:19','2022-06-17 22:01:19',NULL),(939,7255,3,41445,41469,57,122823,2,0,'2022-05-05',114504.24,'Factura A N°: 0002-00000909',NULL,'2022-06-17 22:01:19','2022-06-17 22:01:19',NULL),(940,7255,3,41445,41472,57,122823,2,0,'2022-05-05',15675.27,'Factura A N°: 0002-00008791',NULL,'2022-06-17 22:01:19','2022-06-17 22:01:19',NULL),(941,7255,3,41445,40719,57,122823,2,0,'2022-05-05',17200.00,'RECIBO C N°: 0003-00001647',NULL,'2022-06-17 22:01:19','2022-06-17 22:01:19',NULL),(942,7255,3,41445,41494,57,122823,2,0,'2022-05-06',4884.01,'Factura A N°: 6918-00013879',NULL,'2022-06-17 22:01:19','2022-06-17 22:01:19',NULL),(943,7255,3,41445,41475,57,122823,2,0,'2022-05-06',646.38,'Factura A N°: 0004-00068508',NULL,'2022-06-17 22:01:19','2022-06-17 22:01:19',NULL),(944,7255,3,41445,41475,57,122823,2,0,'2022-05-06',25185.64,'Factura A N°: 0004-00068506',NULL,'2022-06-17 22:01:19','2022-06-17 22:01:19',NULL),(945,7255,3,41445,41475,57,122823,2,0,'2022-05-06',3924.47,'Factura A N°: 0004-00068509',NULL,'2022-06-17 22:01:19','2022-06-17 22:01:19',NULL),(946,7255,3,41445,41548,57,122823,2,0,'2022-05-06',26962.43,'Factura A N°: 0005-00011989',NULL,'2022-06-17 22:01:19','2022-06-17 22:01:19',NULL),(947,7255,3,41445,41549,57,122823,2,0,'2022-05-06',4730.00,'Factura A N°: 0001-00001106',NULL,'2022-06-17 22:01:19','2022-06-17 22:01:19',NULL),(948,7255,3,41445,41550,57,122823,2,0,'2022-05-08',7984.51,'Factura A N°: 8941-00000277',NULL,'2022-06-17 22:01:19','2022-06-17 22:01:19',NULL),(949,7255,3,41445,41482,57,122823,2,0,'2022-05-09',117850.00,'Factura A N°: 0002-00001272',NULL,'2022-06-17 22:01:19','2022-06-17 22:01:19',NULL),(950,7255,3,41445,41475,57,122823,1,0,'2022-05-09',7040.75,'Nota de crédito A N°: 0004-00012501',NULL,'2022-06-17 22:01:19','2022-06-17 22:01:19',NULL),(951,7255,3,41445,41468,57,122823,2,0,'2022-05-09',20183.80,'Factura A N°: 0006-00022095',NULL,'2022-06-17 22:01:19','2022-06-17 22:01:19',NULL),(952,7255,3,41445,41468,57,122823,2,0,'2022-05-09',17972.15,'Factura A N°: 0006-00022097',NULL,'2022-06-17 22:01:19','2022-06-17 22:01:19',NULL),(953,7255,3,41445,41468,57,122823,2,0,'2022-05-09',662.04,'Nota de débito A N°: 0006-00000477',NULL,'2022-06-17 22:01:19','2022-06-17 22:01:19',NULL),(954,7255,3,41445,41504,57,122823,2,0,'2022-05-10',49417.58,'Factura A N°: 0065-00048895',NULL,'2022-06-17 22:01:19','2022-06-17 22:01:19',NULL),(955,7255,3,41445,41504,57,122823,2,0,'2022-05-10',40971.21,'Factura A N°: 0065-00048896',NULL,'2022-06-17 22:01:19','2022-06-17 22:01:19',NULL),(956,7255,3,41445,41551,57,122823,2,0,'2022-05-10',2420.00,'Factura A N°: 0003-00005423',NULL,'2022-06-17 22:01:19','2022-06-17 22:01:19',NULL);
INSERT INTO `cta_cte_cliente` VALUES (957,7255,3,41445,41497,57,122823,2,0,'2022-05-11',19391.64,'Factura A N°: 0002-00012185',NULL,'2022-06-17 22:01:20','2022-06-17 22:01:20',NULL),(958,7255,3,41445,41552,57,122823,2,0,'2022-05-12',14513.80,'Factura A N°: 0004-00001283',NULL,'2022-06-17 22:01:20','2022-06-17 22:01:20',NULL),(959,7255,3,41445,41472,57,122823,2,0,'2022-05-12',484.00,'Factura A N°: 0002-00008834',NULL,'2022-06-17 22:01:20','2022-06-17 22:01:20',NULL),(960,7255,3,41445,41505,57,122823,2,0,'2022-05-12',8190.01,'Factura A N°: 0006-00006098',NULL,'2022-06-17 22:01:20','2022-06-17 22:01:20',NULL),(961,7255,3,41445,41524,57,122823,2,0,'2022-05-12',968.00,'Factura A N°: 0002-00004615',NULL,'2022-06-17 22:01:20','2022-06-17 22:01:20',NULL),(962,7255,3,41445,41505,57,122823,2,0,'2022-05-12',159219.06,'Factura A N°: 0006-00006097',NULL,'2022-06-17 22:01:20','2022-06-17 22:01:20',NULL),(963,7255,3,41445,41490,57,122823,2,0,'2022-05-12',25813.89,'Factura A N°: 0002-00014013',NULL,'2022-06-17 22:01:20','2022-06-17 22:01:20',NULL),(964,7255,3,41445,41490,57,122823,2,0,'2022-05-12',4150.40,'Factura A N°: 0002-00014017',NULL,'2022-06-17 22:01:20','2022-06-17 22:01:20',NULL),(965,7255,3,41445,41490,57,122823,2,0,'2022-05-12',41591.05,'Factura A N°: 0002-00014014',NULL,'2022-06-17 22:01:20','2022-06-17 22:01:20',NULL),(966,7255,3,41445,41490,57,122823,2,0,'2022-05-12',41591.05,'Factura A N°: 0002-00014015',NULL,'2022-06-17 22:01:20','2022-06-17 22:01:20',NULL),(967,7255,3,41445,41490,57,122823,2,0,'2022-05-12',21981.00,'Factura A N°: 0002-00014012',NULL,'2022-06-17 22:01:20','2022-06-17 22:01:20',NULL),(968,7255,3,41445,41490,57,122823,2,0,'2022-05-12',15551.51,'Factura A N°: 0002-00014016',NULL,'2022-06-17 22:01:20','2022-06-17 22:01:20',NULL),(969,7255,3,41445,41468,57,122823,2,0,'2022-05-13',26485.65,'Factura A N°: 0006-00022127',NULL,'2022-06-17 22:01:20','2022-06-17 22:01:20',NULL),(970,7255,3,41445,41532,57,122823,2,0,'2022-05-14',11900.00,'Factura A N°: 0003-00000804',NULL,'2022-06-17 22:01:20','2022-06-17 22:01:20',NULL),(971,7255,3,41445,41472,57,122823,2,0,'2022-05-16',12647.43,'Factura A N°: 0002-00008845',NULL,'2022-06-17 22:01:20','2022-06-17 22:01:20',NULL),(972,7255,3,41445,41478,57,122823,2,0,'2022-05-16',2979.75,'Factura A N°: 0004-00003831',NULL,'2022-06-17 22:01:20','2022-06-17 22:01:20',NULL),(973,7255,3,41445,41553,57,122823,2,0,'2022-05-16',10800.00,'Factura A N°: 0012-00002328',NULL,'2022-06-17 22:01:20','2022-06-17 22:01:20',NULL),(974,7255,3,41445,41373,57,122823,2,0,'2022-05-17',1274.45,'Factura A N°: 0629-03273750',NULL,'2022-06-17 22:01:20','2022-06-17 22:01:20',NULL),(975,7255,3,41445,41357,57,122823,2,0,'2022-05-17',3256.78,'Factura A N°: 5014-00234547',NULL,'2022-06-17 22:01:20','2022-06-17 22:01:20',NULL),(976,7255,3,41445,41478,57,122823,2,0,'2022-05-17',3177.65,'Factura A N°: 0004-00003842',NULL,'2022-06-17 22:01:20','2022-06-17 22:01:20',NULL),(977,7255,3,41445,41375,57,122823,2,0,'2022-05-17',163.00,'Factura A N°: 0711-02998894',NULL,'2022-06-17 22:01:20','2022-06-17 22:01:20',NULL),(978,7255,3,41445,41493,57,122823,2,0,'2022-05-19',428.51,'Factura A N°: 0503-00550120',NULL,'2022-06-17 22:01:20','2022-06-17 22:01:20',NULL),(979,7255,3,41445,41467,57,122823,2,0,'2022-05-19',8113.03,'Factura A N°: 0003-00012265',NULL,'2022-06-17 22:01:20','2022-06-17 22:01:20',NULL),(980,7255,3,41445,41494,57,122823,2,0,'2022-05-20',4271.87,'Factura A N°: 9058-00003889',NULL,'2022-06-17 22:01:20','2022-06-17 22:01:20',NULL),(981,7255,3,41445,41497,57,122823,2,0,'2022-05-20',76337.45,'Factura A N°: 0002-00012230',NULL,'2022-06-17 22:01:20','2022-06-17 22:01:20',NULL),(982,7255,3,41445,41553,57,122823,2,0,'2022-05-21',20500.00,'Factura A N°: 0012-00002340',NULL,'2022-06-17 22:01:20','2022-06-17 22:01:20',NULL),(983,7255,3,41445,41554,57,122823,2,0,'2022-05-21',11900.00,'Factura A N°: 0003-00009176',NULL,'2022-06-17 22:01:21','2022-06-17 22:01:21',NULL);
INSERT INTO `cta_cte_cliente` VALUES (984,7255,3,41445,41377,57,122823,2,0,'2022-05-21',20.00,'Factura A N°: 0113-02818782',NULL,'2022-06-17 22:01:21','2022-06-17 22:01:21',NULL),(985,7255,3,41445,41495,57,122823,2,0,'2022-05-23',279.00,'Factura A N°: 0700-00511254',NULL,'2022-06-17 22:01:21','2022-06-17 22:01:21',NULL),(986,7255,3,41445,41478,57,122823,2,0,'2022-05-23',6468.77,'Factura A N°: 0004-00003864',NULL,'2022-06-17 22:01:21','2022-06-17 22:01:21',NULL),(987,7255,3,41445,41555,57,122823,2,0,'2022-05-23',8075.73,'Factura A N°: 0004-00035226',NULL,'2022-06-17 22:01:21','2022-06-17 22:01:21',NULL),(988,7255,3,41445,41556,57,122823,2,0,'2022-05-24',19239.00,'Factura A N°: 0005-00005484',NULL,'2022-06-17 22:01:21','2022-06-17 22:01:21',NULL),(989,7255,3,41445,41478,57,122823,2,0,'2022-05-24',2140.32,'Factura A N°: 0004-00003871',NULL,'2022-06-17 22:01:21','2022-06-17 22:01:21',NULL),(990,7255,3,41445,41478,57,122823,1,0,'2022-05-24',3438.29,'Nota de crédito A N°: 0004-00000065',NULL,'2022-06-17 22:01:21','2022-06-17 22:01:21',NULL),(991,7255,3,41445,41557,57,122823,2,0,'2022-05-26',66752.07,'Factura A N°: 0004-00018744',NULL,'2022-06-17 22:01:21','2022-06-17 22:01:21',NULL),(992,7255,3,41445,41478,57,122823,2,0,'2022-05-26',9500.00,'Nota de débito A N°: 0004-00000003',NULL,'2022-06-17 22:01:21','2022-06-17 22:01:21',NULL),(993,7255,3,41445,41490,57,122823,2,0,'2022-05-26',24039.60,'Factura A N°: 0002-00014081',NULL,'2022-06-17 22:01:21','2022-06-17 22:01:21',NULL),(994,7255,3,41445,41467,57,122823,2,0,'2022-05-26',19618.29,'Factura A N°: 0003-00012293',NULL,'2022-06-17 22:01:21','2022-06-17 22:01:21',NULL),(995,7255,3,41445,41506,57,122823,2,0,'2022-05-27',8260.34,'Nota de débito A N°: 0003-00000089',NULL,'2022-06-17 22:01:21','2022-06-17 22:01:21',NULL),(996,7255,3,41445,41506,57,122823,2,0,'2022-05-27',13455.85,'Factura A N°: 0003-00015790',NULL,'2022-06-17 22:01:21','2022-06-17 22:01:21',NULL),(997,7255,3,41445,41506,57,122823,2,0,'2022-05-28',23135.99,'Factura A N°: 0003-00015799',NULL,'2022-06-17 22:01:21','2022-06-17 22:01:21',NULL),(998,7255,3,41445,41472,57,122823,2,0,'2022-05-30',11099.18,'Factura A N°: 0002-00008901',NULL,'2022-06-17 22:01:21','2022-06-17 22:01:21',NULL),(999,7255,3,41445,41558,57,122823,2,0,'2022-05-30',4145.03,'Factura A N°: 0002-00012314',NULL,'2022-06-17 22:01:21','2022-06-17 22:01:21',NULL),(1000,7255,3,41445,41472,57,122823,2,0,'2022-05-31',6031.79,'Factura A N°: 0002-00008905',NULL,'2022-06-17 22:01:21','2022-06-17 22:01:21',NULL),(1001,7255,3,41445,41506,57,122823,2,0,'2022-05-31',5183.97,'Factura A N°: 0003-00015831',NULL,'2022-06-17 22:01:21','2022-06-17 22:01:21',NULL),(1002,7255,3,41445,41378,57,122823,2,0,'2022-05-31',9912.15,'Factura A N°: 6364-06311316',NULL,'2022-06-17 22:01:21','2022-06-17 22:01:21',NULL),(1011,7255,3,41389,41579,57,37982,2,0,'2022-04-01',13260.00,'Factura A N°: 0001-00000182',NULL,'2022-06-18 01:23:38','2022-06-18 01:23:38',NULL),(1012,7255,3,41389,41580,57,37982,2,0,'2022-04-01',1643.80,'Factura A N°: 0002-00004141',NULL,'2022-06-18 01:23:38','2022-06-18 01:23:38',NULL),(1013,7255,3,41389,41581,57,37982,2,0,'2022-04-01',4366.67,'Factura A N°: 0024-00005241',NULL,'2022-06-18 01:23:38','2022-06-18 01:23:38',NULL),(1014,7255,3,41389,41582,57,37982,2,0,'2022-04-04',4490.06,'Factura A N°: 0031-00047795',NULL,'2022-06-18 01:23:38','2022-06-18 01:23:38',NULL),(1015,7255,3,41389,40719,57,37982,2,0,'2022-04-05',7200.00,'Factura A N°: 0003-00001605',NULL,'2022-06-18 01:23:38','2022-06-18 01:23:38',NULL),(1016,7255,3,41389,41582,57,37982,2,0,'2022-04-07',4628.33,'Factura A N°: 0031-00047962',NULL,'2022-06-18 01:23:38','2022-06-18 01:23:38',NULL),(1017,7255,3,41389,41582,57,37982,2,0,'2022-04-11',5703.76,'Factura A N°: 0031-00048125',NULL,'2022-06-18 01:23:38','2022-06-18 01:23:38',NULL),(1018,7255,3,41389,41582,57,37982,2,0,'2022-04-18',7089.68,'Factura A N°: 0031-00048485',NULL,'2022-06-18 01:23:39','2022-06-18 01:23:39',NULL);
INSERT INTO `cta_cte_cliente` VALUES (1019,7255,3,41389,41583,57,37982,2,0,'2022-04-18',5845.02,'Factura A N°: 0003-00000523',NULL,'2022-06-18 01:23:39','2022-06-18 01:23:39',NULL),(1020,7255,3,41389,41582,57,37982,2,0,'2022-04-18',6355.62,'Factura A N°: 0031-00048838',NULL,'2022-06-18 01:23:39','2022-06-18 01:23:39',NULL),(1021,7255,3,41389,41582,57,37982,2,0,'2022-04-21',3254.81,'Factura A N°: 0031-00048962',NULL,'2022-06-18 01:23:39','2022-06-18 01:23:39',NULL),(1022,7255,3,41389,41582,57,37982,2,0,'2022-04-21',3458.37,'Factura A N°: 0031-00048981',NULL,'2022-06-18 01:23:39','2022-06-18 01:23:39',NULL),(1023,7255,3,41389,41582,57,37982,2,0,'2022-04-23',4150.13,'Factura A N°: 0031-00049153',NULL,'2022-06-18 01:23:39','2022-06-18 01:23:39',NULL),(1024,7255,3,41389,41584,57,37982,2,0,'2022-04-24',4200.00,'Factura A N°: 0002-00000715',NULL,'2022-06-18 01:23:39','2022-06-18 01:23:39',NULL),(1025,7255,3,41389,41582,57,37982,2,0,'2022-04-25',4692.03,'Factura A N°: 0031-00049322',NULL,'2022-06-18 01:23:39','2022-06-18 01:23:39',NULL),(1026,7255,3,41389,41375,57,37982,2,0,'2022-04-30',7415.37,'OTROS COMPROBANTES QUE NO CUMPLEN O ESTÁN EXCEPTUADOS DE LA R.G. 1415 Y SUS MODIF N°: 0009-00042022',NULL,'2022-06-18 01:23:39','2022-06-18 01:23:39',NULL),(1027,7255,3,41389,41357,57,37982,2,0,'2022-04-30',438.34,'OTROS COMPROBANTES QUE NO CUMPLEN O ESTÁN EXCEPTUADOS DE LA R.G. 1415 Y SUS MODIF N°: 0009-00042022',NULL,'2022-06-18 01:23:39','2022-06-18 01:23:39',NULL),(1028,7255,3,41389,41373,57,37982,2,0,'2022-04-30',1315.04,'OTROS COMPROBANTES QUE NO CUMPLEN O ESTÁN EXCEPTUADOS DE LA R.G. 1415 Y SUS MODIF N°: 0009-00042022',NULL,'2022-06-18 01:23:39','2022-06-18 01:23:39',NULL),(1029,7255,3,41389,41495,57,37982,2,0,'2022-04-30',3890.33,'OTROS COMPROBANTES QUE NO CUMPLEN O ESTÁN EXCEPTUADOS DE LA R.G. 1415 Y SUS MODIF N°: 0009-00042022',NULL,'2022-06-18 01:23:39','2022-06-18 01:23:39',NULL),(1030,7255,3,40741,41010,57,33333,2,0,'2022-05-02',15671.86,'Factura B N°: 0004-00041726',NULL,'2022-06-22 00:35:08','2022-06-22 00:35:08',NULL),(1031,7255,2,41296,41345,13,34885,1,0,'2022-05-24',73301.50,'Factura A N°: 0002-00002543',NULL,'2022-06-22 01:18:24','2022-06-22 01:53:48','2022-06-22 01:53:48'),(1032,7255,2,41296,41348,13,34885,1,0,'2022-05-27',130479.20,'Factura A N°: 0002-00002547',NULL,'2022-06-22 01:21:28','2022-06-22 01:22:34','2022-06-22 01:22:34'),(1033,7255,2,41296,41348,13,34885,1,0,'2022-05-27',130479.20,'Factura A N°: 0002-00002547',NULL,'2022-06-22 01:22:34','2022-06-22 01:53:48','2022-06-22 01:53:48'),(1034,7255,2,41296,41305,13,34885,2,0,'2022-05-04',5006.05,'Nota de crédito A N°: 0002-00000669',NULL,'2022-06-22 01:25:40','2022-06-22 01:53:47','2022-06-22 01:53:47'),(1035,7255,2,41296,41299,13,34885,1,0,'2022-05-02',8112.00,'Factura B N°: 0002-00000925',NULL,'2022-06-22 02:09:17','2022-06-22 02:09:17',NULL),(1036,7255,2,41296,41300,13,34885,1,0,'2022-05-02',886.00,'Factura B N°: 0002-00000926',NULL,'2022-06-22 02:09:17','2022-06-22 02:09:17',NULL),(1037,7255,2,41296,41298,13,34885,1,0,'2022-05-02',356428.80,'Factura A N°: 0002-00002508',NULL,'2022-06-22 02:09:17','2022-06-22 02:09:17',NULL),(1038,7255,2,41296,41301,13,34885,2,0,'2022-05-03',5351.47,'Nota de crédito A N°: 0002-00000668',NULL,'2022-06-22 02:09:17','2022-06-22 02:09:17',NULL),(1039,7255,2,41296,41302,13,34885,1,0,'2022-05-03',886.00,'Factura B N°: 0002-00000927',NULL,'2022-06-22 02:09:17','2022-06-22 02:09:17',NULL),(1040,7255,2,41296,41305,13,34885,2,0,'2022-05-04',5006.04,'Nota de crédito A N°: 0002-00000669',NULL,'2022-06-22 02:09:17','2022-06-22 02:09:17',NULL),(1041,7255,2,41296,41303,13,34885,1,0,'2022-05-04',75542.22,'Factura A N°: 0002-00002509',NULL,'2022-06-22 02:09:18','2022-06-22 02:09:18',NULL),(1042,7255,2,41296,41304,13,34885,1,0,'2022-05-04',80011.78,'Factura A N°: 0002-00002510',NULL,'2022-06-22 02:09:18','2022-06-22 02:09:18',NULL),(1043,7255,2,41296,41311,13,34885,2,0,'2022-05-05',22490.68,'Nota de crédito A N°: 0002-00000670',NULL,'2022-06-22 02:09:18','2022-06-22 02:09:18',NULL);
INSERT INTO `cta_cte_cliente` VALUES (1044,7255,2,41296,41312,13,34885,2,0,'2022-05-05',65187.54,'Nota de crédito A N°: 0002-00000671',NULL,'2022-06-22 02:09:18','2022-06-22 02:09:18',NULL),(1045,7255,2,41296,41306,13,34885,1,0,'2022-05-05',67534.50,'Factura A N°: 0002-00002511',NULL,'2022-06-22 02:09:18','2022-06-22 02:09:18',NULL),(1046,7255,2,41296,41307,13,34885,1,0,'2022-05-05',78742.30,'Factura A N°: 0002-00002512',NULL,'2022-06-22 02:09:18','2022-06-22 02:09:18',NULL),(1047,7255,2,41296,41308,13,34885,1,0,'2022-05-05',64944.82,'Factura A N°: 0002-00002513',NULL,'2022-06-22 02:09:18','2022-06-22 02:09:18',NULL),(1048,7255,2,41296,41309,13,34885,1,0,'2022-05-05',106903.50,'Factura A N°: 0002-00002514',NULL,'2022-06-22 02:09:18','2022-06-22 02:09:18',NULL),(1049,7255,2,41296,41301,13,34885,1,0,'2022-05-05',43837.56,'Factura A N°: 0002-00002515',NULL,'2022-06-22 02:09:18','2022-06-22 02:09:18',NULL),(1050,7255,2,41296,41310,13,34885,1,0,'2022-05-05',63191.85,'Factura A N°: 0002-00002516',NULL,'2022-06-22 02:09:18','2022-06-22 02:09:18',NULL),(1051,7255,2,41296,41303,13,34885,1,0,'2022-05-06',62078.01,'Factura A N°: 0002-00002517',NULL,'2022-06-22 02:09:18','2022-06-22 02:09:18',NULL),(1052,7255,2,41296,41314,13,34885,2,0,'2022-05-09',8301.42,'Nota de crédito A N°: 0002-00000672',NULL,'2022-06-22 02:09:18','2022-06-22 02:09:18',NULL),(1053,7255,2,41296,41315,13,34885,1,0,'2022-05-09',11288.00,'Factura B N°: 0002-00000928',NULL,'2022-06-22 02:09:18','2022-06-22 02:09:18',NULL),(1054,7255,2,41296,41315,13,34885,1,0,'2022-05-09',11288.00,'Factura B N°: 0002-00000929',NULL,'2022-06-22 02:09:18','2022-06-22 02:09:18',NULL),(1055,7255,2,41296,41315,13,34885,1,0,'2022-05-09',11288.00,'Factura B N°: 0002-00000930',NULL,'2022-06-22 02:09:18','2022-06-22 02:09:18',NULL),(1056,7255,2,41296,41315,13,34885,1,0,'2022-05-09',11288.00,'Factura B N°: 0002-00000931',NULL,'2022-06-22 02:09:18','2022-06-22 02:09:18',NULL),(1057,7255,2,41296,41315,13,34885,1,0,'2022-05-09',11288.00,'Factura B N°: 0002-00000932',NULL,'2022-06-22 02:09:18','2022-06-22 02:09:18',NULL),(1058,7255,2,41296,41316,13,34885,1,0,'2022-05-09',835.00,'Factura B N°: 0002-00000933',NULL,'2022-06-22 02:09:18','2022-06-22 02:09:18',NULL),(1059,7255,2,41296,41317,13,34885,1,0,'2022-05-09',5340.00,'Factura B N°: 0002-00000934',NULL,'2022-06-22 02:09:18','2022-06-22 02:09:18',NULL),(1060,7255,2,41296,41318,13,34885,1,0,'2022-05-09',16552.00,'Factura B N°: 0002-00000935',NULL,'2022-06-22 02:09:18','2022-06-22 02:09:18',NULL),(1061,7255,2,41296,41313,13,34885,1,0,'2022-05-09',33256.08,'Factura A N°: 0002-00002518',NULL,'2022-06-22 02:09:18','2022-06-22 02:09:18',NULL),(1062,7255,2,41296,41301,13,34885,2,0,'2022-05-10',2191.87,'Nota de crédito A N°: 0002-00000673',NULL,'2022-06-22 02:09:18','2022-06-22 02:09:18',NULL),(1063,7255,2,41296,41322,13,34885,1,0,'2022-05-10',1344.00,'Factura B N°: 0002-00000936',NULL,'2022-06-22 02:09:18','2022-06-22 02:09:18',NULL),(1064,7255,2,41296,41323,13,34885,1,0,'2022-05-10',4777.00,'Factura B N°: 0002-00000937',NULL,'2022-06-22 02:09:19','2022-06-22 02:09:19',NULL),(1065,7255,2,41296,41319,13,34885,1,0,'2022-05-10',27076.92,'Factura A N°: 0002-00002519',NULL,'2022-06-22 02:09:19','2022-06-22 02:09:19',NULL),(1066,7255,2,41296,41305,13,34885,1,0,'2022-05-10',285143.04,'Factura A N°: 0002-00002520',NULL,'2022-06-22 02:09:19','2022-06-22 02:09:19',NULL),(1067,7255,2,41296,41320,13,34885,1,0,'2022-05-10',44580.12,'Factura A N°: 0002-00002521',NULL,'2022-06-22 02:09:19','2022-06-22 02:09:19',NULL),(1068,7255,2,41296,41321,13,34885,1,0,'2022-05-10',167934.56,'Factura A N°: 0002-00002522',NULL,'2022-06-22 02:09:19','2022-06-22 02:09:19',NULL),(1069,7255,2,41296,41304,13,34885,1,0,'2022-05-11',69740.71,'Nota de débito A N°: 0002-00000059',NULL,'2022-06-22 02:09:19','2022-06-22 02:09:19',NULL),(1070,7255,2,41296,41308,13,34885,2,0,'2022-05-11',3247.24,'Nota de crédito A N°: 0002-00000674',NULL,'2022-06-22 02:09:19','2022-06-22 02:09:19',NULL);
INSERT INTO `cta_cte_cliente` VALUES (1071,7255,2,41296,41324,13,34885,1,0,'2022-05-11',78284.38,'Factura A N°: 0002-00002523',NULL,'2022-06-22 02:09:19','2022-06-22 02:09:19',NULL),(1072,7255,2,41296,41325,13,34885,1,0,'2022-05-11',1542.00,'Factura A N°: 0002-00002524',NULL,'2022-06-22 02:09:19','2022-06-22 02:09:19',NULL),(1073,7255,2,41296,41326,13,34885,1,0,'2022-05-11',63191.85,'Factura A N°: 0002-00002525',NULL,'2022-06-22 02:09:19','2022-06-22 02:09:19',NULL),(1074,7255,2,41296,41326,13,34885,2,0,'2022-05-13',3159.59,'Nota de crédito A N°: 0002-00000675',NULL,'2022-06-22 02:09:19','2022-06-22 02:09:19',NULL),(1075,7255,2,41296,41328,13,34885,1,0,'2022-05-13',8112.00,'Factura B N°: 0002-00000938',NULL,'2022-06-22 02:09:19','2022-06-22 02:09:19',NULL),(1076,7255,2,41296,41329,13,34885,1,0,'2022-05-13',16224.00,'Factura B N°: 0002-00000939',NULL,'2022-06-22 02:09:19','2022-06-22 02:09:19',NULL),(1077,7255,2,41296,41330,13,34885,1,0,'2022-05-13',8112.00,'Factura B N°: 0002-00000940',NULL,'2022-06-22 02:09:19','2022-06-22 02:09:19',NULL),(1078,7255,2,41296,41330,13,34885,1,0,'2022-05-13',16224.00,'Factura B N°: 0002-00000941',NULL,'2022-06-22 02:09:19','2022-06-22 02:09:19',NULL),(1079,7255,2,41296,41303,13,34885,1,0,'2022-05-13',95334.09,'Factura A N°: 0002-00002526',NULL,'2022-06-22 02:09:19','2022-06-22 02:09:19',NULL),(1080,7255,2,41296,41327,13,34885,1,0,'2022-05-13',48443.20,'Factura A N°: 0002-00002527',NULL,'2022-06-22 02:09:19','2022-06-22 02:09:19',NULL),(1081,7255,2,41296,41331,13,34885,1,0,'2022-05-16',48710.61,'Factura A N°: 0002-00002528',NULL,'2022-06-22 02:09:19','2022-06-22 02:09:19',NULL),(1082,7255,2,41296,41332,13,34885,1,0,'2022-05-16',52012.35,'Factura A N°: 0002-00002529',NULL,'2022-06-22 02:09:19','2022-06-22 02:09:19',NULL),(1083,7255,2,41296,41333,13,34885,1,0,'2022-05-16',27076.92,'Factura A N°: 0002-00002530',NULL,'2022-06-22 02:09:19','2022-06-22 02:09:19',NULL),(1084,7255,2,41296,41336,13,34885,1,0,'2022-05-17',15000.00,'Nota de débito A N°: 0002-00000060',NULL,'2022-06-22 02:09:19','2022-06-22 02:09:19',NULL),(1085,7255,2,41296,41319,13,34885,2,0,'2022-05-17',1353.84,'Nota de crédito A N°: 0002-00000676',NULL,'2022-06-22 02:09:19','2022-06-22 02:09:19',NULL),(1086,7255,2,41296,41337,13,34885,1,0,'2022-05-17',7243.00,'Factura B N°: 0002-00000942',NULL,'2022-06-22 02:09:20','2022-06-22 02:09:20',NULL),(1087,7255,2,41296,41334,13,34885,1,0,'2022-05-17',27076.92,'Factura A N°: 0002-00002531',NULL,'2022-06-22 02:09:20','2022-06-22 02:09:20',NULL),(1088,7255,2,41296,41335,13,34885,1,0,'2022-05-17',63222.50,'Factura A N°: 0002-00002532',NULL,'2022-06-22 02:09:20','2022-06-22 02:09:20',NULL),(1089,7255,2,41296,41303,13,34885,1,0,'2022-05-19',66512.16,'Factura A N°: 0002-00002533',NULL,'2022-06-22 02:09:20','2022-06-22 02:09:20',NULL),(1090,7255,2,41296,41331,13,34885,2,0,'2022-05-20',2435.53,'Nota de crédito A N°: 0002-00000677',NULL,'2022-06-22 02:09:20','2022-06-22 02:09:20',NULL),(1091,7255,2,41296,41334,13,34885,2,0,'2022-05-20',1353.84,'Nota de crédito A N°: 0002-00000678',NULL,'2022-06-22 02:09:20','2022-06-22 02:09:20',NULL),(1092,7255,2,41296,41298,13,34885,2,0,'2022-05-20',17821.44,'Nota de crédito A N°: 0002-00000679',NULL,'2022-06-22 02:09:20','2022-06-22 02:09:20',NULL),(1093,7255,2,41296,41313,13,34885,2,0,'2022-05-20',1662.80,'Nota de crédito A N°: 0002-00000680',NULL,'2022-06-22 02:09:20','2022-06-22 02:09:20',NULL),(1094,7255,2,41296,41327,13,34885,1,0,'2022-05-20',153219.30,'Factura A N°: 0002-00002534',NULL,'2022-06-22 02:09:20','2022-06-22 02:09:20',NULL),(1095,7255,2,41296,41338,13,34885,1,0,'2022-05-20',94002.79,'Factura A N°: 0002-00002535',NULL,'2022-06-22 02:09:20','2022-06-22 02:09:20',NULL),(1096,7255,2,41296,41339,13,34885,1,0,'2022-05-20',49475.71,'Factura A N°: 0002-00002536',NULL,'2022-06-22 02:09:20','2022-06-22 02:09:20',NULL),(1097,7255,2,41296,41340,13,34885,1,0,'2022-05-20',67534.50,'Factura A N°: 0002-00002537',NULL,'2022-06-22 02:09:20','2022-06-22 02:09:20',NULL);
INSERT INTO `cta_cte_cliente` VALUES (1098,7255,2,41296,41344,13,34885,1,0,'2022-05-23',1890.00,'Factura B N°: 0002-00000943',NULL,'2022-06-22 02:09:20','2022-06-22 02:09:20',NULL),(1099,7255,2,41296,41336,13,34885,1,0,'2022-05-23',67534.50,'Factura A N°: 0002-00002538',NULL,'2022-06-22 02:09:20','2022-06-22 02:09:20',NULL),(1100,7255,2,41296,41341,13,34885,1,0,'2022-05-23',64157.78,'Factura A N°: 0002-00002539',NULL,'2022-06-22 02:09:20','2022-06-22 02:09:20',NULL),(1101,7255,2,41296,41342,13,34885,1,0,'2022-05-23',7440.00,'Factura A N°: 0002-00002540',NULL,'2022-06-22 02:09:20','2022-06-22 02:09:20',NULL),(1102,7255,2,41296,41303,13,34885,1,0,'2022-05-23',155138.02,'Factura A N°: 0002-00002541',NULL,'2022-06-22 02:09:20','2022-06-22 02:09:20',NULL),(1103,7255,2,41296,41343,13,34885,1,0,'2022-05-23',117711.00,'Factura A N°: 0002-00002542',NULL,'2022-06-22 02:09:20','2022-06-22 02:09:20',NULL),(1104,7255,2,41296,41345,13,34885,1,0,'2022-05-24',73301.48,'Factura A N°: 0002-00002543',NULL,'2022-06-22 02:09:20','2022-06-22 02:09:20',NULL),(1105,7255,2,41296,41338,13,34885,2,0,'2022-05-26',4700.14,'Nota de crédito A N°: 0002-00000681',NULL,'2022-06-22 02:09:20','2022-06-22 02:09:20',NULL),(1106,7255,2,41296,41303,13,34885,1,0,'2022-05-26',105553.14,'Factura A N°: 0002-00002544',NULL,'2022-06-22 02:09:20','2022-06-22 02:09:20',NULL),(1107,7255,2,41296,41347,13,34885,1,0,'2022-05-27',67534.50,'Factura A N°: 0002-00002546',NULL,'2022-06-22 02:09:20','2022-06-22 02:09:20',NULL),(1108,7255,2,41296,41348,13,34885,1,0,'2022-05-27',130479.19,'Factura A N°: 0002-00002547',NULL,'2022-06-22 02:09:20','2022-06-22 14:11:08','2022-06-22 14:11:08'),(1109,7255,2,41296,41349,13,34885,1,0,'2022-05-27',29930.47,'Factura A N°: 0002-00002548',NULL,'2022-06-22 02:09:21','2022-06-22 02:09:21',NULL),(1110,7255,2,41296,41350,13,34885,1,0,'2022-05-27',1780000.00,'Factura A N°: 0002-00002549',NULL,'2022-06-22 02:09:21','2022-06-22 02:09:21',NULL),(1111,7255,2,41296,41346,13,34885,1,0,'2022-05-27',32361.03,'Factura A N°: 0002-00002545',NULL,'2022-06-22 02:09:21','2022-06-22 02:09:21',NULL),(1112,7255,2,41296,41351,13,34885,1,0,'2022-05-30',67534.50,'Factura A N°: 0002-00002550',NULL,'2022-06-22 02:09:21','2022-06-22 02:09:21',NULL),(1113,7255,2,41296,41352,13,34885,1,0,'2022-05-30',31752.39,'Factura A N°: 0002-00002551',NULL,'2022-06-22 02:09:21','2022-06-22 02:09:21',NULL),(1114,7255,2,41296,41349,13,34885,2,0,'2022-05-30',1496.52,'Nota de crédito A N°: 0002-00000682',NULL,'2022-06-22 02:09:21','2022-06-22 02:09:21',NULL),(1115,7255,2,41296,41353,13,34885,1,0,'2022-05-30',1693.00,'Factura B N°: 0002-00000944',NULL,'2022-06-22 02:09:21','2022-06-22 02:09:21',NULL),(1116,7255,2,41296,41353,13,34885,1,0,'2022-05-30',8830.00,'Factura B N°: 0002-00000945',NULL,'2022-06-22 02:09:21','2022-06-22 02:09:21',NULL),(1117,7255,2,41296,41354,13,34885,1,0,'2022-05-30',11288.00,'Factura B N°: 0002-00000946',NULL,'2022-06-22 02:09:21','2022-06-22 02:09:21',NULL),(1118,7255,2,41296,41355,13,34885,1,0,'2022-05-30',16552.00,'Factura B N°: 0002-00000947',NULL,'2022-06-22 02:09:21','2022-06-22 02:09:21',NULL),(1119,7255,2,41296,41355,13,34885,1,0,'2022-05-30',16552.00,'Factura B N°: 0002-00000948',NULL,'2022-06-22 02:09:21','2022-06-22 02:09:21',NULL),(1120,7255,2,41296,41351,13,34885,2,0,'2022-05-31',3376.72,'Nota de crédito A N°: 0002-00000683',NULL,'2022-06-22 02:09:21','2022-06-22 02:09:21',NULL),(1121,7255,2,41296,41348,13,34885,1,0,'2022-05-27',130479.20,'Factura A N°: 0002-00002547',NULL,'2022-06-22 14:11:08','2022-06-22 14:11:08',NULL),(1122,7255,3,41408,41585,57,124480,2,0,'2022-03-01',19596.67,'Factura B N°: 0054-02090444',NULL,'2022-06-29 19:04:27','2022-06-29 19:04:27',NULL),(1123,7255,3,41408,41585,57,124480,2,0,'2022-03-01',375.00,'Nota de débito B N°: 0094-00469536',NULL,'2022-06-29 19:04:27','2022-06-29 19:04:27',NULL),(1124,7255,3,41408,41586,57,124480,2,0,'2022-03-02',7500.00,'Factura A N°: 0002-00002711',NULL,'2022-06-29 19:04:27','2022-06-29 19:04:27',NULL);
INSERT INTO `cta_cte_cliente` VALUES (1125,7255,3,41408,41587,57,124480,2,0,'2022-03-02',2400.40,'Factura A N°: 6129-00000126',NULL,'2022-06-29 19:04:27','2022-06-29 19:04:27',NULL),(1126,7255,3,41408,41588,57,124480,2,0,'2022-03-02',11633.07,'Factura A N°: 0500-00858281',NULL,'2022-06-29 19:04:27','2022-06-29 19:04:27',NULL),(1127,7255,3,41408,41589,57,124480,1,0,'2022-03-02',6287.63,'Nota de crédito A N°: 0003-00025066',NULL,'2022-06-29 19:04:27','2022-06-29 19:04:27',NULL),(1128,7255,3,41408,41589,57,124480,1,0,'2022-03-02',6287.63,'Nota de crédito A N°: 0003-00025065',NULL,'2022-06-29 19:04:27','2022-06-29 19:04:27',NULL),(1129,7255,3,41408,41590,57,124480,2,0,'2022-03-03',0.00,'Factura A N°: 9407-04587544',NULL,'2022-06-29 19:04:27','2022-06-29 19:04:27',NULL),(1130,7255,3,41408,41591,57,124480,2,0,'2022-03-03',11525.26,'Factura A N°: 0002-00374736',NULL,'2022-06-29 19:04:27','2022-06-29 19:04:27',NULL),(1131,7255,3,41408,41592,57,124480,2,0,'2022-03-03',4740.00,'Factura A N°: 0016-00000189',NULL,'2022-06-29 19:04:27','2022-06-29 19:04:27',NULL),(1132,7255,3,41408,41589,57,124480,2,0,'2022-03-04',6287.63,'Factura A N°: 0003-00344208',NULL,'2022-06-29 19:04:27','2022-06-29 19:04:27',NULL),(1133,7255,3,41408,41593,57,124480,2,0,'2022-03-04',38127.31,'Factura A N°: 1809-00003978',NULL,'2022-06-29 19:04:27','2022-06-29 19:04:27',NULL),(1134,7255,3,41408,41594,57,124480,2,0,'2022-03-04',19707.23,'Factura A N°: 0041-00007668',NULL,'2022-06-29 19:04:27','2022-06-29 19:04:27',NULL),(1135,7255,3,41408,41595,57,124480,2,0,'2022-03-05',8567.73,'Factura A N°: 6719-00000680',NULL,'2022-06-29 19:04:27','2022-06-29 19:04:27',NULL),(1136,7255,3,41408,41592,57,124480,2,0,'2022-03-07',8380.00,'Factura A N°: 0016-00000193',NULL,'2022-06-29 19:04:27','2022-06-29 19:04:27',NULL),(1137,7255,3,41408,41587,57,124480,2,0,'2022-03-07',1518.46,'Factura A N°: 6135-00000055',NULL,'2022-06-29 19:04:27','2022-06-29 19:04:27',NULL),(1138,7255,3,41408,41596,57,124480,2,0,'2022-03-07',7806.69,'Factura A N°: 0010-00272371',NULL,'2022-06-29 19:04:27','2022-06-29 19:04:27',NULL),(1139,7255,3,41408,41590,57,124480,2,0,'2022-03-08',22214.47,'Factura A N°: 9407-04594378',NULL,'2022-06-29 19:04:27','2022-06-29 19:04:27',NULL),(1140,7255,3,41408,41590,57,124480,2,0,'2022-03-08',0.00,'Factura A N°: 9407-04594377',NULL,'2022-06-29 19:04:28','2022-06-29 19:04:28',NULL),(1141,7255,3,41408,41595,57,124480,2,0,'2022-03-08',1961.00,'Factura A N°: 6772-00001691',NULL,'2022-06-29 19:04:28','2022-06-29 19:04:28',NULL),(1142,7255,3,41408,41595,57,124480,2,0,'2022-03-09',715.82,'Factura A N°: 6704-00000717',NULL,'2022-06-29 19:04:28','2022-06-29 19:04:28',NULL),(1143,7255,3,41408,41597,57,124480,2,0,'2022-03-10',8300.00,'Factura A N°: 0023-00000335',NULL,'2022-06-29 19:04:28','2022-06-29 19:04:28',NULL),(1144,7255,3,41408,41590,57,124480,2,0,'2022-03-10',11842.72,'Factura A N°: 9407-04598548',NULL,'2022-06-29 19:04:28','2022-06-29 19:04:28',NULL),(1145,7255,3,41408,41595,57,124480,2,0,'2022-03-11',261.00,'Factura A N°: 14519-00000629',NULL,'2022-06-29 19:04:28','2022-06-29 19:04:28',NULL),(1146,7255,3,41408,41587,57,124480,2,0,'2022-03-11',846.16,'Factura A N°: 6133-00000112',NULL,'2022-06-29 19:04:28','2022-06-29 19:04:28',NULL),(1147,7255,3,41408,41595,57,124480,2,0,'2022-03-11',4737.90,'Factura A N°: 11775-00001553',NULL,'2022-06-29 19:04:28','2022-06-29 19:04:28',NULL),(1148,7255,3,41408,41024,57,124480,2,0,'2022-03-12',70400.22,'Factura A N°: 0026-00243693',NULL,'2022-06-29 19:04:28','2022-06-29 19:04:28',NULL),(1149,7255,3,41408,41595,57,124480,2,0,'2022-03-12',948.82,'Factura A N°: 6772-00001711',NULL,'2022-06-29 19:04:28','2022-06-29 19:04:28',NULL),(1150,7255,3,41408,41593,57,124480,2,0,'2022-03-12',64618.44,'Factura A N°: 1809-00004129',NULL,'2022-06-29 19:04:28','2022-06-29 19:04:28',NULL),(1151,7255,3,41408,41595,57,124480,2,0,'2022-03-12',699.02,'Factura A N°: 11775-00001563',NULL,'2022-06-29 19:04:28','2022-06-29 19:04:28',NULL);
INSERT INTO `cta_cte_cliente` VALUES (1152,7255,3,41408,41585,57,124480,2,0,'2022-03-13',107.00,'Nota de débito B N°: 0094-00471945',NULL,'2022-06-29 19:04:28','2022-06-29 19:04:28',NULL),(1153,7255,3,41408,41587,57,124480,2,0,'2022-03-14',2654.49,'Factura A N°: 6133-00000113',NULL,'2022-06-29 19:04:28','2022-06-29 19:04:28',NULL),(1154,7255,3,41408,41588,57,124480,1,0,'2022-03-14',47088.44,'Nota de crédito A N°: 0500-00028621',NULL,'2022-06-29 19:04:28','2022-06-29 19:04:28',NULL),(1155,7255,3,41408,41587,57,124480,2,0,'2022-03-15',929.03,'Factura A N°: 6135-00000063',NULL,'2022-06-29 19:04:28','2022-06-29 19:04:28',NULL),(1156,7255,3,41408,41598,57,124480,2,0,'2022-03-15',830.00,'Factura B N°: 1410-01580714',NULL,'2022-06-29 19:04:28','2022-06-29 19:04:28',NULL),(1157,7255,3,41408,41599,57,124480,2,0,'2022-03-16',84700.00,'Factura A N°: 0002-00000115',NULL,'2022-06-29 19:04:28','2022-06-29 19:04:28',NULL),(1158,7255,3,41408,41596,57,124480,2,0,'2022-03-16',495.72,'Nota de débito A N°: 0016-00086324',NULL,'2022-06-29 19:04:28','2022-06-29 19:04:28',NULL),(1159,7255,3,41408,41024,57,124480,2,0,'2022-03-17',66.56,'Factura A N°: 0021-00274890',NULL,'2022-06-29 19:04:28','2022-06-29 19:04:28',NULL),(1160,7255,3,41408,41590,57,124480,2,0,'2022-03-17',18689.04,'Factura A N°: 9407-04609654',NULL,'2022-06-29 19:04:28','2022-06-29 19:04:28',NULL),(1161,7255,3,41408,41600,57,124480,2,0,'2022-03-17',28334.17,'Factura A N°: 0008-00016138',NULL,'2022-06-29 19:04:29','2022-06-29 19:04:29',NULL),(1162,7255,3,41408,41589,57,124480,2,0,'2022-03-18',6044.89,'Factura A N°: 0003-00346649',NULL,'2022-06-29 19:04:29','2022-06-29 19:04:29',NULL),(1163,7255,3,41408,41592,57,124480,2,0,'2022-03-18',6344.00,'Factura A N°: 0016-00000204',NULL,'2022-06-29 19:04:29','2022-06-29 19:04:29',NULL),(1164,7255,3,41408,41594,57,124480,2,0,'2022-03-18',16827.50,'Factura A N°: 0041-00007911',NULL,'2022-06-29 19:04:29','2022-06-29 19:04:29',NULL),(1165,7255,3,41408,41594,57,124480,2,0,'2022-03-18',33655.00,'Factura A N°: 0041-00007910',NULL,'2022-06-29 19:04:29','2022-06-29 19:04:29',NULL),(1166,7255,3,41408,41594,57,124480,1,0,'2022-03-18',33655.00,'Nota de crédito A N°: 0041-00000069',NULL,'2022-06-29 19:04:29','2022-06-29 19:04:29',NULL),(1167,7255,3,41408,41601,57,124480,2,0,'2022-03-18',7284.64,'Factura B N°: 0003-00014429',NULL,'2022-06-29 19:04:29','2022-06-29 19:04:29',NULL),(1168,7255,3,41408,41593,57,124480,2,0,'2022-03-19',21009.41,'Factura A N°: 1808-00006599',NULL,'2022-06-29 19:04:29','2022-06-29 19:04:29',NULL),(1169,7255,3,41408,41595,57,124480,2,0,'2022-03-19',2680.58,'Factura A N°: 11775-00001588',NULL,'2022-06-29 19:04:29','2022-06-29 19:04:29',NULL),(1170,7255,3,41408,41593,57,124480,1,0,'2022-03-19',1871.90,'Nota de crédito A N°: 1822-00001897',NULL,'2022-06-29 19:04:29','2022-06-29 19:04:29',NULL),(1171,7255,3,41408,41593,57,124480,1,0,'2022-03-19',3517.37,'Nota de crédito A N°: 1822-00001895',NULL,'2022-06-29 19:04:29','2022-06-29 19:04:29',NULL),(1172,7255,3,41408,41593,57,124480,1,0,'2022-03-19',5982.12,'Nota de crédito A N°: 1822-00001896',NULL,'2022-06-29 19:04:29','2022-06-29 19:04:29',NULL),(1173,7255,3,41408,41590,57,124480,2,0,'2022-03-22',0.00,'Factura A N°: 9407-04616281',NULL,'2022-06-29 19:04:29','2022-06-29 19:04:29',NULL),(1174,7255,3,41408,41590,57,124480,2,0,'2022-03-22',31267.14,'Factura A N°: 9407-04616282',NULL,'2022-06-29 19:04:29','2022-06-29 19:04:29',NULL),(1175,7255,3,41408,41595,57,124480,2,0,'2022-03-23',1131.14,'Factura A N°: 14523-00000401',NULL,'2022-06-29 19:04:29','2022-06-29 19:04:29',NULL),(1176,7255,3,41408,41592,57,124480,2,0,'2022-03-23',8012.00,'Factura A N°: 0016-00000207',NULL,'2022-06-29 19:04:29','2022-06-29 19:04:29',NULL),(1177,7255,3,41408,41024,57,124480,2,0,'2022-03-23',35.52,'Factura A N°: 0021-00283040',NULL,'2022-06-29 19:04:29','2022-06-29 19:04:29',NULL),(1178,7255,3,41408,41587,57,124480,2,0,'2022-03-24',2191.34,'Factura A N°: 6135-00000066',NULL,'2022-06-29 19:04:29','2022-06-29 19:04:29',NULL);
INSERT INTO `cta_cte_cliente` VALUES (1179,7255,3,41408,41595,57,124480,2,0,'2022-03-24',1135.65,'Factura A N°: 6704-00000778',NULL,'2022-06-29 19:04:29','2022-06-29 19:04:29',NULL),(1180,7255,3,41408,41594,57,124480,2,0,'2022-03-25',17335.50,'Factura A N°: 0041-00008012',NULL,'2022-06-29 19:04:29','2022-06-29 19:04:29',NULL),(1181,7255,3,41408,41589,57,124480,2,0,'2022-03-25',2707.05,'Factura A N°: 0003-00347822',NULL,'2022-06-29 19:04:29','2022-06-29 19:04:29',NULL),(1182,7255,3,41408,41024,57,124480,2,0,'2022-03-25',191.53,'Factura A N°: 0021-00330072',NULL,'2022-06-29 19:04:29','2022-06-29 19:04:29',NULL),(1183,7255,3,41408,41593,57,124480,2,0,'2022-03-26',17249.55,'Factura A N°: 1808-00006790',NULL,'2022-06-29 19:04:29','2022-06-29 19:04:29',NULL),(1184,7255,3,41408,41593,57,124480,2,0,'2022-03-26',2903.07,'Factura A N°: 1808-00006791',NULL,'2022-06-29 19:04:29','2022-06-29 19:04:29',NULL),(1185,7255,3,41408,41593,57,124480,2,0,'2022-03-26',32508.35,'Factura A N°: 1810-00004754',NULL,'2022-06-29 19:04:29','2022-06-29 19:04:29',NULL),(1186,7255,3,41408,41593,57,124480,1,0,'2022-03-27',885.72,'Nota de crédito A N°: 1822-00001994',NULL,'2022-06-29 19:04:29','2022-06-29 19:04:29',NULL),(1187,7255,3,41408,41600,57,124480,2,0,'2022-03-28',17676.27,'Factura A N°: 0008-00016288',NULL,'2022-06-29 19:04:30','2022-06-29 19:04:30',NULL),(1188,7255,3,41408,41588,57,124480,2,0,'2022-03-28',1338.25,'Factura A N°: 0500-00882654',NULL,'2022-06-29 19:04:30','2022-06-29 19:04:30',NULL),(1189,7255,3,41408,41593,57,124480,2,0,'2022-03-29',11818.49,'Factura A N°: 1810-00004797',NULL,'2022-06-29 19:04:30','2022-06-29 19:04:30',NULL),(1190,7255,3,41408,41593,57,124480,2,0,'2022-03-29',21610.09,'Factura A N°: 1810-00004796',NULL,'2022-06-29 19:04:30','2022-06-29 19:04:30',NULL),(1191,7255,3,41408,41602,57,124480,2,0,'2022-03-29',0.00,'Factura B N°: 1066-00015884',NULL,'2022-06-29 19:04:30','2022-06-29 19:04:30',NULL),(1192,7255,3,41408,41596,57,124480,2,0,'2022-03-30',8674.10,'Factura A N°: 0010-00274503',NULL,'2022-06-29 19:04:30','2022-06-29 19:04:30',NULL),(1193,7255,3,41408,41603,57,124480,2,0,'2022-03-30',1050.00,'Factura A N°: 0004-00010867',NULL,'2022-06-29 19:04:30','2022-06-29 19:04:30',NULL),(1194,7255,3,41408,41604,57,124480,2,0,'2022-03-31',2434.35,'Factura A N°: 0006-11931892',NULL,'2022-06-29 19:04:30','2022-06-29 19:04:30',NULL),(1195,7255,3,41408,41604,57,124480,2,0,'2022-03-31',0.00,'Factura A N°: 0006-11931796',NULL,'2022-06-29 19:04:30','2022-06-29 19:04:30',NULL),(1196,7255,3,41408,41590,57,124480,2,0,'2022-03-31',14678.86,'Factura A N°: 9407-04629330',NULL,'2022-06-29 19:04:30','2022-06-29 19:04:30',NULL),(1197,7255,3,41408,41596,57,124480,1,0,'2022-03-31',421.63,'Nota de crédito A N°: 0016-00046807',NULL,'2022-06-29 19:04:30','2022-06-29 19:04:30',NULL),(1198,7255,3,41408,41596,57,124480,1,0,'2022-03-31',6639.73,'Nota de crédito A N°: 0010-00034123',NULL,'2022-06-29 19:04:30','2022-06-29 19:04:30',NULL),(1199,7255,2,41408,41617,13,124480,1,0,'2022-03-19',3380.00,'Factura A N°: 0010-00000127',NULL,'2022-06-29 20:29:56','2022-06-29 20:29:56',NULL),(1200,7255,2,41408,41617,13,124480,1,0,'2022-03-23',5110.00,'Factura A N°: 0010-00000128',NULL,'2022-06-29 20:29:56','2022-06-29 20:29:56',NULL),(1201,7255,2,41408,41617,13,124480,1,0,'2022-03-31',2060.00,'Factura A N°: 0010-00000129',NULL,'2022-06-29 20:29:56','2022-06-29 20:29:56',NULL),(1202,7255,2,41400,41618,13,54649,1,0,'2022-06-08',48197.00,'Factura A N°: 0002-00000343',NULL,'2022-07-20 17:00:39','2022-07-20 17:00:39',NULL),(1203,7255,2,41400,41619,13,54649,1,0,'2022-06-08',27404.00,'Factura A N°: 0002-00000342',NULL,'2022-07-20 17:00:40','2022-07-20 17:00:40',NULL),(1204,7255,2,41400,41619,13,54649,1,0,'2022-06-08',103666.50,'Factura A N°: 0002-00000341',NULL,'2022-07-20 17:00:40','2022-07-20 17:00:40',NULL),(1205,7255,2,41400,41620,13,54649,1,0,'2022-06-08',21216.00,'Factura A N°: 0002-00000344',NULL,'2022-07-20 17:00:40','2022-07-20 17:00:40',NULL);
INSERT INTO `cta_cte_cliente` VALUES (1206,7255,2,41400,41621,13,54649,1,0,'2022-06-08',18060.00,'Factura B N°: 0002-00000117',NULL,'2022-07-20 17:00:40','2022-07-20 17:00:40',NULL),(1207,7255,2,41400,41622,13,54649,1,0,'2022-06-30',13260.00,'Factura A N°: 0002-00000345',NULL,'2022-07-20 17:00:40','2022-07-20 17:00:40',NULL),(1208,7255,3,41400,41623,57,54649,2,0,'2022-06-10',1016.53,'Factura A N°: 0027-00003024',NULL,'2022-07-20 17:00:51','2022-07-20 17:00:51',NULL),(1209,7255,3,41400,41624,57,54649,2,0,'2022-06-13',2184.80,'Factura A N°: 0013-00000244',NULL,'2022-07-20 17:00:51','2022-07-20 17:00:51',NULL),(1210,7255,3,41400,41624,57,54649,2,0,'2022-06-14',3597.98,'Factura A N°: 0013-00000245',NULL,'2022-07-20 17:00:51','2022-07-20 17:00:51',NULL),(1211,7255,3,41400,41013,57,54649,2,0,'2022-06-29',2553.36,'Factura A N°: 2019-00069030',NULL,'2022-07-20 17:00:51','2022-07-20 17:00:51',NULL),(1212,7255,3,41400,41625,57,54649,2,0,'2022-06-30',9144.99,'Factura A N°: 0005-00002943',NULL,'2022-07-20 17:00:51','2022-07-20 17:00:51',NULL),(1213,7255,2,41405,41626,13,62224,1,0,'2022-06-06',106722.00,'Factura A N°: 0002-00000319',NULL,'2022-07-20 17:08:40','2022-07-20 17:08:40',NULL),(1214,7255,2,41405,41627,13,62224,1,0,'2022-06-06',217712.88,'Factura A N°: 0002-00000318',NULL,'2022-07-20 17:08:40','2022-07-20 17:08:40',NULL),(1215,7255,2,41405,41628,13,62224,1,0,'2022-06-06',182952.00,'Factura A N°: 0002-00000317',NULL,'2022-07-20 17:08:40','2022-07-20 17:08:40',NULL),(1216,7255,2,41405,41629,13,62224,1,0,'2022-06-06',213262.50,'Factura A N°: 0002-00000322',NULL,'2022-07-20 17:08:40','2022-07-20 17:08:40',NULL),(1217,7255,2,41405,41629,13,62224,1,0,'2022-06-06',254100.00,'Factura A N°: 0002-00000321',NULL,'2022-07-20 17:08:40','2022-07-20 17:08:40',NULL),(1218,7255,2,41405,41629,13,62224,1,0,'2022-06-06',90582.78,'Factura A N°: 0002-00000320',NULL,'2022-07-20 17:08:40','2022-07-20 17:08:40',NULL),(1219,7255,3,41405,41630,57,62224,2,0,'2022-06-01',48400.00,'Factura A N°: 0010-00010631',NULL,'2022-07-20 17:09:01','2022-07-20 17:09:01',NULL),(1220,7255,3,41405,41631,57,62224,2,0,'2022-06-01',12100.00,'Factura A N°: 0001-00000734',NULL,'2022-07-20 17:09:01','2022-07-20 17:09:01',NULL),(1221,7255,3,41405,41632,57,62224,2,0,'2022-06-02',163800.00,'Factura C N°: 0002-00000312',NULL,'2022-07-20 17:09:01','2022-07-20 17:09:01',NULL),(1222,7255,3,41405,41015,57,62224,2,0,'2022-06-07',25447.04,'Factura A N°: 2465-00735390',NULL,'2022-07-20 17:09:02','2022-07-20 17:09:02',NULL),(1223,7255,3,41405,41633,57,62224,2,0,'2022-06-13',76000.00,'Factura A N°: 0001-00000863',NULL,'2022-07-20 17:09:02','2022-07-20 17:09:02',NULL),(1224,7255,3,41405,41634,57,62224,2,0,'2022-06-15',1963.89,'Factura A N°: 0003-00004353',NULL,'2022-07-20 17:09:02','2022-07-20 17:09:02',NULL),(1225,7255,3,41405,41634,57,62224,2,0,'2022-06-28',9126.17,'Factura A N°: 0003-00004372',NULL,'2022-07-20 17:09:02','2022-07-20 17:09:02',NULL),(1226,7255,3,41405,41635,57,62224,2,0,'2022-06-30',37878.59,'Factura A N°: 0003-00010000',NULL,'2022-07-20 17:09:02','2022-07-20 17:09:02',NULL);

--
-- Table structure for table `cta_cte_cliente_details`
--

CREATE TABLE `cta_cte_cliente_details` (
  `id` int(10) unsigned NOT NULL AUTO_INCREMENT,
  `user_id` int(10) unsigned DEFAULT NULL,
  `cta_cte_cliente_id` int(10) unsigned NOT NULL,
  `person_id` int(10) unsigned DEFAULT NULL,
  `person_id_relationed` int(10) unsigned DEFAULT NULL,
  `cta_cte_tesoreria_cuenta_id` int(10) unsigned DEFAULT NULL,
  `period_id` int(10) unsigned DEFAULT NULL,
  `tipo_asiento_id` int(10) unsigned NOT NULL,
  `saldo_id` int(10) unsigned NOT NULL,
  `monto` decimal(16,2) NOT NULL,
  `created_at` timestamp NULL DEFAULT NULL,
  `updated_at` timestamp NULL DEFAULT NULL,
  `deleted_at` timestamp NULL DEFAULT NULL,
  PRIMARY KEY (`id`),
  KEY `cta_cte_cliente_details_cta_cte_cliente_id_foreign` (`cta_cte_cliente_id`),
  KEY `cta_cte_cliente_details_person_id_foreign` (`person_id`),
  KEY `cta_cte_cliente_details_person_id_relationed_foreign` (`person_id_relationed`),
  KEY `cta_cte_cliente_details_period_id_foreign` (`period_id`),
  KEY `cta_cte_cliente_details_tipo_asiento_id_foreign` (`tipo_asiento_id`),
  KEY `cta_cte_cliente_details_saldo_id_foreign` (`saldo_id`),
  KEY `cta_cte_cliente_details_cta_cte_tesoreria_cuenta_id_foreign` (`cta_cte_tesoreria_cuenta_id`),
  CONSTRAINT `cta_cte_cliente_details_cta_cte_cliente_id_foreign` FOREIGN KEY (`cta_cte_cliente_id`) REFERENCES `cta_cte_cliente` (`id`),
  CONSTRAINT `cta_cte_cliente_details_cta_cte_tesoreria_cuenta_id_foreign` FOREIGN KEY (`cta_cte_tesoreria_cuenta_id`) REFERENCES `cta_cte_tesoreria_cuentas` (`id`),
  CONSTRAINT `cta_cte_cliente_details_period_id_foreign` FOREIGN KEY (`period_id`) REFERENCES `periods` (`id`),
  CONSTRAINT `cta_cte_cliente_details_person_id_foreign` FOREIGN KEY (`person_id`) REFERENCES `persons` (`id`),
  CONSTRAINT `cta_cte_cliente_details_person_id_relationed_foreign` FOREIGN KEY (`person_id_relationed`) REFERENCES `persons` (`id`),
  CONSTRAINT `cta_cte_cliente_details_saldo_id_foreign` FOREIGN KEY (`saldo_id`) REFERENCES `conta_tipo_saldos` (`id`),
  CONSTRAINT `cta_cte_cliente_details_tipo_asiento_id_foreign` FOREIGN KEY (`tipo_asiento_id`) REFERENCES `conta_tipo_asientos` (`id`)
) ENGINE=InnoDB DEFAULT CHARSET=utf8mb4 COLLATE=utf8mb4_unicode_ci;

--
-- Dumping data for table `cta_cte_cliente_details`
--


--
-- Table structure for table `cta_cte_cliente_pivot_receipt`
--

CREATE TABLE `cta_cte_cliente_pivot_receipt` (
  `id` int(10) unsigned NOT NULL AUTO_INCREMENT,
  `user_id` int(10) unsigned DEFAULT NULL,
  `cta_cte_cliente_id` int(10) unsigned NOT NULL,
  `receipt_id` int(10) unsigned NOT NULL,
  `importe` decimal(16,2) DEFAULT NULL,
  `created_at` timestamp NULL DEFAULT NULL,
  `updated_at` timestamp NULL DEFAULT NULL,
  `deleted_at` timestamp NULL DEFAULT NULL,
  PRIMARY KEY (`id`)
) ENGINE=InnoDB AUTO_INCREMENT=1227 DEFAULT CHARSET=utf8mb4 COLLATE=utf8mb4_unicode_ci;

--
-- Dumping data for table `cta_cte_cliente_pivot_receipt`
--

INSERT INTO `cta_cte_cliente_pivot_receipt` VALUES (214,NULL,214,214,NULL,NULL,NULL,NULL),(215,NULL,215,215,NULL,NULL,NULL,NULL),(216,NULL,216,216,NULL,NULL,NULL,NULL),(217,NULL,217,217,NULL,NULL,NULL,NULL),(218,NULL,218,218,NULL,NULL,NULL,NULL),(219,NULL,219,219,NULL,NULL,NULL,NULL),(220,NULL,220,220,NULL,NULL,NULL,NULL),(221,NULL,221,221,NULL,NULL,NULL,NULL),(222,NULL,222,222,NULL,NULL,NULL,NULL),(223,NULL,223,223,NULL,NULL,NULL,NULL),(224,NULL,224,224,NULL,NULL,NULL,NULL),(225,NULL,225,225,NULL,NULL,NULL,NULL),(226,NULL,226,226,NULL,NULL,NULL,NULL),(227,NULL,227,227,NULL,NULL,NULL,NULL),(228,NULL,228,228,NULL,NULL,NULL,NULL),(229,NULL,229,229,NULL,NULL,NULL,NULL),(230,NULL,230,230,NULL,NULL,NULL,NULL),(231,NULL,231,231,NULL,NULL,NULL,NULL),(232,NULL,232,232,NULL,NULL,NULL,NULL),(233,NULL,233,233,NULL,NULL,NULL,NULL),(234,NULL,234,234,NULL,NULL,NULL,NULL),(235,NULL,235,235,NULL,NULL,NULL,NULL),(236,NULL,236,236,NULL,NULL,NULL,NULL),(237,NULL,237,237,NULL,NULL,NULL,NULL),(238,NULL,238,238,NULL,NULL,NULL,NULL),(239,NULL,239,239,NULL,NULL,NULL,NULL),(240,NULL,240,240,NULL,NULL,NULL,NULL),(241,NULL,241,241,NULL,NULL,NULL,NULL),(242,NULL,242,242,NULL,NULL,NULL,NULL),(243,NULL,243,243,NULL,NULL,NULL,NULL),(244,NULL,244,244,NULL,NULL,NULL,NULL),(245,NULL,245,245,NULL,NULL,NULL,NULL),(246,NULL,246,246,NULL,NULL,NULL,NULL),(247,NULL,247,247,NULL,NULL,NULL,NULL),(248,NULL,248,248,NULL,NULL,NULL,NULL),(249,NULL,249,249,NULL,NULL,NULL,NULL),(250,NULL,250,250,NULL,NULL,NULL,NULL),(251,NULL,251,251,NULL,NULL,NULL,NULL),(252,NULL,252,252,NULL,NULL,NULL,NULL),(253,NULL,253,253,NULL,NULL,NULL,NULL),(254,NULL,254,254,NULL,NULL,NULL,NULL),(255,NULL,255,255,NULL,NULL,NULL,NULL),(256,NULL,256,256,NULL,NULL,NULL,NULL),(257,NULL,257,257,NULL,NULL,NULL,NULL),(258,NULL,258,258,NULL,NULL,NULL,NULL),(259,NULL,259,259,NULL,NULL,NULL,NULL),(260,NULL,260,260,NULL,NULL,NULL,NULL),(261,NULL,261,261,NULL,NULL,NULL,NULL),(262,NULL,262,262,NULL,NULL,NULL,NULL),(263,NULL,263,263,NULL,NULL,NULL,NULL),(264,NULL,264,264,NULL,NULL,NULL,NULL),(265,NULL,265,265,NULL,NULL,NULL,NULL),(266,NULL,266,266,NULL,NULL,NULL,NULL),(267,NULL,267,267,NULL,NULL,NULL,NULL),(268,NULL,268,268,NULL,NULL,NULL,NULL),(269,NULL,269,269,NULL,NULL,NULL,NULL),(270,NULL,270,270,NULL,NULL,NULL,NULL),(271,NULL,271,271,NULL,NULL,NULL,NULL),(272,NULL,272,272,NULL,NULL,NULL,NULL),(273,NULL,273,273,NULL,NULL,NULL,NULL),(274,NULL,274,274,NULL,NULL,NULL,NULL),(275,NULL,275,275,NULL,NULL,NULL,NULL),(276,NULL,276,276,NULL,NULL,NULL,NULL),(277,NULL,277,277,NULL,NULL,NULL,NULL),(278,NULL,278,278,NULL,NULL,NULL,NULL),(279,NULL,279,279,NULL,NULL,NULL,NULL),(280,NULL,280,280,NULL,NULL,NULL,NULL),(281,NULL,281,281,NULL,NULL,NULL,NULL),(282,NULL,282,282,NULL,NULL,NULL,NULL),(283,NULL,283,283,NULL,NULL,NULL,NULL),(284,NULL,284,284,NULL,NULL,NULL,NULL),(285,NULL,285,285,NULL,NULL,NULL,NULL),(286,NULL,286,286,NULL,NULL,NULL,NULL),(287,NULL,287,287,NULL,NULL,NULL,NULL),(288,NULL,288,288,NULL,NULL,NULL,NULL),(289,NULL,289,289,NULL,NULL,NULL,NULL),(290,NULL,290,290,NULL,NULL,NULL,NULL),(291,NULL,291,291,NULL,NULL,NULL,NULL),(292,NULL,292,292,NULL,NULL,NULL,NULL),(293,NULL,293,293,NULL,NULL,NULL,NULL),(294,NULL,294,294,NULL,NULL,NULL,NULL),(295,NULL,295,295,NULL,NULL,NULL,NULL),(296,NULL,296,296,NULL,NULL,NULL,NULL),(297,NULL,297,297,NULL,NULL,NULL,NULL),(298,NULL,298,298,NULL,NULL,NULL,NULL),(299,NULL,299,299,NULL,NULL,NULL,NULL),(300,NULL,300,300,NULL,NULL,NULL,NULL),(301,NULL,301,301,NULL,NULL,NULL,NULL),(302,NULL,302,302,NULL,NULL,NULL,NULL),(303,NULL,303,303,NULL,NULL,NULL,NULL),(304,NULL,304,304,NULL,NULL,NULL,NULL),(305,NULL,305,305,NULL,NULL,NULL,NULL),(306,NULL,306,306,NULL,NULL,NULL,NULL),(307,NULL,307,307,NULL,NULL,NULL,NULL),(308,NULL,308,308,NULL,NULL,NULL,NULL),(309,NULL,309,309,NULL,NULL,NULL,NULL),(310,NULL,310,310,NULL,NULL,NULL,NULL),(311,NULL,311,311,NULL,NULL,NULL,NULL),(312,NULL,312,312,NULL,NULL,NULL,NULL),(313,NULL,313,313,NULL,NULL,NULL,NULL),(314,NULL,314,314,NULL,NULL,NULL,NULL);
INSERT INTO `cta_cte_cliente_pivot_receipt` VALUES (315,NULL,315,315,NULL,NULL,NULL,NULL),(316,NULL,316,316,NULL,NULL,NULL,NULL),(317,NULL,317,317,NULL,NULL,NULL,NULL),(318,NULL,318,318,NULL,NULL,NULL,NULL),(319,NULL,319,319,NULL,NULL,NULL,NULL),(320,NULL,320,320,NULL,NULL,NULL,NULL),(321,NULL,321,321,NULL,NULL,NULL,NULL),(322,NULL,322,322,NULL,NULL,NULL,NULL),(323,NULL,323,323,NULL,NULL,NULL,NULL),(324,NULL,324,324,NULL,NULL,NULL,NULL),(325,NULL,325,325,NULL,NULL,NULL,NULL),(326,NULL,326,326,NULL,NULL,NULL,NULL),(327,NULL,327,327,NULL,NULL,NULL,NULL),(328,NULL,328,328,NULL,NULL,NULL,NULL),(329,NULL,329,329,NULL,NULL,NULL,NULL),(330,NULL,330,330,NULL,NULL,NULL,NULL),(331,NULL,331,331,NULL,NULL,NULL,NULL),(332,NULL,332,332,NULL,NULL,NULL,NULL),(333,NULL,333,333,NULL,NULL,NULL,NULL),(334,NULL,334,334,NULL,NULL,NULL,NULL),(335,NULL,335,335,NULL,NULL,NULL,NULL),(336,NULL,336,336,NULL,NULL,NULL,NULL),(337,NULL,337,337,NULL,NULL,NULL,NULL),(338,NULL,338,338,NULL,NULL,NULL,NULL),(339,NULL,339,339,NULL,NULL,NULL,NULL),(340,NULL,340,340,NULL,NULL,NULL,NULL),(341,NULL,341,341,NULL,NULL,NULL,NULL),(342,NULL,342,342,NULL,NULL,NULL,NULL),(343,NULL,343,343,NULL,NULL,NULL,NULL),(344,NULL,344,344,NULL,NULL,NULL,NULL),(345,NULL,345,345,NULL,NULL,NULL,NULL),(346,NULL,346,346,NULL,NULL,NULL,NULL),(347,NULL,347,347,NULL,NULL,NULL,NULL),(348,NULL,348,348,NULL,NULL,NULL,NULL),(349,NULL,349,349,NULL,NULL,NULL,NULL),(350,NULL,350,350,NULL,NULL,NULL,NULL),(351,NULL,351,351,NULL,NULL,NULL,NULL),(352,NULL,352,352,NULL,NULL,NULL,NULL),(353,NULL,353,353,NULL,NULL,NULL,NULL),(354,NULL,354,354,NULL,NULL,NULL,NULL),(355,NULL,355,355,NULL,NULL,NULL,NULL),(356,NULL,356,356,NULL,NULL,NULL,NULL),(357,NULL,357,357,NULL,NULL,NULL,NULL),(358,NULL,358,358,NULL,NULL,NULL,NULL),(359,NULL,359,359,NULL,NULL,NULL,NULL),(360,NULL,360,360,NULL,NULL,NULL,NULL),(361,NULL,361,361,NULL,NULL,NULL,NULL),(362,NULL,362,362,NULL,NULL,NULL,NULL),(363,NULL,363,363,NULL,NULL,NULL,NULL),(364,NULL,364,364,NULL,NULL,NULL,NULL),(365,NULL,365,365,NULL,NULL,NULL,NULL),(366,NULL,366,366,NULL,NULL,NULL,NULL),(367,NULL,367,367,NULL,NULL,NULL,NULL),(368,NULL,368,368,NULL,NULL,NULL,NULL),(369,NULL,369,369,NULL,NULL,NULL,NULL),(370,NULL,370,370,NULL,NULL,NULL,NULL),(371,NULL,371,371,NULL,NULL,NULL,NULL),(372,NULL,372,372,NULL,NULL,NULL,NULL),(373,NULL,373,373,NULL,NULL,NULL,NULL),(374,NULL,374,374,NULL,NULL,NULL,NULL),(375,NULL,375,375,NULL,NULL,NULL,NULL),(376,NULL,376,376,NULL,NULL,NULL,NULL),(377,NULL,377,377,NULL,NULL,NULL,NULL),(378,NULL,378,378,NULL,NULL,NULL,NULL),(379,NULL,379,379,NULL,NULL,NULL,NULL),(380,NULL,380,380,NULL,NULL,NULL,NULL),(381,NULL,381,381,NULL,NULL,NULL,NULL),(382,NULL,382,382,NULL,NULL,NULL,NULL),(383,NULL,383,383,NULL,NULL,NULL,NULL),(384,NULL,384,384,NULL,NULL,NULL,NULL),(385,NULL,385,385,NULL,NULL,NULL,NULL),(386,NULL,386,386,NULL,NULL,NULL,NULL),(387,NULL,387,387,NULL,NULL,NULL,NULL),(388,NULL,388,388,NULL,NULL,NULL,NULL),(389,NULL,389,389,NULL,NULL,NULL,NULL),(390,NULL,390,390,NULL,NULL,NULL,NULL),(391,NULL,391,391,NULL,NULL,NULL,NULL),(392,NULL,392,392,NULL,NULL,NULL,NULL),(393,NULL,393,393,NULL,NULL,NULL,NULL),(394,NULL,394,394,NULL,NULL,NULL,NULL),(395,NULL,395,395,NULL,NULL,NULL,NULL),(396,NULL,396,396,NULL,NULL,NULL,NULL),(397,NULL,397,397,NULL,NULL,NULL,NULL),(398,NULL,398,398,NULL,NULL,NULL,NULL),(399,NULL,399,399,NULL,NULL,NULL,NULL),(400,NULL,400,400,NULL,NULL,NULL,NULL),(401,NULL,401,401,NULL,NULL,NULL,NULL),(402,NULL,402,402,NULL,NULL,NULL,NULL),(403,NULL,403,403,NULL,NULL,NULL,NULL),(404,NULL,404,404,NULL,NULL,NULL,NULL),(405,NULL,405,405,NULL,NULL,NULL,NULL),(406,NULL,406,406,NULL,NULL,NULL,NULL),(407,NULL,407,407,NULL,NULL,NULL,NULL),(408,NULL,408,408,NULL,NULL,NULL,NULL),(409,NULL,409,409,NULL,NULL,NULL,NULL),(410,NULL,410,410,NULL,NULL,NULL,NULL),(411,NULL,411,411,NULL,NULL,NULL,NULL),(412,NULL,412,412,NULL,NULL,NULL,NULL),(413,NULL,413,413,NULL,NULL,NULL,NULL),(414,NULL,414,414,NULL,NULL,NULL,NULL),(415,NULL,415,415,NULL,NULL,NULL,NULL);
INSERT INTO `cta_cte_cliente_pivot_receipt` VALUES (416,NULL,416,416,NULL,NULL,NULL,NULL),(417,NULL,417,417,NULL,NULL,NULL,NULL),(418,NULL,418,418,NULL,NULL,NULL,NULL),(419,NULL,419,419,NULL,NULL,NULL,NULL),(420,NULL,420,420,NULL,NULL,NULL,NULL),(421,NULL,421,421,NULL,NULL,NULL,NULL),(422,NULL,422,422,NULL,NULL,NULL,NULL),(423,NULL,423,423,NULL,NULL,NULL,NULL),(424,NULL,424,424,NULL,NULL,NULL,NULL),(425,NULL,425,425,NULL,NULL,NULL,NULL),(426,NULL,426,426,NULL,NULL,NULL,NULL),(427,NULL,427,427,NULL,NULL,NULL,NULL),(428,NULL,428,428,NULL,NULL,NULL,NULL),(429,NULL,429,429,NULL,NULL,NULL,NULL),(430,NULL,430,430,NULL,NULL,NULL,NULL),(431,NULL,431,431,NULL,NULL,NULL,NULL),(432,NULL,432,432,NULL,NULL,NULL,NULL),(433,NULL,433,433,NULL,NULL,NULL,NULL),(434,NULL,434,434,NULL,NULL,NULL,NULL),(435,NULL,435,435,NULL,NULL,NULL,NULL),(436,NULL,436,436,NULL,NULL,NULL,NULL),(437,NULL,437,437,NULL,NULL,NULL,NULL),(438,NULL,438,438,NULL,NULL,NULL,NULL),(439,NULL,439,439,NULL,NULL,NULL,NULL),(440,NULL,440,440,NULL,NULL,NULL,NULL),(441,NULL,441,441,NULL,NULL,NULL,NULL),(442,NULL,442,442,NULL,NULL,NULL,NULL),(443,NULL,443,443,NULL,NULL,NULL,NULL),(444,NULL,444,444,NULL,NULL,NULL,NULL),(445,NULL,445,445,NULL,NULL,NULL,NULL),(446,NULL,446,446,NULL,NULL,NULL,NULL),(447,NULL,447,447,NULL,NULL,NULL,NULL),(448,NULL,448,448,NULL,NULL,NULL,NULL),(449,NULL,449,449,NULL,NULL,NULL,NULL),(450,NULL,450,450,NULL,NULL,NULL,NULL),(451,NULL,451,451,NULL,NULL,NULL,NULL),(452,NULL,452,452,NULL,NULL,NULL,NULL),(453,NULL,453,453,NULL,NULL,NULL,NULL),(454,NULL,454,454,NULL,NULL,NULL,NULL),(455,NULL,455,455,NULL,NULL,NULL,NULL),(456,NULL,456,456,NULL,NULL,NULL,NULL),(457,NULL,457,457,NULL,NULL,NULL,NULL),(458,NULL,458,458,NULL,NULL,NULL,NULL),(459,NULL,459,459,NULL,NULL,NULL,NULL),(460,NULL,460,460,NULL,NULL,NULL,NULL),(461,NULL,461,461,NULL,NULL,NULL,NULL),(462,NULL,462,462,NULL,NULL,NULL,NULL),(463,NULL,463,463,NULL,NULL,NULL,NULL),(464,NULL,464,464,NULL,NULL,NULL,NULL),(465,NULL,465,465,NULL,NULL,NULL,NULL),(466,NULL,466,466,NULL,NULL,NULL,NULL),(467,NULL,467,467,NULL,NULL,NULL,NULL),(468,NULL,468,468,NULL,NULL,NULL,NULL),(469,NULL,469,469,NULL,NULL,NULL,NULL),(470,NULL,470,470,NULL,NULL,NULL,NULL),(471,NULL,471,471,NULL,NULL,NULL,NULL),(472,NULL,472,472,NULL,NULL,NULL,NULL),(473,NULL,473,473,NULL,NULL,NULL,NULL),(474,NULL,474,474,NULL,NULL,NULL,NULL),(475,NULL,475,475,NULL,NULL,NULL,NULL),(476,NULL,476,476,NULL,NULL,NULL,NULL),(477,NULL,477,477,NULL,NULL,NULL,NULL),(478,NULL,478,478,NULL,NULL,NULL,NULL),(479,NULL,479,479,NULL,NULL,NULL,NULL),(480,NULL,480,480,NULL,NULL,NULL,NULL),(481,NULL,481,481,NULL,NULL,NULL,NULL),(482,NULL,482,482,NULL,NULL,NULL,NULL),(483,NULL,483,483,NULL,NULL,NULL,NULL),(484,NULL,484,484,NULL,NULL,NULL,NULL),(485,NULL,485,485,NULL,NULL,NULL,NULL),(486,NULL,486,486,NULL,NULL,NULL,NULL),(487,NULL,487,487,NULL,NULL,NULL,NULL),(488,NULL,488,488,NULL,NULL,NULL,NULL),(489,NULL,489,489,NULL,NULL,NULL,NULL),(490,NULL,490,490,NULL,NULL,NULL,NULL),(491,NULL,491,491,NULL,NULL,NULL,NULL),(492,NULL,492,492,NULL,NULL,NULL,NULL),(493,NULL,493,493,NULL,NULL,NULL,NULL),(494,NULL,494,494,NULL,NULL,NULL,NULL),(495,NULL,495,495,NULL,NULL,NULL,NULL),(496,NULL,496,496,NULL,NULL,NULL,NULL),(497,NULL,497,497,NULL,NULL,NULL,NULL),(498,NULL,498,498,NULL,NULL,NULL,NULL),(499,NULL,499,499,NULL,NULL,NULL,NULL),(500,NULL,500,500,NULL,NULL,NULL,NULL),(501,NULL,501,501,NULL,NULL,NULL,NULL),(502,NULL,502,502,NULL,NULL,NULL,NULL),(503,NULL,503,503,NULL,NULL,NULL,NULL),(504,NULL,504,504,NULL,NULL,NULL,NULL),(505,NULL,505,505,NULL,NULL,NULL,NULL),(506,NULL,506,506,NULL,NULL,NULL,NULL),(507,NULL,507,507,NULL,NULL,NULL,NULL),(508,NULL,508,229,NULL,NULL,NULL,NULL),(509,NULL,509,229,NULL,NULL,NULL,NULL),(596,NULL,596,608,NULL,NULL,NULL,NULL),(597,NULL,597,609,NULL,NULL,NULL,NULL),(598,NULL,598,610,NULL,NULL,NULL,NULL),(599,NULL,599,611,NULL,NULL,NULL,NULL),(600,NULL,600,612,NULL,NULL,NULL,NULL),(601,NULL,601,613,NULL,NULL,NULL,NULL),(602,NULL,602,614,NULL,NULL,NULL,NULL);
INSERT INTO `cta_cte_cliente_pivot_receipt` VALUES (603,NULL,603,615,NULL,NULL,NULL,NULL),(604,NULL,604,616,NULL,NULL,NULL,NULL),(605,NULL,605,617,NULL,NULL,NULL,NULL),(606,NULL,606,618,NULL,NULL,NULL,NULL),(607,NULL,607,619,NULL,NULL,NULL,NULL),(608,NULL,608,620,NULL,NULL,NULL,NULL),(609,NULL,609,621,NULL,NULL,NULL,NULL),(610,NULL,610,622,NULL,NULL,NULL,NULL),(611,NULL,611,623,NULL,NULL,NULL,NULL),(612,NULL,612,624,NULL,NULL,NULL,NULL),(613,NULL,613,625,NULL,NULL,NULL,NULL),(614,NULL,614,626,NULL,NULL,NULL,NULL),(615,NULL,615,627,NULL,NULL,NULL,NULL),(616,NULL,616,628,NULL,NULL,NULL,NULL),(617,NULL,617,629,NULL,NULL,NULL,NULL),(618,NULL,618,630,NULL,NULL,NULL,NULL),(619,NULL,619,631,NULL,NULL,NULL,NULL),(620,NULL,620,632,NULL,NULL,NULL,NULL),(621,NULL,621,633,NULL,NULL,NULL,NULL),(622,NULL,622,634,NULL,NULL,NULL,NULL),(623,NULL,623,635,NULL,NULL,NULL,NULL),(624,NULL,624,636,NULL,NULL,NULL,NULL),(625,NULL,625,637,NULL,NULL,NULL,NULL),(626,NULL,626,638,NULL,NULL,NULL,NULL),(627,NULL,627,639,NULL,NULL,NULL,NULL),(628,NULL,628,640,NULL,NULL,NULL,NULL),(629,NULL,629,641,NULL,NULL,NULL,NULL),(630,NULL,630,642,NULL,NULL,NULL,NULL),(631,NULL,631,643,NULL,NULL,NULL,NULL),(632,NULL,632,644,NULL,NULL,NULL,NULL),(633,NULL,633,645,NULL,NULL,NULL,NULL),(658,NULL,658,730,NULL,NULL,NULL,NULL),(659,NULL,659,731,NULL,NULL,NULL,NULL),(660,NULL,660,732,NULL,NULL,NULL,NULL),(661,NULL,661,733,NULL,NULL,NULL,NULL),(662,NULL,662,734,NULL,NULL,NULL,NULL),(663,NULL,663,735,NULL,NULL,NULL,NULL),(664,NULL,664,736,NULL,NULL,NULL,NULL),(665,NULL,665,737,NULL,NULL,NULL,NULL),(666,NULL,666,738,NULL,NULL,NULL,NULL),(667,NULL,667,739,NULL,NULL,NULL,NULL),(668,NULL,668,740,NULL,NULL,NULL,NULL),(669,NULL,669,741,NULL,NULL,NULL,NULL),(670,NULL,670,742,NULL,NULL,NULL,NULL),(671,NULL,671,743,NULL,NULL,NULL,NULL),(672,NULL,672,744,NULL,NULL,NULL,NULL),(673,NULL,673,745,NULL,NULL,NULL,NULL),(674,NULL,674,746,NULL,NULL,NULL,NULL),(675,NULL,675,747,NULL,NULL,NULL,NULL),(676,NULL,676,748,NULL,NULL,NULL,NULL),(677,NULL,677,749,NULL,NULL,NULL,NULL),(678,NULL,678,750,NULL,NULL,NULL,NULL),(679,NULL,679,751,NULL,NULL,NULL,NULL),(680,NULL,680,752,NULL,NULL,NULL,NULL),(681,NULL,681,753,NULL,NULL,NULL,NULL),(682,NULL,682,754,NULL,NULL,NULL,NULL),(683,NULL,683,755,NULL,NULL,NULL,NULL),(684,NULL,684,756,NULL,NULL,NULL,NULL),(685,NULL,685,757,NULL,NULL,NULL,NULL),(686,NULL,686,758,NULL,NULL,NULL,NULL),(687,NULL,687,759,NULL,NULL,NULL,NULL),(688,NULL,688,760,NULL,NULL,NULL,NULL),(689,NULL,689,761,NULL,NULL,NULL,NULL),(690,NULL,690,762,NULL,NULL,NULL,NULL),(691,NULL,691,763,NULL,NULL,NULL,NULL),(692,NULL,692,764,NULL,NULL,NULL,NULL),(693,NULL,693,765,NULL,NULL,NULL,NULL),(694,NULL,694,766,NULL,NULL,NULL,NULL),(695,NULL,695,767,NULL,NULL,NULL,NULL),(696,NULL,696,768,NULL,NULL,NULL,NULL),(697,NULL,697,769,NULL,NULL,NULL,NULL),(698,NULL,698,770,NULL,NULL,NULL,NULL),(699,NULL,699,771,NULL,NULL,NULL,NULL),(700,NULL,700,772,NULL,NULL,NULL,NULL),(701,NULL,701,773,NULL,NULL,NULL,NULL),(702,NULL,702,774,NULL,NULL,NULL,NULL),(703,NULL,703,775,NULL,NULL,NULL,NULL),(704,NULL,704,776,NULL,NULL,NULL,NULL),(705,NULL,705,777,NULL,NULL,NULL,NULL),(706,NULL,706,778,NULL,NULL,NULL,NULL),(707,NULL,707,779,NULL,NULL,NULL,NULL),(708,NULL,708,780,NULL,NULL,NULL,NULL),(709,NULL,709,781,NULL,NULL,NULL,NULL),(710,NULL,710,782,NULL,NULL,NULL,NULL),(711,NULL,711,783,NULL,NULL,NULL,NULL),(712,NULL,712,784,NULL,NULL,NULL,NULL),(713,NULL,713,785,NULL,NULL,NULL,NULL),(714,NULL,714,786,NULL,NULL,NULL,NULL),(715,NULL,715,787,NULL,NULL,NULL,NULL),(716,NULL,716,788,NULL,NULL,NULL,NULL),(717,NULL,717,789,NULL,NULL,NULL,NULL),(718,NULL,718,790,NULL,NULL,NULL,NULL),(719,NULL,719,791,NULL,NULL,NULL,NULL),(720,NULL,720,792,NULL,NULL,NULL,NULL),(721,NULL,721,793,NULL,NULL,NULL,NULL),(722,NULL,722,794,NULL,NULL,NULL,NULL),(723,NULL,723,795,NULL,NULL,NULL,NULL),(724,NULL,724,796,NULL,NULL,NULL,NULL),(725,NULL,725,797,NULL,NULL,NULL,NULL),(726,NULL,726,798,NULL,NULL,NULL,NULL),(727,NULL,727,799,NULL,NULL,NULL,NULL);
INSERT INTO `cta_cte_cliente_pivot_receipt` VALUES (728,NULL,728,800,NULL,NULL,NULL,NULL),(729,NULL,729,801,NULL,NULL,NULL,NULL),(730,NULL,730,802,NULL,NULL,NULL,NULL),(731,NULL,731,803,NULL,NULL,NULL,NULL),(732,NULL,732,804,NULL,NULL,NULL,NULL),(733,NULL,733,805,NULL,NULL,NULL,NULL),(734,NULL,734,806,NULL,NULL,NULL,NULL),(735,NULL,735,807,NULL,NULL,NULL,NULL),(736,NULL,736,808,NULL,NULL,NULL,NULL),(737,NULL,737,809,NULL,NULL,NULL,NULL),(738,NULL,738,810,NULL,NULL,NULL,NULL),(739,NULL,739,811,NULL,NULL,NULL,NULL),(740,NULL,740,812,NULL,NULL,NULL,NULL),(741,NULL,741,813,NULL,NULL,NULL,NULL),(742,NULL,742,814,NULL,NULL,NULL,NULL),(743,NULL,743,815,NULL,NULL,NULL,NULL),(744,NULL,744,816,NULL,NULL,NULL,NULL),(745,NULL,745,817,NULL,NULL,NULL,NULL),(746,NULL,746,818,NULL,NULL,NULL,NULL),(747,NULL,747,819,NULL,NULL,NULL,NULL),(748,NULL,748,820,NULL,NULL,NULL,NULL),(749,NULL,749,821,NULL,NULL,NULL,NULL),(750,NULL,750,822,NULL,NULL,NULL,NULL),(751,NULL,751,823,NULL,NULL,NULL,NULL),(752,NULL,752,824,NULL,NULL,NULL,NULL),(753,NULL,753,825,NULL,NULL,NULL,NULL),(754,NULL,754,826,NULL,NULL,NULL,NULL),(755,NULL,755,827,NULL,NULL,NULL,NULL),(756,NULL,756,828,NULL,NULL,NULL,NULL),(757,NULL,757,829,NULL,NULL,NULL,NULL),(758,NULL,758,830,NULL,NULL,NULL,NULL),(759,NULL,759,831,NULL,NULL,NULL,NULL),(760,NULL,760,832,NULL,NULL,NULL,NULL),(761,NULL,761,833,NULL,NULL,NULL,NULL),(762,NULL,762,834,NULL,NULL,NULL,NULL),(763,NULL,763,835,NULL,NULL,NULL,NULL),(764,NULL,764,836,NULL,NULL,NULL,NULL),(765,NULL,765,837,NULL,NULL,NULL,NULL),(766,NULL,766,838,NULL,NULL,NULL,NULL),(767,NULL,767,839,NULL,NULL,NULL,NULL),(768,NULL,768,840,NULL,NULL,NULL,NULL),(769,NULL,769,841,NULL,NULL,NULL,NULL),(770,NULL,770,842,NULL,NULL,NULL,NULL),(771,NULL,771,843,NULL,NULL,NULL,NULL),(772,NULL,772,844,NULL,NULL,NULL,NULL),(773,NULL,773,845,NULL,NULL,NULL,NULL),(774,NULL,774,846,NULL,NULL,NULL,NULL),(775,NULL,775,847,NULL,NULL,NULL,NULL),(776,NULL,776,848,NULL,NULL,NULL,NULL),(777,NULL,777,849,NULL,NULL,NULL,NULL),(778,NULL,778,850,NULL,NULL,NULL,NULL),(779,NULL,779,851,NULL,NULL,NULL,NULL),(780,NULL,780,852,NULL,NULL,NULL,NULL),(781,NULL,781,853,NULL,NULL,NULL,NULL),(782,NULL,782,854,NULL,NULL,NULL,NULL),(783,NULL,783,855,NULL,NULL,NULL,NULL),(784,NULL,784,856,NULL,NULL,NULL,NULL),(785,NULL,785,857,NULL,NULL,NULL,NULL),(786,NULL,786,858,NULL,NULL,NULL,NULL),(787,NULL,787,859,NULL,NULL,NULL,NULL),(788,NULL,788,860,NULL,NULL,NULL,NULL),(789,NULL,789,861,NULL,NULL,NULL,NULL),(790,NULL,790,862,NULL,NULL,NULL,NULL),(791,NULL,791,863,NULL,NULL,NULL,NULL),(792,NULL,792,864,NULL,NULL,NULL,NULL),(793,NULL,793,865,NULL,NULL,NULL,NULL),(794,NULL,794,866,NULL,NULL,NULL,NULL),(795,NULL,795,867,NULL,NULL,NULL,NULL),(796,NULL,796,868,NULL,NULL,NULL,NULL),(797,NULL,797,869,NULL,NULL,NULL,NULL),(798,NULL,798,870,NULL,NULL,NULL,NULL),(799,NULL,799,871,NULL,NULL,NULL,NULL),(800,NULL,800,872,NULL,NULL,NULL,NULL),(801,NULL,801,873,NULL,NULL,NULL,NULL),(802,NULL,802,874,NULL,NULL,NULL,NULL),(803,NULL,803,875,NULL,NULL,NULL,NULL),(804,NULL,804,876,NULL,NULL,NULL,NULL),(805,NULL,805,877,NULL,NULL,NULL,NULL),(806,NULL,806,878,NULL,NULL,NULL,NULL),(807,NULL,807,879,NULL,NULL,NULL,NULL),(808,NULL,808,880,NULL,NULL,NULL,NULL),(809,NULL,809,881,NULL,NULL,NULL,NULL),(810,NULL,810,882,NULL,NULL,NULL,NULL),(811,NULL,811,883,NULL,NULL,NULL,NULL),(812,NULL,812,884,NULL,NULL,NULL,NULL),(813,NULL,813,885,NULL,NULL,NULL,NULL),(814,NULL,814,886,NULL,NULL,NULL,NULL),(815,NULL,815,887,NULL,NULL,NULL,NULL),(816,NULL,816,888,NULL,NULL,NULL,NULL),(817,NULL,817,889,NULL,NULL,NULL,NULL),(818,NULL,818,890,NULL,NULL,NULL,NULL),(819,NULL,819,891,NULL,NULL,NULL,NULL),(820,NULL,820,892,NULL,NULL,NULL,NULL),(821,NULL,821,893,NULL,NULL,NULL,NULL),(822,NULL,822,894,NULL,NULL,NULL,NULL),(823,NULL,823,895,NULL,NULL,NULL,NULL),(824,NULL,824,896,NULL,NULL,NULL,NULL),(825,NULL,825,897,NULL,NULL,NULL,NULL),(826,NULL,826,898,NULL,NULL,NULL,NULL),(827,NULL,827,899,NULL,NULL,NULL,NULL),(828,NULL,828,900,NULL,NULL,NULL,NULL);
INSERT INTO `cta_cte_cliente_pivot_receipt` VALUES (829,NULL,829,901,NULL,NULL,NULL,NULL),(830,NULL,830,902,NULL,NULL,NULL,NULL),(831,NULL,831,903,NULL,NULL,NULL,NULL),(832,NULL,832,904,NULL,NULL,NULL,NULL),(833,NULL,833,905,NULL,NULL,NULL,NULL),(834,NULL,834,906,NULL,NULL,NULL,NULL),(835,NULL,835,907,NULL,NULL,NULL,NULL),(836,NULL,836,908,NULL,NULL,NULL,NULL),(837,NULL,837,909,NULL,NULL,NULL,NULL),(838,NULL,838,910,NULL,NULL,NULL,NULL),(839,NULL,839,911,NULL,NULL,NULL,NULL),(840,NULL,840,912,NULL,NULL,NULL,NULL),(841,NULL,841,913,NULL,NULL,NULL,NULL),(842,NULL,842,914,NULL,NULL,NULL,NULL),(843,NULL,843,915,NULL,NULL,NULL,NULL),(844,NULL,844,916,NULL,NULL,NULL,NULL),(845,NULL,845,917,NULL,NULL,NULL,NULL),(846,NULL,846,918,NULL,NULL,NULL,NULL),(847,NULL,847,919,NULL,NULL,NULL,NULL),(848,NULL,848,920,NULL,NULL,NULL,NULL),(849,NULL,849,921,NULL,NULL,NULL,NULL),(850,NULL,850,922,NULL,NULL,NULL,NULL),(851,NULL,851,923,NULL,NULL,NULL,NULL),(852,NULL,852,924,NULL,NULL,NULL,NULL),(853,NULL,853,925,NULL,NULL,NULL,NULL),(854,NULL,854,926,NULL,NULL,NULL,NULL),(855,NULL,855,927,NULL,NULL,NULL,NULL),(856,NULL,856,928,NULL,NULL,NULL,NULL),(857,NULL,857,929,NULL,NULL,NULL,NULL),(858,NULL,858,930,NULL,NULL,NULL,NULL),(859,NULL,859,931,NULL,NULL,NULL,NULL),(860,NULL,860,932,NULL,NULL,NULL,NULL),(861,NULL,861,933,NULL,NULL,NULL,NULL),(862,NULL,862,934,NULL,NULL,NULL,NULL),(863,NULL,863,935,NULL,NULL,NULL,NULL),(864,NULL,864,936,NULL,NULL,NULL,NULL),(865,NULL,865,937,NULL,NULL,NULL,NULL),(866,NULL,866,938,NULL,NULL,NULL,NULL),(867,NULL,867,939,NULL,NULL,NULL,NULL),(868,NULL,868,940,NULL,NULL,NULL,NULL),(869,NULL,869,941,NULL,NULL,NULL,NULL),(870,NULL,870,942,NULL,NULL,NULL,NULL),(871,NULL,871,943,NULL,NULL,NULL,NULL),(872,NULL,872,944,NULL,NULL,NULL,NULL),(873,NULL,873,945,NULL,NULL,NULL,NULL),(874,NULL,874,946,NULL,NULL,NULL,NULL),(875,NULL,875,947,NULL,NULL,NULL,NULL),(876,NULL,876,948,NULL,NULL,NULL,NULL),(877,NULL,877,949,NULL,NULL,NULL,NULL),(878,NULL,878,950,NULL,NULL,NULL,NULL),(879,NULL,879,951,NULL,NULL,NULL,NULL),(880,NULL,880,952,NULL,NULL,NULL,NULL),(881,NULL,881,953,NULL,NULL,NULL,NULL),(882,NULL,882,954,NULL,NULL,NULL,NULL),(883,NULL,883,955,NULL,NULL,NULL,NULL),(884,NULL,884,956,NULL,NULL,NULL,NULL),(885,NULL,885,957,NULL,NULL,NULL,NULL),(886,NULL,886,958,NULL,NULL,NULL,NULL),(887,NULL,887,959,NULL,NULL,NULL,NULL),(888,NULL,888,960,NULL,NULL,NULL,NULL),(889,NULL,889,961,NULL,NULL,NULL,NULL),(890,NULL,890,962,NULL,NULL,NULL,NULL),(891,NULL,891,963,NULL,NULL,NULL,NULL),(892,NULL,892,964,NULL,NULL,NULL,NULL),(893,NULL,893,965,NULL,NULL,NULL,NULL),(894,NULL,894,966,NULL,NULL,NULL,NULL),(895,NULL,895,967,NULL,NULL,NULL,NULL),(896,NULL,896,968,NULL,NULL,NULL,NULL),(897,NULL,897,969,NULL,NULL,NULL,NULL),(898,NULL,898,970,NULL,NULL,NULL,NULL),(899,NULL,899,971,NULL,NULL,NULL,NULL),(900,NULL,900,972,NULL,NULL,NULL,NULL),(901,NULL,901,973,NULL,NULL,NULL,NULL),(902,NULL,902,974,NULL,NULL,NULL,NULL),(903,NULL,903,975,NULL,NULL,NULL,NULL),(904,NULL,904,976,NULL,NULL,NULL,NULL),(905,NULL,905,977,NULL,NULL,NULL,NULL),(906,NULL,906,978,NULL,NULL,NULL,NULL),(907,NULL,907,979,NULL,NULL,NULL,NULL),(908,NULL,908,980,NULL,NULL,NULL,NULL),(909,NULL,909,981,NULL,NULL,NULL,NULL),(910,NULL,910,982,NULL,NULL,NULL,NULL),(911,NULL,911,983,NULL,NULL,NULL,NULL),(912,NULL,912,984,NULL,NULL,NULL,NULL),(913,NULL,913,985,NULL,NULL,NULL,NULL),(914,NULL,914,986,NULL,NULL,NULL,NULL),(915,NULL,915,987,NULL,NULL,NULL,NULL),(916,NULL,916,988,NULL,NULL,NULL,NULL),(917,NULL,917,989,NULL,NULL,NULL,NULL),(918,NULL,918,990,NULL,NULL,NULL,NULL),(919,NULL,919,991,NULL,NULL,NULL,NULL),(920,NULL,920,992,NULL,NULL,NULL,NULL),(921,NULL,921,993,NULL,NULL,NULL,NULL),(922,NULL,922,994,NULL,NULL,NULL,NULL),(923,NULL,923,995,NULL,NULL,NULL,NULL),(924,NULL,924,996,NULL,NULL,NULL,NULL),(925,NULL,925,997,NULL,NULL,NULL,NULL),(926,NULL,926,998,NULL,NULL,NULL,NULL),(927,NULL,927,999,NULL,NULL,NULL,NULL),(928,NULL,928,1000,NULL,NULL,NULL,NULL);
INSERT INTO `cta_cte_cliente_pivot_receipt` VALUES (929,NULL,929,1001,NULL,NULL,NULL,NULL),(930,NULL,930,1002,NULL,NULL,NULL,NULL),(931,NULL,931,1003,NULL,NULL,NULL,NULL),(932,NULL,932,1004,NULL,NULL,NULL,NULL),(933,NULL,933,1005,NULL,NULL,NULL,NULL),(934,NULL,934,1006,NULL,NULL,NULL,NULL),(935,NULL,935,1007,NULL,NULL,NULL,NULL),(936,NULL,936,1008,NULL,NULL,NULL,NULL),(937,NULL,937,1009,NULL,NULL,NULL,NULL),(938,NULL,938,1010,NULL,NULL,NULL,NULL),(939,NULL,939,1011,NULL,NULL,NULL,NULL),(940,NULL,940,1012,NULL,NULL,NULL,NULL),(941,NULL,941,1013,NULL,NULL,NULL,NULL),(942,NULL,942,1014,NULL,NULL,NULL,NULL),(943,NULL,943,1015,NULL,NULL,NULL,NULL),(944,NULL,944,1016,NULL,NULL,NULL,NULL),(945,NULL,945,1017,NULL,NULL,NULL,NULL),(946,NULL,946,1018,NULL,NULL,NULL,NULL),(947,NULL,947,1019,NULL,NULL,NULL,NULL),(948,NULL,948,1020,NULL,NULL,NULL,NULL),(949,NULL,949,1021,NULL,NULL,NULL,NULL),(950,NULL,950,1022,NULL,NULL,NULL,NULL),(951,NULL,951,1023,NULL,NULL,NULL,NULL),(952,NULL,952,1024,NULL,NULL,NULL,NULL),(953,NULL,953,1025,NULL,NULL,NULL,NULL),(954,NULL,954,1026,NULL,NULL,NULL,NULL),(955,NULL,955,1027,NULL,NULL,NULL,NULL),(956,NULL,956,1028,NULL,NULL,NULL,NULL),(957,NULL,957,1029,NULL,NULL,NULL,NULL),(958,NULL,958,1030,NULL,NULL,NULL,NULL),(959,NULL,959,1031,NULL,NULL,NULL,NULL),(960,NULL,960,1032,NULL,NULL,NULL,NULL),(961,NULL,961,1033,NULL,NULL,NULL,NULL),(962,NULL,962,1034,NULL,NULL,NULL,NULL),(963,NULL,963,1035,NULL,NULL,NULL,NULL),(964,NULL,964,1036,NULL,NULL,NULL,NULL),(965,NULL,965,1037,NULL,NULL,NULL,NULL),(966,NULL,966,1038,NULL,NULL,NULL,NULL),(967,NULL,967,1039,NULL,NULL,NULL,NULL),(968,NULL,968,1040,NULL,NULL,NULL,NULL),(969,NULL,969,1041,NULL,NULL,NULL,NULL),(970,NULL,970,1042,NULL,NULL,NULL,NULL),(971,NULL,971,1043,NULL,NULL,NULL,NULL),(972,NULL,972,1044,NULL,NULL,NULL,NULL),(973,NULL,973,1045,NULL,NULL,NULL,NULL),(974,NULL,974,1046,NULL,NULL,NULL,NULL),(975,NULL,975,1047,NULL,NULL,NULL,NULL),(976,NULL,976,1048,NULL,NULL,NULL,NULL),(977,NULL,977,1049,NULL,NULL,NULL,NULL),(978,NULL,978,1050,NULL,NULL,NULL,NULL),(979,NULL,979,1051,NULL,NULL,NULL,NULL),(980,NULL,980,1052,NULL,NULL,NULL,NULL),(981,NULL,981,1053,NULL,NULL,NULL,NULL),(982,NULL,982,1054,NULL,NULL,NULL,NULL),(983,NULL,983,1055,NULL,NULL,NULL,NULL),(984,NULL,984,1056,NULL,NULL,NULL,NULL),(985,NULL,985,1057,NULL,NULL,NULL,NULL),(986,NULL,986,1058,NULL,NULL,NULL,NULL),(987,NULL,987,1059,NULL,NULL,NULL,NULL),(988,NULL,988,1060,NULL,NULL,NULL,NULL),(989,NULL,989,1061,NULL,NULL,NULL,NULL),(990,NULL,990,1062,NULL,NULL,NULL,NULL),(991,NULL,991,1063,NULL,NULL,NULL,NULL),(992,NULL,992,1064,NULL,NULL,NULL,NULL),(993,NULL,993,1065,NULL,NULL,NULL,NULL),(994,NULL,994,1066,NULL,NULL,NULL,NULL),(995,NULL,995,1067,NULL,NULL,NULL,NULL),(996,NULL,996,1068,NULL,NULL,NULL,NULL),(997,NULL,997,1069,NULL,NULL,NULL,NULL),(998,NULL,998,1070,NULL,NULL,NULL,NULL),(999,NULL,999,1071,NULL,NULL,NULL,NULL),(1000,NULL,1000,1072,NULL,NULL,NULL,NULL),(1001,NULL,1001,1073,NULL,NULL,NULL,NULL),(1002,NULL,1002,1074,NULL,NULL,NULL,NULL),(1011,NULL,1011,1086,NULL,NULL,NULL,NULL),(1012,NULL,1012,1087,NULL,NULL,NULL,NULL),(1013,NULL,1013,1088,NULL,NULL,NULL,NULL),(1014,NULL,1014,1089,NULL,NULL,NULL,NULL),(1015,NULL,1015,1090,NULL,NULL,NULL,NULL),(1016,NULL,1016,1091,NULL,NULL,NULL,NULL),(1017,NULL,1017,1092,NULL,NULL,NULL,NULL),(1018,NULL,1018,1093,NULL,NULL,NULL,NULL),(1019,NULL,1019,1094,NULL,NULL,NULL,NULL),(1020,NULL,1020,1095,NULL,NULL,NULL,NULL),(1021,NULL,1021,1096,NULL,NULL,NULL,NULL),(1022,NULL,1022,1097,NULL,NULL,NULL,NULL),(1023,NULL,1023,1098,NULL,NULL,NULL,NULL),(1024,NULL,1024,1099,NULL,NULL,NULL,NULL),(1025,NULL,1025,1100,NULL,NULL,NULL,NULL),(1026,NULL,1026,1101,NULL,NULL,NULL,NULL),(1027,NULL,1027,1102,NULL,NULL,NULL,NULL),(1028,NULL,1028,1103,NULL,NULL,NULL,NULL),(1029,NULL,1029,1104,NULL,NULL,NULL,NULL),(1030,NULL,1030,214,NULL,NULL,NULL,NULL),(1035,NULL,1035,1105,NULL,NULL,NULL,NULL),(1036,NULL,1036,1106,NULL,NULL,NULL,NULL),(1037,NULL,1037,1107,NULL,NULL,NULL,NULL);
INSERT INTO `cta_cte_cliente_pivot_receipt` VALUES (1038,NULL,1038,1108,NULL,NULL,NULL,NULL),(1039,NULL,1039,1109,NULL,NULL,NULL,NULL),(1040,NULL,1040,1110,NULL,NULL,NULL,NULL),(1041,NULL,1041,1111,NULL,NULL,NULL,NULL),(1042,NULL,1042,1112,NULL,NULL,NULL,NULL),(1043,NULL,1043,1113,NULL,NULL,NULL,NULL),(1044,NULL,1044,1114,NULL,NULL,NULL,NULL),(1045,NULL,1045,1115,NULL,NULL,NULL,NULL),(1046,NULL,1046,1116,NULL,NULL,NULL,NULL),(1047,NULL,1047,1117,NULL,NULL,NULL,NULL),(1048,NULL,1048,1118,NULL,NULL,NULL,NULL),(1049,NULL,1049,1119,NULL,NULL,NULL,NULL),(1050,NULL,1050,1120,NULL,NULL,NULL,NULL),(1051,NULL,1051,1121,NULL,NULL,NULL,NULL),(1052,NULL,1052,1122,NULL,NULL,NULL,NULL),(1053,NULL,1053,1123,NULL,NULL,NULL,NULL),(1054,NULL,1054,1124,NULL,NULL,NULL,NULL),(1055,NULL,1055,1125,NULL,NULL,NULL,NULL),(1056,NULL,1056,1126,NULL,NULL,NULL,NULL),(1057,NULL,1057,1127,NULL,NULL,NULL,NULL),(1058,NULL,1058,1128,NULL,NULL,NULL,NULL),(1059,NULL,1059,1129,NULL,NULL,NULL,NULL),(1060,NULL,1060,1130,NULL,NULL,NULL,NULL),(1061,NULL,1061,1131,NULL,NULL,NULL,NULL),(1062,NULL,1062,1132,NULL,NULL,NULL,NULL),(1063,NULL,1063,1133,NULL,NULL,NULL,NULL),(1064,NULL,1064,1134,NULL,NULL,NULL,NULL),(1065,NULL,1065,1135,NULL,NULL,NULL,NULL),(1066,NULL,1066,1136,NULL,NULL,NULL,NULL),(1067,NULL,1067,1137,NULL,NULL,NULL,NULL),(1068,NULL,1068,1138,NULL,NULL,NULL,NULL),(1069,NULL,1069,1139,NULL,NULL,NULL,NULL),(1070,NULL,1070,1140,NULL,NULL,NULL,NULL),(1071,NULL,1071,1141,NULL,NULL,NULL,NULL),(1072,NULL,1072,1142,NULL,NULL,NULL,NULL),(1073,NULL,1073,1143,NULL,NULL,NULL,NULL),(1074,NULL,1074,1144,NULL,NULL,NULL,NULL),(1075,NULL,1075,1145,NULL,NULL,NULL,NULL),(1076,NULL,1076,1146,NULL,NULL,NULL,NULL),(1077,NULL,1077,1147,NULL,NULL,NULL,NULL),(1078,NULL,1078,1148,NULL,NULL,NULL,NULL),(1079,NULL,1079,1149,NULL,NULL,NULL,NULL),(1080,NULL,1080,1150,NULL,NULL,NULL,NULL),(1081,NULL,1081,1151,NULL,NULL,NULL,NULL),(1082,NULL,1082,1152,NULL,NULL,NULL,NULL),(1083,NULL,1083,1153,NULL,NULL,NULL,NULL),(1084,NULL,1084,1154,NULL,NULL,NULL,NULL),(1085,NULL,1085,1155,NULL,NULL,NULL,NULL),(1086,NULL,1086,1156,NULL,NULL,NULL,NULL),(1087,NULL,1087,1157,NULL,NULL,NULL,NULL),(1088,NULL,1088,1158,NULL,NULL,NULL,NULL),(1089,NULL,1089,1159,NULL,NULL,NULL,NULL),(1090,NULL,1090,1160,NULL,NULL,NULL,NULL),(1091,NULL,1091,1161,NULL,NULL,NULL,NULL),(1092,NULL,1092,1162,NULL,NULL,NULL,NULL),(1093,NULL,1093,1163,NULL,NULL,NULL,NULL),(1094,NULL,1094,1164,NULL,NULL,NULL,NULL),(1095,NULL,1095,1165,NULL,NULL,NULL,NULL),(1096,NULL,1096,1166,NULL,NULL,NULL,NULL),(1097,NULL,1097,1167,NULL,NULL,NULL,NULL),(1098,NULL,1098,1168,NULL,NULL,NULL,NULL),(1099,NULL,1099,1169,NULL,NULL,NULL,NULL),(1100,NULL,1100,1170,NULL,NULL,NULL,NULL),(1101,NULL,1101,1171,NULL,NULL,NULL,NULL),(1102,NULL,1102,1172,NULL,NULL,NULL,NULL),(1103,NULL,1103,1173,NULL,NULL,NULL,NULL),(1104,NULL,1104,1174,NULL,NULL,NULL,NULL),(1105,NULL,1105,1175,NULL,NULL,NULL,NULL),(1106,NULL,1106,1176,NULL,NULL,NULL,NULL),(1107,NULL,1107,1177,NULL,NULL,NULL,NULL),(1108,NULL,1108,1178,NULL,NULL,NULL,NULL),(1109,NULL,1109,1179,NULL,NULL,NULL,NULL),(1110,NULL,1110,1180,NULL,NULL,NULL,NULL),(1111,NULL,1111,1181,NULL,NULL,NULL,NULL),(1112,NULL,1112,1182,NULL,NULL,NULL,NULL),(1113,NULL,1113,1183,NULL,NULL,NULL,NULL),(1114,NULL,1114,1184,NULL,NULL,NULL,NULL),(1115,NULL,1115,1185,NULL,NULL,NULL,NULL),(1116,NULL,1116,1186,NULL,NULL,NULL,NULL),(1117,NULL,1117,1187,NULL,NULL,NULL,NULL),(1118,NULL,1118,1188,NULL,NULL,NULL,NULL),(1119,NULL,1119,1189,NULL,NULL,NULL,NULL),(1120,NULL,1120,1190,NULL,NULL,NULL,NULL),(1121,NULL,1121,1178,NULL,NULL,NULL,NULL),(1122,NULL,1122,1191,NULL,NULL,NULL,NULL),(1123,NULL,1123,1192,NULL,NULL,NULL,NULL),(1124,NULL,1124,1193,NULL,NULL,NULL,NULL),(1125,NULL,1125,1194,NULL,NULL,NULL,NULL),(1126,NULL,1126,1195,NULL,NULL,NULL,NULL),(1127,NULL,1127,1196,NULL,NULL,NULL,NULL),(1128,NULL,1128,1197,NULL,NULL,NULL,NULL),(1129,NULL,1129,1198,NULL,NULL,NULL,NULL),(1130,NULL,1130,1199,NULL,NULL,NULL,NULL);
INSERT INTO `cta_cte_cliente_pivot_receipt` VALUES (1131,NULL,1131,1200,NULL,NULL,NULL,NULL),(1132,NULL,1132,1201,NULL,NULL,NULL,NULL),(1133,NULL,1133,1202,NULL,NULL,NULL,NULL),(1134,NULL,1134,1203,NULL,NULL,NULL,NULL),(1135,NULL,1135,1204,NULL,NULL,NULL,NULL),(1136,NULL,1136,1205,NULL,NULL,NULL,NULL),(1137,NULL,1137,1206,NULL,NULL,NULL,NULL),(1138,NULL,1138,1207,NULL,NULL,NULL,NULL),(1139,NULL,1139,1208,NULL,NULL,NULL,NULL),(1140,NULL,1140,1209,NULL,NULL,NULL,NULL),(1141,NULL,1141,1210,NULL,NULL,NULL,NULL),(1142,NULL,1142,1211,NULL,NULL,NULL,NULL),(1143,NULL,1143,1212,NULL,NULL,NULL,NULL),(1144,NULL,1144,1213,NULL,NULL,NULL,NULL),(1145,NULL,1145,1214,NULL,NULL,NULL,NULL),(1146,NULL,1146,1215,NULL,NULL,NULL,NULL),(1147,NULL,1147,1216,NULL,NULL,NULL,NULL),(1148,NULL,1148,1217,NULL,NULL,NULL,NULL),(1149,NULL,1149,1218,NULL,NULL,NULL,NULL),(1150,NULL,1150,1219,NULL,NULL,NULL,NULL),(1151,NULL,1151,1220,NULL,NULL,NULL,NULL),(1152,NULL,1152,1221,NULL,NULL,NULL,NULL),(1153,NULL,1153,1222,NULL,NULL,NULL,NULL),(1154,NULL,1154,1223,NULL,NULL,NULL,NULL),(1155,NULL,1155,1224,NULL,NULL,NULL,NULL),(1156,NULL,1156,1225,NULL,NULL,NULL,NULL),(1157,NULL,1157,1226,NULL,NULL,NULL,NULL),(1158,NULL,1158,1227,NULL,NULL,NULL,NULL),(1159,NULL,1159,1228,NULL,NULL,NULL,NULL),(1160,NULL,1160,1229,NULL,NULL,NULL,NULL),(1161,NULL,1161,1230,NULL,NULL,NULL,NULL),(1162,NULL,1162,1231,NULL,NULL,NULL,NULL),(1163,NULL,1163,1232,NULL,NULL,NULL,NULL),(1164,NULL,1164,1233,NULL,NULL,NULL,NULL),(1165,NULL,1165,1234,NULL,NULL,NULL,NULL),(1166,NULL,1166,1235,NULL,NULL,NULL,NULL),(1167,NULL,1167,1236,NULL,NULL,NULL,NULL),(1168,NULL,1168,1237,NULL,NULL,NULL,NULL),(1169,NULL,1169,1238,NULL,NULL,NULL,NULL),(1170,NULL,1170,1239,NULL,NULL,NULL,NULL),(1171,NULL,1171,1240,NULL,NULL,NULL,NULL),(1172,NULL,1172,1241,NULL,NULL,NULL,NULL),(1173,NULL,1173,1242,NULL,NULL,NULL,NULL),(1174,NULL,1174,1243,NULL,NULL,NULL,NULL),(1175,NULL,1175,1244,NULL,NULL,NULL,NULL),(1176,NULL,1176,1245,NULL,NULL,NULL,NULL),(1177,NULL,1177,1246,NULL,NULL,NULL,NULL),(1178,NULL,1178,1247,NULL,NULL,NULL,NULL),(1179,NULL,1179,1248,NULL,NULL,NULL,NULL),(1180,NULL,1180,1249,NULL,NULL,NULL,NULL),(1181,NULL,1181,1250,NULL,NULL,NULL,NULL),(1182,NULL,1182,1251,NULL,NULL,NULL,NULL),(1183,NULL,1183,1252,NULL,NULL,NULL,NULL),(1184,NULL,1184,1253,NULL,NULL,NULL,NULL),(1185,NULL,1185,1254,NULL,NULL,NULL,NULL),(1186,NULL,1186,1255,NULL,NULL,NULL,NULL),(1187,NULL,1187,1256,NULL,NULL,NULL,NULL),(1188,NULL,1188,1257,NULL,NULL,NULL,NULL),(1189,NULL,1189,1258,NULL,NULL,NULL,NULL),(1190,NULL,1190,1259,NULL,NULL,NULL,NULL),(1191,NULL,1191,1260,NULL,NULL,NULL,NULL),(1192,NULL,1192,1261,NULL,NULL,NULL,NULL),(1193,NULL,1193,1262,NULL,NULL,NULL,NULL),(1194,NULL,1194,1263,NULL,NULL,NULL,NULL),(1195,NULL,1195,1264,NULL,NULL,NULL,NULL),(1196,NULL,1196,1265,NULL,NULL,NULL,NULL),(1197,NULL,1197,1266,NULL,NULL,NULL,NULL),(1198,NULL,1198,1267,NULL,NULL,NULL,NULL),(1199,NULL,1199,1268,NULL,NULL,NULL,NULL),(1200,NULL,1200,1269,NULL,NULL,NULL,NULL),(1201,NULL,1201,1270,NULL,NULL,NULL,NULL),(1202,7255,1202,1271,NULL,'2022-07-20 17:00:39','2022-07-20 17:00:39',NULL),(1203,7255,1203,1272,NULL,'2022-07-20 17:00:40','2022-07-20 17:00:40',NULL),(1204,7255,1204,1273,NULL,'2022-07-20 17:00:40','2022-07-20 17:00:40',NULL),(1205,7255,1205,1274,NULL,'2022-07-20 17:00:40','2022-07-20 17:00:40',NULL),(1206,7255,1206,1275,NULL,'2022-07-20 17:00:40','2022-07-20 17:00:40',NULL),(1207,7255,1207,1276,NULL,'2022-07-20 17:00:40','2022-07-20 17:00:40',NULL),(1208,7255,1208,1277,NULL,'2022-07-20 17:00:51','2022-07-20 17:00:51',NULL),(1209,7255,1209,1278,NULL,'2022-07-20 17:00:51','2022-07-20 17:00:51',NULL),(1210,7255,1210,1279,NULL,'2022-07-20 17:00:51','2022-07-20 17:00:51',NULL),(1211,7255,1211,1280,NULL,'2022-07-20 17:00:51','2022-07-20 17:00:51',NULL),(1212,7255,1212,1281,NULL,'2022-07-20 17:00:51','2022-07-20 17:00:51',NULL),(1213,7255,1213,1282,NULL,'2022-07-20 17:08:40','2022-07-20 17:08:40',NULL);
INSERT INTO `cta_cte_cliente_pivot_receipt` VALUES (1214,7255,1214,1283,NULL,'2022-07-20 17:08:40','2022-07-20 17:08:40',NULL),(1215,7255,1215,1284,NULL,'2022-07-20 17:08:40','2022-07-20 17:08:40',NULL),(1216,7255,1216,1285,NULL,'2022-07-20 17:08:40','2022-07-20 17:08:40',NULL),(1217,7255,1217,1286,NULL,'2022-07-20 17:08:40','2022-07-20 17:08:40',NULL),(1218,7255,1218,1287,NULL,'2022-07-20 17:08:40','2022-07-20 17:08:40',NULL),(1219,7255,1219,1288,NULL,'2022-07-20 17:09:01','2022-07-20 17:09:01',NULL),(1220,7255,1220,1289,NULL,'2022-07-20 17:09:01','2022-07-20 17:09:01',NULL),(1221,7255,1221,1290,NULL,'2022-07-20 17:09:01','2022-07-20 17:09:01',NULL),(1222,7255,1222,1291,NULL,'2022-07-20 17:09:02','2022-07-20 17:09:02',NULL),(1223,7255,1223,1292,NULL,'2022-07-20 17:09:02','2022-07-20 17:09:02',NULL),(1224,7255,1224,1293,NULL,'2022-07-20 17:09:02','2022-07-20 17:09:02',NULL),(1225,7255,1225,1294,NULL,'2022-07-20 17:09:02','2022-07-20 17:09:02',NULL),(1226,7255,1226,1295,NULL,'2022-07-20 17:09:02','2022-07-20 17:09:02',NULL);

--
