INSERT INTO `cta_cte_cliente_pivot_receipt` VALUES (22568,8328,22568,22230,NULL,0,NULL,'2025-06-25 01:48:31','2025-06-25 01:48:31',NULL),(22569,8328,22569,22231,NULL,0,NULL,'2025-06-25 01:48:31','2025-06-25 01:48:31',NULL),(22570,8328,22570,22232,NULL,0,NULL,'2025-06-25 01:48:31','2025-06-25 01:48:31',NULL),(22571,8328,22571,22233,NULL,0,NULL,'2025-06-25 01:48:32','2025-06-25 01:48:32',NULL),(22572,8328,22572,22234,NULL,0,NULL,'2025-06-25 01:48:32','2025-06-25 01:48:32',NULL),(22573,8328,22573,22235,NULL,0,NULL,'2025-06-25 01:48:32','2025-06-25 01:48:32',NULL),(22574,8328,22574,22236,NULL,0,NULL,'2025-06-25 01:48:32','2025-06-25 01:48:32',NULL),(22575,8328,22575,22237,NULL,0,NULL,'2025-06-25 01:48:32','2025-06-25 01:48:32',NULL),(22576,8328,22576,22238,NULL,0,NULL,'2025-06-25 01:48:32','2025-06-25 01:48:32',NULL),(22577,8328,22577,22239,NULL,0,NULL,'2025-06-25 01:48:32','2025-06-25 01:48:32',NULL),(22578,8328,22578,22240,NULL,0,NULL,'2025-06-25 01:48:32','2025-06-25 01:48:32',NULL),(22579,8328,22579,22241,NULL,0,NULL,'2025-06-25 02:00:21','2025-06-25 02:00:21',NULL),(22580,8328,22580,22242,NULL,0,NULL,'2025-07-01 01:44:11','2025-07-01 01:44:11',NULL),(22581,8328,22581,22243,NULL,0,NULL,'2025-07-04 14:20:58','2025-07-04 14:20:58',NULL),(22582,8328,22582,22244,NULL,0,NULL,'2025-07-04 14:31:54','2025-07-04 14:31:54',NULL),(22583,8328,22583,22245,NULL,0,NULL,'2025-07-04 14:31:57','2025-07-04 14:31:57',NULL),(22584,8328,22584,22246,NULL,0,NULL,'2025-07-04 14:32:00','2025-07-04 14:32:00',NULL),(22585,8328,22585,22247,NULL,0,NULL,'2025-07-04 14:32:04','2025-07-04 14:32:04',NULL),(22586,8328,22586,22248,NULL,0,NULL,'2025-07-04 14:32:07','2025-07-04 14:32:07',NULL),(22587,8328,22587,22249,NULL,0,NULL,'2025-07-04 14:32:10','2025-07-04 14:32:10',NULL),(22588,8328,22588,22250,NULL,0,NULL,'2025-07-04 14:32:13','2025-07-04 14:32:13',NULL),(22589,8328,22589,22251,NULL,0,NULL,'2025-07-17 02:32:47','2025-07-17 02:32:47',NULL),(22590,8328,22590,22252,NULL,0,NULL,'2025-07-17 02:32:48','2025-07-17 02:32:48',NULL),(22591,8328,22591,22253,NULL,0,NULL,'2025-07-17 02:32:48','2025-07-17 02:32:48',NULL),(22592,8328,22592,22254,NULL,0,NULL,'2025-07-17 02:32:48','2025-07-17 02:32:48',NULL),(22593,8328,22593,22255,NULL,0,NULL,'2025-07-17 02:33:12','2025-07-17 02:33:12',NULL),(22594,8328,22594,22256,NULL,0,NULL,'2025-07-17 02:33:12','2025-07-17 02:33:12',NULL),(22595,8328,22595,22257,NULL,0,NULL,'2025-07-17 02:33:12','2025-07-17 02:33:12',NULL),(22596,8328,22596,22258,NULL,0,NULL,'2025-07-17 02:33:12','2025-07-17 02:33:12',NULL),(22597,8328,22597,22259,NULL,0,NULL,'2025-07-17 02:33:12','2025-07-17 02:33:12',NULL),(22598,8328,22598,22260,NULL,0,NULL,'2025-07-17 02:33:12','2025-07-17 02:33:12',NULL),(22599,8328,22599,22261,NULL,0,NULL,'2025-07-17 02:33:12','2025-07-17 02:33:12',NULL),(22600,8328,22600,22262,NULL,0,NULL,'2025-07-17 02:33:12','2025-07-17 02:33:12',NULL),(22601,8328,22601,22263,NULL,0,NULL,'2025-07-17 02:33:12','2025-07-17 02:33:12',NULL),(22602,8328,22602,22264,NULL,0,NULL,'2025-07-17 02:33:12','2025-07-17 02:33:12',NULL),(22603,8328,22603,22265,NULL,0,NULL,'2025-07-17 02:33:12','2025-07-17 02:33:12',NULL),(22604,8328,22604,22266,NULL,0,NULL,'2025-07-17 02:33:13','2025-07-17 02:33:13',NULL),(22605,8328,22605,22267,NULL,0,NULL,'2025-07-17 02:33:13','2025-07-17 02:33:13',NULL),(22606,8328,22606,22268,NULL,0,NULL,'2025-07-17 03:02:09','2025-07-17 03:02:09',NULL),(22607,8328,22607,22269,NULL,0,NULL,'2025-07-19 01:22:53','2025-07-19 01:22:53',NULL),(22608,8328,22608,22270,NULL,0,NULL,'2025-07-19 01:22:53','2025-07-19 01:22:53',NULL),(22609,8328,22609,22271,NULL,0,NULL,'2025-07-19 01:22:53','2025-07-19 01:22:53',NULL),(22610,8328,22610,22272,NULL,0,NULL,'2025-07-19 01:22:53','2025-07-19 01:22:53',NULL),(22611,8328,22611,22273,NULL,0,NULL,'2025-07-19 01:22:53','2025-07-19 01:22:53',NULL),(22612,8328,22612,22274,NULL,0,NULL,'2025-07-19 01:22:53','2025-07-19 01:22:53',NULL),(22613,8328,22613,22275,NULL,0,NULL,'2025-07-19 01:22:53','2025-07-19 01:22:53',NULL);
INSERT INTO `cta_cte_cliente_pivot_receipt` VALUES (22614,8328,22614,22276,NULL,0,NULL,'2025-07-19 01:22:53','2025-07-19 01:22:53',NULL),(22615,8328,22615,22277,NULL,0,NULL,'2025-07-19 01:22:53','2025-07-19 01:22:53',NULL),(22616,8328,22616,22278,NULL,0,NULL,'2025-07-19 01:22:54','2025-07-19 01:22:54',NULL),(22617,8328,22617,22279,NULL,0,NULL,'2025-07-19 01:22:54','2025-07-19 01:22:54',NULL),(22618,8328,22618,22280,NULL,0,NULL,'2025-07-19 01:22:54','2025-07-19 01:22:54',NULL),(22619,8328,22619,22281,NULL,0,NULL,'2025-07-19 01:22:54','2025-07-19 01:22:54',NULL),(22620,8328,22620,22282,NULL,0,NULL,'2025-07-19 01:22:54','2025-07-19 01:22:54',NULL),(22621,8328,22621,22283,NULL,0,NULL,'2025-07-19 01:22:54','2025-07-19 01:22:54',NULL),(22622,8328,22622,22284,NULL,0,NULL,'2025-07-19 01:22:54','2025-07-19 01:22:54',NULL),(22623,8328,22623,22285,NULL,0,NULL,'2025-07-19 01:24:01','2025-07-19 01:24:01',NULL),(22624,8328,22624,22286,NULL,0,NULL,'2025-07-19 01:24:01','2025-07-19 01:24:01',NULL),(22625,8328,22625,22287,NULL,0,NULL,'2025-07-19 01:24:01','2025-07-19 01:24:01',NULL),(22626,8328,22626,22288,NULL,0,NULL,'2025-07-19 01:24:01','2025-07-19 01:24:01',NULL),(22627,8328,22627,22289,NULL,0,NULL,'2025-07-19 01:24:01','2025-07-19 01:24:01',NULL),(22628,8328,22628,22290,NULL,0,NULL,'2025-07-19 01:24:01','2025-07-19 01:24:01',NULL),(22629,8328,22629,22291,NULL,0,NULL,'2025-07-19 01:24:01','2025-07-19 01:24:01',NULL),(22630,8328,22630,22292,NULL,0,NULL,'2025-07-19 01:24:01','2025-07-19 01:24:01',NULL),(22631,8328,22631,22293,NULL,0,NULL,'2025-07-19 01:24:01','2025-07-19 01:24:01',NULL),(22632,8328,22632,22294,NULL,0,NULL,'2025-07-19 01:24:22','2025-07-19 01:24:22',NULL),(22633,8328,22633,22295,NULL,0,NULL,'2025-07-19 01:24:22','2025-07-19 01:24:22',NULL),(22634,8328,22634,22296,NULL,0,NULL,'2025-07-19 01:24:22','2025-07-19 01:24:22',NULL),(22635,8328,22635,22297,NULL,0,NULL,'2025-07-19 01:24:22','2025-07-19 01:24:22',NULL),(22636,8328,22636,22298,NULL,0,NULL,'2025-07-19 01:24:23','2025-07-19 01:24:23',NULL),(22637,8328,22637,22299,NULL,0,NULL,'2025-07-19 01:31:14','2025-07-19 01:31:14',NULL),(22638,8328,22638,22300,NULL,0,NULL,'2025-07-19 01:31:14','2025-07-19 01:31:14',NULL),(22639,8328,22639,22301,NULL,0,NULL,'2025-07-19 01:31:14','2025-07-19 01:31:14',NULL),(22640,8328,22640,22302,NULL,0,NULL,'2025-07-19 01:31:14','2025-07-19 01:31:14',NULL),(22641,8328,22641,22303,NULL,0,NULL,'2025-07-19 01:31:14','2025-07-19 01:31:14',NULL),(22642,8328,22642,22304,NULL,0,NULL,'2025-07-19 01:31:14','2025-07-19 01:31:14',NULL),(22643,8328,22643,22305,NULL,0,NULL,'2025-07-19 01:31:14','2025-07-19 01:31:14',NULL),(22644,8328,22644,22306,NULL,0,NULL,'2025-07-19 01:31:14','2025-07-19 01:31:14',NULL),(22645,8328,22645,22307,NULL,0,NULL,'2025-07-19 01:31:14','2025-07-19 01:31:14',NULL),(22646,8328,22646,22308,NULL,0,NULL,'2025-07-19 01:31:14','2025-07-19 01:31:14',NULL),(22647,8328,22647,22309,NULL,0,NULL,'2025-07-19 01:31:14','2025-07-19 01:31:14',NULL),(22648,8328,22648,22310,NULL,0,NULL,'2025-07-19 01:31:14','2025-07-19 01:31:14',NULL),(22649,8328,22649,22311,NULL,0,NULL,'2025-07-19 01:31:14','2025-07-19 01:31:14',NULL),(22650,8328,22650,22312,NULL,0,NULL,'2025-07-21 02:12:27','2025-07-21 02:12:27',NULL),(22651,8328,22651,22313,NULL,0,NULL,'2025-07-21 02:12:27','2025-07-21 02:12:27',NULL),(22652,8328,22652,22314,NULL,0,NULL,'2025-07-21 02:12:27','2025-07-21 02:12:27',NULL),(22653,8328,22653,22315,NULL,0,NULL,'2025-07-21 02:12:27','2025-07-21 02:12:27',NULL),(22654,8328,22654,22316,NULL,0,NULL,'2025-07-21 02:12:27','2025-07-21 02:12:27',NULL),(22655,8328,22655,22317,NULL,0,NULL,'2025-07-21 02:12:27','2025-07-21 02:12:27',NULL),(22656,8328,22656,22318,NULL,0,NULL,'2025-07-21 02:12:27','2025-07-21 02:12:27',NULL),(22657,8328,22657,22319,NULL,0,NULL,'2025-07-21 02:12:28','2025-07-21 02:12:28',NULL),(22658,8328,22658,22320,NULL,0,NULL,'2025-07-21 02:12:28','2025-07-21 02:12:28',NULL),(22659,8328,22659,22321,NULL,0,NULL,'2025-07-21 02:12:41','2025-07-21 02:12:41',NULL);
INSERT INTO `cta_cte_cliente_pivot_receipt` VALUES (22660,8328,22660,22322,NULL,0,NULL,'2025-07-21 02:12:41','2025-07-21 02:12:41',NULL),(22661,8328,22661,22323,NULL,0,NULL,'2025-07-21 02:12:41','2025-07-21 02:12:41',NULL),(22662,8328,22662,22324,NULL,0,NULL,'2025-07-21 02:12:41','2025-07-21 02:12:41',NULL),(22663,8328,22663,22325,NULL,0,NULL,'2025-07-21 02:12:41','2025-07-21 02:12:41',NULL),(22664,8328,22664,22326,NULL,0,NULL,'2025-07-21 02:12:41','2025-07-21 02:12:41',NULL),(22665,8328,22665,22327,NULL,0,NULL,'2025-07-21 02:12:41','2025-07-21 02:12:41',NULL),(22666,8328,22666,22328,NULL,0,NULL,'2025-07-21 02:12:41','2025-07-21 02:12:41',NULL),(22667,8328,22667,22329,NULL,0,NULL,'2025-07-21 02:12:41','2025-07-21 02:12:41',NULL),(22668,8328,22668,22330,NULL,0,NULL,'2025-07-21 02:12:41','2025-07-21 02:12:41',NULL),(22669,8328,22669,22331,NULL,0,NULL,'2025-07-21 02:12:41','2025-07-21 02:12:41',NULL),(22670,8328,22670,22332,NULL,0,NULL,'2025-07-21 02:38:27','2025-07-21 02:38:27',NULL),(22671,8328,22671,22333,NULL,0,NULL,'2025-07-22 02:24:39','2025-07-22 02:24:39',NULL),(22672,8328,22672,22334,NULL,0,NULL,'2025-07-22 02:24:39','2025-07-22 02:24:39',NULL),(22673,8328,22673,22335,NULL,0,NULL,'2025-07-22 02:24:39','2025-07-22 02:24:39',NULL),(22674,8328,22674,22336,NULL,0,NULL,'2025-07-22 02:24:39','2025-07-22 02:24:39',NULL),(22675,8328,22675,22337,NULL,0,NULL,'2025-07-22 02:24:39','2025-07-22 02:24:39',NULL),(22676,8328,22676,22338,NULL,0,NULL,'2025-07-22 02:24:39','2025-07-22 02:24:39',NULL),(22677,8328,22677,22339,NULL,0,NULL,'2025-07-22 02:24:40','2025-07-22 02:24:40',NULL),(22678,8328,22678,22340,NULL,0,NULL,'2025-07-22 02:24:40','2025-07-22 02:24:40',NULL),(22679,8328,22679,22341,NULL,0,NULL,'2025-07-22 02:24:40','2025-07-22 02:24:40',NULL),(22680,8328,22680,22342,NULL,0,NULL,'2025-07-22 02:24:40','2025-07-22 02:24:40',NULL),(22681,8328,22681,22343,NULL,0,NULL,'2025-07-22 02:24:40','2025-07-22 02:24:40',NULL),(22682,8328,22682,22344,NULL,0,NULL,'2025-07-22 02:24:40','2025-07-22 02:24:40',NULL),(22683,8328,22683,22345,NULL,0,NULL,'2025-07-22 02:24:40','2025-07-22 02:24:40',NULL),(22684,8328,22684,22346,NULL,0,NULL,'2025-07-22 02:24:40','2025-07-22 02:24:40',NULL),(22685,8328,22685,22347,NULL,0,NULL,'2025-07-22 02:24:40','2025-07-22 02:24:40',NULL),(22686,8328,22686,22348,NULL,0,NULL,'2025-07-22 02:24:40','2025-07-22 02:24:40',NULL),(22687,8328,22687,22349,NULL,0,NULL,'2025-07-22 02:24:40','2025-07-22 02:24:40',NULL),(22688,8328,22688,22350,NULL,0,NULL,'2025-07-22 02:24:40','2025-07-22 02:24:40',NULL),(22689,8328,22689,22351,NULL,0,NULL,'2025-07-22 02:25:03','2025-07-22 02:25:03',NULL),(22690,8328,22690,22352,NULL,0,NULL,'2025-07-22 02:25:04','2025-07-22 02:25:04',NULL),(22691,8328,22691,22353,NULL,0,NULL,'2025-07-22 02:25:04','2025-07-22 02:25:04',NULL),(22692,8328,22692,22354,NULL,0,NULL,'2025-07-22 02:25:04','2025-07-22 02:25:04',NULL),(22693,8328,22693,22355,NULL,0,NULL,'2025-07-22 02:25:04','2025-07-22 02:25:04',NULL),(22694,8328,22694,22356,NULL,0,NULL,'2025-07-22 02:25:04','2025-07-22 02:25:04',NULL),(22695,8328,22695,22357,NULL,0,NULL,'2025-07-22 02:25:04','2025-07-22 02:25:04',NULL),(22696,8328,22696,22358,NULL,0,NULL,'2025-07-22 02:25:04','2025-07-22 02:25:04',NULL),(22697,8328,22697,22359,NULL,0,NULL,'2025-07-22 02:25:04','2025-07-22 02:25:04',NULL),(22698,8328,22698,22360,NULL,0,NULL,'2025-07-22 02:25:05','2025-07-22 02:25:05',NULL),(22699,8328,22699,22361,NULL,0,NULL,'2025-07-22 02:25:05','2025-07-22 02:25:05',NULL),(22700,8328,22700,22362,NULL,0,NULL,'2025-07-22 02:25:05','2025-07-22 02:25:05',NULL),(22701,8328,22701,22363,NULL,0,NULL,'2025-07-22 02:25:05','2025-07-22 02:25:05',NULL),(22702,8328,22702,22364,NULL,0,NULL,'2025-07-22 02:25:05','2025-07-22 02:25:05',NULL),(22703,8328,22703,22365,NULL,0,NULL,'2025-07-22 02:25:05','2025-07-22 02:25:05',NULL),(22704,8328,22704,22366,NULL,0,NULL,'2025-07-22 02:25:05','2025-07-22 02:25:05',NULL),(22705,8328,22705,22367,NULL,0,NULL,'2025-07-22 02:25:05','2025-07-22 02:25:05',NULL);
INSERT INTO `cta_cte_cliente_pivot_receipt` VALUES (22706,8328,22706,22368,NULL,0,NULL,'2025-07-22 14:38:40','2025-07-22 14:38:40',NULL),(22707,8328,22707,22369,NULL,0,NULL,'2025-07-23 01:15:17','2025-07-23 01:15:17',NULL),(22708,8328,22708,22370,NULL,0,NULL,'2025-07-23 01:15:17','2025-07-23 01:15:17',NULL),(22709,8328,22709,22371,NULL,0,NULL,'2025-07-23 01:15:17','2025-07-23 01:15:17',NULL),(22710,8328,22710,22372,NULL,0,NULL,'2025-07-23 01:15:17','2025-07-23 01:15:17',NULL),(22711,8328,22711,22373,NULL,0,NULL,'2025-07-23 01:15:17','2025-07-23 01:15:17',NULL),(22712,8328,22712,22374,NULL,0,NULL,'2025-07-23 01:15:17','2025-07-23 01:15:17',NULL),(22713,8328,22713,22375,NULL,0,NULL,'2025-07-23 01:15:18','2025-07-23 01:15:18',NULL),(22714,8328,22714,22376,NULL,0,NULL,'2025-07-23 01:15:18','2025-07-23 01:15:18',NULL),(22715,8328,22715,22377,NULL,0,NULL,'2025-07-23 01:15:18','2025-07-23 01:15:18',NULL),(22716,8328,22716,22378,NULL,0,NULL,'2025-07-23 01:15:18','2025-07-23 01:15:18',NULL),(22717,8328,22717,22379,NULL,0,NULL,'2025-07-23 01:15:18','2025-07-23 01:15:18',NULL),(22718,8328,22718,22380,NULL,0,NULL,'2025-07-23 01:15:18','2025-07-23 01:15:18',NULL),(22719,8328,22719,22381,NULL,0,NULL,'2025-07-23 01:15:18','2025-07-23 01:15:18',NULL),(22720,8328,22720,22382,NULL,0,NULL,'2025-07-23 01:15:18','2025-07-23 01:15:18',NULL),(22721,8328,22721,22383,NULL,0,NULL,'2025-07-23 01:15:44','2025-07-23 01:15:44',NULL),(22722,8328,22722,22384,NULL,0,NULL,'2025-07-23 01:15:44','2025-07-23 01:15:44',NULL),(22723,8328,22723,22385,NULL,0,NULL,'2025-07-23 01:15:45','2025-07-23 01:15:45',NULL),(22724,8328,22724,22386,NULL,0,NULL,'2025-07-23 01:15:45','2025-07-23 01:15:45',NULL),(22725,8328,22725,22387,NULL,0,NULL,'2025-07-23 01:15:45','2025-07-23 01:15:45',NULL),(22726,8328,22726,22388,NULL,0,NULL,'2025-07-23 01:15:45','2025-07-23 01:15:45',NULL),(22727,8328,22727,22389,NULL,0,NULL,'2025-07-23 01:15:45','2025-07-23 01:15:45',NULL),(22728,8328,22728,22390,NULL,0,NULL,'2025-07-23 01:15:45','2025-07-23 01:15:45',NULL),(22729,8328,22729,22391,NULL,0,NULL,'2025-07-23 01:15:45','2025-07-23 01:15:45',NULL),(22730,8328,22730,22392,NULL,0,NULL,'2025-07-23 01:15:45','2025-07-23 01:15:45',NULL),(22731,8328,22731,22393,NULL,0,NULL,'2025-07-23 15:55:31','2025-07-23 15:55:31',NULL),(22732,8328,22732,22394,NULL,0,NULL,'2025-07-23 15:55:31','2025-07-23 15:55:31',NULL),(22733,8328,22733,22395,NULL,0,NULL,'2025-07-23 15:55:31','2025-07-23 15:55:31',NULL),(22734,8328,22734,22396,NULL,0,NULL,'2025-07-23 15:55:31','2025-07-23 15:55:31',NULL),(22735,8328,22735,22397,NULL,0,NULL,'2025-07-23 15:55:31','2025-07-23 15:55:31',NULL),(22736,8328,22736,22398,NULL,0,NULL,'2025-07-23 15:55:31','2025-07-23 15:55:31',NULL),(22737,8328,22737,22399,NULL,0,NULL,'2025-07-23 15:55:31','2025-07-23 15:55:31',NULL),(22738,8328,22738,22400,NULL,0,NULL,'2025-07-23 15:55:32','2025-07-23 15:55:32',NULL),(22739,8328,22739,22401,NULL,0,NULL,'2025-07-23 15:55:32','2025-07-23 15:55:32',NULL),(22740,8328,22740,22402,NULL,0,NULL,'2025-07-23 15:55:32','2025-07-23 15:55:32',NULL),(22741,8328,22741,22403,NULL,0,NULL,'2025-07-23 15:55:32','2025-07-23 15:55:32',NULL),(22742,8328,22742,22404,NULL,0,NULL,'2025-07-23 15:55:32','2025-07-23 15:55:32',NULL),(22743,8328,22743,22405,NULL,0,NULL,'2025-07-23 15:55:32','2025-07-23 15:55:32',NULL),(22744,8328,22744,22406,NULL,0,NULL,'2025-07-23 15:55:32','2025-07-23 15:55:32',NULL),(22745,8328,22745,22407,NULL,0,NULL,'2025-07-23 15:55:32','2025-07-23 15:55:32',NULL),(22746,8328,22746,22408,NULL,0,NULL,'2025-07-23 15:55:32','2025-07-23 15:55:32',NULL),(22747,8328,22747,22409,NULL,0,NULL,'2025-07-23 15:55:32','2025-07-23 15:55:32',NULL),(22748,8328,22748,22410,NULL,0,NULL,'2025-07-23 15:55:32','2025-07-23 15:55:32',NULL),(22749,8328,22749,22411,NULL,0,NULL,'2025-07-23 15:55:44','2025-07-23 15:55:44',NULL),(22750,8328,22750,22412,NULL,0,NULL,'2025-07-23 15:55:44','2025-07-23 15:55:44',NULL),(22751,8328,22751,22413,NULL,0,NULL,'2025-07-23 15:55:44','2025-07-23 15:55:44',NULL);
INSERT INTO `cta_cte_cliente_pivot_receipt` VALUES (22752,8328,22752,22414,NULL,0,NULL,'2025-07-23 15:55:45','2025-07-23 15:55:45',NULL),(22753,8328,22753,22415,NULL,0,NULL,'2025-07-23 15:55:45','2025-07-23 15:55:45',NULL),(22754,8328,22754,22416,NULL,0,NULL,'2025-07-23 15:55:45','2025-07-23 15:55:45',NULL),(22755,8328,22755,22417,NULL,0,NULL,'2025-07-23 15:55:45','2025-07-23 15:55:45',NULL),(22756,8328,22756,22418,NULL,0,NULL,'2025-07-23 15:55:45','2025-07-23 15:55:45',NULL),(22757,8328,22757,22419,NULL,0,NULL,'2025-07-23 15:55:45','2025-07-23 15:55:45',NULL),(22758,8328,22758,22420,NULL,0,NULL,'2025-07-29 16:32:21','2025-07-29 16:32:21',NULL),(22759,8328,22759,22421,NULL,0,NULL,'2025-07-29 16:32:24','2025-07-29 16:32:24',NULL),(22760,8328,22760,22422,NULL,0,NULL,'2025-08-01 15:19:07','2025-08-01 15:19:07',NULL),(22761,8328,22761,22423,NULL,0,NULL,'2025-08-07 11:41:31','2025-08-07 11:41:31',NULL),(22762,8328,22762,22424,NULL,0,NULL,'2025-08-07 11:41:33','2025-08-07 11:41:33',NULL),(22763,8328,22763,22425,NULL,0,NULL,'2025-08-07 11:41:36','2025-08-07 11:41:36',NULL),(22764,8328,22764,22426,NULL,0,NULL,'2025-08-07 11:41:39','2025-08-07 11:41:39',NULL),(22765,8328,22765,22427,NULL,0,NULL,'2025-08-07 11:41:42','2025-08-07 11:41:42',NULL),(22766,8328,22766,22428,NULL,0,NULL,'2025-08-07 11:41:45','2025-08-07 11:41:45',NULL),(22767,8328,22767,22429,NULL,0,NULL,'2025-08-11 03:03:12','2025-08-11 03:03:12',NULL),(22768,8328,22768,22430,NULL,0,NULL,'2025-08-11 03:03:13','2025-08-11 03:03:13',NULL),(22769,8328,22769,22431,NULL,0,NULL,'2025-08-11 03:03:13','2025-08-11 03:03:13',NULL),(22770,8328,22770,22432,NULL,0,NULL,'2025-08-11 03:05:51','2025-08-11 03:05:51',NULL),(22771,8328,22771,22433,NULL,0,NULL,'2025-08-11 03:05:51','2025-08-11 03:05:51',NULL),(22772,8328,22772,22434,NULL,0,NULL,'2025-08-11 03:05:52','2025-08-11 03:05:52',NULL),(22773,8328,22773,22435,NULL,0,NULL,'2025-08-11 03:05:52','2025-08-11 03:05:52',NULL),(22774,8328,22774,22436,NULL,0,NULL,'2025-08-11 03:05:52','2025-08-11 03:05:52',NULL),(22775,8328,22775,22437,NULL,0,NULL,'2025-08-11 03:05:52','2025-08-11 03:05:52',NULL),(22776,8328,22776,22438,NULL,0,NULL,'2025-08-11 03:05:52','2025-08-11 03:05:52',NULL),(22777,8328,22777,22439,NULL,0,NULL,'2025-08-11 03:05:52','2025-08-11 03:05:52',NULL),(22778,8328,22778,22440,NULL,0,NULL,'2025-08-11 03:05:52','2025-08-11 03:05:52',NULL),(22779,8328,22779,22441,NULL,0,NULL,'2025-08-11 03:05:52','2025-08-11 03:05:52',NULL),(22780,8328,22780,22442,NULL,0,NULL,'2025-08-11 03:05:52','2025-08-11 03:05:52',NULL),(22781,8328,22781,22443,NULL,0,NULL,'2025-08-11 03:05:52','2025-08-11 03:05:52',NULL),(22782,8328,22782,22444,NULL,0,NULL,'2025-08-11 03:05:52','2025-08-11 03:05:52',NULL),(22783,8328,22783,22445,NULL,0,NULL,'2025-08-11 03:05:52','2025-08-11 03:05:52',NULL),(22784,8328,22784,22446,NULL,0,NULL,'2025-08-11 03:05:52','2025-08-11 03:05:52',NULL),(22785,8328,22785,22447,NULL,0,NULL,'2025-08-11 03:05:52','2025-08-11 03:05:52',NULL),(22786,8328,22786,22448,NULL,0,NULL,'2025-08-11 03:05:53','2025-08-11 03:05:53',NULL),(22787,8328,22787,22449,NULL,0,NULL,'2025-08-11 03:05:53','2025-08-11 03:05:53',NULL),(22788,8328,22788,22450,NULL,0,NULL,'2025-08-11 03:05:53','2025-08-11 03:05:53',NULL),(22789,8328,22789,22451,NULL,0,NULL,'2025-08-11 03:05:53','2025-08-11 03:05:53',NULL),(22790,8328,22790,22452,NULL,0,NULL,'2025-08-11 03:05:53','2025-08-11 03:05:53',NULL),(22791,8328,22791,22453,NULL,0,NULL,'2025-08-11 03:05:53','2025-08-11 03:05:53',NULL),(22792,8328,22792,22454,NULL,0,NULL,'2025-08-11 03:05:53','2025-08-11 03:05:53',NULL),(22793,8328,22793,22455,NULL,0,NULL,'2025-08-11 03:05:53','2025-08-11 03:05:53',NULL),(22794,8328,22794,22456,NULL,0,NULL,'2025-08-11 03:05:53','2025-08-11 03:05:53',NULL),(22795,8328,22795,22457,NULL,0,NULL,'2025-08-11 03:05:53','2025-08-11 03:05:53',NULL),(22796,8328,22796,22458,NULL,0,NULL,'2025-08-11 03:05:53','2025-08-11 03:05:53',NULL),(22797,8328,22797,22459,NULL,0,NULL,'2025-08-11 03:05:53','2025-08-11 03:05:53',NULL);
INSERT INTO `cta_cte_cliente_pivot_receipt` VALUES (22798,8328,22798,22460,NULL,0,NULL,'2025-08-11 03:05:53','2025-08-11 03:05:53',NULL),(22799,8328,22799,22461,NULL,0,NULL,'2025-08-11 03:05:54','2025-08-11 03:05:54',NULL),(22800,8328,22800,22462,NULL,0,NULL,'2025-08-11 03:05:54','2025-08-11 03:05:54',NULL),(22801,8328,22801,22463,NULL,0,NULL,'2025-08-11 03:05:54','2025-08-11 03:05:54',NULL),(22802,8328,22802,22464,NULL,0,NULL,'2025-08-11 03:05:54','2025-08-11 03:05:54',NULL),(22803,8328,22803,22465,NULL,0,NULL,'2025-08-11 03:05:54','2025-08-11 03:05:54',NULL),(22804,8328,22804,22466,NULL,0,NULL,'2025-08-11 03:05:54','2025-08-11 03:05:54',NULL),(22805,8328,22805,22467,NULL,0,NULL,'2025-08-11 03:05:54','2025-08-11 03:05:54',NULL),(22806,8328,22806,22468,NULL,0,NULL,'2025-08-11 03:05:54','2025-08-11 03:05:54',NULL),(22807,8328,22807,22469,NULL,0,NULL,'2025-08-11 03:05:54','2025-08-11 03:05:54',NULL),(22808,8328,22808,22470,NULL,0,NULL,'2025-08-11 03:05:54','2025-08-11 03:05:54',NULL),(22809,8328,22809,22471,NULL,0,NULL,'2025-08-11 03:16:15','2025-08-11 03:16:15',NULL),(22810,8328,22810,22472,NULL,0,NULL,'2025-08-11 03:16:15','2025-08-11 03:16:15',NULL),(22811,8328,22811,22473,NULL,0,NULL,'2025-08-11 03:16:15','2025-08-11 03:16:15',NULL),(22812,8328,22812,22474,NULL,0,NULL,'2025-08-11 03:16:15','2025-08-11 03:16:15',NULL),(22813,8328,22813,22475,NULL,0,NULL,'2025-08-11 03:16:15','2025-08-11 03:16:15',NULL),(22814,8328,22814,22476,NULL,0,NULL,'2025-08-11 03:16:15','2025-08-11 03:16:15',NULL),(22815,8328,22815,22477,NULL,0,NULL,'2025-08-11 03:16:15','2025-08-11 03:16:15',NULL),(22816,8328,22816,22478,NULL,0,NULL,'2025-08-11 03:16:15','2025-08-11 03:16:15',NULL),(22817,8328,22817,22479,NULL,0,NULL,'2025-08-11 03:16:15','2025-08-11 03:16:15',NULL),(22818,8328,22818,22480,NULL,0,NULL,'2025-08-11 03:16:15','2025-08-11 03:16:15',NULL),(22819,8328,22819,22481,NULL,0,NULL,'2025-08-11 03:16:15','2025-08-11 03:16:15',NULL),(22820,8328,22820,22482,NULL,0,NULL,'2025-08-11 03:16:15','2025-08-11 03:16:15',NULL),(22821,8328,22821,22483,NULL,0,NULL,'2025-08-11 03:16:15','2025-08-11 03:16:15',NULL),(22822,8328,22822,22484,NULL,0,NULL,'2025-08-11 03:16:16','2025-08-11 03:16:16',NULL),(22823,8328,22823,22485,NULL,0,NULL,'2025-08-11 03:16:16','2025-08-11 03:16:16',NULL),(22824,8328,22824,22486,NULL,0,NULL,'2025-08-11 03:16:16','2025-08-11 03:16:16',NULL),(22825,8328,22825,22487,NULL,0,NULL,'2025-08-11 03:16:16','2025-08-11 03:16:16',NULL),(22826,8328,22826,22488,NULL,0,NULL,'2025-08-11 03:16:16','2025-08-11 03:16:16',NULL),(22827,8328,22827,22489,NULL,0,NULL,'2025-08-11 03:16:16','2025-08-11 03:16:16',NULL),(22828,8328,22828,22490,NULL,0,NULL,'2025-08-11 03:16:16','2025-08-11 03:16:16',NULL),(22829,8328,22829,22491,NULL,0,NULL,'2025-08-11 03:16:16','2025-08-11 03:16:16',NULL),(22830,8328,22830,22492,NULL,0,NULL,'2025-08-11 03:16:16','2025-08-11 03:16:16',NULL),(22831,8328,22831,22493,NULL,0,NULL,'2025-08-11 03:16:16','2025-08-11 03:16:16',NULL),(22832,8328,22832,22494,NULL,0,NULL,'2025-08-11 03:16:16','2025-08-11 03:16:16',NULL),(22833,8328,22833,22495,NULL,0,NULL,'2025-08-11 03:16:16','2025-08-11 03:16:16',NULL),(22834,8328,22834,22496,NULL,0,NULL,'2025-08-11 03:16:17','2025-08-11 03:16:17',NULL),(22835,8328,22835,22497,NULL,0,NULL,'2025-08-11 03:16:17','2025-08-11 03:16:17',NULL),(22836,8328,22836,22498,NULL,0,NULL,'2025-08-11 03:16:17','2025-08-11 03:16:17',NULL),(22837,8328,22837,22499,NULL,0,NULL,'2025-08-11 03:16:17','2025-08-11 03:16:17',NULL),(22838,8328,22838,22500,NULL,0,NULL,'2025-08-11 03:16:17','2025-08-11 03:16:17',NULL),(22839,8328,22839,22501,NULL,0,NULL,'2025-08-11 03:16:17','2025-08-11 03:16:17',NULL),(22840,8328,22840,22502,NULL,0,NULL,'2025-08-11 03:16:17','2025-08-11 03:16:17',NULL),(22841,8328,22841,22503,NULL,0,NULL,'2025-08-11 03:16:17','2025-08-11 03:16:17',NULL),(22842,8328,22842,22504,NULL,0,NULL,'2025-08-11 03:16:17','2025-08-11 03:16:17',NULL),(22843,8328,22843,22505,NULL,0,NULL,'2025-08-11 03:16:17','2025-08-11 03:16:17',NULL);
INSERT INTO `cta_cte_cliente_pivot_receipt` VALUES (22844,8328,22844,22506,NULL,0,NULL,'2025-08-11 03:16:17','2025-08-11 03:16:17',NULL),(22845,8328,22845,22507,NULL,0,NULL,'2025-08-11 03:16:17','2025-08-11 03:16:17',NULL),(22846,8328,22846,22508,NULL,0,NULL,'2025-08-11 03:16:18','2025-08-11 03:16:18',NULL),(22847,8328,22847,22509,NULL,0,NULL,'2025-08-11 03:16:18','2025-08-11 03:16:18',NULL),(22848,8328,22848,22510,NULL,0,NULL,'2025-08-11 03:16:18','2025-08-11 03:16:18',NULL),(22849,8328,22849,22511,NULL,0,NULL,'2025-08-11 03:16:18','2025-08-11 03:16:18',NULL),(22850,8328,22850,22512,NULL,0,NULL,'2025-08-11 03:16:18','2025-08-11 03:16:18',NULL),(22851,8328,22851,22513,NULL,0,NULL,'2025-08-11 03:16:18','2025-08-11 03:16:18',NULL),(22852,8328,22852,22514,NULL,0,NULL,'2025-08-11 03:16:18','2025-08-11 03:16:18',NULL),(22853,8328,22853,22515,NULL,0,NULL,'2025-08-11 03:16:18','2025-08-11 03:16:18',NULL),(22854,8328,22854,22516,NULL,0,NULL,'2025-08-11 03:16:18','2025-08-11 03:16:18',NULL),(22855,8328,22855,22517,NULL,0,NULL,'2025-08-11 03:16:18','2025-08-11 03:16:18',NULL),(22856,8328,22856,22518,NULL,0,NULL,'2025-08-11 03:16:18','2025-08-11 03:16:18',NULL),(22857,8328,22857,22519,NULL,0,NULL,'2025-08-11 03:16:18','2025-08-11 03:16:18',NULL),(22858,8328,22858,22520,NULL,0,NULL,'2025-08-11 03:16:19','2025-08-11 03:16:19',NULL),(22859,8328,22859,22521,NULL,0,NULL,'2025-08-11 03:16:19','2025-08-11 03:16:19',NULL),(22860,8328,22860,22522,NULL,0,NULL,'2025-08-11 03:16:19','2025-08-11 03:16:19',NULL),(22861,8328,22861,22523,NULL,0,NULL,'2025-08-11 03:16:19','2025-08-11 03:16:19',NULL),(22862,8328,22862,22524,NULL,0,NULL,'2025-08-11 03:16:19','2025-08-11 03:16:19',NULL),(22863,8328,22863,22525,NULL,0,NULL,'2025-08-11 03:16:19','2025-08-11 03:16:19',NULL),(22864,8328,22864,22526,NULL,0,NULL,'2025-08-11 03:16:19','2025-08-11 03:16:19',NULL),(22865,8328,22865,22527,NULL,0,NULL,'2025-08-11 03:16:19','2025-08-11 03:16:19',NULL),(22866,8328,22866,22528,NULL,0,NULL,'2025-08-11 03:16:19','2025-08-11 03:16:19',NULL),(22867,8328,22867,22529,NULL,0,NULL,'2025-08-11 03:16:19','2025-08-11 03:16:19',NULL),(22868,8328,22868,22530,NULL,0,NULL,'2025-08-11 03:16:19','2025-08-11 03:16:19',NULL),(22869,8328,22869,22531,NULL,0,NULL,'2025-08-11 03:16:19','2025-08-11 03:16:19',NULL),(22870,8328,22870,22532,NULL,0,NULL,'2025-08-11 03:16:20','2025-08-11 03:16:20',NULL),(22871,8328,22871,22533,NULL,0,NULL,'2025-08-11 03:16:20','2025-08-11 03:16:20',NULL),(22872,8328,22872,22534,NULL,0,NULL,'2025-08-11 03:16:20','2025-08-11 03:16:20',NULL),(22873,8328,22873,22535,NULL,0,NULL,'2025-08-11 03:16:20','2025-08-11 03:16:20',NULL),(22874,8328,22874,22536,NULL,0,NULL,'2025-08-11 03:16:20','2025-08-11 03:16:20',NULL),(22875,8328,22875,22537,NULL,0,NULL,'2025-08-11 03:16:20','2025-08-11 03:16:20',NULL),(22876,8328,22876,22538,NULL,0,NULL,'2025-08-11 03:16:20','2025-08-11 03:16:20',NULL),(22877,8328,22877,22539,NULL,0,NULL,'2025-08-11 03:16:20','2025-08-11 03:16:20',NULL),(22878,8328,22878,22540,NULL,0,NULL,'2025-08-11 03:16:20','2025-08-11 03:16:20',NULL),(22879,8328,22879,22541,NULL,0,NULL,'2025-08-11 03:16:20','2025-08-11 03:16:20',NULL),(22880,8328,22880,22542,NULL,0,NULL,'2025-08-11 03:16:20','2025-08-11 03:16:20',NULL),(22881,8328,22881,22543,NULL,0,NULL,'2025-08-11 03:16:20','2025-08-11 03:16:20',NULL),(22882,8328,22882,22544,NULL,0,NULL,'2025-08-11 03:16:21','2025-08-11 03:16:21',NULL),(22883,8328,22883,22545,NULL,0,NULL,'2025-08-11 03:16:21','2025-08-11 03:16:21',NULL),(22884,8328,22884,22546,NULL,0,NULL,'2025-08-11 03:16:21','2025-08-11 03:16:21',NULL),(22885,8328,22885,22547,NULL,0,NULL,'2025-08-11 03:16:21','2025-08-11 03:16:21',NULL),(22886,8328,22886,22548,NULL,0,NULL,'2025-08-11 03:16:21','2025-08-11 03:16:21',NULL),(22887,8328,22887,22549,NULL,0,NULL,'2025-08-11 03:16:21','2025-08-11 03:16:21',NULL),(22888,8328,22888,22550,NULL,0,NULL,'2025-08-11 03:16:21','2025-08-11 03:16:21',NULL),(22889,8328,22889,22551,NULL,0,NULL,'2025-08-11 03:16:21','2025-08-11 03:16:21',NULL);
INSERT INTO `cta_cte_cliente_pivot_receipt` VALUES (22890,8328,22890,22552,NULL,0,NULL,'2025-08-11 03:16:21','2025-08-11 03:16:21',NULL),(22891,8328,22891,22553,NULL,0,NULL,'2025-08-11 03:16:21','2025-08-11 03:16:21',NULL),(22892,8328,22892,22554,NULL,0,NULL,'2025-08-11 03:16:21','2025-08-11 03:16:21',NULL),(22893,8328,22893,22555,NULL,0,NULL,'2025-08-11 03:16:21','2025-08-11 03:16:21',NULL),(22894,8328,22894,22556,NULL,0,NULL,'2025-08-11 03:16:22','2025-08-11 03:16:22',NULL),(22895,8328,22895,22557,NULL,0,NULL,'2025-08-11 03:16:22','2025-08-11 03:16:22',NULL),(22896,8328,22896,22558,NULL,0,NULL,'2025-08-11 03:16:22','2025-08-11 03:16:22',NULL),(22897,8328,22897,22559,NULL,0,NULL,'2025-08-11 03:16:22','2025-08-11 03:16:22',NULL),(22898,8328,22898,22560,NULL,0,NULL,'2025-08-11 03:16:22','2025-08-11 03:16:22',NULL),(22899,8328,22899,22561,NULL,0,NULL,'2025-08-11 03:16:22','2025-08-11 03:16:22',NULL),(22900,8328,22900,22562,NULL,0,NULL,'2025-08-11 03:16:22','2025-08-11 03:16:22',NULL),(22901,8328,22901,22563,NULL,0,NULL,'2025-08-11 03:16:22','2025-08-11 03:16:22',NULL),(22902,8328,22902,22564,NULL,0,NULL,'2025-08-11 03:16:22','2025-08-11 03:16:22',NULL),(22903,8328,22903,22565,NULL,0,NULL,'2025-08-11 03:16:22','2025-08-11 03:16:22',NULL),(22904,8328,22904,22566,NULL,0,NULL,'2025-08-11 03:16:22','2025-08-11 03:16:22',NULL),(22905,8328,22905,22567,NULL,0,NULL,'2025-08-19 19:47:11','2025-08-19 19:47:11',NULL),(22906,8328,22906,22568,NULL,0,NULL,'2025-08-19 19:47:11','2025-08-19 19:47:11',NULL),(22907,8328,22907,22569,NULL,0,NULL,'2025-08-19 19:47:11','2025-08-19 19:47:11',NULL),(22908,8328,22908,22570,NULL,0,NULL,'2025-08-19 19:47:11','2025-08-19 19:47:11',NULL),(22909,8328,22909,22571,NULL,0,NULL,'2025-08-19 19:47:11','2025-08-19 19:47:11',NULL),(22910,8328,22910,22572,NULL,0,NULL,'2025-08-19 19:47:12','2025-08-19 19:47:12',NULL),(22911,8328,22911,22573,NULL,0,NULL,'2025-08-19 19:47:12','2025-08-19 19:47:12',NULL),(22912,8328,22912,22574,NULL,0,NULL,'2025-08-19 19:47:12','2025-08-19 19:47:12',NULL),(22913,8328,22913,22575,NULL,0,NULL,'2025-08-19 19:47:12','2025-08-19 19:47:12',NULL),(22914,8328,22914,22576,NULL,0,NULL,'2025-08-19 19:47:12','2025-08-19 19:47:12',NULL),(22915,8328,22915,22577,NULL,0,NULL,'2025-08-19 19:47:12','2025-08-19 19:47:12',NULL),(22916,8328,22916,22578,NULL,0,NULL,'2025-08-19 19:47:12','2025-08-19 19:47:12',NULL),(22917,8328,22917,22579,NULL,0,NULL,'2025-08-19 19:47:12','2025-08-19 19:47:12',NULL),(22918,8328,22918,22580,NULL,0,NULL,'2025-08-19 19:47:12','2025-08-19 19:47:12',NULL),(22919,8328,22919,22581,NULL,0,NULL,'2025-08-19 19:47:12','2025-08-19 19:47:12',NULL),(22920,8328,22920,22582,NULL,0,NULL,'2025-08-19 19:47:12','2025-08-19 19:47:12',NULL),(22921,8328,22921,22583,NULL,0,NULL,'2025-08-19 19:47:12','2025-08-19 19:47:12',NULL),(22922,8328,22922,22584,NULL,0,NULL,'2025-08-19 19:47:12','2025-08-19 19:47:12',NULL),(22923,8328,22923,22585,NULL,0,NULL,'2025-08-19 19:47:12','2025-08-19 19:47:12',NULL),(22924,8328,22924,22586,NULL,0,NULL,'2025-08-19 19:47:13','2025-08-19 19:47:13',NULL),(22925,8328,22925,22587,NULL,0,NULL,'2025-08-19 19:47:13','2025-08-19 19:47:13',NULL),(22926,8328,22926,22588,NULL,0,NULL,'2025-08-19 19:48:15','2025-08-19 19:48:15',NULL),(22927,8328,22927,22589,NULL,0,NULL,'2025-08-19 19:48:15','2025-08-19 19:48:15',NULL),(22928,8328,22928,22590,NULL,0,NULL,'2025-08-19 19:48:15','2025-08-19 19:48:15',NULL),(22929,8328,22929,22591,NULL,0,NULL,'2025-08-19 19:48:15','2025-08-19 19:48:15',NULL),(22930,8328,22930,22592,NULL,0,NULL,'2025-08-19 19:48:15','2025-08-19 19:48:15',NULL),(22931,8328,22931,22593,NULL,0,NULL,'2025-08-19 19:48:16','2025-08-19 19:48:16',NULL),(22932,8328,22932,22594,NULL,0,NULL,'2025-08-19 19:48:16','2025-08-19 19:48:16',NULL),(22933,8328,22933,22595,NULL,0,NULL,'2025-08-19 19:48:16','2025-08-19 19:48:16',NULL),(22934,8328,22934,22596,NULL,0,NULL,'2025-08-19 19:48:16','2025-08-19 19:48:16',NULL),(22935,8328,22935,22597,NULL,0,NULL,'2025-08-19 19:48:16','2025-08-19 19:48:16',NULL);
INSERT INTO `cta_cte_cliente_pivot_receipt` VALUES (22936,8328,22936,22598,NULL,0,NULL,'2025-08-19 19:48:16','2025-08-19 19:48:16',NULL),(22937,8328,22937,22599,NULL,0,NULL,'2025-08-19 19:48:16','2025-08-19 19:48:16',NULL),(22938,8328,22938,22600,NULL,0,NULL,'2025-08-19 19:48:16','2025-08-19 19:48:16',NULL),(22939,8328,22939,22601,NULL,0,NULL,'2025-08-19 19:48:16','2025-08-19 19:48:16',NULL),(22940,8328,22940,22602,NULL,0,NULL,'2025-08-19 19:48:16','2025-08-19 19:48:16',NULL),(22941,8328,22941,22603,NULL,0,NULL,'2025-08-19 19:48:16','2025-08-19 19:48:16',NULL),(22942,8328,22942,22604,NULL,0,NULL,'2025-08-19 19:48:16','2025-08-19 19:48:16',NULL),(22943,8328,22943,22605,NULL,0,NULL,'2025-08-19 19:48:16','2025-08-19 19:48:16',NULL),(22944,8328,22944,22606,NULL,0,NULL,'2025-08-19 19:48:16','2025-08-19 19:48:16',NULL),(22945,8328,22945,22607,NULL,0,NULL,'2025-08-19 19:48:17','2025-08-19 19:48:17',NULL),(22946,8328,22946,22608,NULL,0,NULL,'2025-08-19 19:48:17','2025-08-19 19:48:17',NULL),(22947,8328,22947,22609,NULL,0,NULL,'2025-08-20 17:31:59','2025-08-20 17:31:59',NULL),(22948,8328,22948,22610,NULL,0,NULL,'2025-08-20 17:31:59','2025-08-20 17:31:59',NULL),(22949,8328,22949,22611,NULL,0,NULL,'2025-08-20 17:31:59','2025-08-20 17:31:59',NULL),(22950,8328,22950,22612,NULL,0,NULL,'2025-08-20 17:31:59','2025-08-20 17:31:59',NULL),(22951,8328,22951,22613,NULL,0,NULL,'2025-08-20 17:31:59','2025-08-20 17:31:59',NULL),(22952,8328,22952,22614,NULL,0,NULL,'2025-08-20 17:37:45','2025-08-20 17:37:45',NULL),(22953,8328,22953,22615,NULL,0,NULL,'2025-08-20 17:37:45','2025-08-20 17:37:45',NULL),(22954,8328,22954,22616,NULL,0,NULL,'2025-08-20 17:37:45','2025-08-20 17:37:45',NULL),(22955,8328,22955,22617,NULL,0,NULL,'2025-08-20 17:37:45','2025-08-20 17:37:45',NULL),(22956,8328,22956,22618,NULL,0,NULL,'2025-08-20 17:37:45','2025-08-20 17:37:45',NULL),(22957,8328,22957,22619,NULL,0,NULL,'2025-08-20 17:37:45','2025-08-20 17:37:45',NULL),(22958,8328,22958,22620,NULL,0,NULL,'2025-08-20 17:37:45','2025-08-20 17:37:45',NULL),(22959,8328,22959,22621,NULL,0,NULL,'2025-08-20 17:37:46','2025-08-20 17:37:46',NULL),(22960,8328,22960,22622,NULL,0,NULL,'2025-08-20 17:37:46','2025-08-20 17:37:46',NULL),(22961,8328,22961,22623,NULL,0,NULL,'2025-08-20 17:37:46','2025-08-20 17:37:46',NULL),(22962,8328,22962,22624,NULL,0,NULL,'2025-08-20 17:37:46','2025-08-20 17:37:46',NULL),(22963,8328,22963,22625,NULL,0,NULL,'2025-08-20 17:37:59','2025-08-20 17:37:59',NULL),(22964,8328,22964,22626,NULL,0,NULL,'2025-08-20 17:37:59','2025-08-20 17:37:59',NULL),(22965,8328,22965,22627,NULL,0,NULL,'2025-08-20 17:38:00','2025-08-20 17:38:00',NULL),(22966,8328,22966,22628,NULL,0,NULL,'2025-08-20 17:38:00','2025-08-20 17:38:00',NULL),(22967,8328,22967,22629,NULL,0,NULL,'2025-08-20 17:38:00','2025-08-20 17:38:00',NULL),(22968,8328,22968,22630,NULL,0,NULL,'2025-08-20 17:38:00','2025-08-20 17:38:00',NULL),(22969,8328,22969,22631,NULL,0,NULL,'2025-08-20 17:38:00','2025-08-20 17:38:00',NULL),(22970,8328,22970,22632,NULL,0,NULL,'2025-08-20 17:38:00','2025-08-20 17:38:00',NULL),(22971,8328,22971,22633,NULL,0,NULL,'2025-08-20 17:38:00','2025-08-20 17:38:00',NULL),(22972,8328,22972,22634,NULL,0,NULL,'2025-08-20 17:38:00','2025-08-20 17:38:00',NULL),(22973,8328,22973,22635,NULL,0,NULL,'2025-08-20 17:38:00','2025-08-20 17:38:00',NULL),(22974,8328,22974,22636,NULL,0,NULL,'2025-08-20 17:38:01','2025-08-20 17:38:01',NULL),(22975,8328,22975,22637,NULL,0,NULL,'2025-08-20 17:38:01','2025-08-20 17:38:01',NULL),(22976,8328,22976,22638,NULL,0,NULL,'2025-08-20 17:38:01','2025-08-20 17:38:01',NULL),(22977,8328,22977,22639,NULL,0,NULL,'2025-08-20 17:38:01','2025-08-20 17:38:01',NULL),(22978,8328,22978,22640,NULL,0,NULL,'2025-08-20 17:38:01','2025-08-20 17:38:01',NULL),(22979,8328,22979,22641,NULL,0,NULL,'2025-08-20 17:38:01','2025-08-20 17:38:01',NULL),(22980,8328,22980,22642,NULL,0,NULL,'2025-08-21 16:07:29','2025-08-21 16:07:29',NULL),(22981,8328,22981,22643,NULL,0,NULL,'2025-08-21 16:07:29','2025-08-21 16:07:29',NULL);
INSERT INTO `cta_cte_cliente_pivot_receipt` VALUES (22982,8328,22982,22644,NULL,0,NULL,'2025-08-21 16:07:29','2025-08-21 16:07:29',NULL),(22983,8328,22983,22645,NULL,0,NULL,'2025-08-21 16:07:29','2025-08-21 16:07:29',NULL),(22984,8328,22984,22646,NULL,0,NULL,'2025-08-21 16:07:29','2025-08-21 16:07:29',NULL),(22985,8328,22985,22647,NULL,0,NULL,'2025-08-21 16:07:29','2025-08-21 16:07:29',NULL),(22986,8328,22986,22648,NULL,0,NULL,'2025-08-21 16:07:29','2025-08-21 16:07:29',NULL),(22987,8328,22987,22649,NULL,0,NULL,'2025-08-21 16:07:29','2025-08-21 16:07:29',NULL),(22988,8328,22988,22650,NULL,0,NULL,'2025-08-21 16:07:30','2025-08-21 16:07:30',NULL),(22989,8328,22989,22651,NULL,0,NULL,'2025-08-21 16:07:39','2025-08-21 16:07:39',NULL),(22990,8328,22990,22652,NULL,0,NULL,'2025-08-21 16:07:40','2025-08-21 16:07:40',NULL),(22991,8328,22991,22653,NULL,0,NULL,'2025-08-21 16:07:40','2025-08-21 16:07:40',NULL),(22992,8328,22992,22654,NULL,0,NULL,'2025-08-21 16:07:40','2025-08-21 16:07:40',NULL),(22993,8328,22993,22655,NULL,0,NULL,'2025-08-21 16:07:40','2025-08-21 16:07:40',NULL),(22994,8328,22994,22656,NULL,0,NULL,'2025-08-21 16:07:40','2025-08-21 16:07:40',NULL),(22995,8328,22995,22657,NULL,0,NULL,'2025-08-21 16:07:40','2025-08-21 16:07:40',NULL),(22996,8328,22996,22658,NULL,0,NULL,'2025-08-21 16:07:40','2025-08-21 16:07:40',NULL),(22997,8328,22997,22659,NULL,0,NULL,'2025-08-22 02:52:05','2025-08-22 02:52:05',NULL),(22998,8328,22998,22660,NULL,0,NULL,'2025-08-22 02:52:05','2025-08-22 02:52:05',NULL),(22999,8328,22999,22661,NULL,0,NULL,'2025-08-22 02:52:05','2025-08-22 02:52:05',NULL),(23000,8328,23000,22662,NULL,0,NULL,'2025-08-22 02:52:05','2025-08-22 02:52:05',NULL),(23001,8328,23001,22663,NULL,0,NULL,'2025-08-22 02:52:05','2025-08-22 02:52:05',NULL),(23002,8328,23002,22664,NULL,0,NULL,'2025-08-22 02:52:06','2025-08-22 02:52:06',NULL),(23003,8328,23003,22665,NULL,0,NULL,'2025-08-22 02:52:06','2025-08-22 02:52:06',NULL),(23074,8328,23074,22736,NULL,0,NULL,'2025-08-22 15:34:55','2025-08-22 15:34:55',NULL),(23075,8328,23075,22737,NULL,0,NULL,'2025-08-22 15:34:55','2025-08-22 15:34:55',NULL),(23076,8328,23076,22738,NULL,0,NULL,'2025-08-22 15:34:55','2025-08-22 15:34:55',NULL),(23077,8328,23077,22739,NULL,0,NULL,'2025-08-22 15:34:55','2025-08-22 15:34:55',NULL),(23078,8328,23078,22740,NULL,0,NULL,'2025-08-22 15:36:29','2025-08-22 15:36:29',NULL),(23079,8328,23079,22741,NULL,0,NULL,'2025-08-22 15:36:30','2025-08-22 15:36:30',NULL),(23080,8328,23080,22742,NULL,0,NULL,'2025-08-22 15:36:30','2025-08-22 15:36:30',NULL),(23081,8328,23081,22743,NULL,0,NULL,'2025-08-22 15:36:30','2025-08-22 15:36:30',NULL),(23082,8328,23082,22744,NULL,0,NULL,'2025-08-22 15:36:30','2025-08-22 15:36:30',NULL),(23083,8328,23083,22745,NULL,0,NULL,'2025-08-22 15:36:30','2025-08-22 15:36:30',NULL),(23084,8328,23084,22746,NULL,0,NULL,'2025-08-22 15:36:30','2025-08-22 15:36:30',NULL),(23085,8328,23085,22747,NULL,0,NULL,'2025-08-22 15:36:30','2025-08-22 15:36:30',NULL),(23086,8328,23086,22748,NULL,0,NULL,'2025-08-22 15:36:30','2025-08-22 15:36:30',NULL),(23087,8328,23087,22749,NULL,0,NULL,'2025-08-22 15:36:30','2025-08-22 15:36:30',NULL),(23088,8328,23088,22750,NULL,0,NULL,'2025-08-22 15:37:29','2025-08-22 15:37:29',NULL),(23089,8328,23089,22751,NULL,0,NULL,'2025-08-22 15:37:29','2025-08-22 15:37:29',NULL),(23090,8328,23090,22752,NULL,0,NULL,'2025-08-22 15:37:29','2025-08-22 15:37:29',NULL),(23091,8328,23091,22753,NULL,0,NULL,'2025-08-22 15:37:29','2025-08-22 15:37:29',NULL),(23092,8328,23092,22754,NULL,0,NULL,'2025-08-22 15:37:29','2025-08-22 15:37:29',NULL),(23093,8328,23093,22755,NULL,0,NULL,'2025-08-22 15:37:29','2025-08-22 15:37:29',NULL),(23094,8328,23094,22756,NULL,0,NULL,'2025-08-22 15:37:29','2025-08-22 15:37:29',NULL),(23095,8328,23095,22757,NULL,0,NULL,'2025-08-22 15:37:30','2025-08-22 15:37:30',NULL),(23096,8328,23096,22758,NULL,0,NULL,'2025-08-22 15:37:30','2025-08-22 15:37:30',NULL),(23097,8328,23097,22759,NULL,0,NULL,'2025-08-22 15:37:30','2025-08-22 15:37:30',NULL);
INSERT INTO `cta_cte_cliente_pivot_receipt` VALUES (23098,8328,23098,22760,NULL,0,NULL,'2025-08-22 15:37:30','2025-08-22 15:37:30',NULL),(23099,8328,23099,22761,NULL,0,NULL,'2025-08-22 15:37:30','2025-08-22 15:37:30',NULL),(23100,8328,23100,22762,NULL,0,NULL,'2025-08-22 15:37:30','2025-08-22 15:37:30',NULL),(23101,8328,23101,22763,NULL,0,NULL,'2025-08-22 15:37:30','2025-08-22 15:37:30',NULL),(23172,8328,23172,22834,NULL,0,NULL,'2025-08-25 15:32:14','2025-08-25 15:32:14',NULL),(23173,8328,23173,22835,NULL,0,NULL,'2025-08-25 15:32:14','2025-08-25 15:32:14',NULL),(23174,8328,23174,22836,NULL,0,NULL,'2025-08-25 15:32:14','2025-08-25 15:32:14',NULL),(23175,8328,23175,22837,NULL,0,NULL,'2025-08-25 15:32:14','2025-08-25 15:32:14',NULL),(23176,8328,23176,22838,NULL,0,NULL,'2025-08-25 15:32:14','2025-08-25 15:32:14',NULL),(23177,8328,23177,22839,NULL,0,NULL,'2025-08-25 15:32:14','2025-08-25 15:32:14',NULL),(23178,8328,23178,22840,NULL,0,NULL,'2025-08-25 15:32:14','2025-08-25 15:32:14',NULL),(23179,8328,23179,22841,NULL,0,NULL,'2025-08-25 15:32:15','2025-08-25 15:32:15',NULL),(23180,8328,23180,22842,NULL,0,NULL,'2025-08-25 15:32:15','2025-08-25 15:32:15',NULL),(23181,8328,23181,22843,NULL,0,NULL,'2025-08-25 15:32:15','2025-08-25 15:32:15',NULL),(23182,8328,23182,22844,NULL,0,NULL,'2025-08-25 15:32:15','2025-08-25 15:32:15',NULL),(23183,8328,23183,22845,NULL,0,NULL,'2025-08-25 15:32:15','2025-08-25 15:32:15',NULL),(23184,8328,23184,22846,NULL,0,NULL,'2025-08-25 15:32:15','2025-08-25 15:32:15',NULL),(23185,8328,23185,22847,NULL,0,NULL,'2025-08-25 15:32:15','2025-08-25 15:32:15',NULL),(23186,8328,23186,22848,NULL,0,NULL,'2025-08-25 15:32:15','2025-08-25 15:32:15',NULL),(23187,8328,23187,22849,NULL,0,NULL,'2025-08-25 15:32:15','2025-08-25 15:32:15',NULL),(23188,8328,23188,22850,NULL,0,NULL,'2025-08-25 15:32:15','2025-08-25 15:32:15',NULL),(23189,8328,23189,22851,NULL,0,NULL,'2025-08-25 15:32:15','2025-08-25 15:32:15',NULL),(23190,8328,23190,22852,NULL,0,NULL,'2025-08-25 15:32:15','2025-08-25 15:32:15',NULL),(23191,8328,23191,22853,NULL,0,NULL,'2025-08-25 15:32:16','2025-08-25 15:32:16',NULL),(23192,8328,23192,22854,NULL,0,NULL,'2025-08-25 15:32:16','2025-08-25 15:32:16',NULL),(23193,8328,23193,22855,NULL,0,NULL,'2025-08-25 15:32:16','2025-08-25 15:32:16',NULL),(23194,8328,23194,22856,NULL,0,NULL,'2025-08-25 15:32:16','2025-08-25 15:32:16',NULL),(23195,8328,23195,22857,NULL,0,NULL,'2025-08-25 15:32:16','2025-08-25 15:32:16',NULL),(23196,8328,23196,22858,NULL,0,NULL,'2025-08-25 15:32:16','2025-08-25 15:32:16',NULL),(23197,8328,23197,22859,NULL,0,NULL,'2025-08-25 15:32:16','2025-08-25 15:32:16',NULL),(23198,8328,23198,22860,NULL,0,NULL,'2025-08-25 15:32:16','2025-08-25 15:32:16',NULL),(23199,8328,23199,22861,NULL,0,NULL,'2025-08-25 15:32:16','2025-08-25 15:32:16',NULL),(23200,8328,23200,22862,NULL,0,NULL,'2025-08-25 15:32:16','2025-08-25 15:32:16',NULL),(23201,8328,23201,22863,NULL,0,NULL,'2025-08-25 15:32:17','2025-08-25 15:32:17',NULL),(23202,8328,23202,22864,NULL,0,NULL,'2025-08-25 15:32:17','2025-08-25 15:32:17',NULL),(23203,8328,23203,22865,NULL,0,NULL,'2025-08-25 15:32:17','2025-08-25 15:32:17',NULL),(23204,8328,23204,22866,NULL,0,NULL,'2025-08-25 15:32:17','2025-08-25 15:32:17',NULL),(23205,8328,23205,22867,NULL,0,NULL,'2025-08-26 12:26:44','2025-08-26 12:26:44',NULL),(23206,8328,23206,22868,NULL,0,NULL,'2025-08-26 12:26:44','2025-08-26 12:26:44',NULL),(23207,8328,23207,22869,NULL,0,NULL,'2025-08-26 12:26:44','2025-08-26 12:26:44',NULL),(23208,8328,23208,22870,NULL,0,NULL,'2025-08-26 12:26:44','2025-08-26 12:26:44',NULL),(23209,8328,23209,22871,NULL,0,NULL,'2025-08-26 12:26:44','2025-08-26 12:26:44',NULL),(23210,8328,23210,22872,NULL,0,NULL,'2025-08-26 12:26:44','2025-08-26 12:26:44',NULL),(23211,8328,23211,22873,NULL,0,NULL,'2025-08-26 12:26:44','2025-08-26 12:26:44',NULL),(23212,8328,23212,22874,NULL,0,NULL,'2025-08-26 12:26:44','2025-08-26 12:26:44',NULL),(23213,8328,23213,22875,NULL,0,NULL,'2025-08-26 12:26:44','2025-08-26 12:26:44',NULL);
INSERT INTO `cta_cte_cliente_pivot_receipt` VALUES (23214,8328,23214,22876,NULL,0,NULL,'2025-08-26 12:26:45','2025-08-26 12:26:45',NULL),(23215,8328,23215,22877,NULL,0,NULL,'2025-08-26 12:26:45','2025-08-26 12:26:45',NULL),(23216,8328,23216,22878,NULL,0,NULL,'2025-08-26 12:26:45','2025-08-26 12:26:45',NULL),(23217,8328,23217,22879,NULL,0,NULL,'2025-08-26 12:26:45','2025-08-26 12:26:45',NULL),(23218,8328,23218,22880,NULL,0,NULL,'2025-08-26 12:26:45','2025-08-26 12:26:45',NULL),(23219,8328,23219,22881,NULL,0,NULL,'2025-08-26 12:26:45','2025-08-26 12:26:45',NULL),(23220,8328,23220,22882,NULL,0,NULL,'2025-08-26 12:26:45','2025-08-26 12:26:45',NULL),(23221,8328,23221,22883,NULL,0,NULL,'2025-08-26 12:26:45','2025-08-26 12:26:45',NULL),(23222,8328,23222,22884,NULL,0,NULL,'2025-08-26 12:26:45','2025-08-26 12:26:45',NULL),(23223,8328,23223,22885,NULL,0,NULL,'2025-08-26 12:26:45','2025-08-26 12:26:45',NULL),(23224,8328,23224,22886,NULL,0,NULL,'2025-08-26 12:26:46','2025-08-26 12:26:46',NULL),(23225,8328,23225,22887,NULL,0,NULL,'2025-08-26 12:26:46','2025-08-26 12:26:46',NULL),(23226,8328,23226,22888,NULL,0,NULL,'2025-08-26 12:26:46','2025-08-26 12:26:46',NULL),(23227,8328,23227,22889,NULL,0,NULL,'2025-09-01 18:21:40','2025-09-01 18:21:40',NULL),(23228,8328,23228,22890,NULL,0,NULL,'2025-09-05 16:44:15','2025-09-05 16:44:15',NULL),(23229,8328,23229,22891,NULL,0,NULL,'2025-09-05 16:44:15','2025-09-05 16:44:15',NULL),(23230,8328,23230,22892,NULL,0,NULL,'2025-09-05 16:44:15','2025-09-05 16:44:15',NULL),(23231,8328,23231,22893,NULL,0,NULL,'2025-09-05 16:44:15','2025-09-05 16:44:15',NULL),(23232,8328,23232,22894,NULL,0,NULL,'2025-09-05 16:44:15','2025-09-05 16:44:15',NULL),(23233,8328,23233,22895,NULL,0,NULL,'2025-09-05 16:44:15','2025-09-05 16:44:15',NULL),(23234,8328,23234,22896,NULL,0,NULL,'2025-09-05 16:44:15','2025-09-05 16:44:15',NULL),(23235,8328,23235,22897,NULL,0,NULL,'2025-09-05 16:44:15','2025-09-05 16:44:15',NULL),(23236,8328,23236,22898,NULL,0,NULL,'2025-09-05 16:44:15','2025-09-05 16:44:15',NULL),(23237,8328,23237,22899,NULL,0,NULL,'2025-09-05 16:44:15','2025-09-05 16:44:15',NULL),(23238,8328,23238,22900,NULL,0,NULL,'2025-09-05 16:44:15','2025-09-05 16:44:15',NULL),(23239,8328,23239,22901,NULL,0,NULL,'2025-09-05 16:44:15','2025-09-05 16:44:15',NULL),(23240,8328,23240,22902,NULL,0,NULL,'2025-09-05 16:44:15','2025-09-05 16:44:15',NULL),(23241,8328,23241,22903,NULL,0,NULL,'2025-09-05 16:44:15','2025-09-05 16:44:15',NULL),(23242,8328,23242,22904,NULL,0,NULL,'2025-09-05 16:44:15','2025-09-05 16:44:15',NULL),(23243,8328,23243,22905,NULL,0,NULL,'2025-09-05 16:44:16','2025-09-05 16:44:16',NULL),(23244,8328,23244,22906,NULL,0,NULL,'2025-09-05 16:44:16','2025-09-05 16:44:16',NULL),(23245,8328,23245,22907,NULL,0,NULL,'2025-09-05 16:44:16','2025-09-05 16:44:16',NULL),(23246,8328,23246,22908,NULL,0,NULL,'2025-09-05 16:44:16','2025-09-05 16:44:16',NULL),(23247,8328,23247,22909,NULL,0,NULL,'2025-09-05 16:44:16','2025-09-05 16:44:16',NULL),(23248,8328,23248,22910,NULL,0,NULL,'2025-09-05 16:44:16','2025-09-05 16:44:16',NULL),(23249,8328,23249,22911,NULL,0,NULL,'2025-09-05 16:44:16','2025-09-05 16:44:16',NULL),(23250,8328,23250,22912,NULL,0,NULL,'2025-09-05 16:44:16','2025-09-05 16:44:16',NULL),(23251,8328,23251,22913,NULL,0,NULL,'2025-09-05 16:44:16','2025-09-05 16:44:16',NULL),(23252,8328,23252,22914,NULL,0,NULL,'2025-09-05 16:44:16','2025-09-05 16:44:16',NULL),(23253,8328,23253,22915,NULL,0,NULL,'2025-09-05 16:44:16','2025-09-05 16:44:16',NULL),(23254,8328,23254,22916,NULL,0,NULL,'2025-09-05 16:44:16','2025-09-05 16:44:16',NULL),(23255,8328,23255,22917,NULL,0,NULL,'2025-09-05 16:44:16','2025-09-05 16:44:16',NULL),(23256,8328,23256,22918,NULL,0,NULL,'2025-09-05 16:44:16','2025-09-05 16:44:16',NULL),(23257,8328,23257,22919,NULL,0,NULL,'2025-09-05 16:44:16','2025-09-05 16:44:16',NULL),(23258,8328,23258,22920,NULL,0,NULL,'2025-09-05 16:44:17','2025-09-05 16:44:17',NULL),(23259,8328,23259,22921,NULL,0,NULL,'2025-09-05 16:44:17','2025-09-05 16:44:17',NULL);
INSERT INTO `cta_cte_cliente_pivot_receipt` VALUES (23260,8328,23260,22922,NULL,0,NULL,'2025-09-05 16:44:17','2025-09-05 16:44:17',NULL),(23261,8328,23261,22923,NULL,0,NULL,'2025-09-05 16:44:17','2025-09-05 16:44:17',NULL),(23262,8328,23262,22924,NULL,0,NULL,'2025-09-05 16:44:17','2025-09-05 16:44:17',NULL),(23263,8328,23263,22925,NULL,0,NULL,'2025-09-05 16:44:17','2025-09-05 16:44:17',NULL),(23264,8328,23264,22926,NULL,0,NULL,'2025-09-05 16:44:17','2025-09-05 16:44:17',NULL),(23265,8328,23265,22927,NULL,0,NULL,'2025-09-05 16:44:17','2025-09-05 16:44:17',NULL),(23266,8328,23266,22928,NULL,0,NULL,'2025-09-05 16:44:17','2025-09-05 16:44:17',NULL),(23267,8328,23267,22929,NULL,0,NULL,'2025-09-05 16:44:17','2025-09-05 16:44:17',NULL),(23268,8328,23268,22930,NULL,0,NULL,'2025-09-05 16:44:17','2025-09-05 16:44:17',NULL),(23269,8328,23269,22931,NULL,0,NULL,'2025-09-05 16:44:17','2025-09-05 16:44:17',NULL),(23270,8328,23270,22932,NULL,0,NULL,'2025-09-05 16:44:17','2025-09-05 16:44:17',NULL),(23271,8328,23271,22933,NULL,0,NULL,'2025-09-05 16:44:17','2025-09-05 16:44:17',NULL),(23272,8328,23272,22934,NULL,0,NULL,'2025-09-05 16:44:17','2025-09-05 16:44:17',NULL),(23273,8328,23273,22935,NULL,0,NULL,'2025-09-05 16:44:17','2025-09-05 16:44:17',NULL),(23274,8328,23274,22936,NULL,0,NULL,'2025-09-05 16:44:17','2025-09-05 16:44:17',NULL),(23275,8328,23275,22937,NULL,0,NULL,'2025-09-05 16:44:18','2025-09-05 16:44:18',NULL),(23276,8328,23276,22938,NULL,0,NULL,'2025-09-05 16:44:18','2025-09-05 16:44:18',NULL),(23277,8328,23277,22939,NULL,0,NULL,'2025-09-05 16:44:18','2025-09-05 16:44:18',NULL),(23278,8328,23278,22940,NULL,0,NULL,'2025-09-05 16:44:18','2025-09-05 16:44:18',NULL),(23279,8328,23279,22941,NULL,0,NULL,'2025-09-05 16:44:18','2025-09-05 16:44:18',NULL),(23280,8328,23280,22942,NULL,0,NULL,'2025-09-05 16:44:18','2025-09-05 16:44:18',NULL),(23281,8328,23281,22943,NULL,0,NULL,'2025-09-05 16:44:18','2025-09-05 16:44:18',NULL),(23282,8328,23282,22944,NULL,0,NULL,'2025-09-05 16:44:18','2025-09-05 16:44:18',NULL),(23283,8328,23283,22945,NULL,0,NULL,'2025-09-05 16:44:18','2025-09-05 16:44:18',NULL),(23284,8328,23284,22946,NULL,0,NULL,'2025-09-05 16:44:18','2025-09-05 16:44:18',NULL),(23285,8328,23285,22947,NULL,0,NULL,'2025-09-05 16:44:18','2025-09-05 16:44:18',NULL),(23286,8328,23286,22948,NULL,0,NULL,'2025-09-05 16:44:18','2025-09-05 16:44:18',NULL),(23287,8328,23287,22949,NULL,0,NULL,'2025-09-05 16:44:18','2025-09-05 16:44:18',NULL),(23288,8328,23288,22950,NULL,0,NULL,'2025-09-05 16:44:18','2025-09-05 16:44:18',NULL),(23289,8328,23289,22951,NULL,0,NULL,'2025-09-05 16:44:18','2025-09-05 16:44:18',NULL),(23290,8328,23290,22952,NULL,0,NULL,'2025-09-05 16:44:18','2025-09-05 16:44:18',NULL),(23291,8328,23291,22953,NULL,0,NULL,'2025-09-05 16:44:19','2025-09-05 16:44:19',NULL),(23292,8328,23292,22954,NULL,0,NULL,'2025-09-05 16:44:19','2025-09-05 16:44:19',NULL),(23293,8328,23293,22955,NULL,0,NULL,'2025-09-05 16:44:19','2025-09-05 16:44:19',NULL),(23294,8328,23294,22956,NULL,0,NULL,'2025-09-05 16:44:19','2025-09-05 16:44:19',NULL),(23295,8328,23295,22957,NULL,0,NULL,'2025-09-05 16:44:19','2025-09-05 16:44:19',NULL),(23296,8328,23296,22958,NULL,0,NULL,'2025-09-05 16:44:19','2025-09-05 16:44:19',NULL),(23297,8328,23297,22959,NULL,0,NULL,'2025-09-05 16:44:19','2025-09-05 16:44:19',NULL),(23298,8328,23298,22960,NULL,0,NULL,'2025-09-05 16:44:19','2025-09-05 16:44:19',NULL),(23299,8328,23299,22961,NULL,0,NULL,'2025-09-05 16:44:19','2025-09-05 16:44:19',NULL),(23300,8328,23300,22962,NULL,0,NULL,'2025-09-05 16:44:19','2025-09-05 16:44:19',NULL),(23301,8328,23301,22963,NULL,0,NULL,'2025-09-05 16:44:19','2025-09-05 16:44:19',NULL),(23302,8328,23302,22964,NULL,0,NULL,'2025-09-05 16:44:19','2025-09-05 16:44:19',NULL),(23303,8328,23303,22965,NULL,0,NULL,'2025-09-05 16:44:19','2025-09-05 16:44:19',NULL),(23304,8328,23304,22966,NULL,0,NULL,'2025-09-05 16:44:19','2025-09-05 16:44:19',NULL),(23305,8328,23305,22967,NULL,0,NULL,'2025-09-05 16:44:19','2025-09-05 16:44:19',NULL);
INSERT INTO `cta_cte_cliente_pivot_receipt` VALUES (23306,8328,23306,22968,NULL,0,NULL,'2025-09-05 16:44:19','2025-09-05 16:44:19',NULL),(23307,8328,23307,22969,NULL,0,NULL,'2025-09-05 16:44:20','2025-09-05 16:44:20',NULL),(23308,8328,23308,22970,NULL,0,NULL,'2025-09-05 16:44:20','2025-09-05 16:44:20',NULL),(23309,8328,23309,22971,NULL,0,NULL,'2025-09-05 16:44:20','2025-09-05 16:44:20',NULL),(23310,8328,23310,22972,NULL,0,NULL,'2025-09-05 16:44:20','2025-09-05 16:44:20',NULL),(23311,8328,23311,22973,NULL,0,NULL,'2025-09-05 16:44:20','2025-09-05 16:44:20',NULL),(23312,8328,23312,22974,NULL,0,NULL,'2025-09-05 16:44:20','2025-09-05 16:44:20',NULL),(23313,8328,23313,22975,NULL,0,NULL,'2025-09-05 16:44:20','2025-09-05 16:44:20',NULL),(23314,8328,23314,22976,NULL,0,NULL,'2025-09-05 16:44:20','2025-09-05 16:44:20',NULL),(23315,8328,23315,22977,NULL,0,NULL,'2025-09-05 16:44:20','2025-09-05 16:44:20',NULL),(23316,8328,23316,22978,NULL,0,NULL,'2025-09-05 16:44:20','2025-09-05 16:44:20',NULL),(23317,8328,23317,22979,NULL,0,NULL,'2025-09-05 16:44:20','2025-09-05 16:44:20',NULL),(23318,8328,23318,22980,NULL,0,NULL,'2025-09-05 16:44:20','2025-09-05 16:44:20',NULL),(23319,8328,23319,22981,NULL,0,NULL,'2025-09-05 16:44:20','2025-09-05 16:44:20',NULL),(23320,8328,23320,22982,NULL,0,NULL,'2025-09-05 16:44:20','2025-09-05 16:44:20',NULL),(23321,8328,23321,22983,NULL,0,NULL,'2025-09-05 16:48:07','2025-09-05 16:48:07',NULL),(23322,8328,23322,22984,NULL,0,NULL,'2025-09-05 16:48:07','2025-09-05 16:48:07',NULL),(23323,8328,23323,22985,NULL,0,NULL,'2025-09-05 16:48:07','2025-09-05 16:48:07',NULL),(23324,8328,23324,22986,NULL,0,NULL,'2025-09-05 16:48:07','2025-09-05 16:48:07',NULL),(23325,8328,23325,22987,NULL,0,NULL,'2025-09-05 16:48:07','2025-09-05 16:48:07',NULL),(23326,8328,23326,22988,NULL,0,NULL,'2025-09-05 16:48:07','2025-09-05 16:48:07',NULL),(23327,NULL,23327,22989,NULL,0,NULL,'2025-09-05 16:50:28','2025-09-05 16:50:28',NULL),(23328,NULL,23328,22990,NULL,0,NULL,'2025-09-05 16:50:28','2025-09-05 16:50:28',NULL),(23329,NULL,23329,22991,NULL,0,NULL,'2025-09-05 16:50:28','2025-09-05 16:50:28',NULL),(23330,NULL,23330,22992,NULL,0,NULL,'2025-09-05 16:50:28','2025-09-05 16:50:28',NULL),(23331,NULL,23331,22993,NULL,0,NULL,'2025-09-05 16:50:28','2025-09-05 16:50:28',NULL),(23332,NULL,23332,22994,NULL,0,NULL,'2025-09-05 16:50:28','2025-09-05 16:50:28',NULL),(23333,NULL,23333,22995,NULL,0,NULL,'2025-09-05 16:50:28','2025-09-05 16:50:28',NULL),(23334,NULL,23334,22996,NULL,0,NULL,'2025-09-05 16:50:28','2025-09-05 16:50:28',NULL),(23335,NULL,23335,22997,NULL,0,NULL,'2025-09-05 16:50:28','2025-09-05 16:50:28',NULL),(23336,NULL,23336,22998,NULL,0,NULL,'2025-09-05 16:50:28','2025-09-05 16:50:28',NULL),(23337,NULL,23337,22999,NULL,0,NULL,'2025-09-05 16:50:28','2025-09-05 16:50:28',NULL),(23338,NULL,23338,23000,NULL,0,NULL,'2025-09-05 16:50:29','2025-09-05 16:50:29',NULL),(23339,NULL,23339,23001,NULL,0,NULL,'2025-09-05 16:50:29','2025-09-05 16:50:29',NULL),(23340,NULL,23340,23002,NULL,0,NULL,'2025-09-05 16:50:29','2025-09-05 16:50:29',NULL),(23341,NULL,23341,23003,NULL,0,NULL,'2025-09-05 16:50:29','2025-09-05 16:50:29',NULL),(23342,NULL,23342,23004,NULL,0,NULL,'2025-09-05 16:50:29','2025-09-05 16:50:29',NULL),(23343,NULL,23343,23005,NULL,0,NULL,'2025-09-05 16:50:29','2025-09-05 16:50:29',NULL),(23344,NULL,23344,23006,NULL,0,NULL,'2025-09-05 16:50:29','2025-09-05 16:50:29',NULL),(23345,NULL,23345,23007,NULL,0,NULL,'2025-09-05 16:50:29','2025-09-05 16:50:29',NULL),(23346,NULL,23346,23008,NULL,0,NULL,'2025-09-05 16:50:29','2025-09-05 16:50:29',NULL),(23347,NULL,23347,23009,NULL,0,NULL,'2025-09-05 16:50:29','2025-09-05 16:50:29',NULL),(23348,NULL,23348,23010,NULL,0,NULL,'2025-09-05 16:50:29','2025-09-05 16:50:29',NULL),(23349,NULL,23349,23011,NULL,0,NULL,'2025-09-05 16:50:29','2025-09-05 16:50:29',NULL),(23350,NULL,23350,23012,NULL,0,NULL,'2025-09-05 16:50:29','2025-09-05 16:50:29',NULL),(23351,NULL,23351,23013,NULL,0,NULL,'2025-09-05 16:50:30','2025-09-05 16:50:30',NULL);
INSERT INTO `cta_cte_cliente_pivot_receipt` VALUES (23352,NULL,23352,23014,NULL,0,NULL,'2025-09-05 16:50:30','2025-09-05 16:50:30',NULL),(23353,NULL,23353,23015,NULL,0,NULL,'2025-09-05 16:50:30','2025-09-05 16:50:30',NULL),(23354,NULL,23354,23016,NULL,0,NULL,'2025-09-05 16:50:30','2025-09-05 16:50:30',NULL),(23355,NULL,23355,23017,NULL,0,NULL,'2025-09-05 16:50:30','2025-09-05 16:50:30',NULL),(23356,NULL,23356,23018,NULL,0,NULL,'2025-09-05 16:50:30','2025-09-05 16:50:30',NULL),(23357,NULL,23357,23019,NULL,0,NULL,'2025-09-05 16:50:30','2025-09-05 16:50:30',NULL),(23358,NULL,23358,23020,NULL,0,NULL,'2025-09-05 16:50:30','2025-09-05 16:50:30',NULL),(23359,NULL,23359,23021,NULL,0,NULL,'2025-09-05 16:50:30','2025-09-05 16:50:30',NULL),(23360,NULL,23360,23022,NULL,0,NULL,'2025-09-05 16:50:30','2025-09-05 16:50:30',NULL),(23361,NULL,23361,23023,NULL,0,NULL,'2025-09-05 16:50:30','2025-09-05 16:50:30',NULL),(23362,NULL,23362,23024,NULL,0,NULL,'2025-09-05 16:50:30','2025-09-05 16:50:30',NULL),(23363,NULL,23363,23025,NULL,0,NULL,'2025-09-05 16:50:30','2025-09-05 16:50:30',NULL),(23364,NULL,23364,23026,NULL,0,NULL,'2025-09-05 16:50:31','2025-09-05 16:50:31',NULL),(23365,NULL,23365,23027,NULL,0,NULL,'2025-09-05 16:50:31','2025-09-05 16:50:31',NULL),(23366,NULL,23366,23028,NULL,0,NULL,'2025-09-05 16:50:31','2025-09-05 16:50:31',NULL),(23367,NULL,23367,23029,NULL,0,NULL,'2025-09-05 16:50:31','2025-09-05 16:50:31',NULL),(23368,NULL,23368,23030,NULL,0,NULL,'2025-09-05 16:50:31','2025-09-05 16:50:31',NULL),(23369,NULL,23369,23031,NULL,0,NULL,'2025-09-05 16:50:31','2025-09-05 16:50:31',NULL),(23370,NULL,23370,23032,NULL,0,NULL,'2025-09-05 16:50:31','2025-09-05 16:50:31',NULL),(23371,NULL,23371,23033,NULL,0,NULL,'2025-09-05 16:50:31','2025-09-05 16:50:31',NULL),(23372,NULL,23372,23034,NULL,0,NULL,'2025-09-05 16:50:31','2025-09-05 16:50:31',NULL),(23373,NULL,23373,23035,NULL,0,NULL,'2025-09-05 16:50:31','2025-09-05 16:50:31',NULL),(23374,NULL,23374,23036,NULL,0,NULL,'2025-09-05 16:50:32','2025-09-05 16:50:32',NULL),(23375,NULL,23375,23037,NULL,0,NULL,'2025-09-05 16:50:32','2025-09-05 16:50:32',NULL),(23376,NULL,23376,23038,NULL,0,NULL,'2025-09-05 16:50:32','2025-09-05 16:50:32',NULL),(23377,NULL,23377,23039,NULL,0,NULL,'2025-09-05 16:50:32','2025-09-05 16:50:32',NULL),(23378,NULL,23378,23040,NULL,0,NULL,'2025-09-05 16:50:32','2025-09-05 16:50:32',NULL),(23379,NULL,23379,23041,NULL,0,NULL,'2025-09-05 16:50:32','2025-09-05 16:50:32',NULL),(23380,NULL,23380,23042,NULL,0,NULL,'2025-09-05 16:50:32','2025-09-05 16:50:32',NULL),(23381,NULL,23381,23043,NULL,0,NULL,'2025-09-05 16:50:32','2025-09-05 16:50:32',NULL),(23382,NULL,23382,23044,NULL,0,NULL,'2025-09-05 16:50:32','2025-09-05 16:50:32',NULL),(23383,NULL,23383,23045,NULL,0,NULL,'2025-09-05 16:50:32','2025-09-05 16:50:32',NULL),(23384,NULL,23384,23046,NULL,0,NULL,'2025-09-05 16:50:32','2025-09-05 16:50:32',NULL),(23385,NULL,23385,23047,NULL,0,NULL,'2025-09-05 16:50:32','2025-09-05 16:50:32',NULL),(23386,NULL,23386,23048,NULL,0,NULL,'2025-09-05 16:50:32','2025-09-05 16:50:32',NULL),(23387,NULL,23387,23049,NULL,0,NULL,'2025-09-05 16:50:33','2025-09-05 16:50:33',NULL),(23388,NULL,23388,23050,NULL,0,NULL,'2025-09-05 16:50:33','2025-09-05 16:50:33',NULL),(23389,NULL,23389,23051,NULL,0,NULL,'2025-09-05 16:50:33','2025-09-05 16:50:33',NULL),(23390,8328,23390,23052,NULL,0,NULL,'2025-09-08 03:00:16','2025-09-08 03:00:16',NULL),(23391,8328,23391,23053,NULL,0,NULL,'2025-09-08 03:27:36','2025-09-08 03:27:36',NULL),(23392,8328,23392,23054,NULL,0,NULL,'2025-09-08 03:31:47','2025-09-08 03:31:47',NULL),(23393,8328,23393,23055,NULL,0,NULL,'2025-09-08 03:31:48','2025-09-08 03:31:48',NULL),(23394,8328,23394,23056,NULL,0,NULL,'2025-09-08 03:31:50','2025-09-08 03:31:50',NULL),(23395,8328,23395,23057,NULL,0,NULL,'2025-09-08 03:31:51','2025-09-08 03:31:51',NULL),(23396,8328,23396,23058,NULL,0,NULL,'2025-09-08 03:31:53','2025-09-08 03:31:53',NULL),(23397,8328,23397,23059,NULL,0,NULL,'2025-09-08 03:31:54','2025-09-08 03:31:54',NULL);
INSERT INTO `cta_cte_cliente_pivot_receipt` VALUES (23398,8328,23398,23060,NULL,0,NULL,'2025-09-08 14:20:22','2025-09-08 14:20:22',NULL),(23399,8328,23399,23061,NULL,0,NULL,'2025-09-11 14:11:32','2025-09-11 14:11:32',NULL),(23400,8328,23400,23062,NULL,0,NULL,'2025-09-12 16:02:04','2025-09-12 16:02:04',NULL),(23401,8328,23401,23063,NULL,0,NULL,'2025-09-12 16:02:05','2025-09-12 16:02:05',NULL),(23402,8328,23402,23064,NULL,0,NULL,'2025-09-12 16:02:05','2025-09-12 16:02:05',NULL),(23403,8328,23403,23065,NULL,0,NULL,'2025-09-12 16:02:05','2025-09-12 16:02:05',NULL),(23404,8328,23404,23066,NULL,0,NULL,'2025-09-12 16:02:05','2025-09-12 16:02:05',NULL),(23405,8328,23405,23067,NULL,0,NULL,'2025-09-12 16:02:05','2025-09-12 16:02:05',NULL),(23406,8328,23406,23068,NULL,0,NULL,'2025-09-12 16:02:05','2025-09-12 16:02:05',NULL),(23407,8328,23407,23069,NULL,0,NULL,'2025-09-12 16:02:05','2025-09-12 16:02:05',NULL),(23408,8328,23408,23070,NULL,0,NULL,'2025-09-12 16:02:05','2025-09-12 16:02:05',NULL),(23409,8328,23409,23071,NULL,0,NULL,'2025-09-12 16:02:05','2025-09-12 16:02:05',NULL),(23410,8328,23410,23072,NULL,0,NULL,'2025-09-12 16:02:05','2025-09-12 16:02:05',NULL),(23411,8328,23411,23073,NULL,0,NULL,'2025-09-12 16:02:05','2025-09-12 16:02:05',NULL),(23412,8328,23412,23074,NULL,0,NULL,'2025-09-12 16:02:05','2025-09-12 16:02:05',NULL),(23413,8328,23413,23075,NULL,0,NULL,'2025-09-12 16:02:06','2025-09-12 16:02:06',NULL),(23414,8328,23414,23076,NULL,0,NULL,'2025-09-12 16:02:06','2025-09-12 16:02:06',NULL),(23415,8328,23415,23077,NULL,0,NULL,'2025-09-12 16:10:57','2025-09-12 16:10:57',NULL),(23416,8328,23416,23078,NULL,0,NULL,'2025-09-12 16:10:57','2025-09-12 16:10:57',NULL),(23417,8328,23417,23079,NULL,0,NULL,'2025-09-12 16:10:57','2025-09-12 16:10:57',NULL),(23418,8328,23418,23080,NULL,0,NULL,'2025-09-12 16:10:57','2025-09-12 16:10:57',NULL),(23419,8328,23419,23081,NULL,0,NULL,'2025-09-12 16:10:57','2025-09-12 16:10:57',NULL),(23420,8328,23420,23082,NULL,0,NULL,'2025-09-12 16:10:57','2025-09-12 16:10:57',NULL),(23421,8328,23421,23083,NULL,0,NULL,'2025-09-12 16:10:57','2025-09-12 16:10:57',NULL),(23422,8328,23422,23084,NULL,0,NULL,'2025-09-12 16:10:57','2025-09-12 16:10:57',NULL),(23423,8328,23423,23085,NULL,0,NULL,'2025-09-12 16:10:57','2025-09-12 16:10:57',NULL),(23424,8328,23424,23086,NULL,0,NULL,'2025-09-12 16:10:58','2025-09-12 16:10:58',NULL),(23425,8328,23425,23087,NULL,0,NULL,'2025-09-12 16:10:58','2025-09-12 16:10:58',NULL),(23426,8328,23426,23088,NULL,0,NULL,'2025-09-12 16:10:58','2025-09-12 16:10:58',NULL),(23427,8328,23427,23089,NULL,0,NULL,'2025-09-12 16:10:58','2025-09-12 16:10:58',NULL),(23428,8328,23428,23090,NULL,0,NULL,'2025-09-12 16:10:58','2025-09-12 16:10:58',NULL),(23429,8328,23429,23091,NULL,0,NULL,'2025-09-12 16:10:58','2025-09-12 16:10:58',NULL),(23430,8328,23430,23092,NULL,0,NULL,'2025-09-18 17:03:12','2025-09-18 17:03:12',NULL),(23431,8328,23431,23093,NULL,0,NULL,'2025-09-18 17:03:12','2025-09-18 17:03:12',NULL),(23432,8328,23432,23094,NULL,0,NULL,'2025-09-18 17:03:12','2025-09-18 17:03:12',NULL),(23433,8328,23433,23095,NULL,0,NULL,'2025-09-18 17:03:12','2025-09-18 17:03:12',NULL),(23434,8328,23434,23096,NULL,0,NULL,'2025-09-18 17:03:12','2025-09-18 17:03:12',NULL),(23435,8328,23435,23097,NULL,0,NULL,'2025-09-18 17:03:12','2025-09-18 17:03:12',NULL),(23436,8328,23436,23098,NULL,0,NULL,'2025-09-18 17:03:12','2025-09-18 17:03:12',NULL),(23437,8328,23437,23099,NULL,0,NULL,'2025-09-18 17:03:13','2025-09-18 17:03:13',NULL),(23438,8328,23438,23100,NULL,0,NULL,'2025-09-18 17:03:13','2025-09-18 17:03:13',NULL),(23439,8328,23439,23101,NULL,0,NULL,'2025-09-18 17:03:13','2025-09-18 17:03:13',NULL),(23440,8328,23440,23102,NULL,0,NULL,'2025-09-18 17:03:13','2025-09-18 17:03:13',NULL),(23441,8328,23441,23103,NULL,0,NULL,'2025-09-18 17:03:13','2025-09-18 17:03:13',NULL),(23442,8328,23442,23104,NULL,0,NULL,'2025-09-18 17:03:13','2025-09-18 17:03:13',NULL),(23443,8328,23443,23105,NULL,0,NULL,'2025-09-18 17:03:13','2025-09-18 17:03:13',NULL);
INSERT INTO `cta_cte_cliente_pivot_receipt` VALUES (23444,8328,23444,23106,NULL,0,NULL,'2025-09-18 17:04:20','2025-09-18 17:04:20',NULL),(23445,8328,23445,23107,NULL,0,NULL,'2025-09-18 17:04:20','2025-09-18 17:04:20',NULL),(23446,8328,23446,23108,NULL,0,NULL,'2025-09-18 17:04:20','2025-09-18 17:04:20',NULL),(23447,8328,23447,23109,NULL,0,NULL,'2025-09-18 17:04:20','2025-09-18 17:04:20',NULL),(23448,8328,23448,23110,NULL,0,NULL,'2025-09-18 17:04:20','2025-09-18 17:04:20',NULL),(23449,8328,23449,23111,NULL,0,NULL,'2025-09-18 17:04:20','2025-09-18 17:04:20',NULL),(23450,8328,23450,23112,NULL,0,NULL,'2025-09-18 17:04:20','2025-09-18 17:04:20',NULL),(23451,8328,23451,23113,NULL,0,NULL,'2025-09-18 17:04:54','2025-09-18 17:04:54',NULL),(23452,8328,23452,23114,NULL,0,NULL,'2025-09-18 17:04:54','2025-09-18 17:04:54',NULL),(23453,8328,23453,23115,NULL,0,NULL,'2025-09-18 17:04:54','2025-09-18 17:04:54',NULL),(23454,8328,23454,23116,NULL,0,NULL,'2025-09-18 17:04:54','2025-09-18 17:04:54',NULL),(23455,8328,23455,23117,NULL,0,NULL,'2025-09-18 17:04:54','2025-09-18 17:04:54',NULL),(23456,8328,23456,23118,NULL,0,NULL,'2025-09-18 17:04:55','2025-09-18 17:04:55',NULL),(23457,8328,23457,23119,NULL,0,NULL,'2025-09-18 17:04:55','2025-09-18 17:04:55',NULL),(23458,8328,23458,23120,NULL,0,NULL,'2025-09-18 17:04:55','2025-09-18 17:04:55',NULL),(23459,8328,23459,23121,NULL,0,NULL,'2025-09-18 17:04:55','2025-09-18 17:04:55',NULL),(23460,8328,23460,23122,NULL,0,NULL,'2025-09-18 17:04:55','2025-09-18 17:04:55',NULL),(23461,8328,23461,23123,NULL,0,NULL,'2025-09-18 17:04:55','2025-09-18 17:04:55',NULL),(23462,8328,23462,23124,NULL,0,NULL,'2025-09-18 17:04:55','2025-09-18 17:04:55',NULL),(23463,8328,23463,23125,NULL,0,NULL,'2025-09-18 17:04:55','2025-09-18 17:04:55',NULL),(23464,8328,23464,23126,NULL,0,NULL,'2025-09-18 17:17:37','2025-09-18 17:17:37',NULL),(23465,8328,23465,23127,NULL,0,NULL,'2025-09-18 17:17:37','2025-09-18 17:17:37',NULL),(23466,8328,23466,23128,NULL,0,NULL,'2025-09-18 17:17:37','2025-09-18 17:17:37',NULL),(23467,8328,23467,23129,NULL,0,NULL,'2025-09-18 17:17:38','2025-09-18 17:17:38',NULL),(23468,8328,23468,23130,NULL,0,NULL,'2025-09-18 17:17:38','2025-09-18 17:17:38',NULL),(23469,8328,23469,23131,NULL,0,NULL,'2025-09-18 17:17:38','2025-09-18 17:17:38',NULL),(23470,8328,23470,23132,NULL,0,NULL,'2025-09-18 17:17:38','2025-09-18 17:17:38',NULL),(23486,8328,23486,23148,NULL,0,NULL,'2025-09-19 17:22:11','2025-09-19 17:22:11',NULL),(23487,8328,23487,23149,NULL,0,NULL,'2025-09-19 17:22:11','2025-09-19 17:22:11',NULL),(23488,8328,23488,23150,NULL,0,NULL,'2025-09-19 17:22:11','2025-09-19 17:22:11',NULL),(23489,8328,23489,23151,NULL,0,NULL,'2025-09-19 17:22:11','2025-09-19 17:22:11',NULL),(23490,8328,23490,23152,NULL,0,NULL,'2025-09-19 17:22:11','2025-09-19 17:22:11',NULL),(23491,8328,23491,23153,NULL,0,NULL,'2025-09-19 17:22:11','2025-09-19 17:22:11',NULL),(23492,8328,23492,23154,NULL,0,NULL,'2025-09-19 17:22:11','2025-09-19 17:22:11',NULL),(23493,8328,23493,23155,NULL,0,NULL,'2025-09-19 17:22:11','2025-09-19 17:22:11',NULL),(23494,8328,23494,23156,NULL,0,NULL,'2025-09-19 17:22:11','2025-09-19 17:22:11',NULL),(23495,8328,23495,23157,NULL,0,NULL,'2025-09-19 17:22:11','2025-09-19 17:22:11',NULL),(23496,8328,23496,23158,NULL,0,NULL,'2025-09-19 17:22:12','2025-09-19 17:22:12',NULL),(23497,8328,23497,23159,NULL,0,NULL,'2025-09-19 17:23:35','2025-09-19 17:23:35',NULL),(23498,8328,23498,23160,NULL,0,NULL,'2025-09-19 17:23:35','2025-09-19 17:23:35',NULL),(23499,8328,23499,23161,NULL,0,NULL,'2025-09-19 17:23:35','2025-09-19 17:23:35',NULL),(23500,8328,23500,23162,NULL,0,NULL,'2025-09-19 17:23:35','2025-09-19 17:23:35',NULL),(23501,8328,23501,23163,NULL,0,NULL,'2025-09-19 17:23:35','2025-09-19 17:23:35',NULL),(23502,8328,23502,23164,NULL,0,NULL,'2025-09-19 17:23:35','2025-09-19 17:23:35',NULL),(23503,8328,23503,23165,NULL,0,NULL,'2025-09-19 17:23:35','2025-09-19 17:23:35',NULL),(23504,8328,23504,23166,NULL,0,NULL,'2025-09-19 17:23:35','2025-09-19 17:23:35',NULL);
INSERT INTO `cta_cte_cliente_pivot_receipt` VALUES (23505,8328,23505,23167,NULL,0,NULL,'2025-09-19 17:23:35','2025-09-19 17:23:35',NULL),(23506,8328,23506,23168,NULL,0,NULL,'2025-09-19 17:23:35','2025-09-19 17:23:35',NULL),(23507,8328,23507,23169,NULL,0,NULL,'2025-09-19 17:23:35','2025-09-19 17:23:35',NULL),(23508,8328,23508,23170,NULL,0,NULL,'2025-09-19 17:23:36','2025-09-19 17:23:36',NULL),(23509,8328,23509,23171,NULL,0,NULL,'2025-09-19 17:23:36','2025-09-19 17:23:36',NULL),(23510,8328,23510,23172,NULL,0,NULL,'2025-09-19 17:23:36','2025-09-19 17:23:36',NULL),(23511,8328,23511,23173,NULL,0,NULL,'2025-09-19 17:23:36','2025-09-19 17:23:36',NULL),(23512,8328,23512,23174,NULL,0,NULL,'2025-09-19 17:23:36','2025-09-19 17:23:36',NULL),(23513,8328,23513,23175,NULL,0,NULL,'2025-09-19 17:23:36','2025-09-19 17:23:36',NULL),(23514,8328,23514,23176,NULL,0,NULL,'2025-09-19 17:23:47','2025-09-19 17:23:47',NULL),(23515,8328,23515,23177,NULL,0,NULL,'2025-09-19 17:23:47','2025-09-19 17:23:47',NULL),(23516,8328,23516,23178,NULL,0,NULL,'2025-09-19 17:23:47','2025-09-19 17:23:47',NULL),(23517,8328,23517,23179,NULL,0,NULL,'2025-09-19 17:23:47','2025-09-19 17:23:47',NULL),(23518,8328,23518,23180,NULL,0,NULL,'2025-09-19 17:23:47','2025-09-19 17:23:47',NULL),(23519,8328,23519,23181,NULL,0,NULL,'2025-09-19 17:23:48','2025-09-19 17:23:48',NULL),(23520,8328,23520,23182,NULL,0,NULL,'2025-09-19 17:23:48','2025-09-19 17:23:48',NULL),(23521,8328,23521,23183,NULL,0,NULL,'2025-09-19 17:23:48','2025-09-19 17:23:48',NULL),(23522,8328,23522,23184,NULL,0,NULL,'2025-09-19 17:23:48','2025-09-19 17:23:48',NULL),(23523,8328,23523,23185,NULL,0,NULL,'2025-09-19 17:23:48','2025-09-19 17:23:48',NULL),(23524,8328,23524,23186,NULL,0,NULL,'2025-09-19 17:23:48','2025-09-19 17:23:48',NULL),(23525,8328,23525,23187,NULL,0,NULL,'2025-09-19 17:23:48','2025-09-19 17:23:48',NULL),(23526,8328,23526,23188,NULL,0,NULL,'2025-09-19 17:23:48','2025-09-19 17:23:48',NULL),(23527,8328,23527,23189,NULL,0,NULL,'2025-09-19 17:23:48','2025-09-19 17:23:48',NULL),(23528,8328,23528,23190,NULL,0,NULL,'2025-09-19 17:23:48','2025-09-19 17:23:48',NULL),(23529,8328,23529,23191,NULL,0,NULL,'2025-09-19 17:23:48','2025-09-19 17:23:48',NULL),(23530,8328,23530,23192,NULL,0,NULL,'2025-09-19 17:23:48','2025-09-19 17:23:48',NULL),(23531,8328,23531,23193,NULL,0,NULL,'2025-09-19 17:23:49','2025-09-19 17:23:49',NULL),(23532,8328,23532,23194,NULL,0,NULL,'2025-09-22 16:47:35','2025-09-22 16:47:35',NULL),(23533,8328,23533,23195,NULL,0,NULL,'2025-09-22 16:47:35','2025-09-22 16:47:35',NULL),(23534,8328,23534,23196,NULL,0,NULL,'2025-09-22 16:47:35','2025-09-22 16:47:35',NULL),(23535,8328,23535,23197,NULL,0,NULL,'2025-09-22 16:47:35','2025-09-22 16:47:35',NULL),(23536,8328,23536,23198,NULL,0,NULL,'2025-09-22 16:47:35','2025-09-22 16:47:35',NULL),(23537,8328,23537,23199,NULL,0,NULL,'2025-09-22 16:47:35','2025-09-22 16:47:35',NULL),(23538,8328,23538,23200,NULL,0,NULL,'2025-09-22 16:47:36','2025-09-22 16:47:36',NULL),(23539,8328,23539,23201,NULL,0,NULL,'2025-09-22 16:47:36','2025-09-22 16:47:36',NULL),(23540,8328,23540,23202,NULL,0,NULL,'2025-09-22 16:47:36','2025-09-22 16:47:36',NULL),(23541,8328,23541,23203,NULL,0,NULL,'2025-09-22 16:48:20','2025-09-22 16:48:20',NULL),(23542,8328,23542,23204,NULL,0,NULL,'2025-09-22 16:48:20','2025-09-22 16:48:20',NULL),(23543,8328,23543,23205,NULL,0,NULL,'2025-09-22 16:48:20','2025-09-22 16:48:20',NULL),(23544,8328,23544,23206,NULL,0,NULL,'2025-09-22 16:48:20','2025-09-22 16:48:20',NULL),(23545,8328,23545,23207,NULL,0,NULL,'2025-09-22 16:48:20','2025-09-22 16:48:20',NULL),(23546,8328,23546,23208,NULL,0,NULL,'2025-09-22 16:48:20','2025-09-22 16:48:20',NULL),(23547,8328,23547,23209,NULL,0,NULL,'2025-09-22 16:48:20','2025-09-22 16:48:20',NULL),(23548,8328,23548,23210,NULL,0,NULL,'2025-09-22 16:48:20','2025-09-22 16:48:20',NULL),(23549,8328,23549,23211,NULL,0,NULL,'2025-09-22 16:48:20','2025-09-22 16:48:20',NULL),(23550,8328,23550,23212,NULL,0,NULL,'2025-09-22 16:48:20','2025-09-22 16:48:20',NULL);
INSERT INTO `cta_cte_cliente_pivot_receipt` VALUES (23551,8328,23551,23213,NULL,0,NULL,'2025-09-22 16:48:20','2025-09-22 16:48:20',NULL),(23552,8328,23552,23214,NULL,0,NULL,'2025-09-22 16:48:21','2025-09-22 16:48:21',NULL),(23554,8328,23554,23216,NULL,0,NULL,'2025-09-22 16:49:07','2025-09-22 16:49:07',NULL),(23555,8328,23555,23217,NULL,0,NULL,'2025-09-22 16:49:07','2025-09-22 16:49:07',NULL),(23556,8328,23556,23218,NULL,0,NULL,'2025-09-22 17:10:41','2025-09-22 17:10:41',NULL),(23557,8328,23557,23219,NULL,0,NULL,'2025-09-22 17:10:41','2025-09-22 17:10:41',NULL),(23558,8328,23558,23220,NULL,0,NULL,'2025-09-22 17:10:42','2025-09-22 17:10:42',NULL),(23559,8328,23559,23221,NULL,0,NULL,'2025-09-22 17:10:42','2025-09-22 17:10:42',NULL),(23560,8328,23560,23222,NULL,0,NULL,'2025-09-22 17:10:42','2025-09-22 17:10:42',NULL),(23561,8328,23561,23223,NULL,0,NULL,'2025-09-22 17:10:42','2025-09-22 17:10:42',NULL),(23562,8328,23562,23224,NULL,0,NULL,'2025-09-22 17:10:42','2025-09-22 17:10:42',NULL),(23563,8328,23563,23225,NULL,0,NULL,'2025-09-22 17:10:42','2025-09-22 17:10:42',NULL),(23564,8328,23564,23226,NULL,0,NULL,'2025-09-22 17:10:42','2025-09-22 17:10:42',NULL),(23565,8328,23565,23227,NULL,0,NULL,'2025-09-22 17:10:42','2025-09-22 17:10:42',NULL),(23566,8328,23566,23228,NULL,0,NULL,'2025-09-22 17:10:50','2025-09-22 17:10:50',NULL),(23567,8328,23567,23229,NULL,0,NULL,'2025-09-22 17:10:50','2025-09-22 17:10:50',NULL),(23568,8328,23568,23230,NULL,0,NULL,'2025-09-22 17:10:50','2025-09-22 17:10:50',NULL),(23569,8328,23569,23231,NULL,0,NULL,'2025-09-22 17:10:50','2025-09-22 17:10:50',NULL),(23570,8328,23570,23232,NULL,0,NULL,'2025-09-22 17:10:50','2025-09-22 17:10:50',NULL),(23571,8328,23571,23233,NULL,0,NULL,'2025-09-22 17:10:50','2025-09-22 17:10:50',NULL),(23572,8328,23572,23234,NULL,0,NULL,'2025-09-23 12:58:17','2025-09-23 12:58:17',NULL),(23573,8328,23573,23235,NULL,0,NULL,'2025-09-23 12:58:17','2025-09-23 12:58:17',NULL),(23574,8328,23574,23236,NULL,0,NULL,'2025-09-23 12:58:17','2025-09-23 12:58:17',NULL),(23575,8328,23575,23237,NULL,0,NULL,'2025-09-23 12:58:17','2025-09-23 12:58:17',NULL),(23576,8328,23576,23238,NULL,0,NULL,'2025-09-23 12:58:17','2025-09-23 12:58:17',NULL),(23577,8328,23577,23239,NULL,0,NULL,'2025-09-23 12:58:17','2025-09-23 12:58:17',NULL),(23578,8328,23578,23240,NULL,0,NULL,'2025-09-23 12:58:17','2025-09-23 12:58:17',NULL),(23579,8328,23579,23241,NULL,0,NULL,'2025-09-23 12:58:17','2025-09-23 12:58:17',NULL),(23580,8328,23580,23242,NULL,0,NULL,'2025-09-23 12:58:17','2025-09-23 12:58:17',NULL),(23581,8328,23581,23243,NULL,0,NULL,'2025-09-23 12:58:25','2025-09-23 12:58:25',NULL),(23582,8328,23582,23244,NULL,0,NULL,'2025-09-23 12:58:25','2025-09-23 12:58:25',NULL),(23583,8328,23583,23245,NULL,0,NULL,'2025-09-23 12:58:25','2025-09-23 12:58:25',NULL),(23584,8328,23584,23246,NULL,0,NULL,'2025-09-23 12:58:25','2025-09-23 12:58:25',NULL),(23585,8328,23585,23247,NULL,0,NULL,'2025-09-23 12:58:25','2025-09-23 12:58:25',NULL),(23586,8328,23586,23248,NULL,0,NULL,'2025-09-23 12:58:25','2025-09-23 12:58:25',NULL),(23587,8328,23587,23249,NULL,0,NULL,'2025-09-23 12:58:25','2025-09-23 12:58:25',NULL),(23588,8328,23588,23250,NULL,0,NULL,'2025-09-23 12:58:25','2025-09-23 12:58:25',NULL),(23589,8328,23589,23251,NULL,0,NULL,'2025-09-23 12:58:25','2025-09-23 12:58:25',NULL),(23601,8328,23601,23263,NULL,0,NULL,'2025-09-24 15:33:13','2025-09-24 15:33:13',NULL),(23602,8328,23602,23264,NULL,0,NULL,'2025-09-24 15:33:13','2025-09-24 15:33:13',NULL),(23603,8328,23603,23265,NULL,0,NULL,'2025-09-24 15:33:14','2025-09-24 15:33:14',NULL),(23604,8328,23604,23266,NULL,0,NULL,'2025-09-24 15:33:14','2025-09-24 15:33:14',NULL),(23605,8328,23605,23267,NULL,0,NULL,'2025-09-24 15:33:14','2025-09-24 15:33:14',NULL),(23606,8328,23606,23268,NULL,0,NULL,'2025-09-24 15:33:14','2025-09-24 15:33:14',NULL),(23607,8328,23607,23269,NULL,0,NULL,'2025-09-24 15:33:14','2025-09-24 15:33:14',NULL),(23608,8328,23608,23270,NULL,0,NULL,'2025-09-24 15:33:14','2025-09-24 15:33:14',NULL);
INSERT INTO `cta_cte_cliente_pivot_receipt` VALUES (23609,8328,23609,23271,NULL,0,NULL,'2025-09-24 15:33:14','2025-09-24 15:33:14',NULL),(23610,8328,23610,23272,NULL,0,NULL,'2025-09-24 15:33:14','2025-09-24 15:33:14',NULL),(23633,8328,23633,23295,NULL,0,NULL,'2025-09-24 15:36:15','2025-09-24 15:36:15',NULL),(23634,8328,23634,23296,NULL,0,NULL,'2025-09-24 15:36:15','2025-09-24 15:36:15',NULL),(23635,8328,23635,23297,NULL,0,NULL,'2025-09-24 15:36:15','2025-09-24 15:36:15',NULL),(23636,8328,23636,23298,NULL,0,NULL,'2025-09-24 15:36:15','2025-09-24 15:36:15',NULL),(23637,8328,23637,23299,NULL,0,NULL,'2025-09-24 15:36:15','2025-09-24 15:36:15',NULL),(23638,8328,23638,23300,NULL,0,NULL,'2025-09-24 15:36:15','2025-09-24 15:36:15',NULL),(23639,8328,23639,23301,NULL,0,NULL,'2025-09-24 15:36:15','2025-09-24 15:36:15',NULL),(23640,8328,23640,23302,NULL,0,NULL,'2025-09-24 15:36:15','2025-09-24 15:36:15',NULL),(23641,8328,23641,23303,NULL,0,NULL,'2025-09-24 15:36:16','2025-09-24 15:36:16',NULL),(23642,8328,23642,23304,NULL,0,NULL,'2025-09-24 15:36:16','2025-09-24 15:36:16',NULL),(23643,8328,23643,23305,NULL,0,NULL,'2025-09-24 15:36:16','2025-09-24 15:36:16',NULL),(23644,8328,23644,23306,NULL,0,NULL,'2025-09-24 15:36:16','2025-09-24 15:36:16',NULL),(23645,8328,23645,23307,NULL,0,NULL,'2025-09-24 15:36:16','2025-09-24 15:36:16',NULL),(23646,8328,23646,23308,NULL,0,NULL,'2025-09-24 15:36:16','2025-09-24 15:36:16',NULL),(23647,8328,23647,23309,NULL,0,NULL,'2025-09-24 15:36:16','2025-09-24 15:36:16',NULL),(23648,8328,23648,23310,NULL,0,NULL,'2025-10-01 14:32:57','2025-10-01 14:32:57',NULL),(23649,8328,23649,23311,NULL,0,NULL,'2025-10-01 20:17:00','2025-10-01 20:17:00',NULL),(23650,8328,23650,23312,NULL,0,NULL,'2025-10-01 20:17:01','2025-10-01 20:17:01',NULL),(23651,8328,23651,23313,NULL,0,NULL,'2025-10-01 20:17:02','2025-10-01 20:17:02',NULL),(23652,8328,23652,23314,NULL,0,NULL,'2025-10-01 20:17:04','2025-10-01 20:17:04',NULL),(23653,8328,23653,23315,NULL,0,NULL,'2025-10-01 20:17:05','2025-10-01 20:17:05',NULL),(23654,8328,23654,23316,NULL,0,NULL,'2025-10-01 20:17:07','2025-10-01 20:17:07',NULL),(23655,8328,23655,23317,NULL,0,NULL,'2025-10-01 20:17:08','2025-10-01 20:17:08',NULL),(23656,8328,23656,23318,NULL,0,NULL,'2025-10-01 20:17:10','2025-10-01 20:17:10',NULL),(23657,8328,23657,23319,NULL,0,NULL,'2025-10-01 20:23:10','2025-10-01 20:23:10',NULL),(23658,8328,23658,23320,NULL,0,NULL,'2025-10-01 20:23:11','2025-10-01 20:23:11',NULL),(23659,8328,23659,23321,NULL,0,NULL,'2025-10-01 20:23:12','2025-10-01 20:23:12',NULL),(23660,8328,23660,23322,NULL,0,NULL,'2025-10-01 20:23:14','2025-10-01 20:23:14',NULL),(23661,8328,23661,23323,NULL,0,NULL,'2025-10-03 15:57:01','2025-10-03 15:57:01',NULL),(23662,8328,23662,23324,NULL,0,NULL,'2025-10-15 15:39:57','2025-10-15 15:39:57',NULL),(23663,8328,23663,23325,NULL,0,NULL,'2025-10-15 15:51:08','2025-10-15 15:51:08',NULL),(23664,8328,23664,23326,NULL,0,NULL,'2025-10-15 15:53:07','2025-10-15 15:53:07',NULL),(23665,8328,23665,23327,NULL,0,NULL,'2025-10-15 15:56:22','2025-10-15 15:56:22',NULL),(23666,8328,23666,23328,NULL,0,NULL,'2025-10-15 16:01:20','2025-10-15 16:01:20',NULL),(23667,8328,23667,23329,NULL,0,NULL,'2025-10-15 17:20:41','2025-10-15 17:20:41',NULL),(23668,8328,23668,23330,NULL,0,NULL,'2025-10-15 17:22:08','2025-10-15 17:22:08',NULL),(23669,8328,23669,23331,NULL,0,NULL,'2025-10-21 18:14:47','2025-10-21 18:14:47',NULL),(23670,8328,23670,23332,NULL,0,NULL,'2025-10-21 18:14:47','2025-10-21 18:14:47',NULL),(23671,8328,23671,23333,NULL,0,NULL,'2025-10-21 18:14:47','2025-10-21 18:14:47',NULL),(23672,8328,23672,23334,NULL,0,NULL,'2025-10-21 18:14:47','2025-10-21 18:14:47',NULL),(23673,8328,23673,23335,NULL,0,NULL,'2025-10-21 18:14:47','2025-10-21 18:14:47',NULL),(23674,8328,23674,23336,NULL,0,NULL,'2025-10-21 18:14:47','2025-10-21 18:14:47',NULL),(23675,8328,23675,23337,NULL,0,NULL,'2025-10-21 18:14:47','2025-10-21 18:14:47',NULL),(23676,8328,23676,23338,NULL,0,NULL,'2025-10-21 18:14:47','2025-10-21 18:14:47',NULL);
INSERT INTO `cta_cte_cliente_pivot_receipt` VALUES (23677,8328,23677,23339,NULL,0,NULL,'2025-10-21 18:14:48','2025-10-21 18:14:48',NULL),(23678,8328,23678,23340,NULL,0,NULL,'2025-10-21 18:28:53','2025-10-21 18:28:53',NULL),(23679,8328,23679,23341,NULL,0,NULL,'2025-10-21 18:28:53','2025-10-21 18:28:53',NULL),(23680,8328,23680,23342,NULL,0,NULL,'2025-10-21 18:28:53','2025-10-21 18:28:53',NULL),(23681,8328,23681,23343,NULL,0,NULL,'2025-10-21 18:28:53','2025-10-21 18:28:53',NULL),(23682,8328,23682,23344,NULL,0,NULL,'2025-10-21 18:28:54','2025-10-21 18:28:54',NULL),(23683,8328,23683,23345,NULL,0,NULL,'2025-10-21 18:28:54','2025-10-21 18:28:54',NULL),(23684,8328,23684,23346,NULL,0,NULL,'2025-10-21 18:28:54','2025-10-21 18:28:54',NULL),(23685,8328,23685,23347,NULL,0,NULL,'2025-10-21 18:29:42','2025-10-21 18:29:42',NULL),(23686,8328,23686,23348,NULL,0,NULL,'2025-10-21 18:29:42','2025-10-21 18:29:42',NULL),(23687,8328,23687,23349,NULL,0,NULL,'2025-10-21 18:29:42','2025-10-21 18:29:42',NULL),(23688,8328,23688,23350,NULL,0,NULL,'2025-10-21 18:29:42','2025-10-21 18:29:42',NULL),(23689,8328,23689,23351,NULL,0,NULL,'2025-10-21 18:29:42','2025-10-21 18:29:42',NULL),(23690,8328,23690,23352,NULL,0,NULL,'2025-10-21 18:29:42','2025-10-21 18:29:42',NULL),(23691,8328,23691,23353,NULL,0,NULL,'2025-10-21 18:29:42','2025-10-21 18:29:42',NULL),(23692,8328,23692,23354,NULL,0,NULL,'2025-10-21 18:29:42','2025-10-21 18:29:42',NULL),(23693,8328,23693,23355,NULL,0,NULL,'2025-10-21 18:29:42','2025-10-21 18:29:42',NULL),(23694,8328,23694,23356,NULL,0,NULL,'2025-10-21 18:29:43','2025-10-21 18:29:43',NULL),(23695,8328,23695,23357,NULL,0,NULL,'2025-10-21 18:29:43','2025-10-21 18:29:43',NULL),(23696,8328,23696,23358,NULL,0,NULL,'2025-10-21 18:29:43','2025-10-21 18:29:43',NULL),(23697,8328,23697,23359,NULL,0,NULL,'2025-10-21 18:29:43','2025-10-21 18:29:43',NULL),(23698,8328,23698,23360,NULL,0,NULL,'2025-10-21 18:29:43','2025-10-21 18:29:43',NULL),(23699,8328,23699,23361,NULL,0,NULL,'2025-10-21 18:29:43','2025-10-21 18:29:43',NULL),(23700,8328,23700,23362,NULL,0,NULL,'2025-10-21 18:29:43','2025-10-21 18:29:43',NULL),(23701,8328,23701,23363,NULL,0,NULL,'2025-10-21 18:29:43','2025-10-21 18:29:43',NULL),(23702,8328,23702,23364,NULL,0,NULL,'2025-10-21 18:29:43','2025-10-21 18:29:43',NULL),(23703,8328,23703,23365,NULL,0,NULL,'2025-10-21 18:29:43','2025-10-21 18:29:43',NULL),(23704,8328,23704,23366,NULL,0,NULL,'2025-10-21 18:29:43','2025-10-21 18:29:43',NULL),(23705,8328,23705,23367,NULL,0,NULL,'2025-10-23 16:31:15','2025-10-23 16:31:15',NULL),(23706,8328,23706,23368,NULL,0,NULL,'2025-10-23 16:31:15','2025-10-23 16:31:15',NULL),(23707,8328,23707,23369,NULL,0,NULL,'2025-10-23 16:31:16','2025-10-23 16:31:16',NULL),(23708,8328,23708,23370,NULL,0,NULL,'2025-10-23 16:31:16','2025-10-23 16:31:16',NULL),(23709,8328,23709,23371,NULL,0,NULL,'2025-10-23 16:31:16','2025-10-23 16:31:16',NULL),(23710,8328,23710,23372,NULL,0,NULL,'2025-10-23 16:31:16','2025-10-23 16:31:16',NULL),(23711,8328,23711,23373,NULL,0,NULL,'2025-10-23 16:31:16','2025-10-23 16:31:16',NULL),(23712,8328,23712,23374,NULL,0,NULL,'2025-10-23 16:31:16','2025-10-23 16:31:16',NULL),(23713,8328,23713,23375,NULL,0,NULL,'2025-10-23 16:31:16','2025-10-23 16:31:16',NULL),(23714,8328,23714,23376,NULL,0,NULL,'2025-10-23 16:31:16','2025-10-23 16:31:16',NULL),(23715,8328,23715,23377,NULL,0,NULL,'2025-10-23 16:31:26','2025-10-23 16:31:26',NULL),(23716,8328,23716,23378,NULL,0,NULL,'2025-10-23 16:31:26','2025-10-23 16:31:26',NULL),(23717,8328,23717,23379,NULL,0,NULL,'2025-10-23 16:31:26','2025-10-23 16:31:26',NULL),(23718,8328,23718,23380,NULL,0,NULL,'2025-10-23 16:31:26','2025-10-23 16:31:26',NULL),(23719,8328,23719,23381,NULL,0,NULL,'2025-10-23 16:31:26','2025-10-23 16:31:26',NULL),(23720,8328,23720,23382,NULL,0,NULL,'2025-10-23 16:31:26','2025-10-23 16:31:26',NULL),(23721,8328,23721,23383,NULL,0,NULL,'2025-10-23 16:31:26','2025-10-23 16:31:26',NULL),(23722,8328,23722,23384,NULL,0,NULL,'2025-10-23 16:31:27','2025-10-23 16:31:27',NULL);
INSERT INTO `cta_cte_cliente_pivot_receipt` VALUES (23723,8328,23723,23385,NULL,0,NULL,'2025-10-23 16:31:27','2025-10-23 16:31:27',NULL),(23724,8328,23724,23386,NULL,0,NULL,'2025-10-23 16:31:27','2025-10-23 16:31:27',NULL),(23725,8328,23725,23387,NULL,0,NULL,'2025-10-23 16:31:27','2025-10-23 16:31:27',NULL),(23726,8328,23726,23388,NULL,0,NULL,'2025-10-23 16:31:27','2025-10-23 16:31:27',NULL),(23727,8328,23727,23389,NULL,0,NULL,'2025-10-23 16:31:27','2025-10-23 16:31:27',NULL),(23728,8328,23728,23390,NULL,0,NULL,'2025-10-23 16:31:27','2025-10-23 16:31:27',NULL),(23729,8328,23729,23391,NULL,0,NULL,'2025-10-23 16:31:27','2025-10-23 16:31:27',NULL),(23730,8328,23730,23392,NULL,0,NULL,'2025-10-23 16:31:27','2025-10-23 16:31:27',NULL),(23731,8328,23731,23393,NULL,0,NULL,'2025-10-23 16:31:27','2025-10-23 16:31:27',NULL),(23732,8328,23732,23394,NULL,0,NULL,'2025-10-23 17:08:13','2025-10-23 17:08:13',NULL),(23733,8328,23733,23395,NULL,0,NULL,'2025-10-23 17:08:13','2025-10-23 17:08:13',NULL),(23734,8328,23734,23396,NULL,0,NULL,'2025-10-23 17:08:13','2025-10-23 17:08:13',NULL),(23735,8328,23735,23397,NULL,0,NULL,'2025-10-23 17:08:13','2025-10-23 17:08:13',NULL),(23736,8328,23736,23398,NULL,0,NULL,'2025-10-23 17:08:13','2025-10-23 17:08:13',NULL),(23737,8328,23737,23399,NULL,0,NULL,'2025-10-23 17:08:13','2025-10-23 17:08:13',NULL),(23738,8328,23738,23400,NULL,0,NULL,'2025-10-23 17:08:13','2025-10-23 17:08:13',NULL),(23739,8328,23739,23401,NULL,0,NULL,'2025-10-23 17:08:13','2025-10-23 17:08:13',NULL),(23740,8328,23740,23402,NULL,0,NULL,'2025-10-23 17:08:13','2025-10-23 17:08:13',NULL),(23741,8328,23741,23403,NULL,0,NULL,'2025-10-23 17:08:13','2025-10-23 17:08:13',NULL),(23742,8328,23742,23404,NULL,0,NULL,'2025-10-23 17:08:13','2025-10-23 17:08:13',NULL),(23743,8328,23743,23405,NULL,0,NULL,'2025-10-23 17:08:13','2025-10-23 17:08:13',NULL),(23744,8328,23744,23406,NULL,0,NULL,'2025-10-23 17:08:22','2025-10-23 17:08:22',NULL),(23745,8328,23745,23407,NULL,0,NULL,'2025-10-23 17:08:22','2025-10-23 17:08:22',NULL),(23746,8328,23746,23408,NULL,0,NULL,'2025-10-23 17:08:22','2025-10-23 17:08:22',NULL),(23747,8328,23747,23409,NULL,0,NULL,'2025-10-23 17:08:22','2025-10-23 17:08:22',NULL),(23748,8328,23748,23410,NULL,0,NULL,'2025-10-23 17:08:22','2025-10-23 17:08:22',NULL),(23749,8328,23749,23411,NULL,0,NULL,'2025-10-23 17:08:22','2025-10-23 17:08:22',NULL),(23750,8328,23750,23412,NULL,0,NULL,'2025-10-23 17:08:22','2025-10-23 17:08:22',NULL),(23751,8328,23751,23413,NULL,0,NULL,'2025-10-23 17:08:23','2025-10-23 17:08:23',NULL),(23752,8328,23752,23414,NULL,0,NULL,'2025-10-23 17:08:23','2025-10-23 17:08:23',NULL),(23753,8328,23753,23415,NULL,0,NULL,'2025-10-23 17:08:23','2025-10-23 17:08:23',NULL),(23754,8328,23754,23416,NULL,0,NULL,'2025-10-23 17:08:23','2025-10-23 17:08:23',NULL),(23755,8328,23755,23417,NULL,0,NULL,'2025-10-23 17:08:23','2025-10-23 17:08:23',NULL),(23756,8328,23756,23418,NULL,0,NULL,'2025-10-23 17:08:23','2025-10-23 17:08:23',NULL),(23757,8328,23757,23419,NULL,0,NULL,'2025-10-24 17:32:11','2025-10-24 17:32:11',NULL),(23758,8328,23758,23420,NULL,0,NULL,'2025-10-24 17:32:11','2025-10-24 17:32:11',NULL),(23759,8328,23759,23421,NULL,0,NULL,'2025-10-24 17:32:12','2025-10-24 17:32:12',NULL),(23760,8328,23760,23422,NULL,0,NULL,'2025-10-24 17:32:12','2025-10-24 17:32:12',NULL),(23761,8328,23761,23423,NULL,0,NULL,'2025-10-24 17:32:12','2025-10-24 17:32:12',NULL),(23762,8328,23762,23424,NULL,0,NULL,'2025-10-24 17:32:12','2025-10-24 17:32:12',NULL),(23763,8328,23763,23425,NULL,0,NULL,'2025-10-24 17:32:12','2025-10-24 17:32:12',NULL),(23764,8328,23764,23426,NULL,0,NULL,'2025-10-24 17:32:12','2025-10-24 17:32:12',NULL),(23765,8328,23765,23427,NULL,0,NULL,'2025-10-24 17:32:12','2025-10-24 17:32:12',NULL),(23766,8328,23766,23428,NULL,0,NULL,'2025-10-24 17:32:12','2025-10-24 17:32:12',NULL),(23767,8328,23767,23429,NULL,0,NULL,'2025-10-24 17:32:12','2025-10-24 17:32:12',NULL),(23768,8328,23768,23430,NULL,0,NULL,'2025-10-24 17:32:12','2025-10-24 17:32:12',NULL);
INSERT INTO `cta_cte_cliente_pivot_receipt` VALUES (23769,8328,23769,23431,NULL,0,NULL,'2025-10-24 17:32:12','2025-10-24 17:32:12',NULL),(23770,8328,23770,23432,NULL,0,NULL,'2025-10-24 17:32:12','2025-10-24 17:32:12',NULL),(23771,8328,23771,23433,NULL,0,NULL,'2025-10-24 17:32:12','2025-10-24 17:32:12',NULL),(23772,8328,23772,23434,NULL,0,NULL,'2025-10-24 17:32:13','2025-10-24 17:32:13',NULL),(23773,8328,23773,23435,NULL,0,NULL,'2025-10-24 17:32:21','2025-10-24 17:32:21',NULL),(23774,8328,23774,23436,NULL,0,NULL,'2025-10-24 17:32:21','2025-10-24 17:32:21',NULL),(23775,8328,23775,23437,NULL,0,NULL,'2025-10-24 17:32:21','2025-10-24 17:32:21',NULL),(23776,8328,23776,23438,NULL,0,NULL,'2025-10-24 17:32:21','2025-10-24 17:32:21',NULL),(23777,8328,23777,23439,NULL,0,NULL,'2025-10-24 17:32:21','2025-10-24 17:32:21',NULL),(23778,8328,23778,23440,NULL,0,NULL,'2025-10-24 17:32:21','2025-10-24 17:32:21',NULL),(23779,8328,23779,23441,NULL,0,NULL,'2025-10-24 17:32:21','2025-10-24 17:32:21',NULL),(23780,8328,23780,23442,NULL,0,NULL,'2025-10-24 17:32:21','2025-10-24 17:32:21',NULL),(23781,8328,23781,23443,NULL,0,NULL,'2025-10-24 17:32:21','2025-10-24 17:32:21',NULL),(23782,8328,23782,23444,NULL,0,NULL,'2025-10-24 17:32:22','2025-10-24 17:32:22',NULL),(23783,8328,23783,23445,NULL,0,NULL,'2025-10-24 17:32:22','2025-10-24 17:32:22',NULL),(23892,NULL,23892,23554,NULL,0,NULL,'2025-10-31 18:33:20','2025-10-31 18:33:20',NULL),(23893,NULL,23893,23555,NULL,0,NULL,'2025-10-31 18:33:21','2025-10-31 18:33:21',NULL),(23894,NULL,23894,23556,NULL,0,NULL,'2025-10-31 18:33:21','2025-10-31 18:33:21',NULL),(23895,NULL,23895,23557,NULL,0,NULL,'2025-10-31 18:33:21','2025-10-31 18:33:21',NULL),(23896,NULL,23896,23558,NULL,0,NULL,'2025-10-31 18:33:21','2025-10-31 18:33:21',NULL),(23897,NULL,23897,23559,NULL,0,NULL,'2025-10-31 18:33:21','2025-10-31 18:33:21',NULL),(23898,NULL,23898,23560,NULL,0,NULL,'2025-10-31 18:33:21','2025-10-31 18:33:21',NULL),(23899,NULL,23899,23561,NULL,0,NULL,'2025-10-31 18:33:21','2025-10-31 18:33:21',NULL),(23900,NULL,23900,23562,NULL,0,NULL,'2025-10-31 18:33:21','2025-10-31 18:33:21',NULL),(23901,NULL,23901,23563,NULL,0,NULL,'2025-10-31 18:33:21','2025-10-31 18:33:21',NULL),(23902,NULL,23902,23564,NULL,0,NULL,'2025-10-31 18:33:21','2025-10-31 18:33:21',NULL),(23903,NULL,23903,23565,NULL,0,NULL,'2025-10-31 18:33:22','2025-10-31 18:33:22',NULL),(23904,NULL,23904,23566,NULL,0,NULL,'2025-10-31 18:33:22','2025-10-31 18:33:22',NULL),(23905,NULL,23905,23567,NULL,0,NULL,'2025-10-31 18:33:22','2025-10-31 18:33:22',NULL),(23906,NULL,23906,23568,NULL,0,NULL,'2025-10-31 18:33:22','2025-10-31 18:33:22',NULL),(23907,NULL,23907,23569,NULL,0,NULL,'2025-10-31 18:33:22','2025-10-31 18:33:22',NULL),(23908,NULL,23908,23570,NULL,0,NULL,'2025-10-31 18:33:22','2025-10-31 18:33:22',NULL),(23909,NULL,23909,23571,NULL,0,NULL,'2025-10-31 18:33:22','2025-10-31 18:33:22',NULL),(23910,NULL,23910,23572,NULL,0,NULL,'2025-10-31 18:33:22','2025-10-31 18:33:22',NULL),(23911,NULL,23911,23573,NULL,0,NULL,'2025-10-31 18:33:22','2025-10-31 18:33:22',NULL),(23912,NULL,23912,23574,NULL,0,NULL,'2025-10-31 18:33:22','2025-10-31 18:33:22',NULL),(23913,NULL,23913,23575,NULL,0,NULL,'2025-10-31 18:33:22','2025-10-31 18:33:22',NULL),(23914,NULL,23914,23576,NULL,0,NULL,'2025-10-31 18:33:23','2025-10-31 18:33:23',NULL),(23915,NULL,23915,23577,NULL,0,NULL,'2025-10-31 18:33:23','2025-10-31 18:33:23',NULL),(23916,NULL,23916,23578,NULL,0,NULL,'2025-10-31 18:33:23','2025-10-31 18:33:23',NULL),(23917,NULL,23917,23579,NULL,0,NULL,'2025-10-31 18:33:23','2025-10-31 18:33:23',NULL),(23918,NULL,23918,23580,NULL,0,NULL,'2025-10-31 18:33:23','2025-10-31 18:33:23',NULL),(23919,NULL,23919,23581,NULL,0,NULL,'2025-10-31 18:33:23','2025-10-31 18:33:23',NULL),(23920,NULL,23920,23582,NULL,0,NULL,'2025-10-31 18:33:23','2025-10-31 18:33:23',NULL),(23921,NULL,23921,23583,NULL,0,NULL,'2025-10-31 18:33:23','2025-10-31 18:33:23',NULL),(23922,NULL,23922,23584,NULL,0,NULL,'2025-10-31 18:33:23','2025-10-31 18:33:23',NULL);
INSERT INTO `cta_cte_cliente_pivot_receipt` VALUES (23923,NULL,23923,23585,NULL,0,NULL,'2025-10-31 18:33:23','2025-10-31 18:33:23',NULL),(23924,NULL,23924,23586,NULL,0,NULL,'2025-10-31 18:33:24','2025-10-31 18:33:24',NULL),(23925,NULL,23925,23587,NULL,0,NULL,'2025-10-31 18:33:24','2025-10-31 18:33:24',NULL),(23926,NULL,23926,23588,NULL,0,NULL,'2025-10-31 18:33:24','2025-10-31 18:33:24',NULL),(23927,NULL,23927,23589,NULL,0,NULL,'2025-10-31 18:33:24','2025-10-31 18:33:24',NULL),(23928,NULL,23928,23590,NULL,0,NULL,'2025-10-31 18:33:24','2025-10-31 18:33:24',NULL),(23929,NULL,23929,23591,NULL,0,NULL,'2025-10-31 18:33:24','2025-10-31 18:33:24',NULL),(23930,NULL,23930,23592,NULL,0,NULL,'2025-10-31 18:33:24','2025-10-31 18:33:24',NULL),(23931,NULL,23931,23593,NULL,0,NULL,'2025-10-31 18:33:24','2025-10-31 18:33:24',NULL),(23932,NULL,23932,23594,NULL,0,NULL,'2025-10-31 18:33:24','2025-10-31 18:33:24',NULL),(23933,NULL,23933,23595,NULL,0,NULL,'2025-10-31 18:33:24','2025-10-31 18:33:24',NULL),(23934,NULL,23934,23596,NULL,0,NULL,'2025-10-31 18:33:25','2025-10-31 18:33:25',NULL),(23935,NULL,23935,23597,NULL,0,NULL,'2025-10-31 18:33:25','2025-10-31 18:33:25',NULL),(23936,NULL,23936,23598,NULL,0,NULL,'2025-10-31 18:33:25','2025-10-31 18:33:25',NULL),(23937,NULL,23937,23599,NULL,0,NULL,'2025-10-31 18:33:25','2025-10-31 18:33:25',NULL),(23938,NULL,23938,23600,NULL,0,NULL,'2025-10-31 18:33:25','2025-10-31 18:33:25',NULL),(23939,NULL,23939,23601,NULL,0,NULL,'2025-10-31 18:33:25','2025-10-31 18:33:25',NULL),(23940,NULL,23940,23602,NULL,0,NULL,'2025-10-31 18:33:25','2025-10-31 18:33:25',NULL),(23941,NULL,23941,23603,NULL,0,NULL,'2025-10-31 18:33:25','2025-10-31 18:33:25',NULL),(23942,NULL,23942,23604,NULL,0,NULL,'2025-10-31 18:33:25','2025-10-31 18:33:25',NULL),(23943,NULL,23943,23605,NULL,0,NULL,'2025-10-31 18:33:25','2025-10-31 18:33:25',NULL),(23944,NULL,23944,23606,NULL,0,NULL,'2025-10-31 18:33:26','2025-10-31 18:33:26',NULL),(23945,NULL,23945,23607,NULL,0,NULL,'2025-10-31 18:33:26','2025-10-31 18:33:26',NULL),(23946,NULL,23946,23608,NULL,0,NULL,'2025-10-31 18:33:26','2025-10-31 18:33:26',NULL),(23947,NULL,23947,23609,NULL,0,NULL,'2025-10-31 18:33:26','2025-10-31 18:33:26',NULL),(23948,NULL,23948,23610,NULL,0,NULL,'2025-10-31 18:33:26','2025-10-31 18:33:26',NULL),(23949,NULL,23949,23611,NULL,0,NULL,'2025-10-31 18:33:26','2025-10-31 18:33:26',NULL),(23950,NULL,23950,23612,NULL,0,NULL,'2025-10-31 18:33:26','2025-10-31 18:33:26',NULL),(23951,NULL,23951,23613,NULL,0,NULL,'2025-10-31 18:33:26','2025-10-31 18:33:26',NULL),(23952,NULL,23952,23614,NULL,0,NULL,'2025-10-31 18:33:26','2025-10-31 18:33:26',NULL),(23953,NULL,23953,23615,NULL,0,NULL,'2025-10-31 18:33:26','2025-10-31 18:33:26',NULL),(23954,NULL,23954,23616,NULL,0,NULL,'2025-10-31 18:33:26','2025-10-31 18:33:26',NULL),(23955,NULL,23955,23617,NULL,0,NULL,'2025-10-31 18:33:27','2025-10-31 18:33:27',NULL),(23956,NULL,23956,23618,NULL,0,NULL,'2025-10-31 18:33:27','2025-10-31 18:33:27',NULL),(23957,NULL,23957,23619,NULL,0,NULL,'2025-10-31 18:33:27','2025-10-31 18:33:27',NULL),(23958,NULL,23958,23620,NULL,0,NULL,'2025-10-31 18:33:27','2025-10-31 18:33:27',NULL),(23959,NULL,23959,23621,NULL,0,NULL,'2025-10-31 18:33:27','2025-10-31 18:33:27',NULL),(23960,NULL,23960,23622,NULL,0,NULL,'2025-10-31 18:33:27','2025-10-31 18:33:27',NULL),(23961,NULL,23961,23623,NULL,0,NULL,'2025-10-31 18:33:27','2025-10-31 18:33:27',NULL),(23962,NULL,23962,23624,NULL,0,NULL,'2025-10-31 18:33:27','2025-10-31 18:33:27',NULL),(23963,NULL,23963,23625,NULL,0,NULL,'2025-10-31 18:33:27','2025-10-31 18:33:27',NULL),(23964,NULL,23964,23626,NULL,0,NULL,'2025-10-31 18:33:27','2025-10-31 18:33:27',NULL),(23965,NULL,23965,23627,NULL,0,NULL,'2025-10-31 18:33:27','2025-10-31 18:33:27',NULL),(23966,NULL,23966,23628,NULL,0,NULL,'2025-10-31 18:33:28','2025-10-31 18:33:28',NULL),(23967,NULL,23967,23629,NULL,0,NULL,'2025-10-31 18:33:28','2025-10-31 18:33:28',NULL),(23968,NULL,23968,23630,NULL,0,NULL,'2025-10-31 18:33:28','2025-10-31 18:33:28',NULL);
INSERT INTO `cta_cte_cliente_pivot_receipt` VALUES (23969,NULL,23969,23631,NULL,0,NULL,'2025-10-31 18:33:28','2025-10-31 18:33:28',NULL),(23970,NULL,23970,23632,NULL,0,NULL,'2025-10-31 18:33:28','2025-10-31 18:33:28',NULL),(23971,NULL,23971,23633,NULL,0,NULL,'2025-10-31 18:33:28','2025-10-31 18:33:28',NULL),(23972,NULL,23972,23634,NULL,0,NULL,'2025-10-31 18:33:28','2025-10-31 18:33:28',NULL),(23973,NULL,23973,23635,NULL,0,NULL,'2025-10-31 18:33:28','2025-10-31 18:33:28',NULL),(23974,NULL,23974,23636,NULL,0,NULL,'2025-10-31 18:33:28','2025-10-31 18:33:28',NULL),(23975,NULL,23975,23637,NULL,0,NULL,'2025-10-31 18:33:28','2025-10-31 18:33:28',NULL),(23976,NULL,23976,23638,NULL,0,NULL,'2025-10-31 18:33:29','2025-10-31 18:33:29',NULL),(23977,NULL,23977,23639,NULL,0,NULL,'2025-10-31 18:33:29','2025-10-31 18:33:29',NULL),(23978,NULL,23978,23640,NULL,0,NULL,'2025-10-31 18:33:29','2025-10-31 18:33:29',NULL),(23979,NULL,23979,23641,NULL,0,NULL,'2025-10-31 18:33:29','2025-10-31 18:33:29',NULL),(23980,NULL,23980,23642,NULL,0,NULL,'2025-10-31 18:33:29','2025-10-31 18:33:29',NULL),(23981,NULL,23981,23643,NULL,0,NULL,'2025-10-31 18:33:29','2025-10-31 18:33:29',NULL),(23982,NULL,23982,23644,NULL,0,NULL,'2025-10-31 18:33:29','2025-10-31 18:33:29',NULL),(23983,NULL,23983,23645,NULL,0,NULL,'2025-10-31 18:33:29','2025-10-31 18:33:29',NULL),(23984,NULL,23984,23646,NULL,0,NULL,'2025-10-31 18:33:29','2025-10-31 18:33:29',NULL),(23985,NULL,23985,23647,NULL,0,NULL,'2025-10-31 18:33:29','2025-10-31 18:33:29',NULL),(23986,NULL,23986,23648,NULL,0,NULL,'2025-10-31 18:33:29','2025-10-31 18:33:29',NULL),(23987,NULL,23987,23649,NULL,0,NULL,'2025-10-31 18:33:30','2025-10-31 18:33:30',NULL),(23988,NULL,23988,23650,NULL,0,NULL,'2025-10-31 18:33:30','2025-10-31 18:33:30',NULL),(23989,NULL,23989,23651,NULL,0,NULL,'2025-10-31 18:33:30','2025-10-31 18:33:30',NULL),(23990,NULL,23990,23652,NULL,0,NULL,'2025-10-31 18:33:30','2025-10-31 18:33:30',NULL),(23991,NULL,23991,23653,NULL,0,NULL,'2025-10-31 18:33:30','2025-10-31 18:33:30',NULL),(23992,NULL,23992,23654,NULL,0,NULL,'2025-10-31 18:33:30','2025-10-31 18:33:30',NULL),(23993,NULL,23993,23655,NULL,0,NULL,'2025-10-31 18:33:30','2025-10-31 18:33:30',NULL),(23994,NULL,23994,23656,NULL,0,NULL,'2025-10-31 18:33:30','2025-10-31 18:33:30',NULL),(23995,NULL,23995,23657,NULL,0,NULL,'2025-10-31 18:33:30','2025-10-31 18:33:30',NULL),(23996,NULL,23996,23658,NULL,0,NULL,'2025-10-31 18:33:30','2025-10-31 18:33:30',NULL),(23997,NULL,23997,23659,NULL,0,NULL,'2025-10-31 18:33:31','2025-10-31 18:33:31',NULL),(23998,NULL,23998,23660,NULL,0,NULL,'2025-10-31 18:33:31','2025-10-31 18:33:31',NULL),(23999,NULL,23999,23661,NULL,0,NULL,'2025-10-31 18:33:31','2025-10-31 18:33:31',NULL),(24000,NULL,24000,23662,NULL,0,NULL,'2025-10-31 18:33:31','2025-10-31 18:33:31',NULL),(24001,NULL,24001,23663,NULL,0,NULL,'2025-10-31 18:33:31','2025-10-31 18:33:31',NULL),(24002,NULL,24002,23664,NULL,0,NULL,'2025-10-31 18:33:31','2025-10-31 18:33:31',NULL),(24003,NULL,24003,23665,NULL,0,NULL,'2025-10-31 18:33:31','2025-10-31 18:33:31',NULL),(24004,NULL,24004,23666,NULL,0,NULL,'2025-10-31 18:33:31','2025-10-31 18:33:31',NULL),(24005,NULL,24005,23667,NULL,0,NULL,'2025-10-31 18:33:31','2025-10-31 18:33:31',NULL),(24006,NULL,24006,23668,NULL,0,NULL,'2025-10-31 18:33:31','2025-10-31 18:33:31',NULL),(24007,NULL,24007,23669,NULL,0,NULL,'2025-10-31 18:33:31','2025-10-31 18:33:31',NULL),(24008,NULL,24008,23670,NULL,0,NULL,'2025-10-31 18:33:32','2025-10-31 18:33:32',NULL),(24009,NULL,24009,23671,NULL,0,NULL,'2025-10-31 18:33:32','2025-10-31 18:33:32',NULL),(24010,NULL,24010,23672,NULL,0,NULL,'2025-10-31 18:38:37','2025-10-31 18:38:37',NULL),(24011,NULL,24011,23673,NULL,0,NULL,'2025-10-31 18:38:37','2025-10-31 18:38:37',NULL),(24012,NULL,24012,23674,NULL,0,NULL,'2025-10-31 18:38:37','2025-10-31 18:38:37',NULL),(24013,NULL,24013,23675,NULL,0,NULL,'2025-10-31 18:38:37','2025-10-31 18:38:37',NULL),(24014,NULL,24014,23676,NULL,0,NULL,'2025-10-31 18:38:37','2025-10-31 18:38:37',NULL);
INSERT INTO `cta_cte_cliente_pivot_receipt` VALUES (24015,NULL,24015,23677,NULL,0,NULL,'2025-10-31 18:38:38','2025-10-31 18:38:38',NULL),(24016,NULL,24016,23678,NULL,0,NULL,'2025-10-31 18:38:38','2025-10-31 18:38:38',NULL),(24017,NULL,24017,23679,NULL,0,NULL,'2025-10-31 18:38:38','2025-10-31 18:38:38',NULL),(24018,NULL,24018,23680,NULL,0,NULL,'2025-10-31 18:38:38','2025-10-31 18:38:38',NULL),(24019,NULL,24019,23681,NULL,0,NULL,'2025-10-31 18:38:38','2025-10-31 18:38:38',NULL),(24020,NULL,24020,23682,NULL,0,NULL,'2025-10-31 18:38:38','2025-10-31 18:38:38',NULL),(24021,NULL,24021,23683,NULL,0,NULL,'2025-10-31 18:38:38','2025-10-31 18:38:38',NULL),(24022,NULL,24022,23684,NULL,0,NULL,'2025-10-31 18:38:38','2025-10-31 18:38:38',NULL),(24023,NULL,24023,23685,NULL,0,NULL,'2025-10-31 18:38:38','2025-10-31 18:38:38',NULL),(24024,NULL,24024,23686,NULL,0,NULL,'2025-10-31 18:38:38','2025-10-31 18:38:38',NULL),(24025,NULL,24025,23687,NULL,0,NULL,'2025-10-31 18:38:38','2025-10-31 18:38:38',NULL),(24026,NULL,24026,23688,NULL,0,NULL,'2025-10-31 18:38:39','2025-10-31 18:38:39',NULL),(24027,NULL,24027,23689,NULL,0,NULL,'2025-10-31 18:38:39','2025-10-31 18:38:39',NULL),(24028,NULL,24028,23690,NULL,0,NULL,'2025-10-31 18:38:39','2025-10-31 18:38:39',NULL),(24029,NULL,24029,23691,NULL,0,NULL,'2025-10-31 18:38:39','2025-10-31 18:38:39',NULL),(24030,NULL,24030,23692,NULL,0,NULL,'2025-10-31 18:38:39','2025-10-31 18:38:39',NULL),(24031,NULL,24031,23693,NULL,0,NULL,'2025-10-31 18:38:39','2025-10-31 18:38:39',NULL),(24032,NULL,24032,23694,NULL,0,NULL,'2025-10-31 18:38:39','2025-10-31 18:38:39',NULL),(24033,NULL,24033,23695,NULL,0,NULL,'2025-10-31 18:38:39','2025-10-31 18:38:39',NULL),(24034,NULL,24034,23696,NULL,0,NULL,'2025-10-31 18:38:39','2025-10-31 18:38:39',NULL),(24035,NULL,24035,23697,NULL,0,NULL,'2025-10-31 18:38:39','2025-10-31 18:38:39',NULL),(24036,NULL,24036,23698,NULL,0,NULL,'2025-10-31 18:38:39','2025-10-31 18:38:39',NULL),(24037,NULL,24037,23699,NULL,0,NULL,'2025-10-31 18:38:40','2025-10-31 18:38:40',NULL),(24038,NULL,24038,23700,NULL,0,NULL,'2025-10-31 18:38:40','2025-10-31 18:38:40',NULL),(24039,NULL,24039,23701,NULL,0,NULL,'2025-10-31 18:38:40','2025-10-31 18:38:40',NULL),(24040,NULL,24040,23702,NULL,0,NULL,'2025-10-31 18:38:40','2025-10-31 18:38:40',NULL),(24041,NULL,24041,23703,NULL,0,NULL,'2025-10-31 18:38:40','2025-10-31 18:38:40',NULL),(24042,NULL,24042,23704,NULL,0,NULL,'2025-10-31 18:38:40','2025-10-31 18:38:40',NULL),(24043,NULL,24043,23705,NULL,0,NULL,'2025-10-31 18:38:40','2025-10-31 18:38:40',NULL),(24044,NULL,24044,23706,NULL,0,NULL,'2025-10-31 18:38:40','2025-10-31 18:38:40',NULL),(24045,NULL,24045,23707,NULL,0,NULL,'2025-10-31 18:38:40','2025-10-31 18:38:40',NULL),(24046,NULL,24046,23708,NULL,0,NULL,'2025-10-31 18:38:40','2025-10-31 18:38:40',NULL),(24047,NULL,24047,23709,NULL,0,NULL,'2025-10-31 18:38:40','2025-10-31 18:38:40',NULL),(24048,NULL,24048,23710,NULL,0,NULL,'2025-10-31 18:38:40','2025-10-31 18:38:40',NULL),(24049,NULL,24049,23711,NULL,0,NULL,'2025-10-31 18:38:41','2025-10-31 18:38:41',NULL),(24050,NULL,24050,23712,NULL,0,NULL,'2025-10-31 18:38:41','2025-10-31 18:38:41',NULL),(24051,NULL,24051,23713,NULL,0,NULL,'2025-10-31 18:38:41','2025-10-31 18:38:41',NULL),(24052,NULL,24052,23714,NULL,0,NULL,'2025-10-31 18:38:41','2025-10-31 18:38:41',NULL),(24053,NULL,24053,23715,NULL,0,NULL,'2025-10-31 18:38:41','2025-10-31 18:38:41',NULL),(24054,NULL,24054,23716,NULL,0,NULL,'2025-10-31 18:38:41','2025-10-31 18:38:41',NULL),(24055,NULL,24055,23717,NULL,0,NULL,'2025-10-31 18:38:41','2025-10-31 18:38:41',NULL),(24056,NULL,24056,23718,NULL,0,NULL,'2025-10-31 18:38:41','2025-10-31 18:38:41',NULL),(24057,NULL,24057,23719,NULL,0,NULL,'2025-10-31 18:38:41','2025-10-31 18:38:41',NULL),(24058,NULL,24058,23720,NULL,0,NULL,'2025-10-31 18:38:41','2025-10-31 18:38:41',NULL),(24059,NULL,24059,23721,NULL,0,NULL,'2025-10-31 18:38:41','2025-10-31 18:38:41',NULL),(24060,NULL,24060,23722,NULL,0,NULL,'2025-10-31 18:38:41','2025-10-31 18:38:41',NULL);
INSERT INTO `cta_cte_cliente_pivot_receipt` VALUES (24061,NULL,24061,23723,NULL,0,NULL,'2025-10-31 18:38:42','2025-10-31 18:38:42',NULL),(24062,NULL,24062,23724,NULL,0,NULL,'2025-10-31 18:38:42','2025-10-31 18:38:42',NULL),(24063,NULL,24063,23725,NULL,0,NULL,'2025-10-31 18:38:42','2025-10-31 18:38:42',NULL),(24064,NULL,24064,23726,NULL,0,NULL,'2025-10-31 18:38:42','2025-10-31 18:38:42',NULL),(24065,NULL,24065,23727,NULL,0,NULL,'2025-10-31 18:38:42','2025-10-31 18:38:42',NULL),(24066,NULL,24066,23728,NULL,0,NULL,'2025-10-31 18:38:42','2025-10-31 18:38:42',NULL),(24067,NULL,24067,23729,NULL,0,NULL,'2025-10-31 18:38:42','2025-10-31 18:38:42',NULL),(24068,NULL,24068,23730,NULL,0,NULL,'2025-10-31 18:38:42','2025-10-31 18:38:42',NULL),(24069,NULL,24069,23731,NULL,0,NULL,'2025-10-31 18:38:42','2025-10-31 18:38:42',NULL),(24070,NULL,24070,23732,NULL,0,NULL,'2025-10-31 18:38:42','2025-10-31 18:38:42',NULL),(24071,NULL,24071,23733,NULL,0,NULL,'2025-10-31 18:38:43','2025-10-31 18:38:43',NULL),(24072,NULL,24072,23734,NULL,0,NULL,'2025-10-31 18:38:43','2025-10-31 18:38:43',NULL),(24073,NULL,24073,23735,NULL,0,NULL,'2025-10-31 18:38:43','2025-10-31 18:38:43',NULL),(24074,NULL,24074,23736,NULL,0,NULL,'2025-10-31 18:38:43','2025-10-31 18:38:43',NULL),(24075,NULL,24075,23737,NULL,0,NULL,'2025-10-31 18:38:43','2025-10-31 18:38:43',NULL),(24076,NULL,24076,23738,NULL,0,NULL,'2025-10-31 18:38:43','2025-10-31 18:38:43',NULL),(24077,NULL,24077,23739,NULL,0,NULL,'2025-10-31 18:38:43','2025-10-31 18:38:43',NULL),(24078,NULL,24078,23740,NULL,0,NULL,'2025-10-31 18:38:43','2025-10-31 18:38:43',NULL),(24079,NULL,24079,23741,NULL,0,NULL,'2025-10-31 18:38:43','2025-10-31 18:38:43',NULL),(24080,NULL,24080,23742,NULL,0,NULL,'2025-10-31 18:38:43','2025-10-31 18:38:43',NULL),(24081,NULL,24081,23743,NULL,0,NULL,'2025-10-31 18:38:44','2025-10-31 18:38:44',NULL),(24082,NULL,24082,23744,NULL,0,NULL,'2025-10-31 18:38:44','2025-10-31 18:38:44',NULL),(24083,NULL,24083,23745,NULL,0,NULL,'2025-10-31 18:38:44','2025-10-31 18:38:44',NULL),(24084,NULL,24084,23746,NULL,0,NULL,'2025-10-31 18:38:44','2025-10-31 18:38:44',NULL),(24085,NULL,24085,23747,NULL,0,NULL,'2025-10-31 18:38:44','2025-10-31 18:38:44',NULL),(24086,NULL,24086,23748,NULL,0,NULL,'2025-10-31 18:38:44','2025-10-31 18:38:44',NULL),(24087,NULL,24087,23749,NULL,0,NULL,'2025-10-31 18:38:44','2025-10-31 18:38:44',NULL),(24088,NULL,24088,23750,NULL,0,NULL,'2025-10-31 18:38:44','2025-10-31 18:38:44',NULL),(24089,NULL,24089,23751,NULL,0,NULL,'2025-10-31 18:38:44','2025-10-31 18:38:44',NULL),(24090,NULL,24090,23752,NULL,0,NULL,'2025-10-31 18:38:44','2025-10-31 18:38:44',NULL),(24091,NULL,24091,23753,NULL,0,NULL,'2025-10-31 18:38:44','2025-10-31 18:38:44',NULL),(24092,NULL,24092,23754,NULL,0,NULL,'2025-10-31 18:38:45','2025-10-31 18:38:45',NULL),(24093,NULL,24093,23755,NULL,0,NULL,'2025-10-31 18:38:45','2025-10-31 18:38:45',NULL),(24094,NULL,24094,23756,NULL,0,NULL,'2025-10-31 18:38:45','2025-10-31 18:38:45',NULL),(24095,NULL,24095,23757,NULL,0,NULL,'2025-10-31 18:38:45','2025-10-31 18:38:45',NULL),(24096,NULL,24096,23758,NULL,0,NULL,'2025-10-31 18:38:45','2025-10-31 18:38:45',NULL),(24097,NULL,24097,23759,NULL,0,NULL,'2025-10-31 18:38:45','2025-10-31 18:38:45',NULL),(24098,NULL,24098,23760,NULL,0,NULL,'2025-10-31 18:38:45','2025-10-31 18:38:45',NULL),(24099,NULL,24099,23761,NULL,0,NULL,'2025-10-31 18:38:45','2025-10-31 18:38:45',NULL),(24100,NULL,24100,23762,NULL,0,NULL,'2025-10-31 18:38:45','2025-10-31 18:38:45',NULL),(24101,NULL,24101,23763,NULL,0,NULL,'2025-10-31 18:38:45','2025-10-31 18:38:45',NULL),(24102,NULL,24102,23764,NULL,0,NULL,'2025-10-31 18:38:46','2025-10-31 18:38:46',NULL),(24103,NULL,24103,23765,NULL,0,NULL,'2025-10-31 18:38:46','2025-10-31 18:38:46',NULL),(24104,NULL,24104,23766,NULL,0,NULL,'2025-10-31 18:38:46','2025-10-31 18:38:46',NULL),(24105,NULL,24105,23767,NULL,0,NULL,'2025-10-31 18:38:46','2025-10-31 18:38:46',NULL),(24106,NULL,24106,23768,NULL,0,NULL,'2025-10-31 18:38:46','2025-10-31 18:38:46',NULL);
INSERT INTO `cta_cte_cliente_pivot_receipt` VALUES (24107,NULL,24107,23769,NULL,0,NULL,'2025-10-31 18:38:46','2025-10-31 18:38:46',NULL),(24108,NULL,24108,23770,NULL,0,NULL,'2025-10-31 18:38:46','2025-10-31 18:38:46',NULL),(24109,NULL,24109,23771,NULL,0,NULL,'2025-10-31 18:38:46','2025-10-31 18:38:46',NULL),(24110,NULL,24110,23772,NULL,0,NULL,'2025-10-31 18:38:46','2025-10-31 18:38:46',NULL),(24111,NULL,24111,23773,NULL,0,NULL,'2025-10-31 18:38:46','2025-10-31 18:38:46',NULL),(24112,NULL,24112,23774,NULL,0,NULL,'2025-10-31 18:38:47','2025-10-31 18:38:47',NULL),(24113,NULL,24113,23775,NULL,0,NULL,'2025-10-31 18:38:47','2025-10-31 18:38:47',NULL),(24114,NULL,24114,23776,NULL,0,NULL,'2025-10-31 18:38:47','2025-10-31 18:38:47',NULL),(24115,NULL,24115,23777,NULL,0,NULL,'2025-10-31 18:38:47','2025-10-31 18:38:47',NULL),(24116,NULL,24116,23778,NULL,0,NULL,'2025-10-31 18:38:47','2025-10-31 18:38:47',NULL),(24117,NULL,24117,23779,NULL,0,NULL,'2025-10-31 18:38:47','2025-10-31 18:38:47',NULL),(24118,NULL,24118,23780,NULL,0,NULL,'2025-10-31 18:38:47','2025-10-31 18:38:47',NULL),(24119,NULL,24119,23781,NULL,0,NULL,'2025-10-31 18:38:47','2025-10-31 18:38:47',NULL),(24120,NULL,24120,23782,NULL,0,NULL,'2025-10-31 18:38:47','2025-10-31 18:38:47',NULL),(24121,NULL,24121,23783,NULL,0,NULL,'2025-10-31 18:38:47','2025-10-31 18:38:47',NULL),(24122,NULL,24122,23784,NULL,0,NULL,'2025-10-31 18:38:47','2025-10-31 18:38:47',NULL),(24123,NULL,24123,23785,NULL,0,NULL,'2025-10-31 18:38:48','2025-10-31 18:38:48',NULL),(24124,8328,24124,23786,NULL,0,NULL,'2025-11-04 01:00:23','2025-11-04 01:00:23',NULL),(24125,8328,24125,23787,NULL,0,NULL,'2025-11-06 12:43:59','2025-11-06 12:43:59',NULL),(24126,8328,24126,23788,NULL,0,NULL,'2025-11-06 14:07:09','2025-11-06 14:07:09',NULL),(24127,8328,24127,23789,NULL,0,NULL,'2025-11-06 14:12:04','2025-11-06 14:12:04',NULL),(24128,8328,24128,23790,NULL,0,NULL,'2025-11-06 14:31:36','2025-11-06 14:31:36',NULL),(24129,8328,24129,23791,NULL,0,NULL,'2025-11-06 14:31:37','2025-11-06 14:31:37',NULL),(24130,8328,24130,23792,NULL,0,NULL,'2025-11-06 14:31:39','2025-11-06 14:31:39',NULL),(24131,8328,24131,23793,NULL,0,NULL,'2025-11-06 14:31:40','2025-11-06 14:31:40',NULL),(24132,8328,24132,23794,NULL,0,NULL,'2025-11-06 14:31:42','2025-11-06 14:31:42',NULL),(24133,8328,24133,23795,NULL,0,NULL,'2025-11-06 14:31:43','2025-11-06 14:31:43',NULL),(24134,8328,24134,23796,NULL,0,NULL,'2025-11-07 16:19:26','2025-11-07 16:19:26',NULL),(24135,8328,24135,23797,NULL,0,NULL,'2025-11-07 16:19:26','2025-11-07 16:19:26',NULL),(24136,8328,24136,23798,NULL,0,NULL,'2025-11-07 16:19:26','2025-11-07 16:19:26',NULL),(24137,8328,24137,23799,NULL,0,NULL,'2025-11-07 16:19:27','2025-11-07 16:19:27',NULL),(24138,8328,24138,23800,NULL,0,NULL,'2025-11-07 16:19:27','2025-11-07 16:19:27',NULL),(24139,8328,24139,23801,NULL,0,NULL,'2025-11-07 16:19:27','2025-11-07 16:19:27',NULL),(24140,8328,24140,23802,NULL,0,NULL,'2025-11-07 16:19:27','2025-11-07 16:19:27',NULL),(24141,8328,24141,23803,NULL,0,NULL,'2025-11-07 16:19:27','2025-11-07 16:19:27',NULL),(24142,8328,24142,23804,NULL,0,NULL,'2025-11-07 16:19:27','2025-11-07 16:19:27',NULL),(24143,8328,24143,23805,NULL,0,NULL,'2025-11-07 16:19:27','2025-11-07 16:19:27',NULL),(24144,8328,24144,23806,NULL,0,NULL,'2025-11-07 16:19:27','2025-11-07 16:19:27',NULL),(24145,8328,24145,23807,NULL,0,NULL,'2025-11-07 16:19:27','2025-11-07 16:19:27',NULL),(24146,8328,24146,23808,NULL,0,NULL,'2025-11-07 16:19:27','2025-11-07 16:19:27',NULL),(24147,8328,24147,23809,NULL,0,NULL,'2025-11-07 16:19:27','2025-11-07 16:19:27',NULL),(24148,8328,24148,23810,NULL,0,NULL,'2025-11-07 16:19:28','2025-11-07 16:19:28',NULL),(24149,8328,24149,23811,NULL,0,NULL,'2025-11-07 16:19:28','2025-11-07 16:19:28',NULL),(24150,8328,24150,23812,NULL,0,NULL,'2025-11-07 16:19:28','2025-11-07 16:19:28',NULL),(24151,8328,24151,23813,NULL,0,NULL,'2025-11-07 16:19:28','2025-11-07 16:19:28',NULL),(24152,8328,24152,23814,NULL,0,NULL,'2025-11-07 16:19:28','2025-11-07 16:19:28',NULL);
INSERT INTO `cta_cte_cliente_pivot_receipt` VALUES (24153,8328,24153,23815,NULL,0,NULL,'2025-11-07 16:19:28','2025-11-07 16:19:28',NULL),(24154,8328,24154,23816,NULL,0,NULL,'2025-11-07 16:19:28','2025-11-07 16:19:28',NULL),(24155,8328,24155,23817,NULL,0,NULL,'2025-11-07 16:19:28','2025-11-07 16:19:28',NULL),(24156,8328,24156,23818,NULL,0,NULL,'2025-11-07 16:19:28','2025-11-07 16:19:28',NULL),(24157,8328,24157,23819,NULL,0,NULL,'2025-11-07 16:19:28','2025-11-07 16:19:28',NULL),(24158,8328,24158,23820,NULL,0,NULL,'2025-11-07 16:19:28','2025-11-07 16:19:28',NULL),(24159,8328,24159,23821,NULL,0,NULL,'2025-11-07 16:19:29','2025-11-07 16:19:29',NULL),(24160,8328,24160,23822,NULL,0,NULL,'2025-11-07 16:19:29','2025-11-07 16:19:29',NULL),(24161,8328,24161,23823,NULL,0,NULL,'2025-11-07 16:19:29','2025-11-07 16:19:29',NULL),(24162,8328,24162,23824,NULL,0,NULL,'2025-11-07 16:19:29','2025-11-07 16:19:29',NULL),(24163,8328,24163,23825,NULL,0,NULL,'2025-11-07 16:19:29','2025-11-07 16:19:29',NULL),(24164,8328,24164,23826,NULL,0,NULL,'2025-11-07 16:19:29','2025-11-07 16:19:29',NULL),(24165,8328,24165,23827,NULL,0,NULL,'2025-11-07 16:19:29','2025-11-07 16:19:29',NULL),(24166,8328,24166,23828,NULL,0,NULL,'2025-11-07 16:19:29','2025-11-07 16:19:29',NULL),(24167,8328,24167,23829,NULL,0,NULL,'2025-11-07 16:19:29','2025-11-07 16:19:29',NULL),(24168,8328,24168,23830,NULL,0,NULL,'2025-11-07 16:19:29','2025-11-07 16:19:29',NULL),(24169,8328,24169,23831,NULL,0,NULL,'2025-11-07 16:19:30','2025-11-07 16:19:30',NULL),(24170,8328,24170,23832,NULL,0,NULL,'2025-11-07 16:19:30','2025-11-07 16:19:30',NULL),(24171,8328,24171,23833,NULL,0,NULL,'2025-11-07 16:19:30','2025-11-07 16:19:30',NULL),(24172,8328,24172,23834,NULL,0,NULL,'2025-11-07 16:19:30','2025-11-07 16:19:30',NULL),(24173,8328,24173,23835,NULL,0,NULL,'2025-11-07 16:19:30','2025-11-07 16:19:30',NULL),(24174,8328,24174,23836,NULL,0,NULL,'2025-11-07 16:19:30','2025-11-07 16:19:30',NULL),(24175,8328,24175,23837,NULL,0,NULL,'2025-11-07 16:19:30','2025-11-07 16:19:30',NULL),(24176,8328,24176,23838,NULL,0,NULL,'2025-11-07 16:19:30','2025-11-07 16:19:30',NULL),(24177,8328,24177,23839,NULL,0,NULL,'2025-11-07 16:19:30','2025-11-07 16:19:30',NULL),(24178,8328,24178,23840,NULL,0,NULL,'2025-11-07 16:19:30','2025-11-07 16:19:30',NULL),(24179,8328,24179,23841,NULL,0,NULL,'2025-11-07 16:19:30','2025-11-07 16:19:30',NULL),(24180,8328,24180,23842,NULL,0,NULL,'2025-11-07 16:19:30','2025-11-07 16:19:30',NULL),(24181,8328,24181,23843,NULL,0,NULL,'2025-11-07 16:19:31','2025-11-07 16:19:31',NULL),(24182,8328,24182,23844,NULL,0,NULL,'2025-11-07 16:19:31','2025-11-07 16:19:31',NULL),(24183,8328,24183,23845,NULL,0,NULL,'2025-11-07 16:19:31','2025-11-07 16:19:31',NULL),(24184,8328,24184,23846,NULL,0,NULL,'2025-11-07 16:19:31','2025-11-07 16:19:31',NULL),(24185,8328,24185,23847,NULL,0,NULL,'2025-11-07 16:19:31','2025-11-07 16:19:31',NULL),(24186,8328,24186,23848,NULL,0,NULL,'2025-11-07 16:19:31','2025-11-07 16:19:31',NULL),(24187,8328,24187,23849,NULL,0,NULL,'2025-11-07 16:19:31','2025-11-07 16:19:31',NULL),(24188,8328,24188,23850,NULL,0,NULL,'2025-11-07 16:19:31','2025-11-07 16:19:31',NULL),(24189,8328,24189,23851,NULL,0,NULL,'2025-11-07 16:19:31','2025-11-07 16:19:31',NULL),(24190,8328,24190,23852,NULL,0,NULL,'2025-11-07 16:19:31','2025-11-07 16:19:31',NULL),(24191,8328,24191,23853,NULL,0,NULL,'2025-11-07 16:19:31','2025-11-07 16:19:31',NULL),(24192,8328,24192,23854,NULL,0,NULL,'2025-11-07 16:19:32','2025-11-07 16:19:32',NULL),(24193,8328,24193,23855,NULL,0,NULL,'2025-11-07 16:19:32','2025-11-07 16:19:32',NULL),(24194,8328,24194,23856,NULL,0,NULL,'2025-11-07 16:19:32','2025-11-07 16:19:32',NULL),(24195,8328,24195,23857,NULL,0,NULL,'2025-11-07 16:19:32','2025-11-07 16:19:32',NULL),(24196,8328,24196,23858,NULL,0,NULL,'2025-11-07 16:19:32','2025-11-07 16:19:32',NULL),(24197,8328,24197,23859,NULL,0,NULL,'2025-11-07 16:19:32','2025-11-07 16:19:32',NULL),(24198,8328,24198,23860,NULL,0,NULL,'2025-11-07 16:19:32','2025-11-07 16:19:32',NULL);
INSERT INTO `cta_cte_cliente_pivot_receipt` VALUES (24199,8328,24199,23861,NULL,0,NULL,'2025-11-07 16:19:32','2025-11-07 16:19:32',NULL),(24200,8328,24200,23862,NULL,0,NULL,'2025-11-07 16:19:32','2025-11-07 16:19:32',NULL),(24201,8328,24201,23863,NULL,0,NULL,'2025-11-07 16:19:32','2025-11-07 16:19:32',NULL),(24202,8328,24202,23864,NULL,0,NULL,'2025-11-07 16:19:32','2025-11-07 16:19:32',NULL),(24203,8328,24203,23865,NULL,0,NULL,'2025-11-07 16:19:32','2025-11-07 16:19:32',NULL),(24204,8328,24204,23866,NULL,0,NULL,'2025-11-07 16:19:33','2025-11-07 16:19:33',NULL),(24205,8328,24205,23867,NULL,0,NULL,'2025-11-07 16:19:33','2025-11-07 16:19:33',NULL),(24206,8328,24206,23868,NULL,0,NULL,'2025-11-07 16:19:33','2025-11-07 16:19:33',NULL),(24207,8328,24207,23869,NULL,0,NULL,'2025-11-07 16:19:33','2025-11-07 16:19:33',NULL),(24208,8328,24208,23870,NULL,0,NULL,'2025-11-07 16:19:33','2025-11-07 16:19:33',NULL),(24209,8328,24209,23871,NULL,0,NULL,'2025-11-07 16:19:33','2025-11-07 16:19:33',NULL),(24210,8328,24210,23872,NULL,0,NULL,'2025-11-07 16:19:33','2025-11-07 16:19:33',NULL),(24211,8328,24211,23873,NULL,0,NULL,'2025-11-07 16:19:33','2025-11-07 16:19:33',NULL),(24212,8328,24212,23874,NULL,0,NULL,'2025-11-07 16:19:33','2025-11-07 16:19:33',NULL),(24213,8328,24213,23875,NULL,0,NULL,'2025-11-07 16:19:33','2025-11-07 16:19:33',NULL),(24214,8328,24214,23876,NULL,0,NULL,'2025-11-07 16:19:33','2025-11-07 16:19:33',NULL),(24215,8328,24215,23877,NULL,0,NULL,'2025-11-07 16:19:34','2025-11-07 16:19:34',NULL),(24216,8328,24216,23878,NULL,0,NULL,'2025-11-07 16:19:34','2025-11-07 16:19:34',NULL),(24217,8328,24217,23879,NULL,0,NULL,'2025-11-07 16:19:34','2025-11-07 16:19:34',NULL),(24218,8328,24218,23880,NULL,0,NULL,'2025-11-07 16:19:34','2025-11-07 16:19:34',NULL),(24219,8328,24219,23881,NULL,0,NULL,'2025-11-07 16:19:34','2025-11-07 16:19:34',NULL),(24220,8328,24220,23882,NULL,0,NULL,'2025-11-07 16:19:34','2025-11-07 16:19:34',NULL),(24221,8328,24221,23883,NULL,0,NULL,'2025-11-07 16:19:34','2025-11-07 16:19:34',NULL),(24222,8328,24222,23884,NULL,0,NULL,'2025-11-07 16:19:34','2025-11-07 16:19:34',NULL),(24223,8328,24223,23885,NULL,0,NULL,'2025-11-07 16:19:34','2025-11-07 16:19:34',NULL),(24224,8328,24224,23886,NULL,0,NULL,'2025-11-07 16:19:34','2025-11-07 16:19:34',NULL),(24225,8328,24225,23887,NULL,0,NULL,'2025-11-07 16:19:34','2025-11-07 16:19:34',NULL),(24226,8328,24226,23888,NULL,0,NULL,'2025-11-07 16:19:35','2025-11-07 16:19:35',NULL),(24227,8328,24227,23889,NULL,0,NULL,'2025-11-07 16:19:35','2025-11-07 16:19:35',NULL),(24228,8328,24228,23890,NULL,0,NULL,'2025-11-07 16:19:35','2025-11-07 16:19:35',NULL),(24229,8328,24229,23891,NULL,0,NULL,'2025-11-07 16:19:35','2025-11-07 16:19:35',NULL),(24230,8328,24230,23892,NULL,0,NULL,'2025-11-07 16:19:35','2025-11-07 16:19:35',NULL),(24231,8328,24231,23893,NULL,0,NULL,'2025-11-07 16:19:35','2025-11-07 16:19:35',NULL),(24232,8328,24232,23894,NULL,0,NULL,'2025-11-07 16:19:35','2025-11-07 16:19:35',NULL),(24233,8328,24233,23895,NULL,0,NULL,'2025-11-07 16:19:35','2025-11-07 16:19:35',NULL),(24234,8328,24234,23896,NULL,0,NULL,'2025-11-07 16:19:35','2025-11-07 16:19:35',NULL),(24235,8328,24235,23897,NULL,0,NULL,'2025-11-07 16:19:35','2025-11-07 16:19:35',NULL),(24236,8328,24236,23898,NULL,0,NULL,'2025-11-07 16:19:35','2025-11-07 16:19:35',NULL),(24237,8328,24237,23899,NULL,0,NULL,'2025-11-07 16:19:35','2025-11-07 16:19:35',NULL),(24238,8328,24238,23900,NULL,0,NULL,'2025-11-07 16:19:36','2025-11-07 16:19:36',NULL),(24239,8328,24239,23901,NULL,0,NULL,'2025-11-07 16:19:36','2025-11-07 16:19:36',NULL),(24240,8328,24240,23902,NULL,0,NULL,'2025-11-07 16:19:36','2025-11-07 16:19:36',NULL),(24241,8328,24241,23903,NULL,0,NULL,'2025-11-07 16:19:36','2025-11-07 16:19:36',NULL),(24242,8328,24242,23904,NULL,0,NULL,'2025-11-07 16:19:36','2025-11-07 16:19:36',NULL),(24243,8328,24243,23905,NULL,0,NULL,'2025-11-07 16:19:36','2025-11-07 16:19:36',NULL),(24244,8328,24244,23906,NULL,0,NULL,'2025-11-07 16:19:36','2025-11-07 16:19:36',NULL);
INSERT INTO `cta_cte_cliente_pivot_receipt` VALUES (24245,8328,24245,23907,NULL,0,NULL,'2025-11-07 16:19:36','2025-11-07 16:19:36',NULL),(24246,8328,24246,23908,NULL,0,NULL,'2025-11-07 16:19:36','2025-11-07 16:19:36',NULL),(24247,8328,24247,23909,NULL,0,NULL,'2025-11-07 16:19:36','2025-11-07 16:19:36',NULL),(24248,8328,24248,23910,NULL,0,NULL,'2025-11-07 16:19:36','2025-11-07 16:19:36',NULL),(24249,8328,24249,23911,NULL,0,NULL,'2025-11-07 16:19:37','2025-11-07 16:19:37',NULL),(24250,8328,24250,23912,NULL,0,NULL,'2025-11-07 16:19:37','2025-11-07 16:19:37',NULL),(24251,8328,24251,23913,NULL,0,NULL,'2025-11-07 16:19:37','2025-11-07 16:19:37',NULL),(24252,8328,24252,23914,NULL,0,NULL,'2025-11-07 16:31:47','2025-11-07 16:31:47',NULL),(24253,8328,24253,23915,NULL,0,NULL,'2025-11-07 16:31:47','2025-11-07 16:31:47',NULL),(24254,8328,24254,23916,NULL,0,NULL,'2025-11-07 16:31:47','2025-11-07 16:31:47',NULL),(24255,8328,24255,23917,NULL,0,NULL,'2025-11-07 16:33:10','2025-11-07 16:33:10',NULL),(24256,8328,24256,23918,NULL,0,NULL,'2025-11-07 16:33:10','2025-11-07 16:33:10',NULL),(24257,8328,24257,23919,NULL,0,NULL,'2025-11-07 16:33:10','2025-11-07 16:33:10',NULL),(24258,8328,24258,23920,NULL,0,NULL,'2025-11-07 16:33:10','2025-11-07 16:33:10',NULL),(24259,8328,24259,23921,NULL,0,NULL,'2025-11-07 16:33:10','2025-11-07 16:33:10',NULL),(24260,8328,24260,23922,NULL,0,NULL,'2025-11-07 16:33:10','2025-11-07 16:33:10',NULL),(24261,8328,24261,23923,NULL,0,NULL,'2025-11-07 16:33:10','2025-11-07 16:33:10',NULL),(24262,8328,24262,23924,NULL,0,NULL,'2025-11-07 16:33:10','2025-11-07 16:33:10',NULL),(24263,8328,24263,23925,NULL,0,NULL,'2025-11-07 16:33:10','2025-11-07 16:33:10',NULL),(24264,8328,24264,23926,NULL,0,NULL,'2025-11-07 16:33:11','2025-11-07 16:33:11',NULL),(24265,8328,24265,23927,NULL,0,NULL,'2025-11-07 16:33:11','2025-11-07 16:33:11',NULL),(24266,8328,24266,23928,NULL,0,NULL,'2025-11-07 16:33:11','2025-11-07 16:33:11',NULL),(24267,8328,24267,23929,NULL,0,NULL,'2025-11-07 16:33:11','2025-11-07 16:33:11',NULL),(24268,8328,24268,23930,NULL,0,NULL,'2025-11-07 16:33:11','2025-11-07 16:33:11',NULL),(24269,8328,24269,23931,NULL,0,NULL,'2025-11-07 16:33:11','2025-11-07 16:33:11',NULL),(24270,8328,24270,23932,NULL,0,NULL,'2025-11-07 16:33:11','2025-11-07 16:33:11',NULL),(24271,8328,24271,23933,NULL,0,NULL,'2025-11-07 16:33:11','2025-11-07 16:33:11',NULL),(24272,8328,24272,23934,NULL,0,NULL,'2025-11-07 16:33:11','2025-11-07 16:33:11',NULL),(24273,8328,24273,23935,NULL,0,NULL,'2025-11-07 16:33:11','2025-11-07 16:33:11',NULL),(24274,8328,24274,23936,NULL,0,NULL,'2025-11-07 16:33:11','2025-11-07 16:33:11',NULL),(24275,8328,24275,23937,NULL,0,NULL,'2025-11-07 16:33:11','2025-11-07 16:33:11',NULL),(24276,8328,24276,23938,NULL,0,NULL,'2025-11-07 16:33:12','2025-11-07 16:33:12',NULL),(24277,8328,24277,23939,NULL,0,NULL,'2025-11-07 16:33:12','2025-11-07 16:33:12',NULL),(24278,8328,24278,23940,NULL,0,NULL,'2025-11-07 16:33:12','2025-11-07 16:33:12',NULL),(24279,8328,24279,23941,NULL,0,NULL,'2025-11-07 16:33:12','2025-11-07 16:33:12',NULL),(24280,8328,24280,23942,NULL,0,NULL,'2025-11-07 16:33:12','2025-11-07 16:33:12',NULL),(24281,8328,24281,23943,NULL,0,NULL,'2025-11-07 16:33:12','2025-11-07 16:33:12',NULL),(24282,8328,24282,23944,NULL,0,NULL,'2025-11-07 16:33:12','2025-11-07 16:33:12',NULL),(24283,8328,24283,23945,NULL,0,NULL,'2025-11-07 16:33:12','2025-11-07 16:33:12',NULL),(24284,8328,24284,23946,NULL,0,NULL,'2025-11-07 16:33:12','2025-11-07 16:33:12',NULL),(24285,8328,24285,23947,NULL,0,NULL,'2025-11-07 16:33:12','2025-11-07 16:33:12',NULL),(24286,8328,24286,23948,NULL,0,NULL,'2025-11-07 16:33:12','2025-11-07 16:33:12',NULL),(24287,8328,24287,23949,NULL,0,NULL,'2025-11-07 16:33:12','2025-11-07 16:33:12',NULL),(24288,8328,24288,23950,NULL,0,NULL,'2025-11-07 16:33:13','2025-11-07 16:33:13',NULL),(24289,8328,24289,23951,NULL,0,NULL,'2025-11-07 16:33:13','2025-11-07 16:33:13',NULL),(24290,8328,24290,23952,NULL,0,NULL,'2025-11-07 16:33:13','2025-11-07 16:33:13',NULL);
INSERT INTO `cta_cte_cliente_pivot_receipt` VALUES (24291,8328,24291,23953,NULL,0,NULL,'2025-11-07 16:33:13','2025-11-07 16:33:13',NULL),(24292,8328,24292,23954,NULL,0,NULL,'2025-11-07 16:33:13','2025-11-07 16:33:13',NULL),(24293,8328,24293,23955,NULL,0,NULL,'2025-11-07 16:33:13','2025-11-07 16:33:13',NULL),(24294,8328,24294,23956,NULL,0,NULL,'2025-11-07 16:33:13','2025-11-07 16:33:13',NULL),(24295,8328,24295,23957,NULL,0,NULL,'2025-11-07 16:33:13','2025-11-07 16:33:13',NULL),(24296,8328,24296,23958,NULL,0,NULL,'2025-11-07 16:33:13','2025-11-07 16:33:13',NULL),(24297,8328,24297,23959,NULL,0,NULL,'2025-11-07 16:33:13','2025-11-07 16:33:13',NULL),(24298,8328,24298,23960,NULL,0,NULL,'2025-11-07 16:33:13','2025-11-07 16:33:13',NULL),(24299,8328,24299,23961,NULL,0,NULL,'2025-11-07 16:33:13','2025-11-07 16:33:13',NULL),(24300,8328,24300,23962,NULL,0,NULL,'2025-11-07 16:33:14','2025-11-07 16:33:14',NULL),(24301,8328,24301,23963,NULL,0,NULL,'2025-11-07 16:33:14','2025-11-07 16:33:14',NULL),(24302,8328,24302,23964,NULL,0,NULL,'2025-11-07 16:33:14','2025-11-07 16:33:14',NULL),(24303,8328,24303,23965,NULL,0,NULL,'2025-11-07 16:33:14','2025-11-07 16:33:14',NULL),(24304,8328,24304,23966,NULL,0,NULL,'2025-11-07 16:33:14','2025-11-07 16:33:14',NULL),(24305,8328,24305,23967,NULL,0,NULL,'2025-11-07 16:50:43','2025-11-07 16:50:43',NULL),(24306,8328,24306,23968,NULL,0,NULL,'2025-11-07 16:50:43','2025-11-07 16:50:43',NULL),(24307,8328,24307,23969,NULL,0,NULL,'2025-11-07 16:50:43','2025-11-07 16:50:43',NULL),(24308,8328,24308,23970,NULL,0,NULL,'2025-11-07 16:50:43','2025-11-07 16:50:43',NULL),(24309,8328,24309,23971,NULL,0,NULL,'2025-11-07 16:50:44','2025-11-07 16:50:44',NULL),(24310,8328,24310,23972,NULL,0,NULL,'2025-11-07 16:50:44','2025-11-07 16:50:44',NULL),(24311,8328,24311,23973,NULL,0,NULL,'2025-11-07 16:50:44','2025-11-07 16:50:44',NULL),(24312,8328,24312,23974,NULL,0,NULL,'2025-11-07 16:50:44','2025-11-07 16:50:44',NULL),(24313,8328,24313,23975,NULL,0,NULL,'2025-11-07 16:50:44','2025-11-07 16:50:44',NULL),(24314,8328,24314,23976,NULL,0,NULL,'2025-11-07 16:50:44','2025-11-07 16:50:44',NULL),(24315,8328,24315,23977,NULL,0,NULL,'2025-11-07 16:50:44','2025-11-07 16:50:44',NULL),(24316,8328,24316,23978,NULL,0,NULL,'2025-11-07 16:50:44','2025-11-07 16:50:44',NULL),(24317,8328,24317,23979,NULL,0,NULL,'2025-11-07 16:50:44','2025-11-07 16:50:44',NULL),(24318,8328,24318,23980,NULL,0,NULL,'2025-11-07 16:50:44','2025-11-07 16:50:44',NULL),(24319,8328,24319,23981,NULL,0,NULL,'2025-11-07 16:50:44','2025-11-07 16:50:44',NULL),(24320,8328,24320,23982,NULL,0,NULL,'2025-11-07 16:50:45','2025-11-07 16:50:45',NULL),(24321,8328,24321,23983,NULL,0,NULL,'2025-11-07 16:50:45','2025-11-07 16:50:45',NULL),(24322,8328,24322,23984,NULL,0,NULL,'2025-11-07 16:50:45','2025-11-07 16:50:45',NULL),(24323,8328,24323,23985,NULL,0,NULL,'2025-11-07 16:50:45','2025-11-07 16:50:45',NULL),(24324,8328,24324,23986,NULL,0,NULL,'2025-11-07 16:50:45','2025-11-07 16:50:45',NULL),(24325,8328,24325,23987,NULL,0,NULL,'2025-11-07 16:50:45','2025-11-07 16:50:45',NULL),(24326,8328,24326,23988,NULL,0,NULL,'2025-11-07 16:50:45','2025-11-07 16:50:45',NULL),(24327,8328,24327,23989,NULL,0,NULL,'2025-11-07 16:50:45','2025-11-07 16:50:45',NULL),(24328,8328,24328,23990,NULL,0,NULL,'2025-11-07 16:50:45','2025-11-07 16:50:45',NULL),(24329,8328,24329,23991,NULL,0,NULL,'2025-11-07 16:50:45','2025-11-07 16:50:45',NULL),(24330,8328,24330,23992,NULL,0,NULL,'2025-11-07 16:50:45','2025-11-07 16:50:45',NULL),(24331,8328,24331,23993,NULL,0,NULL,'2025-11-07 16:50:46','2025-11-07 16:50:46',NULL),(24332,8328,24332,23994,NULL,0,NULL,'2025-11-07 16:50:46','2025-11-07 16:50:46',NULL),(24333,8328,24333,23995,NULL,0,NULL,'2025-11-07 16:50:46','2025-11-07 16:50:46',NULL),(24334,8328,24334,23996,NULL,0,NULL,'2025-11-07 16:50:46','2025-11-07 16:50:46',NULL),(24335,8328,24335,23997,NULL,0,NULL,'2025-11-07 16:50:46','2025-11-07 16:50:46',NULL),(24336,8328,24336,23998,NULL,0,NULL,'2025-11-07 16:50:46','2025-11-07 16:50:46',NULL);
INSERT INTO `cta_cte_cliente_pivot_receipt` VALUES (24337,8328,24337,23999,NULL,0,NULL,'2025-11-07 16:50:46','2025-11-07 16:50:46',NULL),(24338,8328,24338,24000,NULL,0,NULL,'2025-11-07 16:50:46','2025-11-07 16:50:46',NULL),(24339,8328,24339,24001,NULL,0,NULL,'2025-11-07 16:50:46','2025-11-07 16:50:46',NULL),(24340,8328,24340,24002,NULL,0,NULL,'2025-11-07 16:50:46','2025-11-07 16:50:46',NULL),(24341,8328,24341,24003,NULL,0,NULL,'2025-11-07 16:50:46','2025-11-07 16:50:46',NULL),(24342,8328,24342,24004,NULL,0,NULL,'2025-11-07 16:50:47','2025-11-07 16:50:47',NULL),(24343,8328,24343,24005,NULL,0,NULL,'2025-11-07 16:50:47','2025-11-07 16:50:47',NULL),(24344,8328,24344,24006,NULL,0,NULL,'2025-11-07 16:50:47','2025-11-07 16:50:47',NULL),(24345,8328,24345,24007,NULL,0,NULL,'2025-11-07 16:50:47','2025-11-07 16:50:47',NULL),(24346,8328,24346,24008,NULL,0,NULL,'2025-11-07 16:50:47','2025-11-07 16:50:47',NULL),(24347,8328,24347,24009,NULL,0,NULL,'2025-11-07 16:50:47','2025-11-07 16:50:47',NULL),(24348,8328,24348,24010,NULL,0,NULL,'2025-11-07 16:50:47','2025-11-07 16:50:47',NULL),(24349,8328,24349,24011,NULL,0,NULL,'2025-11-07 16:50:47','2025-11-07 16:50:47',NULL),(24350,8328,24350,24012,NULL,0,NULL,'2025-11-07 16:50:47','2025-11-07 16:50:47',NULL),(24351,8328,24351,24013,NULL,0,NULL,'2025-11-07 16:50:47','2025-11-07 16:50:47',NULL),(24352,8328,24352,24014,NULL,0,NULL,'2025-11-07 16:50:47','2025-11-07 16:50:47',NULL),(24353,8328,24353,24015,NULL,0,NULL,'2025-11-07 16:50:48','2025-11-07 16:50:48',NULL),(24354,8328,24354,24016,NULL,0,NULL,'2025-11-07 16:50:48','2025-11-07 16:50:48',NULL),(24355,8328,24355,24017,NULL,0,NULL,'2025-11-07 16:50:48','2025-11-07 16:50:48',NULL),(24356,8328,24356,24018,NULL,0,NULL,'2025-11-07 16:50:48','2025-11-07 16:50:48',NULL),(24357,8328,24357,24019,NULL,0,NULL,'2025-11-07 16:50:48','2025-11-07 16:50:48',NULL),(24358,8328,24358,24020,NULL,0,NULL,'2025-11-07 16:50:48','2025-11-07 16:50:48',NULL),(24359,8328,24359,24021,NULL,0,NULL,'2025-11-07 16:50:48','2025-11-07 16:50:48',NULL),(24360,8328,24360,24022,NULL,0,NULL,'2025-11-07 16:50:48','2025-11-07 16:50:48',NULL),(24361,8328,24361,24023,NULL,0,NULL,'2025-11-07 16:50:48','2025-11-07 16:50:48',NULL),(24362,8328,24362,24024,NULL,0,NULL,'2025-11-07 16:50:48','2025-11-07 16:50:48',NULL),(24363,8328,24363,24025,NULL,0,NULL,'2025-11-07 16:50:48','2025-11-07 16:50:48',NULL),(24364,8328,24364,24026,NULL,0,NULL,'2025-11-07 16:50:48','2025-11-07 16:50:48',NULL),(24365,8328,24365,24027,NULL,0,NULL,'2025-11-07 16:50:49','2025-11-07 16:50:49',NULL),(24366,8328,24366,24028,NULL,0,NULL,'2025-11-07 16:50:49','2025-11-07 16:50:49',NULL),(24367,8328,24367,24029,NULL,0,NULL,'2025-11-07 16:50:49','2025-11-07 16:50:49',NULL),(24368,8328,24368,24030,NULL,0,NULL,'2025-11-07 16:50:49','2025-11-07 16:50:49',NULL),(24369,8328,24369,24031,NULL,0,NULL,'2025-11-07 16:50:49','2025-11-07 16:50:49',NULL),(24370,8328,24370,24032,NULL,0,NULL,'2025-11-07 16:50:49','2025-11-07 16:50:49',NULL),(24371,8328,24371,24033,NULL,0,NULL,'2025-11-07 16:50:49','2025-11-07 16:50:49',NULL),(24372,8328,24372,24034,NULL,0,NULL,'2025-11-07 16:50:49','2025-11-07 16:50:49',NULL),(24373,8328,24373,24035,NULL,0,NULL,'2025-11-07 16:50:49','2025-11-07 16:50:49',NULL),(24374,8328,24374,24036,NULL,0,NULL,'2025-11-07 16:50:49','2025-11-07 16:50:49',NULL),(24375,8328,24375,24037,NULL,0,NULL,'2025-11-07 16:50:49','2025-11-07 16:50:49',NULL),(24376,8328,24376,24038,NULL,0,NULL,'2025-11-07 16:50:50','2025-11-07 16:50:50',NULL),(24377,8328,24377,24039,NULL,0,NULL,'2025-11-07 16:50:50','2025-11-07 16:50:50',NULL),(24378,8328,24378,24040,NULL,0,NULL,'2025-11-07 16:50:50','2025-11-07 16:50:50',NULL),(24379,8328,24379,24041,NULL,0,NULL,'2025-11-07 16:50:50','2025-11-07 16:50:50',NULL),(24380,8328,24380,24042,NULL,0,NULL,'2025-11-07 16:50:50','2025-11-07 16:50:50',NULL),(24381,8328,24381,24043,NULL,0,NULL,'2025-11-07 16:50:50','2025-11-07 16:50:50',NULL),(24382,8328,24382,24044,NULL,0,NULL,'2025-11-07 16:50:50','2025-11-07 16:50:50',NULL);
INSERT INTO `cta_cte_cliente_pivot_receipt` VALUES (24383,8328,24383,24045,NULL,0,NULL,'2025-11-07 16:50:50','2025-11-07 16:50:50',NULL),(24384,8328,24384,24046,NULL,0,NULL,'2025-11-07 16:50:50','2025-11-07 16:50:50',NULL),(24385,8328,24385,24047,NULL,0,NULL,'2025-11-07 16:50:50','2025-11-07 16:50:50',NULL),(24386,8328,24386,24048,NULL,0,NULL,'2025-11-07 16:50:50','2025-11-07 16:50:50',NULL),(24387,8328,24387,24049,NULL,0,NULL,'2025-11-07 16:50:51','2025-11-07 16:50:51',NULL),(24388,8328,24388,24050,NULL,0,NULL,'2025-11-07 16:50:51','2025-11-07 16:50:51',NULL),(24389,8328,24389,24051,NULL,0,NULL,'2025-11-07 16:50:51','2025-11-07 16:50:51',NULL),(24390,8328,24390,24052,NULL,0,NULL,'2025-11-07 16:50:51','2025-11-07 16:50:51',NULL),(24391,8328,24391,24053,NULL,0,NULL,'2025-11-07 16:50:51','2025-11-07 16:50:51',NULL),(24392,8328,24392,24054,NULL,0,NULL,'2025-11-07 16:50:51','2025-11-07 16:50:51',NULL),(24393,8328,24393,24055,NULL,0,NULL,'2025-11-07 16:50:51','2025-11-07 16:50:51',NULL),(24394,8328,24394,24056,NULL,0,NULL,'2025-11-07 16:50:51','2025-11-07 16:50:51',NULL),(24395,8328,24395,24057,NULL,0,NULL,'2025-11-07 16:50:51','2025-11-07 16:50:51',NULL),(24396,8328,24396,24058,NULL,0,NULL,'2025-11-07 16:50:51','2025-11-07 16:50:51',NULL),(24397,8328,24397,24059,NULL,0,NULL,'2025-11-07 16:50:51','2025-11-07 16:50:51',NULL),(24401,8328,24401,24063,NULL,0,NULL,'2025-11-07 17:15:01','2025-11-07 17:15:01',NULL),(24402,8328,24402,24064,NULL,0,NULL,'2025-11-07 17:15:01','2025-11-07 17:15:01',NULL),(24403,8328,24403,24065,NULL,0,NULL,'2025-11-07 17:15:01','2025-11-07 17:15:01',NULL),(24404,8328,24404,24066,NULL,0,NULL,'2025-11-07 17:15:01','2025-11-07 17:15:01',NULL),(24405,8328,24405,24067,NULL,0,NULL,'2025-11-07 17:20:25','2025-11-07 17:20:25',NULL),(24406,8328,24406,24068,NULL,0,NULL,'2025-11-07 17:20:25','2025-11-07 17:20:25',NULL),(24407,8328,24407,24069,NULL,0,NULL,'2025-11-07 17:20:25','2025-11-07 17:20:25',NULL),(24408,8328,24408,24070,NULL,0,NULL,'2025-11-07 17:20:25','2025-11-07 17:20:25',NULL),(24409,8328,24409,24071,NULL,0,NULL,'2025-11-07 17:20:25','2025-11-07 17:20:25',NULL),(24410,8328,24410,24072,NULL,0,NULL,'2025-11-07 17:20:25','2025-11-07 17:20:25',NULL),(24411,8328,24411,24073,NULL,0,NULL,'2025-11-07 17:20:25','2025-11-07 17:20:25',NULL),(24412,8328,24412,24074,NULL,0,NULL,'2025-11-07 17:20:26','2025-11-07 17:20:26',NULL),(24413,8328,24413,24075,NULL,0,NULL,'2025-11-07 17:20:26','2025-11-07 17:20:26',NULL),(24414,8328,24414,24076,NULL,0,NULL,'2025-11-07 17:20:26','2025-11-07 17:20:26',NULL),(24415,8328,24415,24077,NULL,0,NULL,'2025-11-07 17:20:26','2025-11-07 17:20:26',NULL),(24416,8328,24416,24078,NULL,0,NULL,'2025-11-07 17:20:26','2025-11-07 17:20:26',NULL),(24417,8328,24417,24079,NULL,0,NULL,'2025-11-07 17:20:26','2025-11-07 17:20:26',NULL),(24418,8328,24418,24080,NULL,0,NULL,'2025-11-07 17:20:26','2025-11-07 17:20:26',NULL),(24419,8328,24419,24081,NULL,0,NULL,'2025-11-07 17:20:26','2025-11-07 17:20:26',NULL),(24420,8328,24420,24082,NULL,0,NULL,'2025-11-07 17:20:26','2025-11-07 17:20:26',NULL),(24421,8328,24421,24083,NULL,0,NULL,'2025-11-07 17:20:26','2025-11-07 17:20:26',NULL),(24422,8328,24422,24084,NULL,0,NULL,'2025-11-07 17:20:26','2025-11-07 17:20:26',NULL),(24423,8328,24423,24085,NULL,0,NULL,'2025-11-07 17:20:27','2025-11-07 17:20:27',NULL),(24424,8328,24424,24086,NULL,0,NULL,'2025-11-07 17:20:27','2025-11-07 17:20:27',NULL),(24425,8328,24425,24087,NULL,0,NULL,'2025-11-07 17:20:27','2025-11-07 17:20:27',NULL),(24426,8328,24426,24088,NULL,0,NULL,'2025-11-07 17:20:27','2025-11-07 17:20:27',NULL),(24427,8328,24427,24089,NULL,0,NULL,'2025-11-07 17:20:27','2025-11-07 17:20:27',NULL),(24428,8328,24428,24090,NULL,0,NULL,'2025-11-07 17:20:27','2025-11-07 17:20:27',NULL),(24429,8328,24429,24091,NULL,0,NULL,'2025-11-07 17:20:27','2025-11-07 17:20:27',NULL),(24430,8328,24430,24092,NULL,0,NULL,'2025-11-07 17:20:27','2025-11-07 17:20:27',NULL),(24431,8328,24431,24093,NULL,0,NULL,'2025-11-07 17:20:27','2025-11-07 17:20:27',NULL);
INSERT INTO `cta_cte_cliente_pivot_receipt` VALUES (24432,8328,24432,24094,NULL,0,NULL,'2025-11-07 17:20:27','2025-11-07 17:20:27',NULL),(24433,8328,24433,24095,NULL,0,NULL,'2025-11-07 17:20:28','2025-11-07 17:20:28',NULL),(24434,8328,24434,24096,NULL,0,NULL,'2025-11-07 17:20:28','2025-11-07 17:20:28',NULL),(24435,8328,24435,24097,NULL,0,NULL,'2025-11-07 17:20:28','2025-11-07 17:20:28',NULL),(24436,8328,24436,24098,NULL,0,NULL,'2025-11-07 17:20:28','2025-11-07 17:20:28',NULL),(24437,8328,24437,24099,NULL,0,NULL,'2025-11-07 17:20:28','2025-11-07 17:20:28',NULL),(24438,8328,24438,24100,NULL,0,NULL,'2025-11-07 17:20:28','2025-11-07 17:20:28',NULL),(24439,8328,24439,24101,NULL,0,NULL,'2025-11-07 17:20:28','2025-11-07 17:20:28',NULL),(24440,8328,24440,24102,NULL,0,NULL,'2025-11-07 17:20:28','2025-11-07 17:20:28',NULL),(24441,8328,24441,24103,NULL,0,NULL,'2025-11-07 17:20:28','2025-11-07 17:20:28',NULL),(24442,8328,24442,24104,NULL,0,NULL,'2025-11-18 20:07:11','2025-11-18 20:07:11',NULL),(24443,8328,24443,24105,NULL,0,NULL,'2025-11-18 20:07:11','2025-11-18 20:07:11',NULL),(24444,8328,24444,24106,NULL,0,NULL,'2025-11-18 20:07:11','2025-11-18 20:07:11',NULL),(24445,8328,24445,24107,NULL,0,NULL,'2025-11-18 20:07:11','2025-11-18 20:07:11',NULL),(24446,8328,24446,24108,NULL,0,NULL,'2025-11-18 20:07:11','2025-11-18 20:07:11',NULL),(24447,8328,24447,24109,NULL,0,NULL,'2025-11-18 20:07:12','2025-11-18 20:07:12',NULL),(24448,8328,24448,24110,NULL,0,NULL,'2025-11-18 20:07:12','2025-11-18 20:07:12',NULL),(24449,8328,24449,24111,NULL,0,NULL,'2025-11-18 20:07:12','2025-11-18 20:07:12',NULL),(24450,8328,24450,24112,NULL,0,NULL,'2025-11-18 20:08:19','2025-11-18 20:08:19',NULL),(24451,8328,24451,24113,NULL,0,NULL,'2025-11-18 20:08:19','2025-11-18 20:08:19',NULL),(24452,8328,24452,24114,NULL,0,NULL,'2025-11-18 20:08:20','2025-11-18 20:08:20',NULL),(24453,8328,24453,24115,NULL,0,NULL,'2025-11-18 20:08:20','2025-11-18 20:08:20',NULL),(24454,8328,24454,24116,NULL,0,NULL,'2025-11-18 20:08:20','2025-11-18 20:08:20',NULL),(24455,8328,24455,24117,NULL,0,NULL,'2025-11-18 20:08:20','2025-11-18 20:08:20',NULL),(24456,8328,24456,24118,NULL,0,NULL,'2025-11-18 20:08:20','2025-11-18 20:08:20',NULL),(24457,8328,24457,24119,NULL,0,NULL,'2025-11-18 20:08:20','2025-11-18 20:08:20',NULL),(24458,8328,24458,24120,NULL,0,NULL,'2025-11-18 20:08:20','2025-11-18 20:08:20',NULL),(24459,8328,24459,24121,NULL,0,NULL,'2025-11-18 20:08:20','2025-11-18 20:08:20',NULL),(24460,8328,24460,24122,NULL,0,NULL,'2025-11-18 20:08:20','2025-11-18 20:08:20',NULL),(24461,8328,24461,24123,NULL,0,NULL,'2025-11-18 20:08:20','2025-11-18 20:08:20',NULL),(24462,8328,24462,24124,NULL,0,NULL,'2025-11-18 20:17:18','2025-11-18 20:17:18',NULL),(24463,8328,24463,24125,NULL,0,NULL,'2025-11-18 20:17:18','2025-11-18 20:17:18',NULL),(24464,8328,24464,24126,NULL,0,NULL,'2025-11-18 20:17:18','2025-11-18 20:17:18',NULL),(24465,8328,24465,24127,NULL,0,NULL,'2025-11-18 20:17:19','2025-11-18 20:17:19',NULL),(24466,8328,24466,24128,NULL,0,NULL,'2025-11-18 20:17:19','2025-11-18 20:17:19',NULL),(24467,8328,24467,24129,NULL,0,NULL,'2025-11-18 20:17:19','2025-11-18 20:17:19',NULL),(24468,8328,24468,24130,NULL,0,NULL,'2025-11-18 20:17:19','2025-11-18 20:17:19',NULL),(24469,8328,24469,24131,NULL,0,NULL,'2025-11-18 20:17:19','2025-11-18 20:17:19',NULL),(24470,8328,24470,24132,NULL,0,NULL,'2025-11-18 20:17:31','2025-11-18 20:17:31',NULL),(24471,8328,24471,24133,NULL,0,NULL,'2025-11-18 20:17:32','2025-11-18 20:17:32',NULL),(24472,8328,24472,24134,NULL,0,NULL,'2025-11-18 20:17:32','2025-11-18 20:17:32',NULL),(24473,8328,24473,24135,NULL,0,NULL,'2025-11-18 20:17:32','2025-11-18 20:17:32',NULL),(24474,8328,24474,24136,NULL,0,NULL,'2025-11-18 20:17:32','2025-11-18 20:17:32',NULL),(24475,8328,24475,24137,NULL,0,NULL,'2025-11-18 20:17:32','2025-11-18 20:17:32',NULL),(24476,8328,24476,24138,NULL,0,NULL,'2025-11-18 20:17:32','2025-11-18 20:17:32',NULL),(24477,8328,24477,24139,NULL,0,NULL,'2025-11-18 20:17:32','2025-11-18 20:17:32',NULL);
INSERT INTO `cta_cte_cliente_pivot_receipt` VALUES (24478,8328,24478,24140,NULL,0,NULL,'2025-11-18 20:17:32','2025-11-18 20:17:32',NULL),(24479,8328,24479,24141,NULL,0,NULL,'2025-11-18 20:17:32','2025-11-18 20:17:32',NULL),(24480,8328,24480,24142,NULL,0,NULL,'2025-11-18 20:17:32','2025-11-18 20:17:32',NULL),(24481,8328,24481,24143,NULL,0,NULL,'2025-11-18 20:17:32','2025-11-18 20:17:32',NULL),(24482,8328,24482,24144,NULL,0,NULL,'2025-11-18 20:17:32','2025-11-18 20:17:32',NULL),(24483,8328,24483,24145,NULL,0,NULL,'2025-11-18 20:17:32','2025-11-18 20:17:32',NULL),(24484,8328,24484,24146,NULL,0,NULL,'2025-11-18 20:17:32','2025-11-18 20:17:32',NULL),(24485,8328,24485,24147,NULL,0,NULL,'2025-11-18 20:17:32','2025-11-18 20:17:32',NULL),(24486,8328,24486,24148,NULL,0,NULL,'2025-11-18 20:17:33','2025-11-18 20:17:33',NULL),(24504,8328,24504,24166,NULL,0,NULL,'2025-11-18 20:24:47','2025-11-18 20:24:47',NULL),(24505,8328,24505,24167,NULL,0,NULL,'2025-11-18 20:24:47','2025-11-18 20:24:47',NULL),(24506,8328,24506,24168,NULL,0,NULL,'2025-11-18 20:24:47','2025-11-18 20:24:47',NULL),(24507,8328,24507,24169,NULL,0,NULL,'2025-11-18 20:24:47','2025-11-18 20:24:47',NULL),(24508,8328,24508,24170,NULL,0,NULL,'2025-11-18 20:24:47','2025-11-18 20:24:47',NULL),(24509,8328,24509,24171,NULL,0,NULL,'2025-11-18 20:24:47','2025-11-18 20:24:47',NULL),(24510,8328,24510,24172,NULL,0,NULL,'2025-11-18 20:24:48','2025-11-18 20:24:48',NULL),(24511,8328,24511,24173,NULL,0,NULL,'2025-11-18 20:24:48','2025-11-18 20:24:48',NULL),(24512,8328,24512,24174,NULL,0,NULL,'2025-11-18 20:24:48','2025-11-18 20:24:48',NULL),(24513,8328,24513,24175,NULL,0,NULL,'2025-11-18 20:24:48','2025-11-18 20:24:48',NULL),(24514,8328,24514,24176,NULL,0,NULL,'2025-11-18 20:24:48','2025-11-18 20:24:48',NULL),(24515,8328,24515,24177,NULL,0,NULL,'2025-11-18 20:24:48','2025-11-18 20:24:48',NULL),(24516,8328,24516,24178,NULL,0,NULL,'2025-11-18 20:24:48','2025-11-18 20:24:48',NULL),(24517,8328,24517,24179,NULL,0,NULL,'2025-11-18 20:24:48','2025-11-18 20:24:48',NULL),(24518,8328,24518,24180,NULL,0,NULL,'2025-11-18 20:24:48','2025-11-18 20:24:48',NULL),(24519,8328,24519,24181,NULL,0,NULL,'2025-11-18 20:24:48','2025-11-18 20:24:48',NULL),(24520,8328,24520,24182,NULL,0,NULL,'2025-11-18 20:24:48','2025-11-18 20:24:48',NULL),(24521,8328,24521,24183,NULL,0,NULL,'2025-11-18 20:24:48','2025-11-18 20:24:48',NULL),(24522,8328,24522,24184,NULL,0,NULL,'2025-11-19 17:30:43','2025-11-19 17:30:43',NULL),(24523,8328,24523,24185,NULL,0,NULL,'2025-11-19 17:30:43','2025-11-19 17:30:43',NULL),(24524,8328,24524,24186,NULL,0,NULL,'2025-11-19 17:30:43','2025-11-19 17:30:43',NULL),(24525,8328,24525,24187,NULL,0,NULL,'2025-11-19 17:30:44','2025-11-19 17:30:44',NULL),(24526,8328,24526,24188,NULL,0,NULL,'2025-11-19 17:30:44','2025-11-19 17:30:44',NULL),(24527,8328,24527,24189,NULL,0,NULL,'2025-11-19 17:30:44','2025-11-19 17:30:44',NULL),(24528,8328,24528,24190,NULL,0,NULL,'2025-11-19 17:30:44','2025-11-19 17:30:44',NULL),(24529,8328,24529,24191,NULL,0,NULL,'2025-11-19 17:30:44','2025-11-19 17:30:44',NULL),(24530,8328,24530,24192,NULL,0,NULL,'2025-11-19 17:30:44','2025-11-19 17:30:44',NULL),(24531,8328,24531,24193,NULL,0,NULL,'2025-11-19 17:30:44','2025-11-19 17:30:44',NULL),(24532,8328,24532,24194,NULL,0,NULL,'2025-11-19 17:30:44','2025-11-19 17:30:44',NULL),(24533,8328,24533,24195,NULL,0,NULL,'2025-11-19 17:30:44','2025-11-19 17:30:44',NULL),(24534,8328,24534,24196,NULL,0,NULL,'2025-11-19 17:30:44','2025-11-19 17:30:44',NULL),(24535,8328,24535,24197,NULL,0,NULL,'2025-11-19 17:30:44','2025-11-19 17:30:44',NULL),(24536,8328,24536,24198,NULL,0,NULL,'2025-11-19 17:30:44','2025-11-19 17:30:44',NULL),(24537,8328,24537,24199,NULL,0,NULL,'2025-11-19 17:30:44','2025-11-19 17:30:44',NULL),(24538,8328,24538,24200,NULL,0,NULL,'2025-11-19 17:30:45','2025-11-19 17:30:45',NULL),(24539,8328,24539,24201,NULL,0,NULL,'2025-11-19 17:30:45','2025-11-19 17:30:45',NULL),(24540,8328,24540,24202,NULL,0,NULL,'2025-11-19 17:30:45','2025-11-19 17:30:45',NULL);
INSERT INTO `cta_cte_cliente_pivot_receipt` VALUES (24541,8328,24541,24203,NULL,0,NULL,'2025-11-19 17:30:56','2025-11-19 17:30:56',NULL),(24542,8328,24542,24204,NULL,0,NULL,'2025-11-19 17:30:56','2025-11-19 17:30:56',NULL),(24543,8328,24543,24205,NULL,0,NULL,'2025-11-19 17:30:56','2025-11-19 17:30:56',NULL),(24544,8328,24544,24206,NULL,0,NULL,'2025-11-19 17:30:56','2025-11-19 17:30:56',NULL),(24545,8328,24545,24207,NULL,0,NULL,'2025-11-19 17:30:56','2025-11-19 17:30:56',NULL),(24546,8328,24546,24208,NULL,0,NULL,'2025-11-19 17:30:56','2025-11-19 17:30:56',NULL),(24547,8328,24547,24209,NULL,0,NULL,'2025-11-19 17:30:56','2025-11-19 17:30:56',NULL),(24548,8328,24548,24210,NULL,0,NULL,'2025-11-19 17:30:56','2025-11-19 17:30:56',NULL),(24549,8328,24549,24211,NULL,0,NULL,'2025-11-19 17:30:56','2025-11-19 17:30:56',NULL),(24550,8328,24550,24212,NULL,0,NULL,'2025-11-19 17:30:56','2025-11-19 17:30:56',NULL),(24551,8328,24551,24213,NULL,0,NULL,'2025-11-19 17:30:56','2025-11-19 17:30:56',NULL),(24552,8328,24552,24214,NULL,0,NULL,'2025-11-19 17:30:56','2025-11-19 17:30:56',NULL),(24553,8328,24553,24215,NULL,0,NULL,'2025-11-19 17:30:57','2025-11-19 17:30:57',NULL),(24554,8328,24554,24216,NULL,0,NULL,'2025-11-19 17:30:57','2025-11-19 17:30:57',NULL),(24555,8328,24555,24217,NULL,0,NULL,'2025-11-19 17:30:57','2025-11-19 17:30:57',NULL),(24556,8328,24556,24218,NULL,0,NULL,'2025-11-19 17:30:57','2025-11-19 17:30:57',NULL),(24557,8328,24557,24219,NULL,0,NULL,'2025-11-19 17:30:57','2025-11-19 17:30:57',NULL),(24558,8328,24558,24220,NULL,0,NULL,'2025-11-19 17:30:57','2025-11-19 17:30:57',NULL),(24559,8328,24559,24221,NULL,0,NULL,'2025-11-19 17:30:57','2025-11-19 17:30:57',NULL),(24560,8328,24560,24222,NULL,0,NULL,'2025-11-19 17:30:57','2025-11-19 17:30:57',NULL);

--
-- Table structure for table `cta_cte_tesoreria`
--

CREATE TABLE `cta_cte_tesoreria` (
  `id` int(10) unsigned NOT NULL AUTO_INCREMENT,
  `bind_apibank_movement_id` bigint(20) unsigned DEFAULT NULL COMMENT 'FK soft a bind_apibank_movements (movimiento que originó este registro)',
  `bind_apibank_transfer_id` bigint(20) unsigned DEFAULT NULL COMMENT 'FK soft a bind_apibank_transfers (transferencia que originó este registro)',
  `bind_sync_status` enum('pending','synced','error') COLLATE utf8mb4_unicode_ci DEFAULT NULL COMMENT 'Estado de sincronización: pending=pendiente, synced=sincronizado, error=error al sincronizar',
  `user_id` int(10) unsigned DEFAULT NULL,
  `person_id` int(10) unsigned NOT NULL,
  `cta_cte_cliente_id` int(10) unsigned DEFAULT NULL,
  `nf_cta_cte_id` int(10) unsigned DEFAULT NULL,
  `cta_cte_tesoreria_cuenta_id` int(10) unsigned NOT NULL,
  `period_id` int(10) unsigned NOT NULL,
  `fecha` date DEFAULT NULL,
  `total` decimal(16,2) NOT NULL,
  `moneda_id` int(10) unsigned NOT NULL DEFAULT '1',
  `cotizacion` decimal(9,2) NOT NULL DEFAULT '1.00',
  `comentario` varchar(191) COLLATE utf8mb4_unicode_ci DEFAULT NULL,
  `file` varchar(191) COLLATE utf8mb4_unicode_ci DEFAULT NULL,
  `created_at` timestamp NULL DEFAULT NULL,
  `updated_at` timestamp NULL DEFAULT NULL,
  `deleted_at` timestamp NULL DEFAULT NULL,
  `ticket_id` bigint(20) unsigned DEFAULT NULL,
  PRIMARY KEY (`id`),
  KEY `cta_cte_tesoreria_person_id_foreign` (`person_id`),
  KEY `cta_cte_tesoreria_cta_cte_cliente_id_foreign` (`cta_cte_cliente_id`),
  KEY `cta_cte_tesoreria_cta_cte_tesoreria_cuenta_id_foreign` (`cta_cte_tesoreria_cuenta_id`),
  KEY `cta_cte_tesoreria_period_id_foreign` (`period_id`),
  KEY `cta_cte_tesoreria_nf_cta_cte_id_foreign` (`nf_cta_cte_id`),
  KEY `cta_cte_tesoreria_moneda_id_foreign` (`moneda_id`),
  KEY `cta_cte_tesoreria_ticket_id_foreign` (`ticket_id`),
  KEY `idx_cct_bind_apibank_mov` (`bind_apibank_movement_id`),
  KEY `idx_cct_bind_apibank_trf` (`bind_apibank_transfer_id`),
  KEY `idx_cct_bind_sync_status` (`bind_sync_status`),
  CONSTRAINT `cta_cte_tesoreria_cta_cte_cliente_id_foreign` FOREIGN KEY (`cta_cte_cliente_id`) REFERENCES `cta_cte_cliente` (`id`),
  CONSTRAINT `cta_cte_tesoreria_cta_cte_tesoreria_cuenta_id_foreign` FOREIGN KEY (`cta_cte_tesoreria_cuenta_id`) REFERENCES `cta_cte_tesoreria_cuentas` (`id`),
  CONSTRAINT `cta_cte_tesoreria_moneda_id_foreign` FOREIGN KEY (`moneda_id`) REFERENCES `monedas` (`id`),
  CONSTRAINT `cta_cte_tesoreria_nf_cta_cte_id_foreign` FOREIGN KEY (`nf_cta_cte_id`) REFERENCES `nf_cta_cte` (`id`),
  CONSTRAINT `cta_cte_tesoreria_period_id_foreign` FOREIGN KEY (`period_id`) REFERENCES `periods` (`id`),
  CONSTRAINT `cta_cte_tesoreria_person_id_foreign` FOREIGN KEY (`person_id`) REFERENCES `persons` (`id`),
  CONSTRAINT `cta_cte_tesoreria_ticket_id_foreign` FOREIGN KEY (`ticket_id`) REFERENCES `tickets` (`id`)
) ENGINE=InnoDB DEFAULT CHARSET=utf8mb4 COLLATE=utf8mb4_unicode_ci;

--
-- Dumping data for table `cta_cte_tesoreria`
--


--
-- Table structure for table `cta_cte_tesoreria_banco_cheq`
--

CREATE TABLE `cta_cte_tesoreria_banco_cheq` (
  `id` int(10) unsigned NOT NULL AUTO_INCREMENT,
  `user_id` int(10) unsigned DEFAULT NULL,
  `person_id` int(10) unsigned NOT NULL,
  `cta_cte_tesoreria_cuenta_id` int(10) unsigned NOT NULL,
  `cta_cte_tesoreria_banco_id` int(10) unsigned NOT NULL,
  `chequera_tipo_id` int(10) unsigned NOT NULL,
  `serie` text COLLATE utf8mb4_unicode_ci,
  `numero_cheque` int(11) DEFAULT NULL,
  `habilitado` tinyint(1) NOT NULL DEFAULT '1',
  `created_at` timestamp NULL DEFAULT NULL,
  `updated_at` timestamp NULL DEFAULT NULL,
  `deleted_at` timestamp NULL DEFAULT NULL,
  PRIMARY KEY (`id`),
  KEY `cta_cte_tesoreria_banco_cheq_person_id_foreign` (`person_id`),
  KEY `cta_cte_tesoreria_banco_cheq_cta_cte_tesoreria_cuenta_id_foreign` (`cta_cte_tesoreria_cuenta_id`),
  KEY `cta_cte_tesoreria_banco_cheq_cta_cte_tesoreria_banco_id_foreign` (`cta_cte_tesoreria_banco_id`),
  KEY `cta_cte_tesoreria_banco_cheq_chequera_tipo_id_foreign` (`chequera_tipo_id`),
  CONSTRAINT `cta_cte_tesoreria_banco_cheq_chequera_tipo_id_foreign` FOREIGN KEY (`chequera_tipo_id`) REFERENCES `chequeras_tipos` (`id`),
  CONSTRAINT `cta_cte_tesoreria_banco_cheq_cta_cte_tesoreria_banco_id_foreign` FOREIGN KEY (`cta_cte_tesoreria_banco_id`) REFERENCES `cta_cte_tesoreria_bancos` (`id`),
  CONSTRAINT `cta_cte_tesoreria_banco_cheq_cta_cte_tesoreria_cuenta_id_foreign` FOREIGN KEY (`cta_cte_tesoreria_cuenta_id`) REFERENCES `cta_cte_tesoreria_cuentas` (`id`),
  CONSTRAINT `cta_cte_tesoreria_banco_cheq_person_id_foreign` FOREIGN KEY (`person_id`) REFERENCES `persons` (`id`)
) ENGINE=InnoDB DEFAULT CHARSET=utf8mb4 COLLATE=utf8mb4_unicode_ci;

--
-- Dumping data for table `cta_cte_tesoreria_banco_cheq`
--


--
-- Table structure for table `cta_cte_tesoreria_banco_claves`
--

CREATE TABLE `cta_cte_tesoreria_banco_claves` (
  `id` int(10) unsigned NOT NULL AUTO_INCREMENT,
  `user_id` int(10) unsigned DEFAULT NULL,
  `person_id` int(10) unsigned NOT NULL,
  `cta_cte_tesoreria_cuenta_id` int(10) unsigned NOT NULL,
  `cta_cte_tesoreria_banco_id` int(10) unsigned NOT NULL,
  `descripcion_name` text COLLATE utf8mb4_unicode_ci,
  `descripcion` longtext COLLATE utf8mb4_unicode_ci,
  `created_at` timestamp NULL DEFAULT NULL,
  `updated_at` timestamp NULL DEFAULT NULL,
  `deleted_at` timestamp NULL DEFAULT NULL,
  PRIMARY KEY (`id`),
  KEY `cta_cte_tesoreria_banco_claves_person_id_foreign` (`person_id`),
  KEY `ct_cuenta_id` (`cta_cte_tesoreria_cuenta_id`),
  KEY `ct_banco_id` (`cta_cte_tesoreria_banco_id`),
  CONSTRAINT `ct_banco_id` FOREIGN KEY (`cta_cte_tesoreria_banco_id`) REFERENCES `cta_cte_tesoreria_bancos` (`id`),
  CONSTRAINT `ct_cuenta_id` FOREIGN KEY (`cta_cte_tesoreria_cuenta_id`) REFERENCES `cta_cte_tesoreria_cuentas` (`id`),
  CONSTRAINT `cta_cte_tesoreria_banco_claves_person_id_foreign` FOREIGN KEY (`person_id`) REFERENCES `persons` (`id`)
) ENGINE=InnoDB DEFAULT CHARSET=utf8mb4 COLLATE=utf8mb4_unicode_ci;

--
-- Dumping data for table `cta_cte_tesoreria_banco_claves`
--


--
-- Table structure for table `cta_cte_tesoreria_banco_comentarios`
--

CREATE TABLE `cta_cte_tesoreria_banco_comentarios` (
  `id` int(10) unsigned NOT NULL AUTO_INCREMENT,
  `user_id` int(10) unsigned DEFAULT NULL,
  `person_id` int(10) unsigned NOT NULL,
  `cta_cte_tesoreria_cuenta_id` int(10) unsigned NOT NULL,
  `cta_cte_tesoreria_banco_id` int(10) unsigned NOT NULL,
  `fecha` datetime NOT NULL,
  `descripcion` longtext COLLATE utf8mb4_unicode_ci NOT NULL,
  `created_at` timestamp NULL DEFAULT NULL,
  `updated_at` timestamp NULL DEFAULT NULL,
  `deleted_at` timestamp NULL DEFAULT NULL,
  PRIMARY KEY (`id`),
  KEY `cta_cte_tesoreria_banco_comentarios_person_id_foreign` (`person_id`),
  KEY `ct_cuentas_id` (`cta_cte_tesoreria_cuenta_id`),
  KEY `ct_bancos_id` (`cta_cte_tesoreria_banco_id`),
  CONSTRAINT `ct_bancos_id` FOREIGN KEY (`cta_cte_tesoreria_banco_id`) REFERENCES `cta_cte_tesoreria_bancos` (`id`),
  CONSTRAINT `ct_cuentas_id` FOREIGN KEY (`cta_cte_tesoreria_cuenta_id`) REFERENCES `cta_cte_tesoreria_cuentas` (`id`),
  CONSTRAINT `cta_cte_tesoreria_banco_comentarios_person_id_foreign` FOREIGN KEY (`person_id`) REFERENCES `persons` (`id`)
) ENGINE=InnoDB DEFAULT CHARSET=utf8mb4 COLLATE=utf8mb4_unicode_ci;

--
-- Dumping data for table `cta_cte_tesoreria_banco_comentarios`
--


--
-- Table structure for table `cta_cte_tesoreria_banco_estados`
--

CREATE TABLE `cta_cte_tesoreria_banco_estados` (
  `id` int(10) unsigned NOT NULL AUTO_INCREMENT,
  `user_id` int(10) unsigned DEFAULT NULL,
  `descripcion` text COLLATE utf8mb4_unicode_ci NOT NULL,
  `habilitado` tinyint(1) NOT NULL,
  `created_at` timestamp NULL DEFAULT NULL,
  `updated_at` timestamp NULL DEFAULT NULL,
  `deleted_at` timestamp NULL DEFAULT NULL,
  PRIMARY KEY (`id`)
) ENGINE=InnoDB AUTO_INCREMENT=6 DEFAULT CHARSET=utf8mb4 COLLATE=utf8mb4_unicode_ci;

--
-- Dumping data for table `cta_cte_tesoreria_banco_estados`
--

INSERT INTO `cta_cte_tesoreria_banco_estados` VALUES (1,NULL,'Habilitado',0,NULL,NULL,NULL),(2,NULL,'En Proceso',0,NULL,NULL,NULL),(3,NULL,'Bloqueado',0,NULL,NULL,NULL),(4,NULL,'Reconocimiento',0,NULL,NULL,NULL),(5,NULL,'Inhabilitado',0,NULL,NULL,NULL);

--
-- Table structure for table `cta_cte_tesoreria_bancos`
--

CREATE TABLE `cta_cte_tesoreria_bancos` (
  `id` int(10) unsigned NOT NULL AUTO_INCREMENT,
  `user_id` int(10) unsigned DEFAULT NULL,
  `person_id` int(10) unsigned NOT NULL,
  `cta_cte_tesoreria_cuenta_id` int(10) unsigned NOT NULL,
  `ctacte_banco_id` int(10) unsigned NOT NULL,
  `persona_empresa` int(11) NOT NULL DEFAULT '1',
  `zone_id` int(10) unsigned NOT NULL,
  `cuenta_contable_id` int(10) unsigned NOT NULL,
  `cuenta_contable_id_diferido` int(10) unsigned DEFAULT NULL,
  `cuenta_contable_id_pend_acred` int(10) unsigned DEFAULT NULL,
  `numero_cuenta` text COLLATE utf8mb4_unicode_ci,
  `cbu` text COLLATE utf8mb4_unicode_ci,
  `alias` text COLLATE utf8mb4_unicode_ci,
  `cta_cte_tesoreria_banco_estado_id` int(10) unsigned DEFAULT NULL,
  `person_id_relationed` int(10) unsigned DEFAULT NULL,
  `habilitado` tinyint(1) NOT NULL DEFAULT '1',
  `created_at` timestamp NULL DEFAULT NULL,
  `updated_at` timestamp NULL DEFAULT NULL,
  `deleted_at` timestamp NULL DEFAULT NULL,
  PRIMARY KEY (`id`),
  KEY `cta_cte_tesoreria_bancos_person_id_foreign` (`person_id`),
  KEY `cta_cte_tesoreria_bancos_cta_cte_tesoreria_cuenta_id_foreign` (`cta_cte_tesoreria_cuenta_id`),
  KEY `cta_cte_tesoreria_bancos_ctacte_banco_id_foreign` (`ctacte_banco_id`),
  KEY `cta_cte_tesoreria_bancos_zone_id_foreign` (`zone_id`),
  KEY `cta_cte_tesoreria_bancos_cuenta_contable_id_foreign` (`cuenta_contable_id`),
  KEY `cta_cte_tesoreria_bancos_cuenta_contable_id_diferido_foreign` (`cuenta_contable_id_diferido`),
  KEY `cta_cte_tesoreria_bancos_cuenta_contable_id_pend_acred_foreign` (`cuenta_contable_id_pend_acred`),
  KEY `cta_cte_tesoreria_bancos_person_id_relationed_foreign` (`person_id_relationed`),
  KEY `ct_banco_estado_id` (`cta_cte_tesoreria_banco_estado_id`),
  CONSTRAINT `ct_banco_estado_id` FOREIGN KEY (`cta_cte_tesoreria_banco_estado_id`) REFERENCES `cta_cte_tesoreria_banco_estados` (`id`),
  CONSTRAINT `cta_cte_tesoreria_bancos_cta_cte_tesoreria_cuenta_id_foreign` FOREIGN KEY (`cta_cte_tesoreria_cuenta_id`) REFERENCES `cta_cte_tesoreria_cuentas` (`id`),
  CONSTRAINT `cta_cte_tesoreria_bancos_ctacte_banco_id_foreign` FOREIGN KEY (`ctacte_banco_id`) REFERENCES `ctacte_bancos` (`id`),
  CONSTRAINT `cta_cte_tesoreria_bancos_cuenta_contable_id_diferido_foreign` FOREIGN KEY (`cuenta_contable_id_diferido`) REFERENCES `conta_plan_cuenta` (`id`),
  CONSTRAINT `cta_cte_tesoreria_bancos_cuenta_contable_id_foreign` FOREIGN KEY (`cuenta_contable_id`) REFERENCES `conta_plan_cuenta` (`id`),
  CONSTRAINT `cta_cte_tesoreria_bancos_cuenta_contable_id_pend_acred_foreign` FOREIGN KEY (`cuenta_contable_id_pend_acred`) REFERENCES `conta_plan_cuenta` (`id`),
  CONSTRAINT `cta_cte_tesoreria_bancos_person_id_foreign` FOREIGN KEY (`person_id`) REFERENCES `persons` (`id`),
  CONSTRAINT `cta_cte_tesoreria_bancos_person_id_relationed_foreign` FOREIGN KEY (`person_id_relationed`) REFERENCES `persons` (`id`),
  CONSTRAINT `cta_cte_tesoreria_bancos_zone_id_foreign` FOREIGN KEY (`zone_id`) REFERENCES `zones` (`id`)
) ENGINE=InnoDB DEFAULT CHARSET=utf8mb4 COLLATE=utf8mb4_unicode_ci;

--
-- Dumping data for table `cta_cte_tesoreria_bancos`
--


--
-- Table structure for table `cta_cte_tesoreria_cuenta_tipos`
--

CREATE TABLE `cta_cte_tesoreria_cuenta_tipos` (
  `id` int(10) unsigned NOT NULL AUTO_INCREMENT,
  `user_id` int(10) unsigned DEFAULT NULL,
  `descripcion` text COLLATE utf8mb4_unicode_ci NOT NULL,
  `habilitado` tinyint(1) NOT NULL DEFAULT '1',
  `created_at` timestamp NULL DEFAULT NULL,
  `updated_at` timestamp NULL DEFAULT NULL,
  `deleted_at` timestamp NULL DEFAULT NULL,
  PRIMARY KEY (`id`)
) ENGINE=InnoDB AUTO_INCREMENT=11 DEFAULT CHARSET=utf8mb4 COLLATE=utf8mb4_unicode_ci;

--
-- Dumping data for table `cta_cte_tesoreria_cuenta_tipos`
--

INSERT INTO `cta_cte_tesoreria_cuenta_tipos` VALUES (1,NULL,'CAJA',1,NULL,NULL,NULL),(2,NULL,'BANCOS',1,NULL,NULL,NULL),(3,NULL,'CHEQUES',1,NULL,NULL,NULL),(4,NULL,'RETENCIONES EFECTUADAS',1,NULL,'2024-05-26 21:00:42',NULL),(5,NULL,'PERCEPCIONES EFECTUADAS',1,NULL,'2024-05-26 21:00:42',NULL),(6,NULL,'RESULTADO NEGATIVO',1,NULL,NULL,NULL),(7,NULL,'RESULTADO POSITIVO',1,NULL,NULL,NULL),(8,NULL,'MOVIMIENTO',1,NULL,NULL,NULL),(9,NULL,'RETENCIONES SUFRIDAS',1,NULL,NULL,NULL),(10,NULL,'PERCEPCIONES SUFRIDAS',1,NULL,NULL,NULL);

--
-- Table structure for table `cta_cte_tesoreria_cuentas`
--

CREATE TABLE `cta_cte_tesoreria_cuentas` (
  `id` int(10) unsigned NOT NULL AUTO_INCREMENT,
  `bind_apibank_enabled` tinyint(1) NOT NULL DEFAULT '0' COMMENT 'Tiene Bind APIBank habilitado?',
  `bind_account_id` varchar(50) COLLATE utf8mb4_unicode_ci DEFAULT NULL COMMENT 'ID de cuenta en Bind APIBank (obtenido al configurar)',
  `user_id` int(10) unsigned DEFAULT NULL,
  `is_no_fiscal` tinyint(1) DEFAULT '0',
  `moneda_id` int(10) unsigned NOT NULL DEFAULT '1',
  `plan_cuenta_id` int(10) unsigned NOT NULL,
  `person_id` int(10) unsigned DEFAULT NULL,
  `cta_cte_tesoreria_cuenta_tipo_id` int(10) unsigned NOT NULL DEFAULT '8',
  `retention_type_id` int(10) unsigned DEFAULT NULL,
  `nombre` varchar(191) COLLATE utf8mb4_unicode_ci NOT NULL,
  `cuit` text COLLATE utf8mb4_unicode_ci,
  `cheque3ros` tinyint(1) NOT NULL DEFAULT '0',
  `cheque_emitidos` tinyint(1) NOT NULL DEFAULT '0',
  `tes_cta_cte` tinyint(1) NOT NULL DEFAULT '0',
  `tes_cuenta_origen` tinyint(1) NOT NULL DEFAULT '0',
  `tes_cuenta_destino` tinyint(1) NOT NULL DEFAULT '0',
  `conta_asientos` tinyint(1) NOT NULL DEFAULT '0',
  `habilitado` tinyint(1) NOT NULL DEFAULT '1',
  `created_at` timestamp NULL DEFAULT NULL,
  `updated_at` timestamp NULL DEFAULT NULL,
  `deleted_at` timestamp NULL DEFAULT NULL,
  PRIMARY KEY (`id`),
  KEY `cta_cte_tesoreria_cuentas_person_id_foreign` (`person_id`),
  KEY `cta_cte_tesoreria_cuentas_plan_cuenta_id_foreign` (`plan_cuenta_id`),
  KEY `cta_tes_tipo_id_foreign` (`cta_cte_tesoreria_cuenta_tipo_id`),
  KEY `cta_cte_tesoreria_cuentas_moneda_id_foreign` (`moneda_id`),
  KEY `cta_cte_tesoreria_cuentas_retention_type_id_foreign` (`retention_type_id`),
  KEY `idx_cctc_bind_apibank_enabled` (`bind_apibank_enabled`),
  KEY `idx_cctc_bind_account_id` (`bind_account_id`),
  CONSTRAINT `cta_cte_tesoreria_cuentas_moneda_id_foreign` FOREIGN KEY (`moneda_id`) REFERENCES `monedas` (`id`),
  CONSTRAINT `cta_cte_tesoreria_cuentas_person_id_foreign` FOREIGN KEY (`person_id`) REFERENCES `persons` (`id`),
  CONSTRAINT `cta_cte_tesoreria_cuentas_plan_cuenta_id_foreign` FOREIGN KEY (`plan_cuenta_id`) REFERENCES `conta_plan_cuenta` (`id`),
  CONSTRAINT `cta_cte_tesoreria_cuentas_retention_type_id_foreign` FOREIGN KEY (`retention_type_id`) REFERENCES `retention_types` (`id`),
  CONSTRAINT `cta_tes_tipo_id_foreign` FOREIGN KEY (`cta_cte_tesoreria_cuenta_tipo_id`) REFERENCES `cta_cte_tesoreria_cuenta_tipos` (`id`)
) ENGINE=InnoDB AUTO_INCREMENT=757 DEFAULT CHARSET=utf8mb4 COLLATE=utf8mb4_unicode_ci;

--
-- Dumping data for table `cta_cte_tesoreria_cuentas`
--

INSERT INTO `cta_cte_tesoreria_cuentas` VALUES (13,0,NULL,NULL,0,1,13,NULL,8,NULL,'Clientes - Deudores',NULL,0,0,0,0,0,0,1,'2019-10-19 02:10:24','2019-10-19 02:10:24',NULL),(20,0,NULL,NULL,0,1,20,NULL,8,NULL,'Anticipos Impuesto a las Ganancias',NULL,0,0,0,0,1,0,1,'2019-10-19 02:10:24','2019-10-19 02:10:24',NULL),(23,0,NULL,NULL,0,1,23,NULL,4,NULL,'Retenciones Impuesto a las Ganancias',NULL,0,0,1,0,0,0,1,'2019-10-19 02:10:24','2023-03-27 00:33:32',NULL),(25,0,NULL,NULL,0,1,25,NULL,4,NULL,'Retenciones de IVA',NULL,0,0,1,0,0,0,1,'2019-10-19 02:10:24','2023-03-27 00:33:32',NULL),(57,0,NULL,NULL,0,1,57,NULL,8,NULL,'Proveedores en Cta. Cte. locales',NULL,0,0,0,0,0,0,1,'2019-10-19 02:10:24','2019-10-19 02:10:24',NULL),(60,0,NULL,NULL,0,1,60,NULL,3,NULL,'Cheques emitidos ',NULL,0,1,1,1,1,0,1,'2019-10-19 02:10:24','2023-03-27 00:33:32',NULL),(62,0,NULL,NULL,0,1,62,NULL,8,NULL,'Sueldos y Jornales a pagar',NULL,0,0,0,0,1,0,1,'2019-10-19 02:10:24','2019-10-19 02:10:24',NULL),(140,0,NULL,NULL,0,1,140,NULL,6,NULL,'Intereses y Gastos bancarios',NULL,0,0,0,0,1,0,1,'2019-10-19 02:10:24','2023-03-27 00:33:32',NULL),(162,0,NULL,NULL,0,1,162,NULL,4,NULL,'Retenciones SUSS',NULL,0,0,1,0,0,0,1,'2019-10-19 02:10:24','2023-03-27 00:33:32',NULL),(176,0,NULL,NULL,0,1,176,NULL,3,NULL,'Cheques en Cartera',NULL,1,0,1,1,1,0,1,'2019-10-19 02:10:24','2023-03-27 00:33:32',NULL),(201,0,NULL,NULL,0,1,201,NULL,6,NULL,'Monotributo',NULL,0,0,0,0,1,0,1,'2019-10-19 02:10:24','2023-03-27 00:33:32',NULL),(203,0,NULL,NULL,0,1,203,NULL,6,NULL,'Autonomos',NULL,0,0,0,0,1,0,1,'2019-10-19 02:10:24','2023-03-27 00:33:32',NULL),(219,0,NULL,NULL,0,1,219,NULL,8,NULL,'Pagos AFIP',NULL,0,0,0,0,1,0,1,'2019-10-19 02:10:24','2019-10-19 02:10:24',NULL),(251,0,NULL,NULL,0,1,251,NULL,4,NULL,'Retenciones de IIBB Buenos Aires',NULL,0,0,1,0,0,0,1,'2019-10-19 02:10:24','2023-03-27 00:33:32',NULL),(252,0,NULL,NULL,0,1,252,NULL,4,NULL,'Retenciones de IIBB Capital Federal',NULL,0,0,1,0,0,0,1,'2019-10-19 02:10:24','2023-03-27 00:33:32',NULL),(253,0,NULL,NULL,0,1,253,NULL,4,NULL,'Retenciones de IIBB Catamarca',NULL,0,0,1,0,0,0,1,'2019-10-19 02:10:24','2023-03-27 00:33:32',NULL),(254,0,NULL,NULL,0,1,254,NULL,4,NULL,'Retenciones de IIBB Chaco',NULL,0,0,1,0,0,0,1,'2019-10-19 02:10:24','2023-03-27 00:33:32',NULL),(255,0,NULL,NULL,0,1,255,NULL,4,NULL,'Retenciones de IIBB Chubut',NULL,0,0,1,0,0,0,1,'2019-10-19 02:10:24','2023-03-27 00:33:32',NULL),(256,0,NULL,NULL,0,1,256,NULL,4,NULL,'Retenciones de IIBB Córdoba',NULL,0,0,1,0,0,0,1,'2019-10-19 02:10:24','2023-03-27 00:33:32',NULL),(257,0,NULL,NULL,0,1,257,NULL,4,NULL,'Retenciones de IIBB Corrientes',NULL,0,0,1,0,0,0,1,'2019-10-19 02:10:24','2023-03-27 00:33:32',NULL),(258,0,NULL,NULL,0,1,258,NULL,4,NULL,'Retenciones de IIBB Entre Ríos',NULL,0,0,1,0,0,0,1,'2019-10-19 02:10:24','2023-03-27 00:33:32',NULL),(259,0,NULL,NULL,0,1,259,NULL,4,NULL,'Retenciones de IIBB Formosa',NULL,0,0,1,0,0,0,1,'2019-10-19 02:10:24','2023-03-27 00:33:32',NULL),(260,0,NULL,NULL,0,1,260,NULL,4,NULL,'Retenciones de IIBB Jujuy',NULL,0,0,1,0,0,0,1,'2019-10-19 02:10:24','2023-03-27 00:33:32',NULL),(261,0,NULL,NULL,0,1,261,NULL,4,NULL,'Retenciones de IIBB La Pampa',NULL,0,0,1,0,0,0,1,'2019-10-19 02:10:24','2023-03-27 00:33:32',NULL),(262,0,NULL,NULL,0,1,262,NULL,4,NULL,'Retenciones de IIBB La Rioja',NULL,0,0,1,0,0,0,1,'2019-10-19 02:10:24','2023-03-27 00:33:32',NULL),(263,0,NULL,NULL,0,1,263,NULL,4,NULL,'Retenciones de IIBB Mendoza',NULL,0,0,1,0,0,0,1,'2019-10-19 02:10:24','2023-03-27 00:33:32',NULL),(264,0,NULL,NULL,0,1,264,NULL,4,NULL,'Retenciones de IIBB Misiones',NULL,0,0,1,0,0,0,1,'2019-10-19 02:10:24','2023-03-27 00:33:32',NULL),(265,0,NULL,NULL,0,1,265,NULL,4,NULL,'Retenciones de IIBB Neuquén',NULL,0,0,1,0,0,0,1,'2019-10-19 02:10:24','2023-03-27 00:33:32',NULL),(266,0,NULL,NULL,0,1,266,NULL,4,NULL,'Retenciones de IIBB Pascua Lama',NULL,0,0,1,0,0,0,1,'2019-10-19 02:10:24','2023-03-27 00:33:32',NULL);
INSERT INTO `cta_cte_tesoreria_cuentas` VALUES (267,0,NULL,NULL,0,1,267,NULL,4,NULL,'Retenciones de IIBB Río Negro',NULL,0,0,1,0,0,0,1,'2019-10-19 02:10:24','2023-03-27 00:33:32',NULL),(268,0,NULL,NULL,0,1,268,NULL,4,NULL,'Retenciones de IIBB Salta',NULL,0,0,1,0,0,0,1,'2019-10-19 02:10:24','2023-03-27 00:33:32',NULL),(269,0,NULL,NULL,0,1,269,NULL,4,NULL,'Retenciones de IIBB San Juan',NULL,0,0,1,0,0,0,1,'2019-10-19 02:10:24','2023-03-27 00:33:32',NULL),(270,0,NULL,NULL,0,1,270,NULL,4,NULL,'Retenciones de IIBB San Luis',NULL,0,0,1,0,0,0,1,'2019-10-19 02:10:24','2023-03-27 00:33:32',NULL),(271,0,NULL,NULL,0,1,271,NULL,4,NULL,'Retenciones de IIBB Santa Cruz',NULL,0,0,1,0,0,0,1,'2019-10-19 02:10:24','2023-03-27 00:33:32',NULL),(272,0,NULL,NULL,0,1,272,NULL,4,NULL,'Retenciones de IIBB Santa Fe',NULL,0,0,1,0,0,0,1,'2019-10-19 02:10:24','2023-03-27 00:33:32',NULL),(273,0,NULL,NULL,0,1,273,NULL,4,NULL,'Retenciones de IIBB Santiago del Estero',NULL,0,0,1,0,0,0,1,'2019-10-19 02:10:24','2023-03-27 00:33:32',NULL),(274,0,NULL,NULL,0,1,274,NULL,4,NULL,'Retenciones de IIBB Tierra del Fuego',NULL,0,0,1,0,0,0,1,'2019-10-19 02:10:24','2023-03-27 00:33:32',NULL),(275,0,NULL,NULL,0,1,275,NULL,4,NULL,'Retenciones de IIBB Tucuman',NULL,0,0,1,0,0,0,1,'2019-10-19 02:10:24','2023-03-27 00:33:32',NULL),(351,0,NULL,NULL,0,1,351,NULL,8,NULL,'BANCO SIRCREB',NULL,0,0,0,0,1,0,1,'2019-10-19 02:10:24','2019-10-19 02:10:24',NULL),(359,0,NULL,NULL,0,1,359,NULL,8,NULL,'Caja en Pesos',NULL,0,0,1,1,1,0,1,'2019-10-19 02:10:24','2023-03-20 23:18:37','2023-03-20 23:18:37'),(360,0,NULL,NULL,0,1,360,NULL,8,NULL,'Retenciones Bancarias de Ganancias a Favor',NULL,0,0,0,0,1,0,1,'2019-10-19 02:10:24','2019-10-19 02:10:24',NULL),(364,0,NULL,NULL,0,1,364,NULL,8,NULL,'Anticipo de Clientes',NULL,0,0,0,0,1,0,1,'2019-10-19 02:10:24','2019-10-19 02:10:24',NULL),(384,0,NULL,NULL,0,1,384,NULL,8,NULL,'Caja en Dolares',NULL,0,0,1,1,1,0,1,'2019-10-19 02:10:24','2023-03-20 23:18:37','2023-03-20 23:18:37'),(409,0,NULL,NULL,0,1,409,NULL,6,NULL,'IVA Crédito Fiscal No computable',NULL,0,0,0,0,1,0,1,'2019-10-19 02:10:24','2023-03-27 00:33:32',NULL),(418,0,NULL,NULL,0,1,418,NULL,8,NULL,'Deudas Bancarias',NULL,0,0,0,1,1,0,1,'2019-10-19 02:10:24','2019-10-19 02:10:24',NULL),(433,0,NULL,NULL,0,1,433,NULL,8,NULL,'Préstamo',NULL,0,0,0,1,1,0,1,'2019-10-19 02:10:24','2019-10-19 02:10:24',NULL),(441,0,NULL,NULL,0,1,441,NULL,8,NULL,'Leasing',NULL,0,0,0,1,1,0,1,'2019-10-19 02:10:24','2019-10-19 02:10:24',NULL),(448,0,NULL,NULL,0,1,448,NULL,8,NULL,'Planes de Pagos AFIP',NULL,0,0,0,1,1,0,1,'2019-10-19 02:10:24','2019-10-19 02:10:24',NULL),(450,0,NULL,NULL,0,1,450,NULL,3,NULL,'Cheques Rechazados',NULL,0,0,0,0,1,0,1,'2019-10-19 02:10:24','2023-03-27 00:33:32',NULL),(467,0,NULL,NULL,0,1,467,NULL,6,NULL,'Interés',NULL,0,0,0,0,1,0,1,'2019-10-19 02:10:24','2023-03-27 00:33:32',NULL),(468,0,NULL,NULL,0,1,14,NULL,8,NULL,'Deudores por ventas comunes',NULL,0,0,0,0,0,1,1,'2020-02-06 17:23:07','2023-03-27 00:33:32',NULL),(469,0,NULL,NULL,0,1,15,NULL,8,NULL,'Deudores por ventas morosos',NULL,0,0,0,0,0,1,1,'2020-02-06 17:23:07','2023-03-27 00:33:32',NULL),(470,0,NULL,NULL,0,1,16,NULL,8,NULL,'Deudores en gestión judicial',NULL,0,0,0,0,0,1,1,'2020-02-06 17:23:07','2023-03-27 00:33:32',NULL),(471,0,NULL,NULL,0,1,17,NULL,8,NULL,'Previsión deudores incobrables',NULL,0,0,0,0,0,1,1,'2020-02-06 17:23:07','2023-03-27 00:33:32',NULL),(472,0,NULL,NULL,0,1,22,NULL,8,NULL,'Anticipo Impto.Ganancia Mínima Presunta',NULL,0,0,0,0,0,1,1,'2020-02-06 17:23:07','2023-03-27 00:33:32',NULL),(473,0,NULL,NULL,0,1,24,NULL,4,NULL,'Impuesto a las Ganancias (Saldo a favor)',NULL,0,0,0,0,0,1,0,'2020-02-06 17:23:07','2023-06-02 07:58:55',NULL),(474,0,NULL,NULL,0,1,27,NULL,8,NULL,'Anticipos de proveedores',NULL,0,0,0,0,0,1,1,'2020-02-06 17:23:07','2023-03-27 00:33:32',NULL),(475,0,NULL,NULL,0,1,28,NULL,8,NULL,'Depósito en garantía alquileres',NULL,0,0,0,0,0,1,1,'2020-02-06 17:23:07','2023-03-27 00:33:32',NULL);
INSERT INTO `cta_cte_tesoreria_cuentas` VALUES (476,0,NULL,NULL,0,1,29,NULL,8,NULL,'Derechos adquiridos a devengar',NULL,0,0,0,0,0,1,1,'2020-02-06 17:23:07','2023-03-27 00:33:32',NULL),(477,0,NULL,NULL,0,1,30,NULL,8,NULL,'Intereses a devengar',NULL,0,0,0,0,0,1,1,'2020-02-06 17:23:07','2023-03-27 00:33:32',NULL),(478,0,NULL,NULL,0,1,31,NULL,8,NULL,'Cuentas a rendir - Directores',NULL,0,0,0,0,0,1,1,'2020-02-06 17:23:07','2023-03-27 00:33:32',NULL),(479,0,NULL,NULL,0,1,32,NULL,8,NULL,'Alquileres no devengados',NULL,0,0,0,0,0,1,1,'2020-02-06 17:23:07','2023-03-27 00:33:32',NULL),(480,0,NULL,NULL,0,1,38,NULL,8,NULL,'Equipos de computación valores históricos',NULL,0,0,0,0,0,1,1,'2020-02-06 17:23:07','2023-03-27 00:33:32',NULL),(481,0,NULL,NULL,0,1,39,NULL,8,NULL,'Equipos de computación ajuste',NULL,0,0,0,0,0,1,1,'2020-02-06 17:23:07','2023-03-27 00:33:32',NULL),(482,0,NULL,NULL,0,1,40,NULL,8,NULL,'Amortización Acumulada Equipos de comput.',NULL,0,0,0,0,0,1,1,'2020-02-06 17:23:07','2023-03-27 00:33:32',NULL),(483,0,NULL,NULL,0,1,42,NULL,8,NULL,'Instalaciones valores históricos',NULL,0,0,0,0,0,1,1,'2020-02-06 17:23:07','2023-03-27 00:33:32',NULL),(484,0,NULL,NULL,0,1,43,NULL,8,NULL,'Instalaciones ajuste',NULL,0,0,0,0,0,1,1,'2020-02-06 17:23:07','2023-03-27 00:33:32',NULL),(485,0,NULL,NULL,0,1,44,NULL,8,NULL,'Amortización Acumulada Instalaciones',NULL,0,0,0,0,0,1,1,'2020-02-06 17:23:07','2023-03-27 00:33:32',NULL),(486,0,NULL,NULL,0,1,46,NULL,8,NULL,'Muebles y utiles valores históricos',NULL,0,0,0,0,0,1,1,'2020-02-06 17:23:07','2023-03-27 00:33:32',NULL),(487,0,NULL,NULL,0,1,47,NULL,8,NULL,'Muebles y utiles ajuste',NULL,0,0,0,0,0,1,1,'2020-02-06 17:23:07','2023-03-27 00:33:32',NULL),(488,0,NULL,NULL,0,1,48,NULL,8,NULL,'Amortización Acumulada Muebles y Útiles',NULL,0,0,0,0,0,1,1,'2020-02-06 17:23:07','2023-03-27 00:33:32',NULL),(489,0,NULL,NULL,0,1,50,NULL,8,NULL,'Gastos de organización valores historicos',NULL,0,0,0,0,0,1,1,'2020-02-06 17:23:07','2023-03-27 00:33:32',NULL),(490,0,NULL,NULL,0,1,51,NULL,8,NULL,'Gastos de organización ajuste',NULL,0,0,0,0,0,1,1,'2020-02-06 17:23:07','2023-03-27 00:33:32',NULL),(491,0,NULL,NULL,0,1,52,NULL,8,NULL,'Amortización acumulada gs. de organización',NULL,0,0,0,0,0,1,1,'2020-02-06 17:23:07','2023-03-27 00:33:32',NULL),(492,0,NULL,NULL,0,1,58,NULL,8,NULL,'Proveedores en cta. cte. exterior',NULL,0,0,0,0,0,1,1,'2020-02-06 17:23:07','2023-03-27 00:33:32',NULL),(493,0,NULL,NULL,0,1,59,NULL,8,NULL,'Derechos de exhibición a devengar',NULL,0,0,0,0,0,1,1,'2020-02-06 17:23:07','2023-03-27 00:33:32',NULL),(494,0,NULL,NULL,0,1,63,NULL,8,NULL,'Cargas sociales a pagar',NULL,0,0,0,0,0,1,1,'2020-02-06 17:23:07','2023-03-27 00:33:32',NULL),(495,0,NULL,NULL,0,1,64,NULL,8,NULL,'Sindicatos a Pagar',NULL,0,0,0,0,0,1,1,'2020-02-06 17:23:07','2023-03-27 00:33:32',NULL),(496,0,NULL,NULL,0,1,67,NULL,8,NULL,'IVA Debito Fiscal',NULL,0,0,0,0,0,1,1,'2020-02-06 17:23:07','2023-03-27 00:33:32',NULL),(497,0,NULL,NULL,0,1,68,NULL,8,NULL,'IVA Credito Fiscal',NULL,0,0,0,0,0,1,1,'2020-02-06 17:23:07','2023-03-27 00:33:32',NULL),(498,0,NULL,NULL,0,1,69,NULL,8,NULL,'Impuestos Internos',NULL,0,0,0,0,0,1,1,'2020-02-06 17:23:07','2023-03-27 00:33:32',NULL),(499,0,NULL,NULL,0,1,70,NULL,8,NULL,'Impuestos al Combustible',NULL,0,0,0,0,0,1,1,'2020-02-06 17:23:07','2023-03-27 00:33:32',NULL),(500,0,NULL,NULL,0,1,71,NULL,8,NULL,'IVA Retenciones de terceros',NULL,0,0,0,0,0,1,1,'2020-02-06 17:23:07','2023-03-27 00:33:32',NULL),(501,0,NULL,NULL,0,1,72,NULL,5,NULL,'IVA Percepciones realiz.por terceros',NULL,0,0,0,0,0,1,1,'2020-02-06 17:23:07','2023-03-27 00:33:32',NULL),(502,0,NULL,NULL,0,1,73,NULL,8,NULL,'IVA Saldo a favor',NULL,0,0,0,0,0,1,1,'2020-02-06 17:23:07','2023-03-27 00:33:32',NULL),(503,0,NULL,NULL,0,1,74,NULL,8,NULL,'IVA a pagar',NULL,0,0,0,0,0,1,1,'2020-02-06 17:23:07','2023-03-27 00:33:32',NULL),(504,0,NULL,NULL,0,1,75,NULL,5,NULL,'Percepciones Ingresos Brutos',NULL,0,0,0,0,0,1,1,'2020-02-06 17:23:07','2023-03-27 00:33:32',NULL);
INSERT INTO `cta_cte_tesoreria_cuentas` VALUES (505,0,NULL,NULL,0,1,76,NULL,8,NULL,'Otros Pagos AFIP',NULL,0,0,0,0,0,1,1,'2020-02-06 17:23:07','2023-03-27 00:33:32',NULL),(506,0,NULL,NULL,0,1,78,NULL,8,NULL,'Impuesto a los Ingresos Brutos Pasivo',NULL,0,0,0,0,0,1,1,'2020-02-06 17:23:07','2023-03-27 00:33:32',NULL),(507,0,NULL,NULL,0,1,79,NULL,8,NULL,'Impuesto a las Ganancias',NULL,0,0,0,0,0,1,1,'2020-02-06 17:23:07','2023-03-27 00:33:32',NULL),(508,0,NULL,NULL,0,1,80,NULL,8,NULL,'Impuesto a la Ganancia Mínima Presunta',NULL,0,0,0,0,0,1,1,'2020-02-06 17:23:07','2023-03-27 00:33:32',NULL),(509,0,NULL,NULL,0,1,81,NULL,8,NULL,'AFIP - Retenciones Impuesto a las Ganancias',NULL,0,0,0,0,0,1,1,'2020-02-06 17:23:07','2023-03-27 00:33:32',NULL),(510,0,NULL,NULL,0,1,82,NULL,8,NULL,'AFIP - Plan de Facilidades Decreto 338/02',NULL,0,0,0,0,0,1,1,'2020-02-06 17:23:07','2023-03-27 00:33:32',NULL),(511,0,NULL,NULL,0,1,87,NULL,8,NULL,'Acciones en circulación',NULL,0,0,0,0,0,1,1,'2020-02-06 17:23:07','2023-03-27 00:33:32',NULL),(512,0,NULL,NULL,0,1,88,NULL,8,NULL,'Ajuste del Capital',NULL,0,0,0,0,0,1,1,'2020-02-06 17:23:07','2023-03-27 00:33:32',NULL),(513,0,NULL,NULL,0,1,89,NULL,8,NULL,'Aportes Irrevocables Futuras Suscripciones',NULL,0,0,0,0,0,1,1,'2020-02-06 17:23:07','2023-03-27 00:33:32',NULL),(514,0,NULL,NULL,0,1,91,NULL,8,NULL,'Resultado del ejercicio',NULL,0,0,0,0,0,1,1,'2020-02-06 17:23:07','2023-03-27 00:33:32',NULL),(515,0,NULL,NULL,0,1,92,NULL,8,NULL,'Resultado ejercicios anteriores',NULL,0,0,0,0,0,1,1,'2020-02-06 17:23:07','2023-03-27 00:33:32',NULL),(516,0,NULL,NULL,0,1,93,NULL,8,NULL,'A.R.E.A.',NULL,0,0,0,0,0,1,1,'2020-02-06 17:23:07','2023-03-27 00:33:32',NULL),(517,0,NULL,NULL,0,1,96,NULL,7,NULL,'VENTAS',NULL,0,0,0,0,1,1,1,'2020-02-06 17:23:07','2023-03-27 00:33:32',NULL),(518,0,NULL,NULL,0,1,97,NULL,7,NULL,'Honorarios',NULL,0,0,0,0,1,1,1,'2020-02-06 17:23:07','2023-03-27 00:33:32',NULL),(519,0,NULL,NULL,0,1,99,NULL,7,NULL,'Descuentos obtenidos',NULL,0,0,0,0,1,1,1,'2020-02-06 17:23:07','2023-03-27 00:33:32',NULL),(520,0,NULL,NULL,0,1,100,NULL,7,NULL,'Reintegros por exportaciones',NULL,0,0,0,0,1,1,1,'2020-02-06 17:23:07','2023-03-27 00:33:32',NULL),(521,0,NULL,NULL,0,1,102,NULL,7,NULL,'Intereses Cobrados',NULL,0,0,0,0,1,1,1,'2020-02-06 17:23:07','2023-03-27 00:33:32',NULL),(522,0,NULL,NULL,0,1,103,NULL,7,NULL,'Diferencias de cambio',NULL,0,0,0,0,1,1,1,'2020-02-06 17:23:07','2023-03-27 00:33:32',NULL),(523,0,NULL,NULL,0,1,104,NULL,7,NULL,'Descuentos obtenidos',NULL,0,0,0,0,1,1,1,'2020-02-06 17:23:07','2023-03-27 00:33:32',NULL),(524,0,NULL,NULL,0,1,110,NULL,6,NULL,'Sueldos',NULL,0,0,0,0,0,1,1,'2020-02-06 17:23:07','2023-03-27 00:33:32',NULL),(525,0,NULL,NULL,0,1,111,NULL,6,NULL,'Contribuciones',NULL,0,0,0,0,0,1,1,'2020-02-06 17:23:07','2023-03-27 00:33:32',NULL),(526,0,NULL,NULL,0,1,112,NULL,6,NULL,'Sindicato',NULL,0,0,0,0,0,1,1,'2020-02-06 17:23:07','2023-03-27 00:33:32',NULL),(527,0,NULL,NULL,0,1,114,NULL,8,NULL,'ACA',NULL,0,0,0,0,0,1,1,'2020-02-06 17:23:07','2023-03-27 00:33:32',NULL),(528,0,NULL,NULL,0,1,115,NULL,6,NULL,'Aereos',NULL,0,0,0,0,0,1,1,'2020-02-06 17:23:07','2023-03-27 00:33:32',NULL),(529,0,NULL,NULL,0,1,116,NULL,6,NULL,'Alquiler',NULL,0,0,0,0,0,1,1,'2020-02-06 17:23:07','2023-03-27 00:33:32',NULL),(530,0,NULL,NULL,0,1,117,NULL,8,NULL,'AGUA AYSA',NULL,0,0,0,0,0,1,1,'2020-02-06 17:23:07','2023-03-27 00:33:32',NULL),(531,0,NULL,NULL,0,1,118,NULL,8,NULL,'TV Cablevision',NULL,0,0,0,0,0,1,1,'2020-02-06 17:23:07','2023-03-27 00:33:32',NULL),(532,0,NULL,NULL,0,1,119,NULL,1,NULL,'Caja Jubilacion Consejo',NULL,0,0,0,0,0,1,1,'2020-02-06 17:23:07','2023-03-27 00:33:32',NULL),(533,0,NULL,NULL,0,1,120,NULL,6,NULL,'Celulares',NULL,0,0,0,0,0,1,1,'2020-02-06 17:23:07','2023-03-27 00:33:32',NULL),(534,0,NULL,NULL,0,1,121,NULL,3,NULL,'Cheques',NULL,0,0,0,0,0,1,1,'2020-02-06 17:23:07','2023-03-27 00:33:32',NULL),(535,0,NULL,NULL,0,1,123,NULL,8,NULL,'Comida',NULL,0,0,0,0,0,1,1,'2020-02-06 17:23:07','2023-03-27 00:33:32',NULL);
INSERT INTO `cta_cte_tesoreria_cuentas` VALUES (536,0,NULL,NULL,0,1,126,NULL,6,NULL,'Fletes y acarreos',NULL,0,0,0,0,0,1,1,'2020-02-06 17:23:07','2023-03-27 00:33:32',NULL),(537,0,NULL,NULL,0,1,127,NULL,8,NULL,'Luz Edesur',NULL,0,0,0,0,0,1,1,'2020-02-06 17:23:07','2023-03-27 00:33:32',NULL),(538,0,NULL,NULL,0,1,128,NULL,6,NULL,'Movilidad y Viáticos',NULL,0,0,0,0,0,1,1,'2020-02-06 17:23:07','2023-03-27 00:33:32',NULL),(539,0,NULL,NULL,0,1,129,NULL,8,NULL,'Mantenimiento',NULL,0,0,0,0,0,1,1,'2020-02-06 17:23:07','2023-03-27 00:33:32',NULL),(540,0,NULL,NULL,0,1,130,NULL,8,NULL,'IVA No Computable',NULL,0,0,0,0,0,1,1,'2020-02-06 17:23:07','2023-03-27 00:33:32',NULL),(541,0,NULL,NULL,0,1,131,NULL,8,NULL,'Entretenimiento',NULL,0,0,0,0,0,1,1,'2020-02-06 17:23:07','2023-03-27 00:33:32',NULL),(542,0,NULL,NULL,0,1,132,NULL,6,NULL,'Amortización Bienes de Uso',NULL,0,0,0,0,0,1,1,'2020-02-06 17:23:07','2023-03-27 00:33:32',NULL),(543,0,NULL,NULL,0,1,135,NULL,6,NULL,'Gastos varios',NULL,0,0,0,0,0,1,1,'2020-02-06 17:23:07','2023-03-27 00:33:32',NULL),(544,0,NULL,NULL,0,1,136,NULL,6,NULL,'Ajuste por redondeo',NULL,0,0,0,0,0,1,1,'2020-02-06 17:23:07','2023-03-27 00:33:32',NULL),(545,0,NULL,NULL,0,1,137,NULL,6,NULL,'Deudores Incobrables',NULL,0,0,0,0,0,1,1,'2020-02-06 17:23:07','2023-03-27 00:33:32',NULL),(546,0,NULL,NULL,0,1,141,NULL,6,NULL,'Intereses Proveedores',NULL,0,0,0,0,0,1,1,'2020-02-06 17:23:07','2023-03-27 00:33:32',NULL),(547,0,NULL,NULL,0,1,143,NULL,6,NULL,'Diferencias de cambio',NULL,0,0,0,0,0,1,1,'2020-02-06 17:23:07','2023-03-27 00:33:32',NULL),(548,0,NULL,NULL,0,1,144,NULL,8,NULL,'Diferencia de Cambio Bces. en M.Extranjera',NULL,0,0,0,0,0,1,1,'2020-02-06 17:23:07','2023-03-27 00:33:32',NULL),(549,0,NULL,NULL,0,1,145,NULL,6,NULL,'Diferencia tipo cambio Vendedor/Comprador',NULL,0,0,0,0,0,1,1,'2020-02-06 17:23:07','2023-03-27 00:33:32',NULL),(550,0,NULL,NULL,0,1,146,NULL,8,NULL,'Diferencia por conversion en Bce. en Mon. Extranj.',NULL,0,0,0,0,0,1,1,'2020-02-06 17:23:07','2023-03-27 00:33:32',NULL),(551,0,NULL,NULL,0,1,147,NULL,8,NULL,'Diferencia de cambio CMV',NULL,0,0,0,0,0,1,1,'2020-02-06 17:23:07','2023-03-27 00:33:32',NULL),(552,0,NULL,NULL,0,1,148,NULL,8,NULL,'Diferencia de cambio PT',NULL,0,0,0,0,0,1,1,'2020-02-06 17:23:07','2023-03-27 00:33:32',NULL),(553,0,NULL,NULL,0,1,149,NULL,8,NULL,'Resultado por Exposición a la Inflación',NULL,0,0,0,0,0,1,1,'2020-02-06 17:23:07','2023-03-27 00:33:32',NULL),(554,0,NULL,NULL,0,1,150,NULL,8,NULL,'Diferencia de cambio PE',NULL,0,0,0,0,0,1,1,'2020-02-06 17:23:07','2023-03-27 00:33:32',NULL),(555,0,NULL,NULL,0,1,151,NULL,8,NULL,'Diferencia de cambio Ds.Vtas.',NULL,0,0,0,0,0,1,1,'2020-02-06 17:23:07','2023-03-27 00:33:32',NULL),(556,0,NULL,NULL,0,1,152,NULL,6,NULL,'Diferencia de cambio ME',NULL,0,0,0,0,0,1,1,'2020-02-06 17:23:07','2023-03-27 00:33:32',NULL),(557,0,NULL,NULL,0,1,153,NULL,6,NULL,'Descuentos otorgados',NULL,0,0,0,0,0,1,1,'2020-02-06 17:23:07','2023-03-27 00:33:32',NULL),(558,0,NULL,NULL,0,1,155,NULL,6,NULL,'Impuesto a las Ganancias',NULL,0,0,0,0,0,1,1,'2020-02-06 17:23:07','2023-03-27 00:33:32',NULL),(559,0,NULL,NULL,0,1,156,NULL,6,NULL,'Impuesto a los Ingresos Brutos',NULL,0,0,0,0,0,1,1,'2020-02-06 17:23:07','2023-03-27 00:33:32',NULL),(560,0,NULL,NULL,0,1,157,NULL,6,NULL,'Impuesto al Debito y Credito Bancario',NULL,0,0,0,0,0,1,1,'2020-02-06 17:23:07','2023-03-27 00:33:32',NULL),(561,0,NULL,NULL,0,1,159,NULL,6,NULL,'Pérdida por venta bienes de uso',NULL,0,0,0,0,0,1,1,'2020-02-06 17:23:07','2023-03-27 00:33:32',NULL),(562,0,NULL,NULL,0,1,160,NULL,6,NULL,'Inversiones',NULL,0,0,0,0,0,1,1,'2020-02-06 17:23:07','2023-03-27 00:33:32',NULL),(563,0,NULL,NULL,0,1,161,NULL,6,NULL,'Amortizaciones extraordinarias',NULL,0,0,0,0,0,1,1,'2020-02-06 17:23:07','2023-03-27 00:33:32',NULL),(564,0,NULL,NULL,0,1,178,NULL,8,NULL,'Google',NULL,0,0,0,0,0,1,1,'2020-02-06 17:23:07','2023-03-27 00:33:32',NULL),(565,0,NULL,NULL,0,1,188,NULL,6,NULL,'Publicidad',NULL,0,0,0,0,0,1,1,'2020-02-06 17:23:07','2023-03-27 00:33:32',NULL);
INSERT INTO `cta_cte_tesoreria_cuentas` VALUES (566,0,NULL,NULL,0,1,191,NULL,6,NULL,'Cargas Sociales',NULL,0,0,0,0,0,1,1,'2020-02-06 17:23:07','2023-03-27 00:33:32',NULL),(567,0,NULL,NULL,0,1,192,NULL,6,NULL,'Honorarios',NULL,0,0,0,0,0,1,1,'2020-02-06 17:23:07','2023-03-27 00:33:32',NULL),(568,0,NULL,NULL,0,1,193,NULL,6,NULL,'Telefono Fijo',NULL,0,0,0,0,0,1,1,'2020-02-06 17:23:07','2023-03-27 00:33:32',NULL),(569,0,NULL,NULL,0,1,198,NULL,6,NULL,'Seguros',NULL,0,0,0,0,0,1,1,'2020-02-06 17:23:07','2023-03-27 00:33:32',NULL),(570,0,NULL,NULL,0,1,199,NULL,6,NULL,'Internet',NULL,0,0,0,0,0,1,1,'2020-02-06 17:23:07','2023-03-27 00:33:32',NULL),(571,0,NULL,NULL,0,1,204,NULL,6,NULL,'Multas Impositivas',NULL,0,0,0,0,0,1,1,'2020-02-06 17:23:07','2023-03-27 00:33:32',NULL),(572,0,NULL,NULL,0,1,208,NULL,6,NULL,'Impuesto a los Ingresos Brutos - BS AS',NULL,0,0,0,0,0,1,1,'2020-02-06 17:23:07','2023-03-27 00:33:32',NULL),(573,0,NULL,NULL,0,1,209,NULL,6,NULL,'SIRCREB',NULL,0,0,0,0,0,1,1,'2020-02-06 17:23:07','2023-03-27 00:33:32',NULL),(574,0,NULL,NULL,0,1,212,NULL,6,NULL,'Tarjeta Visa',NULL,0,0,0,0,0,1,1,'2020-02-06 17:23:07','2023-03-27 00:33:32',NULL),(575,0,NULL,NULL,0,1,213,NULL,6,NULL,'Tarjeta American Express',NULL,0,0,0,0,0,1,1,'2020-02-06 17:23:07','2023-03-27 00:33:32',NULL),(576,0,NULL,NULL,0,1,214,NULL,6,NULL,'Tarjeta Mastercard',NULL,0,0,0,0,0,1,1,'2020-02-06 17:23:07','2023-03-27 00:33:32',NULL),(577,0,NULL,NULL,0,1,215,NULL,8,NULL,'Tarjeta Shopping',NULL,0,0,0,0,0,1,1,'2020-02-06 17:23:07','2023-03-27 00:33:32',NULL),(578,0,NULL,NULL,0,1,216,NULL,6,NULL,'Tarjeta Cencosud',NULL,0,0,0,0,0,1,1,'2020-02-06 17:23:07','2023-03-27 00:33:32',NULL),(579,0,NULL,NULL,0,1,217,NULL,6,NULL,'Compras',NULL,0,0,0,0,0,1,1,'2020-02-06 17:23:07','2023-03-27 00:33:32',NULL),(580,0,NULL,NULL,0,1,218,NULL,7,NULL,'Ventas No Gravadas',NULL,0,0,0,0,1,1,1,'2020-02-06 17:23:07','2023-03-27 00:33:32',NULL),(581,0,NULL,NULL,0,1,220,NULL,5,NULL,'Perc IVA -RG3337',NULL,0,0,0,0,0,1,0,'2020-02-06 17:23:07','2023-06-02 07:58:55',NULL),(582,0,NULL,NULL,0,1,221,NULL,6,NULL,'Imps. Internos',NULL,0,0,0,0,0,1,1,'2020-02-06 17:23:07','2023-03-27 00:33:32',NULL),(583,0,NULL,NULL,0,1,222,NULL,6,NULL,'Imp. Gasoil',NULL,0,0,0,0,0,1,1,'2020-02-06 17:23:07','2023-03-27 00:33:32',NULL),(584,0,NULL,NULL,0,1,223,NULL,6,NULL,'Imp. Hídricos',NULL,0,0,0,0,0,1,1,'2020-02-06 17:23:07','2023-03-27 00:33:32',NULL),(585,0,NULL,NULL,0,1,224,NULL,6,NULL,'ITC',NULL,0,0,0,0,0,1,1,'2020-02-06 17:23:07','2023-03-27 00:33:32',NULL),(586,0,NULL,NULL,0,1,225,NULL,5,NULL,'Perc IIBB  Buenos Aires',NULL,0,0,0,0,0,1,1,'2020-02-06 17:23:07','2023-03-27 00:33:32',NULL),(587,0,NULL,NULL,0,1,226,NULL,5,NULL,'Perc IIBB  Capital Federal',NULL,0,0,0,0,0,1,1,'2020-02-06 17:23:07','2023-03-27 00:33:32',NULL),(588,0,NULL,NULL,0,1,227,NULL,5,NULL,'Perc IIBB  Catamarca',NULL,0,0,0,0,0,1,1,'2020-02-06 17:23:07','2023-03-27 00:33:32',NULL),(589,0,NULL,NULL,0,1,228,NULL,5,NULL,'Perc IIBB  Chaco',NULL,0,0,0,0,0,1,1,'2020-02-06 17:23:07','2023-03-27 00:33:32',NULL),(590,0,NULL,NULL,0,1,229,NULL,5,NULL,'Perc IIBB  Chubut',NULL,0,0,0,0,0,1,1,'2020-02-06 17:23:07','2023-03-27 00:33:32',NULL),(591,0,NULL,NULL,0,1,230,NULL,5,NULL,'Perc IIBB  Córdoba',NULL,0,0,0,0,0,1,1,'2020-02-06 17:23:07','2023-03-27 00:33:32',NULL),(592,0,NULL,NULL,0,1,231,NULL,5,NULL,'Perc IIBB  Corrientes',NULL,0,0,0,0,0,1,1,'2020-02-06 17:23:07','2023-03-27 00:33:32',NULL),(593,0,NULL,NULL,0,1,232,NULL,5,NULL,'Perc IIBB  Entre Ríos',NULL,0,0,0,0,0,1,1,'2020-02-06 17:23:07','2023-03-27 00:33:32',NULL),(594,0,NULL,NULL,0,1,233,NULL,5,NULL,'Perc IIBB  Formosa',NULL,0,0,0,0,0,1,1,'2020-02-06 17:23:07','2023-03-27 00:33:32',NULL),(595,0,NULL,NULL,0,1,234,NULL,5,NULL,'Perc IIBB  Jujuy',NULL,0,0,0,0,0,1,1,'2020-02-06 17:23:07','2023-03-27 00:33:32',NULL),(596,0,NULL,NULL,0,1,235,NULL,5,NULL,'Perc IIBB  La Pampa',NULL,0,0,0,0,0,1,1,'2020-02-06 17:23:07','2023-03-27 00:33:32',NULL),(597,0,NULL,NULL,0,1,236,NULL,5,NULL,'Perc IIBB  La Rioja',NULL,0,0,0,0,0,1,1,'2020-02-06 17:23:07','2023-03-27 00:33:32',NULL);
INSERT INTO `cta_cte_tesoreria_cuentas` VALUES (598,0,NULL,NULL,0,1,237,NULL,5,NULL,'Perc IIBB  Mendoza',NULL,0,0,0,0,0,1,1,'2020-02-06 17:23:07','2023-03-27 00:33:32',NULL),(599,0,NULL,NULL,0,1,238,NULL,5,NULL,'Perc IIBB  Misiones',NULL,0,0,0,0,0,1,1,'2020-02-06 17:23:07','2023-03-27 00:33:32',NULL),(600,0,NULL,NULL,0,1,239,NULL,5,NULL,'Perc IIBB  Neuquén',NULL,0,0,0,0,0,1,1,'2020-02-06 17:23:07','2023-03-27 00:33:32',NULL),(601,0,NULL,NULL,0,1,240,NULL,5,NULL,'Perc IIBB  Pascua Lama',NULL,0,0,0,0,0,1,1,'2020-02-06 17:23:07','2023-03-27 00:33:32',NULL),(602,0,NULL,NULL,0,1,241,NULL,5,NULL,'Perc IIBB  Río Negro',NULL,0,0,0,0,0,1,1,'2020-02-06 17:23:07','2023-03-27 00:33:32',NULL),(603,0,NULL,NULL,0,1,242,NULL,5,NULL,'Perc IIBB  Salta',NULL,0,0,0,0,0,1,1,'2020-02-06 17:23:07','2023-03-27 00:33:32',NULL),(604,0,NULL,NULL,0,1,243,NULL,5,NULL,'Perc IIBB  San Juan',NULL,0,0,0,0,0,1,1,'2020-02-06 17:23:07','2023-03-27 00:33:32',NULL),(605,0,NULL,NULL,0,1,244,NULL,5,NULL,'Perc IIBB  San Luis',NULL,0,0,0,0,0,1,1,'2020-02-06 17:23:07','2023-03-27 00:33:32',NULL),(606,0,NULL,NULL,0,1,245,NULL,5,NULL,'Perc IIBB  Santa Cruz',NULL,0,0,0,0,0,1,1,'2020-02-06 17:23:07','2023-03-27 00:33:32',NULL),(607,0,NULL,NULL,0,1,246,NULL,5,NULL,'Perc IIBB  Santa Fe',NULL,0,0,0,0,0,1,1,'2020-02-06 17:23:07','2023-03-27 00:33:32',NULL),(608,0,NULL,NULL,0,1,247,NULL,5,NULL,'Perc IIBB  Santiago del Estero',NULL,0,0,0,0,0,1,1,'2020-02-06 17:23:07','2023-03-27 00:33:32',NULL),(609,0,NULL,NULL,0,1,248,NULL,5,NULL,'Perc IIBB  Tierra del Fuego',NULL,0,0,0,0,0,1,1,'2020-02-06 17:23:07','2023-03-27 00:33:32',NULL),(610,0,NULL,NULL,0,1,249,NULL,5,NULL,'Perc IIBB  Tucuman',NULL,0,0,0,0,0,1,1,'2020-02-06 17:23:07','2023-03-27 00:33:32',NULL),(611,0,NULL,NULL,0,1,250,NULL,6,NULL,'Compras No Gravadas',NULL,0,0,0,0,0,1,1,'2020-02-06 17:23:07','2023-03-27 00:33:32',NULL),(612,0,NULL,NULL,0,1,276,NULL,6,NULL,'SIRCREB Buenos Aires',NULL,0,0,0,0,0,1,1,'2020-02-06 17:23:07','2023-03-27 00:33:32',NULL),(613,0,NULL,NULL,0,1,277,NULL,6,NULL,'SIRCREB Capital Federal',NULL,0,0,0,0,0,1,1,'2020-02-06 17:23:07','2023-03-27 00:33:32',NULL),(614,0,NULL,NULL,0,1,278,NULL,6,NULL,'SIRCREB Catamarca',NULL,0,0,0,0,0,1,1,'2020-02-06 17:23:07','2023-03-27 00:33:32',NULL),(615,0,NULL,NULL,0,1,279,NULL,6,NULL,'SIRCREB Chaco',NULL,0,0,0,0,0,1,1,'2020-02-06 17:23:07','2023-03-27 00:33:32',NULL),(616,0,NULL,NULL,0,1,280,NULL,6,NULL,'SIRCREB Chubut',NULL,0,0,0,0,0,1,1,'2020-02-06 17:23:07','2023-03-27 00:33:32',NULL),(617,0,NULL,NULL,0,1,281,NULL,6,NULL,'SIRCREB Córdoba',NULL,0,0,0,0,0,1,1,'2020-02-06 17:23:07','2023-03-27 00:33:32',NULL),(618,0,NULL,NULL,0,1,282,NULL,6,NULL,'SIRCREB Corrientes',NULL,0,0,0,0,0,1,1,'2020-02-06 17:23:07','2023-03-27 00:33:32',NULL),(619,0,NULL,NULL,0,1,283,NULL,6,NULL,'SIRCREB Entre Ríos',NULL,0,0,0,0,0,1,1,'2020-02-06 17:23:07','2023-03-27 00:33:32',NULL),(620,0,NULL,NULL,0,1,284,NULL,6,NULL,'SIRCREB Formosa',NULL,0,0,0,0,0,1,1,'2020-02-06 17:23:07','2023-03-27 00:33:32',NULL),(621,0,NULL,NULL,0,1,285,NULL,6,NULL,'SIRCREB Jujuy',NULL,0,0,0,0,0,1,1,'2020-02-06 17:23:07','2023-03-27 00:33:32',NULL),(622,0,NULL,NULL,0,1,286,NULL,6,NULL,'SIRCREB La Pampa',NULL,0,0,0,0,0,1,1,'2020-02-06 17:23:07','2023-03-27 00:33:32',NULL),(623,0,NULL,NULL,0,1,287,NULL,6,NULL,'SIRCREB La Rioja',NULL,0,0,0,0,0,1,1,'2020-02-06 17:23:07','2023-03-27 00:33:32',NULL),(624,0,NULL,NULL,0,1,288,NULL,6,NULL,'SIRCREB Mendoza',NULL,0,0,0,0,0,1,1,'2020-02-06 17:23:07','2023-03-27 00:33:32',NULL),(625,0,NULL,NULL,0,1,289,NULL,6,NULL,'SIRCREB Misiones',NULL,0,0,0,0,0,1,1,'2020-02-06 17:23:07','2023-03-27 00:33:32',NULL),(626,0,NULL,NULL,0,1,290,NULL,6,NULL,'SIRCREB Neuquén',NULL,0,0,0,0,0,1,1,'2020-02-06 17:23:07','2023-03-27 00:33:32',NULL),(627,0,NULL,NULL,0,1,291,NULL,6,NULL,'SIRCREB Pascua Lama',NULL,0,0,0,0,0,1,1,'2020-02-06 17:23:07','2023-03-27 00:33:32',NULL),(628,0,NULL,NULL,0,1,292,NULL,6,NULL,'SIRCREB Río Negro',NULL,0,0,0,0,0,1,1,'2020-02-06 17:23:07','2023-03-27 00:33:32',NULL);
INSERT INTO `cta_cte_tesoreria_cuentas` VALUES (629,0,NULL,NULL,0,1,293,NULL,6,NULL,'SIRCREB Salta',NULL,0,0,0,0,0,1,1,'2020-02-06 17:23:07','2023-03-27 00:33:32',NULL),(630,0,NULL,NULL,0,1,294,NULL,6,NULL,'SIRCREB San Juan',NULL,0,0,0,0,0,1,1,'2020-02-06 17:23:07','2023-03-27 00:33:32',NULL),(631,0,NULL,NULL,0,1,295,NULL,6,NULL,'SIRCREB San Luis',NULL,0,0,0,0,0,1,1,'2020-02-06 17:23:07','2023-03-27 00:33:32',NULL),(632,0,NULL,NULL,0,1,296,NULL,6,NULL,'SIRCREB Santa Cruz',NULL,0,0,0,0,0,1,1,'2020-02-06 17:23:07','2023-03-27 00:33:32',NULL),(633,0,NULL,NULL,0,1,297,NULL,6,NULL,'SIRCREB Santa Fe',NULL,0,0,0,0,0,1,1,'2020-02-06 17:23:07','2023-03-27 00:33:32',NULL),(634,0,NULL,NULL,0,1,298,NULL,6,NULL,'SIRCREB Santiago del Estero',NULL,0,0,0,0,0,1,1,'2020-02-06 17:23:07','2023-03-27 00:33:32',NULL),(635,0,NULL,NULL,0,1,299,NULL,6,NULL,'SIRCREB Tierra del Fuego',NULL,0,0,0,0,0,1,1,'2020-02-06 17:23:07','2023-03-27 00:33:32',NULL),(636,0,NULL,NULL,0,1,300,NULL,6,NULL,'SIRCREB Tucuman',NULL,0,0,0,0,0,1,1,'2020-02-06 17:23:07','2023-03-27 00:33:32',NULL),(637,0,NULL,NULL,0,1,301,NULL,8,NULL,'IIBB a Favor Buenos Aires',NULL,0,0,0,0,0,1,1,'2020-02-06 17:23:07','2023-03-27 00:33:32',NULL),(638,0,NULL,NULL,0,1,302,NULL,8,NULL,'IIBB a Favor Capital Federal',NULL,0,0,0,0,0,1,1,'2020-02-06 17:23:07','2023-03-27 00:33:32',NULL),(639,0,NULL,NULL,0,1,303,NULL,8,NULL,'IIBB a Favor Catamarca',NULL,0,0,0,0,0,1,1,'2020-02-06 17:23:07','2023-03-27 00:33:32',NULL),(640,0,NULL,NULL,0,1,304,NULL,8,NULL,'IIBB a Favor Chaco',NULL,0,0,0,0,0,1,1,'2020-02-06 17:23:07','2023-03-27 00:33:32',NULL),(641,0,NULL,NULL,0,1,305,NULL,8,NULL,'IIBB a Favor Chubut',NULL,0,0,0,0,0,1,1,'2020-02-06 17:23:07','2023-03-27 00:33:32',NULL),(642,0,NULL,NULL,0,1,306,NULL,8,NULL,'IIBB a Favor Córdoba',NULL,0,0,0,0,0,1,1,'2020-02-06 17:23:07','2023-03-27 00:33:32',NULL),(643,0,NULL,NULL,0,1,307,NULL,8,NULL,'IIBB a Favor Corrientes',NULL,0,0,0,0,0,1,1,'2020-02-06 17:23:07','2023-03-27 00:33:32',NULL),(644,0,NULL,NULL,0,1,308,NULL,8,NULL,'IIBB a Favor Entre Ríos',NULL,0,0,0,0,0,1,1,'2020-02-06 17:23:07','2023-03-27 00:33:32',NULL),(645,0,NULL,NULL,0,1,309,NULL,8,NULL,'IIBB a Favor Formosa',NULL,0,0,0,0,0,1,1,'2020-02-06 17:23:07','2023-03-27 00:33:32',NULL),(646,0,NULL,NULL,0,1,310,NULL,8,NULL,'IIBB a Favor Jujuy',NULL,0,0,0,0,0,1,1,'2020-02-06 17:23:07','2023-03-27 00:33:32',NULL),(647,0,NULL,NULL,0,1,311,NULL,8,NULL,'IIBB a Favor La Pampa',NULL,0,0,0,0,0,1,1,'2020-02-06 17:23:07','2023-03-27 00:33:32',NULL),(648,0,NULL,NULL,0,1,312,NULL,8,NULL,'IIBB a Favor La Rioja',NULL,0,0,0,0,0,1,1,'2020-02-06 17:23:07','2023-03-27 00:33:32',NULL),(649,0,NULL,NULL,0,1,313,NULL,8,NULL,'IIBB a Favor Mendoza',NULL,0,0,0,0,0,1,1,'2020-02-06 17:23:07','2023-03-27 00:33:32',NULL),(650,0,NULL,NULL,0,1,314,NULL,8,NULL,'IIBB a Favor Misiones',NULL,0,0,0,0,0,1,1,'2020-02-06 17:23:08','2023-03-27 00:33:32',NULL),(651,0,NULL,NULL,0,1,315,NULL,8,NULL,'IIBB a Favor Neuquén',NULL,0,0,0,0,0,1,1,'2020-02-06 17:23:08','2023-03-27 00:33:32',NULL),(652,0,NULL,NULL,0,1,316,NULL,8,NULL,'IIBB a Favor Pascua Lama',NULL,0,0,0,0,0,1,1,'2020-02-06 17:23:08','2023-03-27 00:33:32',NULL),(653,0,NULL,NULL,0,1,317,NULL,8,NULL,'IIBB a Favor Río Negro',NULL,0,0,0,0,0,1,1,'2020-02-06 17:23:08','2023-03-27 00:33:32',NULL),(654,0,NULL,NULL,0,1,318,NULL,8,NULL,'IIBB a Favor Salta',NULL,0,0,0,0,0,1,1,'2020-02-06 17:23:08','2023-03-27 00:33:32',NULL),(655,0,NULL,NULL,0,1,319,NULL,8,NULL,'IIBB a Favor San Juan',NULL,0,0,0,0,0,1,1,'2020-02-06 17:23:08','2023-03-27 00:33:32',NULL),(656,0,NULL,NULL,0,1,320,NULL,8,NULL,'IIBB a Favor San Luis',NULL,0,0,0,0,0,1,1,'2020-02-06 17:23:08','2023-03-27 00:33:32',NULL),(657,0,NULL,NULL,0,1,321,NULL,8,NULL,'IIBB a Favor Santa Cruz',NULL,0,0,0,0,0,1,1,'2020-02-06 17:23:08','2023-03-27 00:33:32',NULL),(658,0,NULL,NULL,0,1,322,NULL,8,NULL,'IIBB a Favor Santa Fe',NULL,0,0,0,0,0,1,1,'2020-02-06 17:23:08','2023-03-27 00:33:32',NULL);
INSERT INTO `cta_cte_tesoreria_cuentas` VALUES (659,0,NULL,NULL,0,1,323,NULL,8,NULL,'IIBB a Favor Santiago del Estero',NULL,0,0,0,0,0,1,1,'2020-02-06 17:23:08','2023-03-27 00:33:32',NULL),(660,0,NULL,NULL,0,1,324,NULL,8,NULL,'IIBB a Favor Tierra del Fuego',NULL,0,0,0,0,0,1,1,'2020-02-06 17:23:08','2023-03-27 00:33:32',NULL),(661,0,NULL,NULL,0,1,325,NULL,8,NULL,'IIBB a Favor Tucuman',NULL,0,0,0,0,0,1,1,'2020-02-06 17:23:08','2023-03-27 00:33:32',NULL),(662,0,NULL,NULL,0,1,326,NULL,8,NULL,'IIBB a Pagar Buenos Aires',NULL,0,0,0,0,0,1,1,'2020-02-06 17:23:08','2023-03-27 00:33:32',NULL),(663,0,NULL,NULL,0,1,327,NULL,8,NULL,'IIBB a Pagar Capital Federal',NULL,0,0,0,0,0,1,1,'2020-02-06 17:23:08','2023-03-27 00:33:32',NULL),(664,0,NULL,NULL,0,1,328,NULL,8,NULL,'IIBB a Pagar Catamarca',NULL,0,0,0,0,0,1,1,'2020-02-06 17:23:08','2023-03-27 00:33:32',NULL),(665,0,NULL,NULL,0,1,329,NULL,8,NULL,'IIBB a Pagar Chaco',NULL,0,0,0,0,0,1,1,'2020-02-06 17:23:08','2023-03-27 00:33:32',NULL),(666,0,NULL,NULL,0,1,330,NULL,8,NULL,'IIBB a Pagar Chubut',NULL,0,0,0,0,0,1,1,'2020-02-06 17:23:08','2023-03-27 00:33:32',NULL),(667,0,NULL,NULL,0,1,331,NULL,8,NULL,'IIBB a Pagar Córdoba',NULL,0,0,0,0,0,1,1,'2020-02-06 17:23:08','2023-03-27 00:33:32',NULL),(668,0,NULL,NULL,0,1,332,NULL,8,NULL,'IIBB a Pagar Corrientes',NULL,0,0,0,0,0,1,1,'2020-02-06 17:23:08','2023-03-27 00:33:32',NULL),(669,0,NULL,NULL,0,1,333,NULL,8,NULL,'IIBB a Pagar Entre Ríos',NULL,0,0,0,0,0,1,1,'2020-02-06 17:23:08','2023-03-27 00:33:32',NULL),(670,0,NULL,NULL,0,1,334,NULL,8,NULL,'IIBB a Pagar Formosa',NULL,0,0,0,0,0,1,1,'2020-02-06 17:23:08','2023-03-27 00:33:32',NULL),(671,0,NULL,NULL,0,1,335,NULL,8,NULL,'IIBB a Pagar Jujuy',NULL,0,0,0,0,0,1,1,'2020-02-06 17:23:08','2023-03-27 00:33:32',NULL),(672,0,NULL,NULL,0,1,336,NULL,8,NULL,'IIBB a Pagar La Pampa',NULL,0,0,0,0,0,1,1,'2020-02-06 17:23:08','2023-03-27 00:33:32',NULL),(673,0,NULL,NULL,0,1,337,NULL,8,NULL,'IIBB a Pagar La Rioja',NULL,0,0,0,0,0,1,1,'2020-02-06 17:23:08','2023-03-27 00:33:32',NULL),(674,0,NULL,NULL,0,1,338,NULL,8,NULL,'IIBB a Pagar Mendoza',NULL,0,0,0,0,0,1,1,'2020-02-06 17:23:08','2023-03-27 00:33:32',NULL),(675,0,NULL,NULL,0,1,339,NULL,8,NULL,'IIBB a Pagar Misiones',NULL,0,0,0,0,0,1,1,'2020-02-06 17:23:08','2023-03-27 00:33:32',NULL),(676,0,NULL,NULL,0,1,340,NULL,8,NULL,'IIBB a Pagar Neuquén',NULL,0,0,0,0,0,1,1,'2020-02-06 17:23:08','2023-03-27 00:33:32',NULL),(677,0,NULL,NULL,0,1,341,NULL,8,NULL,'IIBB a Pagar Pascua Lama',NULL,0,0,0,0,0,1,1,'2020-02-06 17:23:08','2023-03-27 00:33:32',NULL),(678,0,NULL,NULL,0,1,342,NULL,8,NULL,'IIBB a Pagar Río Negro',NULL,0,0,0,0,0,1,1,'2020-02-06 17:23:08','2023-03-27 00:33:32',NULL),(679,0,NULL,NULL,0,1,343,NULL,8,NULL,'IIBB a Pagar Salta',NULL,0,0,0,0,0,1,1,'2020-02-06 17:23:08','2023-03-27 00:33:32',NULL),(680,0,NULL,NULL,0,1,344,NULL,8,NULL,'IIBB a Pagar San Juan',NULL,0,0,0,0,0,1,1,'2020-02-06 17:23:08','2023-03-27 00:33:32',NULL),(681,0,NULL,NULL,0,1,345,NULL,8,NULL,'IIBB a Pagar San Luis',NULL,0,0,0,0,0,1,1,'2020-02-06 17:23:08','2023-03-27 00:33:32',NULL),(682,0,NULL,NULL,0,1,346,NULL,8,NULL,'IIBB a Pagar Santa Cruz',NULL,0,0,0,0,0,1,1,'2020-02-06 17:23:08','2023-03-27 00:33:32',NULL),(683,0,NULL,NULL,0,1,347,NULL,8,NULL,'IIBB a Pagar Santa Fe',NULL,0,0,0,0,0,1,1,'2020-02-06 17:23:08','2023-03-27 00:33:32',NULL),(684,0,NULL,NULL,0,1,348,NULL,8,NULL,'IIBB a Pagar Santiago del Estero',NULL,0,0,0,0,0,1,1,'2020-02-06 17:23:08','2023-03-27 00:33:32',NULL),(685,0,NULL,NULL,0,1,349,NULL,8,NULL,'IIBB a Pagar Tierra del Fuego',NULL,0,0,0,0,0,1,1,'2020-02-06 17:23:08','2023-03-27 00:33:32',NULL),(686,0,NULL,NULL,0,1,350,NULL,8,NULL,'IIBB a Pagar Tucuman',NULL,0,0,0,0,0,1,1,'2020-02-06 17:23:08','2023-03-27 00:33:32',NULL),(687,0,NULL,NULL,0,1,352,NULL,8,NULL,'Compensacion',NULL,0,0,0,0,0,1,1,'2020-02-06 17:23:08','2023-03-27 00:33:32',NULL),(688,0,NULL,NULL,0,1,353,NULL,8,NULL,'IVA Saldo Tecnico',NULL,0,0,0,0,0,1,1,'2020-02-06 17:23:08','2023-03-27 00:33:32',NULL);
INSERT INTO `cta_cte_tesoreria_cuentas` VALUES (689,0,NULL,NULL,0,1,354,NULL,8,NULL,'IVA Saldo Libre Disponibilidad',NULL,0,0,0,0,0,1,1,'2020-02-06 17:23:08','2023-03-27 00:33:32',NULL),(690,0,NULL,NULL,0,1,361,NULL,8,NULL,'Equipos de Computación',NULL,0,0,0,0,0,1,1,'2020-02-06 17:23:08','2023-03-27 00:33:32',NULL),(691,0,NULL,NULL,0,1,362,NULL,8,NULL,'Computadoras',NULL,0,0,0,0,0,1,1,'2020-02-06 17:23:08','2023-03-27 00:33:32',NULL),(692,0,NULL,NULL,0,1,363,NULL,8,NULL,'Muebles y Utiles',NULL,0,0,0,0,0,1,1,'2020-02-06 17:23:08','2023-03-27 00:33:32',NULL),(693,0,NULL,NULL,0,1,365,NULL,8,NULL,'Provision Honorarios',NULL,0,0,0,0,0,1,1,'2020-02-06 17:23:08','2023-03-27 00:33:32',NULL),(694,0,NULL,NULL,0,1,366,NULL,8,NULL,'Cta. Cte Directores',NULL,0,0,0,0,0,1,1,'2020-02-06 17:23:08','2023-03-27 00:33:32',NULL),(695,0,NULL,NULL,0,1,367,NULL,8,NULL,'Provisión Honorarios Directores',NULL,0,0,0,0,0,1,1,'2020-02-06 17:23:08','2023-03-27 00:33:32',NULL),(696,0,NULL,NULL,0,1,368,NULL,8,NULL,'Cuenta Particular Socio 1',NULL,0,0,0,0,0,1,1,'2020-02-06 17:23:08','2023-03-27 00:33:32',NULL),(697,0,NULL,NULL,0,1,369,NULL,8,NULL,'Capital',NULL,0,0,0,0,0,1,1,'2020-02-06 17:23:08','2023-03-27 00:33:32',NULL),(698,0,NULL,NULL,0,1,380,NULL,8,NULL,'Instalaciones',NULL,0,0,0,0,0,1,1,'2020-02-06 17:23:08','2023-03-27 00:33:32',NULL),(699,0,NULL,NULL,0,1,381,NULL,8,NULL,'Reserva Legal',NULL,0,0,0,0,0,1,1,'2020-02-06 17:23:08','2023-03-27 00:33:32',NULL),(700,0,NULL,NULL,0,1,382,NULL,8,NULL,'Reserva Legal',NULL,0,0,0,0,0,1,1,'2020-02-06 17:23:08','2023-03-27 00:33:32',NULL),(701,0,NULL,NULL,0,1,383,NULL,8,NULL,'Resultado no asignado',NULL,0,0,0,0,0,1,1,'2020-02-06 17:23:08','2023-03-27 00:33:32',NULL),(702,0,NULL,NULL,0,1,386,NULL,8,NULL,'PLAZO FIJO',NULL,0,0,0,0,0,1,1,'2020-02-06 17:23:08','2023-03-27 00:33:32',NULL),(703,0,NULL,NULL,0,1,388,NULL,8,NULL,'ACCIONES',NULL,0,0,0,0,0,1,1,'2020-02-06 17:23:08','2023-03-27 00:33:32',NULL),(704,0,NULL,NULL,0,1,389,NULL,8,NULL,'Inmuebles',NULL,0,0,0,0,0,1,1,'2020-02-06 17:23:08','2023-03-27 00:33:32',NULL),(705,0,NULL,NULL,0,1,390,NULL,8,NULL,'Vehiculos',NULL,0,0,0,0,0,1,1,'2020-02-06 17:23:08','2023-03-27 00:33:32',NULL),(706,0,NULL,NULL,0,1,391,NULL,8,NULL,'Maquinarias',NULL,0,0,0,0,0,1,1,'2020-02-06 17:23:08','2023-03-27 00:33:32',NULL),(707,0,NULL,NULL,0,1,392,NULL,8,NULL,'MERCADERIAS',NULL,0,0,0,0,0,1,1,'2020-02-06 17:23:08','2023-03-27 00:33:32',NULL),(708,0,NULL,NULL,0,1,393,NULL,8,NULL,'OTROS',NULL,0,0,0,0,0,1,1,'2020-02-06 17:23:08','2023-03-27 00:33:32',NULL),(709,0,NULL,NULL,0,1,395,NULL,8,NULL,'Cuenta Particular Socio 2',NULL,0,0,0,0,0,1,1,'2020-02-06 17:23:08','2023-03-27 00:33:32',NULL),(710,0,NULL,NULL,0,1,396,NULL,6,NULL,'Comisiones Y gastos Bancarios',NULL,0,0,0,0,0,1,1,'2020-02-06 17:23:08','2023-03-27 00:33:32',NULL),(711,0,NULL,NULL,0,1,411,NULL,8,NULL,'Provisión Impuesto a las Ganancias',NULL,0,0,0,0,0,1,1,'2020-02-06 17:23:08','2023-03-27 00:33:32',NULL),(712,0,NULL,NULL,0,1,412,NULL,6,NULL,'Amortización Muebles y Útiles',NULL,0,0,0,0,0,1,1,'2020-02-06 17:23:08','2023-03-27 00:33:32',NULL),(713,0,NULL,NULL,0,1,413,NULL,6,NULL,'Amortización Equipos',NULL,0,0,0,0,0,1,1,'2020-02-06 17:23:08','2023-03-27 00:33:32',NULL),(714,0,NULL,NULL,0,1,414,NULL,8,NULL,'Amortizacion Acumulada Equipos',NULL,0,0,0,0,0,1,1,'2020-02-06 17:23:08','2023-03-27 00:33:32',NULL),(715,0,NULL,NULL,0,1,415,NULL,8,NULL,'Amortización Acumulada Maquinarias',NULL,0,0,0,0,0,1,1,'2020-02-06 17:23:08','2023-03-27 00:33:32',NULL),(716,0,NULL,NULL,0,1,416,NULL,8,NULL,'Materias Primas',NULL,0,0,0,0,0,1,1,'2020-02-06 17:23:08','2023-03-27 00:33:33',NULL),(717,0,NULL,NULL,0,1,419,NULL,8,NULL,'Rodados',NULL,0,0,0,0,0,1,1,'2020-02-06 17:23:08','2023-03-27 00:33:33',NULL),(718,0,NULL,NULL,0,1,420,NULL,8,NULL,'Amortización Acumulada Rodados',NULL,0,0,0,0,0,1,1,'2020-02-06 17:23:08','2023-03-27 00:33:33',NULL),(719,0,NULL,NULL,0,1,421,NULL,8,NULL,'Amortización Rodados',NULL,0,0,0,0,0,1,1,'2020-02-06 17:23:08','2023-03-27 00:33:33',NULL);
INSERT INTO `cta_cte_tesoreria_cuentas` VALUES (720,0,NULL,NULL,0,1,422,NULL,8,NULL,'Amortización Maquinarias',NULL,0,0,0,0,0,1,1,'2020-02-06 17:23:08','2023-03-27 00:33:33',NULL),(721,0,NULL,NULL,0,1,423,NULL,8,NULL,'Accesorios',NULL,0,0,0,0,0,1,1,'2020-02-06 17:23:08','2023-03-27 00:33:33',NULL),(722,0,NULL,NULL,0,1,424,NULL,8,NULL,'Amortización Acumulada Accesorios',NULL,0,0,0,0,0,1,1,'2020-02-06 17:23:08','2023-03-27 00:33:33',NULL),(723,0,NULL,NULL,0,1,426,NULL,8,NULL,'Reserva Facultativa',NULL,0,0,0,0,0,1,1,'2020-02-06 17:23:08','2023-03-27 00:33:33',NULL),(724,0,NULL,NULL,0,1,427,NULL,8,NULL,'Créditos por Impuestos Diferidos',NULL,0,0,0,0,0,1,1,'2020-02-06 17:23:08','2023-03-27 00:33:33',NULL),(725,0,NULL,NULL,0,1,428,NULL,8,NULL,'Fondo de Comercio',NULL,0,0,0,0,0,1,1,'2020-02-06 17:23:08','2023-03-27 00:33:33',NULL),(726,0,NULL,NULL,0,1,429,NULL,8,NULL,'Amortizacion Acumulada Fondo de Comercio',NULL,0,0,0,0,0,1,1,'2020-02-06 17:23:08','2023-03-27 00:33:33',NULL),(727,0,NULL,NULL,0,1,430,NULL,8,NULL,'Intereses a devengar AGIP',NULL,0,0,0,0,0,1,1,'2020-02-06 17:23:08','2023-03-27 00:33:33',NULL),(728,0,NULL,NULL,0,1,431,NULL,8,NULL,'PFP IIBB',NULL,0,0,0,0,0,1,1,'2020-02-06 17:23:08','2023-03-27 00:33:33',NULL),(729,0,NULL,NULL,0,1,434,NULL,8,NULL,'Productos',NULL,0,0,0,0,0,1,1,'2020-02-06 17:23:08','2023-03-27 00:33:33',NULL),(730,0,NULL,NULL,0,1,435,NULL,8,NULL,'Intereses a devengar PFP',NULL,0,0,0,0,0,1,1,'2020-02-06 17:23:08','2023-03-27 00:33:33',NULL),(731,0,NULL,NULL,0,1,437,NULL,8,NULL,'Imp. Ley 25413 Cred 0.6%',NULL,0,0,0,0,0,1,1,'2020-02-06 17:23:08','2023-03-27 00:33:33',NULL),(732,0,NULL,NULL,0,1,438,NULL,8,NULL,'Honorarios Directorio a Pagar',NULL,0,0,0,0,0,1,1,'2020-02-06 17:23:08','2023-03-27 00:33:33',NULL),(733,0,NULL,NULL,0,1,439,NULL,8,NULL,'Reserva para Futuras Inversiones',NULL,0,0,0,0,0,1,1,'2020-02-06 17:23:08','2023-03-27 00:33:33',NULL),(734,0,NULL,NULL,0,1,440,NULL,8,NULL,'TEAC - Trabajos Ejecutados a Certificar',NULL,0,0,0,0,0,1,1,'2020-02-06 17:23:08','2023-03-27 00:33:33',NULL),(735,0,NULL,NULL,0,1,444,NULL,8,NULL,'Banco Santander Rio Cta Cte',NULL,0,0,0,0,0,1,1,'2020-02-06 17:23:08','2023-03-27 00:33:33',NULL),(736,0,NULL,NULL,0,1,449,NULL,8,NULL,'Leasing',NULL,0,0,0,0,0,1,1,'2020-02-06 17:23:08','2023-03-27 00:33:33',NULL),(737,0,NULL,NULL,0,1,453,NULL,8,NULL,'Inversión Central Caribe',NULL,0,0,0,0,0,1,1,'2020-02-06 17:23:08','2023-03-27 00:33:33',NULL),(738,0,NULL,NULL,0,1,454,NULL,8,NULL,'Otras Inversiones',NULL,0,0,0,0,0,1,1,'2020-02-06 17:23:08','2023-03-27 00:33:33',NULL),(739,0,NULL,NULL,0,1,455,NULL,8,NULL,'Otros Créditos',NULL,0,0,0,0,0,1,1,'2020-02-06 17:23:08','2023-03-27 00:33:33',NULL),(740,0,NULL,NULL,0,1,456,NULL,8,NULL,'Provisión Honorarios Socio Gerente',NULL,0,0,0,0,0,1,1,'2020-02-06 17:23:08','2023-03-27 00:33:33',NULL),(741,0,NULL,NULL,0,1,459,NULL,8,NULL,'Moratoria SUSS a pagar',NULL,0,0,0,0,0,1,1,'2020-02-06 17:23:08','2023-03-27 00:33:33',NULL),(742,0,NULL,NULL,0,1,460,NULL,8,NULL,'Impuestos Municipales a Pagar',NULL,0,0,0,0,0,1,1,'2020-02-06 17:23:08','2023-03-27 00:33:33',NULL),(743,0,NULL,NULL,0,1,461,NULL,6,NULL,'Amortización Instalaciones',NULL,0,0,0,0,0,1,1,'2020-02-06 17:23:08','2023-03-27 00:33:33',NULL),(744,0,NULL,NULL,0,1,462,NULL,8,NULL,'Amortización Equipos de comput.',NULL,0,0,0,0,0,1,1,'2020-02-06 17:23:08','2023-03-27 00:33:33',NULL),(745,0,NULL,NULL,0,1,463,NULL,8,NULL,'Cuenta Particular Socio 3',NULL,0,0,0,0,0,1,1,'2020-02-06 17:23:08','2023-03-27 00:33:33',NULL),(746,0,NULL,NULL,0,1,464,NULL,8,NULL,'Cuenta Particular Socio 4',NULL,0,0,0,0,0,1,1,'2020-02-06 17:23:08','2023-03-27 00:33:33',NULL),(747,0,NULL,NULL,0,1,465,NULL,8,NULL,'Otras Reservas',NULL,0,0,0,0,0,1,1,'2020-02-06 17:23:08','2023-03-27 00:33:33',NULL),(748,0,NULL,NULL,0,1,466,NULL,8,NULL,'IGMP (Saldo a Favor)',NULL,0,0,0,0,0,1,1,'2020-02-06 17:23:08','2023-03-27 00:33:33',NULL),(749,0,NULL,NULL,0,1,468,NULL,8,NULL,'Productos en Proceso',NULL,0,0,0,0,0,1,1,'2020-02-06 17:23:08','2023-03-27 00:33:33',NULL);
INSERT INTO `cta_cte_tesoreria_cuentas` VALUES (750,0,NULL,NULL,0,1,469,NULL,8,NULL,'Depósitos en Garantía Socio Gerente',NULL,0,0,0,0,0,1,1,'2020-02-06 17:23:08','2023-03-27 00:33:33',NULL),(751,0,NULL,NULL,0,1,470,NULL,8,NULL,'Fondos Embargados',NULL,0,0,0,0,0,1,1,'2020-02-06 17:23:08','2023-03-27 00:33:33',NULL),(752,0,NULL,NULL,0,1,471,NULL,8,NULL,'Cuota Solid.',NULL,0,0,0,0,0,1,1,'2020-02-06 17:23:08','2023-03-27 00:33:33',NULL),(753,0,NULL,NULL,0,1,472,NULL,8,NULL,'Anticipo Honorarios Directores',NULL,0,0,0,0,0,1,1,'2020-02-06 17:23:08','2023-03-27 00:33:33',NULL),(754,0,NULL,NULL,0,1,473,NULL,8,NULL,'SICORE a Pagar',NULL,0,0,0,0,0,1,1,'2020-02-06 17:23:08','2023-03-27 00:33:33',NULL),(755,0,NULL,NULL,0,1,476,NULL,6,NULL,'RECPAM',NULL,0,0,0,0,0,1,1,'2020-02-06 17:23:08','2023-03-27 00:33:33',NULL),(756,0,NULL,NULL,0,1,478,NULL,6,NULL,'CO2 - Imp. Al Carbono',NULL,0,0,0,0,0,1,1,'2020-02-06 17:23:08','2023-03-27 00:33:33',NULL);

--
-- Table structure for table `cta_cte_tesoreria_detail`
--

CREATE TABLE `cta_cte_tesoreria_detail` (
  `id` int(10) unsigned NOT NULL AUTO_INCREMENT,
  `user_id` int(10) unsigned DEFAULT NULL,
  `cta_cte_tesoreria_id` int(10) unsigned NOT NULL,
  `cta_cte_tesoreria_cuenta_id` int(10) unsigned NOT NULL,
  `person_id` int(10) unsigned DEFAULT NULL,
  `period_id` int(10) unsigned DEFAULT NULL,
  `saldo_id` int(10) unsigned NOT NULL,
  `monto` decimal(16,2) NOT NULL,
  `is_conciliado` tinyint(1) NOT NULL DEFAULT '0',
  `fecha` date DEFAULT NULL,
  `created_at` timestamp NULL DEFAULT NULL,
  `updated_at` timestamp NULL DEFAULT NULL,
  `deleted_at` timestamp NULL DEFAULT NULL,
  PRIMARY KEY (`id`),
  KEY `cta_cte_tesoreria_detail_cta_cte_tesoreria_id_foreign` (`cta_cte_tesoreria_id`),
  KEY `cta_cte_tesoreria_detail_cta_cte_tesoreria_cuenta_id_foreign` (`cta_cte_tesoreria_cuenta_id`),
  KEY `cta_cte_tesoreria_detail_person_id_foreign` (`person_id`),
  KEY `cta_cte_tesoreria_detail_period_id_foreign` (`period_id`),
  KEY `cta_cte_tesoreria_detail_saldo_id_foreign` (`saldo_id`),
  CONSTRAINT `cta_cte_tesoreria_detail_cta_cte_tesoreria_cuenta_id_foreign` FOREIGN KEY (`cta_cte_tesoreria_cuenta_id`) REFERENCES `cta_cte_tesoreria_cuentas` (`id`),
  CONSTRAINT `cta_cte_tesoreria_detail_cta_cte_tesoreria_id_foreign` FOREIGN KEY (`cta_cte_tesoreria_id`) REFERENCES `cta_cte_tesoreria` (`id`),
  CONSTRAINT `cta_cte_tesoreria_detail_period_id_foreign` FOREIGN KEY (`period_id`) REFERENCES `periods` (`id`),
  CONSTRAINT `cta_cte_tesoreria_detail_person_id_foreign` FOREIGN KEY (`person_id`) REFERENCES `persons` (`id`),
  CONSTRAINT `cta_cte_tesoreria_detail_saldo_id_foreign` FOREIGN KEY (`saldo_id`) REFERENCES `conta_tipo_saldos` (`id`)
) ENGINE=InnoDB DEFAULT CHARSET=utf8mb4 COLLATE=utf8mb4_unicode_ci;

--
-- Dumping data for table `cta_cte_tesoreria_detail`
--


--
-- Table structure for table `ctacte_bancos`
--

CREATE TABLE `ctacte_bancos` (
  `id` int(10) unsigned NOT NULL AUTO_INCREMENT,
  `user_id` int(10) unsigned DEFAULT NULL,
  `nombre` varchar(255) COLLATE utf8mb4_unicode_ci DEFAULT NULL,
  `codigoBCRA` int(11) DEFAULT NULL,
  `cuit` varchar(191) COLLATE utf8mb4_unicode_ci DEFAULT NULL,
  `created_at` timestamp NULL DEFAULT NULL,
  `updated_at` timestamp NULL DEFAULT NULL,
  `deleted_at` timestamp NULL DEFAULT NULL,
  PRIMARY KEY (`id`)
) ENGINE=InnoDB AUTO_INCREMENT=82 DEFAULT CHARSET=utf8mb4 COLLATE=utf8mb4_unicode_ci;

--
-- Dumping data for table `ctacte_bancos`
--

INSERT INTO `ctacte_bancos` VALUES (1,NULL,'BANCO DE GALICIA Y BUENOS AIRES S.A.',7,'30-50000173-5',NULL,NULL,NULL),(2,NULL,'BANCO DE LA NACION ARGENTINA',11,'30-50001091-2',NULL,NULL,NULL),(3,NULL,'BANCO DE LA PROVINCIA DE BUENOS AIRES',14,'33-99924210-9',NULL,NULL,NULL),(4,NULL,'INDUSTRIAL AND COMMERCIAL BANK OF CHINA',15,'30-70944784-6',NULL,NULL,NULL),(5,NULL,'CITIBANK N.A.',16,'30-50000562-5',NULL,NULL,NULL),(6,NULL,'BBVA BANCO FRANCES S.A.',17,'30-50000319-3',NULL,NULL,NULL),(7,NULL,'THE BANK OF TOKYO-MITSUBISHI UFJ, LTD.',18,'30-50001183-8',NULL,NULL,NULL),(8,NULL,'BANCO DE LA PROVINCIA DE CORDOBA S.A.',20,'30-99922856-5',NULL,NULL,NULL),(9,NULL,'BANCO SUPERVIELLE S.A.',27,'33-50000517-9',NULL,NULL,NULL),(10,NULL,'BANCO DE LA CIUDAD DE BUENOS AIRES',29,'30-99903208-3',NULL,NULL,NULL),(11,NULL,'BANCO PATAGONIA S.A.',34,'30-50000661-3',NULL,NULL,NULL),(12,NULL,'BANCO HIPOTECARIO S.A.',44,'30-50001107-2',NULL,NULL,NULL),(13,NULL,'BANCO DE SAN JUAN S.A.',45,'30-50000944-2',NULL,NULL,NULL),(14,NULL,'BANCO DEL TUCUMAN S.A.',60,'30-51794820-5',NULL,NULL,NULL),(15,NULL,'BANCO MUNICIPAL DE ROSARIO',65,'33-99918181-9',NULL,NULL,NULL),(16,NULL,'BANCO SANTANDER RIO S.A.',72,'30-50000845-4',NULL,NULL,NULL),(17,NULL,'BANCO DEL CHUBUT S.A.',83,'30-50001299-0',NULL,NULL,NULL),(18,NULL,'BANCO DE SANTA CRUZ S.A.',86,'30-50009880-1',NULL,NULL,NULL),(19,NULL,'BANCO DE LA PAMPA SOCIEDAD DE ECONOMÍA M',93,'30-50001251-6',NULL,NULL,NULL),(20,NULL,'BANCO DE CORRIENTES S.A.',94,'30-50001060-2',NULL,NULL,NULL),(21,NULL,'BANCO PROVINCIA DEL NEUQUÉN SOCIEDAD ANÓ',97,'30-50001404-7',NULL,NULL,NULL),(22,NULL,'BANCO INTERFINANZAS S.A.',147,'30-52271441-7',NULL,NULL,NULL),(23,NULL,'HSBC BANK ARGENTINA S.A.',150,'33-53718600-9',NULL,NULL,NULL),(24,NULL,'JPMORGAN CHASE BANK, NATIONAL ASSOCIATIO',165,'30-58313794-3',NULL,NULL,NULL),(25,NULL,'BANCO CREDICOOP COOPERATIVO LIMITADO',191,'30-57142135-2',NULL,NULL,NULL),(26,NULL,'BANCO DE VALORES S.A.',198,'30-57612427-5',NULL,NULL,NULL),(27,NULL,'BANCO ROELA S.A.',247,'30-53561044-0',NULL,NULL,NULL),(28,NULL,'BANCO MARIVA S.A.',254,'30-51642044-4',NULL,NULL,NULL),(29,NULL,'BANCO ITAU ARGENTINA S.A.',259,'30-58018941-1',NULL,NULL,NULL),(30,NULL,'BANK OF AMERICA, NATIONAL ASSOCIATION',262,'30-50005055-8',NULL,NULL,NULL),(31,NULL,'BNP PARIBAS',266,'30-58472756-6',NULL,NULL,NULL),(32,NULL,'BANCO PROVINCIA DE TIERRA DEL FUEGO',268,'30-57565578-1',NULL,NULL,NULL),(33,NULL,'BANCO DE LA REPUBLICA ORIENTAL DEL URUGU',269,'30-58833784-3',NULL,NULL,NULL),(34,NULL,'BANCO SAENZ S.A.',277,'30-53467243-4',NULL,NULL,NULL),(35,NULL,'BANCO MERIDIAN S.A.',281,'30-53448749-1',NULL,NULL,NULL),(36,NULL,'BANCO MACRO S.A.',285,'30-50001008-4',NULL,NULL,NULL),(37,NULL,'BANCO COMAFI SOCIEDAD ANONIMA',299,'30-60473101-8',NULL,NULL,NULL),(38,NULL,'BANCO DE INVERSION Y COMERCIO EXTERIOR S',300,'30-65112908-3',NULL,NULL,NULL),(39,NULL,'BANCO PIANO S.A.',301,'30-56915176-3',NULL,NULL,NULL),(40,NULL,'BANCO JULIO SOCIEDAD ANONIMA',305,'30-65744121-6',NULL,NULL,NULL),(41,NULL,'BANCO RIOJA SOCIEDAD ANONIMA UNIPERSONAL',309,'30-67185933-9',NULL,NULL,NULL),(42,NULL,'BANCO DEL SOL S.A.',310,'30-67793756-0',NULL,NULL,NULL),(43,NULL,'NUEVO BANCO DEL CHACO S. A.',311,'30-67015779-9',NULL,NULL,NULL),(44,NULL,'BANCO VOII S.A.',312,'30-54674163-6',NULL,NULL,NULL),(45,NULL,'BANCO DE FORMOSA S.A.',315,'30-67137590-0',NULL,NULL,NULL),(46,NULL,'BANCO CMF S.A.',319,'30-57661429-9',NULL,NULL,NULL),(47,NULL,'BANCO DE SANTIAGO DEL ESTERO S.A.',321,'33-68666464-9',NULL,NULL,NULL),(48,NULL,'BANCO INDUSTRIAL S.A.',322,'30-68502995-9',NULL,NULL,NULL),(49,NULL,'NUEVO BANCO DE SANTA FE SOCIEDAD ANONIMA',330,'30-69243266-1',NULL,NULL,NULL),(50,NULL,'BANCO CETELEM ARGENTINA S.A.',331,'30-69730636-2',NULL,NULL,NULL),(51,NULL,'BANCO DE SERVICIOS FINANCIEROS S.A.',332,'30-69726589-5',NULL,NULL,NULL),(52,NULL,'BANCO BRADESCO ARGENTINA S.A.U.',336,'30-70125555-7',NULL,NULL,NULL),(53,NULL,'BANCO DE SERVICIOS Y TRANSACCIONES S.A.',338,'30-70496099-5',NULL,NULL,NULL);
INSERT INTO `ctacte_bancos` VALUES (54,NULL,'RCI BANQUE S.A.',339,'30-70710834-3',NULL,NULL,NULL),(55,NULL,'BACS BANCO DE CREDITO Y SECURITIZACION S',340,'30-70722741-5',NULL,NULL,NULL),(56,NULL,'BANCO MASVENTAS S.A.',341,'30-54061826-3',NULL,NULL,NULL),(57,NULL,'BANCO WANAP S.A.',384,'30-71565463-2',NULL,NULL,NULL),(58,NULL,'NUEVO BANCO DE ENTRE RÍOS S.A.',386,'33-70799551-9',NULL,NULL,NULL),(59,NULL,'BANCO COLUMBIA S.A.',389,'30-51763749-8',NULL,NULL,NULL),(60,NULL,'BANCO BICA S.A.',426,'30-71233123-9',NULL,NULL,NULL),(61,NULL,'BANCO COINAG S.A.',431,'30-71419596-0',NULL,NULL,NULL),(62,NULL,'BANCO DE COMERCIO S.A.',432,'30-54203363-7',NULL,NULL,NULL),(63,NULL,'FORD CREDIT COMPAÑIA FINANCIERA S.A.',44059,'30-51654454-2',NULL,NULL,NULL),(64,NULL,'COMPAÑIA FINANCIERA ARGENTINA S.A.',44077,'30-53800640-4',NULL,NULL,NULL),(65,NULL,'VOLKWAGEN FINANCIAL SERVICES CIA.FIN.S.A',44088,'30-68241957-8',NULL,NULL,NULL),(66,NULL,'CORDIAL COMPAÑÍA FINANCIERA S.A.',44090,'30-70181085-2',NULL,NULL,NULL),(67,NULL,'FCA COMPAÑIA FINANCIERA S.A.',44092,'30-69230488-4',NULL,NULL,NULL),(68,NULL,'GPAT COMPAÑIA FINANCIERA S.A.',44093,'30-67856482-2',NULL,NULL,NULL),(69,NULL,'MERCEDES-BENZ COMPAÑÍA FINANCIERA ARGENT',44094,'30-70700229-4',NULL,NULL,NULL),(70,NULL,'ROMBO COMPAÑÍA FINANCIERA S.A.',44095,'33-70712490-9',NULL,NULL,NULL),(71,NULL,'JOHN DEERE CREDIT COMPAÑÍA FINANCIERA S.',44096,'30-70702485-9',NULL,NULL,NULL),(72,NULL,'PSA FINANCE ARGENTINA COMPAÑÍA FINANCIER',44098,'30-70784736-7',NULL,NULL,NULL),(73,NULL,'TOYOTA COMPAÑÍA FINANCIERA DE ARGENTINA',44099,'30-70900042-6',NULL,NULL,NULL),(74,NULL,'FINANDINO COMPAÑIA FINANCIERA S.A.',44100,'30-71259240-7',NULL,NULL,NULL),(75,NULL,'MONTEMAR COMPAÑIA FINANCIERA S.A.',45056,'30-58138551-6',NULL,NULL,NULL),(76,NULL,'MULTIFINANZAS COMPAÑIA FINANCIERA S.A.',45072,'30-62828435-7',NULL,NULL,NULL),(77,NULL,'CAJA DE CREDITO \"CUENCA\" COOPERATIVA LIM',65203,'30-71622694-4',NULL,NULL,NULL),(78,NULL,'MERCADO PAGO',NULL,NULL,NULL,NULL,NULL),(79,NULL,'UALA',NULL,NULL,NULL,NULL,NULL),(80,NULL,'ICBC',NULL,NULL,NULL,NULL,NULL),(81,NULL,'BMA SAU',NULL,NULL,NULL,NULL,NULL);

--
-- Table structure for table `ctacte_bancos_datos`
--

CREATE TABLE `ctacte_bancos_datos` (
  `id` int(10) unsigned NOT NULL AUTO_INCREMENT,
  `cuenta_conta_id` int(10) unsigned DEFAULT NULL,
  `nombre` varchar(255) COLLATE utf8mb4_unicode_ci DEFAULT NULL,
  `cuit` varchar(255) COLLATE utf8mb4_unicode_ci DEFAULT NULL,
  `titular` varchar(255) COLLATE utf8mb4_unicode_ci DEFAULT NULL,
  `cuenta` varchar(255) COLLATE utf8mb4_unicode_ci DEFAULT NULL,
  `num_cuenta` varchar(255) COLLATE utf8mb4_unicode_ci DEFAULT NULL,
  `cbu` varchar(255) COLLATE utf8mb4_unicode_ci DEFAULT NULL,
  `alias` varchar(255) COLLATE utf8mb4_unicode_ci DEFAULT NULL,
  `status` int(11) NOT NULL DEFAULT '1',
  `created_at` timestamp NULL DEFAULT NULL,
  `updated_at` timestamp NULL DEFAULT NULL,
  PRIMARY KEY (`id`),
  KEY `ctacte_bancos_datos_cuenta_conta_id_foreign` (`cuenta_conta_id`),
  CONSTRAINT `ctacte_bancos_datos_cuenta_conta_id_foreign` FOREIGN KEY (`cuenta_conta_id`) REFERENCES `conta_plan_cuenta` (`id`)
) ENGINE=InnoDB DEFAULT CHARSET=utf8mb4 COLLATE=utf8mb4_unicode_ci;

--
-- Dumping data for table `ctacte_bancos_datos`
--


--
-- Table structure for table `ctacte_cheques`
--

CREATE TABLE `ctacte_cheques` (
  `id` int(10) unsigned NOT NULL AUTO_INCREMENT,
  `user_id` int(10) unsigned DEFAULT NULL,
  `asiento_id` varchar(191) COLLATE utf8mb4_unicode_ci DEFAULT NULL,
  `cuenta_conta_id` int(10) unsigned DEFAULT NULL,
  `cta_cte_tesoreria_cuenta_id` int(10) unsigned DEFAULT NULL,
  `cta_cte_tesoreria_id` int(10) unsigned DEFAULT NULL,
  `cta_cte_tesoreria_detail_id` int(10) unsigned DEFAULT NULL,
  `cta_cte_cliente_id` int(10) unsigned DEFAULT NULL,
  `cta_cte_cliente_id2` int(10) unsigned DEFAULT NULL,
  `cta_cte_cliente_detail_id` int(10) unsigned DEFAULT NULL,
  `nf_cta_cte_id2` int(10) unsigned DEFAULT NULL,
  `nf_cta_cte_id` int(10) unsigned DEFAULT NULL,
  `monto` decimal(16,2) DEFAULT NULL,
  `cheque3ros` tinyint(1) NOT NULL DEFAULT '0',
  `cheque_emitidos` tinyint(1) NOT NULL DEFAULT '0',
  `fecha` date DEFAULT NULL,
  `fecha_cobro` date DEFAULT NULL,
  `banco_id` int(10) unsigned NOT NULL,
  `person_id` int(10) unsigned DEFAULT NULL,
  `cuit` text COLLATE utf8mb4_unicode_ci,
  `titular` varchar(255) COLLATE utf8mb4_unicode_ci DEFAULT NULL,
  `abierto_cruzado` int(11) NOT NULL DEFAULT '1',
  `is_no_a_la_orden` tinyint(1) NOT NULL DEFAULT '0',
  `numero` int(10) unsigned DEFAULT NULL,
  `foto` varchar(255) COLLATE utf8mb4_unicode_ci DEFAULT NULL,
  `comentario` varchar(255) COLLATE utf8mb4_unicode_ci DEFAULT NULL,
  `status` int(11) NOT NULL DEFAULT '1',
  `created_at` timestamp NULL DEFAULT NULL,
  `updated_at` timestamp NULL DEFAULT NULL,
  `deleted_at` timestamp NULL DEFAULT NULL,
  PRIMARY KEY (`id`),
  KEY `ctacte_cheques_asiento_id_foreign` (`asiento_id`),
  KEY `ctacte_cheques_cuenta_conta_id_foreign` (`cuenta_conta_id`),
  KEY `ctacte_cheques_banco_id_foreign` (`banco_id`),
  KEY `ctacte_cheques_person_id_foreign` (`person_id`),
  KEY `ctacte_cheques_cta_cte_cliente_id2_foreign` (`cta_cte_cliente_id2`),
  KEY `ctacte_cheques_cta_cte_cliente_id_foreign` (`cta_cte_cliente_id`),
  KEY `cta_cte_tesorer_id` (`cta_cte_tesoreria_id`),
  KEY `ctacte_cheques_nf_cta_cte_id_foreign` (`nf_cta_cte_id`),
  KEY `ctacte_cheques_nf_cta_cte_id2_foreign` (`nf_cta_cte_id2`),
  KEY `ctacte_cheques_cta_cte_tesoreria_cuenta_id_foreign` (`cta_cte_tesoreria_cuenta_id`),
  KEY `ctacte_cheques_cta_cte_cliente_detail_id_foreign` (`cta_cte_cliente_detail_id`),
  KEY `ctacte_cheques_cta_cte_tesoreria_detail_id_foreign` (`cta_cte_tesoreria_detail_id`),
  CONSTRAINT `cta_cte_tesorer_id` FOREIGN KEY (`cta_cte_tesoreria_id`) REFERENCES `cta_cte_tesoreria` (`id`),
  CONSTRAINT `ctacte_cheques_banco_id_foreign` FOREIGN KEY (`banco_id`) REFERENCES `ctacte_bancos` (`id`),
  CONSTRAINT `ctacte_cheques_cta_cte_cliente_detail_id_foreign` FOREIGN KEY (`cta_cte_cliente_detail_id`) REFERENCES `cta_cte_cliente_details` (`id`),
  CONSTRAINT `ctacte_cheques_cta_cte_cliente_id2_foreign` FOREIGN KEY (`cta_cte_cliente_id2`) REFERENCES `cta_cte_cliente` (`id`),
  CONSTRAINT `ctacte_cheques_cta_cte_cliente_id_foreign` FOREIGN KEY (`cta_cte_cliente_id`) REFERENCES `cta_cte_cliente` (`id`),
  CONSTRAINT `ctacte_cheques_cta_cte_tesoreria_cuenta_id_foreign` FOREIGN KEY (`cta_cte_tesoreria_cuenta_id`) REFERENCES `cta_cte_tesoreria_cuentas` (`id`),
  CONSTRAINT `ctacte_cheques_cta_cte_tesoreria_detail_id_foreign` FOREIGN KEY (`cta_cte_tesoreria_detail_id`) REFERENCES `cta_cte_tesoreria_detail` (`id`),
  CONSTRAINT `ctacte_cheques_cuenta_conta_id_foreign` FOREIGN KEY (`cuenta_conta_id`) REFERENCES `conta_plan_cuenta` (`id`),
  CONSTRAINT `ctacte_cheques_nf_cta_cte_id2_foreign` FOREIGN KEY (`nf_cta_cte_id2`) REFERENCES `nf_cta_cte` (`id`),
  CONSTRAINT `ctacte_cheques_nf_cta_cte_id_foreign` FOREIGN KEY (`nf_cta_cte_id`) REFERENCES `nf_cta_cte` (`id`),
  CONSTRAINT `ctacte_cheques_person_id_foreign` FOREIGN KEY (`person_id`) REFERENCES `persons` (`id`)
) ENGINE=InnoDB DEFAULT CHARSET=utf8mb4 COLLATE=utf8mb4_unicode_ci;

--
-- Dumping data for table `ctacte_cheques`
--


--
-- Table structure for table `ctactegastos_centrocosto`
--

CREATE TABLE `ctactegastos_centrocosto` (
  `id` int(10) unsigned NOT NULL AUTO_INCREMENT,
  `user_id` int(10) unsigned DEFAULT NULL,
  `nombre` varchar(255) COLLATE utf8mb4_unicode_ci NOT NULL,
  `created_at` timestamp NULL DEFAULT NULL,
  `updated_at` timestamp NULL DEFAULT NULL,
  `deleted_at` timestamp NULL DEFAULT NULL,
  PRIMARY KEY (`id`)
) ENGINE=InnoDB AUTO_INCREMENT=9 DEFAULT CHARSET=utf8mb4 COLLATE=utf8mb4_unicode_ci;

--
-- Dumping data for table `ctactegastos_centrocosto`
--

INSERT INTO `ctactegastos_centrocosto` VALUES (1,NULL,'OFICINA',NULL,NULL,NULL),(2,NULL,'FIJO',NULL,NULL,NULL),(3,NULL,'VARIABLE',NULL,NULL,NULL),(4,NULL,'GISELA',NULL,NULL,NULL),(5,NULL,'LIA',NULL,NULL,NULL),(6,NULL,'PADRES',NULL,NULL,NULL),(7,NULL,'CASA',NULL,NULL,NULL),(8,NULL,'VANESA',NULL,NULL,NULL);

--
-- Table structure for table `ctactegastos_cuenta_tipo`
--

CREATE TABLE `ctactegastos_cuenta_tipo` (
  `idCuentaTipo` int(10) unsigned NOT NULL AUTO_INCREMENT,
  `user_id` int(10) unsigned DEFAULT NULL,
  `cta_cte_tesoreria_cuenta_id` int(10) unsigned DEFAULT NULL,
  `idTipo` int(10) unsigned NOT NULL,
  `created_at` timestamp NULL DEFAULT NULL,
  `updated_at` timestamp NULL DEFAULT NULL,
  `deleted_at` timestamp NULL DEFAULT NULL,
  PRIMARY KEY (`idCuentaTipo`),
  KEY `ctactegastos_cuenta_tipo_idtipo_foreign` (`idTipo`),
  KEY `ctactegastos_cuenta_tipo_cta_cte_tesoreria_cuenta_id_foreign` (`cta_cte_tesoreria_cuenta_id`),
  CONSTRAINT `ctactegastos_cuenta_tipo_cta_cte_tesoreria_cuenta_id_foreign` FOREIGN KEY (`cta_cte_tesoreria_cuenta_id`) REFERENCES `cta_cte_tesoreria_cuentas` (`id`),
  CONSTRAINT `ctactegastos_cuenta_tipo_idtipo_foreign` FOREIGN KEY (`idTipo`) REFERENCES `ctactegastos_tiposdegastos` (`id`)
) ENGINE=InnoDB AUTO_INCREMENT=18 DEFAULT CHARSET=utf8mb4 COLLATE=utf8mb4_unicode_ci;

--
-- Dumping data for table `ctactegastos_cuenta_tipo`
--

INSERT INTO `ctactegastos_cuenta_tipo` VALUES (1,NULL,NULL,3,NULL,NULL,NULL),(2,NULL,NULL,6,NULL,NULL,NULL),(3,NULL,NULL,3,NULL,NULL,NULL),(4,NULL,NULL,4,NULL,NULL,NULL),(5,NULL,NULL,5,NULL,NULL,NULL),(6,NULL,NULL,3,NULL,NULL,NULL),(7,NULL,NULL,4,NULL,NULL,NULL),(8,NULL,NULL,3,NULL,NULL,NULL),(9,NULL,NULL,4,NULL,NULL,NULL),(10,NULL,NULL,7,NULL,NULL,NULL),(11,NULL,NULL,8,NULL,NULL,NULL),(12,NULL,NULL,3,NULL,NULL,NULL),(13,NULL,NULL,3,NULL,NULL,NULL),(14,NULL,NULL,4,NULL,NULL,NULL),(15,NULL,NULL,1,NULL,NULL,NULL),(16,NULL,NULL,2,NULL,NULL,NULL),(17,NULL,NULL,5,NULL,NULL,NULL);

--
-- Table structure for table `ctactegastos_mensuales`
--

CREATE TABLE `ctactegastos_mensuales` (
  `id` int(10) unsigned NOT NULL AUTO_INCREMENT,
  `user_id` int(10) unsigned DEFAULT NULL,
  `CuentaTipo_id` int(10) unsigned NOT NULL,
  `cta_cte_tesoreria_cuenta_id` int(10) unsigned NOT NULL DEFAULT '13',
  `TipoDeGasto_id` int(10) unsigned NOT NULL,
  `CentroCosto_id` int(10) unsigned NOT NULL,
  `gasto_cta_cte_tesoreria_cuenta_id` int(10) unsigned NOT NULL DEFAULT '13',
  `monto` decimal(16,2) DEFAULT NULL,
  `comentario` varchar(255) COLLATE utf8mb4_unicode_ci DEFAULT NULL,
  `status` int(11) NOT NULL DEFAULT '1',
  `created_at` timestamp NULL DEFAULT NULL,
  `updated_at` timestamp NULL DEFAULT NULL,
  `deleted_at` timestamp NULL DEFAULT NULL,
  PRIMARY KEY (`id`),
  KEY `ctactegastos_mensuales_cuentatipo_id_foreign` (`CuentaTipo_id`),
  KEY `ctactegastos_mensuales_tipodegasto_id_foreign` (`TipoDeGasto_id`),
  KEY `ctactegastos_mensuales_centrocosto_id_foreign` (`CentroCosto_id`),
  KEY `ctactegastos_mensuales_cta_cte_tesoreria_cuenta_id_foreign` (`cta_cte_tesoreria_cuenta_id`),
  KEY `ctactegastos_mensuales_gasto_cta_cte_tesoreria_cuenta_id_foreign` (`gasto_cta_cte_tesoreria_cuenta_id`),
  CONSTRAINT `ctactegastos_mensuales_centrocosto_id_foreign` FOREIGN KEY (`CentroCosto_id`) REFERENCES `ctactegastos_centrocosto` (`id`),
  CONSTRAINT `ctactegastos_mensuales_cta_cte_tesoreria_cuenta_id_foreign` FOREIGN KEY (`cta_cte_tesoreria_cuenta_id`) REFERENCES `cta_cte_tesoreria_cuentas` (`id`),
  CONSTRAINT `ctactegastos_mensuales_cuentatipo_id_foreign` FOREIGN KEY (`CuentaTipo_id`) REFERENCES `ctactegastos_cuenta_tipo` (`idCuentaTipo`),
  CONSTRAINT `ctactegastos_mensuales_gasto_cta_cte_tesoreria_cuenta_id_foreign` FOREIGN KEY (`gasto_cta_cte_tesoreria_cuenta_id`) REFERENCES `cta_cte_tesoreria_cuentas` (`id`),
  CONSTRAINT `ctactegastos_mensuales_tipodegasto_id_foreign` FOREIGN KEY (`TipoDeGasto_id`) REFERENCES `ctactegastos_tiposdegastos` (`id`)
) ENGINE=InnoDB DEFAULT CHARSET=utf8mb4 COLLATE=utf8mb4_unicode_ci;

--
-- Dumping data for table `ctactegastos_mensuales`
--


--
-- Table structure for table `ctactegastos_tiposdegastos`
--

CREATE TABLE `ctactegastos_tiposdegastos` (
  `id` int(10) unsigned NOT NULL AUTO_INCREMENT,
  `user_id` int(10) unsigned DEFAULT NULL,
  `nombre` varchar(255) COLLATE utf8mb4_unicode_ci DEFAULT NULL,
  `created_at` timestamp NULL DEFAULT NULL,
  `updated_at` timestamp NULL DEFAULT NULL,
  `deleted_at` timestamp NULL DEFAULT NULL,
  PRIMARY KEY (`id`)
) ENGINE=InnoDB AUTO_INCREMENT=11 DEFAULT CHARSET=utf8mb4 COLLATE=utf8mb4_unicode_ci;

--
-- Dumping data for table `ctactegastos_tiposdegastos`
--

INSERT INTO `ctactegastos_tiposdegastos` VALUES (1,NULL,'Oficina',NULL,NULL,NULL),(2,NULL,'Personales',NULL,NULL,NULL),(3,NULL,'Tarjeta VISA',NULL,NULL,NULL),(4,NULL,'Tarjeta Mastercard',NULL,NULL,NULL),(5,NULL,'Debito Automatico',NULL,NULL,NULL),(6,NULL,'American Express',NULL,NULL,NULL),(7,NULL,'Tarjeta Shopping',NULL,NULL,NULL),(8,NULL,'Tarjeta Cencosud',NULL,NULL,NULL),(9,NULL,'Tarjeta Coto',NULL,NULL,NULL),(10,NULL,'Tarjeta Nativa',NULL,NULL,NULL);

--
-- Table structure for table `cursos`
--

CREATE TABLE `cursos` (
  `id` int(10) unsigned NOT NULL AUTO_INCREMENT,
  `nombre` varchar(191) COLLATE utf8mb4_unicode_ci NOT NULL,
  `descripcion` longtext COLLATE utf8mb4_unicode_ci NOT NULL,
  `fecha` date DEFAULT NULL,
  `hora` varchar(191) COLLATE utf8mb4_unicode_ci DEFAULT NULL,
  `profesor` varchar(191) COLLATE utf8mb4_unicode_ci DEFAULT NULL,
  `cant_clases` varchar(191) COLLATE utf8mb4_unicode_ci DEFAULT NULL,
  `duracion` varchar(191) COLLATE utf8mb4_unicode_ci DEFAULT NULL,
  `adjuntos` varchar(191) COLLATE utf8mb4_unicode_ci DEFAULT NULL,
  `link_zoom` longtext COLLATE utf8mb4_unicode_ci,
  `cod_zoom` varchar(191) COLLATE utf8mb4_unicode_ci DEFAULT NULL,
  `contraseña_zoom` varchar(191) COLLATE utf8mb4_unicode_ci DEFAULT NULL,
  `link_youtube` varchar(191) COLLATE utf8mb4_unicode_ci DEFAULT NULL,
  `materiales` varchar(191) COLLATE utf8mb4_unicode_ci DEFAULT NULL,
  `habilitado` tinyint(1) NOT NULL DEFAULT '1',
  `created_at` timestamp NULL DEFAULT NULL,
  `updated_at` timestamp NULL DEFAULT NULL,
  `deleted_at` timestamp NULL DEFAULT NULL,
  PRIMARY KEY (`id`)
) ENGINE=InnoDB DEFAULT CHARSET=utf8mb4 COLLATE=utf8mb4_unicode_ci;

--
-- Dumping data for table `cursos`
--


--
-- Table structure for table `cursos_detail`
--

CREATE TABLE `cursos_detail` (
  `id` int(10) unsigned NOT NULL AUTO_INCREMENT,
  `curso_id` int(10) unsigned NOT NULL,
  `field_name1` varchar(191) COLLATE utf8mb4_unicode_ci NOT NULL,
  `email` varchar(191) COLLATE utf8mb4_unicode_ci NOT NULL,
  `celular` int(11) NOT NULL,
  `created_at` timestamp NULL DEFAULT NULL,
  `updated_at` timestamp NULL DEFAULT NULL,
  `deleted_at` timestamp NULL DEFAULT NULL,
  PRIMARY KEY (`id`),
  KEY `cursos_detail_curso_id_foreign` (`curso_id`),
  CONSTRAINT `cursos_detail_curso_id_foreign` FOREIGN KEY (`curso_id`) REFERENCES `cursos` (`id`)
) ENGINE=InnoDB DEFAULT CHARSET=utf8mb4 COLLATE=utf8mb4_unicode_ci;

--
-- Dumping data for table `cursos_detail`
--


--
-- Table structure for table `data_types`
--

CREATE TABLE `data_types` (
  `id` int(10) unsigned NOT NULL AUTO_INCREMENT,
  `description` varchar(180) COLLATE utf8mb4_unicode_ci NOT NULL,
  `class` int(10) unsigned NOT NULL,
  `class_description` varchar(180) COLLATE utf8mb4_unicode_ci NOT NULL,
  `data_type` varchar(100) COLLATE utf8mb4_unicode_ci NOT NULL,
  `path` varchar(255) COLLATE utf8mb4_unicode_ci DEFAULT NULL,
  `created_at` timestamp NULL DEFAULT NULL,
  `updated_at` timestamp NULL DEFAULT NULL,
  PRIMARY KEY (`id`),
  UNIQUE KEY `data_types_description_unique` (`description`)
) ENGINE=InnoDB AUTO_INCREMENT=9 DEFAULT CHARSET=utf8mb4 COLLATE=utf8mb4_unicode_ci;

--
-- Dumping data for table `data_types`
--

INSERT INTO `data_types` VALUES (1,'Comprobantes XLS',1,'Importación','XLS','data/imports/receipts/xls',NULL,NULL),(2,'CITI-Ventas',1,'Importación','TXT','data/imports/receipts/CitiVentas',NULL,NULL),(3,'CITI Compras',2,'Exportación','TXT','data/exports/receipts/citi',NULL,NULL),(4,'CITI Ventas',2,'Exportación','TXT','data/exports/receipts/CitiVentasExport',NULL,NULL),(5,'Convenio Multilateral',2,'Exportación','TXT','data/exports/receipts/convenio',NULL,NULL),(6,'Libro IVA Digital',2,'Exportación','TXT','data/exports/receipts/libro_iva_digital',NULL,'2019-11-20 21:43:44'),(7,'Mis Comprobantes',1,'Importacion','','data/imports/receipts/mis_comprobantes',NULL,NULL),(8,'Consulta AFIP',3,'AFIP','','data/afip/index','2019-12-06 14:49:55','2019-12-06 14:49:55');

--
-- Table structure for table `dc_estados`
--

CREATE TABLE `dc_estados` (
  `id` bigint(20) unsigned NOT NULL AUTO_INCREMENT,
  `user_id` int(10) unsigned DEFAULT NULL,
  `descripcion` text COLLATE utf8mb4_unicode_ci NOT NULL,
  `habilitado` tinyint(1) NOT NULL DEFAULT '1',
  `created_at` timestamp NULL DEFAULT NULL,
  `updated_at` timestamp NULL DEFAULT NULL,
  `deleted_at` timestamp NULL DEFAULT NULL,
  PRIMARY KEY (`id`)
) ENGINE=InnoDB AUTO_INCREMENT=6 DEFAULT CHARSET=utf8mb4 COLLATE=utf8mb4_unicode_ci;

--
-- Dumping data for table `dc_estados`
--

INSERT INTO `dc_estados` VALUES (1,NULL,'BORRADOR',1,NULL,'2023-08-07 00:12:12',NULL),(2,NULL,'TERMINADO',1,NULL,'2023-08-07 00:12:12',NULL),(3,NULL,'ELIMINADO',1,NULL,'2023-08-13 09:24:58',NULL),(4,NULL,'PAGADO',1,NULL,'2023-08-07 00:12:12','2023-08-07 00:12:12'),(5,NULL,'CONCILIADO',1,NULL,'2023-08-07 00:12:12','2023-08-07 00:12:12');

--
-- Table structure for table `dc_estados_decisiones`
--

CREATE TABLE `dc_estados_decisiones` (
  `id` bigint(20) unsigned NOT NULL AUTO_INCREMENT,
  `user_id` int(10) unsigned DEFAULT NULL,
  `dc_orden_tipo_id` bigint(20) unsigned NOT NULL,
  `descripcion` varchar(191) COLLATE utf8mb4_unicode_ci NOT NULL,
  `habilitado` tinyint(1) NOT NULL DEFAULT '1',
  `created_at` timestamp NULL DEFAULT NULL,
  `updated_at` timestamp NULL DEFAULT NULL,
  `deleted_at` timestamp NULL DEFAULT NULL,
  PRIMARY KEY (`id`),
  KEY `dc_estados_decisiones_dc_orden_tipo_id_foreign` (`dc_orden_tipo_id`),
  CONSTRAINT `dc_estados_decisiones_dc_orden_tipo_id_foreign` FOREIGN KEY (`dc_orden_tipo_id`) REFERENCES `dc_ordenes_tipos` (`id`)
) ENGINE=InnoDB AUTO_INCREMENT=5 DEFAULT CHARSET=utf8mb4 COLLATE=utf8mb4_unicode_ci;

--
-- Dumping data for table `dc_estados_decisiones`
--

INSERT INTO `dc_estados_decisiones` VALUES (1,NULL,3,'Pendiente',1,NULL,NULL,NULL),(2,NULL,3,'Aprobado',1,NULL,NULL,NULL),(3,NULL,3,'Rechazado',1,NULL,NULL,NULL),(4,NULL,3,'Cancelado',1,NULL,NULL,NULL);

--
-- Table structure for table `dc_firmas`
--

CREATE TABLE `dc_firmas` (
  `id` bigint(20) unsigned NOT NULL AUTO_INCREMENT,
  `user_id` int(10) unsigned DEFAULT NULL,
  `descripcion` text COLLATE utf8mb4_unicode_ci NOT NULL,
  `show_firmante_dc` tinyint(1) NOT NULL DEFAULT '0',
  `show_create_dc` tinyint(1) NOT NULL DEFAULT '0',
  `faltan_firmas` tinyint(1) NOT NULL DEFAULT '0',
  `habilitado` tinyint(1) NOT NULL DEFAULT '1',
  `created_at` timestamp NULL DEFAULT NULL,
  `updated_at` timestamp NULL DEFAULT NULL,
  `deleted_at` timestamp NULL DEFAULT NULL,
  PRIMARY KEY (`id`)
) ENGINE=InnoDB AUTO_INCREMENT=6 DEFAULT CHARSET=utf8mb4 COLLATE=utf8mb4_unicode_ci;

--
-- Dumping data for table `dc_firmas`
--

INSERT INTO `dc_firmas` VALUES (1,NULL,'NO',1,1,0,1,NULL,'2023-08-07 00:12:12',NULL),(2,NULL,'RECHAZADO',1,1,0,1,NULL,'2023-08-07 00:12:12',NULL),(3,NULL,'ACEPTADO',1,0,0,1,NULL,'2023-08-07 00:12:12',NULL),(4,NULL,'FALTAN FIRMAS',0,0,1,1,'2023-08-07 00:12:12','2023-08-07 00:12:12',NULL),(5,NULL,'EMITIDO',1,0,0,1,'2023-10-12 08:21:37','2023-10-12 08:21:37',NULL);

--
-- Table structure for table `dc_firmas_ordenes`
--

CREATE TABLE `dc_firmas_ordenes` (
  `id` bigint(20) unsigned NOT NULL AUTO_INCREMENT,
  `user_id` int(10) unsigned DEFAULT NULL,
  `person_id` int(10) unsigned NOT NULL,
  `dc_orden_id` bigint(20) unsigned NOT NULL,
  `user_id_que_firma` int(10) unsigned NOT NULL,
  `dc_firma_id` bigint(20) unsigned NOT NULL,
  `created_at` timestamp NULL DEFAULT NULL,
  `updated_at` timestamp NULL DEFAULT NULL,
  `deleted_at` timestamp NULL DEFAULT NULL,
  PRIMARY KEY (`id`),
  KEY `dc_firmas_ordenes_person_id_foreign` (`person_id`),
  KEY `dc_firmas_ordenes_dc_orden_id_foreign` (`dc_orden_id`),
  KEY `dc_firmas_ordenes_dc_firma_id_foreign` (`dc_firma_id`),
  CONSTRAINT `dc_firmas_ordenes_dc_firma_id_foreign` FOREIGN KEY (`dc_firma_id`) REFERENCES `dc_firmas` (`id`),
  CONSTRAINT `dc_firmas_ordenes_dc_orden_id_foreign` FOREIGN KEY (`dc_orden_id`) REFERENCES `dc_ordenes` (`id`),
  CONSTRAINT `dc_firmas_ordenes_person_id_foreign` FOREIGN KEY (`person_id`) REFERENCES `persons` (`id`)
) ENGINE=InnoDB DEFAULT CHARSET=utf8mb4 COLLATE=utf8mb4_unicode_ci;

--
-- Dumping data for table `dc_firmas_ordenes`
--


--
-- Table structure for table `dc_firmas_reglas`
--

CREATE TABLE `dc_firmas_reglas` (
  `id` bigint(20) unsigned NOT NULL AUTO_INCREMENT,
  `user_id` int(10) unsigned DEFAULT NULL,
  `person_id` int(10) unsigned NOT NULL,
  `dc_orden_id` bigint(20) unsigned NOT NULL,
  `importe` decimal(16,2) NOT NULL,
  `grupos_users_ids` longtext COLLATE utf8mb4_unicode_ci,
  `created_at` timestamp NULL DEFAULT NULL,
  `updated_at` timestamp NULL DEFAULT NULL,
  `deleted_at` timestamp NULL DEFAULT NULL,
  PRIMARY KEY (`id`),
  KEY `dc_firmas_reglas_person_id_foreign` (`person_id`),
  KEY `dc_firmas_reglas_dc_orden_id_foreign` (`dc_orden_id`),
  CONSTRAINT `dc_firmas_reglas_dc_orden_id_foreign` FOREIGN KEY (`dc_orden_id`) REFERENCES `dc_ordenes` (`id`),
  CONSTRAINT `dc_firmas_reglas_person_id_foreign` FOREIGN KEY (`person_id`) REFERENCES `persons` (`id`)
) ENGINE=InnoDB DEFAULT CHARSET=utf8mb4 COLLATE=utf8mb4_unicode_ci;

--
-- Dumping data for table `dc_firmas_reglas`
--


--
-- Table structure for table `dc_orden_de_pago`
--

CREATE TABLE `dc_orden_de_pago` (
  `id` bigint(20) unsigned NOT NULL AUTO_INCREMENT,
  `user_id` int(10) unsigned DEFAULT NULL,
  `fecha` datetime NOT NULL DEFAULT '2023-09-28 16:41:13',
  `dc_orden_id` bigint(20) unsigned NOT NULL DEFAULT '10',
  `person_id` int(10) unsigned NOT NULL,
  `person_id_relationed` int(10) unsigned NOT NULL,
  `request` longtext COLLATE utf8mb4_unicode_ci NOT NULL,
  `dc_estado_id` bigint(20) unsigned NOT NULL DEFAULT '1',
  `dc_firma_id` bigint(20) unsigned NOT NULL DEFAULT '1',
  `created_at` timestamp NULL DEFAULT NULL,
  `updated_at` timestamp NULL DEFAULT NULL,
  `deleted_at` timestamp NULL DEFAULT NULL,
  PRIMARY KEY (`id`),
  KEY `dc_orden_de_pago_person_id_foreign` (`person_id`),
  KEY `dc_orden_de_pago_person_id_relationed_foreign` (`person_id_relationed`),
  KEY `dc_orden_de_pago_dc_orden_id_foreign` (`dc_orden_id`),
  KEY `dc_orden_de_pago_dc_firma_id_foreign` (`dc_firma_id`),
  KEY `dc_orden_de_pago_dc_estado_id_foreign` (`dc_estado_id`),
  CONSTRAINT `dc_orden_de_pago_dc_estado_id_foreign` FOREIGN KEY (`dc_estado_id`) REFERENCES `dc_estados` (`id`),
  CONSTRAINT `dc_orden_de_pago_dc_firma_id_foreign` FOREIGN KEY (`dc_firma_id`) REFERENCES `dc_firmas` (`id`),
  CONSTRAINT `dc_orden_de_pago_dc_orden_id_foreign` FOREIGN KEY (`dc_orden_id`) REFERENCES `dc_ordenes` (`id`),
  CONSTRAINT `dc_orden_de_pago_person_id_foreign` FOREIGN KEY (`person_id`) REFERENCES `persons` (`id`),
  CONSTRAINT `dc_orden_de_pago_person_id_relationed_foreign` FOREIGN KEY (`person_id_relationed`) REFERENCES `persons` (`id`)
) ENGINE=InnoDB DEFAULT CHARSET=utf8mb4 COLLATE=utf8mb4_unicode_ci;

--
-- Dumping data for table `dc_orden_de_pago`
--


--
-- Table structure for table `dc_orden_de_pago_cheques`
--

CREATE TABLE `dc_orden_de_pago_cheques` (
  `id` bigint(20) unsigned NOT NULL AUTO_INCREMENT,
  `user_id` int(10) unsigned DEFAULT NULL,
  `dc_orden_de_pago_id` bigint(20) unsigned NOT NULL,
  `ctacte_cheque_id` int(10) unsigned NOT NULL,
  `created_at` timestamp NULL DEFAULT NULL,
  `updated_at` timestamp NULL DEFAULT NULL,
  `deleted_at` timestamp NULL DEFAULT NULL,
  PRIMARY KEY (`id`),
  KEY `dc_orden_de_pago_cheques_dc_orden_de_pago_id_foreign` (`dc_orden_de_pago_id`),
  KEY `dc_orden_de_pago_cheques_ctacte_cheque_id_foreign` (`ctacte_cheque_id`),
  CONSTRAINT `dc_orden_de_pago_cheques_ctacte_cheque_id_foreign` FOREIGN KEY (`ctacte_cheque_id`) REFERENCES `ctacte_cheques` (`id`),
  CONSTRAINT `dc_orden_de_pago_cheques_dc_orden_de_pago_id_foreign` FOREIGN KEY (`dc_orden_de_pago_id`) REFERENCES `dc_orden_de_pago` (`id`)
) ENGINE=InnoDB DEFAULT CHARSET=utf8mb4 COLLATE=utf8mb4_unicode_ci;

--
-- Dumping data for table `dc_orden_de_pago_cheques`
--


--
-- Table structure for table `dc_orden_de_pago_receipts`
--

CREATE TABLE `dc_orden_de_pago_receipts` (
  `id` bigint(20) unsigned NOT NULL AUTO_INCREMENT,
  `user_id` int(10) unsigned DEFAULT NULL,
  `dc_orden_de_pago_id` bigint(20) unsigned NOT NULL,
  `receipt_id` int(10) unsigned DEFAULT NULL,
  `importe` decimal(16,2) NOT NULL,
  `created_at` timestamp NULL DEFAULT NULL,
  `updated_at` timestamp NULL DEFAULT NULL,
  `deleted_at` timestamp NULL DEFAULT NULL,
  PRIMARY KEY (`id`),
  KEY `dc_orden_de_pago_receipts_dc_orden_de_pago_id_foreign` (`dc_orden_de_pago_id`),
  KEY `dc_orden_de_pago_receipts_receipt_id_foreign` (`receipt_id`),
  CONSTRAINT `dc_orden_de_pago_receipts_dc_orden_de_pago_id_foreign` FOREIGN KEY (`dc_orden_de_pago_id`) REFERENCES `dc_orden_de_pago` (`id`),
  CONSTRAINT `dc_orden_de_pago_receipts_receipt_id_foreign` FOREIGN KEY (`receipt_id`) REFERENCES `receipts` (`id`)
) ENGINE=InnoDB DEFAULT CHARSET=utf8mb4 COLLATE=utf8mb4_unicode_ci;

--
-- Dumping data for table `dc_orden_de_pago_receipts`
--


--
-- Table structure for table `dc_orden_files`
--

CREATE TABLE `dc_orden_files` (
  `id` bigint(20) unsigned NOT NULL AUTO_INCREMENT,
  `user_id` int(10) unsigned DEFAULT NULL,
  `dc_orden_id` bigint(20) unsigned NOT NULL,
  `file` text COLLATE utf8mb4_unicode_ci NOT NULL,
  `original_name` text COLLATE utf8mb4_unicode_ci,
  `created_at` timestamp NULL DEFAULT NULL,
  `updated_at` timestamp NULL DEFAULT NULL,
  `deleted_at` timestamp NULL DEFAULT NULL,
  PRIMARY KEY (`id`),
  KEY `dc_orden_files_dc_orden_id_foreign` (`dc_orden_id`),
  CONSTRAINT `dc_orden_files_dc_orden_id_foreign` FOREIGN KEY (`dc_orden_id`) REFERENCES `dc_ordenes` (`id`)
) ENGINE=InnoDB DEFAULT CHARSET=utf8mb4 COLLATE=utf8mb4_unicode_ci;

--
-- Dumping data for table `dc_orden_files`
--


--
-- Table structure for table `dc_ordenes`
--

CREATE TABLE `dc_ordenes` (
  `id` bigint(20) unsigned NOT NULL AUTO_INCREMENT,
  `user_id` int(10) unsigned DEFAULT NULL,
  `dc_orden_tipo_id` bigint(20) unsigned NOT NULL,
  `person_id` int(10) unsigned NOT NULL,
  `person_id_relationed` int(10) unsigned DEFAULT NULL,
  `titulo` text COLLATE utf8mb4_unicode_ci,
  `sucursal` int(11) NOT NULL DEFAULT '1',
  `numero` int(11) NOT NULL,
  `numero_text` varchar(255) COLLATE utf8mb4_unicode_ci DEFAULT NULL,
  `sector` varchar(191) COLLATE utf8mb4_unicode_ci DEFAULT NULL,
  `solicitante` varchar(191) COLLATE utf8mb4_unicode_ci DEFAULT NULL,
  `syj_empleado_id` int(10) unsigned DEFAULT NULL,
  `fecha` date NOT NULL,
  `fecha_entrega` date DEFAULT NULL,
  `fecha_asignacion` datetime DEFAULT NULL,
  `fecha_cumplido` datetime DEFAULT NULL,
  `condicion_venta_id` int(10) unsigned DEFAULT NULL,
  `is_pago_adelantado` tinyint(1) DEFAULT NULL,
  `is_garantia` tinyint(1) NOT NULL DEFAULT '0',
  `forma_de_entrega_id` int(10) unsigned DEFAULT NULL,
  `plazo_de_pago_id` int(10) unsigned DEFAULT NULL,
  `cantidades` decimal(16,2) NOT NULL,
  `moneda_id` int(10) unsigned NOT NULL DEFAULT '1',
  `cotizacion` decimal(16,2) NOT NULL DEFAULT '1.00',
  `neto` decimal(16,2) NOT NULL,
  `iva` decimal(16,2) NOT NULL,
  `total` decimal(16,2) NOT NULL,
  `facturada` decimal(16,2) NOT NULL DEFAULT '0.00',
  `is_pagada` tinyint(1) NOT NULL,
  `garantia` varchar(100) COLLATE utf8mb4_unicode_ci DEFAULT NULL,
  `mant_oferta` varchar(100) COLLATE utf8mb4_unicode_ci DEFAULT NULL,
  `comen_para_cliente` text COLLATE utf8mb4_unicode_ci,
  `comentario` longtext COLLATE utf8mb4_unicode_ci NOT NULL,
  `dc_ov_origen_id` bigint(20) unsigned DEFAULT NULL,
  `dc_ov_status_cobranza_id` bigint(20) unsigned DEFAULT NULL,
  `dc_ov_status_factura_id` bigint(20) unsigned DEFAULT NULL,
  `dc_ov_status_entrega_id` bigint(20) unsigned DEFAULT NULL,
  `dc_ov_status_venta_id` bigint(20) unsigned DEFAULT NULL,
  `dc_estado_id` bigint(20) unsigned NOT NULL,
  `dc_estado_decision_id` bigint(20) unsigned DEFAULT NULL,
  `inv_orden_trabajo_id` bigint(20) unsigned DEFAULT NULL,
  `conta_cc_id` bigint(20) unsigned DEFAULT NULL,
  `origendestinoable_type` text COLLATE utf8mb4_unicode_ci,
  `origendestinoable_id` int(10) unsigned DEFAULT NULL,
  `is_multiples_ot` tinyint(1) unsigned NOT NULL DEFAULT '0',
  `dc_orden_origen_destino_id` bigint(20) unsigned DEFAULT NULL,
  `is_completado` tinyint(1) NOT NULL DEFAULT '0',
  `is_credit` tinyint(1) DEFAULT NULL,
  `dc_firma_id` bigint(20) unsigned NOT NULL DEFAULT '1',
  `created_at` timestamp NULL DEFAULT NULL,
  `updated_at` timestamp NULL DEFAULT NULL,
  `deleted_at` timestamp NULL DEFAULT NULL,
  PRIMARY KEY (`id`),
  KEY `dc_ordenes_dc_orden_tipo_id_foreign` (`dc_orden_tipo_id`),
  KEY `dc_ordenes_person_id_foreign` (`person_id`),
  KEY `dc_ordenes_person_id_relationed_foreign` (`person_id_relationed`),
  KEY `dc_ordenes_dc_estado_id_foreign` (`dc_estado_id`),
  KEY `dc_ordenes_conta_cc_id_foreign` (`conta_cc_id`),
  KEY `dc_ordenes_inv_orden_trabajo_id_foreign` (`inv_orden_trabajo_id`),
  KEY `dc_ordenes_dc_orden_origen_destino_id_foreign` (`dc_orden_origen_destino_id`),
  KEY `dc_ordenes_moneda_id_foreign` (`moneda_id`),
  KEY `dc_ordenes_dc_firma_id_foreign` (`dc_firma_id`),
  KEY `dc_ordenes_syj_empleado_id_foreign` (`syj_empleado_id`),
  KEY `dc_ordenes_dc_estado_decision_id_foreign` (`dc_estado_decision_id`),
  KEY `dc_ordenes_dc_ov_origen_id_foreign` (`dc_ov_origen_id`),
  KEY `dc_ordenes_dc_ov_status_venta_id_foreign` (`dc_ov_status_venta_id`),
  KEY `dc_ordenes_dc_ov_status_entrega_id_foreign` (`dc_ov_status_entrega_id`),
  KEY `dc_ordenes_dc_ov_status_factura_id_foreign` (`dc_ov_status_factura_id`),
  KEY `dc_ordenes_dc_ov_status_cobranza_id_foreign` (`dc_ov_status_cobranza_id`),
  CONSTRAINT `dc_ordenes_conta_cc_id_foreign` FOREIGN KEY (`conta_cc_id`) REFERENCES `conta_centro_costos` (`id`),
  CONSTRAINT `dc_ordenes_dc_estado_decision_id_foreign` FOREIGN KEY (`dc_estado_decision_id`) REFERENCES `dc_estados_decisiones` (`id`),
  CONSTRAINT `dc_ordenes_dc_estado_id_foreign` FOREIGN KEY (`dc_estado_id`) REFERENCES `dc_estados` (`id`),
  CONSTRAINT `dc_ordenes_dc_firma_id_foreign` FOREIGN KEY (`dc_firma_id`) REFERENCES `dc_firmas` (`id`),
  CONSTRAINT `dc_ordenes_dc_orden_origen_destino_id_foreign` FOREIGN KEY (`dc_orden_origen_destino_id`) REFERENCES `dc_ordenes_origen_destino` (`id`),
  CONSTRAINT `dc_ordenes_dc_orden_tipo_id_foreign` FOREIGN KEY (`dc_orden_tipo_id`) REFERENCES `dc_ordenes_tipos` (`id`),
  CONSTRAINT `dc_ordenes_dc_ov_origen_id_foreign` FOREIGN KEY (`dc_ov_origen_id`) REFERENCES `dc_ov_origenes` (`id`),
  CONSTRAINT `dc_ordenes_dc_ov_status_cobranza_id_foreign` FOREIGN KEY (`dc_ov_status_cobranza_id`) REFERENCES `dc_ov_status_cobranza` (`id`),
  CONSTRAINT `dc_ordenes_dc_ov_status_entrega_id_foreign` FOREIGN KEY (`dc_ov_status_entrega_id`) REFERENCES `dc_ov_status_entrega` (`id`),
  CONSTRAINT `dc_ordenes_dc_ov_status_factura_id_foreign` FOREIGN KEY (`dc_ov_status_factura_id`) REFERENCES `dc_ov_status_factura` (`id`),
  CONSTRAINT `dc_ordenes_dc_ov_status_venta_id_foreign` FOREIGN KEY (`dc_ov_status_venta_id`) REFERENCES `dc_ov_status_venta` (`id`),
  CONSTRAINT `dc_ordenes_inv_orden_trabajo_id_foreign` FOREIGN KEY (`inv_orden_trabajo_id`) REFERENCES `inv_orden_trabajos` (`id`),
  CONSTRAINT `dc_ordenes_moneda_id_foreign` FOREIGN KEY (`moneda_id`) REFERENCES `monedas` (`id`),
  CONSTRAINT `dc_ordenes_person_id_foreign` FOREIGN KEY (`person_id`) REFERENCES `persons` (`id`),
  CONSTRAINT `dc_ordenes_person_id_relationed_foreign` FOREIGN KEY (`person_id_relationed`) REFERENCES `persons` (`id`),
  CONSTRAINT `dc_ordenes_syj_empleado_id_foreign` FOREIGN KEY (`syj_empleado_id`) REFERENCES `syj_empleados` (`id`)
) ENGINE=InnoDB DEFAULT CHARSET=utf8mb4 COLLATE=utf8mb4_unicode_ci;

--
-- Dumping data for table `dc_ordenes`
--


--
-- Table structure for table `dc_ordenes_compra_coti`
--

CREATE TABLE `dc_ordenes_compra_coti` (
  `id` int(10) unsigned NOT NULL AUTO_INCREMENT,
  `user_id` int(10) unsigned DEFAULT NULL,
  `dc_orden_id` bigint(20) unsigned NOT NULL,
  `dc_orden_coti_id` bigint(20) unsigned NOT NULL,
  `created_at` timestamp NULL DEFAULT NULL,
  `updated_at` timestamp NULL DEFAULT NULL,
  `deleted_at` timestamp NULL DEFAULT NULL,
  PRIMARY KEY (`id`),
  KEY `dc_ordenes_compra_coti_dc_orden_id_foreign` (`dc_orden_id`),
  KEY `dc_ordenes_compra_coti_dc_orden_coti_id_foreign` (`dc_orden_coti_id`),
  CONSTRAINT `dc_ordenes_compra_coti_dc_orden_coti_id_foreign` FOREIGN KEY (`dc_orden_coti_id`) REFERENCES `dc_ordenes` (`id`),
  CONSTRAINT `dc_ordenes_compra_coti_dc_orden_id_foreign` FOREIGN KEY (`dc_orden_id`) REFERENCES `dc_ordenes` (`id`)
) ENGINE=InnoDB DEFAULT CHARSET=utf8mb4 COLLATE=utf8mb4_unicode_ci;

--
-- Dumping data for table `dc_ordenes_compra_coti`
--


--
-- Table structure for table `dc_ordenes_compra_req`
--

CREATE TABLE `dc_ordenes_compra_req` (
  `id` int(10) unsigned NOT NULL AUTO_INCREMENT,
  `user_id` int(10) unsigned DEFAULT NULL,
  `dc_orden_id` bigint(20) unsigned NOT NULL,
  `dc_orden_detail_id` bigint(20) unsigned NOT NULL,
  `dc_orden_req_id` bigint(20) unsigned NOT NULL,
  `dc_orden_req_detail_id` bigint(20) unsigned NOT NULL,
  `created_at` timestamp NULL DEFAULT NULL,
  `updated_at` timestamp NULL DEFAULT NULL,
  `deleted_at` timestamp NULL DEFAULT NULL,
  PRIMARY KEY (`id`),
  KEY `dc_ordenes_compra_req_dc_orden_id_foreign` (`dc_orden_id`),
  KEY `dc_ordenes_compra_req_dc_orden_detail_id_foreign` (`dc_orden_detail_id`),
  KEY `dc_ordenes_compra_req_dc_orden_req_id_foreign` (`dc_orden_req_id`),
  KEY `dc_ordenes_compra_req_dc_orden_req_detail_id_foreign` (`dc_orden_req_detail_id`),
  CONSTRAINT `dc_ordenes_compra_req_dc_orden_detail_id_foreign` FOREIGN KEY (`dc_orden_detail_id`) REFERENCES `dc_ordenes_details` (`id`),
  CONSTRAINT `dc_ordenes_compra_req_dc_orden_id_foreign` FOREIGN KEY (`dc_orden_id`) REFERENCES `dc_ordenes` (`id`),
  CONSTRAINT `dc_ordenes_compra_req_dc_orden_req_detail_id_foreign` FOREIGN KEY (`dc_orden_req_detail_id`) REFERENCES `dc_ordenes_details` (`id`),
  CONSTRAINT `dc_ordenes_compra_req_dc_orden_req_id_foreign` FOREIGN KEY (`dc_orden_req_id`) REFERENCES `dc_ordenes` (`id`)
) ENGINE=InnoDB DEFAULT CHARSET=utf8mb4 COLLATE=utf8mb4_unicode_ci;

--
-- Dumping data for table `dc_ordenes_compra_req`
--


--
-- Table structure for table `dc_ordenes_cotizacion_req`
--

CREATE TABLE `dc_ordenes_cotizacion_req` (
  `id` int(10) unsigned NOT NULL AUTO_INCREMENT,
  `user_id` int(10) unsigned DEFAULT NULL,
  `dc_orden_id` bigint(20) unsigned NOT NULL,
  `dc_orden_detail_id` bigint(20) unsigned NOT NULL,
  `dc_orden_req_id` bigint(20) unsigned NOT NULL,
  `dc_orden_req_detail_id` bigint(20) unsigned NOT NULL,
  `created_at` timestamp NULL DEFAULT NULL,
  `updated_at` timestamp NULL DEFAULT NULL,
  `deleted_at` timestamp NULL DEFAULT NULL,
  PRIMARY KEY (`id`),
  KEY `dc_ordenes_cotizacion_req_dc_orden_id_foreign` (`dc_orden_id`),
  KEY `dc_ordenes_cotizacion_req_dc_orden_detail_id_foreign` (`dc_orden_detail_id`),
  KEY `dc_ordenes_cotizacion_req_dc_orden_req_id_foreign` (`dc_orden_req_id`),
  KEY `dc_ordenes_cotizacion_req_dc_orden_req_detail_id_foreign` (`dc_orden_req_detail_id`),
  CONSTRAINT `dc_ordenes_cotizacion_req_dc_orden_detail_id_foreign` FOREIGN KEY (`dc_orden_detail_id`) REFERENCES `dc_ordenes_details` (`id`),
  CONSTRAINT `dc_ordenes_cotizacion_req_dc_orden_id_foreign` FOREIGN KEY (`dc_orden_id`) REFERENCES `dc_ordenes` (`id`),
  CONSTRAINT `dc_ordenes_cotizacion_req_dc_orden_req_detail_id_foreign` FOREIGN KEY (`dc_orden_req_detail_id`) REFERENCES `dc_ordenes_details` (`id`),
  CONSTRAINT `dc_ordenes_cotizacion_req_dc_orden_req_id_foreign` FOREIGN KEY (`dc_orden_req_id`) REFERENCES `dc_ordenes` (`id`)
) ENGINE=InnoDB DEFAULT CHARSET=utf8mb4 COLLATE=utf8mb4_unicode_ci;

--
-- Dumping data for table `dc_ordenes_cotizacion_req`
--


--
-- Table structure for table `dc_ordenes_details`
--

CREATE TABLE `dc_ordenes_details` (
  `id` bigint(20) unsigned NOT NULL AUTO_INCREMENT,
  `user_id` int(10) unsigned DEFAULT NULL,
  `dc_orden_id` bigint(20) unsigned NOT NULL,
  `dc_orden_origen_destino_id` bigint(20) unsigned DEFAULT NULL,
  `origendestinoable_id` int(10) unsigned DEFAULT NULL,
  `origendestinoable_type` text COLLATE utf8mb4_unicode_ci,
  `cantidades` decimal(16,2) NOT NULL,
  `inv_deposito_id` bigint(20) unsigned DEFAULT NULL,
  `inv_producto_id` bigint(20) unsigned DEFAULT NULL,
  `inv_producto_id_destino` bigint(20) unsigned DEFAULT NULL,
  `prod_variant_id` bigint(20) unsigned DEFAULT NULL,
  `inv_deposito_id_destino` bigint(20) unsigned DEFAULT NULL,
  `descripcion` varchar(191) COLLATE utf8mb4_unicode_ci DEFAULT NULL,
  `neto` decimal(16,2) NOT NULL,
  `desc_porc` decimal(16,2) DEFAULT NULL,
  `descuento` decimal(16,2) DEFAULT NULL,
  `system_tax_id` int(10) unsigned NOT NULL,
  `iva` decimal(16,2) NOT NULL,
  `subtotal` decimal(16,2) NOT NULL,
  `created_at` timestamp NULL DEFAULT NULL,
  `updated_at` timestamp NULL DEFAULT NULL,
  `deleted_at` timestamp NULL DEFAULT NULL,
  PRIMARY KEY (`id`),
  KEY `dc_ordenes_details_dc_orden_id_foreign` (`dc_orden_id`),
  KEY `dc_ordenes_details_inv_producto_id_foreign` (`inv_producto_id`),
  KEY `dc_ordenes_details_system_tax_id_foreign` (`system_tax_id`),
  KEY `dc_ordenes_details_inv_producto_id_destino_foreign` (`inv_producto_id_destino`),
  KEY `dc_ordenes_details_dc_orden_origen_destino_id_foreign` (`dc_orden_origen_destino_id`),
  KEY `dc_ordenes_details_inv_deposito_id_foreign` (`inv_deposito_id`),
  KEY `dc_ordenes_details_inv_deposito_id_destino_foreign` (`inv_deposito_id_destino`),
  KEY `dc_ordenes_details_prod_variant_id_foreign` (`prod_variant_id`),
  CONSTRAINT `dc_ordenes_details_dc_orden_id_foreign` FOREIGN KEY (`dc_orden_id`) REFERENCES `dc_ordenes` (`id`),
  CONSTRAINT `dc_ordenes_details_dc_orden_origen_destino_id_foreign` FOREIGN KEY (`dc_orden_origen_destino_id`) REFERENCES `dc_ordenes_origen_destino` (`id`),
  CONSTRAINT `dc_ordenes_details_inv_deposito_id_destino_foreign` FOREIGN KEY (`inv_deposito_id_destino`) REFERENCES `inv_depositos` (`id`),
  CONSTRAINT `dc_ordenes_details_inv_deposito_id_foreign` FOREIGN KEY (`inv_deposito_id`) REFERENCES `inv_depositos` (`id`),
  CONSTRAINT `dc_ordenes_details_inv_producto_id_destino_foreign` FOREIGN KEY (`inv_producto_id_destino`) REFERENCES `inv_productos` (`id`),
  CONSTRAINT `dc_ordenes_details_inv_producto_id_foreign` FOREIGN KEY (`inv_producto_id`) REFERENCES `inv_productos` (`id`),
  CONSTRAINT `dc_ordenes_details_prod_variant_id_foreign` FOREIGN KEY (`prod_variant_id`) REFERENCES `prod_variants` (`id`) ON DELETE SET NULL,
  CONSTRAINT `dc_ordenes_details_system_tax_id_foreign` FOREIGN KEY (`system_tax_id`) REFERENCES `system_taxes` (`id`)
) ENGINE=InnoDB DEFAULT CHARSET=utf8mb4 COLLATE=utf8mb4_unicode_ci;

--
