-- Table structure for table `cta_cte_tesoreria_detail`
--

CREATE TABLE `cta_cte_tesoreria_detail` (
  `id` int(10) unsigned NOT NULL AUTO_INCREMENT,
  `user_id` int(10) unsigned DEFAULT NULL,
  `cta_cte_tesoreria_id` int(10) unsigned NOT NULL,
  `cta_cte_tesoreria_cuenta_id` int(10) unsigned NOT NULL,
  `person_id` int(10) unsigned DEFAULT NULL,
  `period_id` int(10) unsigned DEFAULT NULL,
  `saldo_id` int(10) unsigned NOT NULL,
  `monto` decimal(16,2) NOT NULL,
  `is_conciliado` tinyint(1) NOT NULL DEFAULT '0',
  `fecha` date DEFAULT NULL,
  `created_at` timestamp NULL DEFAULT NULL,
  `updated_at` timestamp NULL DEFAULT NULL,
  `deleted_at` timestamp NULL DEFAULT NULL,
  PRIMARY KEY (`id`),
  KEY `cta_cte_tesoreria_detail_cta_cte_tesoreria_id_foreign` (`cta_cte_tesoreria_id`),
  KEY `cta_cte_tesoreria_detail_cta_cte_tesoreria_cuenta_id_foreign` (`cta_cte_tesoreria_cuenta_id`),
  KEY `cta_cte_tesoreria_detail_person_id_foreign` (`person_id`),
  KEY `cta_cte_tesoreria_detail_period_id_foreign` (`period_id`),
  KEY `cta_cte_tesoreria_detail_saldo_id_foreign` (`saldo_id`),
  CONSTRAINT `cta_cte_tesoreria_detail_cta_cte_tesoreria_cuenta_id_foreign` FOREIGN KEY (`cta_cte_tesoreria_cuenta_id`) REFERENCES `cta_cte_tesoreria_cuentas` (`id`),
  CONSTRAINT `cta_cte_tesoreria_detail_cta_cte_tesoreria_id_foreign` FOREIGN KEY (`cta_cte_tesoreria_id`) REFERENCES `cta_cte_tesoreria` (`id`),
  CONSTRAINT `cta_cte_tesoreria_detail_period_id_foreign` FOREIGN KEY (`period_id`) REFERENCES `periods` (`id`),
  CONSTRAINT `cta_cte_tesoreria_detail_person_id_foreign` FOREIGN KEY (`person_id`) REFERENCES `persons` (`id`),
  CONSTRAINT `cta_cte_tesoreria_detail_saldo_id_foreign` FOREIGN KEY (`saldo_id`) REFERENCES `conta_tipo_saldos` (`id`)
) ENGINE=InnoDB AUTO_INCREMENT=5 DEFAULT CHARSET=utf8mb4 COLLATE=utf8mb4_unicode_ci;

--
-- Dumping data for table `cta_cte_tesoreria_detail`
--

INSERT INTO `cta_cte_tesoreria_detail` VALUES (1,8522,1,757,40718,1520,1,155000.00,0,'2023-02-28','2023-02-28 14:21:22','2023-02-28 14:21:22',NULL),(2,8522,2,13,40718,1521,2,10000.00,0,'2023-03-01','2023-03-01 11:25:20','2023-03-01 11:25:20',NULL),(3,8522,2,758,40718,1521,1,10000.00,0,'2023-03-01','2023-03-01 11:25:20','2023-03-01 11:25:20',NULL),(4,8704,4,759,40815,3065,1,0.00,0,'2025-02-10','2025-02-10 00:21:38','2025-02-10 00:21:38',NULL);

--
-- Table structure for table `ctacte_bancos`
--

CREATE TABLE `ctacte_bancos` (
  `id` int(10) unsigned NOT NULL AUTO_INCREMENT,
  `user_id` int(10) unsigned DEFAULT NULL,
  `nombre` varchar(255) COLLATE utf8mb4_unicode_ci DEFAULT NULL,
  `codigoBCRA` int(11) DEFAULT NULL,
  `cuit` varchar(191) COLLATE utf8mb4_unicode_ci DEFAULT NULL,
  `created_at` timestamp NULL DEFAULT NULL,
  `updated_at` timestamp NULL DEFAULT NULL,
  `deleted_at` timestamp NULL DEFAULT NULL,
  PRIMARY KEY (`id`)
) ENGINE=InnoDB AUTO_INCREMENT=82 DEFAULT CHARSET=utf8mb4 COLLATE=utf8mb4_unicode_ci;

--
-- Dumping data for table `ctacte_bancos`
--

INSERT INTO `ctacte_bancos` VALUES (1,NULL,'BANCO DE GALICIA Y BUENOS AIRES S.A.',7,'30-50000173-5',NULL,NULL,NULL),(2,NULL,'BANCO DE LA NACION ARGENTINA',11,'30-50001091-2',NULL,NULL,NULL),(3,NULL,'BANCO DE LA PROVINCIA DE BUENOS AIRES',14,'33-99924210-9',NULL,NULL,NULL),(4,NULL,'INDUSTRIAL AND COMMERCIAL BANK OF CHINA',15,'30-70944784-6',NULL,NULL,NULL),(5,NULL,'CITIBANK N.A.',16,'30-50000562-5',NULL,NULL,NULL),(6,NULL,'BBVA BANCO FRANCES S.A.',17,'30-50000319-3',NULL,NULL,NULL),(7,NULL,'THE BANK OF TOKYO-MITSUBISHI UFJ, LTD.',18,'30-50001183-8',NULL,NULL,NULL),(8,NULL,'BANCO DE LA PROVINCIA DE CORDOBA S.A.',20,'30-99922856-5',NULL,NULL,NULL),(9,NULL,'BANCO SUPERVIELLE S.A.',27,'33-50000517-9',NULL,NULL,NULL),(10,NULL,'BANCO DE LA CIUDAD DE BUENOS AIRES',29,'30-99903208-3',NULL,NULL,NULL),(11,NULL,'BANCO PATAGONIA S.A.',34,'30-50000661-3',NULL,NULL,NULL),(12,NULL,'BANCO HIPOTECARIO S.A.',44,'30-50001107-2',NULL,NULL,NULL),(13,NULL,'BANCO DE SAN JUAN S.A.',45,'30-50000944-2',NULL,NULL,NULL),(14,NULL,'BANCO DEL TUCUMAN S.A.',60,'30-51794820-5',NULL,NULL,NULL),(15,NULL,'BANCO MUNICIPAL DE ROSARIO',65,'33-99918181-9',NULL,NULL,NULL),(16,NULL,'BANCO SANTANDER RIO S.A.',72,'30-50000845-4',NULL,NULL,NULL),(17,NULL,'BANCO DEL CHUBUT S.A.',83,'30-50001299-0',NULL,NULL,NULL),(18,NULL,'BANCO DE SANTA CRUZ S.A.',86,'30-50009880-1',NULL,NULL,NULL),(19,NULL,'BANCO DE LA PAMPA SOCIEDAD DE ECONOMÍA M',93,'30-50001251-6',NULL,NULL,NULL),(20,NULL,'BANCO DE CORRIENTES S.A.',94,'30-50001060-2',NULL,NULL,NULL),(21,NULL,'BANCO PROVINCIA DEL NEUQUÉN SOCIEDAD ANÓ',97,'30-50001404-7',NULL,NULL,NULL),(22,NULL,'BANCO INTERFINANZAS S.A.',147,'30-52271441-7',NULL,NULL,NULL),(23,NULL,'HSBC BANK ARGENTINA S.A.',150,'33-53718600-9',NULL,NULL,NULL),(24,NULL,'JPMORGAN CHASE BANK, NATIONAL ASSOCIATIO',165,'30-58313794-3',NULL,NULL,NULL),(25,NULL,'BANCO CREDICOOP COOPERATIVO LIMITADO',191,'30-57142135-2',NULL,NULL,NULL),(26,NULL,'BANCO DE VALORES S.A.',198,'30-57612427-5',NULL,NULL,NULL),(27,NULL,'BANCO ROELA S.A.',247,'30-53561044-0',NULL,NULL,NULL),(28,NULL,'BANCO MARIVA S.A.',254,'30-51642044-4',NULL,NULL,NULL),(29,NULL,'BANCO ITAU ARGENTINA S.A.',259,'30-58018941-1',NULL,NULL,NULL),(30,NULL,'BANK OF AMERICA, NATIONAL ASSOCIATION',262,'30-50005055-8',NULL,NULL,NULL),(31,NULL,'BNP PARIBAS',266,'30-58472756-6',NULL,NULL,NULL),(32,NULL,'BANCO PROVINCIA DE TIERRA DEL FUEGO',268,'30-57565578-1',NULL,NULL,NULL),(33,NULL,'BANCO DE LA REPUBLICA ORIENTAL DEL URUGU',269,'30-58833784-3',NULL,NULL,NULL),(34,NULL,'BANCO SAENZ S.A.',277,'30-53467243-4',NULL,NULL,NULL),(35,NULL,'BANCO MERIDIAN S.A.',281,'30-53448749-1',NULL,NULL,NULL),(36,NULL,'BANCO MACRO S.A.',285,'30-50001008-4',NULL,NULL,NULL),(37,NULL,'BANCO COMAFI SOCIEDAD ANONIMA',299,'30-60473101-8',NULL,NULL,NULL),(38,NULL,'BANCO DE INVERSION Y COMERCIO EXTERIOR S',300,'30-65112908-3',NULL,NULL,NULL),(39,NULL,'BANCO PIANO S.A.',301,'30-56915176-3',NULL,NULL,NULL),(40,NULL,'BANCO JULIO SOCIEDAD ANONIMA',305,'30-65744121-6',NULL,NULL,NULL),(41,NULL,'BANCO RIOJA SOCIEDAD ANONIMA UNIPERSONAL',309,'30-67185933-9',NULL,NULL,NULL),(42,NULL,'BANCO DEL SOL S.A.',310,'30-67793756-0',NULL,NULL,NULL),(43,NULL,'NUEVO BANCO DEL CHACO S. A.',311,'30-67015779-9',NULL,NULL,NULL),(44,NULL,'BANCO VOII S.A.',312,'30-54674163-6',NULL,NULL,NULL),(45,NULL,'BANCO DE FORMOSA S.A.',315,'30-67137590-0',NULL,NULL,NULL),(46,NULL,'BANCO CMF S.A.',319,'30-57661429-9',NULL,NULL,NULL),(47,NULL,'BANCO DE SANTIAGO DEL ESTERO S.A.',321,'33-68666464-9',NULL,NULL,NULL),(48,NULL,'BANCO INDUSTRIAL S.A.',322,'30-68502995-9',NULL,NULL,NULL),(49,NULL,'NUEVO BANCO DE SANTA FE SOCIEDAD ANONIMA',330,'30-69243266-1',NULL,NULL,NULL),(50,NULL,'BANCO CETELEM ARGENTINA S.A.',331,'30-69730636-2',NULL,NULL,NULL),(51,NULL,'BANCO DE SERVICIOS FINANCIEROS S.A.',332,'30-69726589-5',NULL,NULL,NULL),(52,NULL,'BANCO BRADESCO ARGENTINA S.A.U.',336,'30-70125555-7',NULL,NULL,NULL),(53,NULL,'BANCO DE SERVICIOS Y TRANSACCIONES S.A.',338,'30-70496099-5',NULL,NULL,NULL);
INSERT INTO `ctacte_bancos` VALUES (54,NULL,'RCI BANQUE S.A.',339,'30-70710834-3',NULL,NULL,NULL),(55,NULL,'BACS BANCO DE CREDITO Y SECURITIZACION S',340,'30-70722741-5',NULL,NULL,NULL),(56,NULL,'BANCO MASVENTAS S.A.',341,'30-54061826-3',NULL,NULL,NULL),(57,NULL,'BANCO WANAP S.A.',384,'30-71565463-2',NULL,NULL,NULL),(58,NULL,'NUEVO BANCO DE ENTRE RÍOS S.A.',386,'33-70799551-9',NULL,NULL,NULL),(59,NULL,'BANCO COLUMBIA S.A.',389,'30-51763749-8',NULL,NULL,NULL),(60,NULL,'BANCO BICA S.A.',426,'30-71233123-9',NULL,NULL,NULL),(61,NULL,'BANCO COINAG S.A.',431,'30-71419596-0',NULL,NULL,NULL),(62,NULL,'BANCO DE COMERCIO S.A.',432,'30-54203363-7',NULL,NULL,NULL),(63,NULL,'FORD CREDIT COMPAÑIA FINANCIERA S.A.',44059,'30-51654454-2',NULL,NULL,NULL),(64,NULL,'COMPAÑIA FINANCIERA ARGENTINA S.A.',44077,'30-53800640-4',NULL,NULL,NULL),(65,NULL,'VOLKWAGEN FINANCIAL SERVICES CIA.FIN.S.A',44088,'30-68241957-8',NULL,NULL,NULL),(66,NULL,'CORDIAL COMPAÑÍA FINANCIERA S.A.',44090,'30-70181085-2',NULL,NULL,NULL),(67,NULL,'FCA COMPAÑIA FINANCIERA S.A.',44092,'30-69230488-4',NULL,NULL,NULL),(68,NULL,'GPAT COMPAÑIA FINANCIERA S.A.',44093,'30-67856482-2',NULL,NULL,NULL),(69,NULL,'MERCEDES-BENZ COMPAÑÍA FINANCIERA ARGENT',44094,'30-70700229-4',NULL,NULL,NULL),(70,NULL,'ROMBO COMPAÑÍA FINANCIERA S.A.',44095,'33-70712490-9',NULL,NULL,NULL),(71,NULL,'JOHN DEERE CREDIT COMPAÑÍA FINANCIERA S.',44096,'30-70702485-9',NULL,NULL,NULL),(72,NULL,'PSA FINANCE ARGENTINA COMPAÑÍA FINANCIER',44098,'30-70784736-7',NULL,NULL,NULL),(73,NULL,'TOYOTA COMPAÑÍA FINANCIERA DE ARGENTINA',44099,'30-70900042-6',NULL,NULL,NULL),(74,NULL,'FINANDINO COMPAÑIA FINANCIERA S.A.',44100,'30-71259240-7',NULL,NULL,NULL),(75,NULL,'MONTEMAR COMPAÑIA FINANCIERA S.A.',45056,'30-58138551-6',NULL,NULL,NULL),(76,NULL,'MULTIFINANZAS COMPAÑIA FINANCIERA S.A.',45072,'30-62828435-7',NULL,NULL,NULL),(77,NULL,'CAJA DE CREDITO \"CUENCA\" COOPERATIVA LIM',65203,'30-71622694-4',NULL,NULL,NULL),(78,NULL,'MERCADO PAGO',NULL,NULL,NULL,NULL,NULL),(79,NULL,'UALA',NULL,NULL,NULL,NULL,NULL),(80,NULL,'ICBC',NULL,NULL,NULL,NULL,NULL),(81,NULL,'BMA SAU',NULL,NULL,NULL,NULL,NULL);

--
-- Table structure for table `ctacte_bancos_datos`
--

CREATE TABLE `ctacte_bancos_datos` (
  `id` int(10) unsigned NOT NULL AUTO_INCREMENT,
  `cuenta_conta_id` int(10) unsigned DEFAULT NULL,
  `nombre` varchar(255) COLLATE utf8mb4_unicode_ci DEFAULT NULL,
  `cuit` varchar(255) COLLATE utf8mb4_unicode_ci DEFAULT NULL,
  `titular` varchar(255) COLLATE utf8mb4_unicode_ci DEFAULT NULL,
  `cuenta` varchar(255) COLLATE utf8mb4_unicode_ci DEFAULT NULL,
  `num_cuenta` varchar(255) COLLATE utf8mb4_unicode_ci DEFAULT NULL,
  `cbu` varchar(255) COLLATE utf8mb4_unicode_ci DEFAULT NULL,
  `alias` varchar(255) COLLATE utf8mb4_unicode_ci DEFAULT NULL,
  `status` int(11) NOT NULL DEFAULT '1',
  `created_at` timestamp NULL DEFAULT NULL,
  `updated_at` timestamp NULL DEFAULT NULL,
  PRIMARY KEY (`id`),
  KEY `ctacte_bancos_datos_cuenta_conta_id_foreign` (`cuenta_conta_id`),
  CONSTRAINT `ctacte_bancos_datos_cuenta_conta_id_foreign` FOREIGN KEY (`cuenta_conta_id`) REFERENCES `conta_plan_cuenta` (`id`)
) ENGINE=InnoDB AUTO_INCREMENT=3 DEFAULT CHARSET=utf8mb4 COLLATE=utf8mb4_unicode_ci;

--
-- Dumping data for table `ctacte_bancos_datos`
--

INSERT INTO `ctacte_bancos_datos` VALUES (1,359,'Brubank','20-42662834-2','Gian Luca Soriano','1','1301096045001','1430001713010960450016','PERLA.AGUJA.MISION',1,'2023-04-28 19:31:17','2023-04-28 19:32:58'),(2,359,'Mercado Pago','20-42662834-2','Gian Luca Soriano','1','1','0000003100098666581278','giansoriano',1,'2025-02-10 00:17:43','2025-02-10 00:17:43');

--
-- Table structure for table `ctacte_cheques`
--

CREATE TABLE `ctacte_cheques` (
  `id` int(10) unsigned NOT NULL AUTO_INCREMENT,
  `user_id` int(10) unsigned DEFAULT NULL,
  `asiento_id` varchar(191) COLLATE utf8mb4_unicode_ci DEFAULT NULL,
  `cuenta_conta_id` int(10) unsigned DEFAULT NULL,
  `cta_cte_tesoreria_cuenta_id` int(10) unsigned DEFAULT NULL,
  `cta_cte_tesoreria_id` int(10) unsigned DEFAULT NULL,
  `cta_cte_tesoreria_detail_id` int(10) unsigned DEFAULT NULL,
  `cta_cte_cliente_id` int(10) unsigned DEFAULT NULL,
  `cta_cte_cliente_id2` int(10) unsigned DEFAULT NULL,
  `cta_cte_cliente_detail_id` int(10) unsigned DEFAULT NULL,
  `nf_cta_cte_id2` int(10) unsigned DEFAULT NULL,
  `nf_cta_cte_id` int(10) unsigned DEFAULT NULL,
  `monto` decimal(16,2) DEFAULT NULL,
  `cheque3ros` tinyint(1) NOT NULL DEFAULT '0',
  `cheque_emitidos` tinyint(1) NOT NULL DEFAULT '0',
  `fecha` date DEFAULT NULL,
  `fecha_cobro` date DEFAULT NULL,
  `banco_id` int(10) unsigned NOT NULL,
  `person_id` int(10) unsigned DEFAULT NULL,
  `cuit` text COLLATE utf8mb4_unicode_ci,
  `titular` varchar(255) COLLATE utf8mb4_unicode_ci DEFAULT NULL,
  `abierto_cruzado` int(11) NOT NULL DEFAULT '1',
  `is_no_a_la_orden` tinyint(1) NOT NULL DEFAULT '0',
  `numero` int(10) unsigned DEFAULT NULL,
  `foto` varchar(255) COLLATE utf8mb4_unicode_ci DEFAULT NULL,
  `comentario` varchar(255) COLLATE utf8mb4_unicode_ci DEFAULT NULL,
  `status` int(11) NOT NULL DEFAULT '1',
  `created_at` timestamp NULL DEFAULT NULL,
  `updated_at` timestamp NULL DEFAULT NULL,
  `deleted_at` timestamp NULL DEFAULT NULL,
  PRIMARY KEY (`id`),
  KEY `ctacte_cheques_asiento_id_foreign` (`asiento_id`),
  KEY `ctacte_cheques_cuenta_conta_id_foreign` (`cuenta_conta_id`),
  KEY `ctacte_cheques_banco_id_foreign` (`banco_id`),
  KEY `ctacte_cheques_person_id_foreign` (`person_id`),
  KEY `ctacte_cheques_cta_cte_cliente_id2_foreign` (`cta_cte_cliente_id2`),
  KEY `ctacte_cheques_cta_cte_cliente_id_foreign` (`cta_cte_cliente_id`),
  KEY `cta_cte_tesorer_id` (`cta_cte_tesoreria_id`),
  KEY `ctacte_cheques_nf_cta_cte_id_foreign` (`nf_cta_cte_id`),
  KEY `ctacte_cheques_nf_cta_cte_id2_foreign` (`nf_cta_cte_id2`),
  KEY `ctacte_cheques_cta_cte_tesoreria_cuenta_id_foreign` (`cta_cte_tesoreria_cuenta_id`),
  KEY `ctacte_cheques_cta_cte_cliente_detail_id_foreign` (`cta_cte_cliente_detail_id`),
  KEY `ctacte_cheques_cta_cte_tesoreria_detail_id_foreign` (`cta_cte_tesoreria_detail_id`),
  CONSTRAINT `cta_cte_tesorer_id` FOREIGN KEY (`cta_cte_tesoreria_id`) REFERENCES `cta_cte_tesoreria` (`id`),
  CONSTRAINT `ctacte_cheques_banco_id_foreign` FOREIGN KEY (`banco_id`) REFERENCES `ctacte_bancos` (`id`),
  CONSTRAINT `ctacte_cheques_cta_cte_cliente_detail_id_foreign` FOREIGN KEY (`cta_cte_cliente_detail_id`) REFERENCES `cta_cte_cliente_details` (`id`),
  CONSTRAINT `ctacte_cheques_cta_cte_cliente_id2_foreign` FOREIGN KEY (`cta_cte_cliente_id2`) REFERENCES `cta_cte_cliente` (`id`),
  CONSTRAINT `ctacte_cheques_cta_cte_cliente_id_foreign` FOREIGN KEY (`cta_cte_cliente_id`) REFERENCES `cta_cte_cliente` (`id`),
  CONSTRAINT `ctacte_cheques_cta_cte_tesoreria_cuenta_id_foreign` FOREIGN KEY (`cta_cte_tesoreria_cuenta_id`) REFERENCES `cta_cte_tesoreria_cuentas` (`id`),
  CONSTRAINT `ctacte_cheques_cta_cte_tesoreria_detail_id_foreign` FOREIGN KEY (`cta_cte_tesoreria_detail_id`) REFERENCES `cta_cte_tesoreria_detail` (`id`),
  CONSTRAINT `ctacte_cheques_cuenta_conta_id_foreign` FOREIGN KEY (`cuenta_conta_id`) REFERENCES `conta_plan_cuenta` (`id`),
  CONSTRAINT `ctacte_cheques_nf_cta_cte_id2_foreign` FOREIGN KEY (`nf_cta_cte_id2`) REFERENCES `nf_cta_cte` (`id`),
  CONSTRAINT `ctacte_cheques_nf_cta_cte_id_foreign` FOREIGN KEY (`nf_cta_cte_id`) REFERENCES `nf_cta_cte` (`id`),
  CONSTRAINT `ctacte_cheques_person_id_foreign` FOREIGN KEY (`person_id`) REFERENCES `persons` (`id`)
) ENGINE=InnoDB AUTO_INCREMENT=2 DEFAULT CHARSET=utf8mb4 COLLATE=utf8mb4_unicode_ci;

--
-- Dumping data for table `ctacte_cheques`
--

INSERT INTO `ctacte_cheques` VALUES (1,8522,NULL,NULL,NULL,NULL,NULL,1252,NULL,NULL,NULL,NULL,10000.00,1,1,'2023-03-01','2023-03-01',1,40718,NULL,'Prueba #',1,0,11111,NULL,'',1,'2023-03-01 11:25:20','2023-03-01 11:25:20',NULL);

--
-- Table structure for table `ctactegastos_centrocosto`
--

CREATE TABLE `ctactegastos_centrocosto` (
  `id` int(10) unsigned NOT NULL AUTO_INCREMENT,
  `user_id` int(10) unsigned DEFAULT NULL,
  `nombre` varchar(255) COLLATE utf8mb4_unicode_ci NOT NULL,
  `created_at` timestamp NULL DEFAULT NULL,
  `updated_at` timestamp NULL DEFAULT NULL,
  `deleted_at` timestamp NULL DEFAULT NULL,
  PRIMARY KEY (`id`)
) ENGINE=InnoDB AUTO_INCREMENT=9 DEFAULT CHARSET=utf8mb4 COLLATE=utf8mb4_unicode_ci;

--
-- Dumping data for table `ctactegastos_centrocosto`
--

INSERT INTO `ctactegastos_centrocosto` VALUES (1,NULL,'OFICINA',NULL,NULL,NULL),(2,NULL,'FIJO',NULL,NULL,NULL),(3,NULL,'VARIABLE',NULL,NULL,NULL),(4,NULL,'GISELA',NULL,NULL,NULL),(5,NULL,'LIA',NULL,NULL,NULL),(6,NULL,'PADRES',NULL,NULL,NULL),(7,NULL,'CASA',NULL,NULL,NULL),(8,NULL,'VANESA',NULL,NULL,NULL);

--
-- Table structure for table `ctactegastos_cuenta_tipo`
--

CREATE TABLE `ctactegastos_cuenta_tipo` (
  `idCuentaTipo` int(10) unsigned NOT NULL AUTO_INCREMENT,
  `user_id` int(10) unsigned DEFAULT NULL,
  `cta_cte_tesoreria_cuenta_id` int(10) unsigned DEFAULT NULL,
  `idTipo` int(10) unsigned NOT NULL,
  `created_at` timestamp NULL DEFAULT NULL,
  `updated_at` timestamp NULL DEFAULT NULL,
  `deleted_at` timestamp NULL DEFAULT NULL,
  PRIMARY KEY (`idCuentaTipo`),
  KEY `ctactegastos_cuenta_tipo_idtipo_foreign` (`idTipo`),
  KEY `ctactegastos_cuenta_tipo_cta_cte_tesoreria_cuenta_id_foreign` (`cta_cte_tesoreria_cuenta_id`),
  CONSTRAINT `ctactegastos_cuenta_tipo_cta_cte_tesoreria_cuenta_id_foreign` FOREIGN KEY (`cta_cte_tesoreria_cuenta_id`) REFERENCES `cta_cte_tesoreria_cuentas` (`id`),
  CONSTRAINT `ctactegastos_cuenta_tipo_idtipo_foreign` FOREIGN KEY (`idTipo`) REFERENCES `ctactegastos_tiposdegastos` (`id`)
) ENGINE=InnoDB AUTO_INCREMENT=18 DEFAULT CHARSET=utf8mb4 COLLATE=utf8mb4_unicode_ci;

--
-- Dumping data for table `ctactegastos_cuenta_tipo`
--

INSERT INTO `ctactegastos_cuenta_tipo` VALUES (1,NULL,NULL,3,NULL,NULL,NULL),(2,NULL,NULL,6,NULL,NULL,NULL),(3,NULL,NULL,3,NULL,NULL,NULL),(4,NULL,NULL,4,NULL,NULL,NULL),(5,NULL,NULL,5,NULL,NULL,NULL),(6,NULL,NULL,3,NULL,NULL,NULL),(7,NULL,NULL,4,NULL,NULL,NULL),(8,NULL,NULL,3,NULL,NULL,NULL),(9,NULL,NULL,4,NULL,NULL,NULL),(10,NULL,NULL,7,NULL,NULL,NULL),(11,NULL,NULL,8,NULL,NULL,NULL),(12,NULL,NULL,3,NULL,NULL,NULL),(13,NULL,NULL,3,NULL,NULL,NULL),(14,NULL,NULL,4,NULL,NULL,NULL),(15,NULL,NULL,1,NULL,NULL,NULL),(16,NULL,NULL,2,NULL,NULL,NULL),(17,NULL,NULL,5,NULL,NULL,NULL);

--
-- Table structure for table `ctactegastos_mensuales`
--

CREATE TABLE `ctactegastos_mensuales` (
  `id` int(10) unsigned NOT NULL AUTO_INCREMENT,
  `user_id` int(10) unsigned DEFAULT NULL,
  `CuentaTipo_id` int(10) unsigned NOT NULL,
  `cta_cte_tesoreria_cuenta_id` int(10) unsigned NOT NULL DEFAULT '13',
  `TipoDeGasto_id` int(10) unsigned NOT NULL,
  `CentroCosto_id` int(10) unsigned NOT NULL,
  `gasto_cta_cte_tesoreria_cuenta_id` int(10) unsigned NOT NULL DEFAULT '13',
  `monto` decimal(16,2) DEFAULT NULL,
  `comentario` varchar(255) COLLATE utf8mb4_unicode_ci DEFAULT NULL,
  `status` int(11) NOT NULL DEFAULT '1',
  `created_at` timestamp NULL DEFAULT NULL,
  `updated_at` timestamp NULL DEFAULT NULL,
  `deleted_at` timestamp NULL DEFAULT NULL,
  PRIMARY KEY (`id`),
  KEY `ctactegastos_mensuales_cuentatipo_id_foreign` (`CuentaTipo_id`),
  KEY `ctactegastos_mensuales_tipodegasto_id_foreign` (`TipoDeGasto_id`),
  KEY `ctactegastos_mensuales_centrocosto_id_foreign` (`CentroCosto_id`),
  KEY `ctactegastos_mensuales_cta_cte_tesoreria_cuenta_id_foreign` (`cta_cte_tesoreria_cuenta_id`),
  KEY `ctactegastos_mensuales_gasto_cta_cte_tesoreria_cuenta_id_foreign` (`gasto_cta_cte_tesoreria_cuenta_id`),
  CONSTRAINT `ctactegastos_mensuales_centrocosto_id_foreign` FOREIGN KEY (`CentroCosto_id`) REFERENCES `ctactegastos_centrocosto` (`id`),
  CONSTRAINT `ctactegastos_mensuales_cta_cte_tesoreria_cuenta_id_foreign` FOREIGN KEY (`cta_cte_tesoreria_cuenta_id`) REFERENCES `cta_cte_tesoreria_cuentas` (`id`),
  CONSTRAINT `ctactegastos_mensuales_cuentatipo_id_foreign` FOREIGN KEY (`CuentaTipo_id`) REFERENCES `ctactegastos_cuenta_tipo` (`idCuentaTipo`),
  CONSTRAINT `ctactegastos_mensuales_gasto_cta_cte_tesoreria_cuenta_id_foreign` FOREIGN KEY (`gasto_cta_cte_tesoreria_cuenta_id`) REFERENCES `cta_cte_tesoreria_cuentas` (`id`),
  CONSTRAINT `ctactegastos_mensuales_tipodegasto_id_foreign` FOREIGN KEY (`TipoDeGasto_id`) REFERENCES `ctactegastos_tiposdegastos` (`id`)
) ENGINE=InnoDB DEFAULT CHARSET=utf8mb4 COLLATE=utf8mb4_unicode_ci;

--
-- Dumping data for table `ctactegastos_mensuales`
--


--
-- Table structure for table `ctactegastos_tiposdegastos`
--

CREATE TABLE `ctactegastos_tiposdegastos` (
  `id` int(10) unsigned NOT NULL AUTO_INCREMENT,
  `user_id` int(10) unsigned DEFAULT NULL,
  `nombre` varchar(255) COLLATE utf8mb4_unicode_ci DEFAULT NULL,
  `created_at` timestamp NULL DEFAULT NULL,
  `updated_at` timestamp NULL DEFAULT NULL,
  `deleted_at` timestamp NULL DEFAULT NULL,
  PRIMARY KEY (`id`)
) ENGINE=InnoDB AUTO_INCREMENT=11 DEFAULT CHARSET=utf8mb4 COLLATE=utf8mb4_unicode_ci;

--
-- Dumping data for table `ctactegastos_tiposdegastos`
--

INSERT INTO `ctactegastos_tiposdegastos` VALUES (1,NULL,'Oficina',NULL,NULL,NULL),(2,NULL,'Personales',NULL,NULL,NULL),(3,NULL,'Tarjeta VISA',NULL,NULL,NULL),(4,NULL,'Tarjeta Mastercard',NULL,NULL,NULL),(5,NULL,'Debito Automatico',NULL,NULL,NULL),(6,NULL,'American Express',NULL,NULL,NULL),(7,NULL,'Tarjeta Shopping',NULL,NULL,NULL),(8,NULL,'Tarjeta Cencosud',NULL,NULL,NULL),(9,NULL,'Tarjeta Coto',NULL,NULL,NULL),(10,NULL,'Tarjeta Nativa',NULL,NULL,NULL);

--
-- Table structure for table `cursos`
--

CREATE TABLE `cursos` (
  `id` int(10) unsigned NOT NULL AUTO_INCREMENT,
  `nombre` varchar(191) COLLATE utf8mb4_unicode_ci NOT NULL,
  `descripcion` longtext COLLATE utf8mb4_unicode_ci NOT NULL,
  `fecha` date DEFAULT NULL,
  `hora` varchar(191) COLLATE utf8mb4_unicode_ci DEFAULT NULL,
  `profesor` varchar(191) COLLATE utf8mb4_unicode_ci DEFAULT NULL,
  `cant_clases` varchar(191) COLLATE utf8mb4_unicode_ci DEFAULT NULL,
  `duracion` varchar(191) COLLATE utf8mb4_unicode_ci DEFAULT NULL,
  `adjuntos` varchar(191) COLLATE utf8mb4_unicode_ci DEFAULT NULL,
  `link_zoom` longtext COLLATE utf8mb4_unicode_ci,
  `cod_zoom` varchar(191) COLLATE utf8mb4_unicode_ci DEFAULT NULL,
  `contraseña_zoom` varchar(191) COLLATE utf8mb4_unicode_ci DEFAULT NULL,
  `link_youtube` varchar(191) COLLATE utf8mb4_unicode_ci DEFAULT NULL,
  `materiales` varchar(191) COLLATE utf8mb4_unicode_ci DEFAULT NULL,
  `habilitado` tinyint(1) NOT NULL DEFAULT '1',
  `created_at` timestamp NULL DEFAULT NULL,
  `updated_at` timestamp NULL DEFAULT NULL,
  `deleted_at` timestamp NULL DEFAULT NULL,
  PRIMARY KEY (`id`)
) ENGINE=InnoDB DEFAULT CHARSET=utf8mb4 COLLATE=utf8mb4_unicode_ci;

--
-- Dumping data for table `cursos`
--


--
-- Table structure for table `cursos_detail`
--

CREATE TABLE `cursos_detail` (
  `id` int(10) unsigned NOT NULL AUTO_INCREMENT,
  `curso_id` int(10) unsigned NOT NULL,
  `field_name1` varchar(191) COLLATE utf8mb4_unicode_ci NOT NULL,
  `email` varchar(191) COLLATE utf8mb4_unicode_ci NOT NULL,
  `celular` int(11) NOT NULL,
  `created_at` timestamp NULL DEFAULT NULL,
  `updated_at` timestamp NULL DEFAULT NULL,
  `deleted_at` timestamp NULL DEFAULT NULL,
  PRIMARY KEY (`id`),
  KEY `cursos_detail_curso_id_foreign` (`curso_id`),
  CONSTRAINT `cursos_detail_curso_id_foreign` FOREIGN KEY (`curso_id`) REFERENCES `cursos` (`id`)
) ENGINE=InnoDB DEFAULT CHARSET=utf8mb4 COLLATE=utf8mb4_unicode_ci;

--
-- Dumping data for table `cursos_detail`
--


--
-- Table structure for table `data_types`
--

CREATE TABLE `data_types` (
  `id` int(10) unsigned NOT NULL AUTO_INCREMENT,
  `description` varchar(180) COLLATE utf8mb4_unicode_ci NOT NULL,
  `class` int(10) unsigned NOT NULL,
  `class_description` varchar(180) COLLATE utf8mb4_unicode_ci NOT NULL,
  `data_type` varchar(100) COLLATE utf8mb4_unicode_ci NOT NULL,
  `path` varchar(255) COLLATE utf8mb4_unicode_ci DEFAULT NULL,
  `created_at` timestamp NULL DEFAULT NULL,
  `updated_at` timestamp NULL DEFAULT NULL,
  PRIMARY KEY (`id`),
  UNIQUE KEY `data_types_description_unique` (`description`)
) ENGINE=InnoDB AUTO_INCREMENT=9 DEFAULT CHARSET=utf8mb4 COLLATE=utf8mb4_unicode_ci;

--
-- Dumping data for table `data_types`
--

INSERT INTO `data_types` VALUES (1,'Comprobantes XLS',1,'Importación','XLS','data/imports/receipts/xls',NULL,NULL),(2,'CITI-Ventas',1,'Importación','TXT','data/imports/receipts/CitiVentas',NULL,NULL),(3,'CITI Compras',2,'Exportación','TXT','data/exports/receipts/citi',NULL,NULL),(4,'CITI Ventas',2,'Exportación','TXT','data/exports/receipts/CitiVentasExport',NULL,NULL),(5,'Convenio Multilateral',2,'Exportación','TXT','data/exports/receipts/convenio',NULL,NULL),(6,'Libro IVA Digital',2,'Exportación','TXT','data/exports/receipts/libro_iva_digital',NULL,'2019-11-20 21:43:44'),(7,'Mis Comprobantes',1,'Importacion','','data/imports/receipts/mis_comprobantes',NULL,NULL),(8,'Consulta AFIP',3,'AFIP','','data/afip/index','2019-12-06 14:49:55','2019-12-06 14:49:55');

--
-- Table structure for table `dc_estados`
--

CREATE TABLE `dc_estados` (
  `id` bigint(20) unsigned NOT NULL AUTO_INCREMENT,
  `user_id` int(10) unsigned DEFAULT NULL,
  `descripcion` text COLLATE utf8mb4_unicode_ci NOT NULL,
  `habilitado` tinyint(1) NOT NULL DEFAULT '1',
  `created_at` timestamp NULL DEFAULT NULL,
  `updated_at` timestamp NULL DEFAULT NULL,
  `deleted_at` timestamp NULL DEFAULT NULL,
  PRIMARY KEY (`id`)
) ENGINE=InnoDB AUTO_INCREMENT=6 DEFAULT CHARSET=utf8mb4 COLLATE=utf8mb4_unicode_ci;

--
-- Dumping data for table `dc_estados`
--

INSERT INTO `dc_estados` VALUES (1,NULL,'BORRADOR',1,NULL,'2023-08-07 00:16:54',NULL),(2,NULL,'TERMINADO',1,NULL,'2023-08-07 00:16:54',NULL),(3,NULL,'ELIMINADO',1,NULL,'2023-08-13 09:27:11',NULL),(4,NULL,'PAGADO',1,NULL,'2023-08-07 00:16:54','2023-08-07 00:16:54'),(5,NULL,'CONCILIADO',1,NULL,'2023-08-07 00:16:54','2023-08-07 00:16:54');

--
-- Table structure for table `dc_estados_decisiones`
--

CREATE TABLE `dc_estados_decisiones` (
  `id` bigint(20) unsigned NOT NULL AUTO_INCREMENT,
  `user_id` int(10) unsigned DEFAULT NULL,
  `dc_orden_tipo_id` bigint(20) unsigned NOT NULL,
  `descripcion` varchar(191) COLLATE utf8mb4_unicode_ci NOT NULL,
  `habilitado` tinyint(1) NOT NULL DEFAULT '1',
  `created_at` timestamp NULL DEFAULT NULL,
  `updated_at` timestamp NULL DEFAULT NULL,
  `deleted_at` timestamp NULL DEFAULT NULL,
  PRIMARY KEY (`id`),
  KEY `dc_estados_decisiones_dc_orden_tipo_id_foreign` (`dc_orden_tipo_id`),
  CONSTRAINT `dc_estados_decisiones_dc_orden_tipo_id_foreign` FOREIGN KEY (`dc_orden_tipo_id`) REFERENCES `dc_ordenes_tipos` (`id`)
) ENGINE=InnoDB AUTO_INCREMENT=5 DEFAULT CHARSET=utf8mb4 COLLATE=utf8mb4_unicode_ci;

--
-- Dumping data for table `dc_estados_decisiones`
--

INSERT INTO `dc_estados_decisiones` VALUES (1,NULL,3,'Pendiente',1,NULL,NULL,NULL),(2,NULL,3,'Aprobado',1,NULL,NULL,NULL),(3,NULL,3,'Rechazado',1,NULL,NULL,NULL),(4,NULL,3,'Cancelado',1,NULL,NULL,NULL);

--
-- Table structure for table `dc_firmas`
--

CREATE TABLE `dc_firmas` (
  `id` bigint(20) unsigned NOT NULL AUTO_INCREMENT,
  `user_id` int(10) unsigned DEFAULT NULL,
  `descripcion` text COLLATE utf8mb4_unicode_ci NOT NULL,
  `show_firmante_dc` tinyint(1) NOT NULL DEFAULT '0',
  `show_create_dc` tinyint(1) NOT NULL DEFAULT '0',
  `faltan_firmas` tinyint(1) NOT NULL DEFAULT '0',
  `habilitado` tinyint(1) NOT NULL DEFAULT '1',
  `created_at` timestamp NULL DEFAULT NULL,
  `updated_at` timestamp NULL DEFAULT NULL,
  `deleted_at` timestamp NULL DEFAULT NULL,
  PRIMARY KEY (`id`)
) ENGINE=InnoDB AUTO_INCREMENT=6 DEFAULT CHARSET=utf8mb4 COLLATE=utf8mb4_unicode_ci;

--
-- Dumping data for table `dc_firmas`
--

INSERT INTO `dc_firmas` VALUES (1,NULL,'NO',1,1,0,1,NULL,'2023-08-07 00:16:55',NULL),(2,NULL,'RECHAZADO',1,1,0,1,NULL,'2023-08-07 00:16:55',NULL),(3,NULL,'ACEPTADO',1,0,0,1,NULL,'2023-08-07 00:16:55',NULL),(4,NULL,'FALTAN FIRMAS',0,0,1,1,'2023-08-07 00:16:55','2023-08-07 00:16:55',NULL),(5,NULL,'EMITIDO',1,0,0,1,'2023-10-12 08:25:56','2023-10-12 08:25:56',NULL);

--
-- Table structure for table `dc_firmas_ordenes`
--

CREATE TABLE `dc_firmas_ordenes` (
  `id` bigint(20) unsigned NOT NULL AUTO_INCREMENT,
  `user_id` int(10) unsigned DEFAULT NULL,
  `person_id` int(10) unsigned NOT NULL,
  `dc_orden_id` bigint(20) unsigned NOT NULL,
  `user_id_que_firma` int(10) unsigned NOT NULL,
  `dc_firma_id` bigint(20) unsigned NOT NULL,
  `created_at` timestamp NULL DEFAULT NULL,
  `updated_at` timestamp NULL DEFAULT NULL,
  `deleted_at` timestamp NULL DEFAULT NULL,
  PRIMARY KEY (`id`),
  KEY `dc_firmas_ordenes_person_id_foreign` (`person_id`),
  KEY `dc_firmas_ordenes_dc_orden_id_foreign` (`dc_orden_id`),
  KEY `dc_firmas_ordenes_dc_firma_id_foreign` (`dc_firma_id`),
  CONSTRAINT `dc_firmas_ordenes_dc_firma_id_foreign` FOREIGN KEY (`dc_firma_id`) REFERENCES `dc_firmas` (`id`),
  CONSTRAINT `dc_firmas_ordenes_dc_orden_id_foreign` FOREIGN KEY (`dc_orden_id`) REFERENCES `dc_ordenes` (`id`),
  CONSTRAINT `dc_firmas_ordenes_person_id_foreign` FOREIGN KEY (`person_id`) REFERENCES `persons` (`id`)
) ENGINE=InnoDB DEFAULT CHARSET=utf8mb4 COLLATE=utf8mb4_unicode_ci;

--
-- Dumping data for table `dc_firmas_ordenes`
--


--
-- Table structure for table `dc_firmas_reglas`
--

CREATE TABLE `dc_firmas_reglas` (
  `id` bigint(20) unsigned NOT NULL AUTO_INCREMENT,
  `user_id` int(10) unsigned DEFAULT NULL,
  `person_id` int(10) unsigned NOT NULL,
  `dc_orden_id` bigint(20) unsigned NOT NULL,
  `importe` decimal(16,2) NOT NULL,
  `grupos_users_ids` longtext COLLATE utf8mb4_unicode_ci,
  `created_at` timestamp NULL DEFAULT NULL,
  `updated_at` timestamp NULL DEFAULT NULL,
  `deleted_at` timestamp NULL DEFAULT NULL,
  PRIMARY KEY (`id`),
  KEY `dc_firmas_reglas_person_id_foreign` (`person_id`),
  KEY `dc_firmas_reglas_dc_orden_id_foreign` (`dc_orden_id`),
  CONSTRAINT `dc_firmas_reglas_dc_orden_id_foreign` FOREIGN KEY (`dc_orden_id`) REFERENCES `dc_ordenes` (`id`),
  CONSTRAINT `dc_firmas_reglas_person_id_foreign` FOREIGN KEY (`person_id`) REFERENCES `persons` (`id`)
) ENGINE=InnoDB DEFAULT CHARSET=utf8mb4 COLLATE=utf8mb4_unicode_ci;

--
-- Dumping data for table `dc_firmas_reglas`
--


--
-- Table structure for table `dc_orden_de_pago`
--

CREATE TABLE `dc_orden_de_pago` (
  `id` bigint(20) unsigned NOT NULL AUTO_INCREMENT,
  `user_id` int(10) unsigned DEFAULT NULL,
  `fecha` datetime NOT NULL DEFAULT '2023-09-28 16:44:12',
  `dc_orden_id` bigint(20) unsigned NOT NULL DEFAULT '10',
  `person_id` int(10) unsigned NOT NULL,
  `person_id_relationed` int(10) unsigned NOT NULL,
  `request` longtext COLLATE utf8mb4_unicode_ci NOT NULL,
  `dc_estado_id` bigint(20) unsigned NOT NULL DEFAULT '1',
  `dc_firma_id` bigint(20) unsigned NOT NULL DEFAULT '1',
  `created_at` timestamp NULL DEFAULT NULL,
  `updated_at` timestamp NULL DEFAULT NULL,
  `deleted_at` timestamp NULL DEFAULT NULL,
  PRIMARY KEY (`id`),
  KEY `dc_orden_de_pago_person_id_foreign` (`person_id`),
  KEY `dc_orden_de_pago_person_id_relationed_foreign` (`person_id_relationed`),
  KEY `dc_orden_de_pago_dc_orden_id_foreign` (`dc_orden_id`),
  KEY `dc_orden_de_pago_dc_firma_id_foreign` (`dc_firma_id`),
  KEY `dc_orden_de_pago_dc_estado_id_foreign` (`dc_estado_id`),
  CONSTRAINT `dc_orden_de_pago_dc_estado_id_foreign` FOREIGN KEY (`dc_estado_id`) REFERENCES `dc_estados` (`id`),
  CONSTRAINT `dc_orden_de_pago_dc_firma_id_foreign` FOREIGN KEY (`dc_firma_id`) REFERENCES `dc_firmas` (`id`),
  CONSTRAINT `dc_orden_de_pago_dc_orden_id_foreign` FOREIGN KEY (`dc_orden_id`) REFERENCES `dc_ordenes` (`id`),
  CONSTRAINT `dc_orden_de_pago_person_id_foreign` FOREIGN KEY (`person_id`) REFERENCES `persons` (`id`),
  CONSTRAINT `dc_orden_de_pago_person_id_relationed_foreign` FOREIGN KEY (`person_id_relationed`) REFERENCES `persons` (`id`)
) ENGINE=InnoDB DEFAULT CHARSET=utf8mb4 COLLATE=utf8mb4_unicode_ci;

--
-- Dumping data for table `dc_orden_de_pago`
--


--
-- Table structure for table `dc_orden_de_pago_cheques`
--

CREATE TABLE `dc_orden_de_pago_cheques` (
  `id` bigint(20) unsigned NOT NULL AUTO_INCREMENT,
  `user_id` int(10) unsigned DEFAULT NULL,
  `dc_orden_de_pago_id` bigint(20) unsigned NOT NULL,
  `ctacte_cheque_id` int(10) unsigned NOT NULL,
  `created_at` timestamp NULL DEFAULT NULL,
  `updated_at` timestamp NULL DEFAULT NULL,
  `deleted_at` timestamp NULL DEFAULT NULL,
  PRIMARY KEY (`id`),
  KEY `dc_orden_de_pago_cheques_dc_orden_de_pago_id_foreign` (`dc_orden_de_pago_id`),
  KEY `dc_orden_de_pago_cheques_ctacte_cheque_id_foreign` (`ctacte_cheque_id`),
  CONSTRAINT `dc_orden_de_pago_cheques_ctacte_cheque_id_foreign` FOREIGN KEY (`ctacte_cheque_id`) REFERENCES `ctacte_cheques` (`id`),
  CONSTRAINT `dc_orden_de_pago_cheques_dc_orden_de_pago_id_foreign` FOREIGN KEY (`dc_orden_de_pago_id`) REFERENCES `dc_orden_de_pago` (`id`)
) ENGINE=InnoDB DEFAULT CHARSET=utf8mb4 COLLATE=utf8mb4_unicode_ci;

--
-- Dumping data for table `dc_orden_de_pago_cheques`
--


--
-- Table structure for table `dc_orden_de_pago_receipts`
--

CREATE TABLE `dc_orden_de_pago_receipts` (
  `id` bigint(20) unsigned NOT NULL AUTO_INCREMENT,
  `user_id` int(10) unsigned DEFAULT NULL,
  `dc_orden_de_pago_id` bigint(20) unsigned NOT NULL,
  `receipt_id` int(10) unsigned DEFAULT NULL,
  `importe` decimal(16,2) NOT NULL,
  `created_at` timestamp NULL DEFAULT NULL,
  `updated_at` timestamp NULL DEFAULT NULL,
  `deleted_at` timestamp NULL DEFAULT NULL,
  PRIMARY KEY (`id`),
  KEY `dc_orden_de_pago_receipts_dc_orden_de_pago_id_foreign` (`dc_orden_de_pago_id`),
  KEY `dc_orden_de_pago_receipts_receipt_id_foreign` (`receipt_id`),
  CONSTRAINT `dc_orden_de_pago_receipts_dc_orden_de_pago_id_foreign` FOREIGN KEY (`dc_orden_de_pago_id`) REFERENCES `dc_orden_de_pago` (`id`),
  CONSTRAINT `dc_orden_de_pago_receipts_receipt_id_foreign` FOREIGN KEY (`receipt_id`) REFERENCES `receipts` (`id`)
) ENGINE=InnoDB DEFAULT CHARSET=utf8mb4 COLLATE=utf8mb4_unicode_ci;

--
-- Dumping data for table `dc_orden_de_pago_receipts`
--


--
-- Table structure for table `dc_orden_files`
--

CREATE TABLE `dc_orden_files` (
  `id` bigint(20) unsigned NOT NULL AUTO_INCREMENT,
  `user_id` int(10) unsigned DEFAULT NULL,
  `dc_orden_id` bigint(20) unsigned NOT NULL,
  `file` text COLLATE utf8mb4_unicode_ci NOT NULL,
  `original_name` text COLLATE utf8mb4_unicode_ci,
  `created_at` timestamp NULL DEFAULT NULL,
  `updated_at` timestamp NULL DEFAULT NULL,
  `deleted_at` timestamp NULL DEFAULT NULL,
  PRIMARY KEY (`id`),
  KEY `dc_orden_files_dc_orden_id_foreign` (`dc_orden_id`),
  CONSTRAINT `dc_orden_files_dc_orden_id_foreign` FOREIGN KEY (`dc_orden_id`) REFERENCES `dc_ordenes` (`id`)
) ENGINE=InnoDB DEFAULT CHARSET=utf8mb4 COLLATE=utf8mb4_unicode_ci;

--
-- Dumping data for table `dc_orden_files`
--


--
-- Table structure for table `dc_ordenes`
--

CREATE TABLE `dc_ordenes` (
  `id` bigint(20) unsigned NOT NULL AUTO_INCREMENT,
  `user_id` int(10) unsigned DEFAULT NULL,
  `dc_orden_tipo_id` bigint(20) unsigned NOT NULL,
  `person_id` int(10) unsigned NOT NULL,
  `person_id_relationed` int(10) unsigned DEFAULT NULL,
  `titulo` text COLLATE utf8mb4_unicode_ci,
  `sucursal` int(11) NOT NULL DEFAULT '1',
  `numero` int(11) NOT NULL,
  `numero_text` varchar(255) COLLATE utf8mb4_unicode_ci DEFAULT NULL,
  `sector` varchar(191) COLLATE utf8mb4_unicode_ci DEFAULT NULL,
  `solicitante` varchar(191) COLLATE utf8mb4_unicode_ci DEFAULT NULL,
  `syj_empleado_id` int(10) unsigned DEFAULT NULL,
  `fecha` date NOT NULL,
  `fecha_entrega` date DEFAULT NULL,
  `fecha_asignacion` datetime DEFAULT NULL,
  `fecha_cumplido` datetime DEFAULT NULL,
  `condicion_venta_id` int(10) unsigned DEFAULT NULL,
  `is_pago_adelantado` tinyint(1) DEFAULT NULL,
  `is_garantia` tinyint(1) NOT NULL DEFAULT '0',
  `forma_de_entrega_id` int(10) unsigned DEFAULT NULL,
  `plazo_de_pago_id` int(10) unsigned DEFAULT NULL,
  `cantidades` decimal(16,2) NOT NULL,
  `moneda_id` int(10) unsigned NOT NULL DEFAULT '1',
  `cotizacion` decimal(16,2) NOT NULL DEFAULT '1.00',
  `neto` decimal(16,2) NOT NULL,
  `iva` decimal(16,2) NOT NULL,
  `total` decimal(16,2) NOT NULL,
  `facturada` decimal(16,2) NOT NULL DEFAULT '0.00',
  `is_pagada` tinyint(1) NOT NULL,
  `garantia` varchar(100) COLLATE utf8mb4_unicode_ci DEFAULT NULL,
  `mant_oferta` varchar(100) COLLATE utf8mb4_unicode_ci DEFAULT NULL,
  `comen_para_cliente` text COLLATE utf8mb4_unicode_ci,
  `comentario` longtext COLLATE utf8mb4_unicode_ci NOT NULL,
  `dc_ov_origen_id` bigint(20) unsigned DEFAULT NULL,
  `dc_ov_status_cobranza_id` bigint(20) unsigned DEFAULT NULL,
  `dc_ov_status_factura_id` bigint(20) unsigned DEFAULT NULL,
  `dc_ov_status_entrega_id` bigint(20) unsigned DEFAULT NULL,
  `dc_ov_status_venta_id` bigint(20) unsigned DEFAULT NULL,
  `dc_estado_id` bigint(20) unsigned NOT NULL,
  `dc_estado_decision_id` bigint(20) unsigned DEFAULT NULL,
  `inv_orden_trabajo_id` bigint(20) unsigned DEFAULT NULL,
  `conta_cc_id` bigint(20) unsigned DEFAULT NULL,
  `origendestinoable_type` text COLLATE utf8mb4_unicode_ci,
  `origendestinoable_id` int(10) unsigned DEFAULT NULL,
  `is_multiples_ot` tinyint(1) unsigned NOT NULL DEFAULT '0',
  `dc_orden_origen_destino_id` bigint(20) unsigned DEFAULT NULL,
  `is_completado` tinyint(1) NOT NULL DEFAULT '0',
  `is_credit` tinyint(1) DEFAULT NULL,
  `dc_firma_id` bigint(20) unsigned NOT NULL DEFAULT '1',
  `created_at` timestamp NULL DEFAULT NULL,
  `updated_at` timestamp NULL DEFAULT NULL,
  `deleted_at` timestamp NULL DEFAULT NULL,
  PRIMARY KEY (`id`),
  KEY `dc_ordenes_dc_orden_tipo_id_foreign` (`dc_orden_tipo_id`),
  KEY `dc_ordenes_person_id_foreign` (`person_id`),
  KEY `dc_ordenes_person_id_relationed_foreign` (`person_id_relationed`),
  KEY `dc_ordenes_dc_estado_id_foreign` (`dc_estado_id`),
  KEY `dc_ordenes_conta_cc_id_foreign` (`conta_cc_id`),
  KEY `dc_ordenes_inv_orden_trabajo_id_foreign` (`inv_orden_trabajo_id`),
  KEY `dc_ordenes_dc_orden_origen_destino_id_foreign` (`dc_orden_origen_destino_id`),
  KEY `dc_ordenes_moneda_id_foreign` (`moneda_id`),
  KEY `dc_ordenes_dc_firma_id_foreign` (`dc_firma_id`),
  KEY `dc_ordenes_syj_empleado_id_foreign` (`syj_empleado_id`),
  KEY `dc_ordenes_dc_estado_decision_id_foreign` (`dc_estado_decision_id`),
  KEY `dc_ordenes_dc_ov_origen_id_foreign` (`dc_ov_origen_id`),
  KEY `dc_ordenes_dc_ov_status_venta_id_foreign` (`dc_ov_status_venta_id`),
  KEY `dc_ordenes_dc_ov_status_entrega_id_foreign` (`dc_ov_status_entrega_id`),
  KEY `dc_ordenes_dc_ov_status_factura_id_foreign` (`dc_ov_status_factura_id`),
  KEY `dc_ordenes_dc_ov_status_cobranza_id_foreign` (`dc_ov_status_cobranza_id`),
  CONSTRAINT `dc_ordenes_conta_cc_id_foreign` FOREIGN KEY (`conta_cc_id`) REFERENCES `conta_centro_costos` (`id`),
  CONSTRAINT `dc_ordenes_dc_estado_decision_id_foreign` FOREIGN KEY (`dc_estado_decision_id`) REFERENCES `dc_estados_decisiones` (`id`),
  CONSTRAINT `dc_ordenes_dc_estado_id_foreign` FOREIGN KEY (`dc_estado_id`) REFERENCES `dc_estados` (`id`),
  CONSTRAINT `dc_ordenes_dc_firma_id_foreign` FOREIGN KEY (`dc_firma_id`) REFERENCES `dc_firmas` (`id`),
  CONSTRAINT `dc_ordenes_dc_orden_origen_destino_id_foreign` FOREIGN KEY (`dc_orden_origen_destino_id`) REFERENCES `dc_ordenes_origen_destino` (`id`),
  CONSTRAINT `dc_ordenes_dc_orden_tipo_id_foreign` FOREIGN KEY (`dc_orden_tipo_id`) REFERENCES `dc_ordenes_tipos` (`id`),
  CONSTRAINT `dc_ordenes_dc_ov_origen_id_foreign` FOREIGN KEY (`dc_ov_origen_id`) REFERENCES `dc_ov_origenes` (`id`),
  CONSTRAINT `dc_ordenes_dc_ov_status_cobranza_id_foreign` FOREIGN KEY (`dc_ov_status_cobranza_id`) REFERENCES `dc_ov_status_cobranza` (`id`),
  CONSTRAINT `dc_ordenes_dc_ov_status_entrega_id_foreign` FOREIGN KEY (`dc_ov_status_entrega_id`) REFERENCES `dc_ov_status_entrega` (`id`),
  CONSTRAINT `dc_ordenes_dc_ov_status_factura_id_foreign` FOREIGN KEY (`dc_ov_status_factura_id`) REFERENCES `dc_ov_status_factura` (`id`),
  CONSTRAINT `dc_ordenes_dc_ov_status_venta_id_foreign` FOREIGN KEY (`dc_ov_status_venta_id`) REFERENCES `dc_ov_status_venta` (`id`),
  CONSTRAINT `dc_ordenes_inv_orden_trabajo_id_foreign` FOREIGN KEY (`inv_orden_trabajo_id`) REFERENCES `inv_orden_trabajos` (`id`),
  CONSTRAINT `dc_ordenes_moneda_id_foreign` FOREIGN KEY (`moneda_id`) REFERENCES `monedas` (`id`),
  CONSTRAINT `dc_ordenes_person_id_foreign` FOREIGN KEY (`person_id`) REFERENCES `persons` (`id`),
  CONSTRAINT `dc_ordenes_person_id_relationed_foreign` FOREIGN KEY (`person_id_relationed`) REFERENCES `persons` (`id`),
  CONSTRAINT `dc_ordenes_syj_empleado_id_foreign` FOREIGN KEY (`syj_empleado_id`) REFERENCES `syj_empleados` (`id`)
) ENGINE=InnoDB DEFAULT CHARSET=utf8mb4 COLLATE=utf8mb4_unicode_ci;

--
-- Dumping data for table `dc_ordenes`
--


--
-- Table structure for table `dc_ordenes_compra_coti`
--

CREATE TABLE `dc_ordenes_compra_coti` (
  `id` int(10) unsigned NOT NULL AUTO_INCREMENT,
  `user_id` int(10) unsigned DEFAULT NULL,
  `dc_orden_id` bigint(20) unsigned NOT NULL,
  `dc_orden_coti_id` bigint(20) unsigned NOT NULL,
  `created_at` timestamp NULL DEFAULT NULL,
  `updated_at` timestamp NULL DEFAULT NULL,
  `deleted_at` timestamp NULL DEFAULT NULL,
  PRIMARY KEY (`id`),
  KEY `dc_ordenes_compra_coti_dc_orden_id_foreign` (`dc_orden_id`),
  KEY `dc_ordenes_compra_coti_dc_orden_coti_id_foreign` (`dc_orden_coti_id`),
  CONSTRAINT `dc_ordenes_compra_coti_dc_orden_coti_id_foreign` FOREIGN KEY (`dc_orden_coti_id`) REFERENCES `dc_ordenes` (`id`),
  CONSTRAINT `dc_ordenes_compra_coti_dc_orden_id_foreign` FOREIGN KEY (`dc_orden_id`) REFERENCES `dc_ordenes` (`id`)
) ENGINE=InnoDB DEFAULT CHARSET=utf8mb4 COLLATE=utf8mb4_unicode_ci;

--
-- Dumping data for table `dc_ordenes_compra_coti`
--


--
-- Table structure for table `dc_ordenes_compra_req`
--

CREATE TABLE `dc_ordenes_compra_req` (
  `id` int(10) unsigned NOT NULL AUTO_INCREMENT,
  `user_id` int(10) unsigned DEFAULT NULL,
  `dc_orden_id` bigint(20) unsigned NOT NULL,
  `dc_orden_detail_id` bigint(20) unsigned NOT NULL,
  `dc_orden_req_id` bigint(20) unsigned NOT NULL,
  `dc_orden_req_detail_id` bigint(20) unsigned NOT NULL,
  `created_at` timestamp NULL DEFAULT NULL,
  `updated_at` timestamp NULL DEFAULT NULL,
  `deleted_at` timestamp NULL DEFAULT NULL,
  PRIMARY KEY (`id`),
  KEY `dc_ordenes_compra_req_dc_orden_id_foreign` (`dc_orden_id`),
  KEY `dc_ordenes_compra_req_dc_orden_detail_id_foreign` (`dc_orden_detail_id`),
  KEY `dc_ordenes_compra_req_dc_orden_req_id_foreign` (`dc_orden_req_id`),
  KEY `dc_ordenes_compra_req_dc_orden_req_detail_id_foreign` (`dc_orden_req_detail_id`),
  CONSTRAINT `dc_ordenes_compra_req_dc_orden_detail_id_foreign` FOREIGN KEY (`dc_orden_detail_id`) REFERENCES `dc_ordenes_details` (`id`),
  CONSTRAINT `dc_ordenes_compra_req_dc_orden_id_foreign` FOREIGN KEY (`dc_orden_id`) REFERENCES `dc_ordenes` (`id`),
  CONSTRAINT `dc_ordenes_compra_req_dc_orden_req_detail_id_foreign` FOREIGN KEY (`dc_orden_req_detail_id`) REFERENCES `dc_ordenes_details` (`id`),
  CONSTRAINT `dc_ordenes_compra_req_dc_orden_req_id_foreign` FOREIGN KEY (`dc_orden_req_id`) REFERENCES `dc_ordenes` (`id`)
) ENGINE=InnoDB DEFAULT CHARSET=utf8mb4 COLLATE=utf8mb4_unicode_ci;

--
-- Dumping data for table `dc_ordenes_compra_req`
--


--
-- Table structure for table `dc_ordenes_cotizacion_req`
--

CREATE TABLE `dc_ordenes_cotizacion_req` (
  `id` int(10) unsigned NOT NULL AUTO_INCREMENT,
  `user_id` int(10) unsigned DEFAULT NULL,
  `dc_orden_id` bigint(20) unsigned NOT NULL,
  `dc_orden_detail_id` bigint(20) unsigned NOT NULL,
  `dc_orden_req_id` bigint(20) unsigned NOT NULL,
  `dc_orden_req_detail_id` bigint(20) unsigned NOT NULL,
  `created_at` timestamp NULL DEFAULT NULL,
  `updated_at` timestamp NULL DEFAULT NULL,
  `deleted_at` timestamp NULL DEFAULT NULL,
  PRIMARY KEY (`id`),
  KEY `dc_ordenes_cotizacion_req_dc_orden_id_foreign` (`dc_orden_id`),
  KEY `dc_ordenes_cotizacion_req_dc_orden_detail_id_foreign` (`dc_orden_detail_id`),
  KEY `dc_ordenes_cotizacion_req_dc_orden_req_id_foreign` (`dc_orden_req_id`),
  KEY `dc_ordenes_cotizacion_req_dc_orden_req_detail_id_foreign` (`dc_orden_req_detail_id`),
  CONSTRAINT `dc_ordenes_cotizacion_req_dc_orden_detail_id_foreign` FOREIGN KEY (`dc_orden_detail_id`) REFERENCES `dc_ordenes_details` (`id`),
  CONSTRAINT `dc_ordenes_cotizacion_req_dc_orden_id_foreign` FOREIGN KEY (`dc_orden_id`) REFERENCES `dc_ordenes` (`id`),
  CONSTRAINT `dc_ordenes_cotizacion_req_dc_orden_req_detail_id_foreign` FOREIGN KEY (`dc_orden_req_detail_id`) REFERENCES `dc_ordenes_details` (`id`),
  CONSTRAINT `dc_ordenes_cotizacion_req_dc_orden_req_id_foreign` FOREIGN KEY (`dc_orden_req_id`) REFERENCES `dc_ordenes` (`id`)
) ENGINE=InnoDB DEFAULT CHARSET=utf8mb4 COLLATE=utf8mb4_unicode_ci;

--
-- Dumping data for table `dc_ordenes_cotizacion_req`
--


--
-- Table structure for table `dc_ordenes_details`
--

CREATE TABLE `dc_ordenes_details` (
  `id` bigint(20) unsigned NOT NULL AUTO_INCREMENT,
  `user_id` int(10) unsigned DEFAULT NULL,
  `dc_orden_id` bigint(20) unsigned NOT NULL,
  `dc_orden_origen_destino_id` bigint(20) unsigned DEFAULT NULL,
  `origendestinoable_id` int(10) unsigned DEFAULT NULL,
  `origendestinoable_type` text COLLATE utf8mb4_unicode_ci,
  `cantidades` decimal(16,2) NOT NULL,
  `inv_deposito_id` bigint(20) unsigned DEFAULT NULL,
  `inv_producto_id` bigint(20) unsigned DEFAULT NULL,
  `inv_producto_id_destino` bigint(20) unsigned DEFAULT NULL,
  `prod_variant_id` bigint(20) unsigned DEFAULT NULL,
  `inv_deposito_id_destino` bigint(20) unsigned DEFAULT NULL,
  `descripcion` varchar(191) COLLATE utf8mb4_unicode_ci DEFAULT NULL,
  `neto` decimal(16,2) NOT NULL,
  `desc_porc` decimal(16,2) DEFAULT NULL,
  `descuento` decimal(16,2) DEFAULT NULL,
  `system_tax_id` int(10) unsigned NOT NULL,
  `iva` decimal(16,2) NOT NULL,
  `subtotal` decimal(16,2) NOT NULL,
  `created_at` timestamp NULL DEFAULT NULL,
  `updated_at` timestamp NULL DEFAULT NULL,
  `deleted_at` timestamp NULL DEFAULT NULL,
  PRIMARY KEY (`id`),
  KEY `dc_ordenes_details_dc_orden_id_foreign` (`dc_orden_id`),
  KEY `dc_ordenes_details_inv_producto_id_foreign` (`inv_producto_id`),
  KEY `dc_ordenes_details_system_tax_id_foreign` (`system_tax_id`),
  KEY `dc_ordenes_details_inv_producto_id_destino_foreign` (`inv_producto_id_destino`),
  KEY `dc_ordenes_details_dc_orden_origen_destino_id_foreign` (`dc_orden_origen_destino_id`),
  KEY `dc_ordenes_details_inv_deposito_id_foreign` (`inv_deposito_id`),
  KEY `dc_ordenes_details_inv_deposito_id_destino_foreign` (`inv_deposito_id_destino`),
  KEY `dc_ordenes_details_prod_variant_id_foreign` (`prod_variant_id`),
  CONSTRAINT `dc_ordenes_details_dc_orden_id_foreign` FOREIGN KEY (`dc_orden_id`) REFERENCES `dc_ordenes` (`id`),
  CONSTRAINT `dc_ordenes_details_dc_orden_origen_destino_id_foreign` FOREIGN KEY (`dc_orden_origen_destino_id`) REFERENCES `dc_ordenes_origen_destino` (`id`),
  CONSTRAINT `dc_ordenes_details_inv_deposito_id_destino_foreign` FOREIGN KEY (`inv_deposito_id_destino`) REFERENCES `inv_depositos` (`id`),
  CONSTRAINT `dc_ordenes_details_inv_deposito_id_foreign` FOREIGN KEY (`inv_deposito_id`) REFERENCES `inv_depositos` (`id`),
  CONSTRAINT `dc_ordenes_details_inv_producto_id_destino_foreign` FOREIGN KEY (`inv_producto_id_destino`) REFERENCES `inv_productos` (`id`),
  CONSTRAINT `dc_ordenes_details_inv_producto_id_foreign` FOREIGN KEY (`inv_producto_id`) REFERENCES `inv_productos` (`id`),
  CONSTRAINT `dc_ordenes_details_prod_variant_id_foreign` FOREIGN KEY (`prod_variant_id`) REFERENCES `prod_variants` (`id`) ON DELETE SET NULL,
  CONSTRAINT `dc_ordenes_details_system_tax_id_foreign` FOREIGN KEY (`system_tax_id`) REFERENCES `system_taxes` (`id`)
) ENGINE=InnoDB DEFAULT CHARSET=utf8mb4 COLLATE=utf8mb4_unicode_ci;

--
-- Dumping data for table `dc_ordenes_details`
--


--
-- Table structure for table `dc_ordenes_facturada`
--

CREATE TABLE `dc_ordenes_facturada` (
  `id` bigint(20) unsigned NOT NULL AUTO_INCREMENT,
  `user_id` int(10) unsigned DEFAULT NULL,
  `person_id` int(10) unsigned NOT NULL,
  `dc_orden_id` bigint(20) unsigned DEFAULT NULL,
  `fact_elec_receipt_id` int(11) DEFAULT NULL,
  `receipt_id` int(10) unsigned DEFAULT NULL,
  `created_at` timestamp NULL DEFAULT NULL,
  `updated_at` timestamp NULL DEFAULT NULL,
  `deleted_at` timestamp NULL DEFAULT NULL,
  PRIMARY KEY (`id`),
  KEY `dc_ordenes_facturada_person_id_foreign` (`person_id`),
  KEY `dc_ordenes_facturada_dc_orden_id_foreign` (`dc_orden_id`),
  KEY `dc_ordenes_facturada_fact_elec_receipt_id_foreign` (`fact_elec_receipt_id`),
  KEY `dc_ordenes_facturada_receipt_id_foreign` (`receipt_id`),
  CONSTRAINT `dc_ordenes_facturada_dc_orden_id_foreign` FOREIGN KEY (`dc_orden_id`) REFERENCES `dc_ordenes` (`id`),
  CONSTRAINT `dc_ordenes_facturada_person_id_foreign` FOREIGN KEY (`person_id`) REFERENCES `persons` (`id`),
  CONSTRAINT `dc_ordenes_facturada_receipt_id_foreign` FOREIGN KEY (`receipt_id`) REFERENCES `receipts` (`id`)
) ENGINE=InnoDB DEFAULT CHARSET=utf8mb4 COLLATE=utf8mb4_unicode_ci;

--
-- Dumping data for table `dc_ordenes_facturada`
--


--
-- Table structure for table `dc_ordenes_ingreso_compra`
--

CREATE TABLE `dc_ordenes_ingreso_compra` (
  `id` int(10) unsigned NOT NULL AUTO_INCREMENT,
  `user_id` int(10) unsigned DEFAULT NULL,
  `dc_orden_id` bigint(20) unsigned NOT NULL,
  `dc_orden_detail_id` bigint(20) unsigned NOT NULL,
  `dc_orden_compra_id` bigint(20) unsigned NOT NULL,
  `dc_orden_compra_detail_id` bigint(20) unsigned NOT NULL,
  `created_at` timestamp NULL DEFAULT NULL,
  `updated_at` timestamp NULL DEFAULT NULL,
  `deleted_at` timestamp NULL DEFAULT NULL,
  PRIMARY KEY (`id`),
  KEY `dc_ordenes_ingreso_compra_dc_orden_id_foreign` (`dc_orden_id`),
  KEY `dc_ordenes_ingreso_compra_dc_orden_detail_id_foreign` (`dc_orden_detail_id`),
  KEY `dc_ordenes_ingreso_compra_dc_orden_compra_id_foreign` (`dc_orden_compra_id`),
  KEY `dc_ordenes_ingreso_compra_dc_orden_compra_detail_id_foreign` (`dc_orden_compra_detail_id`),
  CONSTRAINT `dc_ordenes_ingreso_compra_dc_orden_compra_detail_id_foreign` FOREIGN KEY (`dc_orden_compra_detail_id`) REFERENCES `dc_ordenes_details` (`id`),
  CONSTRAINT `dc_ordenes_ingreso_compra_dc_orden_compra_id_foreign` FOREIGN KEY (`dc_orden_compra_id`) REFERENCES `dc_ordenes` (`id`),
  CONSTRAINT `dc_ordenes_ingreso_compra_dc_orden_detail_id_foreign` FOREIGN KEY (`dc_orden_detail_id`) REFERENCES `dc_ordenes_details` (`id`),
  CONSTRAINT `dc_ordenes_ingreso_compra_dc_orden_id_foreign` FOREIGN KEY (`dc_orden_id`) REFERENCES `dc_ordenes` (`id`)
) ENGINE=InnoDB DEFAULT CHARSET=utf8mb4 COLLATE=utf8mb4_unicode_ci;

--
-- Dumping data for table `dc_ordenes_ingreso_compra`
--


--
-- Table structure for table `dc_ordenes_ingxdev_rem_egr`
--

CREATE TABLE `dc_ordenes_ingxdev_rem_egr` (
  `id` int(10) unsigned NOT NULL AUTO_INCREMENT,
  `user_id` int(10) unsigned DEFAULT NULL,
  `dc_orden_id` bigint(20) unsigned NOT NULL,
  `dc_orden_detail_id` bigint(20) unsigned NOT NULL,
  `dc_orden_rem_egr_id` bigint(20) unsigned NOT NULL,
  `dc_orden_rem_egr_detail_id` bigint(20) unsigned NOT NULL,
  `created_at` timestamp NULL DEFAULT NULL,
  `updated_at` timestamp NULL DEFAULT NULL,
  `deleted_at` timestamp NULL DEFAULT NULL,
  PRIMARY KEY (`id`),
  KEY `dc_ordenes_ingxdev_rem_egr_dc_orden_id_foreign` (`dc_orden_id`),
  KEY `dc_ordenes_ingxdev_rem_egr_dc_orden_detail_id_foreign` (`dc_orden_detail_id`),
  KEY `dc_ordenes_ingxdev_rem_egr_dc_orden_rem_egr_id_foreign` (`dc_orden_rem_egr_id`),
  KEY `dc_ordenes_ingxdev_rem_egr_dc_orden_rem_egr_detail_id_foreign` (`dc_orden_rem_egr_detail_id`),
  CONSTRAINT `dc_ordenes_ingxdev_rem_egr_dc_orden_detail_id_foreign` FOREIGN KEY (`dc_orden_detail_id`) REFERENCES `dc_ordenes_details` (`id`),
  CONSTRAINT `dc_ordenes_ingxdev_rem_egr_dc_orden_id_foreign` FOREIGN KEY (`dc_orden_id`) REFERENCES `dc_ordenes` (`id`),
  CONSTRAINT `dc_ordenes_ingxdev_rem_egr_dc_orden_rem_egr_detail_id_foreign` FOREIGN KEY (`dc_orden_rem_egr_detail_id`) REFERENCES `dc_ordenes_details` (`id`),
  CONSTRAINT `dc_ordenes_ingxdev_rem_egr_dc_orden_rem_egr_id_foreign` FOREIGN KEY (`dc_orden_rem_egr_id`) REFERENCES `dc_ordenes` (`id`)
) ENGINE=InnoDB DEFAULT CHARSET=utf8mb4 COLLATE=utf8mb4_unicode_ci;

--
-- Dumping data for table `dc_ordenes_ingxdev_rem_egr`
--


--
-- Table structure for table `dc_ordenes_logs`
--

CREATE TABLE `dc_ordenes_logs` (
  `id` bigint(20) unsigned NOT NULL AUTO_INCREMENT,
  `user_id` bigint(20) unsigned DEFAULT NULL,
  `loggable_type` varchar(191) COLLATE utf8mb4_unicode_ci NOT NULL,
  `loggable_id` bigint(20) unsigned NOT NULL,
  `related_id` bigint(20) unsigned DEFAULT NULL,
  `related_type` varchar(191) COLLATE utf8mb4_unicode_ci DEFAULT NULL,
  `comentario` text COLLATE utf8mb4_unicode_ci,
  `created_at` timestamp NULL DEFAULT NULL,
  `updated_at` timestamp NULL DEFAULT NULL,
  `deleted_at` timestamp NULL DEFAULT NULL,
  PRIMARY KEY (`id`),
  KEY `dc_ordenes_logs_loggable_type_loggable_id_index` (`loggable_type`,`loggable_id`)
) ENGINE=InnoDB DEFAULT CHARSET=utf8mb4 COLLATE=utf8mb4_unicode_ci;

--
-- Dumping data for table `dc_ordenes_logs`
--


--
-- Table structure for table `dc_ordenes_origen_destino`
--

CREATE TABLE `dc_ordenes_origen_destino` (
  `id` bigint(20) unsigned NOT NULL AUTO_INCREMENT,
  `user_id` int(10) unsigned DEFAULT NULL,
  `descripcion` text COLLATE utf8mb4_unicode_ci NOT NULL,
  `modelo` text COLLATE utf8mb4_unicode_ci NOT NULL,
  `is_deposito` tinyint(1) NOT NULL DEFAULT '0',
  `habilitado` tinyint(1) NOT NULL DEFAULT '1',
  `created_at` timestamp NULL DEFAULT NULL,
  `updated_at` timestamp NULL DEFAULT NULL,
  `deleted_at` timestamp NULL DEFAULT NULL,
  PRIMARY KEY (`id`)
) ENGINE=InnoDB AUTO_INCREMENT=5 DEFAULT CHARSET=utf8mb4 COLLATE=utf8mb4_unicode_ci;

--
-- Dumping data for table `dc_ordenes_origen_destino`
--

INSERT INTO `dc_ordenes_origen_destino` VALUES (1,NULL,'Orden de Trabajo','App\\Models\\Inventario\\InvOrdenTrabajo',0,1,NULL,NULL,NULL),(2,NULL,'Centro de Costos','App\\Models\\Inventario\\InvOrdenTrabajoHorasTipo',0,1,NULL,'2023-09-12 22:37:21',NULL),(3,NULL,'Deposito','App\\Models\\Inventario\\InvDeposito',1,1,NULL,'2024-05-07 20:18:03',NULL),(4,NULL,'Empleado','App\\Models\\SyJEmpleado',0,0,NULL,'2023-07-03 22:17:43',NULL);

--
-- Table structure for table `dc_ordenes_pdf_templates`
--

CREATE TABLE `dc_ordenes_pdf_templates` (
  `id` bigint(20) unsigned NOT NULL AUTO_INCREMENT,
  `user_id` int(10) unsigned DEFAULT NULL,
  `person_id` int(10) unsigned NOT NULL,
  `dc_orden_tipo_id` bigint(20) unsigned NOT NULL,
  `nombre` varchar(191) COLLATE utf8mb4_unicode_ci NOT NULL,
  `vista_blade` text COLLATE utf8mb4_unicode_ci,
  `pdf_base_path` varchar(191) COLLATE utf8mb4_unicode_ci DEFAULT NULL,
  `tipo_plantilla` enum('blade','pdf_base') COLLATE utf8mb4_unicode_ci NOT NULL DEFAULT 'blade',
  `configuracion` json DEFAULT NULL,
  `habilitado` tinyint(1) NOT NULL DEFAULT '1',
  `created_at` timestamp NULL DEFAULT NULL,
  `updated_at` timestamp NULL DEFAULT NULL,
  `deleted_at` timestamp NULL DEFAULT NULL,
  PRIMARY KEY (`id`),
  UNIQUE KEY `unique_person_tipo_template` (`person_id`,`dc_orden_tipo_id`),
  KEY `dc_ordenes_pdf_templates_dc_orden_tipo_id_foreign` (`dc_orden_tipo_id`),
  CONSTRAINT `dc_ordenes_pdf_templates_dc_orden_tipo_id_foreign` FOREIGN KEY (`dc_orden_tipo_id`) REFERENCES `dc_ordenes_tipos` (`id`),
  CONSTRAINT `dc_ordenes_pdf_templates_person_id_foreign` FOREIGN KEY (`person_id`) REFERENCES `persons` (`id`)
) ENGINE=InnoDB DEFAULT CHARSET=utf8mb4 COLLATE=utf8mb4_unicode_ci;

--
-- Dumping data for table `dc_ordenes_pdf_templates`
--


--
-- Table structure for table `dc_ordenes_revocadas`
--

CREATE TABLE `dc_ordenes_revocadas` (
  `id` bigint(20) unsigned NOT NULL AUTO_INCREMENT,
  `user_id` int(10) unsigned DEFAULT NULL,
  `dc_orden_id` bigint(20) unsigned NOT NULL,
  `comentario` longtext COLLATE utf8mb4_unicode_ci,
  `created_at` timestamp NULL DEFAULT NULL,
  `updated_at` timestamp NULL DEFAULT NULL,
  `deleted_at` timestamp NULL DEFAULT NULL,
  PRIMARY KEY (`id`),
  KEY `dc_ordenes_revocadas_dc_orden_id_foreign` (`dc_orden_id`),
  CONSTRAINT `dc_ordenes_revocadas_dc_orden_id_foreign` FOREIGN KEY (`dc_orden_id`) REFERENCES `dc_ordenes` (`id`)
) ENGINE=InnoDB DEFAULT CHARSET=utf8mb4 COLLATE=utf8mb4_unicode_ci;

--
-- Dumping data for table `dc_ordenes_revocadas`
--


--
-- Table structure for table `dc_ordenes_servicio_compra`
--

CREATE TABLE `dc_ordenes_servicio_compra` (
  `id` int(10) unsigned NOT NULL AUTO_INCREMENT,
  `user_id` int(10) unsigned DEFAULT NULL,
  `dc_orden_id` bigint(20) unsigned NOT NULL,
  `dc_orden_detail_id` bigint(20) unsigned NOT NULL,
  `dc_orden_compra_id` bigint(20) unsigned NOT NULL,
  `dc_orden_compra_detail_id` bigint(20) unsigned NOT NULL,
  `created_at` timestamp NULL DEFAULT NULL,
  `updated_at` timestamp NULL DEFAULT NULL,
  `deleted_at` timestamp NULL DEFAULT NULL,
  PRIMARY KEY (`id`),
  KEY `dc_ordenes_servicio_compra_dc_orden_id_foreign` (`dc_orden_id`),
  KEY `dc_ordenes_servicio_compra_dc_orden_detail_id_foreign` (`dc_orden_detail_id`),
  KEY `dc_ordenes_servicio_compra_dc_orden_compra_id_foreign` (`dc_orden_compra_id`),
  KEY `dc_ordenes_servicio_compra_dc_orden_compra_detail_id_foreign` (`dc_orden_compra_detail_id`),
  CONSTRAINT `dc_ordenes_servicio_compra_dc_orden_compra_detail_id_foreign` FOREIGN KEY (`dc_orden_compra_detail_id`) REFERENCES `dc_ordenes_details` (`id`),
  CONSTRAINT `dc_ordenes_servicio_compra_dc_orden_compra_id_foreign` FOREIGN KEY (`dc_orden_compra_id`) REFERENCES `dc_ordenes` (`id`),
  CONSTRAINT `dc_ordenes_servicio_compra_dc_orden_detail_id_foreign` FOREIGN KEY (`dc_orden_detail_id`) REFERENCES `dc_ordenes_details` (`id`),
  CONSTRAINT `dc_ordenes_servicio_compra_dc_orden_id_foreign` FOREIGN KEY (`dc_orden_id`) REFERENCES `dc_ordenes` (`id`)
) ENGINE=InnoDB DEFAULT CHARSET=utf8mb4 COLLATE=utf8mb4_unicode_ci;

--
-- Dumping data for table `dc_ordenes_servicio_compra`
--


--
-- Table structure for table `dc_ordenes_tipos`
--

CREATE TABLE `dc_ordenes_tipos` (
  `id` bigint(20) unsigned NOT NULL AUTO_INCREMENT,
  `user_id` int(10) unsigned DEFAULT NULL,
  `descripcion` text COLLATE utf8mb4_unicode_ci NOT NULL,
  `usabilidad` longtext COLLATE utf8mb4_unicode_ci,
  `habilitado` tinyint(1) NOT NULL DEFAULT '1',
  `created_at` timestamp NULL DEFAULT NULL,
  `updated_at` timestamp NULL DEFAULT NULL,
  `deleted_at` timestamp NULL DEFAULT NULL,
  PRIMARY KEY (`id`)
) ENGINE=InnoDB AUTO_INCREMENT=23 DEFAULT CHARSET=utf8mb4 COLLATE=utf8mb4_unicode_ci;

--
-- Dumping data for table `dc_ordenes_tipos`
--

INSERT INTO `dc_ordenes_tipos` VALUES (1,NULL,'ORDEN DE COMPRAS',NULL,1,NULL,'2023-02-16 08:53:03',NULL),(2,NULL,'ORDEN DE VENTAS',NULL,1,NULL,'2023-02-16 08:53:03',NULL),(3,NULL,'PRESUPUESTO',NULL,1,NULL,NULL,NULL),(4,NULL,'REQUERIMIENTO',NULL,1,NULL,NULL,NULL),(5,NULL,'REMITO DE INGRESO',NULL,1,NULL,'2023-06-12 23:37:11',NULL),(6,NULL,'REMITO DE EGRESO',NULL,1,NULL,NULL,NULL),(7,NULL,'REMITO INTERNO',NULL,1,NULL,NULL,NULL),(8,NULL,'REMITO DE INGRESO','Es lo mismo que un remito de ingreso, \n        pero los productosa ingresar provienen de una Orden de Compra',1,NULL,NULL,NULL),(9,NULL,'REMITO DE SERVICIO','Es un remito de Ingreso de un servicio que se\n        asigna directo a una OT',1,NULL,NULL,NULL),(10,NULL,'ORDEN DE PAGO',NULL,1,'2023-09-28 16:44:12','2023-09-28 16:44:12',NULL),(11,NULL,'ANULACION REQUERIMIENTOS',NULL,1,'2024-04-02 23:50:31','2024-04-02 23:50:31',NULL),(12,NULL,'ANULACION COMPRAS PRODUCTOS',NULL,1,'2024-04-02 23:50:31','2024-04-02 23:50:31',NULL),(13,NULL,'ANULACION COMPRAS SERVICIOS',NULL,1,'2024-04-02 23:50:31','2024-04-02 23:50:31',NULL),(14,NULL,'REMITO DE GASTO',NULL,1,'2024-05-07 20:18:03','2024-05-07 20:18:03',NULL),(15,NULL,'COTIZACIONES',NULL,1,'2024-06-26 07:55:52','2024-06-26 07:55:52',NULL),(16,NULL,'REMITO INGRESO-DEVOLUCION',NULL,1,'2024-09-02 13:19:07','2024-09-02 13:19:07',NULL),(17,NULL,'REMITO EGRESO-DEVOLUCION',NULL,1,'2024-10-17 08:52:02','2024-10-17 08:52:02',NULL),(18,NULL,'REMITO','Es un remito de servicio, que no tiene ni ingreso ni egreso',1,'2024-12-03 21:49:11','2024-12-03 21:49:11',NULL),(19,NULL,'Remito de Cliente','Se usa en las Ordenes de Venta para demostrar que se entrego mercaderia al cliente',1,NULL,NULL,NULL),(20,NULL,'Orden de Compra de Cliente','Es la OC que envia el cliente para que se le haga el pedido',1,NULL,NULL,NULL),(21,NULL,'Solicitud de Facturacion','Es un documento que se usa para que se pueda facturar',1,NULL,NULL,NULL),(22,NULL,'Ordenes de Compra','Es una OC para Empresas',1,NULL,NULL,NULL);

--
-- Table structure for table `dc_ov_cta_cte_cliente`
--

CREATE TABLE `dc_ov_cta_cte_cliente` (
  `id` bigint(20) unsigned NOT NULL AUTO_INCREMENT,
  `user_id` int(10) unsigned DEFAULT NULL,
  `dc_orden_id` bigint(20) unsigned NOT NULL,
  `cta_cte_cliente_id` int(10) unsigned DEFAULT NULL,
  `created_at` timestamp NULL DEFAULT NULL,
  `updated_at` timestamp NULL DEFAULT NULL,
  `deleted_at` timestamp NULL DEFAULT NULL,
  PRIMARY KEY (`id`),
  KEY `dc_ov_cta_cte_cliente_dc_orden_id_foreign` (`dc_orden_id`),
  KEY `dc_ov_cta_cte_cliente_cta_cte_cliente_id_foreign` (`cta_cte_cliente_id`),
  CONSTRAINT `dc_ov_cta_cte_cliente_cta_cte_cliente_id_foreign` FOREIGN KEY (`cta_cte_cliente_id`) REFERENCES `cta_cte_cliente` (`id`),
  CONSTRAINT `dc_ov_cta_cte_cliente_dc_orden_id_foreign` FOREIGN KEY (`dc_orden_id`) REFERENCES `dc_ordenes` (`id`)
) ENGINE=InnoDB DEFAULT CHARSET=utf8mb4 COLLATE=utf8mb4_unicode_ci;

--
-- Dumping data for table `dc_ov_cta_cte_cliente`
--


--
-- Table structure for table `dc_ov_fact_electronicas`
--

CREATE TABLE `dc_ov_fact_electronicas` (
  `id` bigint(20) unsigned NOT NULL AUTO_INCREMENT,
  `user_id` int(10) unsigned DEFAULT NULL,
  `dc_orden_id` bigint(20) unsigned NOT NULL,
  `fact_elec_receipt_id` int(10) unsigned DEFAULT NULL,
  `created_at` timestamp NULL DEFAULT NULL,
  `updated_at` timestamp NULL DEFAULT NULL,
  `deleted_at` timestamp NULL DEFAULT NULL,
  PRIMARY KEY (`id`),
  KEY `dc_ov_fact_electronicas_dc_orden_id_foreign` (`dc_orden_id`),
  KEY `dc_ov_fact_electronicas_fact_elec_receipt_id_foreign` (`fact_elec_receipt_id`),
  CONSTRAINT `dc_ov_fact_electronicas_dc_orden_id_foreign` FOREIGN KEY (`dc_orden_id`) REFERENCES `dc_ordenes` (`id`),
  CONSTRAINT `dc_ov_fact_electronicas_fact_elec_receipt_id_foreign` FOREIGN KEY (`fact_elec_receipt_id`) REFERENCES `fact_elec_receipts` (`id`)
) ENGINE=InnoDB DEFAULT CHARSET=utf8mb4 COLLATE=utf8mb4_unicode_ci;

--
-- Dumping data for table `dc_ov_fact_electronicas`
--


--
-- Table structure for table `dc_ov_oc_presupuestos`
--

CREATE TABLE `dc_ov_oc_presupuestos` (
  `id` int(10) unsigned NOT NULL AUTO_INCREMENT,
  `user_id` int(10) unsigned DEFAULT NULL,
  `dc_orden_id` bigint(20) unsigned NOT NULL,
  `dc_orden_presupuesto_id` bigint(20) unsigned NOT NULL,
  `created_at` timestamp NULL DEFAULT NULL,
  `updated_at` timestamp NULL DEFAULT NULL,
  `deleted_at` timestamp NULL DEFAULT NULL,
  PRIMARY KEY (`id`),
  KEY `dc_ov_oc_presupuestos_dc_orden_id_foreign` (`dc_orden_id`),
  KEY `dc_ov_oc_presupuestos_dc_orden_presupuesto_id_foreign` (`dc_orden_presupuesto_id`),
  CONSTRAINT `dc_ov_oc_presupuestos_dc_orden_id_foreign` FOREIGN KEY (`dc_orden_id`) REFERENCES `dc_ordenes` (`id`),
  CONSTRAINT `dc_ov_oc_presupuestos_dc_orden_presupuesto_id_foreign` FOREIGN KEY (`dc_orden_presupuesto_id`) REFERENCES `dc_ordenes` (`id`)
) ENGINE=InnoDB DEFAULT CHARSET=utf8mb4 COLLATE=utf8mb4_unicode_ci;

--
-- Dumping data for table `dc_ov_oc_presupuestos`
--


--
-- Table structure for table `dc_ov_ocs`
--

CREATE TABLE `dc_ov_ocs` (
  `id` bigint(20) unsigned NOT NULL AUTO_INCREMENT,
  `user_id` int(10) unsigned DEFAULT NULL,
  `dc_orden_id` bigint(20) unsigned NOT NULL,
  `dc_orden_compra_id` bigint(20) unsigned NOT NULL,
  `created_at` timestamp NULL DEFAULT NULL,
  `updated_at` timestamp NULL DEFAULT NULL,
  `deleted_at` timestamp NULL DEFAULT NULL,
  PRIMARY KEY (`id`),
  KEY `dc_ov_ocs_dc_orden_id_foreign` (`dc_orden_id`),
  KEY `dc_ov_ocs_dc_orden_compra_id_foreign` (`dc_orden_compra_id`),
  CONSTRAINT `dc_ov_ocs_dc_orden_compra_id_foreign` FOREIGN KEY (`dc_orden_compra_id`) REFERENCES `dc_ordenes` (`id`),
  CONSTRAINT `dc_ov_ocs_dc_orden_id_foreign` FOREIGN KEY (`dc_orden_id`) REFERENCES `dc_ordenes` (`id`)
) ENGINE=InnoDB DEFAULT CHARSET=utf8mb4 COLLATE=utf8mb4_unicode_ci;

--
-- Dumping data for table `dc_ov_ocs`
--


--
-- Table structure for table `dc_ov_origenes`
--

CREATE TABLE `dc_ov_origenes` (
  `id` bigint(20) unsigned NOT NULL AUTO_INCREMENT,
  `user_id` int(10) unsigned DEFAULT NULL,
  `descripcion` varchar(191) COLLATE utf8mb4_unicode_ci NOT NULL,
  `habilitado` tinyint(1) NOT NULL DEFAULT '1',
  `created_at` timestamp NULL DEFAULT NULL,
  `updated_at` timestamp NULL DEFAULT NULL,
  `deleted_at` timestamp NULL DEFAULT NULL,
  PRIMARY KEY (`id`)
) ENGINE=InnoDB AUTO_INCREMENT=4 DEFAULT CHARSET=utf8mb4 COLLATE=utf8mb4_unicode_ci;

--
-- Dumping data for table `dc_ov_origenes`
--

INSERT INTO `dc_ov_origenes` VALUES (1,NULL,'Taller',1,NULL,NULL,NULL),(2,NULL,'Comercial',1,NULL,NULL,NULL),(3,NULL,'Repuestos',1,NULL,NULL,NULL);

--
-- Table structure for table `dc_ov_origenes_users`
--

CREATE TABLE `dc_ov_origenes_users` (
  `id` int(10) unsigned NOT NULL AUTO_INCREMENT,
  `dc_ov_origen_id` bigint(20) unsigned NOT NULL,
  `user_id` int(10) unsigned NOT NULL,
  `created_at` timestamp NULL DEFAULT NULL,
  `updated_at` timestamp NULL DEFAULT NULL,
  `deleted_at` timestamp NULL DEFAULT NULL,
  PRIMARY KEY (`id`),
  KEY `dc_ov_origenes_users_dc_ov_origen_id_foreign` (`dc_ov_origen_id`),
  CONSTRAINT `dc_ov_origenes_users_dc_ov_origen_id_foreign` FOREIGN KEY (`dc_ov_origen_id`) REFERENCES `dc_ov_origenes` (`id`) ON DELETE CASCADE
) ENGINE=InnoDB DEFAULT CHARSET=utf8mb4 COLLATE=utf8mb4_unicode_ci;

--
-- Dumping data for table `dc_ov_origenes_users`
--


--
-- Table structure for table `dc_ov_ots`
--

CREATE TABLE `dc_ov_ots` (
  `id` bigint(20) unsigned NOT NULL AUTO_INCREMENT,
  `user_id` int(10) unsigned DEFAULT NULL,
  `dc_orden_id` bigint(20) unsigned NOT NULL,
  `ot_id` bigint(20) unsigned NOT NULL,
  `created_at` timestamp NULL DEFAULT NULL,
  `updated_at` timestamp NULL DEFAULT NULL,
  `deleted_at` timestamp NULL DEFAULT NULL,
  PRIMARY KEY (`id`),
  KEY `dc_ov_ots_dc_orden_id_foreign` (`dc_orden_id`),
  KEY `dc_ov_ots_ot_id_foreign` (`ot_id`),
  CONSTRAINT `dc_ov_ots_dc_orden_id_foreign` FOREIGN KEY (`dc_orden_id`) REFERENCES `dc_ordenes` (`id`),
  CONSTRAINT `dc_ov_ots_ot_id_foreign` FOREIGN KEY (`ot_id`) REFERENCES `inv_orden_trabajos` (`id`)
) ENGINE=InnoDB DEFAULT CHARSET=utf8mb4 COLLATE=utf8mb4_unicode_ci;

--
-- Dumping data for table `dc_ov_ots`
--


--
-- Table structure for table `dc_ov_pres_clientes`
--

CREATE TABLE `dc_ov_pres_clientes` (
  `id` bigint(20) unsigned NOT NULL AUTO_INCREMENT,
  `user_id` int(10) unsigned DEFAULT NULL,
  `dc_orden_id` bigint(20) unsigned NOT NULL,
  `dc_orden_pres_id` bigint(20) unsigned NOT NULL,
  `created_at` timestamp NULL DEFAULT NULL,
  `updated_at` timestamp NULL DEFAULT NULL,
  `deleted_at` timestamp NULL DEFAULT NULL,
  PRIMARY KEY (`id`),
  KEY `dc_ov_pres_clientes_dc_orden_id_foreign` (`dc_orden_id`),
  KEY `dc_ov_pres_clientes_dc_orden_pres_id_foreign` (`dc_orden_pres_id`),
  CONSTRAINT `dc_ov_pres_clientes_dc_orden_id_foreign` FOREIGN KEY (`dc_orden_id`) REFERENCES `dc_ordenes` (`id`),
  CONSTRAINT `dc_ov_pres_clientes_dc_orden_pres_id_foreign` FOREIGN KEY (`dc_orden_pres_id`) REFERENCES `dc_ordenes` (`id`)
) ENGINE=InnoDB DEFAULT CHARSET=utf8mb4 COLLATE=utf8mb4_unicode_ci;

--
-- Dumping data for table `dc_ov_pres_clientes`
--


--
-- Table structure for table `dc_ov_rem_clientes`
--

CREATE TABLE `dc_ov_rem_clientes` (
  `id` bigint(20) unsigned NOT NULL AUTO_INCREMENT,
  `user_id` int(10) unsigned DEFAULT NULL,
  `dc_orden_id` bigint(20) unsigned NOT NULL,
  `dc_orden_rem_id` bigint(20) unsigned NOT NULL,
  `created_at` timestamp NULL DEFAULT NULL,
  `updated_at` timestamp NULL DEFAULT NULL,
  `deleted_at` timestamp NULL DEFAULT NULL,
  PRIMARY KEY (`id`),
  KEY `dc_ov_rem_clientes_dc_orden_id_foreign` (`dc_orden_id`),
  KEY `dc_ov_rem_clientes_dc_orden_rem_id_foreign` (`dc_orden_rem_id`),
  CONSTRAINT `dc_ov_rem_clientes_dc_orden_id_foreign` FOREIGN KEY (`dc_orden_id`) REFERENCES `dc_ordenes` (`id`),
  CONSTRAINT `dc_ov_rem_clientes_dc_orden_rem_id_foreign` FOREIGN KEY (`dc_orden_rem_id`) REFERENCES `dc_ordenes` (`id`)
) ENGINE=InnoDB DEFAULT CHARSET=utf8mb4 COLLATE=utf8mb4_unicode_ci;

--
-- Dumping data for table `dc_ov_rem_clientes`
--


--
-- Table structure for table `dc_ov_remc_occ`
--

CREATE TABLE `dc_ov_remc_occ` (
  `id` bigint(20) unsigned NOT NULL AUTO_INCREMENT,
  `dc_orden_id` bigint(20) unsigned DEFAULT NULL,
  `dc_orden_detail_id` bigint(20) unsigned DEFAULT NULL,
  `dc_occ_id` bigint(20) unsigned DEFAULT NULL,
  `dc_occ_detail_id` bigint(20) unsigned DEFAULT NULL,
  `user_id` bigint(20) unsigned DEFAULT NULL,
  `created_at` timestamp NULL DEFAULT NULL,
  `updated_at` timestamp NULL DEFAULT NULL,
  `deleted_at` timestamp NULL DEFAULT NULL,
  PRIMARY KEY (`id`),
  KEY `dc_ov_remc_occ_dc_orden_id_foreign` (`dc_orden_id`),
  KEY `dc_ov_remc_occ_dc_orden_detail_id_foreign` (`dc_orden_detail_id`),
  KEY `dc_ov_remc_occ_dc_occ_id_foreign` (`dc_occ_id`),
  KEY `dc_ov_remc_occ_dc_occ_detail_id_foreign` (`dc_occ_detail_id`),
  CONSTRAINT `dc_ov_remc_occ_dc_occ_detail_id_foreign` FOREIGN KEY (`dc_occ_detail_id`) REFERENCES `dc_ordenes_details` (`id`),
  CONSTRAINT `dc_ov_remc_occ_dc_occ_id_foreign` FOREIGN KEY (`dc_occ_id`) REFERENCES `dc_ordenes` (`id`),
  CONSTRAINT `dc_ov_remc_occ_dc_orden_detail_id_foreign` FOREIGN KEY (`dc_orden_detail_id`) REFERENCES `dc_ordenes_details` (`id`),
  CONSTRAINT `dc_ov_remc_occ_dc_orden_id_foreign` FOREIGN KEY (`dc_orden_id`) REFERENCES `dc_ordenes` (`id`)
) ENGINE=InnoDB DEFAULT CHARSET=utf8mb4 COLLATE=utf8mb4_unicode_ci;

--
-- Dumping data for table `dc_ov_remc_occ`
--


--
-- Table structure for table `dc_ov_sol_facturacion`
--

CREATE TABLE `dc_ov_sol_facturacion` (
  `id` bigint(20) unsigned NOT NULL AUTO_INCREMENT,
  `user_id` int(10) unsigned DEFAULT NULL,
  `dc_orden_id` bigint(20) unsigned NOT NULL,
  `dc_sol_facturacion_id` bigint(20) unsigned NOT NULL,
  `created_at` timestamp NULL DEFAULT NULL,
  `updated_at` timestamp NULL DEFAULT NULL,
  `deleted_at` timestamp NULL DEFAULT NULL,
  PRIMARY KEY (`id`),
  KEY `dc_ov_sol_facturacion_dc_orden_id_foreign` (`dc_orden_id`),
  KEY `dc_ov_sol_facturacion_dc_sol_facturacion_id_foreign` (`dc_sol_facturacion_id`),
  CONSTRAINT `dc_ov_sol_facturacion_dc_orden_id_foreign` FOREIGN KEY (`dc_orden_id`) REFERENCES `dc_ordenes` (`id`),
  CONSTRAINT `dc_ov_sol_facturacion_dc_sol_facturacion_id_foreign` FOREIGN KEY (`dc_sol_facturacion_id`) REFERENCES `dc_ordenes` (`id`)
) ENGINE=InnoDB DEFAULT CHARSET=utf8mb4 COLLATE=utf8mb4_unicode_ci;

--
-- Dumping data for table `dc_ov_sol_facturacion`
--


--
-- Table structure for table `dc_ov_status_cobranza`
--

CREATE TABLE `dc_ov_status_cobranza` (
  `id` bigint(20) unsigned NOT NULL AUTO_INCREMENT,
  `user_id` int(10) unsigned DEFAULT NULL,
  `descripcion` varchar(191) COLLATE utf8mb4_unicode_ci NOT NULL,
  `habilitado` tinyint(1) NOT NULL DEFAULT '1',
  `created_at` timestamp NULL DEFAULT NULL,
  `updated_at` timestamp NULL DEFAULT NULL,
  `deleted_at` timestamp NULL DEFAULT NULL,
  PRIMARY KEY (`id`)
) ENGINE=InnoDB AUTO_INCREMENT=4 DEFAULT CHARSET=utf8mb4 COLLATE=utf8mb4_unicode_ci;

--
-- Dumping data for table `dc_ov_status_cobranza`
--

INSERT INTO `dc_ov_status_cobranza` VALUES (1,NULL,'Pendiente',1,NULL,NULL,NULL),(2,NULL,'Parcial',1,NULL,NULL,NULL),(3,NULL,'Completa',1,NULL,NULL,NULL);

--
-- Table structure for table `dc_ov_status_entrega`
--

CREATE TABLE `dc_ov_status_entrega` (
  `id` bigint(20) unsigned NOT NULL AUTO_INCREMENT,
  `user_id` int(10) unsigned DEFAULT NULL,
  `descripcion` varchar(191) COLLATE utf8mb4_unicode_ci NOT NULL,
  `habilitado` tinyint(1) NOT NULL DEFAULT '1',
  `created_at` timestamp NULL DEFAULT NULL,
  `updated_at` timestamp NULL DEFAULT NULL,
  `deleted_at` timestamp NULL DEFAULT NULL,
  PRIMARY KEY (`id`)
) ENGINE=InnoDB AUTO_INCREMENT=4 DEFAULT CHARSET=utf8mb4 COLLATE=utf8mb4_unicode_ci;

--
-- Dumping data for table `dc_ov_status_entrega`
--

INSERT INTO `dc_ov_status_entrega` VALUES (1,NULL,'Pendiente',1,NULL,NULL,NULL),(2,NULL,'Parcial',1,NULL,NULL,NULL),(3,NULL,'Completa',1,NULL,NULL,NULL);

--
-- Table structure for table `dc_ov_status_factura`
--

CREATE TABLE `dc_ov_status_factura` (
  `id` bigint(20) unsigned NOT NULL AUTO_INCREMENT,
  `user_id` int(10) unsigned DEFAULT NULL,
  `descripcion` varchar(191) COLLATE utf8mb4_unicode_ci NOT NULL,
  `habilitado` tinyint(1) NOT NULL DEFAULT '1',
  `created_at` timestamp NULL DEFAULT NULL,
  `updated_at` timestamp NULL DEFAULT NULL,
  `deleted_at` timestamp NULL DEFAULT NULL,
  PRIMARY KEY (`id`)
) ENGINE=InnoDB AUTO_INCREMENT=5 DEFAULT CHARSET=utf8mb4 COLLATE=utf8mb4_unicode_ci;

--
-- Dumping data for table `dc_ov_status_factura`
--

INSERT INTO `dc_ov_status_factura` VALUES (1,NULL,'Pendiente',1,NULL,NULL,NULL),(2,NULL,'Facturable',1,NULL,NULL,NULL),(3,NULL,'Facturado Parcialmente',1,NULL,NULL,NULL),(4,NULL,'Facturado Totalmente',1,NULL,NULL,NULL);

--
-- Table structure for table `dc_ov_status_venta`
--

CREATE TABLE `dc_ov_status_venta` (
  `id` bigint(20) unsigned NOT NULL AUTO_INCREMENT,
  `user_id` int(10) unsigned DEFAULT NULL,
  `descripcion` varchar(191) COLLATE utf8mb4_unicode_ci NOT NULL,
  `habilitado` tinyint(1) NOT NULL DEFAULT '1',
  `created_at` timestamp NULL DEFAULT NULL,
  `updated_at` timestamp NULL DEFAULT NULL,
  `deleted_at` timestamp NULL DEFAULT NULL,
  PRIMARY KEY (`id`)
) ENGINE=InnoDB AUTO_INCREMENT=5 DEFAULT CHARSET=utf8mb4 COLLATE=utf8mb4_unicode_ci;

--
-- Dumping data for table `dc_ov_status_venta`
--

INSERT INTO `dc_ov_status_venta` VALUES (1,NULL,'Pendiente',1,NULL,NULL,NULL),(2,NULL,'Presupuesto',1,NULL,NULL,NULL),(3,NULL,'Venta',1,NULL,NULL,NULL),(4,NULL,'Rechazada',1,NULL,NULL,NULL);

--
-- Table structure for table `dc_sol_fac_occ`
--

CREATE TABLE `dc_sol_fac_occ` (
  `id` bigint(20) unsigned NOT NULL AUTO_INCREMENT,
  `user_id` int(10) unsigned DEFAULT NULL,
  `dc_orden_id` bigint(20) unsigned NOT NULL COMMENT 'Solicitud Facturación (tipo 21)',
  `dc_orden_detail_id` bigint(20) unsigned NOT NULL COMMENT 'Detalle de SF',
  `dc_occ_id` bigint(20) unsigned NOT NULL COMMENT 'OC Cliente (tipo 20)',
  `dc_occ_detail_id` bigint(20) unsigned NOT NULL COMMENT 'Detalle de OCC',
  `created_at` timestamp NULL DEFAULT NULL,
  `updated_at` timestamp NULL DEFAULT NULL,
  `deleted_at` timestamp NULL DEFAULT NULL,
  PRIMARY KEY (`id`),
  KEY `idx_sf` (`dc_orden_id`),
  KEY `idx_occ` (`dc_occ_id`),
  KEY `dc_sol_fac_occ_dc_orden_detail_id_foreign` (`dc_orden_detail_id`),
  KEY `dc_sol_fac_occ_dc_occ_detail_id_foreign` (`dc_occ_detail_id`),
  CONSTRAINT `dc_sol_fac_occ_dc_occ_detail_id_foreign` FOREIGN KEY (`dc_occ_detail_id`) REFERENCES `dc_ordenes_details` (`id`),
  CONSTRAINT `dc_sol_fac_occ_dc_occ_id_foreign` FOREIGN KEY (`dc_occ_id`) REFERENCES `dc_ordenes` (`id`),
  CONSTRAINT `dc_sol_fac_occ_dc_orden_detail_id_foreign` FOREIGN KEY (`dc_orden_detail_id`) REFERENCES `dc_ordenes_details` (`id`),
  CONSTRAINT `dc_sol_fac_occ_dc_orden_id_foreign` FOREIGN KEY (`dc_orden_id`) REFERENCES `dc_ordenes` (`id`)
) ENGINE=InnoDB DEFAULT CHARSET=utf8mb4 COLLATE=utf8mb4_unicode_ci;

--
-- Dumping data for table `dc_sol_fac_occ`
--


--
-- Table structure for table `despachos`
--

CREATE TABLE `despachos` (
  `id` bigint(20) unsigned NOT NULL AUTO_INCREMENT,
  `user_id` int(10) unsigned DEFAULT NULL,
  `person_id` int(10) unsigned NOT NULL,
  `person_id_relationed` int(10) unsigned NOT NULL,
  `moneda_id` int(10) unsigned NOT NULL,
  `fecha` datetime NOT NULL DEFAULT '2025-04-28 16:10:34',
  `is_ponderacion_autom` tinyint(1) NOT NULL DEFAULT '1',
  `is_garantia` tinyint(1) NOT NULL DEFAULT '0',
  `numero` int(10) unsigned DEFAULT NULL,
  `comentario` longtext COLLATE utf8mb4_unicode_ci,
  `total` decimal(16,2) NOT NULL DEFAULT '0.00',
  `total_parte_1` decimal(16,2) NOT NULL DEFAULT '0.00',
  `total_parte_2` decimal(16,2) NOT NULL DEFAULT '0.00',
  `total_parte_3` decimal(16,2) NOT NULL DEFAULT '0.00',
  `cotizacion` decimal(16,2) NOT NULL DEFAULT '0.00',
  `created_at` timestamp NULL DEFAULT NULL,
  `updated_at` timestamp NULL DEFAULT NULL,
  `deleted_at` timestamp NULL DEFAULT NULL,
  PRIMARY KEY (`id`),
  KEY `despachos_person_id_foreign` (`person_id`),
  KEY `despachos_person_id_relationed_foreign` (`person_id_relationed`),
  KEY `despachos_moneda_id_foreign` (`moneda_id`),
  CONSTRAINT `despachos_moneda_id_foreign` FOREIGN KEY (`moneda_id`) REFERENCES `monedas` (`id`),
  CONSTRAINT `despachos_person_id_foreign` FOREIGN KEY (`person_id`) REFERENCES `persons` (`id`),
  CONSTRAINT `despachos_person_id_relationed_foreign` FOREIGN KEY (`person_id_relationed`) REFERENCES `persons` (`id`)
) ENGINE=InnoDB DEFAULT CHARSET=utf8mb4 COLLATE=utf8mb4_unicode_ci;

--
-- Dumping data for table `despachos`
--


--
-- Table structure for table `despachos_cierres`
--

CREATE TABLE `despachos_cierres` (
  `id` bigint(20) unsigned NOT NULL AUTO_INCREMENT,
  `user_id` int(10) unsigned DEFAULT NULL,
  `despacho_id` bigint(20) unsigned NOT NULL,
  `receipt_id` int(10) unsigned DEFAULT NULL,
  `dc_orden_id` bigint(20) unsigned NOT NULL,
  `dc_orden_detail_id` bigint(20) unsigned NOT NULL,
  `inv_producto_id` bigint(20) unsigned DEFAULT NULL,
  `costo_antes` decimal(16,2) NOT NULL DEFAULT '0.00',
  `cantidades` decimal(16,2) DEFAULT '0.00',
  `precio_x_cantidad` decimal(16,2) DEFAULT '0.00',
  `ratio` decimal(16,4) NOT NULL DEFAULT '0.0000',
  `incremento` decimal(16,2) NOT NULL DEFAULT '0.00',
  `incremento_x_cantidad` decimal(16,2) DEFAULT '0.00',
  `costo_despues` decimal(16,2) NOT NULL DEFAULT '0.00',
  `created_at` timestamp NULL DEFAULT NULL,
  `updated_at` timestamp NULL DEFAULT NULL,
  `deleted_at` timestamp NULL DEFAULT NULL,
  PRIMARY KEY (`id`),
  KEY `despachos_cierres_despacho_id_foreign` (`despacho_id`),
  KEY `despachos_cierres_receipt_id_foreign` (`receipt_id`),
  KEY `despachos_cierres_dc_orden_id_foreign` (`dc_orden_id`),
  KEY `despachos_cierres_dc_orden_detail_id_foreign` (`dc_orden_detail_id`),
  KEY `despachos_cierres_inv_producto_id_foreign` (`inv_producto_id`),
  CONSTRAINT `despachos_cierres_dc_orden_detail_id_foreign` FOREIGN KEY (`dc_orden_detail_id`) REFERENCES `dc_ordenes_details` (`id`),
  CONSTRAINT `despachos_cierres_dc_orden_id_foreign` FOREIGN KEY (`dc_orden_id`) REFERENCES `dc_ordenes` (`id`),
  CONSTRAINT `despachos_cierres_despacho_id_foreign` FOREIGN KEY (`despacho_id`) REFERENCES `despachos` (`id`),
  CONSTRAINT `despachos_cierres_inv_producto_id_foreign` FOREIGN KEY (`inv_producto_id`) REFERENCES `inv_productos` (`id`),
  CONSTRAINT `despachos_cierres_receipt_id_foreign` FOREIGN KEY (`receipt_id`) REFERENCES `receipts` (`id`)
) ENGINE=InnoDB DEFAULT CHARSET=utf8mb4 COLLATE=utf8mb4_unicode_ci;

--
-- Dumping data for table `despachos_cierres`
--


--
-- Table structure for table `despachos_details`
--

CREATE TABLE `despachos_details` (
  `id` bigint(20) unsigned NOT NULL AUTO_INCREMENT,
  `user_id` int(10) unsigned DEFAULT NULL,
  `despacho_id` bigint(20) unsigned NOT NULL,
  `despacho_parte_id` bigint(20) unsigned NOT NULL,
  `receipt_id` int(10) unsigned DEFAULT NULL,
  `porcentaje_ponderacion` decimal(8,2) NOT NULL DEFAULT '0.00',
  `created_at` timestamp NULL DEFAULT NULL,
  `updated_at` timestamp NULL DEFAULT NULL,
  `deleted_at` timestamp NULL DEFAULT NULL,
  PRIMARY KEY (`id`),
  KEY `despachos_details_despacho_id_foreign` (`despacho_id`),
  KEY `despachos_details_despacho_parte_id_foreign` (`despacho_parte_id`),
  KEY `despachos_details_receipt_id_foreign` (`receipt_id`),
  CONSTRAINT `despachos_details_despacho_id_foreign` FOREIGN KEY (`despacho_id`) REFERENCES `despachos` (`id`),
  CONSTRAINT `despachos_details_despacho_parte_id_foreign` FOREIGN KEY (`despacho_parte_id`) REFERENCES `despachos_partes` (`id`),
  CONSTRAINT `despachos_details_receipt_id_foreign` FOREIGN KEY (`receipt_id`) REFERENCES `receipts` (`id`)
) ENGINE=InnoDB DEFAULT CHARSET=utf8mb4 COLLATE=utf8mb4_unicode_ci;

--
-- Dumping data for table `despachos_details`
--


--
-- Table structure for table `despachos_files`
--

CREATE TABLE `despachos_files` (
  `id` bigint(20) unsigned NOT NULL AUTO_INCREMENT,
  `user_id` int(10) unsigned DEFAULT NULL,
  `despacho_id` bigint(20) unsigned NOT NULL,
  `descripcion` varchar(255) COLLATE utf8mb4_unicode_ci DEFAULT NULL,
  `path` varchar(191) COLLATE utf8mb4_unicode_ci DEFAULT NULL,
  `name_original` varchar(191) COLLATE utf8mb4_unicode_ci DEFAULT NULL,
  `created_at` timestamp NULL DEFAULT NULL,
  `updated_at` timestamp NULL DEFAULT NULL,
  `deleted_at` timestamp NULL DEFAULT NULL,
  PRIMARY KEY (`id`),
  KEY `despachos_files_despacho_id_foreign` (`despacho_id`),
  CONSTRAINT `despachos_files_despacho_id_foreign` FOREIGN KEY (`despacho_id`) REFERENCES `despachos` (`id`)
) ENGINE=InnoDB DEFAULT CHARSET=utf8mb4 COLLATE=utf8mb4_unicode_ci;

--
-- Dumping data for table `despachos_files`
--


--
-- Table structure for table `despachos_partes`
--

CREATE TABLE `despachos_partes` (
  `id` bigint(20) unsigned NOT NULL AUTO_INCREMENT,
  `user_id` int(10) unsigned DEFAULT NULL,
  `descripcion` varchar(255) COLLATE utf8mb4_unicode_ci DEFAULT NULL,
  `habilitado` tinyint(1) NOT NULL DEFAULT '1',
  `created_at` timestamp NULL DEFAULT NULL,
  `updated_at` timestamp NULL DEFAULT NULL,
  `deleted_at` timestamp NULL DEFAULT NULL,
  PRIMARY KEY (`id`)
) ENGINE=InnoDB AUTO_INCREMENT=4 DEFAULT CHARSET=utf8mb4 COLLATE=utf8mb4_unicode_ci;

--
-- Dumping data for table `despachos_partes`
--

INSERT INTO `despachos_partes` VALUES (1,NULL,'Facturas del Proveedor',1,NULL,NULL,NULL),(2,NULL,'Despachos de Importacion',1,NULL,NULL,NULL),(3,NULL,'Facturas de Logistica',1,NULL,NULL,NULL);

--
-- Table structure for table `deudas_impositivas`
--

CREATE TABLE `deudas_impositivas` (
  `id` int(10) unsigned NOT NULL AUTO_INCREMENT,
  `user_id` int(10) unsigned DEFAULT NULL,
  `person_id` int(10) unsigned NOT NULL,
  `vto_impuesto_id` int(10) unsigned NOT NULL,
  `periodo_deuda` varchar(191) COLLATE utf8mb4_unicode_ci DEFAULT NULL,
  `concepto` varchar(191) COLLATE utf8mb4_unicode_ci DEFAULT NULL,
  `importe` decimal(16,2) NOT NULL DEFAULT '0.00',
  `created_at` timestamp NULL DEFAULT NULL,
  `updated_at` timestamp NULL DEFAULT NULL,
  `deleted_at` timestamp NULL DEFAULT NULL,
  PRIMARY KEY (`id`),
  KEY `deudas_impositivas_vto_impuesto_id_foreign` (`vto_impuesto_id`),
  KEY `deudas_impositivas_person_id_foreign` (`person_id`),
  CONSTRAINT `deudas_impositivas_person_id_foreign` FOREIGN KEY (`person_id`) REFERENCES `persons` (`id`),
  CONSTRAINT `deudas_impositivas_vto_impuesto_id_foreign` FOREIGN KEY (`vto_impuesto_id`) REFERENCES `vto_impuestos` (`id`)
) ENGINE=InnoDB DEFAULT CHARSET=utf8mb4 COLLATE=utf8mb4_unicode_ci;

--
-- Dumping data for table `deudas_impositivas`
--


--
-- Table structure for table `ejer_anteriores`
--

CREATE TABLE `ejer_anteriores` (
  `id` int(10) unsigned NOT NULL AUTO_INCREMENT,
  `user_id` int(10) unsigned DEFAULT NULL,
  `person_id` int(10) unsigned NOT NULL,
  `anio` int(11) NOT NULL,
  `ventas` decimal(16,2) DEFAULT NULL,
  `compras` decimal(16,2) DEFAULT NULL,
  `sueldos` decimal(16,2) DEFAULT NULL,
  `impuesto` decimal(16,2) DEFAULT NULL,
  `apagar` decimal(16,2) DEFAULT NULL,
  `afavor` decimal(16,2) DEFAULT NULL,
  `comentario` varchar(255) COLLATE utf8mb4_unicode_ci DEFAULT NULL,
  `created_at` timestamp NULL DEFAULT NULL,
  `updated_at` timestamp NULL DEFAULT NULL,
  `deleted_at` timestamp NULL DEFAULT NULL,
  PRIMARY KEY (`id`),
  KEY `ejer_anteriores_person_id_foreign` (`person_id`),
  CONSTRAINT `ejer_anteriores_person_id_foreign` FOREIGN KEY (`person_id`) REFERENCES `persons` (`id`)
) ENGINE=InnoDB DEFAULT CHARSET=utf8mb4 COLLATE=utf8mb4_unicode_ci;

--
-- Dumping data for table `ejer_anteriores`
--


--
-- Table structure for table `estado_civil`
--

CREATE TABLE `estado_civil` (
  `id` int(10) unsigned NOT NULL AUTO_INCREMENT,
  `user_id` int(10) unsigned DEFAULT NULL,
  `descripcion` varchar(191) COLLATE utf8mb4_unicode_ci NOT NULL,
  `habilitado` tinyint(1) NOT NULL DEFAULT '1',
  `created_at` timestamp NULL DEFAULT NULL,
  `updated_at` timestamp NULL DEFAULT NULL,
  `deleted_at` timestamp NULL DEFAULT NULL,
  PRIMARY KEY (`id`),
  UNIQUE KEY `estado_civil_descripcion_unique` (`descripcion`)
) ENGINE=InnoDB AUTO_INCREMENT=8 DEFAULT CHARSET=utf8mb4 COLLATE=utf8mb4_unicode_ci;

--
-- Dumping data for table `estado_civil`
--

INSERT INTO `estado_civil` VALUES (1,NULL,'Separado Legal',1,'2020-05-28 20:55:23','2020-05-28 20:55:23',NULL),(2,NULL,'Separado de Hecho',1,'2020-05-28 20:55:23','2020-05-28 20:55:23',NULL),(3,NULL,'Divorciado',1,'2020-05-28 20:55:23','2020-05-28 20:55:23',NULL),(4,NULL,'Convivencia',1,'2020-05-28 20:55:23','2020-05-28 20:55:23',NULL),(5,NULL,'Soltero',1,'2020-05-28 20:55:23','2020-05-28 20:55:23',NULL),(6,NULL,'Casado',1,'2020-05-28 20:55:23','2020-05-28 20:55:23',NULL),(7,NULL,'Viudo',1,'2020-05-28 20:55:23','2020-05-28 20:55:23',NULL);

--
-- Table structure for table `fa_masiva`
--

CREATE TABLE `fa_masiva` (
  `id` int(10) unsigned NOT NULL AUTO_INCREMENT,
  `person_id` int(11) NOT NULL,
  `user_id` int(11) NOT NULL,
  `created_at` timestamp NULL DEFAULT NULL,
  `updated_at` timestamp NULL DEFAULT NULL,
  `deleted_at` timestamp NULL DEFAULT NULL,
  PRIMARY KEY (`id`)
) ENGINE=InnoDB AUTO_INCREMENT=41 DEFAULT CHARSET=utf8mb4 COLLATE=utf8mb4_unicode_ci;

--
-- Dumping data for table `fa_masiva`
--

INSERT INTO `fa_masiva` VALUES (13,40855,8704,'2024-10-08 20:44:01','2024-10-08 20:44:01',NULL),(20,40815,8704,'2025-01-07 15:09:01','2025-01-07 15:09:01',NULL),(25,40896,8704,'2025-02-04 21:52:28','2025-02-04 21:52:28',NULL),(30,40818,8704,'2025-02-10 21:18:06','2025-02-10 21:18:06',NULL),(33,40893,8704,'2025-03-10 19:24:25','2025-03-10 19:24:25',NULL),(38,40863,8704,'2025-04-10 19:10:40','2025-04-10 19:10:40',NULL),(39,40897,8704,'2025-05-10 16:48:09','2025-05-10 16:48:09',NULL),(40,41141,11795,'2025-11-04 10:37:13','2025-11-04 10:37:13',NULL);

--
-- Table structure for table `fa_masiva_detalle`
--

CREATE TABLE `fa_masiva_detalle` (
  `id` int(10) unsigned NOT NULL AUTO_INCREMENT,
  `user_id` int(10) unsigned DEFAULT NULL,
  `fa_masiva_id` int(11) NOT NULL,
  `cliente_id` int(11) NOT NULL,
  `tipo_comprobante_id` int(10) unsigned NOT NULL DEFAULT '1',
  `zone_id` int(10) unsigned NOT NULL DEFAULT '22',
  `activity_id` int(10) unsigned NOT NULL DEFAULT '1',
  `cond_frente_iva_id` int(10) unsigned NOT NULL DEFAULT '1',
  `system_tax_id` int(10) unsigned NOT NULL DEFAULT '1',
  `concepto_id` int(10) unsigned NOT NULL DEFAULT '1',
  `taxable_iibb` int(10) unsigned NOT NULL DEFAULT '2',
  `renglon1` varchar(180) COLLATE utf8mb4_unicode_ci DEFAULT NULL,
  `importe1` decimal(20,2) DEFAULT NULL,
  `renglon2` varchar(180) COLLATE utf8mb4_unicode_ci DEFAULT NULL,
  `importe2` decimal(20,2) DEFAULT NULL,
  `renglon3` varchar(180) COLLATE utf8mb4_unicode_ci DEFAULT NULL,
  `importe3` decimal(20,2) DEFAULT NULL,
  `punto_venta_id` int(11) DEFAULT NULL,
  `fecha_comprobante` date DEFAULT NULL,
  `fecha_facturado_desde` date DEFAULT NULL,
  `fecha_facturado_hasta` date DEFAULT NULL,
  `fecha_vencimiento_pago` date DEFAULT NULL,
  `created_at` timestamp NULL DEFAULT NULL,
  `updated_at` timestamp NULL DEFAULT NULL,
  `deleted_at` timestamp NULL DEFAULT NULL,
  PRIMARY KEY (`id`),
  KEY `fa_masiva_detalle_concepto_id_foreign` (`concepto_id`),
  KEY `fa_masiva_detalle_system_tax_id_foreign` (`system_tax_id`),
  KEY `fa_masiva_detalle_cond_frente_iva_id_foreign` (`cond_frente_iva_id`),
  KEY `fa_masiva_detalle_zone_id_foreign` (`zone_id`),
  KEY `fa_masiva_detalle_tipo_comprobante_id_foreign` (`tipo_comprobante_id`),
  KEY `fa_masiva_detalle_activity_id_foreign` (`activity_id`),
  CONSTRAINT `fa_masiva_detalle_activity_id_foreign` FOREIGN KEY (`activity_id`) REFERENCES `activities` (`id`),
  CONSTRAINT `fa_masiva_detalle_concepto_id_foreign` FOREIGN KEY (`concepto_id`) REFERENCES `fact_elec_conceptos_afip` (`id`),
  CONSTRAINT `fa_masiva_detalle_cond_frente_iva_id_foreign` FOREIGN KEY (`cond_frente_iva_id`) REFERENCES `fac_elec_cond_frente_iva` (`id`),
  CONSTRAINT `fa_masiva_detalle_system_tax_id_foreign` FOREIGN KEY (`system_tax_id`) REFERENCES `system_taxes` (`id`),
  CONSTRAINT `fa_masiva_detalle_tipo_comprobante_id_foreign` FOREIGN KEY (`tipo_comprobante_id`) REFERENCES `receipt_types` (`id`),
  CONSTRAINT `fa_masiva_detalle_zone_id_foreign` FOREIGN KEY (`zone_id`) REFERENCES `zones` (`id`)
) ENGINE=InnoDB AUTO_INCREMENT=1298 DEFAULT CHARSET=utf8mb4 COLLATE=utf8mb4_unicode_ci;

--
-- Dumping data for table `fa_masiva_detalle`
--

INSERT INTO `fa_masiva_detalle` VALUES (369,8704,13,40814,7,22,202,5,7,3,2,'Indumentaria',150000.00,NULL,NULL,NULL,NULL,7,NULL,'2025-02-01','2025-02-28','2025-03-10','2024-10-08 20:44:01','2025-03-10 19:52:38',NULL),(370,8704,13,40814,7,22,202,5,7,3,2,'Indumentaria',150000.00,NULL,NULL,NULL,NULL,7,NULL,'2025-02-01','2025-02-28','2025-03-10','2024-10-08 20:44:01','2025-03-10 19:52:38',NULL),(371,8704,13,40814,7,22,202,5,7,3,2,'Indumentaria',150000.00,NULL,NULL,NULL,NULL,7,NULL,'2025-02-01','2025-02-28','2025-03-10','2024-10-08 20:44:01','2025-03-10 19:52:38',NULL),(372,8704,13,40814,7,22,202,5,7,3,2,'Indumentaria',150000.00,NULL,NULL,NULL,NULL,7,NULL,'2025-02-01','2025-02-28','2025-03-10','2024-10-08 20:44:01','2025-03-10 19:52:38',NULL),(373,8704,13,40814,7,22,202,5,7,3,2,'Indumentaria',150000.00,NULL,NULL,NULL,NULL,7,NULL,'2025-02-01','2025-02-28','2025-03-10','2024-10-08 20:44:01','2025-03-10 19:52:38',NULL),(374,8704,13,40814,7,22,202,5,7,3,2,'Indumentaria',150000.00,NULL,NULL,NULL,NULL,7,NULL,'2025-02-01','2025-02-28','2025-03-10','2024-10-08 20:44:01','2025-03-10 19:52:38',NULL),(375,8704,13,40814,7,22,202,5,7,3,2,'Indumentaria',150000.00,NULL,NULL,NULL,NULL,7,NULL,'2025-02-01','2025-02-28','2025-03-10','2024-10-08 20:44:01','2025-03-10 19:52:38',NULL),(376,8704,13,40814,7,22,202,5,7,3,2,'Indumentaria',150000.00,NULL,NULL,NULL,NULL,7,NULL,'2025-02-01','2025-02-28','2025-03-10','2024-10-08 20:44:01','2025-03-10 19:52:38',NULL),(377,8704,13,40814,7,22,202,5,7,3,2,'Indumentaria',150000.00,NULL,NULL,NULL,NULL,7,NULL,'2025-02-01','2025-02-28','2025-03-10','2024-10-08 20:44:01','2025-03-10 19:52:38',NULL),(378,8704,13,40814,7,22,202,5,7,3,2,'Indumentaria',150000.00,NULL,NULL,NULL,NULL,7,NULL,'2025-02-01','2025-02-28','2025-03-10','2024-10-08 20:44:01','2025-03-10 19:52:38',NULL),(379,8704,13,40814,7,22,202,5,7,3,2,'Indumentaria',150000.00,NULL,NULL,NULL,NULL,7,NULL,'2025-02-01','2025-02-28','2025-03-10','2024-10-08 20:44:01','2025-03-10 19:52:38',NULL),(380,8704,13,40814,7,22,202,5,7,3,2,'Indumentaria',150000.00,NULL,NULL,NULL,NULL,7,NULL,'2025-02-01','2025-02-28','2025-03-10','2024-10-08 20:44:01','2025-03-10 19:52:38',NULL),(381,8704,13,40814,7,22,202,5,7,3,2,'Indumentaria',150000.00,NULL,NULL,NULL,NULL,7,NULL,'2025-02-01','2025-02-28','2025-03-10','2024-10-08 20:44:01','2025-03-10 19:52:38',NULL),(382,8704,13,40814,7,22,202,5,7,3,2,'Indumentaria',150000.00,NULL,NULL,NULL,NULL,7,NULL,'2025-02-01','2025-02-28','2025-03-10','2024-10-08 20:44:01','2025-03-10 19:52:38',NULL),(383,8704,13,40814,7,22,202,5,7,3,2,'Indumentaria',150000.00,NULL,NULL,NULL,NULL,7,NULL,'2025-02-01','2025-02-28','2025-03-10','2024-10-08 20:44:01','2025-03-10 19:52:38',NULL),(384,8704,13,40814,7,22,202,5,7,3,2,'Indumentaria',150000.00,NULL,NULL,NULL,NULL,7,NULL,'2025-02-01','2025-02-28','2025-03-10','2024-10-08 20:44:01','2025-03-10 19:52:38',NULL),(385,8704,13,40814,7,22,202,5,7,3,2,'Indumentaria',150000.00,NULL,NULL,NULL,NULL,7,NULL,'2025-02-01','2025-02-28','2025-03-10','2024-10-08 20:44:01','2025-03-10 19:52:38',NULL),(386,8704,13,40814,7,22,202,5,7,3,2,'Indumentaria',150000.00,NULL,NULL,NULL,NULL,7,NULL,'2025-02-01','2025-02-28','2025-03-10','2024-10-08 20:44:01','2025-03-10 19:52:38',NULL),(387,8704,13,40814,7,22,202,5,7,3,2,'Indumentaria',150000.00,NULL,NULL,NULL,NULL,7,NULL,'2025-02-01','2025-02-28','2025-03-10','2024-10-08 20:44:01','2025-03-10 19:52:38',NULL),(388,8704,13,40814,7,22,202,5,7,3,2,'Indumentaria',150000.00,NULL,NULL,NULL,NULL,7,NULL,'2025-02-01','2025-02-28','2025-03-10','2024-10-08 20:44:01','2025-03-10 19:52:38',NULL),(389,8704,13,40814,7,22,202,5,7,3,2,'Indumentaria',150000.00,NULL,NULL,NULL,NULL,7,NULL,'2025-02-01','2025-02-28','2025-03-10','2024-10-08 20:44:01','2025-03-10 19:52:38',NULL),(390,8704,13,40814,7,22,202,5,7,3,2,'Indumentaria',150000.00,NULL,NULL,NULL,NULL,7,NULL,'2025-02-01','2025-02-28','2025-03-10','2024-10-08 20:44:01','2025-03-10 19:52:38',NULL);
INSERT INTO `fa_masiva_detalle` VALUES (391,8704,13,40814,7,22,202,5,7,3,2,'Indumentaria',150000.00,NULL,NULL,NULL,NULL,7,NULL,'2025-02-01','2025-02-28','2025-03-10','2024-10-08 20:44:01','2025-03-10 19:52:38',NULL),(392,8704,13,40814,7,22,202,5,7,3,2,'Indumentaria',150000.00,NULL,NULL,NULL,NULL,7,NULL,'2025-02-01','2025-02-28','2025-03-10','2024-10-08 20:44:01','2025-03-10 19:52:38',NULL),(393,8704,13,40814,7,22,202,5,7,3,2,'Indumentaria',150000.00,NULL,NULL,NULL,NULL,7,NULL,'2025-02-01','2025-02-28','2025-03-10','2024-10-08 20:44:01','2025-03-10 19:52:38',NULL),(394,8704,13,40814,7,22,202,5,7,3,2,'Indumentaria',150000.00,NULL,NULL,NULL,NULL,7,NULL,'2025-02-01','2025-02-28','2025-03-10','2024-10-08 20:44:01','2025-03-10 19:52:38',NULL),(395,8704,13,40814,7,22,202,5,7,3,2,'Indumentaria',150000.00,NULL,NULL,NULL,NULL,7,NULL,'2025-02-01','2025-02-28','2025-03-10','2024-10-08 20:44:01','2025-03-10 19:52:38',NULL),(396,8704,13,40814,7,22,202,5,7,3,2,'Indumentaria',150000.00,NULL,NULL,NULL,NULL,7,NULL,'2025-02-01','2025-02-28','2025-03-10','2024-10-08 20:44:01','2025-03-10 19:52:38',NULL),(397,8704,13,40814,7,22,202,5,7,3,2,'Indumentaria',150000.00,NULL,NULL,NULL,NULL,7,NULL,'2025-02-01','2025-02-28','2025-03-10','2024-10-08 20:44:01','2025-03-10 19:52:38',NULL),(398,8704,13,40814,7,22,202,5,7,3,2,'Indumentaria',150000.00,NULL,NULL,NULL,NULL,7,NULL,'2025-02-01','2025-02-28','2025-03-10','2024-10-08 20:44:01','2025-03-10 19:52:38',NULL),(399,8704,13,40814,7,22,202,5,7,3,2,'Indumentaria',150000.00,NULL,NULL,NULL,NULL,7,NULL,'2025-02-01','2025-02-28','2025-03-10','2024-10-08 20:44:01','2025-03-10 19:52:38',NULL),(400,8704,13,40814,7,22,202,5,7,3,2,'Indumentaria',150000.00,NULL,NULL,NULL,NULL,7,NULL,'2025-02-01','2025-02-28','2025-03-10','2024-10-08 20:44:01','2025-03-10 19:52:38',NULL),(401,8704,13,40814,7,22,202,5,7,3,2,'Indumentaria',150000.00,NULL,NULL,NULL,NULL,7,NULL,'2025-02-01','2025-02-28','2025-03-10','2024-10-08 20:44:01','2025-03-10 19:52:38',NULL),(402,8704,13,40814,7,22,202,5,7,3,2,'Indumentaria',150000.00,NULL,NULL,NULL,NULL,7,NULL,'2025-02-01','2025-02-28','2025-03-10','2024-10-08 20:44:01','2025-03-10 19:52:38',NULL),(403,8704,13,40814,7,22,202,5,7,3,2,'Indumentaria',150000.00,NULL,NULL,NULL,NULL,7,NULL,'2025-02-01','2025-02-28','2025-03-10','2024-10-08 20:44:01','2025-03-10 19:52:38',NULL),(404,8704,13,40814,7,22,202,5,7,3,2,'Indumentaria',150000.00,NULL,NULL,NULL,NULL,7,NULL,'2025-02-01','2025-02-28','2025-03-10','2024-10-08 20:44:01','2025-03-10 19:52:38',NULL),(405,8704,13,40814,7,22,202,5,7,3,2,'Indumentaria',150000.00,NULL,NULL,NULL,NULL,7,NULL,'2025-02-01','2025-02-28','2025-03-10','2024-10-08 20:44:01','2025-03-10 19:52:38',NULL),(406,8704,13,40814,7,22,202,5,7,3,2,'Indumentaria',150000.00,NULL,NULL,NULL,NULL,7,NULL,'2025-02-01','2025-02-28','2025-03-10','2024-10-08 20:44:01','2025-03-10 19:52:38',NULL),(407,8704,13,40814,7,22,202,5,7,3,2,'Indumentaria',150000.00,NULL,NULL,NULL,NULL,7,NULL,'2025-02-01','2025-02-28','2025-03-10','2024-10-08 20:44:01','2025-03-10 19:52:38',NULL),(408,8704,13,40814,7,22,202,5,7,3,2,'Indumentaria',150000.00,NULL,NULL,NULL,NULL,7,NULL,'2025-02-01','2025-02-28','2025-03-10','2024-10-08 20:44:01','2025-03-10 19:52:38',NULL),(409,8704,13,40814,7,22,202,5,7,3,2,'Indumentaria',150000.00,NULL,NULL,NULL,NULL,7,NULL,'2025-02-01','2025-02-28','2025-03-10','2024-10-08 20:44:01','2025-03-10 19:52:38',NULL),(410,8704,13,40814,7,22,202,5,7,3,2,'Indumentaria',150000.00,NULL,NULL,NULL,NULL,7,NULL,'2025-02-01','2025-02-28','2025-03-10','2024-10-08 20:44:01','2025-03-10 19:52:38',NULL),(411,8704,13,40814,7,22,202,5,7,3,2,'Indumentaria',150000.00,NULL,NULL,NULL,NULL,7,NULL,'2025-02-01','2025-02-28','2025-03-10','2024-10-08 20:44:01','2025-03-10 19:52:38',NULL),(412,8704,13,40814,7,22,202,5,7,3,2,'Indumentaria',150000.00,NULL,NULL,NULL,NULL,7,NULL,'2025-02-01','2025-02-28','2025-03-10','2024-10-08 20:44:01','2025-03-10 19:52:38',NULL);
INSERT INTO `fa_masiva_detalle` VALUES (413,8704,13,40814,7,22,202,5,7,3,2,'Indumentaria',150000.00,NULL,NULL,NULL,NULL,7,NULL,'2025-02-01','2025-02-28','2025-03-10','2024-10-08 20:44:01','2025-03-10 19:52:38',NULL),(414,8704,13,40814,7,22,202,5,7,3,2,'Indumentaria',150000.00,NULL,NULL,NULL,NULL,7,NULL,'2025-02-01','2025-02-28','2025-03-10','2024-10-08 20:44:01','2025-03-10 19:52:38',NULL),(415,8704,13,40814,7,22,202,5,7,3,2,'Indumentaria',150000.00,NULL,NULL,NULL,NULL,7,NULL,'2025-02-01','2025-02-28','2025-03-10','2024-10-08 20:44:01','2025-03-10 19:52:38',NULL),(416,8704,13,40814,7,22,202,5,7,3,2,'Indumentaria',150000.00,NULL,NULL,NULL,NULL,7,NULL,'2025-02-01','2025-02-28','2025-03-10','2024-10-08 20:44:01','2025-03-10 19:52:38',NULL),(417,8704,13,40814,7,22,202,5,7,3,2,'Indumentaria',150000.00,NULL,NULL,NULL,NULL,7,NULL,'2025-02-01','2025-02-28','2025-03-10','2024-10-08 20:44:01','2025-03-10 19:52:38',NULL),(418,8704,13,40814,7,22,202,5,7,3,2,'Indumentaria',150000.00,NULL,NULL,NULL,NULL,7,NULL,'2025-02-01','2025-02-28','2025-03-10','2024-10-08 20:44:01','2025-03-10 19:52:38',NULL),(419,8704,13,40814,7,22,202,5,7,3,2,'Indumentaria',150000.00,NULL,NULL,NULL,NULL,7,NULL,'2025-02-01','2025-02-28','2025-03-10','2024-10-08 20:44:01','2025-03-10 19:52:38',NULL),(420,8704,13,40814,7,22,202,5,7,3,2,'Indumentaria',150000.00,NULL,NULL,NULL,NULL,7,NULL,'2025-02-01','2025-02-28','2025-03-10','2024-10-08 20:44:01','2025-03-10 19:52:38',NULL),(421,8704,13,40814,7,22,202,5,7,3,2,'Indumentaria',150000.00,NULL,NULL,NULL,NULL,7,NULL,'2025-02-01','2025-02-28','2025-03-10','2024-10-08 20:44:01','2025-03-10 19:52:38',NULL),(422,8704,13,40814,7,22,202,5,7,3,2,'Indumentaria',93000.00,NULL,NULL,NULL,NULL,7,NULL,'2025-02-01','2025-02-28','2025-03-10','2024-10-08 20:44:01','2025-03-10 19:52:38',NULL),(675,8704,20,40814,7,23,855,5,7,2,2,'Servicios Empresariales',150000.00,NULL,NULL,NULL,NULL,5,NULL,'2025-05-01','2025-05-31','2025-06-10','2025-01-07 15:09:01','2025-06-02 16:51:40',NULL),(676,8704,20,40814,7,23,855,5,7,2,2,'Servicios Empresariales',150000.00,NULL,NULL,NULL,NULL,5,NULL,'2025-05-01','2025-05-31','2025-06-10','2025-01-07 15:09:01','2025-06-02 16:51:40',NULL),(677,8704,20,40814,7,23,855,5,7,2,2,'Servicios Empresariales',150000.00,NULL,NULL,NULL,NULL,5,NULL,'2025-05-01','2025-05-31','2025-06-10','2025-01-07 15:09:01','2025-06-02 16:51:40',NULL),(678,8704,20,40814,7,23,855,5,7,2,2,'Servicios Empresariales',150000.00,NULL,NULL,NULL,NULL,5,NULL,'2025-05-01','2025-05-31','2025-06-10','2025-01-07 15:09:01','2025-06-02 16:51:40',NULL),(679,8704,20,40814,7,23,855,5,7,2,2,'Servicios Empresariales',150000.00,NULL,NULL,NULL,NULL,5,NULL,'2025-05-01','2025-05-31','2025-06-10','2025-01-07 15:09:01','2025-06-02 16:51:40',NULL),(680,8704,20,40814,7,23,855,5,7,2,2,'Servicios Empresariales',150000.00,NULL,NULL,NULL,NULL,5,NULL,'2025-05-01','2025-05-31','2025-06-10','2025-01-07 15:09:01','2025-06-02 16:51:40',NULL),(681,8704,20,40814,7,23,855,5,7,2,2,'Servicios Empresariales',150000.00,NULL,NULL,NULL,NULL,5,NULL,'2025-05-01','2025-05-31','2025-06-10','2025-01-07 15:09:01','2025-06-02 16:51:40',NULL),(682,8704,20,40814,7,23,855,5,7,2,2,'Servicios Empresariales',150000.00,NULL,NULL,NULL,NULL,5,NULL,'2025-05-01','2025-05-31','2025-06-10','2025-01-07 15:09:01','2025-06-02 16:51:40',NULL),(683,8704,20,40814,7,23,855,5,7,2,2,'Servicios Empresariales',150000.00,NULL,NULL,NULL,NULL,5,NULL,'2025-05-01','2025-05-31','2025-06-10','2025-01-07 15:09:01','2025-06-02 16:51:40',NULL),(684,8704,20,40814,7,23,855,5,7,2,2,'Servicios Empresariales',150000.00,NULL,NULL,NULL,NULL,5,NULL,'2025-05-01','2025-05-31','2025-06-10','2025-01-07 15:09:01','2025-06-02 16:51:40',NULL),(811,8704,25,40814,7,23,946,5,7,3,2,'prueba',1.00,NULL,NULL,NULL,NULL,11,NULL,'2025-01-01','2025-01-31','2025-02-04','2025-02-04 21:52:28','2025-02-04 21:52:49',NULL),(812,8704,25,40814,7,23,946,5,7,3,2,'prueba',1.00,NULL,NULL,NULL,NULL,11,NULL,'2025-01-01','2025-01-31','2025-02-04','2025-02-04 21:52:28','2025-02-04 21:52:49',NULL);
INSERT INTO `fa_masiva_detalle` VALUES (813,8704,25,40814,7,23,946,5,7,3,2,'prueba',1.00,NULL,NULL,NULL,NULL,11,NULL,'2025-01-01','2025-01-31','2025-02-04','2025-02-04 21:52:28','2025-02-04 21:52:49',NULL),(814,8704,25,40814,7,23,946,5,7,3,2,'prueba',1.00,NULL,NULL,NULL,NULL,11,NULL,'2025-01-01','2025-01-31','2025-02-04','2025-02-04 21:52:28','2025-02-04 21:52:49',NULL),(815,8704,25,40814,7,23,946,5,7,3,2,'prueba',1.00,NULL,NULL,NULL,NULL,11,NULL,'2025-01-01','2025-01-31','2025-02-04','2025-02-04 21:52:28','2025-02-04 21:52:49',NULL),(816,8704,25,40814,7,23,946,5,7,3,2,'prueba',1.00,NULL,NULL,NULL,NULL,11,NULL,'2025-01-01','2025-01-31','2025-02-04','2025-02-04 21:52:28','2025-02-04 21:52:49',NULL),(817,8704,25,40814,7,23,946,5,7,3,2,'prueba',1.00,NULL,NULL,NULL,NULL,11,NULL,'2025-01-01','2025-01-31','2025-02-04','2025-02-04 21:52:28','2025-02-04 21:52:49',NULL),(872,8704,30,40814,7,23,614,5,7,3,2,'Indumentaria',150000.00,NULL,NULL,NULL,NULL,6,NULL,'2025-02-01','2025-02-28','2025-03-10','2025-02-10 21:18:06','2025-03-10 19:55:23',NULL),(873,8704,30,40814,7,23,614,5,7,3,2,'Indumentaria',150000.00,NULL,NULL,NULL,NULL,6,NULL,'2025-02-01','2025-02-28','2025-03-10','2025-02-10 21:18:06','2025-03-10 19:55:23',NULL),(874,8704,30,40814,7,23,614,5,7,3,2,'Indumentaria',150000.00,NULL,NULL,NULL,NULL,6,NULL,'2025-02-01','2025-02-28','2025-03-10','2025-02-10 21:18:06','2025-03-10 19:55:23',NULL),(875,8704,30,40814,7,23,614,5,7,3,2,'Indumentaria',150000.00,NULL,NULL,NULL,NULL,6,NULL,'2025-02-01','2025-02-28','2025-03-10','2025-02-10 21:18:06','2025-03-10 19:55:23',NULL),(876,8704,30,40814,7,23,614,5,7,3,2,'Indumentaria',150000.00,NULL,NULL,NULL,NULL,6,NULL,'2025-02-01','2025-02-28','2025-03-10','2025-02-10 21:18:06','2025-03-10 19:55:23',NULL),(877,8704,30,40814,7,23,614,5,7,3,2,'Indumentaria',150000.00,NULL,NULL,NULL,NULL,6,NULL,'2025-02-01','2025-02-28','2025-03-10','2025-02-10 21:18:06','2025-03-10 19:55:23',NULL),(878,8704,30,40814,7,23,614,5,7,3,2,'Indumentaria',150000.00,NULL,NULL,NULL,NULL,6,NULL,'2025-02-01','2025-02-28','2025-03-10','2025-02-10 21:18:06','2025-03-10 19:55:23',NULL),(879,8704,30,40814,7,23,614,5,7,3,2,'Indumentaria',150000.00,NULL,NULL,NULL,NULL,6,NULL,'2025-02-01','2025-02-28','2025-03-10','2025-02-10 21:18:06','2025-03-10 19:55:23',NULL),(880,8704,30,40814,7,23,614,5,7,3,2,'Indumentaria',150000.00,NULL,NULL,NULL,NULL,6,NULL,'2025-02-01','2025-02-28','2025-03-10','2025-02-10 21:18:06','2025-03-10 19:55:23',NULL),(881,8704,30,40814,7,23,614,5,7,3,2,'Indumentaria',150000.00,NULL,NULL,NULL,NULL,6,NULL,'2025-02-01','2025-02-28','2025-03-10','2025-02-10 21:18:06','2025-03-10 19:55:23',NULL),(882,8704,30,40814,7,23,614,5,7,3,2,'Indumentaria',150000.00,NULL,NULL,NULL,NULL,6,NULL,'2025-02-01','2025-02-28','2025-03-10','2025-02-10 21:18:06','2025-03-10 19:55:23',NULL),(883,8704,30,40814,7,23,614,5,7,3,2,'Indumentaria',150000.00,NULL,NULL,NULL,NULL,6,NULL,'2025-02-01','2025-02-28','2025-03-10','2025-02-10 21:18:06','2025-03-10 19:55:23',NULL),(884,8704,30,40814,7,23,614,5,7,3,2,'Indumentaria',150000.00,NULL,NULL,NULL,NULL,6,NULL,'2025-02-01','2025-02-28','2025-03-10','2025-02-10 21:18:06','2025-03-10 19:55:23',NULL),(885,8704,30,40814,7,23,614,5,7,3,2,'Indumentaria',150000.00,NULL,NULL,NULL,NULL,6,NULL,'2025-02-01','2025-02-28','2025-03-10','2025-02-10 21:18:06','2025-03-10 19:55:23',NULL),(886,8704,30,40814,7,23,614,5,7,3,2,'Indumentaria',150000.00,NULL,NULL,NULL,NULL,6,NULL,'2025-02-01','2025-02-28','2025-03-10','2025-02-10 21:18:06','2025-03-10 19:55:23',NULL),(887,8704,30,40814,7,23,614,5,7,3,2,'Indumentaria',150000.00,NULL,NULL,NULL,NULL,6,NULL,'2025-02-01','2025-02-28','2025-03-10','2025-02-10 21:18:06','2025-03-10 19:55:23',NULL),(888,8704,30,40814,7,23,614,5,7,3,2,'Indumentaria',100000.00,NULL,NULL,NULL,NULL,6,NULL,'2025-02-01','2025-02-28','2025-03-10','2025-02-10 21:18:06','2025-03-10 19:55:23',NULL),(941,8704,33,40814,7,23,709,5,7,3,2,'Comida',200000.00,NULL,NULL,NULL,NULL,12,NULL,'2025-04-01','2025-04-30','2025-05-10','2025-03-10 19:24:25','2025-05-10 16:56:25',NULL);
INSERT INTO `fa_masiva_detalle` VALUES (942,8704,33,40814,7,23,709,5,7,3,2,'Comida',200000.00,NULL,NULL,NULL,NULL,12,NULL,'2025-04-01','2025-04-30','2025-05-10','2025-03-10 19:24:25','2025-05-10 16:56:25',NULL),(943,8704,33,40814,7,23,709,5,7,3,2,'Comida',200000.00,NULL,NULL,NULL,NULL,12,NULL,'2025-04-01','2025-04-30','2025-05-10','2025-03-10 19:24:25','2025-05-10 16:56:25',NULL),(944,8704,33,40814,7,23,709,5,7,3,2,'Comida',200000.00,NULL,NULL,NULL,NULL,12,NULL,'2025-04-01','2025-04-30','2025-05-10','2025-03-10 19:24:25','2025-05-10 16:56:25',NULL),(945,8704,33,40814,7,23,709,5,7,3,2,'Comida',200000.00,NULL,NULL,NULL,NULL,12,NULL,'2025-04-01','2025-04-30','2025-05-10','2025-03-10 19:24:25','2025-05-10 16:56:25',NULL),(946,8704,33,40814,7,23,709,5,7,3,2,'Comida',200000.00,NULL,NULL,NULL,NULL,12,NULL,'2025-04-01','2025-04-30','2025-05-10','2025-03-10 19:24:25','2025-05-10 16:56:25',NULL),(947,8704,33,40814,7,23,709,5,7,3,2,'Comida',200000.00,NULL,NULL,NULL,NULL,12,NULL,'2025-04-01','2025-04-30','2025-05-10','2025-03-10 19:24:25','2025-05-10 16:56:25',NULL),(948,8704,33,40814,7,23,709,5,7,3,2,'Comida',200000.00,NULL,NULL,NULL,NULL,12,NULL,'2025-04-01','2025-04-30','2025-05-10','2025-03-10 19:24:25','2025-05-10 16:56:25',NULL),(949,8704,33,40814,7,23,709,5,7,3,2,'Comida',200000.00,NULL,NULL,NULL,NULL,12,NULL,'2025-04-01','2025-04-30','2025-05-10','2025-03-10 19:24:25','2025-05-10 16:56:25',NULL),(950,8704,33,40814,7,23,709,5,7,3,2,'Comida',200000.00,NULL,NULL,NULL,NULL,12,NULL,'2025-04-01','2025-04-30','2025-05-10','2025-03-10 19:24:25','2025-05-10 16:56:25',NULL),(951,8704,33,40814,7,23,709,5,7,3,2,'Comida',200000.00,NULL,NULL,NULL,NULL,12,NULL,'2025-04-01','2025-04-30','2025-05-10','2025-03-10 19:24:25','2025-05-10 16:56:25',NULL),(952,8704,33,40814,7,23,709,5,7,3,2,'Comida',200000.00,NULL,NULL,NULL,NULL,12,NULL,'2025-04-01','2025-04-30','2025-05-10','2025-03-10 19:24:25','2025-05-10 16:56:25',NULL),(953,8704,33,40814,7,23,709,5,7,3,2,'Comida',200000.00,NULL,NULL,NULL,NULL,12,NULL,'2025-04-01','2025-04-30','2025-05-10','2025-03-10 19:24:25','2025-05-10 16:56:25',NULL),(954,8704,33,40814,7,23,709,5,7,3,2,'Comida',200000.00,NULL,NULL,NULL,NULL,12,NULL,'2025-04-01','2025-04-30','2025-05-10','2025-03-10 19:24:25','2025-05-10 16:56:25',NULL),(1142,8704,38,40814,4,23,614,5,2,3,2,'Indumentaria',123966.94,NULL,NULL,NULL,NULL,8,NULL,'2025-03-01','2025-03-31','2025-04-10','2025-04-10 19:10:40','2025-04-10 19:10:53',NULL),(1143,8704,38,40814,4,23,614,5,2,3,2,'Indumentaria',123966.94,NULL,NULL,NULL,NULL,8,NULL,'2025-03-01','2025-03-31','2025-04-10','2025-04-10 19:10:40','2025-04-10 19:10:53',NULL),(1144,8704,38,40814,4,23,614,5,2,3,2,'Indumentaria',123966.94,NULL,NULL,NULL,NULL,8,NULL,'2025-03-01','2025-03-31','2025-04-10','2025-04-10 19:10:40','2025-04-10 19:10:53',NULL),(1145,8704,38,40814,4,23,614,5,2,3,2,'Indumentaria',123966.94,NULL,NULL,NULL,NULL,8,NULL,'2025-03-01','2025-03-31','2025-04-10','2025-04-10 19:10:40','2025-04-10 19:10:53',NULL),(1146,8704,38,40814,4,23,614,5,2,3,2,'Indumentaria',123966.94,NULL,NULL,NULL,NULL,8,NULL,'2025-03-01','2025-03-31','2025-04-10','2025-04-10 19:10:40','2025-04-10 19:10:53',NULL),(1147,8704,38,40814,4,23,614,5,2,3,2,'Indumentaria',123966.94,NULL,NULL,NULL,NULL,8,NULL,'2025-03-01','2025-03-31','2025-04-10','2025-04-10 19:10:40','2025-04-10 19:10:53',NULL),(1148,8704,38,40814,4,23,614,5,2,3,2,'Indumentaria',123966.94,NULL,NULL,NULL,NULL,8,NULL,'2025-03-01','2025-03-31','2025-04-10','2025-04-10 19:10:40','2025-04-10 19:10:53',NULL),(1149,8704,38,40814,4,23,614,5,2,3,2,'Indumentaria',123966.94,NULL,NULL,NULL,NULL,8,NULL,'2025-03-01','2025-03-31','2025-04-10','2025-04-10 19:10:40','2025-04-10 19:10:53',NULL),(1150,8704,38,40814,4,23,614,5,2,3,2,'Indumentaria',123966.94,NULL,NULL,NULL,NULL,8,NULL,'2025-03-01','2025-03-31','2025-04-10','2025-04-10 19:10:40','2025-04-10 19:10:53',NULL),(1151,8704,38,40814,4,23,614,5,2,3,2,'Indumentaria',123966.94,NULL,NULL,NULL,NULL,8,NULL,'2025-03-01','2025-03-31','2025-04-10','2025-04-10 19:10:40','2025-04-10 19:10:53',NULL);
INSERT INTO `fa_masiva_detalle` VALUES (1152,8704,38,40814,4,23,614,5,2,3,2,'Indumentaria',123966.94,NULL,NULL,NULL,NULL,8,NULL,'2025-03-01','2025-03-31','2025-04-10','2025-04-10 19:10:40','2025-04-10 19:10:53',NULL),(1153,8704,38,40814,4,23,614,5,2,3,2,'Indumentaria',123966.94,NULL,NULL,NULL,NULL,8,NULL,'2025-03-01','2025-03-31','2025-04-10','2025-04-10 19:10:40','2025-04-10 19:10:53',NULL),(1154,8704,38,40814,4,23,614,5,2,3,2,'Indumentaria',123966.94,NULL,NULL,NULL,NULL,8,NULL,'2025-03-01','2025-03-31','2025-04-10','2025-04-10 19:10:40','2025-04-10 19:10:53',NULL),(1155,8704,38,40814,4,23,614,5,2,3,2,'Indumentaria',123966.94,NULL,NULL,NULL,NULL,8,NULL,'2025-03-01','2025-03-31','2025-04-10','2025-04-10 19:10:40','2025-04-10 19:10:53',NULL),(1156,8704,38,40814,4,23,614,5,2,3,2,'Indumentaria',123966.94,NULL,NULL,NULL,NULL,8,NULL,'2025-03-01','2025-03-31','2025-04-10','2025-04-10 19:10:40','2025-04-10 19:10:53',NULL),(1157,8704,38,40814,4,23,614,5,2,3,2,'Indumentaria',123966.94,NULL,NULL,NULL,NULL,8,NULL,'2025-03-01','2025-03-31','2025-04-10','2025-04-10 19:10:40','2025-04-10 19:10:53',NULL),(1158,8704,38,40814,4,23,614,5,2,3,2,'Indumentaria',123966.94,NULL,NULL,NULL,NULL,8,NULL,'2025-03-01','2025-03-31','2025-04-10','2025-04-10 19:10:40','2025-04-10 19:10:53',NULL),(1159,8704,38,40814,4,23,614,5,2,3,2,'Indumentaria',123966.94,NULL,NULL,NULL,NULL,8,NULL,'2025-03-01','2025-03-31','2025-04-10','2025-04-10 19:10:40','2025-04-10 19:10:53',NULL),(1160,8704,38,40814,4,23,614,5,2,3,2,'Indumentaria',123966.94,NULL,NULL,NULL,NULL,8,NULL,'2025-03-01','2025-03-31','2025-04-10','2025-04-10 19:10:40','2025-04-10 19:10:53',NULL),(1161,8704,38,40814,4,23,614,5,2,3,2,'Indumentaria',123966.94,NULL,NULL,NULL,NULL,8,NULL,'2025-03-01','2025-03-31','2025-04-10','2025-04-10 19:10:40','2025-04-10 19:10:53',NULL),(1162,8704,38,40814,4,23,614,5,2,3,2,'Indumentaria',123966.94,NULL,NULL,NULL,NULL,8,NULL,'2025-03-01','2025-03-31','2025-04-10','2025-04-10 19:10:40','2025-04-10 19:10:53',NULL),(1163,8704,38,40814,4,23,614,5,2,3,2,'Indumentaria',123966.94,NULL,NULL,NULL,NULL,8,NULL,'2025-03-01','2025-03-31','2025-04-10','2025-04-10 19:10:40','2025-04-10 19:10:53',NULL),(1164,8704,38,40814,4,23,614,5,2,3,2,'Indumentaria',123966.94,NULL,NULL,NULL,NULL,8,NULL,'2025-03-01','2025-03-31','2025-04-10','2025-04-10 19:10:40','2025-04-10 19:10:53',NULL),(1165,8704,38,40814,4,23,614,5,2,3,2,'Indumentaria',123966.94,NULL,NULL,NULL,NULL,8,NULL,'2025-03-01','2025-03-31','2025-04-10','2025-04-10 19:10:40','2025-04-10 19:10:53',NULL),(1166,8704,38,40814,4,23,614,5,2,3,2,'Indumentaria',123966.94,NULL,NULL,NULL,NULL,8,NULL,'2025-03-01','2025-03-31','2025-04-10','2025-04-10 19:10:40','2025-04-10 19:10:53',NULL),(1167,8704,38,40814,4,23,614,5,2,3,2,'Indumentaria',123966.94,NULL,NULL,NULL,NULL,8,NULL,'2025-03-01','2025-03-31','2025-04-10','2025-04-10 19:10:40','2025-04-10 19:10:53',NULL),(1168,8704,38,40814,4,23,614,5,2,3,2,'Indumentaria',123966.94,NULL,NULL,NULL,NULL,8,NULL,'2025-03-01','2025-03-31','2025-04-10','2025-04-10 19:10:40','2025-04-10 19:10:53',NULL),(1169,8704,38,40814,4,23,614,5,2,3,2,'Indumentaria',123966.94,NULL,NULL,NULL,NULL,8,NULL,'2025-03-01','2025-03-31','2025-04-10','2025-04-10 19:10:40','2025-04-10 19:10:53',NULL),(1170,8704,38,40814,4,23,614,5,2,3,2,'Indumentaria',123966.94,NULL,NULL,NULL,NULL,8,NULL,'2025-03-01','2025-03-31','2025-04-10','2025-04-10 19:10:40','2025-04-10 19:10:53',NULL),(1171,8704,38,40814,4,23,614,5,2,3,2,'Indumentaria',123966.94,NULL,NULL,NULL,NULL,8,NULL,'2025-03-01','2025-03-31','2025-04-10','2025-04-10 19:10:40','2025-04-10 19:10:53',NULL),(1172,8704,38,40814,4,23,614,5,2,3,2,'Indumentaria',123966.94,NULL,NULL,NULL,NULL,8,NULL,'2025-03-01','2025-03-31','2025-04-10','2025-04-10 19:10:40','2025-04-10 19:10:53',NULL),(1173,8704,38,40814,4,23,614,5,2,3,2,'Indumentaria',123966.94,NULL,NULL,NULL,NULL,8,NULL,'2025-03-01','2025-03-31','2025-04-10','2025-04-10 19:10:40','2025-04-10 19:10:53',NULL);
INSERT INTO `fa_masiva_detalle` VALUES (1174,8704,38,40814,4,23,614,5,2,3,2,'Indumentaria',123966.94,NULL,NULL,NULL,NULL,8,NULL,'2025-03-01','2025-03-31','2025-04-10','2025-04-10 19:10:40','2025-04-10 19:10:53',NULL),(1175,8704,38,40814,4,23,614,5,2,3,2,'Indumentaria',123966.94,NULL,NULL,NULL,NULL,8,NULL,'2025-03-01','2025-03-31','2025-04-10','2025-04-10 19:10:40','2025-04-10 19:10:53',NULL),(1176,8704,38,40814,4,23,614,5,2,3,2,'Indumentaria',123966.94,NULL,NULL,NULL,NULL,8,NULL,'2025-03-01','2025-03-31','2025-04-10','2025-04-10 19:10:40','2025-04-10 19:10:53',NULL),(1177,8704,38,40814,4,23,614,5,2,3,2,'Indumentaria',123966.94,NULL,NULL,NULL,NULL,8,NULL,'2025-03-01','2025-03-31','2025-04-10','2025-04-10 19:10:40','2025-04-10 19:10:53',NULL),(1178,8704,38,40814,4,23,614,5,2,3,2,'Indumentaria',35934.74,NULL,NULL,NULL,NULL,8,NULL,'2025-03-01','2025-03-31','2025-04-10','2025-04-10 19:10:40','2025-04-10 19:10:53',NULL),(1179,8704,39,40814,7,22,946,5,7,2,2,'Servicios Personales',150000.00,NULL,NULL,NULL,NULL,13,NULL,'2025-04-01','2025-04-30','2025-05-10','2025-05-10 16:48:09','2025-05-10 16:58:47',NULL),(1180,8704,39,40814,7,22,946,5,7,2,2,'Servicios Personales',150000.00,NULL,NULL,NULL,NULL,13,NULL,'2025-04-01','2025-04-30','2025-05-10','2025-05-10 16:48:09','2025-05-10 16:58:47',NULL),(1181,8704,39,40814,7,22,946,5,7,2,2,'Servicios Personales',150000.00,NULL,NULL,NULL,NULL,13,NULL,'2025-04-01','2025-04-30','2025-05-10','2025-05-10 16:48:09','2025-05-10 16:58:47',NULL),(1182,8704,39,40814,7,22,946,5,7,2,2,'Servicios Personales',150000.00,NULL,NULL,NULL,NULL,13,NULL,'2025-04-01','2025-04-30','2025-05-10','2025-05-10 16:48:09','2025-05-10 16:58:47',NULL),(1183,8704,39,40814,7,22,946,5,7,2,2,'Servicios Personales',150000.00,NULL,NULL,NULL,NULL,13,NULL,'2025-04-01','2025-04-30','2025-05-10','2025-05-10 16:48:09','2025-05-10 16:58:47',NULL),(1184,8704,39,40814,7,22,946,5,7,2,2,'Servicios Personales',150000.00,NULL,NULL,NULL,NULL,13,NULL,'2025-04-01','2025-04-30','2025-05-10','2025-05-10 16:48:09','2025-05-10 16:58:47',NULL),(1185,8704,39,40814,7,22,946,5,7,2,2,'Servicios Personales',150000.00,NULL,NULL,NULL,NULL,13,NULL,'2025-04-01','2025-04-30','2025-05-10','2025-05-10 16:48:09','2025-05-10 16:58:47',NULL),(1186,8704,39,40814,7,22,946,5,7,2,2,'Servicios Personales',150000.00,NULL,NULL,NULL,NULL,13,NULL,'2025-04-01','2025-04-30','2025-05-10','2025-05-10 16:48:09','2025-05-10 16:58:47',NULL),(1187,8704,39,40814,7,22,946,5,7,2,2,'Servicios Personales',150000.00,NULL,NULL,NULL,NULL,13,NULL,'2025-04-01','2025-04-30','2025-05-10','2025-05-10 16:48:09','2025-05-10 16:58:47',NULL),(1188,8704,39,40814,7,22,946,5,7,2,2,'Servicios Personales',150000.00,NULL,NULL,NULL,NULL,13,NULL,'2025-04-01','2025-04-30','2025-05-10','2025-05-10 16:48:09','2025-05-10 16:58:47',NULL),(1189,8704,39,40814,7,22,946,5,7,2,2,'Servicios Personales',150000.00,NULL,NULL,NULL,NULL,13,NULL,'2025-04-01','2025-04-30','2025-05-10','2025-05-10 16:48:09','2025-05-10 16:58:47',NULL),(1190,8704,39,40814,7,22,946,5,7,2,2,'Servicios Personales',150000.00,NULL,NULL,NULL,NULL,13,NULL,'2025-04-01','2025-04-30','2025-05-10','2025-05-10 16:48:09','2025-05-10 16:58:47',NULL),(1191,8704,39,40814,7,22,946,5,7,2,2,'Servicios Personales',150000.00,NULL,NULL,NULL,NULL,13,NULL,'2025-04-01','2025-04-30','2025-05-10','2025-05-10 16:48:09','2025-05-10 16:58:47',NULL),(1192,8704,39,40814,7,22,946,5,7,2,2,'Servicios Personales',150000.00,NULL,NULL,NULL,NULL,13,NULL,'2025-04-01','2025-04-30','2025-05-10','2025-05-10 16:48:09','2025-05-10 16:58:47',NULL),(1193,8704,39,40814,7,22,946,5,7,2,2,'Servicios Personales',150000.00,NULL,NULL,NULL,NULL,13,NULL,'2025-04-01','2025-04-30','2025-05-10','2025-05-10 16:48:09','2025-05-10 16:58:47',NULL),(1194,8704,39,40814,7,22,946,5,7,2,2,'Servicios Personales',150000.00,NULL,NULL,NULL,NULL,13,NULL,'2025-04-01','2025-04-30','2025-05-10','2025-05-10 16:48:09','2025-05-10 16:58:47',NULL);
INSERT INTO `fa_masiva_detalle` VALUES (1195,8704,39,40814,7,22,946,5,7,2,2,'Servicios Personales',150000.00,NULL,NULL,NULL,NULL,13,NULL,'2025-04-01','2025-04-30','2025-05-10','2025-05-10 16:48:09','2025-05-10 16:58:47',NULL),(1196,8704,39,40814,7,22,946,5,7,2,2,'Servicios Personales',150000.00,NULL,NULL,NULL,NULL,13,NULL,'2025-04-01','2025-04-30','2025-05-10','2025-05-10 16:48:09','2025-05-10 16:58:47',NULL),(1197,8704,39,40814,7,22,946,5,7,2,2,'Servicios Personales',70000.00,NULL,NULL,NULL,NULL,13,NULL,'2025-04-01','2025-04-30','2025-05-10','2025-05-10 16:48:09','2025-05-10 16:58:47',NULL),(1198,11795,40,40815,1,23,638,6,2,3,2,'Prueba',1.00,NULL,NULL,NULL,NULL,18,NULL,'2025-10-31','2025-10-31','2025-10-31','2025-11-04 10:37:13','2025-11-04 10:38:05',NULL),(1199,11795,40,40815,1,23,638,6,2,3,2,'Prueba',1.00,NULL,NULL,NULL,NULL,18,NULL,'2025-10-31','2025-10-31','2025-10-31','2025-11-04 10:37:13','2025-11-04 10:38:05',NULL),(1200,11795,40,40815,1,23,638,6,2,3,2,'Prueba',1.00,NULL,NULL,NULL,NULL,18,NULL,'2025-10-31','2025-10-31','2025-10-31','2025-11-04 10:37:13','2025-11-04 10:38:05',NULL),(1201,11795,40,40815,1,23,638,6,2,3,2,'Prueba',1.00,NULL,NULL,NULL,NULL,18,NULL,'2025-10-31','2025-10-31','2025-10-31','2025-11-04 10:37:13','2025-11-04 10:38:05',NULL),(1202,11795,40,40815,1,23,638,6,2,3,2,'Prueba',1.00,NULL,NULL,NULL,NULL,18,NULL,'2025-10-31','2025-10-31','2025-10-31','2025-11-04 10:37:13','2025-11-04 10:38:05',NULL),(1203,11795,40,40815,1,23,638,6,2,3,2,'Prueba',1.00,NULL,NULL,NULL,NULL,18,NULL,'2025-10-31','2025-10-31','2025-10-31','2025-11-04 10:37:13','2025-11-04 10:38:05',NULL),(1204,11795,40,40815,1,23,638,6,2,3,2,'Prueba',1.00,NULL,NULL,NULL,NULL,18,NULL,'2025-10-31','2025-10-31','2025-10-31','2025-11-04 10:37:13','2025-11-04 10:38:05',NULL),(1205,11795,40,40815,1,23,638,6,2,3,2,'Prueba',1.00,NULL,NULL,NULL,NULL,18,NULL,'2025-10-31','2025-10-31','2025-10-31','2025-11-04 10:37:13','2025-11-04 10:38:05',NULL),(1206,11795,40,40815,1,23,638,6,2,3,2,'Prueba',1.00,NULL,NULL,NULL,NULL,18,NULL,'2025-10-31','2025-10-31','2025-10-31','2025-11-04 10:37:13','2025-11-04 10:38:05',NULL),(1207,11795,40,40815,1,23,638,6,2,3,2,'Prueba',1.00,NULL,NULL,NULL,NULL,18,NULL,'2025-10-31','2025-10-31','2025-10-31','2025-11-04 10:37:13','2025-11-04 10:38:05',NULL),(1208,11795,40,40815,1,23,638,6,2,3,2,'Prueba',1.00,NULL,NULL,NULL,NULL,18,NULL,'2025-10-31','2025-10-31','2025-10-31','2025-11-04 10:37:13','2025-11-04 10:38:05',NULL),(1209,11795,40,40815,1,23,638,6,2,3,2,'Prueba',1.00,NULL,NULL,NULL,NULL,18,NULL,'2025-10-31','2025-10-31','2025-10-31','2025-11-04 10:37:13','2025-11-04 10:38:05',NULL),(1210,11795,40,40815,1,23,638,6,2,3,2,'Prueba',1.00,NULL,NULL,NULL,NULL,18,NULL,'2025-10-31','2025-10-31','2025-10-31','2025-11-04 10:37:13','2025-11-04 10:38:05',NULL),(1211,11795,40,40815,1,23,638,6,2,3,2,'Prueba',1.00,NULL,NULL,NULL,NULL,18,NULL,'2025-10-31','2025-10-31','2025-10-31','2025-11-04 10:37:13','2025-11-04 10:38:05',NULL),(1212,11795,40,40815,1,23,638,6,2,3,2,'Prueba',1.00,NULL,NULL,NULL,NULL,18,NULL,'2025-10-31','2025-10-31','2025-10-31','2025-11-04 10:37:13','2025-11-04 10:38:05',NULL),(1213,11795,40,40815,1,23,638,6,2,3,2,'Prueba',1.00,NULL,NULL,NULL,NULL,18,NULL,'2025-10-31','2025-10-31','2025-10-31','2025-11-04 10:37:13','2025-11-04 10:38:05',NULL),(1214,11795,40,40815,1,23,638,6,2,3,2,'Prueba',1.00,NULL,NULL,NULL,NULL,18,NULL,'2025-10-31','2025-10-31','2025-10-31','2025-11-04 10:37:13','2025-11-04 10:38:05',NULL),(1215,11795,40,40815,1,23,638,6,2,3,2,'Prueba',1.00,NULL,NULL,NULL,NULL,18,NULL,'2025-10-31','2025-10-31','2025-10-31','2025-11-04 10:37:13','2025-11-04 10:38:05',NULL),(1216,11795,40,40815,1,23,638,6,2,3,2,'Prueba',1.00,NULL,NULL,NULL,NULL,18,NULL,'2025-10-31','2025-10-31','2025-10-31','2025-11-04 10:37:13','2025-11-04 10:38:05',NULL),(1217,11795,40,40815,1,23,638,6,2,3,2,'Prueba',1.00,NULL,NULL,NULL,NULL,18,NULL,'2025-10-31','2025-10-31','2025-10-31','2025-11-04 10:37:13','2025-11-04 10:38:05',NULL);
INSERT INTO `fa_masiva_detalle` VALUES (1218,11795,40,40815,1,23,638,6,2,3,2,'Prueba',1.00,NULL,NULL,NULL,NULL,18,NULL,'2025-10-31','2025-10-31','2025-10-31','2025-11-04 10:37:13','2025-11-04 10:38:05',NULL),(1219,11795,40,40815,1,23,638,6,2,3,2,'Prueba',1.00,NULL,NULL,NULL,NULL,18,NULL,'2025-10-31','2025-10-31','2025-10-31','2025-11-04 10:37:13','2025-11-04 10:38:05',NULL),(1220,11795,40,40815,1,23,638,6,2,3,2,'Prueba',1.00,NULL,NULL,NULL,NULL,18,NULL,'2025-10-31','2025-10-31','2025-10-31','2025-11-04 10:37:13','2025-11-04 10:38:05',NULL),(1221,11795,40,40815,1,23,638,6,2,3,2,'Prueba',1.00,NULL,NULL,NULL,NULL,18,NULL,'2025-10-31','2025-10-31','2025-10-31','2025-11-04 10:37:13','2025-11-04 10:38:05',NULL),(1222,11795,40,40815,1,23,638,6,2,3,2,'Prueba',1.00,NULL,NULL,NULL,NULL,18,NULL,'2025-10-31','2025-10-31','2025-10-31','2025-11-04 10:37:13','2025-11-04 10:38:05',NULL),(1223,11795,40,40815,1,23,638,6,2,3,2,'Prueba',1.00,NULL,NULL,NULL,NULL,18,NULL,'2025-10-31','2025-10-31','2025-10-31','2025-11-04 10:37:13','2025-11-04 10:38:05',NULL),(1224,11795,40,40815,1,23,638,6,2,3,2,'Prueba',1.00,NULL,NULL,NULL,NULL,18,NULL,'2025-10-31','2025-10-31','2025-10-31','2025-11-04 10:37:13','2025-11-04 10:38:05',NULL),(1225,11795,40,40815,1,23,638,6,2,3,2,'Prueba',1.00,NULL,NULL,NULL,NULL,18,NULL,'2025-10-31','2025-10-31','2025-10-31','2025-11-04 10:37:13','2025-11-04 10:38:05',NULL),(1226,11795,40,40815,1,23,638,6,2,3,2,'Prueba',1.00,NULL,NULL,NULL,NULL,18,NULL,'2025-10-31','2025-10-31','2025-10-31','2025-11-04 10:37:13','2025-11-04 10:38:05',NULL),(1227,11795,40,40815,1,23,638,6,2,3,2,'Prueba',1.00,NULL,NULL,NULL,NULL,18,NULL,'2025-10-31','2025-10-31','2025-10-31','2025-11-04 10:37:13','2025-11-04 10:38:05',NULL),(1228,11795,40,40815,1,23,638,6,2,3,2,'Prueba',1.00,NULL,NULL,NULL,NULL,18,NULL,'2025-10-31','2025-10-31','2025-10-31','2025-11-04 10:37:13','2025-11-04 10:38:05',NULL),(1229,11795,40,40815,1,23,638,6,2,3,2,'Prueba',1.00,NULL,NULL,NULL,NULL,18,NULL,'2025-10-31','2025-10-31','2025-10-31','2025-11-04 10:37:13','2025-11-04 10:38:05',NULL),(1230,11795,40,40815,1,23,638,6,2,3,2,'Prueba',1.00,NULL,NULL,NULL,NULL,18,NULL,'2025-10-31','2025-10-31','2025-10-31','2025-11-04 10:37:13','2025-11-04 10:38:05',NULL),(1231,11795,40,40815,1,23,638,6,2,3,2,'Prueba',1.00,NULL,NULL,NULL,NULL,18,NULL,'2025-10-31','2025-10-31','2025-10-31','2025-11-04 10:37:13','2025-11-04 10:38:05',NULL),(1232,11795,40,40815,1,23,638,6,2,3,2,'Prueba',1.00,NULL,NULL,NULL,NULL,18,NULL,'2025-10-31','2025-10-31','2025-10-31','2025-11-04 10:37:13','2025-11-04 10:38:05',NULL),(1233,11795,40,40815,1,23,638,6,2,3,2,'Prueba',1.00,NULL,NULL,NULL,NULL,18,NULL,'2025-10-31','2025-10-31','2025-10-31','2025-11-04 10:37:13','2025-11-04 10:38:05',NULL),(1234,11795,40,40815,1,23,638,6,2,3,2,'Prueba',1.00,NULL,NULL,NULL,NULL,18,NULL,'2025-10-31','2025-10-31','2025-10-31','2025-11-04 10:37:13','2025-11-04 10:38:05',NULL),(1235,11795,40,40815,1,23,638,6,2,3,2,'Prueba',1.00,NULL,NULL,NULL,NULL,18,NULL,'2025-10-31','2025-10-31','2025-10-31','2025-11-04 10:37:13','2025-11-04 10:38:05',NULL),(1236,11795,40,40815,1,23,638,6,2,3,2,'Prueba',1.00,NULL,NULL,NULL,NULL,18,NULL,'2025-10-31','2025-10-31','2025-10-31','2025-11-04 10:37:13','2025-11-04 10:38:05',NULL),(1237,11795,40,40815,1,23,638,6,2,3,2,'Prueba',1.00,NULL,NULL,NULL,NULL,18,NULL,'2025-10-31','2025-10-31','2025-10-31','2025-11-04 10:37:13','2025-11-04 10:38:05',NULL),(1238,11795,40,40815,1,23,638,6,2,3,2,'Prueba',1.00,NULL,NULL,NULL,NULL,18,NULL,'2025-10-31','2025-10-31','2025-10-31','2025-11-04 10:37:13','2025-11-04 10:38:05',NULL),(1239,11795,40,40815,1,23,638,6,2,3,2,'Prueba',1.00,NULL,NULL,NULL,NULL,18,NULL,'2025-10-31','2025-10-31','2025-10-31','2025-11-04 10:37:13','2025-11-04 10:38:05',NULL),(1240,11795,40,40815,1,23,638,6,2,3,2,'Prueba',1.00,NULL,NULL,NULL,NULL,18,NULL,'2025-10-31','2025-10-31','2025-10-31','2025-11-04 10:37:13','2025-11-04 10:38:05',NULL);
INSERT INTO `fa_masiva_detalle` VALUES (1241,11795,40,40815,1,23,638,6,2,3,2,'Prueba',1.00,NULL,NULL,NULL,NULL,18,NULL,'2025-10-31','2025-10-31','2025-10-31','2025-11-04 10:37:13','2025-11-04 10:38:05',NULL),(1242,11795,40,40815,1,23,638,6,2,3,2,'Prueba',1.00,NULL,NULL,NULL,NULL,18,NULL,'2025-10-31','2025-10-31','2025-10-31','2025-11-04 10:37:14','2025-11-04 10:38:05',NULL),(1243,11795,40,40815,1,23,638,6,2,3,2,'Prueba',1.00,NULL,NULL,NULL,NULL,18,NULL,'2025-10-31','2025-10-31','2025-10-31','2025-11-04 10:37:14','2025-11-04 10:38:05',NULL),(1244,11795,40,40815,1,23,638,6,2,3,2,'Prueba',1.00,NULL,NULL,NULL,NULL,18,NULL,'2025-10-31','2025-10-31','2025-10-31','2025-11-04 10:37:14','2025-11-04 10:38:05',NULL),(1245,11795,40,40815,1,23,638,6,2,3,2,'Prueba',1.00,NULL,NULL,NULL,NULL,18,NULL,'2025-10-31','2025-10-31','2025-10-31','2025-11-04 10:37:14','2025-11-04 10:38:05',NULL),(1246,11795,40,40815,1,23,638,6,2,3,2,'Prueba',1.00,NULL,NULL,NULL,NULL,18,NULL,'2025-10-31','2025-10-31','2025-10-31','2025-11-04 10:37:14','2025-11-04 10:38:05',NULL),(1247,11795,40,40815,1,23,638,6,2,3,2,'Prueba',1.00,NULL,NULL,NULL,NULL,18,NULL,'2025-10-31','2025-10-31','2025-10-31','2025-11-04 10:37:14','2025-11-04 10:38:05',NULL),(1248,11795,40,40815,1,23,638,6,2,3,2,'Prueba',1.00,NULL,NULL,NULL,NULL,18,NULL,'2025-10-31','2025-10-31','2025-10-31','2025-11-04 10:37:14','2025-11-04 10:38:05',NULL),(1249,11795,40,40815,1,23,638,6,2,3,2,'Prueba',1.00,NULL,NULL,NULL,NULL,18,NULL,'2025-10-31','2025-10-31','2025-10-31','2025-11-04 10:37:14','2025-11-04 10:38:05',NULL),(1250,11795,40,40815,1,23,638,6,2,3,2,'Prueba',1.00,NULL,NULL,NULL,NULL,18,NULL,'2025-10-31','2025-10-31','2025-10-31','2025-11-04 10:37:14','2025-11-04 10:38:05',NULL),(1251,11795,40,40815,1,23,638,6,2,3,2,'Prueba',1.00,NULL,NULL,NULL,NULL,18,NULL,'2025-10-31','2025-10-31','2025-10-31','2025-11-04 10:37:14','2025-11-04 10:38:05',NULL),(1252,11795,40,40815,1,23,638,6,2,3,2,'Prueba',1.00,NULL,NULL,NULL,NULL,18,NULL,'2025-10-31','2025-10-31','2025-10-31','2025-11-04 10:37:14','2025-11-04 10:38:05',NULL),(1253,11795,40,40815,1,23,638,6,2,3,2,'Prueba',1.00,NULL,NULL,NULL,NULL,18,NULL,'2025-10-31','2025-10-31','2025-10-31','2025-11-04 10:37:14','2025-11-04 10:38:05',NULL),(1254,11795,40,40815,1,23,638,6,2,3,2,'Prueba',1.00,NULL,NULL,NULL,NULL,18,NULL,'2025-10-31','2025-10-31','2025-10-31','2025-11-04 10:37:14','2025-11-04 10:38:05',NULL),(1255,11795,40,40815,1,23,638,6,2,3,2,'Prueba',1.00,NULL,NULL,NULL,NULL,18,NULL,'2025-10-31','2025-10-31','2025-10-31','2025-11-04 10:37:14','2025-11-04 10:38:05',NULL),(1256,11795,40,40815,1,23,638,6,2,3,2,'Prueba',1.00,NULL,NULL,NULL,NULL,18,NULL,'2025-10-31','2025-10-31','2025-10-31','2025-11-04 10:37:14','2025-11-04 10:38:05',NULL),(1257,11795,40,40815,1,23,638,6,2,3,2,'Prueba',1.00,NULL,NULL,NULL,NULL,18,NULL,'2025-10-31','2025-10-31','2025-10-31','2025-11-04 10:37:14','2025-11-04 10:38:05',NULL),(1258,11795,40,40815,1,23,638,6,2,3,2,'Prueba',1.00,NULL,NULL,NULL,NULL,18,NULL,'2025-10-31','2025-10-31','2025-10-31','2025-11-04 10:37:14','2025-11-04 10:38:05',NULL),(1259,11795,40,40815,1,23,638,6,2,3,2,'Prueba',1.00,NULL,NULL,NULL,NULL,18,NULL,'2025-10-31','2025-10-31','2025-10-31','2025-11-04 10:37:14','2025-11-04 10:38:05',NULL),(1260,11795,40,40815,1,23,638,6,2,3,2,'Prueba',1.00,NULL,NULL,NULL,NULL,18,NULL,'2025-10-31','2025-10-31','2025-10-31','2025-11-04 10:37:14','2025-11-04 10:38:05',NULL),(1261,11795,40,40815,1,23,638,6,2,3,2,'Prueba',1.00,NULL,NULL,NULL,NULL,18,NULL,'2025-10-31','2025-10-31','2025-10-31','2025-11-04 10:37:14','2025-11-04 10:38:05',NULL),(1262,11795,40,40815,1,23,638,6,2,3,2,'Prueba',1.00,NULL,NULL,NULL,NULL,18,NULL,'2025-10-31','2025-10-31','2025-10-31','2025-11-04 10:37:14','2025-11-04 10:38:05',NULL),(1263,11795,40,40815,1,23,638,6,2,3,2,'Prueba',1.00,NULL,NULL,NULL,NULL,18,NULL,'2025-10-31','2025-10-31','2025-10-31','2025-11-04 10:37:14','2025-11-04 10:38:05',NULL);
INSERT INTO `fa_masiva_detalle` VALUES (1264,11795,40,40815,1,23,638,6,2,3,2,'Prueba',1.00,NULL,NULL,NULL,NULL,18,NULL,'2025-10-31','2025-10-31','2025-10-31','2025-11-04 10:37:14','2025-11-04 10:38:05',NULL),(1265,11795,40,40815,1,23,638,6,2,3,2,'Prueba',1.00,NULL,NULL,NULL,NULL,18,NULL,'2025-10-31','2025-10-31','2025-10-31','2025-11-04 10:37:14','2025-11-04 10:38:05',NULL),(1266,11795,40,40815,1,23,638,6,2,3,2,'Prueba',1.00,NULL,NULL,NULL,NULL,18,NULL,'2025-10-31','2025-10-31','2025-10-31','2025-11-04 10:37:14','2025-11-04 10:38:05',NULL),(1267,11795,40,40815,1,23,638,6,2,3,2,'Prueba',1.00,NULL,NULL,NULL,NULL,18,NULL,'2025-10-31','2025-10-31','2025-10-31','2025-11-04 10:37:14','2025-11-04 10:38:05',NULL),(1268,11795,40,40815,1,23,638,6,2,3,2,'Prueba',1.00,NULL,NULL,NULL,NULL,18,NULL,'2025-10-31','2025-10-31','2025-10-31','2025-11-04 10:37:14','2025-11-04 10:38:05',NULL),(1269,11795,40,40815,1,23,638,6,2,3,2,'Prueba',1.00,NULL,NULL,NULL,NULL,18,NULL,'2025-10-31','2025-10-31','2025-10-31','2025-11-04 10:37:14','2025-11-04 10:38:05',NULL),(1270,11795,40,40815,1,23,638,6,2,3,2,'Prueba',1.00,NULL,NULL,NULL,NULL,18,NULL,'2025-10-31','2025-10-31','2025-10-31','2025-11-04 10:37:14','2025-11-04 10:38:05',NULL),(1271,11795,40,40815,1,23,638,6,2,3,2,'Prueba',1.00,NULL,NULL,NULL,NULL,18,NULL,'2025-10-31','2025-10-31','2025-10-31','2025-11-04 10:37:14','2025-11-04 10:38:05',NULL),(1272,11795,40,40815,1,23,638,6,2,3,2,'Prueba',1.00,NULL,NULL,NULL,NULL,18,NULL,'2025-10-31','2025-10-31','2025-10-31','2025-11-04 10:37:14','2025-11-04 10:38:05',NULL),(1273,11795,40,40815,1,23,638,6,2,3,2,'Prueba',1.00,NULL,NULL,NULL,NULL,18,NULL,'2025-10-31','2025-10-31','2025-10-31','2025-11-04 10:37:14','2025-11-04 10:38:05',NULL),(1274,11795,40,40815,1,23,638,6,2,3,2,'Prueba',1.00,NULL,NULL,NULL,NULL,18,NULL,'2025-10-31','2025-10-31','2025-10-31','2025-11-04 10:37:14','2025-11-04 10:38:05',NULL),(1275,11795,40,40815,1,23,638,6,2,3,2,'Prueba',1.00,NULL,NULL,NULL,NULL,18,NULL,'2025-10-31','2025-10-31','2025-10-31','2025-11-04 10:37:14','2025-11-04 10:38:05',NULL),(1276,11795,40,40815,1,23,638,6,2,3,2,'Prueba',1.00,NULL,NULL,NULL,NULL,18,NULL,'2025-10-31','2025-10-31','2025-10-31','2025-11-04 10:37:14','2025-11-04 10:38:05',NULL),(1277,11795,40,40815,1,23,638,6,2,3,2,'Prueba',1.00,NULL,NULL,NULL,NULL,18,NULL,'2025-10-31','2025-10-31','2025-10-31','2025-11-04 10:37:14','2025-11-04 10:38:05',NULL),(1278,11795,40,40815,1,23,638,6,2,3,2,'Prueba',1.00,NULL,NULL,NULL,NULL,18,NULL,'2025-10-31','2025-10-31','2025-10-31','2025-11-04 10:37:14','2025-11-04 10:38:05',NULL),(1279,11795,40,40815,1,23,638,6,2,3,2,'Prueba',1.00,NULL,NULL,NULL,NULL,18,NULL,'2025-10-31','2025-10-31','2025-10-31','2025-11-04 10:37:14','2025-11-04 10:38:05',NULL),(1280,11795,40,40815,1,23,638,6,2,3,2,'Prueba',1.00,NULL,NULL,NULL,NULL,18,NULL,'2025-10-31','2025-10-31','2025-10-31','2025-11-04 10:37:14','2025-11-04 10:38:05',NULL),(1281,11795,40,40815,1,23,638,6,2,3,2,'Prueba',1.00,NULL,NULL,NULL,NULL,18,NULL,'2025-10-31','2025-10-31','2025-10-31','2025-11-04 10:37:14','2025-11-04 10:38:05',NULL),(1282,11795,40,40815,1,23,638,6,2,3,2,'Prueba',1.00,NULL,NULL,NULL,NULL,18,NULL,'2025-10-31','2025-10-31','2025-10-31','2025-11-04 10:37:14','2025-11-04 10:38:05',NULL),(1283,11795,40,40815,1,23,638,6,2,3,2,'Prueba',1.00,NULL,NULL,NULL,NULL,18,NULL,'2025-10-31','2025-10-31','2025-10-31','2025-11-04 10:37:14','2025-11-04 10:38:05',NULL),(1284,11795,40,40815,1,23,638,6,2,3,2,'Prueba',1.00,NULL,NULL,NULL,NULL,18,NULL,'2025-10-31','2025-10-31','2025-10-31','2025-11-04 10:37:14','2025-11-04 10:38:05',NULL),(1285,11795,40,40815,1,23,638,6,2,3,2,'Prueba',1.00,NULL,NULL,NULL,NULL,18,NULL,'2025-10-31','2025-10-31','2025-10-31','2025-11-04 10:37:14','2025-11-04 10:38:05',NULL),(1286,11795,40,40815,1,23,638,6,2,3,2,'Prueba',1.00,NULL,NULL,NULL,NULL,18,NULL,'2025-10-31','2025-10-31','2025-10-31','2025-11-04 10:37:14','2025-11-04 10:38:05',NULL);
INSERT INTO `fa_masiva_detalle` VALUES (1287,11795,40,40815,1,23,638,6,2,3,2,'Prueba',1.00,NULL,NULL,NULL,NULL,18,NULL,'2025-10-31','2025-10-31','2025-10-31','2025-11-04 10:37:14','2025-11-04 10:38:05',NULL),(1288,11795,40,40815,1,23,638,6,2,3,2,'Prueba',1.00,NULL,NULL,NULL,NULL,18,NULL,'2025-10-31','2025-10-31','2025-10-31','2025-11-04 10:37:14','2025-11-04 10:38:05',NULL),(1289,11795,40,40815,1,23,638,6,2,3,2,'Prueba',1.00,NULL,NULL,NULL,NULL,18,NULL,'2025-10-31','2025-10-31','2025-10-31','2025-11-04 10:37:14','2025-11-04 10:38:05',NULL),(1290,11795,40,40815,1,23,638,6,2,3,2,'Prueba',1.00,NULL,NULL,NULL,NULL,18,NULL,'2025-10-31','2025-10-31','2025-10-31','2025-11-04 10:37:14','2025-11-04 10:38:05',NULL),(1291,11795,40,40815,1,23,638,6,2,3,2,'Prueba',1.00,NULL,NULL,NULL,NULL,18,NULL,'2025-10-31','2025-10-31','2025-10-31','2025-11-04 10:37:14','2025-11-04 10:38:05',NULL),(1292,11795,40,40815,1,23,638,6,2,3,2,'Prueba',1.00,NULL,NULL,NULL,NULL,18,NULL,'2025-10-31','2025-10-31','2025-10-31','2025-11-04 10:37:14','2025-11-04 10:38:05',NULL),(1293,11795,40,40815,1,23,638,6,2,3,2,'Prueba',1.00,NULL,NULL,NULL,NULL,18,NULL,'2025-10-31','2025-10-31','2025-10-31','2025-11-04 10:37:14','2025-11-04 10:38:05',NULL),(1294,11795,40,40815,1,23,638,6,2,3,2,'Prueba',1.00,NULL,NULL,NULL,NULL,18,NULL,'2025-10-31','2025-10-31','2025-10-31','2025-11-04 10:37:14','2025-11-04 10:38:05',NULL),(1295,11795,40,40815,1,23,638,6,2,3,2,'Prueba',1.00,NULL,NULL,NULL,NULL,18,NULL,'2025-10-31','2025-10-31','2025-10-31','2025-11-04 10:37:14','2025-11-04 10:38:05',NULL),(1296,11795,40,40815,1,23,638,6,2,3,2,'Prueba',1.00,NULL,NULL,NULL,NULL,18,NULL,'2025-10-31','2025-10-31','2025-10-31','2025-11-04 10:37:14','2025-11-04 10:38:05',NULL),(1297,11795,40,40815,1,23,638,6,2,3,2,'Prueba',1.00,NULL,NULL,NULL,NULL,18,NULL,'2025-10-31','2025-10-31','2025-10-31','2025-11-04 10:37:14','2025-11-04 10:38:05',NULL);

--
-- Table structure for table `fa_masiva_stock`
--

CREATE TABLE `fa_masiva_stock` (
  `id` bigint(20) unsigned NOT NULL AUTO_INCREMENT,
  `user_id` int(10) unsigned DEFAULT NULL,
  `person_id` int(10) unsigned NOT NULL,
  `person_id_relationed` int(10) unsigned NOT NULL,
  `data` longtext COLLATE utf8mb4_unicode_ci,
  `created_at` timestamp NULL DEFAULT NULL,
  `updated_at` timestamp NULL DEFAULT NULL,
  `deleted_at` timestamp NULL DEFAULT NULL,
  PRIMARY KEY (`id`),
  KEY `fa_masiva_stock_person_id_foreign` (`person_id`),
  KEY `fa_masiva_stock_person_id_relationed_foreign` (`person_id_relationed`),
  CONSTRAINT `fa_masiva_stock_person_id_foreign` FOREIGN KEY (`person_id`) REFERENCES `persons` (`id`),
  CONSTRAINT `fa_masiva_stock_person_id_relationed_foreign` FOREIGN KEY (`person_id_relationed`) REFERENCES `persons` (`id`)
) ENGINE=InnoDB DEFAULT CHARSET=utf8mb4 COLLATE=utf8mb4_unicode_ci;

--
-- Dumping data for table `fa_masiva_stock`
--


--
-- Table structure for table `fac_elec_cond_frente_iva`
--

CREATE TABLE `fac_elec_cond_frente_iva` (
  `id` int(10) unsigned NOT NULL AUTO_INCREMENT,
  `name` varchar(191) COLLATE utf8mb4_unicode_ci NOT NULL,
  `created_at` timestamp NULL DEFAULT NULL,
  `updated_at` timestamp NULL DEFAULT NULL,
  `deleted_at` timestamp NULL DEFAULT NULL,
  PRIMARY KEY (`id`),
  UNIQUE KEY `fac_elec_cond_frente_iva_name_unique` (`name`)
) ENGINE=InnoDB AUTO_INCREMENT=11 DEFAULT CHARSET=utf8mb4 COLLATE=utf8mb4_unicode_ci;

--
-- Dumping data for table `fac_elec_cond_frente_iva`
--

INSERT INTO `fac_elec_cond_frente_iva` VALUES (1,'IVA Responsable Inscripto','2019-07-15 18:37:39','2019-07-15 18:37:39',NULL),(2,'IVA Sujeto Exento','2019-07-15 18:37:39','2019-07-15 18:37:39',NULL),(3,'Consumidor Final','2019-07-15 18:37:39','2019-07-15 18:37:39',NULL),(4,'Responsable Monotributo','2019-07-15 18:37:39','2019-07-15 18:37:39',NULL),(5,'Proveedor del Exterior','2019-07-15 18:37:39','2019-07-15 18:37:39',NULL),(6,'Cliente del Exterior','2019-07-15 18:37:39','2019-07-15 18:37:39',NULL),(7,'IVA Liberado - Ley Nº 19.640','2019-07-15 18:37:39','2019-07-15 18:37:39',NULL),(8,'IVA Responsable Inscripto - Agente de Percepción','2019-07-15 18:37:39','2019-07-15 18:37:39',NULL),(9,'Monotributista Social','2019-07-15 18:37:39','2019-07-15 18:37:39',NULL),(10,'IVA No Alcanzado','2019-07-15 18:37:39','2019-07-15 18:37:39',NULL);

--
-- Table structure for table `fac_elec_unidad_medidas`
--

CREATE TABLE `fac_elec_unidad_medidas` (
  `id` int(10) unsigned NOT NULL AUTO_INCREMENT,
  `name` varchar(191) COLLATE utf8mb4_unicode_ci NOT NULL,
  `created_at` timestamp NULL DEFAULT NULL,
  `updated_at` timestamp NULL DEFAULT NULL,
  `deleted_at` timestamp NULL DEFAULT NULL,
  PRIMARY KEY (`id`),
  UNIQUE KEY `fac_elec_unidad_medidas_name_unique` (`name`)
) ENGINE=InnoDB AUTO_INCREMENT=19 DEFAULT CHARSET=utf8mb4 COLLATE=utf8mb4_unicode_ci;

--
-- Dumping data for table `fac_elec_unidad_medidas`
--

INSERT INTO `fac_elec_unidad_medidas` VALUES (1,'Grs','2019-07-15 18:37:39','2019-07-15 18:37:39',NULL),(2,'Kg','2019-07-15 18:37:39','2019-07-15 18:37:39',NULL),(3,'Mts','2019-07-15 18:37:39','2019-07-15 18:37:39',NULL),(4,'Mts2','2019-07-15 18:37:39','2019-07-15 18:37:39',NULL),(5,'Mts3','2019-07-15 18:37:39','2019-07-15 18:37:39',NULL),(6,'Lts','2019-07-15 18:37:39','2019-07-15 18:37:39',NULL),(7,'1000 Kwh','2019-07-15 18:37:39','2019-07-15 18:37:39',NULL),(8,'Unidades','2019-07-15 18:37:39','2019-07-15 18:37:39',NULL),(9,'Pares','2019-07-15 18:37:39','2019-07-15 18:37:39',NULL),(10,'Doc','2019-07-15 18:37:39','2019-07-15 18:37:39',NULL),(11,'Quilates','2019-07-15 18:37:39','2019-07-15 18:37:39',NULL),(12,'Millares','2019-07-15 18:37:39','2019-07-15 18:37:39',NULL),(13,'Milimetros','2019-07-15 18:37:39','2019-07-15 18:37:39',NULL),(14,'Mm 3','2019-07-15 18:37:39','2019-07-15 18:37:39',NULL),(15,'Km','2019-07-15 18:37:39','2019-07-15 18:37:39',NULL),(16,'Hectolitros','2019-07-15 18:37:39','2019-07-15 18:37:39',NULL),(17,'Cm','2019-07-15 18:37:39','2019-07-15 18:37:39',NULL),(18,'Cm 3','2019-07-15 18:37:39','2019-07-15 18:37:39',NULL);

--
-- Table structure for table `fact_elec_conceptos_afip`
--

CREATE TABLE `fact_elec_conceptos_afip` (
  `id` int(10) unsigned NOT NULL AUTO_INCREMENT,
  `afip_comprobante_id` int(10) unsigned NOT NULL,
  `descripcion` varchar(180) COLLATE utf8mb4_unicode_ci NOT NULL,
  `created_at` timestamp NULL DEFAULT NULL,
  `updated_at` timestamp NULL DEFAULT NULL,
  PRIMARY KEY (`id`)
) ENGINE=InnoDB AUTO_INCREMENT=4 DEFAULT CHARSET=utf8mb4 COLLATE=utf8mb4_unicode_ci;

--
-- Dumping data for table `fact_elec_conceptos_afip`
--

INSERT INTO `fact_elec_conceptos_afip` VALUES (1,1,'Producto','2019-03-13 13:29:34','2019-03-13 13:29:34'),(2,2,'Servicios','2019-03-13 13:29:34','2019-03-13 13:29:34'),(3,3,'Productos y Servicios','2019-03-13 13:29:34','2019-03-13 13:29:34');

--
-- Table structure for table `fact_elec_perc_ret`
--

CREATE TABLE `fact_elec_perc_ret` (
  `id` int(10) unsigned NOT NULL AUTO_INCREMENT,
  `user_id` int(10) unsigned DEFAULT NULL,
  `descripcion` varchar(191) COLLATE utf8mb4_unicode_ci NOT NULL,
  `codigo_afip` int(10) unsigned NOT NULL,
  `other_tax_id` int(10) unsigned NOT NULL,
  `habilitado` tinyint(1) NOT NULL DEFAULT '1',
  `created_at` timestamp NULL DEFAULT NULL,
  `updated_at` timestamp NULL DEFAULT NULL,
  `deleted_at` timestamp NULL DEFAULT NULL,
  PRIMARY KEY (`id`),
  KEY `fact_elec_perc_ret_other_tax_id_foreign` (`other_tax_id`),
  CONSTRAINT `fact_elec_perc_ret_other_tax_id_foreign` FOREIGN KEY (`other_tax_id`) REFERENCES `other_taxes` (`id`)
) ENGINE=InnoDB AUTO_INCREMENT=6 DEFAULT CHARSET=utf8mb4 COLLATE=utf8mb4_unicode_ci;

--
-- Dumping data for table `fact_elec_perc_ret`
--

INSERT INTO `fact_elec_perc_ret` VALUES (1,NULL,'Per./Ret de Imp. a las Ganancias',1,1032,1,NULL,NULL,NULL),(2,NULL,'Per./Ret de IVA',1,1000,1,NULL,NULL,NULL),(3,NULL,'Per./Ret de IIBB',2,1006,1,NULL,NULL,NULL),(4,NULL,'Impuestos Internos',4,1001,1,NULL,NULL,NULL),(5,NULL,'Impuestos Municipales',3,1031,1,NULL,NULL,NULL);

--
-- Table structure for table `fact_elec_perc_ret_details`
--

CREATE TABLE `fact_elec_perc_ret_details` (
  `id` bigint(20) unsigned NOT NULL AUTO_INCREMENT,
  `user_id` int(10) unsigned DEFAULT NULL,
  `fact_elec_perc_ret_id` int(10) unsigned NOT NULL,
  `person_id` int(10) unsigned NOT NULL,
  `fact_elec_receipt_id` int(10) unsigned NOT NULL,
  `detalle` varchar(191) COLLATE utf8mb4_unicode_ci DEFAULT NULL,
  `zone_id` int(10) unsigned DEFAULT NULL,
  `base_imponible` decimal(16,2) DEFAULT NULL,
  `alicuota` decimal(16,2) DEFAULT NULL,
  `importe` decimal(16,2) DEFAULT NULL,
  `created_at` timestamp NULL DEFAULT NULL,
  `updated_at` timestamp NULL DEFAULT NULL,
  `deleted_at` timestamp NULL DEFAULT NULL,
  PRIMARY KEY (`id`),
  KEY `fact_elec_perc_ret_details_fact_elec_perc_ret_id_foreign` (`fact_elec_perc_ret_id`),
  KEY `fact_elec_perc_ret_details_person_id_foreign` (`person_id`),
  KEY `fact_elec_perc_ret_details_fact_elec_receipt_id_foreign` (`fact_elec_receipt_id`),
  KEY `fact_elec_perc_ret_details_zone_id_foreign` (`zone_id`),
  CONSTRAINT `fact_elec_perc_ret_details_fact_elec_perc_ret_id_foreign` FOREIGN KEY (`fact_elec_perc_ret_id`) REFERENCES `fact_elec_perc_ret` (`id`),
  CONSTRAINT `fact_elec_perc_ret_details_fact_elec_receipt_id_foreign` FOREIGN KEY (`fact_elec_receipt_id`) REFERENCES `fact_elec_receipts` (`id`),
  CONSTRAINT `fact_elec_perc_ret_details_person_id_foreign` FOREIGN KEY (`person_id`) REFERENCES `persons` (`id`),
  CONSTRAINT `fact_elec_perc_ret_details_zone_id_foreign` FOREIGN KEY (`zone_id`) REFERENCES `zones` (`id`)
) ENGINE=InnoDB DEFAULT CHARSET=utf8mb4 COLLATE=utf8mb4_unicode_ci;

--
-- Dumping data for table `fact_elec_perc_ret_details`
--


--
-- Table structure for table `fact_elec_puntos_venta`
--

CREATE TABLE `fact_elec_puntos_venta` (
  `id` int(10) unsigned NOT NULL AUTO_INCREMENT,
  `user_id` int(10) unsigned DEFAULT NULL,
  `direccion` varchar(180) COLLATE utf8mb4_unicode_ci NOT NULL,
  `created_at` timestamp NULL DEFAULT NULL,
  `updated_at` timestamp NULL DEFAULT NULL,
  `person_id` int(10) unsigned NOT NULL,
  `codigo` varchar(255) COLLATE utf8mb4_unicode_ci DEFAULT '0000',
  `codigo_postal` varchar(20) COLLATE utf8mb4_unicode_ci DEFAULT NULL,
  `zone_id` int(11) DEFAULT NULL,
  `logo` varchar(191) COLLATE utf8mb4_unicode_ci DEFAULT NULL,
  `habilitado` tinyint(1) NOT NULL DEFAULT '1',
  `deleted_at` timestamp NULL DEFAULT NULL,
  PRIMARY KEY (`id`),
  KEY `fact_elec_puntos_venta_person_id_foreign` (`person_id`),
  CONSTRAINT `fact_elec_puntos_venta_person_id_foreign` FOREIGN KEY (`person_id`) REFERENCES `persons` (`id`)
) ENGINE=InnoDB AUTO_INCREMENT=22 DEFAULT CHARSET=utf8mb4 COLLATE=utf8mb4_unicode_ci;

--
-- Dumping data for table `fact_elec_puntos_venta`
--

INSERT INTO `fact_elec_puntos_venta` VALUES (1,8522,'Lisandro de la Torre 277 5°B','2023-02-28 13:56:45','2023-02-28 14:01:39',40718,'1','1408',22,'img//20111111112/logo_punto_venta_0001.png',1,NULL),(4,8704,'CUENCA 454 - EL PALOMAR - BUENOS AIRES','2023-05-15 10:33:55','2023-05-15 10:34:33',40816,'3','1685',23,NULL,1,NULL),(5,8704,'VITO DONATO SABIA 4354','2023-06-05 21:33:13','2023-06-05 21:33:29',40815,'1','1752',23,NULL,1,NULL),(6,8704,'O GORMAN 1623','2023-06-06 12:35:27','2023-06-06 14:22:54',40818,'1','1752',23,NULL,1,NULL),(7,8704,'TANDIL 7313','2024-06-27 19:54:18','2024-06-27 20:03:55',40855,'2','1440',22,NULL,1,NULL),(8,8704,'FALCON RAMON L CNEL 6835','2024-11-02 15:42:08','2024-12-17 13:53:15',40863,'1','1408',22,'img//30718652908/logo_punto_venta_0001.jpg',1,NULL),(9,8704,'FALCON RAMON L CNEL 6835','2024-12-02 20:22:33','2024-12-17 13:54:35',40863,'2','1408',22,'img//30718652908/logo_punto_venta_0002.jpg',1,NULL),(10,8704,'FALCON RAMON L CNEL 6835','2025-01-10 19:38:21','2025-01-10 19:38:54',40863,'3','1408',22,'img//30718652908/logo_punto_venta_0000.jpg',1,NULL),(11,8704,'FISCAL - 0001 - TEL AVIV 3051 - ITUZAINGO - BUENOS AIRES','2025-02-03 15:28:59','2025-02-03 15:30:19',40896,'2','1714',23,NULL,1,NULL),(12,8704,'MIRAVE 1957 - ITUZAINGO','2025-02-10 20:23:20','2025-02-10 20:24:55',40893,'1','1714',23,NULL,1,NULL),(13,8704,'PIEDRAS 519','2025-03-10 18:56:28','2025-03-10 18:57:13',40897,'1','1070',22,NULL,1,NULL),(14,8704,'RIVERA PEDRO I. DR. 5077 - CABA','2025-05-02 16:58:22','2025-05-02 16:58:59',40994,'1','1431',22,NULL,1,NULL),(15,8704,'PIROVANO 656 - MONTE CHINGOLO - BUENOS AIRES','2025-06-24 20:48:51','2025-06-24 20:49:23',40999,'3','1825',23,NULL,1,NULL),(16,8704,'PERITO MORENO 84 CASA 7 - GOBERNADOR GREGORES - SANTA CRUZ','2025-07-10 19:37:17','2025-07-10 19:37:34',41103,'1','null',17,NULL,1,NULL),(17,8704,'GARMENDIA 3747 - GREGORIO DE LAFERRERE - BUENOS AIRES','2025-07-10 19:44:17','2025-07-10 19:44:24',41133,'1','null',22,NULL,1,NULL),(18,8704,'SAN JUAN 555 - TEMPERLEY','2025-07-22 13:25:34','2025-07-22 13:26:17',41141,'3','1834',23,NULL,1,NULL),(19,8704,'OLAVARRIA 2900 - VILLA CELINA','2025-09-11 19:19:41','2025-09-11 19:20:44',41186,'3','1768',23,NULL,1,NULL),(20,11795,'AMAMBAY PJE 3524','2025-10-14 11:14:09','2025-10-14 11:16:39',41801,'1','1431',22,NULL,1,NULL),(21,8704,'GEBELER 1271','2025-11-14 09:54:05','2025-11-14 09:55:26',41870,'1','1820',23,NULL,1,NULL);

--
-- Table structure for table `fact_elec_receipt_details`
--

CREATE TABLE `fact_elec_receipt_details` (
  `id` int(10) unsigned NOT NULL AUTO_INCREMENT,
  `user_id` int(10) unsigned DEFAULT NULL,
  `fact_elec_receipt_id` int(10) unsigned NOT NULL,
  `descripcion` text COLLATE utf8mb4_unicode_ci NOT NULL,
  `cantidad` decimal(20,2) NOT NULL,
  `unidad_medida` text COLLATE utf8mb4_unicode_ci,
  `precio_unitario` decimal(20,2) NOT NULL,
  `neto_gravado` decimal(20,2) NOT NULL,
  `bonificacion_porcentaje` decimal(20,2) DEFAULT NULL,
  `bonificacion_monto` decimal(20,2) DEFAULT NULL,
  `bonificacion_subtotal` decimal(20,2) DEFAULT NULL,
  `system_tax_id` int(10) unsigned NOT NULL DEFAULT '1',
  `iva_monto` decimal(20,2) DEFAULT NULL,
  `iva_subtotal` decimal(20,2) DEFAULT NULL,
  `created_at` timestamp NULL DEFAULT NULL,
  `updated_at` timestamp NULL DEFAULT NULL,
  `codigo` varchar(100) COLLATE utf8mb4_unicode_ci DEFAULT NULL,
  `deleted_at` timestamp NULL DEFAULT NULL,
  PRIMARY KEY (`id`),
  KEY `fact_elec_receipt_details_fact_elec_receipt_id_foreign` (`fact_elec_receipt_id`),
  KEY `fact_elec_receipt_details_system_tax_id_foreign` (`system_tax_id`),
  CONSTRAINT `fact_elec_receipt_details_fact_elec_receipt_id_foreign` FOREIGN KEY (`fact_elec_receipt_id`) REFERENCES `fact_elec_receipts` (`id`),
  CONSTRAINT `fact_elec_receipt_details_system_tax_id_foreign` FOREIGN KEY (`system_tax_id`) REFERENCES `system_taxes` (`id`)
) ENGINE=InnoDB AUTO_INCREMENT=1833 DEFAULT CHARSET=utf8mb4 COLLATE=utf8mb4_unicode_ci;

--
-- Dumping data for table `fact_elec_receipt_details`
--

INSERT INTO `fact_elec_receipt_details` VALUES (2,8704,2,'Prueba ',1.00,'8',5.00,5.00,0.00,0.00,0.00,7,0.00,5.00,'2023-05-15 10:36:25','2023-05-15 10:36:25','',NULL),(3,8704,3,'Servicios tercerizados',1.00,'8',30000.00,30000.00,0.00,0.00,0.00,7,0.00,30000.00,'2023-06-06 14:54:24','2023-06-06 14:54:24',NULL,NULL),(4,8704,4,'Servicios tercerizados',1.00,'8',30000.00,30000.00,0.00,0.00,0.00,7,0.00,30000.00,'2023-06-06 14:54:34','2023-06-06 14:54:34',NULL,NULL),(5,8704,5,'Servicios tercerizados',1.00,'8',20000.00,20000.00,0.00,0.00,0.00,7,0.00,20000.00,'2023-06-06 14:54:42','2023-06-06 14:54:42',NULL,NULL),(6,8960,6,'INDUMENTARIA',1.00,'8',30000.00,30000.00,0.00,0.00,0.00,7,0.00,30000.00,'2023-06-06 15:03:30','2023-06-06 15:03:30',NULL,NULL),(7,8960,7,'INDUMENTARIA',1.00,'8',30000.00,30000.00,0.00,0.00,0.00,7,0.00,30000.00,'2023-06-06 15:03:33','2023-06-06 15:03:33',NULL,NULL),(8,8960,8,'INDUMENTARIA',1.00,'8',30000.00,30000.00,0.00,0.00,0.00,7,0.00,30000.00,'2023-06-06 15:03:34','2023-06-06 15:03:34',NULL,NULL),(9,8960,9,'INDUMENTARIA',1.00,'8',30000.00,30000.00,0.00,0.00,0.00,7,0.00,30000.00,'2023-06-06 15:03:35','2023-06-06 15:03:35',NULL,NULL),(10,8960,10,'INDUMENTARIA',1.00,'8',30000.00,30000.00,0.00,0.00,0.00,7,0.00,30000.00,'2023-06-06 15:03:36','2023-06-06 15:03:36',NULL,NULL),(11,8960,11,'INDUMENTARIA',1.00,'8',30000.00,30000.00,0.00,0.00,0.00,7,0.00,30000.00,'2023-06-06 15:03:37','2023-06-06 15:03:37',NULL,NULL),(12,8960,12,'INDUMENTARIA',1.00,'8',45000.00,45000.00,0.00,0.00,0.00,7,0.00,45000.00,'2023-08-01 14:54:00','2023-08-01 14:54:00',NULL,NULL),(13,8960,13,'INDUMENTARIA',1.00,'8',45000.00,45000.00,0.00,0.00,0.00,7,0.00,45000.00,'2023-08-01 14:54:12','2023-08-01 14:54:12',NULL,NULL),(14,8960,14,'INDUMENTARIA',1.00,'8',45000.00,45000.00,0.00,0.00,0.00,7,0.00,45000.00,'2023-08-01 14:54:23','2023-08-01 14:54:23',NULL,NULL),(15,8960,15,'INDUMENTARIA',1.00,'8',45000.00,45000.00,0.00,0.00,0.00,7,0.00,45000.00,'2023-08-01 14:54:33','2023-08-01 14:54:33',NULL,NULL),(16,8960,16,'INDUMENTARIA',1.00,'8',45000.00,45000.00,0.00,0.00,0.00,7,0.00,45000.00,'2023-08-01 14:54:42','2023-08-01 14:54:42',NULL,NULL),(17,8960,17,'INDUMENTARIA',1.00,'8',45000.00,45000.00,0.00,0.00,0.00,7,0.00,45000.00,'2023-08-01 14:54:50','2023-08-01 14:54:50',NULL,NULL),(18,8960,18,'INDUMENTARIA',1.00,'8',45000.00,45000.00,0.00,0.00,0.00,7,0.00,45000.00,'2023-08-01 14:55:01','2023-08-01 14:55:01',NULL,NULL),(19,8960,19,'INDUMENTARIA',1.00,'8',45000.00,45000.00,0.00,0.00,0.00,7,0.00,45000.00,'2023-08-01 14:55:10','2023-08-01 14:55:10',NULL,NULL),(20,8960,20,'INDUMENTARIA',1.00,'8',20000.00,20000.00,0.00,0.00,0.00,7,0.00,20000.00,'2023-08-01 14:55:18','2023-08-01 14:55:18',NULL,NULL),(21,8704,21,'INDUMENTARIA',1.00,'8',45000.00,45000.00,0.00,0.00,0.00,7,0.00,45000.00,'2023-09-07 13:07:33','2023-09-07 13:07:33',NULL,NULL),(22,8704,22,'INDUMENTARIA',1.00,'8',45000.00,45000.00,0.00,0.00,0.00,7,0.00,45000.00,'2023-09-07 13:07:42','2023-09-07 13:07:42',NULL,NULL),(23,8704,23,'INDUMENTARIA',1.00,'8',45000.00,45000.00,0.00,0.00,0.00,7,0.00,45000.00,'2023-09-07 13:07:44','2023-09-07 13:07:44',NULL,NULL),(24,8704,24,'INDUMENTARIA',1.00,'8',45000.00,45000.00,0.00,0.00,0.00,7,0.00,45000.00,'2023-09-07 13:07:46','2023-09-07 13:07:46',NULL,NULL),(25,8704,25,'INDUMENTARIA',1.00,'8',45000.00,45000.00,0.00,0.00,0.00,7,0.00,45000.00,'2023-09-07 13:07:48','2023-09-07 13:07:48',NULL,NULL),(26,8704,26,'INDUMENTARIA',1.00,'8',45000.00,45000.00,0.00,0.00,0.00,7,0.00,45000.00,'2023-09-07 13:07:50','2023-09-07 13:07:50',NULL,NULL),(27,8704,27,'INDUMENTARIA',1.00,'8',45000.00,45000.00,0.00,0.00,0.00,7,0.00,45000.00,'2023-09-07 13:07:51','2023-09-07 13:07:51',NULL,NULL),(28,8704,28,'INDUMENTARIA',1.00,'8',45000.00,45000.00,0.00,0.00,0.00,7,0.00,45000.00,'2023-09-07 13:07:54','2023-09-07 13:07:54',NULL,NULL),(29,8704,29,'INDUMENTARIA',1.00,'8',45000.00,45000.00,0.00,0.00,0.00,7,0.00,45000.00,'2023-09-07 13:07:56','2023-09-07 13:07:56',NULL,NULL);
INSERT INTO `fact_elec_receipt_details` VALUES (30,8704,30,'INDUMENTARIA',1.00,'8',45000.00,45000.00,0.00,0.00,0.00,7,0.00,45000.00,'2023-09-07 13:07:58','2023-09-07 13:07:58',NULL,NULL),(31,8704,31,'INDUMENTARIA ',1.00,'8',5000.00,5000.00,0.00,0.00,0.00,7,0.00,5000.00,'2023-09-07 13:10:04','2023-09-07 13:10:04','',NULL),(32,NULL,32,'Indumentaria',1.00,'8',45000.00,45000.00,0.00,0.00,0.00,7,0.00,45000.00,'2023-10-10 23:51:37','2023-10-10 23:51:37',NULL,NULL),(33,NULL,33,'Indumentaria',1.00,'8',45000.00,45000.00,0.00,0.00,0.00,7,0.00,45000.00,'2023-10-10 23:51:42','2023-10-10 23:51:42',NULL,NULL),(34,NULL,34,'Indumentaria',1.00,'8',45000.00,45000.00,0.00,0.00,0.00,7,0.00,45000.00,'2023-10-10 23:51:45','2023-10-10 23:51:45',NULL,NULL),(35,NULL,35,'Indumentaria',1.00,'8',45000.00,45000.00,0.00,0.00,0.00,7,0.00,45000.00,'2023-10-10 23:51:47','2023-10-10 23:51:47',NULL,NULL),(36,NULL,36,'Indumentaria',1.00,'8',45000.00,45000.00,0.00,0.00,0.00,7,0.00,45000.00,'2023-10-10 23:51:50','2023-10-10 23:51:50',NULL,NULL),(37,NULL,37,'Indumentaria',1.00,'8',45000.00,45000.00,0.00,0.00,0.00,7,0.00,45000.00,'2023-10-10 23:51:53','2023-10-10 23:51:53',NULL,NULL),(38,NULL,38,'Indumentaria',1.00,'8',45000.00,45000.00,0.00,0.00,0.00,7,0.00,45000.00,'2023-10-10 23:51:56','2023-10-10 23:51:56',NULL,NULL),(39,NULL,39,'Indumentaria',1.00,'8',45000.00,45000.00,0.00,0.00,0.00,7,0.00,45000.00,'2023-10-10 23:51:59','2023-10-10 23:51:59',NULL,NULL),(40,NULL,40,'Indumentaria',1.00,'8',45000.00,45000.00,0.00,0.00,0.00,7,0.00,45000.00,'2023-10-10 23:52:01','2023-10-10 23:52:01',NULL,NULL),(41,NULL,41,'Indumentaria',1.00,'8',45000.00,45000.00,0.00,0.00,0.00,7,0.00,45000.00,'2023-10-10 23:52:04','2023-10-10 23:52:04',NULL,NULL),(42,NULL,42,'Indumentaria',1.00,'8',45000.00,45000.00,0.00,0.00,0.00,7,0.00,45000.00,'2023-10-10 23:52:07','2023-10-10 23:52:07',NULL,NULL),(43,NULL,43,'Indumentaria',1.00,'8',45000.00,45000.00,0.00,0.00,0.00,7,0.00,45000.00,'2023-10-10 23:52:10','2023-10-10 23:52:10',NULL,NULL),(44,NULL,44,'Indumentaria',1.00,'8',45000.00,45000.00,0.00,0.00,0.00,7,0.00,45000.00,'2023-10-10 23:52:12','2023-10-10 23:52:12',NULL,NULL),(45,NULL,45,'Indumentaria',1.00,'8',45000.00,45000.00,0.00,0.00,0.00,7,0.00,45000.00,'2023-10-10 23:52:15','2023-10-10 23:52:15',NULL,NULL),(46,NULL,46,'Indumentaria',1.00,'8',45000.00,45000.00,0.00,0.00,0.00,7,0.00,45000.00,'2023-10-10 23:52:18','2023-10-10 23:52:18',NULL,NULL),(47,NULL,47,'Indumentaria',1.00,'8',45000.00,45000.00,0.00,0.00,0.00,7,0.00,45000.00,'2023-10-10 23:52:21','2023-10-10 23:52:21',NULL,NULL),(48,NULL,48,'Indumentaria',1.00,'8',45000.00,45000.00,0.00,0.00,0.00,7,0.00,45000.00,'2023-10-10 23:52:23','2023-10-10 23:52:23',NULL,NULL),(49,NULL,49,'Indumentaria',1.00,'8',45000.00,45000.00,0.00,0.00,0.00,7,0.00,45000.00,'2023-10-10 23:52:26','2023-10-10 23:52:26',NULL,NULL),(50,NULL,50,'Indumentaria',1.00,'8',45000.00,45000.00,0.00,0.00,0.00,7,0.00,45000.00,'2023-10-10 23:52:28','2023-10-10 23:52:28',NULL,NULL),(51,8960,51,'indumentaria',1.00,'8',95000.00,95000.00,0.00,0.00,0.00,7,0.00,95000.00,'2024-02-10 15:32:05','2024-02-10 15:32:05',NULL,NULL),(52,8960,52,'indumentaria',1.00,'8',95000.00,95000.00,0.00,0.00,0.00,7,0.00,95000.00,'2024-02-10 15:32:11','2024-02-10 15:32:11',NULL,NULL),(53,8960,53,'indumentaria',1.00,'8',95000.00,95000.00,0.00,0.00,0.00,7,0.00,95000.00,'2024-02-10 15:32:14','2024-02-10 15:32:14',NULL,NULL),(54,8960,54,'indumentaria',1.00,'8',95000.00,95000.00,0.00,0.00,0.00,7,0.00,95000.00,'2024-02-10 15:32:17','2024-02-10 15:32:17',NULL,NULL),(55,8960,55,'indumentaria',1.00,'8',95000.00,95000.00,0.00,0.00,0.00,7,0.00,95000.00,'2024-02-10 15:32:21','2024-02-10 15:32:21',NULL,NULL),(56,8960,56,'indumentaria',1.00,'8',95000.00,95000.00,0.00,0.00,0.00,7,0.00,95000.00,'2024-02-10 15:32:24','2024-02-10 15:32:24',NULL,NULL),(57,8960,57,'indumentaria',1.00,'8',95000.00,95000.00,0.00,0.00,0.00,7,0.00,95000.00,'2024-02-10 15:32:28','2024-02-10 15:32:28',NULL,NULL);
INSERT INTO `fact_elec_receipt_details` VALUES (58,8960,58,'indumentaria',1.00,'8',95000.00,95000.00,0.00,0.00,0.00,7,0.00,95000.00,'2024-02-10 15:32:31','2024-02-10 15:32:31',NULL,NULL),(59,8960,59,'indumentaria',1.00,'8',95000.00,95000.00,0.00,0.00,0.00,7,0.00,95000.00,'2024-02-10 15:32:35','2024-02-10 15:32:35',NULL,NULL),(60,8960,60,'indumentaria',1.00,'8',95000.00,95000.00,0.00,0.00,0.00,7,0.00,95000.00,'2024-02-10 15:32:39','2024-02-10 15:32:39',NULL,NULL),(61,8704,61,'Servicios Empresariales',1.00,'8',90000.00,90000.00,0.00,0.00,0.00,7,0.00,90000.00,'2024-03-28 01:22:42','2024-03-28 01:22:42',NULL,NULL),(62,8704,62,'Servicios Empresariales',1.00,'8',90000.00,90000.00,0.00,0.00,0.00,7,0.00,90000.00,'2024-03-28 01:22:48','2024-03-28 01:22:48',NULL,NULL),(63,8704,63,'Servicios Empresariales',1.00,'8',90000.00,90000.00,0.00,0.00,0.00,7,0.00,90000.00,'2024-03-28 01:22:52','2024-03-28 01:22:52',NULL,NULL),(64,8704,64,'Servicios Empresariales',1.00,'8',90000.00,90000.00,0.00,0.00,0.00,7,0.00,90000.00,'2024-03-28 01:22:56','2024-03-28 01:22:56',NULL,NULL),(65,8704,65,'Servicios Empresariales',1.00,'8',90000.00,90000.00,0.00,0.00,0.00,7,0.00,90000.00,'2024-03-28 01:22:59','2024-03-28 01:22:59',NULL,NULL),(66,8704,66,'Servicios Empresariales',1.00,'8',50000.00,50000.00,0.00,0.00,0.00,7,0.00,50000.00,'2024-03-28 01:23:04','2024-03-28 01:23:04',NULL,NULL),(67,8960,67,'Indumentaria',1.00,'8',95000.00,95000.00,0.00,0.00,0.00,7,0.00,95000.00,'2024-04-07 14:46:43','2024-04-07 14:46:43',NULL,NULL),(68,8960,68,'Indumentaria',1.00,'8',95000.00,95000.00,0.00,0.00,0.00,7,0.00,95000.00,'2024-04-07 14:46:50','2024-04-07 14:46:50',NULL,NULL),(69,8960,69,'Indumentaria',1.00,'8',95000.00,95000.00,0.00,0.00,0.00,7,0.00,95000.00,'2024-04-07 14:46:55','2024-04-07 14:46:55',NULL,NULL),(70,8960,70,'Honorarios',1.00,'8',95000.00,95000.00,0.00,0.00,0.00,7,0.00,95000.00,'2024-04-07 14:46:59','2024-04-07 14:46:59',NULL,NULL),(71,8960,71,'Indumentaria',1.00,'8',95000.00,95000.00,0.00,0.00,0.00,7,0.00,95000.00,'2024-04-07 14:47:03','2024-04-07 14:47:03',NULL,NULL),(72,8960,72,'Indumentaria',1.00,'8',95000.00,95000.00,0.00,0.00,0.00,7,0.00,95000.00,'2024-04-07 14:47:06','2024-04-07 14:47:06',NULL,NULL),(73,8960,73,'Indumentaria',1.00,'8',95000.00,95000.00,0.00,0.00,0.00,7,0.00,95000.00,'2024-04-07 14:47:10','2024-04-07 14:47:10',NULL,NULL),(74,8960,74,'Indumentaria',1.00,'8',95000.00,95000.00,0.00,0.00,0.00,7,0.00,95000.00,'2024-04-07 14:47:15','2024-04-07 14:47:15',NULL,NULL),(75,8704,75,'Servicios Empresariales',1.00,'8',90000.00,90000.00,0.00,0.00,0.00,7,0.00,90000.00,'2024-05-07 23:45:41','2024-05-07 23:45:41',NULL,NULL),(76,8704,76,'Servicios Empresariales',1.00,'8',90000.00,90000.00,0.00,0.00,0.00,7,0.00,90000.00,'2024-05-07 23:45:50','2024-05-07 23:45:50',NULL,NULL),(77,8704,77,'Servicios Empresariales',1.00,'8',90000.00,90000.00,0.00,0.00,0.00,7,0.00,90000.00,'2024-05-07 23:45:56','2024-05-07 23:45:56',NULL,NULL),(78,8704,78,'Servicios Empresariales',1.00,'8',90000.00,90000.00,0.00,0.00,0.00,7,0.00,90000.00,'2024-05-07 23:46:02','2024-05-07 23:46:02',NULL,NULL),(79,8704,79,'Servicios Empresariales',1.00,'8',90000.00,90000.00,0.00,0.00,0.00,7,0.00,90000.00,'2024-05-07 23:46:09','2024-05-07 23:46:09',NULL,NULL),(80,8704,80,'Servicios Empresariales',1.00,'8',50000.00,50000.00,0.00,0.00,0.00,7,0.00,50000.00,'2024-05-07 23:46:14','2024-05-07 23:46:14',NULL,NULL),(81,8704,81,'Servicios Empresariales',1.00,'8',90000.00,90000.00,0.00,0.00,0.00,7,0.00,90000.00,'2024-06-10 10:31:14','2024-06-10 10:31:14',NULL,NULL),(82,8704,82,'Servicios Empresariales',1.00,'8',90000.00,90000.00,0.00,0.00,0.00,7,0.00,90000.00,'2024-06-10 10:31:22','2024-06-10 10:31:22',NULL,NULL),(83,8704,83,'Servicios Empresariales',1.00,'8',90000.00,90000.00,0.00,0.00,0.00,7,0.00,90000.00,'2024-06-10 10:31:27','2024-06-10 10:31:27',NULL,NULL),(84,8704,84,'Servicios Empresariales',1.00,'8',90000.00,90000.00,0.00,0.00,0.00,7,0.00,90000.00,'2024-06-10 10:31:32','2024-06-10 10:31:32',NULL,NULL);
INSERT INTO `fact_elec_receipt_details` VALUES (85,8704,85,'Servicios Empresariales',1.00,'8',90000.00,90000.00,0.00,0.00,0.00,7,0.00,90000.00,'2024-06-10 10:31:37','2024-06-10 10:31:37',NULL,NULL),(86,8704,86,'Servicios Empresariales',1.00,'8',50000.00,50000.00,0.00,0.00,0.00,7,0.00,50000.00,'2024-06-10 10:31:41','2024-06-10 10:31:41',NULL,NULL),(87,8704,87,'Prueba',1.00,'8',1.00,1.00,0.00,0.00,0.00,7,0.00,1.00,'2024-06-27 20:02:30','2024-06-27 20:02:30','',NULL),(88,NULL,88,'INDUMENTARIA',1.00,'8',95000.00,95000.00,0.00,0.00,0.00,7,0.00,95000.00,'2024-07-04 20:00:16','2024-07-04 20:00:16',NULL,NULL),(89,NULL,89,'Servicios',1.00,'8',90000.00,90000.00,0.00,0.00,0.00,7,0.00,90000.00,'2024-07-09 20:25:08','2024-07-09 20:25:08',NULL,NULL),(90,NULL,90,'Servicios',1.00,'8',90000.00,90000.00,0.00,0.00,0.00,7,0.00,90000.00,'2024-07-09 20:25:13','2024-07-09 20:25:13',NULL,NULL),(91,NULL,91,'Servicios',1.00,'8',90000.00,90000.00,0.00,0.00,0.00,7,0.00,90000.00,'2024-07-09 20:25:17','2024-07-09 20:25:17',NULL,NULL),(92,NULL,92,'Servicios',1.00,'8',90000.00,90000.00,0.00,0.00,0.00,7,0.00,90000.00,'2024-07-09 20:25:20','2024-07-09 20:25:20',NULL,NULL),(93,NULL,93,'Servicios',1.00,'8',90000.00,90000.00,0.00,0.00,0.00,7,0.00,90000.00,'2024-07-09 20:25:24','2024-07-09 20:25:24',NULL,NULL),(94,NULL,94,'Servicios',1.00,'8',90000.00,90000.00,0.00,0.00,0.00,7,0.00,90000.00,'2024-07-09 20:25:27','2024-07-09 20:25:27',NULL,NULL),(95,NULL,95,'Servicios',1.00,'8',90000.00,90000.00,0.00,0.00,0.00,7,0.00,90000.00,'2024-07-09 20:25:31','2024-07-09 20:25:31',NULL,NULL),(96,NULL,96,'Servicios',1.00,'8',90000.00,90000.00,0.00,0.00,0.00,7,0.00,90000.00,'2024-07-09 20:25:35','2024-07-09 20:25:35',NULL,NULL),(97,NULL,97,'Servicios',1.00,'8',90000.00,90000.00,0.00,0.00,0.00,7,0.00,90000.00,'2024-07-09 20:25:39','2024-07-09 20:25:39',NULL,NULL),(98,NULL,98,'Servicios',1.00,'8',90000.00,90000.00,0.00,0.00,0.00,7,0.00,90000.00,'2024-07-09 20:25:43','2024-07-09 20:25:43',NULL,NULL),(99,NULL,99,'Servicios',1.00,'8',90000.00,90000.00,0.00,0.00,0.00,7,0.00,90000.00,'2024-07-09 20:25:46','2024-07-09 20:25:46',NULL,NULL),(100,NULL,100,'Servicios',1.00,'8',90000.00,90000.00,0.00,0.00,0.00,7,0.00,90000.00,'2024-07-09 20:25:50','2024-07-09 20:25:50',NULL,NULL),(101,NULL,101,'INDUMENTARIA',1.00,'8',95000.00,95000.00,0.00,0.00,0.00,7,0.00,95000.00,'2024-07-09 20:27:42','2024-07-09 20:27:42',NULL,NULL),(102,NULL,102,'INDUMENTARIA',1.00,'8',95000.00,95000.00,0.00,0.00,0.00,7,0.00,95000.00,'2024-07-09 20:27:45','2024-07-09 20:27:45',NULL,NULL),(103,NULL,103,'INDUMENTARIA',1.00,'8',95000.00,95000.00,0.00,0.00,0.00,7,0.00,95000.00,'2024-07-09 20:27:45','2024-07-09 20:27:45',NULL,NULL),(104,NULL,104,'INDUMENTARIA',1.00,'8',95000.00,95000.00,0.00,0.00,0.00,7,0.00,95000.00,'2024-07-09 20:27:46','2024-07-09 20:27:46',NULL,NULL),(105,NULL,105,'INDUMENTARIA',1.00,'8',95000.00,95000.00,0.00,0.00,0.00,7,0.00,95000.00,'2024-07-09 20:27:47','2024-07-09 20:27:47',NULL,NULL),(106,NULL,106,'INDUMENTARIA',1.00,'8',95000.00,95000.00,0.00,0.00,0.00,7,0.00,95000.00,'2024-07-09 20:27:48','2024-07-09 20:27:48',NULL,NULL),(107,NULL,107,'INDUMENTARIA',1.00,'8',95000.00,95000.00,0.00,0.00,0.00,7,0.00,95000.00,'2024-07-09 20:27:49','2024-07-09 20:27:49',NULL,NULL),(108,NULL,108,'INDUMENTARIA',1.00,'8',95000.00,95000.00,0.00,0.00,0.00,7,0.00,95000.00,'2024-07-09 20:27:50','2024-07-09 20:27:50',NULL,NULL),(109,NULL,109,'INDUMENTARIA',1.00,'8',95000.00,95000.00,0.00,0.00,0.00,7,0.00,95000.00,'2024-07-09 20:27:51','2024-07-09 20:27:51',NULL,NULL),(110,NULL,110,'INDUMENTARIA',1.00,'8',95000.00,95000.00,0.00,0.00,0.00,7,0.00,95000.00,'2024-07-09 20:27:52','2024-07-09 20:27:52',NULL,NULL),(111,NULL,111,'INDUMENTARIA',1.00,'8',95000.00,95000.00,0.00,0.00,0.00,7,0.00,95000.00,'2024-07-09 20:27:52','2024-07-09 20:27:52',NULL,NULL),(112,NULL,112,'INDUMENTARIA',1.00,'8',95000.00,95000.00,0.00,0.00,0.00,7,0.00,95000.00,'2024-07-09 20:27:53','2024-07-09 20:27:53',NULL,NULL);
INSERT INTO `fact_elec_receipt_details` VALUES (113,NULL,113,'INDUMENTARIA',1.00,'8',95000.00,95000.00,0.00,0.00,0.00,7,0.00,95000.00,'2024-07-09 20:27:54','2024-07-09 20:27:54',NULL,NULL),(114,NULL,114,'INDUMENTARIA',1.00,'8',95000.00,95000.00,0.00,0.00,0.00,7,0.00,95000.00,'2024-07-09 20:27:55','2024-07-09 20:27:55',NULL,NULL),(115,NULL,115,'INDUMENTARIA',1.00,'8',95000.00,95000.00,0.00,0.00,0.00,7,0.00,95000.00,'2024-07-09 20:27:56','2024-07-09 20:27:56',NULL,NULL),(116,NULL,116,'INDUMENTARIA',1.00,'8',95000.00,95000.00,0.00,0.00,0.00,7,0.00,95000.00,'2024-07-09 20:27:57','2024-07-09 20:27:57',NULL,NULL),(117,NULL,117,'INDUMENTARIA',1.00,'8',95000.00,95000.00,0.00,0.00,0.00,7,0.00,95000.00,'2024-07-09 20:27:58','2024-07-09 20:27:58',NULL,NULL),(118,NULL,118,'INDUMENTARIA',1.00,'8',95000.00,95000.00,0.00,0.00,0.00,7,0.00,95000.00,'2024-07-09 20:27:59','2024-07-09 20:27:59',NULL,NULL),(119,NULL,119,'INDUMENTARIA',1.00,'8',95000.00,95000.00,0.00,0.00,0.00,7,0.00,95000.00,'2024-07-09 20:27:59','2024-07-09 20:27:59',NULL,NULL),(120,NULL,120,'INDUMENTARIA',1.00,'8',95000.00,95000.00,0.00,0.00,0.00,7,0.00,95000.00,'2024-07-09 20:28:00','2024-07-09 20:28:00',NULL,NULL),(121,NULL,121,'INDUMENTARIA',1.00,'8',95000.00,95000.00,0.00,0.00,0.00,7,0.00,95000.00,'2024-07-09 20:28:01','2024-07-09 20:28:01',NULL,NULL),(122,NULL,122,'INDUMENTARIA',1.00,'8',95000.00,95000.00,0.00,0.00,0.00,7,0.00,95000.00,'2024-07-09 20:28:02','2024-07-09 20:28:02',NULL,NULL),(123,NULL,123,'INDUMENTARIA',1.00,'8',95000.00,95000.00,0.00,0.00,0.00,7,0.00,95000.00,'2024-07-09 20:28:03','2024-07-09 20:28:03',NULL,NULL),(124,NULL,124,'INDUMENTARIA',1.00,'8',95000.00,95000.00,0.00,0.00,0.00,7,0.00,95000.00,'2024-07-09 20:28:04','2024-07-09 20:28:04',NULL,NULL),(125,NULL,125,'INDUMENTARIA',1.00,'8',95000.00,95000.00,0.00,0.00,0.00,7,0.00,95000.00,'2024-07-09 20:28:05','2024-07-09 20:28:05',NULL,NULL),(126,NULL,126,'INDUMENTARIA',1.00,'8',95000.00,95000.00,0.00,0.00,0.00,7,0.00,95000.00,'2024-07-09 20:28:06','2024-07-09 20:28:06',NULL,NULL),(127,NULL,127,'INDUMENTARIA',1.00,'8',95000.00,95000.00,0.00,0.00,0.00,7,0.00,95000.00,'2024-07-09 20:28:07','2024-07-09 20:28:07',NULL,NULL),(128,NULL,128,'INDUMENTARIA',1.00,'8',95000.00,95000.00,0.00,0.00,0.00,7,0.00,95000.00,'2024-07-09 20:28:08','2024-07-09 20:28:08',NULL,NULL),(129,NULL,129,'INDUMENTARIA',1.00,'8',95000.00,95000.00,0.00,0.00,0.00,7,0.00,95000.00,'2024-07-09 20:28:08','2024-07-09 20:28:08',NULL,NULL),(130,NULL,130,'INDUMENTARIA',1.00,'8',95000.00,95000.00,0.00,0.00,0.00,7,0.00,95000.00,'2024-07-09 20:28:09','2024-07-09 20:28:09',NULL,NULL),(131,NULL,131,'Indumentaria',1.00,'8',90000.00,90000.00,0.00,0.00,0.00,7,0.00,90000.00,'2024-07-10 23:36:03','2024-07-10 23:36:03',NULL,NULL),(132,NULL,132,'Indumentaria',1.00,'8',90000.00,90000.00,0.00,0.00,0.00,7,0.00,90000.00,'2024-07-10 23:37:38','2024-07-10 23:37:38',NULL,NULL),(133,NULL,133,'Indumentaria',1.00,'8',90000.00,90000.00,0.00,0.00,0.00,7,0.00,90000.00,'2024-07-10 23:41:34','2024-07-10 23:41:34',NULL,NULL),(134,NULL,134,'Servicios',1.00,'8',90000.00,90000.00,0.00,0.00,0.00,7,0.00,90000.00,'2024-07-30 01:17:26','2024-07-30 01:17:26',NULL,NULL),(135,NULL,135,'Servicios',1.00,'8',90000.00,90000.00,0.00,0.00,0.00,7,0.00,90000.00,'2024-07-30 01:17:31','2024-07-30 01:17:31',NULL,NULL),(136,NULL,136,'Servicios',1.00,'8',90000.00,90000.00,0.00,0.00,0.00,7,0.00,90000.00,'2024-07-30 01:17:34','2024-07-30 01:17:34',NULL,NULL),(137,NULL,137,'Servicios',1.00,'8',90000.00,90000.00,0.00,0.00,0.00,7,0.00,90000.00,'2024-07-30 01:17:36','2024-07-30 01:17:36',NULL,NULL),(138,NULL,138,'Servicios',1.00,'8',90000.00,90000.00,0.00,0.00,0.00,7,0.00,90000.00,'2024-07-30 01:17:39','2024-07-30 01:17:39',NULL,NULL),(139,NULL,139,'Servicios',1.00,'8',90000.00,90000.00,0.00,0.00,0.00,7,0.00,90000.00,'2024-07-30 01:17:41','2024-07-30 01:17:41',NULL,NULL),(140,NULL,140,'Servicios',1.00,'8',90000.00,90000.00,0.00,0.00,0.00,7,0.00,90000.00,'2024-07-30 01:17:43','2024-07-30 01:17:43',NULL,NULL);
INSERT INTO `fact_elec_receipt_details` VALUES (141,NULL,141,'Servicios',1.00,'8',90000.00,90000.00,0.00,0.00,0.00,7,0.00,90000.00,'2024-07-30 01:17:45','2024-07-30 01:17:45',NULL,NULL),(142,NULL,142,'Servicios',1.00,'8',90000.00,90000.00,0.00,0.00,0.00,7,0.00,90000.00,'2024-07-30 01:17:48','2024-07-30 01:17:48',NULL,NULL),(143,NULL,143,'Servicios',1.00,'8',90000.00,90000.00,0.00,0.00,0.00,7,0.00,90000.00,'2024-07-30 01:17:50','2024-07-30 01:17:50',NULL,NULL),(144,NULL,144,'Servicios',1.00,'8',90000.00,90000.00,0.00,0.00,0.00,7,0.00,90000.00,'2024-07-30 01:17:52','2024-07-30 01:17:52',NULL,NULL),(145,NULL,145,'Servicios',1.00,'8',90000.00,90000.00,0.00,0.00,0.00,7,0.00,90000.00,'2024-07-30 01:17:59','2024-07-30 01:17:59',NULL,NULL),(146,NULL,146,'Indumentaria',1.00,'8',170000.00,170000.00,0.00,0.00,0.00,7,0.00,170000.00,'2024-08-05 13:07:39','2024-08-05 13:07:39',NULL,NULL),(147,NULL,147,'Indumentaria',1.00,'8',170000.00,170000.00,0.00,0.00,0.00,7,0.00,170000.00,'2024-08-05 14:54:39','2024-08-05 14:54:39',NULL,NULL),(148,NULL,148,'Indumentaria',1.00,'8',170000.00,170000.00,0.00,0.00,0.00,7,0.00,170000.00,'2024-08-05 14:58:07','2024-08-05 14:58:07',NULL,NULL),(149,NULL,149,'Indumentaria',1.00,'8',170000.00,170000.00,0.00,0.00,0.00,7,0.00,170000.00,'2024-08-05 14:58:10','2024-08-05 14:58:10',NULL,NULL),(150,NULL,150,'Indumentaria',1.00,'8',170000.00,170000.00,0.00,0.00,0.00,7,0.00,170000.00,'2024-08-05 14:58:11','2024-08-05 14:58:11',NULL,NULL),(151,NULL,151,'Indumentaria',1.00,'8',170000.00,170000.00,0.00,0.00,0.00,7,0.00,170000.00,'2024-08-05 14:58:12','2024-08-05 14:58:12',NULL,NULL),(152,NULL,152,'Indumentaria',1.00,'8',170000.00,170000.00,0.00,0.00,0.00,7,0.00,170000.00,'2024-08-05 14:58:13','2024-08-05 14:58:13',NULL,NULL),(153,NULL,153,'Indumentaria',1.00,'8',170000.00,170000.00,0.00,0.00,0.00,7,0.00,170000.00,'2024-08-05 14:58:14','2024-08-05 14:58:14',NULL,NULL),(154,NULL,154,'Indumentaria',1.00,'8',170000.00,170000.00,0.00,0.00,0.00,7,0.00,170000.00,'2024-08-05 14:58:15','2024-08-05 14:58:15',NULL,NULL),(155,NULL,155,'Indumentaria',1.00,'8',170000.00,170000.00,0.00,0.00,0.00,7,0.00,170000.00,'2024-08-05 14:58:16','2024-08-05 14:58:16',NULL,NULL),(156,NULL,156,'Indumentaria',1.00,'8',170000.00,170000.00,0.00,0.00,0.00,7,0.00,170000.00,'2024-08-05 14:58:17','2024-08-05 14:58:17',NULL,NULL),(157,NULL,157,'Indumentaria',1.00,'8',170000.00,170000.00,0.00,0.00,0.00,7,0.00,170000.00,'2024-08-05 14:58:18','2024-08-05 14:58:18',NULL,NULL),(158,NULL,158,'Indumentaria',1.00,'8',170000.00,170000.00,0.00,0.00,0.00,7,0.00,170000.00,'2024-08-05 14:58:19','2024-08-05 14:58:19',NULL,NULL),(159,NULL,159,'Indumentaria',1.00,'8',170000.00,170000.00,0.00,0.00,0.00,7,0.00,170000.00,'2024-08-05 14:58:20','2024-08-05 14:58:20',NULL,NULL),(160,NULL,160,'Indumentaria',1.00,'8',170000.00,170000.00,0.00,0.00,0.00,7,0.00,170000.00,'2024-08-05 14:58:20','2024-08-05 14:58:20',NULL,NULL),(161,NULL,161,'Indumentaria',1.00,'8',170000.00,170000.00,0.00,0.00,0.00,7,0.00,170000.00,'2024-08-05 14:58:21','2024-08-05 14:58:21',NULL,NULL),(162,NULL,162,'Indumentaria',1.00,'8',170000.00,170000.00,0.00,0.00,0.00,7,0.00,170000.00,'2024-08-05 14:58:22','2024-08-05 14:58:22',NULL,NULL),(163,NULL,163,'Indumentaria',1.00,'8',170000.00,170000.00,0.00,0.00,0.00,7,0.00,170000.00,'2024-08-05 14:58:23','2024-08-05 14:58:23',NULL,NULL),(164,NULL,164,'Indumentaria',1.00,'8',170000.00,170000.00,0.00,0.00,0.00,7,0.00,170000.00,'2024-08-05 14:58:24','2024-08-05 14:58:24',NULL,NULL),(165,NULL,165,'Indumentaria',1.00,'8',170000.00,170000.00,0.00,0.00,0.00,7,0.00,170000.00,'2024-08-05 14:58:25','2024-08-05 14:58:25',NULL,NULL),(166,NULL,166,'Indumentaria',1.00,'8',170000.00,170000.00,0.00,0.00,0.00,7,0.00,170000.00,'2024-08-05 14:58:26','2024-08-05 14:58:26',NULL,NULL),(167,NULL,167,'Indumentaria',1.00,'8',170000.00,170000.00,0.00,0.00,0.00,7,0.00,170000.00,'2024-08-05 14:58:27','2024-08-05 14:58:27',NULL,NULL);
INSERT INTO `fact_elec_receipt_details` VALUES (168,NULL,168,'Indumentaria',1.00,'8',170000.00,170000.00,0.00,0.00,0.00,7,0.00,170000.00,'2024-08-05 14:58:28','2024-08-05 14:58:28',NULL,NULL),(169,NULL,169,'Indumentaria',1.00,'8',170000.00,170000.00,0.00,0.00,0.00,7,0.00,170000.00,'2024-08-05 14:58:28','2024-08-05 14:58:28',NULL,NULL),(170,NULL,170,'Indumentaria',1.00,'8',170000.00,170000.00,0.00,0.00,0.00,7,0.00,170000.00,'2024-08-05 14:58:29','2024-08-05 14:58:29',NULL,NULL),(171,NULL,171,'Indumentaria',1.00,'8',170000.00,170000.00,0.00,0.00,0.00,7,0.00,170000.00,'2024-08-05 14:58:30','2024-08-05 14:58:30',NULL,NULL),(172,NULL,172,'Indumentaria',1.00,'8',170000.00,170000.00,0.00,0.00,0.00,7,0.00,170000.00,'2024-08-05 14:58:31','2024-08-05 14:58:31',NULL,NULL),(173,NULL,173,'Indumentaria',1.00,'8',170000.00,170000.00,0.00,0.00,0.00,7,0.00,170000.00,'2024-08-05 14:58:32','2024-08-05 14:58:32',NULL,NULL),(174,NULL,174,'Indumentaria',1.00,'8',170000.00,170000.00,0.00,0.00,0.00,7,0.00,170000.00,'2024-08-05 14:58:33','2024-08-05 14:58:33',NULL,NULL),(175,NULL,175,'Indumentaria',1.00,'8',170000.00,170000.00,0.00,0.00,0.00,7,0.00,170000.00,'2024-08-05 14:58:34','2024-08-05 14:58:34',NULL,NULL),(176,NULL,176,'Indumentaria',1.00,'8',170000.00,170000.00,0.00,0.00,0.00,7,0.00,170000.00,'2024-08-05 14:58:35','2024-08-05 14:58:35',NULL,NULL),(177,NULL,177,'Indumentaria',1.00,'8',170000.00,170000.00,0.00,0.00,0.00,7,0.00,170000.00,'2024-08-05 14:58:35','2024-08-05 14:58:35',NULL,NULL),(178,NULL,178,'Indumentaria',1.00,'8',170000.00,170000.00,0.00,0.00,0.00,7,0.00,170000.00,'2024-08-05 14:58:36','2024-08-05 14:58:36',NULL,NULL),(179,NULL,179,'Indumentaria',1.00,'8',170000.00,170000.00,0.00,0.00,0.00,7,0.00,170000.00,'2024-08-05 14:58:37','2024-08-05 14:58:37',NULL,NULL),(180,NULL,180,'Indumentaria',1.00,'8',170000.00,170000.00,0.00,0.00,0.00,7,0.00,170000.00,'2024-08-05 14:58:38','2024-08-05 14:58:38',NULL,NULL),(181,NULL,181,'Indumentaria',1.00,'8',170000.00,170000.00,0.00,0.00,0.00,7,0.00,170000.00,'2024-08-05 14:58:39','2024-08-05 14:58:39',NULL,NULL),(182,NULL,182,'Indumentaria',1.00,'8',170000.00,170000.00,0.00,0.00,0.00,7,0.00,170000.00,'2024-08-05 14:58:40','2024-08-05 14:58:40',NULL,NULL),(183,NULL,183,'Indumentaria',1.00,'8',170000.00,170000.00,0.00,0.00,0.00,7,0.00,170000.00,'2024-08-05 14:58:41','2024-08-05 14:58:41',NULL,NULL),(184,NULL,184,'Indumentaria',1.00,'8',170000.00,170000.00,0.00,0.00,0.00,7,0.00,170000.00,'2024-08-05 14:58:42','2024-08-05 14:58:42',NULL,NULL),(185,NULL,185,'Indumentaria',1.00,'8',170000.00,170000.00,0.00,0.00,0.00,7,0.00,170000.00,'2024-08-05 14:58:42','2024-08-05 14:58:42',NULL,NULL),(186,NULL,186,'Indumentaria',1.00,'8',170000.00,170000.00,0.00,0.00,0.00,7,0.00,170000.00,'2024-08-05 14:58:43','2024-08-05 14:58:43',NULL,NULL),(187,NULL,187,'Indumentaria',1.00,'8',170000.00,170000.00,0.00,0.00,0.00,7,0.00,170000.00,'2024-08-05 14:58:44','2024-08-05 14:58:44',NULL,NULL),(188,NULL,188,'Indumentaria',1.00,'8',170000.00,170000.00,0.00,0.00,0.00,7,0.00,170000.00,'2024-08-05 14:58:45','2024-08-05 14:58:45',NULL,NULL),(191,8704,191,'Indumentaria',1.00,'8',629000.00,629000.00,0.00,0.00,0.00,7,0.00,629000.00,'2024-08-05 15:20:37','2024-08-05 15:20:37','',NULL),(192,NULL,192,'Indumentaria',1.00,'8',170000.00,170000.00,0.00,0.00,0.00,7,0.00,170000.00,'2024-08-09 19:09:42','2024-08-09 19:09:42',NULL,NULL),(193,NULL,193,'Indumentaria',1.00,'8',170000.00,170000.00,0.00,0.00,0.00,7,0.00,170000.00,'2024-08-09 19:09:45','2024-08-09 19:09:45',NULL,NULL),(194,NULL,194,'Indumentaria',1.00,'8',170000.00,170000.00,0.00,0.00,0.00,7,0.00,170000.00,'2024-08-09 19:09:48','2024-08-09 19:09:48',NULL,NULL),(195,NULL,195,'Indumentaria',1.00,'8',170000.00,170000.00,0.00,0.00,0.00,7,0.00,170000.00,'2024-08-09 19:09:50','2024-08-09 19:09:50',NULL,NULL),(196,NULL,196,'Indumentaria',1.00,'8',170000.00,170000.00,0.00,0.00,0.00,7,0.00,170000.00,'2024-08-09 19:09:53','2024-08-09 19:09:53',NULL,NULL);
INSERT INTO `fact_elec_receipt_details` VALUES (197,NULL,197,'Indumentaria',1.00,'8',170000.00,170000.00,0.00,0.00,0.00,7,0.00,170000.00,'2024-08-09 19:09:55','2024-08-09 19:09:55',NULL,NULL),(198,NULL,198,'Indumentaria',1.00,'8',170000.00,170000.00,0.00,0.00,0.00,7,0.00,170000.00,'2024-08-09 19:09:58','2024-08-09 19:09:58',NULL,NULL),(199,NULL,199,'Indumentaria',1.00,'8',170000.00,170000.00,0.00,0.00,0.00,7,0.00,170000.00,'2024-08-09 19:10:01','2024-08-09 19:10:01',NULL,NULL),(200,NULL,200,'Indumentaria',1.00,'8',170000.00,170000.00,0.00,0.00,0.00,7,0.00,170000.00,'2024-08-09 19:10:06','2024-08-09 19:10:06',NULL,NULL),(201,NULL,201,'Indumentaria',1.00,'8',170000.00,170000.00,0.00,0.00,0.00,7,0.00,170000.00,'2024-08-09 19:10:11','2024-08-09 19:10:11',NULL,NULL),(202,NULL,202,'Indumentaria',1.00,'8',170000.00,170000.00,0.00,0.00,0.00,7,0.00,170000.00,'2024-08-09 19:10:14','2024-08-09 19:10:14',NULL,NULL),(203,NULL,203,'Indumentaria',1.00,'8',170000.00,170000.00,0.00,0.00,0.00,7,0.00,170000.00,'2024-08-09 19:10:17','2024-08-09 19:10:17',NULL,NULL),(204,NULL,204,'Indumentaria',1.00,'8',170000.00,170000.00,0.00,0.00,0.00,7,0.00,170000.00,'2024-08-09 19:10:20','2024-08-09 19:10:20',NULL,NULL),(205,NULL,205,'Indumentaria',1.00,'8',170000.00,170000.00,0.00,0.00,0.00,7,0.00,170000.00,'2024-08-09 19:10:23','2024-08-09 19:10:23',NULL,NULL),(206,NULL,206,'Indumentaria',1.00,'8',170000.00,170000.00,0.00,0.00,0.00,7,0.00,170000.00,'2024-08-09 19:10:26','2024-08-09 19:10:26',NULL,NULL),(207,NULL,207,'Indumentaria',1.00,'8',170000.00,170000.00,0.00,0.00,0.00,7,0.00,170000.00,'2024-08-09 19:10:29','2024-08-09 19:10:29',NULL,NULL),(208,NULL,208,'Indumentaria',1.00,'8',170000.00,170000.00,0.00,0.00,0.00,7,0.00,170000.00,'2024-08-09 19:10:32','2024-08-09 19:10:32',NULL,NULL),(209,NULL,209,'Indumentaria',1.00,'8',170000.00,170000.00,0.00,0.00,0.00,7,0.00,170000.00,'2024-08-09 19:10:35','2024-08-09 19:10:35',NULL,NULL),(210,NULL,210,'Indumentaria',1.00,'8',170000.00,170000.00,0.00,0.00,0.00,7,0.00,170000.00,'2024-08-09 19:10:37','2024-08-09 19:10:37',NULL,NULL),(211,NULL,211,'Indumentaria',1.00,'8',170000.00,170000.00,0.00,0.00,0.00,7,0.00,170000.00,'2024-08-09 19:10:40','2024-08-09 19:10:40',NULL,NULL),(212,NULL,212,'Indumentaria',1.00,'8',170000.00,170000.00,0.00,0.00,0.00,7,0.00,170000.00,'2024-08-09 19:10:43','2024-08-09 19:10:43',NULL,NULL),(213,NULL,213,'Indumentaria',1.00,'8',170000.00,170000.00,0.00,0.00,0.00,7,0.00,170000.00,'2024-08-09 19:10:45','2024-08-09 19:10:45',NULL,NULL),(214,NULL,214,'Indumentaria',1.00,'8',170000.00,170000.00,0.00,0.00,0.00,7,0.00,170000.00,'2024-08-09 19:10:48','2024-08-09 19:10:48',NULL,NULL),(215,NULL,215,'Indumentaria',1.00,'8',170000.00,170000.00,0.00,0.00,0.00,7,0.00,170000.00,'2024-08-09 19:10:50','2024-08-09 19:10:50',NULL,NULL),(216,NULL,216,'Indumentaria',1.00,'8',170000.00,170000.00,0.00,0.00,0.00,7,0.00,170000.00,'2024-08-09 19:10:53','2024-08-09 19:10:53',NULL,NULL),(217,NULL,217,'Indumentaria',1.00,'8',170000.00,170000.00,0.00,0.00,0.00,7,0.00,170000.00,'2024-08-09 19:10:56','2024-08-09 19:10:56',NULL,NULL),(218,NULL,218,'Indumentaria',1.00,'8',170000.00,170000.00,0.00,0.00,0.00,7,0.00,170000.00,'2024-08-09 19:10:58','2024-08-09 19:10:58',NULL,NULL),(219,NULL,219,'Indumentaria',1.00,'8',170000.00,170000.00,0.00,0.00,0.00,7,0.00,170000.00,'2024-08-09 19:11:03','2024-08-09 19:11:03',NULL,NULL),(220,NULL,220,'Indumentaria',1.00,'8',170000.00,170000.00,0.00,0.00,0.00,7,0.00,170000.00,'2024-08-09 19:11:07','2024-08-09 19:11:07',NULL,NULL),(221,NULL,221,'Indumentaria',1.00,'8',170000.00,170000.00,0.00,0.00,0.00,7,0.00,170000.00,'2024-08-09 19:11:09','2024-08-09 19:11:09',NULL,NULL),(222,NULL,222,'Indumentaria',1.00,'8',170000.00,170000.00,0.00,0.00,0.00,7,0.00,170000.00,'2024-08-09 19:11:12','2024-08-09 19:11:12',NULL,NULL),(223,NULL,223,'Indumentaria',1.00,'8',170000.00,170000.00,0.00,0.00,0.00,7,0.00,170000.00,'2024-08-09 19:11:15','2024-08-09 19:11:15',NULL,NULL);
INSERT INTO `fact_elec_receipt_details` VALUES (224,NULL,224,'Indumentaria',1.00,'8',170000.00,170000.00,0.00,0.00,0.00,7,0.00,170000.00,'2024-08-09 19:11:17','2024-08-09 19:11:17',NULL,NULL),(225,NULL,225,'Indumentaria',1.00,'8',113000.00,113000.00,0.00,0.00,0.00,7,0.00,113000.00,'2024-08-09 19:11:20','2024-08-09 19:11:20',NULL,NULL),(226,8704,226,'Servicios Empresariales',1.00,'8',150000.00,150000.00,0.00,0.00,0.00,7,0.00,150000.00,'2024-09-06 10:01:04','2024-09-06 10:01:04',NULL,NULL),(227,8704,227,'Servicios Empresariales',1.00,'8',150000.00,150000.00,0.00,0.00,0.00,7,0.00,150000.00,'2024-09-06 10:01:07','2024-09-06 10:01:07',NULL,NULL),(228,8704,228,'Servicios Empresariales',1.00,'8',150000.00,150000.00,0.00,0.00,0.00,7,0.00,150000.00,'2024-09-06 10:01:09','2024-09-06 10:01:09',NULL,NULL),(229,8704,229,'Servicios Empresariales',1.00,'8',150000.00,150000.00,0.00,0.00,0.00,7,0.00,150000.00,'2024-09-06 10:01:11','2024-09-06 10:01:11',NULL,NULL),(230,8704,230,'Servicios Empresariales',1.00,'8',150000.00,150000.00,0.00,0.00,0.00,7,0.00,150000.00,'2024-09-06 10:01:13','2024-09-06 10:01:13',NULL,NULL),(231,8704,231,'Servicios Empresariales',1.00,'8',150000.00,150000.00,0.00,0.00,0.00,7,0.00,150000.00,'2024-09-06 10:01:15','2024-09-06 10:01:15',NULL,NULL),(232,8704,232,'Servicios Empresariales',1.00,'8',150000.00,150000.00,0.00,0.00,0.00,7,0.00,150000.00,'2024-09-06 10:01:17','2024-09-06 10:01:17',NULL,NULL),(233,8704,233,'Servicios Empresariales',1.00,'8',150000.00,150000.00,0.00,0.00,0.00,7,0.00,150000.00,'2024-09-06 10:01:19','2024-09-06 10:01:19',NULL,NULL),(234,8704,234,'Servicios Empresariales',1.00,'8',150000.00,150000.00,0.00,0.00,0.00,7,0.00,150000.00,'2024-09-06 10:01:21','2024-09-06 10:01:21',NULL,NULL),(235,8704,235,'Servicios Empresariales',1.00,'8',150000.00,150000.00,0.00,0.00,0.00,7,0.00,150000.00,'2024-09-06 10:01:23','2024-09-06 10:01:23',NULL,NULL),(236,NULL,236,'Indumentaria',1.00,'8',150000.00,150000.00,0.00,0.00,0.00,7,0.00,150000.00,'2024-09-06 10:05:56','2024-09-06 10:05:56',NULL,NULL),(237,NULL,237,'Indumentaria',1.00,'8',150000.00,150000.00,0.00,0.00,0.00,7,0.00,150000.00,'2024-09-06 10:05:57','2024-09-06 10:05:57',NULL,NULL),(238,NULL,238,'Indumentaria',1.00,'8',150000.00,150000.00,0.00,0.00,0.00,7,0.00,150000.00,'2024-09-06 10:05:58','2024-09-06 10:05:58',NULL,NULL),(239,NULL,239,'Indumentaria',1.00,'8',150000.00,150000.00,0.00,0.00,0.00,7,0.00,150000.00,'2024-09-06 10:05:59','2024-09-06 10:05:59',NULL,NULL),(240,NULL,240,'Indumentaria',1.00,'8',150000.00,150000.00,0.00,0.00,0.00,7,0.00,150000.00,'2024-09-06 10:06:00','2024-09-06 10:06:00',NULL,NULL),(241,NULL,241,'Indumentaria',1.00,'8',150000.00,150000.00,0.00,0.00,0.00,7,0.00,150000.00,'2024-09-06 10:06:01','2024-09-06 10:06:01',NULL,NULL),(242,NULL,242,'Indumentaria',1.00,'8',150000.00,150000.00,0.00,0.00,0.00,7,0.00,150000.00,'2024-09-06 10:06:02','2024-09-06 10:06:02',NULL,NULL),(243,NULL,243,'Indumentaria',1.00,'8',150000.00,150000.00,0.00,0.00,0.00,7,0.00,150000.00,'2024-09-06 10:06:03','2024-09-06 10:06:03',NULL,NULL),(244,NULL,244,'Indumentaria',1.00,'8',150000.00,150000.00,0.00,0.00,0.00,7,0.00,150000.00,'2024-09-06 10:06:04','2024-09-06 10:06:04',NULL,NULL),(245,NULL,245,'Indumentaria',1.00,'8',150000.00,150000.00,0.00,0.00,0.00,7,0.00,150000.00,'2024-09-06 10:06:04','2024-09-06 10:06:04',NULL,NULL),(246,NULL,246,'Indumentaria',1.00,'8',150000.00,150000.00,0.00,0.00,0.00,7,0.00,150000.00,'2024-09-06 10:06:05','2024-09-06 10:06:05',NULL,NULL),(247,NULL,247,'Indumentaria',1.00,'8',150000.00,150000.00,0.00,0.00,0.00,7,0.00,150000.00,'2024-09-06 10:06:06','2024-09-06 10:06:06',NULL,NULL),(248,NULL,248,'Indumentaria',1.00,'8',150000.00,150000.00,0.00,0.00,0.00,7,0.00,150000.00,'2024-09-06 10:06:07','2024-09-06 10:06:07',NULL,NULL),(249,NULL,249,'Indumentaria',1.00,'8',150000.00,150000.00,0.00,0.00,0.00,7,0.00,150000.00,'2024-09-06 10:06:08','2024-09-06 10:06:08',NULL,NULL);
INSERT INTO `fact_elec_receipt_details` VALUES (250,NULL,250,'Indumentaria',1.00,'8',150000.00,150000.00,0.00,0.00,0.00,7,0.00,150000.00,'2024-09-06 10:06:08','2024-09-06 10:06:08',NULL,NULL),(251,NULL,251,'Indumentaria',1.00,'8',150000.00,150000.00,0.00,0.00,0.00,7,0.00,150000.00,'2024-09-06 10:06:09','2024-09-06 10:06:09',NULL,NULL),(252,NULL,252,'Indumentaria',1.00,'8',150000.00,150000.00,0.00,0.00,0.00,7,0.00,150000.00,'2024-09-06 10:06:10','2024-09-06 10:06:10',NULL,NULL),(253,NULL,253,'Indumentaria',1.00,'8',150000.00,150000.00,0.00,0.00,0.00,7,0.00,150000.00,'2024-09-06 10:06:11','2024-09-06 10:06:11',NULL,NULL),(254,NULL,254,'Indumentaria',1.00,'8',150000.00,150000.00,0.00,0.00,0.00,7,0.00,150000.00,'2024-09-06 10:06:12','2024-09-06 10:06:12',NULL,NULL),(255,NULL,255,'Indumentaria',1.00,'8',150000.00,150000.00,0.00,0.00,0.00,7,0.00,150000.00,'2024-09-06 10:06:12','2024-09-06 10:06:12',NULL,NULL),(256,NULL,256,'Indumentaria',1.00,'8',150000.00,150000.00,0.00,0.00,0.00,7,0.00,150000.00,'2024-09-06 10:06:13','2024-09-06 10:06:13',NULL,NULL),(257,NULL,257,'Indumentaria',1.00,'8',150000.00,150000.00,0.00,0.00,0.00,7,0.00,150000.00,'2024-09-06 10:06:14','2024-09-06 10:06:14',NULL,NULL),(258,NULL,258,'Indumentaria',1.00,'8',150000.00,150000.00,0.00,0.00,0.00,7,0.00,150000.00,'2024-09-06 10:06:15','2024-09-06 10:06:15',NULL,NULL),(259,NULL,259,'Indumentaria',1.00,'8',150000.00,150000.00,0.00,0.00,0.00,7,0.00,150000.00,'2024-09-06 10:06:16','2024-09-06 10:06:16',NULL,NULL),(260,NULL,260,'Indumentaria',1.00,'8',150000.00,150000.00,0.00,0.00,0.00,7,0.00,150000.00,'2024-09-06 10:06:17','2024-09-06 10:06:17',NULL,NULL),(261,NULL,261,'Indumentaria',1.00,'8',150000.00,150000.00,0.00,0.00,0.00,7,0.00,150000.00,'2024-09-06 10:06:17','2024-09-06 10:06:17',NULL,NULL),(262,NULL,262,'Indumentaria',1.00,'8',150000.00,150000.00,0.00,0.00,0.00,7,0.00,150000.00,'2024-09-06 10:06:18','2024-09-06 10:06:18',NULL,NULL),(263,NULL,263,'Indumentaria',1.00,'8',150000.00,150000.00,0.00,0.00,0.00,7,0.00,150000.00,'2024-09-06 10:06:19','2024-09-06 10:06:19',NULL,NULL),(264,NULL,264,'Indumentaria',1.00,'8',150000.00,150000.00,0.00,0.00,0.00,7,0.00,150000.00,'2024-09-06 10:06:20','2024-09-06 10:06:20',NULL,NULL),(265,NULL,265,'Indumentaria',1.00,'8',150000.00,150000.00,0.00,0.00,0.00,7,0.00,150000.00,'2024-09-06 10:06:21','2024-09-06 10:06:21',NULL,NULL),(266,NULL,266,'Indumentaria',1.00,'8',150000.00,150000.00,0.00,0.00,0.00,7,0.00,150000.00,'2024-09-06 10:06:21','2024-09-06 10:06:21',NULL,NULL),(267,NULL,267,'Indumentaria',1.00,'8',150000.00,150000.00,0.00,0.00,0.00,7,0.00,150000.00,'2024-09-06 10:06:22','2024-09-06 10:06:22',NULL,NULL),(268,NULL,268,'Indumentaria',1.00,'8',150000.00,150000.00,0.00,0.00,0.00,7,0.00,150000.00,'2024-09-06 10:06:23','2024-09-06 10:06:23',NULL,NULL),(269,NULL,269,'Indumentaria',1.00,'8',150000.00,150000.00,0.00,0.00,0.00,7,0.00,150000.00,'2024-09-06 10:06:24','2024-09-06 10:06:24',NULL,NULL),(270,NULL,270,'Indumentaria',1.00,'8',150000.00,150000.00,0.00,0.00,0.00,7,0.00,150000.00,'2024-09-06 10:06:25','2024-09-06 10:06:25',NULL,NULL),(271,NULL,271,'Indumentaria',1.00,'8',150000.00,150000.00,0.00,0.00,0.00,7,0.00,150000.00,'2024-09-06 10:06:25','2024-09-06 10:06:25',NULL,NULL),(272,NULL,272,'Indumentaria',1.00,'8',150000.00,150000.00,0.00,0.00,0.00,7,0.00,150000.00,'2024-09-06 10:06:26','2024-09-06 10:06:26',NULL,NULL),(273,NULL,273,'Indumentaria',1.00,'8',150000.00,150000.00,0.00,0.00,0.00,7,0.00,150000.00,'2024-09-06 10:06:27','2024-09-06 10:06:27',NULL,NULL),(274,NULL,274,'Indumentaria',1.00,'8',150000.00,150000.00,0.00,0.00,0.00,7,0.00,150000.00,'2024-09-06 10:06:28','2024-09-06 10:06:28',NULL,NULL),(275,NULL,275,'Indumentaria',1.00,'8',150000.00,150000.00,0.00,0.00,0.00,7,0.00,150000.00,'2024-09-06 10:06:29','2024-09-06 10:06:29',NULL,NULL),(276,NULL,276,'Indumentaria',1.00,'8',150000.00,150000.00,0.00,0.00,0.00,7,0.00,150000.00,'2024-09-06 10:06:30','2024-09-06 10:06:30',NULL,NULL);
INSERT INTO `fact_elec_receipt_details` VALUES (277,NULL,277,'Indumentaria',1.00,'8',150000.00,150000.00,0.00,0.00,0.00,7,0.00,150000.00,'2024-09-06 10:06:30','2024-09-06 10:06:30',NULL,NULL),(278,NULL,278,'Indumentaria',1.00,'8',150000.00,150000.00,0.00,0.00,0.00,7,0.00,150000.00,'2024-09-06 10:06:31','2024-09-06 10:06:31',NULL,NULL),(279,NULL,279,'Indumentaria',1.00,'8',150000.00,150000.00,0.00,0.00,0.00,7,0.00,150000.00,'2024-09-06 10:06:32','2024-09-06 10:06:32',NULL,NULL),(280,NULL,280,'Indumentaria',1.00,'8',150000.00,150000.00,0.00,0.00,0.00,7,0.00,150000.00,'2024-09-06 10:06:33','2024-09-06 10:06:33',NULL,NULL),(281,NULL,281,'Indumentaria',1.00,'8',150000.00,150000.00,0.00,0.00,0.00,7,0.00,150000.00,'2024-09-06 10:06:34','2024-09-06 10:06:34',NULL,NULL),(282,NULL,282,'Indumentaria',1.00,'8',150000.00,150000.00,0.00,0.00,0.00,7,0.00,150000.00,'2024-09-06 10:06:34','2024-09-06 10:06:34',NULL,NULL),(283,NULL,283,'Indumentaria',1.00,'8',150000.00,150000.00,0.00,0.00,0.00,7,0.00,150000.00,'2024-09-06 10:06:35','2024-09-06 10:06:35',NULL,NULL),(284,NULL,284,'Indumentaria',1.00,'8',150000.00,150000.00,0.00,0.00,0.00,7,0.00,150000.00,'2024-09-06 10:06:36','2024-09-06 10:06:36',NULL,NULL),(285,NULL,285,'Indumentaria',1.00,'8',150000.00,150000.00,0.00,0.00,0.00,7,0.00,150000.00,'2024-09-06 10:06:37','2024-09-06 10:06:37',NULL,NULL),(286,NULL,286,'Indumentaria',1.00,'8',150000.00,150000.00,0.00,0.00,0.00,7,0.00,150000.00,'2024-09-06 10:06:38','2024-09-06 10:06:38',NULL,NULL),(287,NULL,287,'Indumentaria',1.00,'8',150000.00,150000.00,0.00,0.00,0.00,7,0.00,150000.00,'2024-09-06 10:06:39','2024-09-06 10:06:39',NULL,NULL),(288,NULL,288,'Indumentaria',1.00,'8',150000.00,150000.00,0.00,0.00,0.00,7,0.00,150000.00,'2024-09-06 10:06:40','2024-09-06 10:06:40',NULL,NULL),(289,NULL,289,'Indumentaria',1.00,'8',150000.00,150000.00,0.00,0.00,0.00,7,0.00,150000.00,'2024-09-06 10:06:40','2024-09-06 10:06:40',NULL,NULL),(290,NULL,290,'Indumentaria',1.00,'8',150000.00,150000.00,0.00,0.00,0.00,7,0.00,150000.00,'2024-09-06 10:06:41','2024-09-06 10:06:41',NULL,NULL),(291,NULL,291,'Indumentaria',1.00,'8',150000.00,150000.00,0.00,0.00,0.00,7,0.00,150000.00,'2024-09-06 10:06:42','2024-09-06 10:06:42',NULL,NULL),(292,NULL,292,'Indumentaria',1.00,'8',150000.00,150000.00,0.00,0.00,0.00,7,0.00,150000.00,'2024-09-06 10:06:43','2024-09-06 10:06:43',NULL,NULL),(293,NULL,293,'Indumentaria',1.00,'8',150000.00,150000.00,0.00,0.00,0.00,7,0.00,150000.00,'2024-09-06 10:06:44','2024-09-06 10:06:44',NULL,NULL),(294,NULL,294,'Indumentaria',1.00,'8',150000.00,150000.00,0.00,0.00,0.00,7,0.00,150000.00,'2024-09-06 10:06:44','2024-09-06 10:06:44',NULL,NULL),(295,NULL,295,'Indumentaria',1.00,'8',150000.00,150000.00,0.00,0.00,0.00,7,0.00,150000.00,'2024-09-06 10:06:45','2024-09-06 10:06:45',NULL,NULL),(296,NULL,296,'Indumentaria',1.00,'8',150000.00,150000.00,0.00,0.00,0.00,7,0.00,150000.00,'2024-09-06 10:06:46','2024-09-06 10:06:46',NULL,NULL),(297,NULL,297,'Indumentaria',1.00,'8',150000.00,150000.00,0.00,0.00,0.00,7,0.00,150000.00,'2024-09-06 10:06:47','2024-09-06 10:06:47',NULL,NULL),(298,NULL,298,'Indumentaria',1.00,'8',150000.00,150000.00,0.00,0.00,0.00,7,0.00,150000.00,'2024-09-06 10:06:48','2024-09-06 10:06:48',NULL,NULL),(299,NULL,299,'Indumentaria',1.00,'8',150000.00,150000.00,0.00,0.00,0.00,7,0.00,150000.00,'2024-09-06 10:06:48','2024-09-06 10:06:48',NULL,NULL),(300,NULL,300,'Indumentaria',1.00,'8',150000.00,150000.00,0.00,0.00,0.00,7,0.00,150000.00,'2024-09-06 10:06:49','2024-09-06 10:06:49',NULL,NULL),(301,NULL,301,'Indumentaria',1.00,'8',150000.00,150000.00,0.00,0.00,0.00,7,0.00,150000.00,'2024-09-06 10:06:50','2024-09-06 10:06:50',NULL,NULL),(302,NULL,302,'Indumentaria',1.00,'8',150000.00,150000.00,0.00,0.00,0.00,7,0.00,150000.00,'2024-09-06 10:06:51','2024-09-06 10:06:51',NULL,NULL),(303,NULL,303,'Indumentaria',1.00,'8',150000.00,150000.00,0.00,0.00,0.00,7,0.00,150000.00,'2024-09-06 10:06:52','2024-09-06 10:06:52',NULL,NULL);
INSERT INTO `fact_elec_receipt_details` VALUES (304,NULL,304,'Indumentaria',1.00,'8',150000.00,150000.00,0.00,0.00,0.00,7,0.00,150000.00,'2024-09-06 10:06:53','2024-09-06 10:06:53',NULL,NULL),(305,NULL,305,'Indumentaria',1.00,'8',150000.00,150000.00,0.00,0.00,0.00,7,0.00,150000.00,'2024-09-06 10:06:54','2024-09-06 10:06:54',NULL,NULL),(306,NULL,306,'Indumentaria',1.00,'8',150000.00,150000.00,0.00,0.00,0.00,7,0.00,150000.00,'2024-09-06 10:06:55','2024-09-06 10:06:55',NULL,NULL),(307,NULL,307,'Indumentaria',1.00,'8',150000.00,150000.00,0.00,0.00,0.00,7,0.00,150000.00,'2024-09-06 10:06:55','2024-09-06 10:06:55',NULL,NULL),(308,NULL,308,'Indumentaria',1.00,'8',150000.00,150000.00,0.00,0.00,0.00,7,0.00,150000.00,'2024-09-06 10:06:56','2024-09-06 10:06:56',NULL,NULL),(309,NULL,309,'Indumentaria',1.00,'8',35000.00,35000.00,0.00,0.00,0.00,7,0.00,35000.00,'2024-09-06 10:06:57','2024-09-06 10:06:57',NULL,NULL),(310,NULL,310,'Indumentaria',1.00,'8',150000.00,150000.00,0.00,0.00,0.00,7,0.00,150000.00,'2024-09-06 10:17:04','2024-09-06 10:17:04',NULL,NULL),(311,NULL,311,'Indumentaria',1.00,'8',150000.00,150000.00,0.00,0.00,0.00,7,0.00,150000.00,'2024-09-06 10:17:06','2024-09-06 10:17:06',NULL,NULL),(312,NULL,312,'Indumentaria',1.00,'8',150000.00,150000.00,0.00,0.00,0.00,7,0.00,150000.00,'2024-09-06 10:17:08','2024-09-06 10:17:08',NULL,NULL),(313,NULL,313,'Indumentaria',1.00,'8',150000.00,150000.00,0.00,0.00,0.00,7,0.00,150000.00,'2024-09-06 10:17:10','2024-09-06 10:17:10',NULL,NULL),(314,NULL,314,'Indumentaria',1.00,'8',150000.00,150000.00,0.00,0.00,0.00,7,0.00,150000.00,'2024-09-06 10:17:12','2024-09-06 10:17:12',NULL,NULL),(315,NULL,315,'Indumentaria',1.00,'8',150000.00,150000.00,0.00,0.00,0.00,7,0.00,150000.00,'2024-09-06 10:17:14','2024-09-06 10:17:14',NULL,NULL),(316,NULL,316,'Indumentaria',1.00,'8',150000.00,150000.00,0.00,0.00,0.00,7,0.00,150000.00,'2024-09-06 10:17:16','2024-09-06 10:17:16',NULL,NULL),(317,NULL,317,'Indumentaria',1.00,'8',150000.00,150000.00,0.00,0.00,0.00,7,0.00,150000.00,'2024-09-06 10:17:18','2024-09-06 10:17:18',NULL,NULL),(318,NULL,318,'Indumentaria',1.00,'8',150000.00,150000.00,0.00,0.00,0.00,7,0.00,150000.00,'2024-09-06 10:17:20','2024-09-06 10:17:20',NULL,NULL),(319,NULL,319,'Indumentaria',1.00,'8',150000.00,150000.00,0.00,0.00,0.00,7,0.00,150000.00,'2024-09-06 10:17:22','2024-09-06 10:17:22',NULL,NULL),(320,NULL,320,'Indumentaria',1.00,'8',150000.00,150000.00,0.00,0.00,0.00,7,0.00,150000.00,'2024-09-06 10:17:24','2024-09-06 10:17:24',NULL,NULL),(321,NULL,321,'Indumentaria',1.00,'8',150000.00,150000.00,0.00,0.00,0.00,7,0.00,150000.00,'2024-09-06 10:17:26','2024-09-06 10:17:26',NULL,NULL),(322,NULL,322,'Indumentaria',1.00,'8',150000.00,150000.00,0.00,0.00,0.00,7,0.00,150000.00,'2024-09-06 10:17:28','2024-09-06 10:17:28',NULL,NULL),(323,NULL,323,'Indumentaria',1.00,'8',150000.00,150000.00,0.00,0.00,0.00,7,0.00,150000.00,'2024-09-06 10:17:30','2024-09-06 10:17:30',NULL,NULL),(324,NULL,324,'Indumentaria',1.00,'8',150000.00,150000.00,0.00,0.00,0.00,7,0.00,150000.00,'2024-09-06 10:17:32','2024-09-06 10:17:32',NULL,NULL),(325,NULL,325,'Indumentaria',1.00,'8',150000.00,150000.00,0.00,0.00,0.00,7,0.00,150000.00,'2024-09-06 10:17:33','2024-09-06 10:17:33',NULL,NULL),(326,NULL,326,'Indumentaria',1.00,'8',150000.00,150000.00,0.00,0.00,0.00,7,0.00,150000.00,'2024-09-06 10:17:35','2024-09-06 10:17:35',NULL,NULL),(327,NULL,327,'Indumentaria',1.00,'8',150000.00,150000.00,0.00,0.00,0.00,7,0.00,150000.00,'2024-09-06 10:17:37','2024-09-06 10:17:37',NULL,NULL),(328,NULL,328,'Indumentaria',1.00,'8',150000.00,150000.00,0.00,0.00,0.00,7,0.00,150000.00,'2024-09-06 10:17:39','2024-09-06 10:17:39',NULL,NULL),(329,NULL,329,'Indumentaria',1.00,'8',150000.00,150000.00,0.00,0.00,0.00,7,0.00,150000.00,'2024-09-06 10:17:41','2024-09-06 10:17:41',NULL,NULL),(330,NULL,330,'Indumentaria',1.00,'8',150000.00,150000.00,0.00,0.00,0.00,7,0.00,150000.00,'2024-09-06 10:17:43','2024-09-06 10:17:43',NULL,NULL);
INSERT INTO `fact_elec_receipt_details` VALUES (331,NULL,331,'Indumentaria',1.00,'8',150000.00,150000.00,0.00,0.00,0.00,7,0.00,150000.00,'2024-09-06 10:17:46','2024-09-06 10:17:46',NULL,NULL),(332,NULL,332,'Indumentaria',1.00,'8',150000.00,150000.00,0.00,0.00,0.00,7,0.00,150000.00,'2024-09-06 10:17:47','2024-09-06 10:17:47',NULL,NULL),(333,NULL,333,'Indumentaria',1.00,'8',150000.00,150000.00,0.00,0.00,0.00,7,0.00,150000.00,'2024-09-06 10:17:49','2024-09-06 10:17:49',NULL,NULL),(334,NULL,334,'Indumentaria',1.00,'8',150000.00,150000.00,0.00,0.00,0.00,7,0.00,150000.00,'2024-09-06 10:17:51','2024-09-06 10:17:51',NULL,NULL),(335,NULL,335,'Indumentaria',1.00,'8',150000.00,150000.00,0.00,0.00,0.00,7,0.00,150000.00,'2024-09-06 10:17:54','2024-09-06 10:17:54',NULL,NULL),(336,NULL,336,'Indumentaria',1.00,'8',150000.00,150000.00,0.00,0.00,0.00,7,0.00,150000.00,'2024-09-06 10:17:56','2024-09-06 10:17:56',NULL,NULL),(337,NULL,337,'Indumentaria',1.00,'8',150000.00,150000.00,0.00,0.00,0.00,7,0.00,150000.00,'2024-09-06 10:17:57','2024-09-06 10:17:57',NULL,NULL),(338,NULL,338,'Indumentaria',1.00,'8',150000.00,150000.00,0.00,0.00,0.00,7,0.00,150000.00,'2024-09-06 10:17:59','2024-09-06 10:17:59',NULL,NULL),(339,NULL,339,'Indumentaria',1.00,'8',150000.00,150000.00,0.00,0.00,0.00,7,0.00,150000.00,'2024-09-06 10:18:02','2024-09-06 10:18:02',NULL,NULL),(340,NULL,340,'Indumentaria',1.00,'8',150000.00,150000.00,0.00,0.00,0.00,7,0.00,150000.00,'2024-09-06 10:18:05','2024-09-06 10:18:05',NULL,NULL),(341,NULL,341,'Indumentaria',1.00,'8',150000.00,150000.00,0.00,0.00,0.00,7,0.00,150000.00,'2024-09-06 10:18:07','2024-09-06 10:18:07',NULL,NULL),(342,NULL,342,'Indumentaria',1.00,'8',150000.00,150000.00,0.00,0.00,0.00,7,0.00,150000.00,'2024-09-06 10:18:10','2024-09-06 10:18:10',NULL,NULL),(343,NULL,343,'Indumentaria',1.00,'8',150000.00,150000.00,0.00,0.00,0.00,7,0.00,150000.00,'2024-09-06 10:18:12','2024-09-06 10:18:12',NULL,NULL),(344,NULL,344,'Indumentaria',1.00,'8',150000.00,150000.00,0.00,0.00,0.00,7,0.00,150000.00,'2024-09-06 10:18:14','2024-09-06 10:18:14',NULL,NULL),(345,NULL,345,'Indumentaria',1.00,'8',150000.00,150000.00,0.00,0.00,0.00,7,0.00,150000.00,'2024-09-06 10:18:16','2024-09-06 10:18:16',NULL,NULL),(346,NULL,346,'Indumentaria',1.00,'8',150000.00,150000.00,0.00,0.00,0.00,7,0.00,150000.00,'2024-09-06 10:18:18','2024-09-06 10:18:18',NULL,NULL),(347,NULL,347,'Indumentaria',1.00,'8',150000.00,150000.00,0.00,0.00,0.00,7,0.00,150000.00,'2024-09-06 10:18:20','2024-09-06 10:18:20',NULL,NULL),(348,NULL,348,'Indumentaria',1.00,'8',150000.00,150000.00,0.00,0.00,0.00,7,0.00,150000.00,'2024-09-06 10:18:22','2024-09-06 10:18:22',NULL,NULL),(349,NULL,349,'Indumentaria',1.00,'8',150000.00,150000.00,0.00,0.00,0.00,7,0.00,150000.00,'2024-09-06 10:18:24','2024-09-06 10:18:24',NULL,NULL),(350,NULL,350,'Indumentaria',1.00,'8',150000.00,150000.00,0.00,0.00,0.00,7,0.00,150000.00,'2024-09-06 10:18:27','2024-09-06 10:18:27',NULL,NULL),(351,NULL,351,'Indumentaria',1.00,'8',150000.00,150000.00,0.00,0.00,0.00,7,0.00,150000.00,'2024-09-06 10:18:29','2024-09-06 10:18:29',NULL,NULL),(352,NULL,352,'Indumentaria',1.00,'8',150000.00,150000.00,0.00,0.00,0.00,7,0.00,150000.00,'2024-09-06 10:18:31','2024-09-06 10:18:31',NULL,NULL),(353,NULL,353,'Indumentaria',1.00,'8',150000.00,150000.00,0.00,0.00,0.00,7,0.00,150000.00,'2024-09-06 10:18:33','2024-09-06 10:18:33',NULL,NULL),(354,NULL,354,'Indumentaria',1.00,'8',150000.00,150000.00,0.00,0.00,0.00,7,0.00,150000.00,'2024-09-06 10:18:35','2024-09-06 10:18:35',NULL,NULL),(355,NULL,355,'Indumentaria',1.00,'8',150000.00,150000.00,0.00,0.00,0.00,7,0.00,150000.00,'2024-09-06 10:18:37','2024-09-06 10:18:37',NULL,NULL),(356,NULL,356,'Indumentaria',1.00,'8',150000.00,150000.00,0.00,0.00,0.00,7,0.00,150000.00,'2024-09-06 10:18:39','2024-09-06 10:18:39',NULL,NULL),(357,NULL,357,'Indumentaria',1.00,'8',150000.00,150000.00,0.00,0.00,0.00,7,0.00,150000.00,'2024-09-06 10:18:41','2024-09-06 10:18:41',NULL,NULL);
INSERT INTO `fact_elec_receipt_details` VALUES (358,NULL,358,'Indumentaria',1.00,'8',150000.00,150000.00,0.00,0.00,0.00,7,0.00,150000.00,'2024-09-06 10:18:43','2024-09-06 10:18:43',NULL,NULL),(359,NULL,359,'Indumentaria',1.00,'8',150000.00,150000.00,0.00,0.00,0.00,7,0.00,150000.00,'2024-09-06 10:18:45','2024-09-06 10:18:45',NULL,NULL),(360,NULL,360,'Indumentaria',1.00,'8',150000.00,150000.00,0.00,0.00,0.00,7,0.00,150000.00,'2024-09-06 10:18:47','2024-09-06 10:18:47',NULL,NULL),(361,NULL,361,'Indumentaria',1.00,'8',150000.00,150000.00,0.00,0.00,0.00,7,0.00,150000.00,'2024-09-06 10:18:49','2024-09-06 10:18:49',NULL,NULL),(362,NULL,362,'Indumentaria',1.00,'8',150000.00,150000.00,0.00,0.00,0.00,7,0.00,150000.00,'2024-09-06 10:18:51','2024-09-06 10:18:51',NULL,NULL),(363,NULL,363,'Indumentaria',1.00,'8',150000.00,150000.00,0.00,0.00,0.00,7,0.00,150000.00,'2024-09-06 10:18:53','2024-09-06 10:18:53',NULL,NULL),(364,NULL,364,'Indumentaria',1.00,'8',150000.00,150000.00,0.00,0.00,0.00,7,0.00,150000.00,'2024-09-06 10:18:55','2024-09-06 10:18:55',NULL,NULL),(365,NULL,365,'Indumentaria',1.00,'8',53000.00,53000.00,0.00,0.00,0.00,7,0.00,53000.00,'2024-09-06 10:18:58','2024-09-06 10:18:58',NULL,NULL),(366,8704,366,'Indumentaria',1.00,'8',197496.00,197496.00,0.00,0.00,0.00,7,0.00,197496.00,'2024-09-30 14:46:15','2024-09-30 14:46:15','',NULL),(367,NULL,367,'Indumentaria',1.00,'8',150000.00,150000.00,0.00,0.00,0.00,7,0.00,150000.00,'2024-10-08 20:48:31','2024-10-08 20:48:31',NULL,NULL),(368,NULL,368,'Indumentaria',1.00,'8',150000.00,150000.00,0.00,0.00,0.00,7,0.00,150000.00,'2024-10-08 20:48:33','2024-10-08 20:48:33',NULL,NULL),(369,NULL,369,'Indumentaria',1.00,'8',150000.00,150000.00,0.00,0.00,0.00,7,0.00,150000.00,'2024-10-08 20:48:35','2024-10-08 20:48:35',NULL,NULL),(370,NULL,370,'Indumentaria',1.00,'8',150000.00,150000.00,0.00,0.00,0.00,7,0.00,150000.00,'2024-10-08 20:48:37','2024-10-08 20:48:37',NULL,NULL),(371,NULL,371,'Indumentaria',1.00,'8',150000.00,150000.00,0.00,0.00,0.00,7,0.00,150000.00,'2024-10-08 20:48:39','2024-10-08 20:48:39',NULL,NULL),(372,NULL,372,'Indumentaria',1.00,'8',150000.00,150000.00,0.00,0.00,0.00,7,0.00,150000.00,'2024-10-08 20:48:41','2024-10-08 20:48:41',NULL,NULL),(373,NULL,373,'Indumentaria',1.00,'8',150000.00,150000.00,0.00,0.00,0.00,7,0.00,150000.00,'2024-10-08 20:48:43','2024-10-08 20:48:43',NULL,NULL),(374,NULL,374,'Indumentaria',1.00,'8',150000.00,150000.00,0.00,0.00,0.00,7,0.00,150000.00,'2024-10-08 20:48:45','2024-10-08 20:48:45',NULL,NULL),(375,NULL,375,'Indumentaria',1.00,'8',150000.00,150000.00,0.00,0.00,0.00,7,0.00,150000.00,'2024-10-08 20:48:47','2024-10-08 20:48:47',NULL,NULL),(376,NULL,376,'Indumentaria',1.00,'8',150000.00,150000.00,0.00,0.00,0.00,7,0.00,150000.00,'2024-10-08 20:48:49','2024-10-08 20:48:49',NULL,NULL),(377,NULL,377,'Indumentaria',1.00,'8',150000.00,150000.00,0.00,0.00,0.00,7,0.00,150000.00,'2024-10-08 20:48:52','2024-10-08 20:48:52',NULL,NULL),(378,NULL,378,'Indumentaria',1.00,'8',150000.00,150000.00,0.00,0.00,0.00,7,0.00,150000.00,'2024-10-08 20:48:54','2024-10-08 20:48:54',NULL,NULL),(379,NULL,379,'Indumentaria',1.00,'8',150000.00,150000.00,0.00,0.00,0.00,7,0.00,150000.00,'2024-10-08 20:48:56','2024-10-08 20:48:56',NULL,NULL),(380,NULL,380,'Indumentaria',1.00,'8',150000.00,150000.00,0.00,0.00,0.00,7,0.00,150000.00,'2024-10-08 20:48:58','2024-10-08 20:48:58',NULL,NULL),(381,NULL,381,'Indumentaria',1.00,'8',150000.00,150000.00,0.00,0.00,0.00,7,0.00,150000.00,'2024-10-08 20:49:00','2024-10-08 20:49:00',NULL,NULL),(382,NULL,382,'Indumentaria',1.00,'8',150000.00,150000.00,0.00,0.00,0.00,7,0.00,150000.00,'2024-10-08 20:49:02','2024-10-08 20:49:02',NULL,NULL),(383,NULL,383,'Indumentaria',1.00,'8',150000.00,150000.00,0.00,0.00,0.00,7,0.00,150000.00,'2024-10-08 20:49:05','2024-10-08 20:49:05',NULL,NULL),(384,NULL,384,'Indumentaria',1.00,'8',150000.00,150000.00,0.00,0.00,0.00,7,0.00,150000.00,'2024-10-08 20:49:07','2024-10-08 20:49:07',NULL,NULL);
INSERT INTO `fact_elec_receipt_details` VALUES (385,NULL,385,'Indumentaria',1.00,'8',150000.00,150000.00,0.00,0.00,0.00,7,0.00,150000.00,'2024-10-08 20:49:09','2024-10-08 20:49:09',NULL,NULL),(386,NULL,386,'Indumentaria',1.00,'8',150000.00,150000.00,0.00,0.00,0.00,7,0.00,150000.00,'2024-10-08 20:49:12','2024-10-08 20:49:12',NULL,NULL),(387,NULL,387,'Indumentaria',1.00,'8',150000.00,150000.00,0.00,0.00,0.00,7,0.00,150000.00,'2024-10-08 20:49:15','2024-10-08 20:49:15',NULL,NULL),(388,NULL,388,'Indumentaria',1.00,'8',150000.00,150000.00,0.00,0.00,0.00,7,0.00,150000.00,'2024-10-08 20:49:17','2024-10-08 20:49:17',NULL,NULL),(389,NULL,389,'Indumentaria',1.00,'8',150000.00,150000.00,0.00,0.00,0.00,7,0.00,150000.00,'2024-10-08 20:49:19','2024-10-08 20:49:19',NULL,NULL),(390,NULL,390,'Indumentaria',1.00,'8',150000.00,150000.00,0.00,0.00,0.00,7,0.00,150000.00,'2024-10-08 20:49:21','2024-10-08 20:49:21',NULL,NULL),(391,NULL,391,'Indumentaria',1.00,'8',150000.00,150000.00,0.00,0.00,0.00,7,0.00,150000.00,'2024-10-08 20:49:24','2024-10-08 20:49:24',NULL,NULL),(392,NULL,392,'Indumentaria',1.00,'8',150000.00,150000.00,0.00,0.00,0.00,7,0.00,150000.00,'2024-10-08 20:49:26','2024-10-08 20:49:26',NULL,NULL),(393,NULL,393,'Indumentaria',1.00,'8',150000.00,150000.00,0.00,0.00,0.00,7,0.00,150000.00,'2024-10-08 20:49:28','2024-10-08 20:49:28',NULL,NULL),(394,NULL,394,'Indumentaria',1.00,'8',150000.00,150000.00,0.00,0.00,0.00,7,0.00,150000.00,'2024-10-08 20:49:30','2024-10-08 20:49:30',NULL,NULL),(395,NULL,395,'Indumentaria',1.00,'8',150000.00,150000.00,0.00,0.00,0.00,7,0.00,150000.00,'2024-10-08 20:49:33','2024-10-08 20:49:33',NULL,NULL),(396,NULL,396,'Indumentaria',1.00,'8',150000.00,150000.00,0.00,0.00,0.00,7,0.00,150000.00,'2024-10-08 20:49:36','2024-10-08 20:49:36',NULL,NULL),(397,NULL,397,'Indumentaria',1.00,'8',150000.00,150000.00,0.00,0.00,0.00,7,0.00,150000.00,'2024-10-08 20:49:38','2024-10-08 20:49:38',NULL,NULL),(398,NULL,398,'Indumentaria',1.00,'8',150000.00,150000.00,0.00,0.00,0.00,7,0.00,150000.00,'2024-10-08 20:49:40','2024-10-08 20:49:40',NULL,NULL),(399,NULL,399,'Indumentaria',1.00,'8',150000.00,150000.00,0.00,0.00,0.00,7,0.00,150000.00,'2024-10-08 20:49:43','2024-10-08 20:49:43',NULL,NULL),(400,NULL,400,'Indumentaria',1.00,'8',150000.00,150000.00,0.00,0.00,0.00,7,0.00,150000.00,'2024-10-08 20:49:45','2024-10-08 20:49:45',NULL,NULL),(401,NULL,401,'Indumentaria',1.00,'8',150000.00,150000.00,0.00,0.00,0.00,7,0.00,150000.00,'2024-10-08 20:49:47','2024-10-08 20:49:47',NULL,NULL),(402,NULL,402,'Indumentaria',1.00,'8',150000.00,150000.00,0.00,0.00,0.00,7,0.00,150000.00,'2024-10-08 20:49:49','2024-10-08 20:49:49',NULL,NULL),(403,NULL,403,'Indumentaria',1.00,'8',150000.00,150000.00,0.00,0.00,0.00,7,0.00,150000.00,'2024-10-08 20:49:51','2024-10-08 20:49:51',NULL,NULL),(404,NULL,404,'Indumentaria',1.00,'8',150000.00,150000.00,0.00,0.00,0.00,7,0.00,150000.00,'2024-10-08 20:49:53','2024-10-08 20:49:53',NULL,NULL),(405,NULL,405,'Indumentaria',1.00,'8',150000.00,150000.00,0.00,0.00,0.00,7,0.00,150000.00,'2024-10-08 20:49:56','2024-10-08 20:49:56',NULL,NULL),(406,NULL,406,'Indumentaria',1.00,'8',150000.00,150000.00,0.00,0.00,0.00,7,0.00,150000.00,'2024-10-08 20:49:58','2024-10-08 20:49:58',NULL,NULL),(407,NULL,407,'Indumentaria',1.00,'8',150000.00,150000.00,0.00,0.00,0.00,7,0.00,150000.00,'2024-10-08 20:50:01','2024-10-08 20:50:01',NULL,NULL),(408,NULL,408,'Indumentaria',1.00,'8',150000.00,150000.00,0.00,0.00,0.00,7,0.00,150000.00,'2024-10-08 20:50:04','2024-10-08 20:50:04',NULL,NULL),(409,NULL,409,'Indumentaria',1.00,'8',150000.00,150000.00,0.00,0.00,0.00,7,0.00,150000.00,'2024-10-08 20:50:08','2024-10-08 20:50:08',NULL,NULL),(410,NULL,410,'Indumentaria',1.00,'8',150000.00,150000.00,0.00,0.00,0.00,7,0.00,150000.00,'2024-10-08 20:50:10','2024-10-08 20:50:10',NULL,NULL),(411,NULL,411,'Indumentaria',1.00,'8',150000.00,150000.00,0.00,0.00,0.00,7,0.00,150000.00,'2024-10-08 20:50:13','2024-10-08 20:50:13',NULL,NULL);
INSERT INTO `fact_elec_receipt_details` VALUES (412,NULL,412,'Indumentaria',1.00,'8',150000.00,150000.00,0.00,0.00,0.00,7,0.00,150000.00,'2024-10-08 20:50:15','2024-10-08 20:50:15',NULL,NULL),(413,NULL,413,'Indumentaria',1.00,'8',150000.00,150000.00,0.00,0.00,0.00,7,0.00,150000.00,'2024-10-08 20:50:17','2024-10-08 20:50:17',NULL,NULL),(414,NULL,414,'Indumentaria',1.00,'8',140000.00,140000.00,0.00,0.00,0.00,7,0.00,140000.00,'2024-10-08 20:50:20','2024-10-08 20:50:20',NULL,NULL),(415,NULL,415,'Indumentaria',1.00,'8',150000.00,150000.00,0.00,0.00,0.00,7,0.00,150000.00,'2024-10-08 20:52:03','2024-10-08 20:52:03',NULL,NULL),(416,NULL,416,'Indumentaria',1.00,'8',150000.00,150000.00,0.00,0.00,0.00,7,0.00,150000.00,'2024-10-08 20:52:04','2024-10-08 20:52:04',NULL,NULL),(417,NULL,417,'Indumentaria',1.00,'8',150000.00,150000.00,0.00,0.00,0.00,7,0.00,150000.00,'2024-10-08 20:52:05','2024-10-08 20:52:05',NULL,NULL),(418,NULL,418,'Indumentaria',1.00,'8',150000.00,150000.00,0.00,0.00,0.00,7,0.00,150000.00,'2024-10-08 20:52:06','2024-10-08 20:52:06',NULL,NULL),(419,NULL,419,'Indumentaria',1.00,'8',150000.00,150000.00,0.00,0.00,0.00,7,0.00,150000.00,'2024-10-08 20:52:07','2024-10-08 20:52:07',NULL,NULL),(420,NULL,420,'Indumentaria',1.00,'8',150000.00,150000.00,0.00,0.00,0.00,7,0.00,150000.00,'2024-10-08 20:52:08','2024-10-08 20:52:08',NULL,NULL),(421,NULL,421,'Indumentaria',1.00,'8',150000.00,150000.00,0.00,0.00,0.00,7,0.00,150000.00,'2024-10-08 20:52:09','2024-10-08 20:52:09',NULL,NULL),(422,NULL,422,'Indumentaria',1.00,'8',150000.00,150000.00,0.00,0.00,0.00,7,0.00,150000.00,'2024-10-08 20:52:10','2024-10-08 20:52:10',NULL,NULL),(423,NULL,423,'Indumentaria',1.00,'8',150000.00,150000.00,0.00,0.00,0.00,7,0.00,150000.00,'2024-10-08 20:52:10','2024-10-08 20:52:10',NULL,NULL),(424,NULL,424,'Indumentaria',1.00,'8',150000.00,150000.00,0.00,0.00,0.00,7,0.00,150000.00,'2024-10-08 20:52:11','2024-10-08 20:52:11',NULL,NULL),(425,NULL,425,'Indumentaria',1.00,'8',150000.00,150000.00,0.00,0.00,0.00,7,0.00,150000.00,'2024-10-08 20:52:12','2024-10-08 20:52:12',NULL,NULL),(426,NULL,426,'Indumentaria',1.00,'8',150000.00,150000.00,0.00,0.00,0.00,7,0.00,150000.00,'2024-10-08 20:52:13','2024-10-08 20:52:13',NULL,NULL),(427,NULL,427,'Indumentaria',1.00,'8',150000.00,150000.00,0.00,0.00,0.00,7,0.00,150000.00,'2024-10-08 20:52:14','2024-10-08 20:52:14',NULL,NULL),(428,NULL,428,'Indumentaria',1.00,'8',150000.00,150000.00,0.00,0.00,0.00,7,0.00,150000.00,'2024-10-08 20:52:15','2024-10-08 20:52:15',NULL,NULL),(429,NULL,429,'Indumentaria',1.00,'8',150000.00,150000.00,0.00,0.00,0.00,7,0.00,150000.00,'2024-10-08 20:52:16','2024-10-08 20:52:16',NULL,NULL),(430,NULL,430,'Indumentaria',1.00,'8',150000.00,150000.00,0.00,0.00,0.00,7,0.00,150000.00,'2024-10-08 20:52:17','2024-10-08 20:52:17',NULL,NULL),(431,NULL,431,'Indumentaria',1.00,'8',150000.00,150000.00,0.00,0.00,0.00,7,0.00,150000.00,'2024-10-08 20:52:18','2024-10-08 20:52:18',NULL,NULL),(432,NULL,432,'Indumentaria',1.00,'8',150000.00,150000.00,0.00,0.00,0.00,7,0.00,150000.00,'2024-10-08 20:52:19','2024-10-08 20:52:19',NULL,NULL),(433,NULL,433,'Indumentaria',1.00,'8',150000.00,150000.00,0.00,0.00,0.00,7,0.00,150000.00,'2024-10-08 20:52:20','2024-10-08 20:52:20',NULL,NULL),(434,NULL,434,'Indumentaria',1.00,'8',150000.00,150000.00,0.00,0.00,0.00,7,0.00,150000.00,'2024-10-08 20:52:21','2024-10-08 20:52:21',NULL,NULL),(435,NULL,435,'Indumentaria',1.00,'8',150000.00,150000.00,0.00,0.00,0.00,7,0.00,150000.00,'2024-10-08 20:52:21','2024-10-08 20:52:21',NULL,NULL),(436,NULL,436,'Indumentaria',1.00,'8',150000.00,150000.00,0.00,0.00,0.00,7,0.00,150000.00,'2024-10-08 20:52:22','2024-10-08 20:52:22',NULL,NULL),(437,NULL,437,'Indumentaria',1.00,'8',150000.00,150000.00,0.00,0.00,0.00,7,0.00,150000.00,'2024-10-08 20:52:23','2024-10-08 20:52:23',NULL,NULL),(438,NULL,438,'Indumentaria',1.00,'8',150000.00,150000.00,0.00,0.00,0.00,7,0.00,150000.00,'2024-10-08 20:52:24','2024-10-08 20:52:24',NULL,NULL);
INSERT INTO `fact_elec_receipt_details` VALUES (439,NULL,439,'Indumentaria',1.00,'8',150000.00,150000.00,0.00,0.00,0.00,7,0.00,150000.00,'2024-10-08 20:52:25','2024-10-08 20:52:25',NULL,NULL),(440,NULL,440,'Indumentaria',1.00,'8',150000.00,150000.00,0.00,0.00,0.00,7,0.00,150000.00,'2024-10-08 20:52:26','2024-10-08 20:52:26',NULL,NULL),(441,NULL,441,'Indumentaria',1.00,'8',150000.00,150000.00,0.00,0.00,0.00,7,0.00,150000.00,'2024-10-08 20:52:27','2024-10-08 20:52:27',NULL,NULL),(442,NULL,442,'Indumentaria',1.00,'8',150000.00,150000.00,0.00,0.00,0.00,7,0.00,150000.00,'2024-10-08 20:52:28','2024-10-08 20:52:28',NULL,NULL),(443,NULL,443,'Indumentaria',1.00,'8',150000.00,150000.00,0.00,0.00,0.00,7,0.00,150000.00,'2024-10-08 20:52:29','2024-10-08 20:52:29',NULL,NULL),(444,NULL,444,'Indumentaria',1.00,'8',150000.00,150000.00,0.00,0.00,0.00,7,0.00,150000.00,'2024-10-08 20:52:30','2024-10-08 20:52:30',NULL,NULL),(445,NULL,445,'Indumentaria',1.00,'8',150000.00,150000.00,0.00,0.00,0.00,7,0.00,150000.00,'2024-10-08 20:52:30','2024-10-08 20:52:30',NULL,NULL),(446,NULL,446,'Indumentaria',1.00,'8',150000.00,150000.00,0.00,0.00,0.00,7,0.00,150000.00,'2024-10-08 20:52:31','2024-10-08 20:52:31',NULL,NULL),(447,NULL,447,'Indumentaria',1.00,'8',150000.00,150000.00,0.00,0.00,0.00,7,0.00,150000.00,'2024-10-08 20:52:32','2024-10-08 20:52:32',NULL,NULL),(448,NULL,448,'Indumentaria',1.00,'8',150000.00,150000.00,0.00,0.00,0.00,7,0.00,150000.00,'2024-10-08 20:52:33','2024-10-08 20:52:33',NULL,NULL),(449,NULL,449,'Indumentaria',1.00,'8',150000.00,150000.00,0.00,0.00,0.00,7,0.00,150000.00,'2024-10-08 20:52:34','2024-10-08 20:52:34',NULL,NULL),(450,NULL,450,'Indumentaria',1.00,'8',150000.00,150000.00,0.00,0.00,0.00,7,0.00,150000.00,'2024-10-08 20:52:35','2024-10-08 20:52:35',NULL,NULL),(451,NULL,451,'Indumentaria',1.00,'8',150000.00,150000.00,0.00,0.00,0.00,7,0.00,150000.00,'2024-10-08 20:52:36','2024-10-08 20:52:36',NULL,NULL),(452,NULL,452,'Indumentaria',1.00,'8',150000.00,150000.00,0.00,0.00,0.00,7,0.00,150000.00,'2024-10-08 20:52:37','2024-10-08 20:52:37',NULL,NULL),(453,NULL,453,'Indumentaria',1.00,'8',150000.00,150000.00,0.00,0.00,0.00,7,0.00,150000.00,'2024-10-08 20:52:38','2024-10-08 20:52:38',NULL,NULL),(454,NULL,454,'Indumentaria',1.00,'8',150000.00,150000.00,0.00,0.00,0.00,7,0.00,150000.00,'2024-10-08 20:52:38','2024-10-08 20:52:38',NULL,NULL),(455,NULL,455,'Indumentaria',1.00,'8',150000.00,150000.00,0.00,0.00,0.00,7,0.00,150000.00,'2024-10-08 20:52:39','2024-10-08 20:52:39',NULL,NULL),(456,NULL,456,'Indumentaria',1.00,'8',150000.00,150000.00,0.00,0.00,0.00,7,0.00,150000.00,'2024-10-08 20:52:40','2024-10-08 20:52:40',NULL,NULL),(457,NULL,457,'Indumentaria',1.00,'8',150000.00,150000.00,0.00,0.00,0.00,7,0.00,150000.00,'2024-10-08 20:52:41','2024-10-08 20:52:41',NULL,NULL),(458,NULL,458,'Indumentaria',1.00,'8',150000.00,150000.00,0.00,0.00,0.00,7,0.00,150000.00,'2024-10-08 20:52:42','2024-10-08 20:52:42',NULL,NULL),(459,NULL,459,'Indumentaria',1.00,'8',150000.00,150000.00,0.00,0.00,0.00,7,0.00,150000.00,'2024-10-08 20:52:43','2024-10-08 20:52:43',NULL,NULL),(460,NULL,460,'Indumentaria',1.00,'8',150000.00,150000.00,0.00,0.00,0.00,7,0.00,150000.00,'2024-10-08 20:52:44','2024-10-08 20:52:44',NULL,NULL),(461,NULL,461,'Indumentaria',1.00,'8',150000.00,150000.00,0.00,0.00,0.00,7,0.00,150000.00,'2024-10-08 20:52:45','2024-10-08 20:52:45',NULL,NULL),(462,NULL,462,'Indumentaria',1.00,'8',150000.00,150000.00,0.00,0.00,0.00,7,0.00,150000.00,'2024-10-08 20:52:46','2024-10-08 20:52:46',NULL,NULL),(463,NULL,463,'Indumentaria',1.00,'8',150000.00,150000.00,0.00,0.00,0.00,7,0.00,150000.00,'2024-10-08 20:52:47','2024-10-08 20:52:47',NULL,NULL),(464,NULL,464,'Indumentaria',1.00,'8',150000.00,150000.00,0.00,0.00,0.00,7,0.00,150000.00,'2024-10-08 20:52:47','2024-10-08 20:52:47',NULL,NULL),(465,NULL,465,'Indumentaria',1.00,'8',150000.00,150000.00,0.00,0.00,0.00,7,0.00,150000.00,'2024-10-08 20:52:48','2024-10-08 20:52:48',NULL,NULL);
INSERT INTO `fact_elec_receipt_details` VALUES (466,NULL,466,'Indumentaria',1.00,'8',150000.00,150000.00,0.00,0.00,0.00,7,0.00,150000.00,'2024-10-08 20:52:49','2024-10-08 20:52:49',NULL,NULL),(467,NULL,467,'Indumentaria',1.00,'8',150000.00,150000.00,0.00,0.00,0.00,7,0.00,150000.00,'2024-10-08 20:52:50','2024-10-08 20:52:50',NULL,NULL),(468,NULL,468,'Indumentaria',1.00,'8',93000.00,93000.00,0.00,0.00,0.00,7,0.00,93000.00,'2024-10-08 20:52:51','2024-10-08 20:52:51',NULL,NULL),(469,8704,469,'Servicios',1.00,'8',150000.00,150000.00,0.00,0.00,0.00,7,0.00,150000.00,'2024-10-08 20:55:06','2024-10-08 20:55:06',NULL,NULL),(470,8704,470,'Servicios',1.00,'8',150000.00,150000.00,0.00,0.00,0.00,7,0.00,150000.00,'2024-10-08 20:55:09','2024-10-08 20:55:09',NULL,NULL),(471,8704,471,'Servicios',1.00,'8',150000.00,150000.00,0.00,0.00,0.00,7,0.00,150000.00,'2024-10-08 20:55:12','2024-10-08 20:55:12',NULL,NULL),(472,8704,472,'Servicios',1.00,'8',150000.00,150000.00,0.00,0.00,0.00,7,0.00,150000.00,'2024-10-08 20:55:14','2024-10-08 20:55:14',NULL,NULL),(473,8704,473,'Servicios',1.00,'8',150000.00,150000.00,0.00,0.00,0.00,7,0.00,150000.00,'2024-10-08 20:55:16','2024-10-08 20:55:16',NULL,NULL),(474,8704,474,'Servicios',1.00,'8',150000.00,150000.00,0.00,0.00,0.00,7,0.00,150000.00,'2024-10-08 20:55:18','2024-10-08 20:55:18',NULL,NULL),(475,8704,475,'Servicios',1.00,'8',150000.00,150000.00,0.00,0.00,0.00,7,0.00,150000.00,'2024-10-08 20:55:20','2024-10-08 20:55:20',NULL,NULL),(476,8704,476,'Servicios',1.00,'8',150000.00,150000.00,0.00,0.00,0.00,7,0.00,150000.00,'2024-10-08 20:55:23','2024-10-08 20:55:23',NULL,NULL),(477,8704,477,'Servicios',1.00,'8',150000.00,150000.00,0.00,0.00,0.00,7,0.00,150000.00,'2024-10-08 20:55:26','2024-10-08 20:55:26',NULL,NULL),(478,8704,478,'Servicios',1.00,'8',150000.00,150000.00,0.00,0.00,0.00,7,0.00,150000.00,'2024-10-08 20:55:28','2024-10-08 20:55:28',NULL,NULL),(479,8704,479,'Prueba',1.00,'8',1.00,1.00,0.00,0.00,0.00,2,0.21,1.21,'2024-11-02 16:02:00','2024-11-02 16:02:00','',NULL),(480,NULL,480,'Servicios',1.00,'8',150000.00,150000.00,0.00,0.00,0.00,7,0.00,150000.00,'2024-11-02 16:04:37','2024-11-02 16:04:37',NULL,NULL),(481,NULL,481,'Servicios',1.00,'8',150000.00,150000.00,0.00,0.00,0.00,7,0.00,150000.00,'2024-11-02 16:04:39','2024-11-02 16:04:39',NULL,NULL),(482,NULL,482,'Servicios',1.00,'8',150000.00,150000.00,0.00,0.00,0.00,7,0.00,150000.00,'2024-11-02 16:04:41','2024-11-02 16:04:41',NULL,NULL),(483,NULL,483,'Servicios',1.00,'8',150000.00,150000.00,0.00,0.00,0.00,7,0.00,150000.00,'2024-11-02 16:04:44','2024-11-02 16:04:44',NULL,NULL),(484,NULL,484,'Servicios',1.00,'8',150000.00,150000.00,0.00,0.00,0.00,7,0.00,150000.00,'2024-11-02 16:04:46','2024-11-02 16:04:46',NULL,NULL),(485,NULL,485,'Servicios',1.00,'8',150000.00,150000.00,0.00,0.00,0.00,7,0.00,150000.00,'2024-11-02 16:04:48','2024-11-02 16:04:48',NULL,NULL),(486,NULL,486,'Servicios',1.00,'8',150000.00,150000.00,0.00,0.00,0.00,7,0.00,150000.00,'2024-11-02 16:04:51','2024-11-02 16:04:51',NULL,NULL),(487,NULL,487,'Servicios',1.00,'8',150000.00,150000.00,0.00,0.00,0.00,7,0.00,150000.00,'2024-11-02 16:04:54','2024-11-02 16:04:54',NULL,NULL),(488,NULL,488,'Servicios',1.00,'8',150000.00,150000.00,0.00,0.00,0.00,7,0.00,150000.00,'2024-11-02 16:04:56','2024-11-02 16:04:56',NULL,NULL),(489,NULL,489,'Servicios',1.00,'8',150000.00,150000.00,0.00,0.00,0.00,7,0.00,150000.00,'2024-11-02 16:04:58','2024-11-02 16:04:58',NULL,NULL),(490,NULL,490,'Servicios octubre',1.00,'8',100000.00,100000.00,0.00,0.00,0.00,7,0.00,100000.00,'2024-11-02 16:05:00','2024-11-02 16:05:00',NULL,NULL),(491,8704,491,'Servicios noviembre',1.00,'8',100000.00,100000.00,0.00,0.00,0.00,7,0.00,100000.00,'2024-11-02 16:06:53','2024-11-02 16:06:53',NULL,NULL),(492,NULL,492,'Indumentaria',1.00,'8',123966.94,123966.94,0.00,0.00,0.00,2,26033.06,150000.00,'2024-11-03 19:36:10','2024-11-03 19:36:10',NULL,NULL),(493,NULL,493,'Indumentaria',1.00,'8',123966.94,123966.94,0.00,0.00,0.00,2,26033.06,150000.00,'2024-11-03 19:36:13','2024-11-03 19:36:13',NULL,NULL);
INSERT INTO `fact_elec_receipt_details` VALUES (494,NULL,494,'Indumentaria',1.00,'8',123966.94,123966.94,0.00,0.00,0.00,2,26033.06,150000.00,'2024-11-03 19:36:15','2024-11-03 19:36:15',NULL,NULL),(495,NULL,495,'Indumentaria',1.00,'8',123966.94,123966.94,0.00,0.00,0.00,2,26033.06,150000.00,'2024-11-03 19:36:17','2024-11-03 19:36:17',NULL,NULL),(496,NULL,496,'Indumentaria',1.00,'8',123966.94,123966.94,0.00,0.00,0.00,2,26033.06,150000.00,'2024-11-03 19:36:19','2024-11-03 19:36:19',NULL,NULL),(497,NULL,497,'Indumentaria',1.00,'8',123966.94,123966.94,0.00,0.00,0.00,2,26033.06,150000.00,'2024-11-03 19:36:22','2024-11-03 19:36:22',NULL,NULL),(498,NULL,498,'Indumentaria',1.00,'8',123966.94,123966.94,0.00,0.00,0.00,2,26033.06,150000.00,'2024-11-03 19:36:24','2024-11-03 19:36:24',NULL,NULL),(499,NULL,499,'Indumentaria',1.00,'8',123966.94,123966.94,0.00,0.00,0.00,2,26033.06,150000.00,'2024-11-03 19:36:26','2024-11-03 19:36:26',NULL,NULL),(500,NULL,500,'Indumentaria',1.00,'8',123966.94,123966.94,0.00,0.00,0.00,2,26033.06,150000.00,'2024-11-03 19:36:28','2024-11-03 19:36:28',NULL,NULL),(501,NULL,501,'Indumentaria',1.00,'8',123966.94,123966.94,0.00,0.00,0.00,2,26033.06,150000.00,'2024-11-03 19:36:30','2024-11-03 19:36:30',NULL,NULL),(502,NULL,502,'Indumentaria',1.00,'8',123966.94,123966.94,0.00,0.00,0.00,2,26033.06,150000.00,'2024-11-03 19:36:34','2024-11-03 19:36:34',NULL,NULL),(503,NULL,503,'Indumentaria',1.00,'8',123966.94,123966.94,0.00,0.00,0.00,2,26033.06,150000.00,'2024-11-03 19:36:36','2024-11-03 19:36:36',NULL,NULL),(504,NULL,504,'Indumentaria',1.00,'8',123966.94,123966.94,0.00,0.00,0.00,2,26033.06,150000.00,'2024-11-03 19:36:39','2024-11-03 19:36:39',NULL,NULL),(505,NULL,505,'Indumentaria',1.00,'8',123966.94,123966.94,0.00,0.00,0.00,2,26033.06,150000.00,'2024-11-03 19:36:41','2024-11-03 19:36:41',NULL,NULL),(506,NULL,506,'Indumentaria',1.00,'8',123966.94,123966.94,0.00,0.00,0.00,2,26033.06,150000.00,'2024-11-03 19:36:43','2024-11-03 19:36:43',NULL,NULL),(507,NULL,507,'Indumentaria',1.00,'8',123966.94,123966.94,0.00,0.00,0.00,2,26033.06,150000.00,'2024-11-03 19:36:46','2024-11-03 19:36:46',NULL,NULL),(508,NULL,508,'Indumentaria',1.00,'8',123966.94,123966.94,0.00,0.00,0.00,2,26033.06,150000.00,'2024-11-03 19:36:48','2024-11-03 19:36:48',NULL,NULL),(509,NULL,509,'Indumentaria',1.00,'8',123966.94,123966.94,0.00,0.00,0.00,2,26033.06,150000.00,'2024-11-03 19:36:50','2024-11-03 19:36:50',NULL,NULL),(510,NULL,510,'Indumentaria',1.00,'8',123966.94,123966.94,0.00,0.00,0.00,2,26033.06,150000.00,'2024-11-03 19:36:52','2024-11-03 19:36:52',NULL,NULL),(511,NULL,511,'Indumentaria',1.00,'8',123966.94,123966.94,0.00,0.00,0.00,2,26033.06,150000.00,'2024-11-03 19:36:54','2024-11-03 19:36:54',NULL,NULL),(512,NULL,512,'Indumentaria',1.00,'8',123966.94,123966.94,0.00,0.00,0.00,2,26033.06,150000.00,'2024-11-03 19:36:57','2024-11-03 19:36:57',NULL,NULL),(513,NULL,513,'Indumentaria',1.00,'8',123966.94,123966.94,0.00,0.00,0.00,2,26033.06,150000.00,'2024-11-03 19:37:01','2024-11-03 19:37:01',NULL,NULL),(514,NULL,514,'Indumentaria',1.00,'8',123966.94,123966.94,0.00,0.00,0.00,2,26033.06,150000.00,'2024-11-03 19:37:04','2024-11-03 19:37:04',NULL,NULL),(515,NULL,515,'Indumentaria',1.00,'8',123966.94,123966.94,0.00,0.00,0.00,2,26033.06,150000.00,'2024-11-03 19:37:07','2024-11-03 19:37:07',NULL,NULL),(516,NULL,516,'Indumentaria',1.00,'8',123966.94,123966.94,0.00,0.00,0.00,2,26033.06,150000.00,'2024-11-03 19:37:09','2024-11-03 19:37:09',NULL,NULL),(517,NULL,517,'Indumentaria',1.00,'8',123966.94,123966.94,0.00,0.00,0.00,2,26033.06,150000.00,'2024-11-03 19:37:11','2024-11-03 19:37:11',NULL,NULL),(518,NULL,518,'Indumentaria',1.00,'8',123966.94,123966.94,0.00,0.00,0.00,2,26033.06,150000.00,'2024-11-03 19:37:13','2024-11-03 19:37:13',NULL,NULL),(519,NULL,519,'Indumentaria',1.00,'8',123966.94,123966.94,0.00,0.00,0.00,2,26033.06,150000.00,'2024-11-03 19:37:16','2024-11-03 19:37:16',NULL,NULL);
INSERT INTO `fact_elec_receipt_details` VALUES (520,NULL,520,'Indumentaria',1.00,'8',123966.94,123966.94,0.00,0.00,0.00,2,26033.06,150000.00,'2024-11-03 19:37:18','2024-11-03 19:37:18',NULL,NULL),(521,NULL,521,'Indumentaria',1.00,'8',123966.94,123966.94,0.00,0.00,0.00,2,26033.06,150000.00,'2024-11-03 19:37:20','2024-11-03 19:37:20',NULL,NULL),(522,NULL,522,'Indumentaria',1.00,'8',123966.94,123966.94,0.00,0.00,0.00,2,26033.06,150000.00,'2024-11-03 19:37:23','2024-11-03 19:37:23',NULL,NULL),(523,NULL,523,'Indumentaria',1.00,'8',123966.94,123966.94,0.00,0.00,0.00,2,26033.06,150000.00,'2024-11-03 19:37:26','2024-11-03 19:37:26',NULL,NULL),(524,NULL,524,'Indumentaria',1.00,'8',123966.94,123966.94,0.00,0.00,0.00,2,26033.06,150000.00,'2024-11-03 19:37:28','2024-11-03 19:37:28',NULL,NULL),(525,NULL,525,'Indumentaria',1.00,'8',123966.94,123966.94,0.00,0.00,0.00,2,26033.06,150000.00,'2024-11-03 19:37:30','2024-11-03 19:37:30',NULL,NULL),(526,NULL,526,'Indumentaria',1.00,'8',123966.94,123966.94,0.00,0.00,0.00,2,26033.06,150000.00,'2024-11-03 19:37:33','2024-11-03 19:37:33',NULL,NULL),(527,NULL,527,'Indumentaria',1.00,'8',123966.94,123966.94,0.00,0.00,0.00,2,26033.06,150000.00,'2024-11-03 19:37:35','2024-11-03 19:37:35',NULL,NULL),(528,NULL,528,'Indumentaria',1.00,'8',123966.94,123966.94,0.00,0.00,0.00,2,26033.06,150000.00,'2024-11-03 19:37:37','2024-11-03 19:37:37',NULL,NULL),(529,NULL,529,'Indumentaria',1.00,'8',123966.94,123966.94,0.00,0.00,0.00,2,26033.06,150000.00,'2024-11-03 19:37:39','2024-11-03 19:37:39',NULL,NULL),(530,NULL,530,'Indumentaria',1.00,'8',123966.94,123966.94,0.00,0.00,0.00,2,26033.06,150000.00,'2024-11-03 19:37:41','2024-11-03 19:37:41',NULL,NULL),(531,NULL,531,'Indumentaria',1.00,'8',123966.94,123966.94,0.00,0.00,0.00,2,26033.06,150000.00,'2024-11-03 19:37:43','2024-11-03 19:37:43',NULL,NULL),(532,NULL,532,'Indumentaria',1.00,'8',123966.94,123966.94,0.00,0.00,0.00,2,26033.06,150000.00,'2024-11-03 19:37:46','2024-11-03 19:37:46',NULL,NULL),(533,NULL,533,'Indumentaria',1.00,'8',123966.94,123966.94,0.00,0.00,0.00,2,26033.06,150000.00,'2024-11-03 19:37:49','2024-11-03 19:37:49',NULL,NULL),(534,NULL,534,'Indumentaria',1.00,'8',123966.94,123966.94,0.00,0.00,0.00,2,26033.06,150000.00,'2024-11-03 19:37:51','2024-11-03 19:37:51',NULL,NULL),(535,NULL,535,'Indumentaria',1.00,'8',123966.94,123966.94,0.00,0.00,0.00,2,26033.06,150000.00,'2024-11-03 19:37:54','2024-11-03 19:37:54',NULL,NULL),(536,NULL,536,'Indumentaria',1.00,'8',123966.94,123966.94,0.00,0.00,0.00,2,26033.06,150000.00,'2024-11-03 19:37:56','2024-11-03 19:37:56',NULL,NULL),(537,NULL,537,'Indumentaria',1.00,'8',123966.94,123966.94,0.00,0.00,0.00,2,26033.06,150000.00,'2024-11-03 19:37:58','2024-11-03 19:37:58',NULL,NULL),(538,NULL,538,'Indumentaria',1.00,'8',123966.94,123966.94,0.00,0.00,0.00,2,26033.06,150000.00,'2024-11-03 19:38:00','2024-11-03 19:38:00',NULL,NULL),(539,NULL,539,'Indumentaria',1.00,'8',123966.94,123966.94,0.00,0.00,0.00,2,26033.06,150000.00,'2024-11-03 19:38:03','2024-11-03 19:38:03',NULL,NULL),(540,NULL,540,'Indumentaria',1.00,'8',21796.49,21796.49,0.00,0.00,0.00,2,4577.26,26373.75,'2024-11-03 19:38:06','2024-11-03 19:38:06',NULL,NULL),(541,NULL,541,'Indumentaria',1.00,'8',123966.94,123966.94,0.00,0.00,0.00,2,26033.06,150000.00,'2024-11-03 19:38:09','2024-11-03 19:38:09',NULL,NULL),(542,NULL,542,'Indumentaria',1.00,'8',123966.94,123966.94,0.00,0.00,0.00,2,26033.06,150000.00,'2024-11-03 19:38:12','2024-11-03 19:38:12',NULL,NULL),(543,NULL,543,'Indumentaria',1.00,'8',123966.94,123966.94,0.00,0.00,0.00,2,26033.06,150000.00,'2024-11-03 19:38:15','2024-11-03 19:38:15',NULL,NULL),(544,NULL,544,'Indumentaria',1.00,'8',123966.94,123966.94,0.00,0.00,0.00,2,26033.06,150000.00,'2024-11-03 19:38:17','2024-11-03 19:38:17',NULL,NULL),(545,NULL,545,'Indumentaria',1.00,'8',123966.94,123966.94,0.00,0.00,0.00,2,26033.06,150000.00,'2024-11-03 19:38:19','2024-11-03 19:38:19',NULL,NULL);
INSERT INTO `fact_elec_receipt_details` VALUES (546,NULL,546,'Indumentaria',1.00,'8',123966.94,123966.94,0.00,0.00,0.00,2,26033.06,150000.00,'2024-11-03 19:38:21','2024-11-03 19:38:21',NULL,NULL),(547,NULL,547,'Indumentaria',1.00,'8',123966.94,123966.94,0.00,0.00,0.00,2,26033.06,150000.00,'2024-11-03 19:38:24','2024-11-03 19:38:24',NULL,NULL),(548,NULL,548,'Indumentaria',1.00,'8',123966.94,123966.94,0.00,0.00,0.00,2,26033.06,150000.00,'2024-11-03 19:38:26','2024-11-03 19:38:26',NULL,NULL),(549,NULL,549,'Indumentaria',1.00,'8',123966.94,123966.94,0.00,0.00,0.00,2,26033.06,150000.00,'2024-11-03 19:38:28','2024-11-03 19:38:28',NULL,NULL),(550,NULL,550,'Indumentaria',1.00,'8',123966.94,123966.94,0.00,0.00,0.00,2,26033.06,150000.00,'2024-11-03 19:38:32','2024-11-03 19:38:32',NULL,NULL),(551,NULL,551,'Indumentaria',1.00,'8',123966.94,123966.94,0.00,0.00,0.00,2,26033.06,150000.00,'2024-11-03 19:38:35','2024-11-03 19:38:35',NULL,NULL),(552,NULL,552,'Indumentaria',1.00,'8',123966.94,123966.94,0.00,0.00,0.00,2,26033.06,150000.00,'2024-11-03 19:38:38','2024-11-03 19:38:38',NULL,NULL),(553,NULL,553,'Indumentaria',1.00,'8',123966.94,123966.94,0.00,0.00,0.00,2,26033.06,150000.00,'2024-11-03 19:38:40','2024-11-03 19:38:40',NULL,NULL),(554,NULL,554,'Indumentaria',1.00,'8',123966.94,123966.94,0.00,0.00,0.00,2,26033.06,150000.00,'2024-11-03 19:38:42','2024-11-03 19:38:42',NULL,NULL),(555,NULL,555,'Indumentaria',1.00,'8',123966.94,123966.94,0.00,0.00,0.00,2,26033.06,150000.00,'2024-11-03 19:38:45','2024-11-03 19:38:45',NULL,NULL),(556,NULL,556,'Indumentaria',1.00,'8',123966.94,123966.94,0.00,0.00,0.00,2,26033.06,150000.00,'2024-11-03 19:38:47','2024-11-03 19:38:47',NULL,NULL),(557,NULL,557,'Indumentaria',1.00,'8',123966.94,123966.94,0.00,0.00,0.00,2,26033.06,150000.00,'2024-11-03 19:38:49','2024-11-03 19:38:49',NULL,NULL),(558,NULL,558,'Indumentaria',1.00,'8',123966.94,123966.94,0.00,0.00,0.00,2,26033.06,150000.00,'2024-11-03 19:38:52','2024-11-03 19:38:52',NULL,NULL),(559,NULL,559,'Indumentaria',1.00,'8',123966.94,123966.94,0.00,0.00,0.00,2,26033.06,150000.00,'2024-11-03 19:38:55','2024-11-03 19:38:55',NULL,NULL),(560,NULL,560,'Indumentaria',1.00,'8',123966.94,123966.94,0.00,0.00,0.00,2,26033.06,150000.00,'2024-11-03 19:38:58','2024-11-03 19:38:58',NULL,NULL),(561,NULL,561,'Indumentaria',1.00,'8',123966.94,123966.94,0.00,0.00,0.00,2,26033.06,150000.00,'2024-11-03 19:39:01','2024-11-03 19:39:01',NULL,NULL),(562,NULL,562,'Indumentaria',1.00,'8',123966.94,123966.94,0.00,0.00,0.00,2,26033.06,150000.00,'2024-11-03 19:39:05','2024-11-03 19:39:05',NULL,NULL),(563,NULL,563,'Indumentaria',1.00,'8',123966.94,123966.94,0.00,0.00,0.00,2,26033.06,150000.00,'2024-11-03 19:39:08','2024-11-03 19:39:08',NULL,NULL),(564,NULL,564,'Indumentaria',1.00,'8',123966.94,123966.94,0.00,0.00,0.00,2,26033.06,150000.00,'2024-11-03 19:39:10','2024-11-03 19:39:10',NULL,NULL),(565,NULL,565,'Indumentaria',1.00,'8',123966.94,123966.94,0.00,0.00,0.00,2,26033.06,150000.00,'2024-11-03 19:39:13','2024-11-03 19:39:13',NULL,NULL),(566,NULL,566,'Indumentaria',1.00,'8',123966.94,123966.94,0.00,0.00,0.00,2,26033.06,150000.00,'2024-11-03 19:39:15','2024-11-03 19:39:15',NULL,NULL),(567,NULL,567,'Indumentaria',1.00,'8',123966.94,123966.94,0.00,0.00,0.00,2,26033.06,150000.00,'2024-11-03 19:39:18','2024-11-03 19:39:18',NULL,NULL),(568,NULL,568,'Indumentaria',1.00,'8',123966.94,123966.94,0.00,0.00,0.00,2,26033.06,150000.00,'2024-11-03 19:39:22','2024-11-03 19:39:22',NULL,NULL),(569,NULL,569,'Indumentaria',1.00,'8',36413.86,36413.86,0.00,0.00,0.00,2,7646.91,44060.77,'2024-11-03 19:39:26','2024-11-03 19:39:26',NULL,NULL),(570,8704,570,'Indumentaria',1.00,'8',1382561.98,1382561.98,0.00,0.00,0.00,2,290338.02,1672900.00,'2024-11-21 10:41:24','2024-11-21 10:41:24','',NULL),(571,8704,571,'Servicios',1.00,'8',150000.00,150000.00,0.00,0.00,0.00,7,0.00,150000.00,'2024-12-02 19:31:22','2024-12-02 19:31:22',NULL,NULL),(572,8704,572,'Servicios',1.00,'8',150000.00,150000.00,0.00,0.00,0.00,7,0.00,150000.00,'2024-12-02 19:31:26','2024-12-02 19:31:26',NULL,NULL);
INSERT INTO `fact_elec_receipt_details` VALUES (573,8704,573,'Servicios',1.00,'8',150000.00,150000.00,0.00,0.00,0.00,7,0.00,150000.00,'2024-12-02 19:31:28','2024-12-02 19:31:28',NULL,NULL),(574,8704,574,'Servicios',1.00,'8',150000.00,150000.00,0.00,0.00,0.00,7,0.00,150000.00,'2024-12-02 19:31:31','2024-12-02 19:31:31',NULL,NULL),(575,8704,575,'Servicios',1.00,'8',150000.00,150000.00,0.00,0.00,0.00,7,0.00,150000.00,'2024-12-02 19:31:35','2024-12-02 19:31:35',NULL,NULL),(576,8704,576,'Servicios',1.00,'8',150000.00,150000.00,0.00,0.00,0.00,7,0.00,150000.00,'2024-12-02 19:31:39','2024-12-02 19:31:39',NULL,NULL),(577,8704,577,'Servicios',1.00,'8',150000.00,150000.00,0.00,0.00,0.00,7,0.00,150000.00,'2024-12-02 19:31:41','2024-12-02 19:31:41',NULL,NULL),(578,8704,578,'Servicios',1.00,'8',150000.00,150000.00,0.00,0.00,0.00,7,0.00,150000.00,'2024-12-02 19:31:45','2024-12-02 19:31:45',NULL,NULL),(579,8704,579,'Servicios',1.00,'8',150000.00,150000.00,0.00,0.00,0.00,7,0.00,150000.00,'2024-12-02 19:31:49','2024-12-02 19:31:49',NULL,NULL),(580,8704,580,'Servicios',1.00,'8',150000.00,150000.00,0.00,0.00,0.00,7,0.00,150000.00,'2024-12-02 19:31:53','2024-12-02 19:31:53',NULL,NULL),(581,8704,581,'Servicios diciembre',1.00,'8',100000.00,100000.00,0.00,0.00,0.00,7,0.00,100000.00,'2024-12-02 19:33:37','2024-12-02 19:33:37',NULL,NULL),(582,NULL,582,'Indumentaria',1.00,'8',123966.94,123966.94,0.00,0.00,0.00,2,26033.06,150000.00,'2024-12-02 19:54:43','2024-12-02 19:54:43',NULL,NULL),(583,NULL,583,'Indumentaria',1.00,'8',123966.94,123966.94,0.00,0.00,0.00,2,26033.06,150000.00,'2024-12-02 19:54:46','2024-12-02 19:54:46',NULL,NULL),(584,NULL,584,'Indumentaria',1.00,'8',123966.94,123966.94,0.00,0.00,0.00,2,26033.06,150000.00,'2024-12-02 19:54:48','2024-12-02 19:54:48',NULL,NULL),(585,NULL,585,'Indumentaria',1.00,'8',123966.94,123966.94,0.00,0.00,0.00,2,26033.06,150000.00,'2024-12-02 19:54:50','2024-12-02 19:54:50',NULL,NULL),(586,NULL,586,'Indumentaria',1.00,'8',123966.94,123966.94,0.00,0.00,0.00,2,26033.06,150000.00,'2024-12-02 19:54:53','2024-12-02 19:54:53',NULL,NULL),(587,NULL,587,'Indumentaria',1.00,'8',123966.94,123966.94,0.00,0.00,0.00,2,26033.06,150000.00,'2024-12-02 19:54:55','2024-12-02 19:54:55',NULL,NULL),(588,NULL,588,'Indumentaria',1.00,'8',123966.94,123966.94,0.00,0.00,0.00,2,26033.06,150000.00,'2024-12-02 19:54:58','2024-12-02 19:54:58',NULL,NULL),(589,NULL,589,'Indumentaria',1.00,'8',123966.94,123966.94,0.00,0.00,0.00,2,26033.06,150000.00,'2024-12-02 19:55:01','2024-12-02 19:55:01',NULL,NULL),(590,NULL,590,'Indumentaria',1.00,'8',123966.94,123966.94,0.00,0.00,0.00,2,26033.06,150000.00,'2024-12-02 19:55:07','2024-12-02 19:55:07',NULL,NULL),(591,NULL,591,'Indumentaria',1.00,'8',123966.94,123966.94,0.00,0.00,0.00,2,26033.06,150000.00,'2024-12-02 19:55:10','2024-12-02 19:55:10',NULL,NULL),(592,NULL,592,'Indumentaria',1.00,'8',123966.94,123966.94,0.00,0.00,0.00,2,26033.06,150000.00,'2024-12-02 19:55:13','2024-12-02 19:55:13',NULL,NULL),(593,NULL,593,'Indumentaria',1.00,'8',123966.94,123966.94,0.00,0.00,0.00,2,26033.06,150000.00,'2024-12-02 19:55:15','2024-12-02 19:55:15',NULL,NULL),(594,NULL,594,'Indumentaria',1.00,'8',123966.94,123966.94,0.00,0.00,0.00,2,26033.06,150000.00,'2024-12-02 19:55:18','2024-12-02 19:55:18',NULL,NULL),(595,NULL,595,'Indumentaria',1.00,'8',123966.94,123966.94,0.00,0.00,0.00,2,26033.06,150000.00,'2024-12-02 19:55:20','2024-12-02 19:55:20',NULL,NULL),(596,NULL,596,'Indumentaria',1.00,'8',123966.94,123966.94,0.00,0.00,0.00,2,26033.06,150000.00,'2024-12-02 19:55:23','2024-12-02 19:55:23',NULL,NULL),(597,NULL,597,'Indumentaria',1.00,'8',123966.94,123966.94,0.00,0.00,0.00,2,26033.06,150000.00,'2024-12-02 19:55:27','2024-12-02 19:55:27',NULL,NULL),(598,NULL,598,'Indumentaria',1.00,'8',123966.94,123966.94,0.00,0.00,0.00,2,26033.06,150000.00,'2024-12-02 19:55:31','2024-12-02 19:55:31',NULL,NULL),(599,NULL,599,'Indumentaria',1.00,'8',123966.94,123966.94,0.00,0.00,0.00,2,26033.06,150000.00,'2024-12-02 19:55:33','2024-12-02 19:55:33',NULL,NULL);
INSERT INTO `fact_elec_receipt_details` VALUES (600,NULL,600,'Indumentaria',1.00,'8',123966.94,123966.94,0.00,0.00,0.00,2,26033.06,150000.00,'2024-12-02 19:55:36','2024-12-02 19:55:36',NULL,NULL),(601,NULL,601,'Indumentaria',1.00,'8',123966.94,123966.94,0.00,0.00,0.00,2,26033.06,150000.00,'2024-12-02 19:55:38','2024-12-02 19:55:38',NULL,NULL),(602,NULL,602,'Indumentaria',1.00,'8',123966.94,123966.94,0.00,0.00,0.00,2,26033.06,150000.00,'2024-12-02 19:55:41','2024-12-02 19:55:41',NULL,NULL),(603,NULL,603,'Indumentaria',1.00,'8',123966.94,123966.94,0.00,0.00,0.00,2,26033.06,150000.00,'2024-12-02 19:55:43','2024-12-02 19:55:43',NULL,NULL),(604,NULL,604,'Indumentaria',1.00,'8',123966.94,123966.94,0.00,0.00,0.00,2,26033.06,150000.00,'2024-12-02 19:55:46','2024-12-02 19:55:46',NULL,NULL),(605,NULL,605,'Indumentaria',1.00,'8',123966.94,123966.94,0.00,0.00,0.00,2,26033.06,150000.00,'2024-12-02 19:55:49','2024-12-02 19:55:49',NULL,NULL),(606,NULL,606,'Indumentaria',1.00,'8',123966.94,123966.94,0.00,0.00,0.00,2,26033.06,150000.00,'2024-12-02 19:55:53','2024-12-02 19:55:53',NULL,NULL),(607,NULL,607,'Indumentaria',1.00,'8',123966.94,123966.94,0.00,0.00,0.00,2,26033.06,150000.00,'2024-12-02 19:55:56','2024-12-02 19:55:56',NULL,NULL),(608,NULL,608,'Indumentaria',1.00,'8',123966.94,123966.94,0.00,0.00,0.00,2,26033.06,150000.00,'2024-12-02 19:55:59','2024-12-02 19:55:59',NULL,NULL),(609,NULL,609,'Indumentaria',1.00,'8',123966.94,123966.94,0.00,0.00,0.00,2,26033.06,150000.00,'2024-12-02 19:56:01','2024-12-02 19:56:01',NULL,NULL),(610,NULL,610,'Indumentaria',1.00,'8',123966.94,123966.94,0.00,0.00,0.00,2,26033.06,150000.00,'2024-12-02 19:56:05','2024-12-02 19:56:05',NULL,NULL),(611,NULL,611,'Indumentaria',1.00,'8',123966.94,123966.94,0.00,0.00,0.00,2,26033.06,150000.00,'2024-12-02 19:56:07','2024-12-02 19:56:07',NULL,NULL),(612,NULL,612,'Indumentaria',1.00,'8',123966.94,123966.94,0.00,0.00,0.00,2,26033.06,150000.00,'2024-12-02 19:56:10','2024-12-02 19:56:10',NULL,NULL),(613,NULL,613,'Indumentaria',1.00,'8',123966.94,123966.94,0.00,0.00,0.00,2,26033.06,150000.00,'2024-12-02 19:56:13','2024-12-02 19:56:13',NULL,NULL),(614,NULL,614,'Indumentaria',1.00,'8',123966.94,123966.94,0.00,0.00,0.00,2,26033.06,150000.00,'2024-12-02 19:56:17','2024-12-02 19:56:17',NULL,NULL),(615,NULL,615,'Indumentaria',1.00,'8',123966.94,123966.94,0.00,0.00,0.00,2,26033.06,150000.00,'2024-12-02 19:56:20','2024-12-02 19:56:20',NULL,NULL),(616,NULL,616,'Indumentaria',1.00,'8',123966.94,123966.94,0.00,0.00,0.00,2,26033.06,150000.00,'2024-12-02 19:56:22','2024-12-02 19:56:22',NULL,NULL),(617,NULL,617,'Indumentaria',1.00,'8',123966.94,123966.94,0.00,0.00,0.00,2,26033.06,150000.00,'2024-12-02 19:56:25','2024-12-02 19:56:25',NULL,NULL),(618,NULL,618,'Indumentaria',1.00,'8',123966.94,123966.94,0.00,0.00,0.00,2,26033.06,150000.00,'2024-12-02 19:56:27','2024-12-02 19:56:27',NULL,NULL),(619,NULL,619,'Indumentaria',1.00,'8',123966.94,123966.94,0.00,0.00,0.00,2,26033.06,150000.00,'2024-12-02 19:56:30','2024-12-02 19:56:30',NULL,NULL),(620,NULL,620,'Indumentaria',1.00,'8',123966.94,123966.94,0.00,0.00,0.00,2,26033.06,150000.00,'2024-12-02 19:56:32','2024-12-02 19:56:32',NULL,NULL),(621,NULL,621,'Indumentaria',1.00,'8',123966.94,123966.94,0.00,0.00,0.00,2,26033.06,150000.00,'2024-12-02 19:56:35','2024-12-02 19:56:35',NULL,NULL),(622,NULL,622,'Indumentaria',1.00,'8',123966.94,123966.94,0.00,0.00,0.00,2,26033.06,150000.00,'2024-12-02 19:56:39','2024-12-02 19:56:39',NULL,NULL),(623,NULL,623,'Indumentaria',1.00,'8',123966.94,123966.94,0.00,0.00,0.00,2,26033.06,150000.00,'2024-12-02 19:56:42','2024-12-02 19:56:42',NULL,NULL),(624,NULL,624,'Indumentaria',1.00,'8',123966.94,123966.94,0.00,0.00,0.00,2,26033.06,150000.00,'2024-12-02 19:56:45','2024-12-02 19:56:45',NULL,NULL),(625,NULL,625,'Indumentaria',1.00,'8',123966.94,123966.94,0.00,0.00,0.00,2,26033.06,150000.00,'2024-12-02 19:56:48','2024-12-02 19:56:48',NULL,NULL);
INSERT INTO `fact_elec_receipt_details` VALUES (626,NULL,626,'Indumentaria',1.00,'8',123966.94,123966.94,0.00,0.00,0.00,2,26033.06,150000.00,'2024-12-02 19:56:50','2024-12-02 19:56:50',NULL,NULL),(627,NULL,627,'Indumentaria',1.00,'8',123966.94,123966.94,0.00,0.00,0.00,2,26033.06,150000.00,'2024-12-02 19:56:53','2024-12-02 19:56:53',NULL,NULL),(628,NULL,628,'Indumentaria',1.00,'8',123966.94,123966.94,0.00,0.00,0.00,2,26033.06,150000.00,'2024-12-02 19:56:55','2024-12-02 19:56:55',NULL,NULL),(629,NULL,629,'Indumentaria',1.00,'8',123966.94,123966.94,0.00,0.00,0.00,2,26033.06,150000.00,'2024-12-02 19:56:58','2024-12-02 19:56:58',NULL,NULL),(630,NULL,630,'Indumentaria',1.00,'8',123966.94,123966.94,0.00,0.00,0.00,2,26033.06,150000.00,'2024-12-02 19:57:03','2024-12-02 19:57:03',NULL,NULL),(631,NULL,631,'Indumentaria',1.00,'8',123966.94,123966.94,0.00,0.00,0.00,2,26033.06,150000.00,'2024-12-02 19:57:06','2024-12-02 19:57:06',NULL,NULL),(632,NULL,632,'Indumentaria',1.00,'8',123966.94,123966.94,0.00,0.00,0.00,2,26033.06,150000.00,'2024-12-02 19:57:09','2024-12-02 19:57:09',NULL,NULL),(633,NULL,633,'Indumentaria',1.00,'8',123966.94,123966.94,0.00,0.00,0.00,2,26033.06,150000.00,'2024-12-02 19:57:12','2024-12-02 19:57:12',NULL,NULL),(634,NULL,634,'Indumentaria',1.00,'8',123966.94,123966.94,0.00,0.00,0.00,2,26033.06,150000.00,'2024-12-02 19:57:14','2024-12-02 19:57:14',NULL,NULL),(635,NULL,635,'Indumentaria',1.00,'8',123966.94,123966.94,0.00,0.00,0.00,2,26033.06,150000.00,'2024-12-02 19:57:17','2024-12-02 19:57:17',NULL,NULL),(636,NULL,636,'Indumentaria',1.00,'8',123966.94,123966.94,0.00,0.00,0.00,2,26033.06,150000.00,'2024-12-02 19:57:20','2024-12-02 19:57:20',NULL,NULL),(637,NULL,637,'Indumentaria',1.00,'8',74712.90,74712.90,0.00,0.00,0.00,2,15689.71,90402.61,'2024-12-02 19:57:23','2024-12-02 19:57:23',NULL,NULL),(638,NULL,638,'Indumentaria',1.00,'8',123966.94,123966.94,0.00,0.00,0.00,2,26033.06,150000.00,'2024-12-02 19:57:27','2024-12-02 19:57:27',NULL,NULL),(639,NULL,639,'Indumentaria',1.00,'8',123966.94,123966.94,0.00,0.00,0.00,2,26033.06,150000.00,'2024-12-02 19:57:30','2024-12-02 19:57:30',NULL,NULL),(640,NULL,640,'Indumentaria',1.00,'8',123966.94,123966.94,0.00,0.00,0.00,2,26033.06,150000.00,'2024-12-02 19:57:32','2024-12-02 19:57:32',NULL,NULL),(641,NULL,641,'Indumentaria',1.00,'8',123966.94,123966.94,0.00,0.00,0.00,2,26033.06,150000.00,'2024-12-02 19:57:35','2024-12-02 19:57:35',NULL,NULL),(642,NULL,642,'Indumentaria',1.00,'8',123966.94,123966.94,0.00,0.00,0.00,2,26033.06,150000.00,'2024-12-02 19:57:37','2024-12-02 19:57:37',NULL,NULL),(643,NULL,643,'Indumentaria',1.00,'8',123966.94,123966.94,0.00,0.00,0.00,2,26033.06,150000.00,'2024-12-02 19:57:40','2024-12-02 19:57:40',NULL,NULL),(644,NULL,644,'Indumentaria',1.00,'8',123966.94,123966.94,0.00,0.00,0.00,2,26033.06,150000.00,'2024-12-02 19:57:42','2024-12-02 19:57:42',NULL,NULL),(645,NULL,645,'Indumentaria',1.00,'8',123966.94,123966.94,0.00,0.00,0.00,2,26033.06,150000.00,'2024-12-02 19:57:46','2024-12-02 19:57:46',NULL,NULL),(646,NULL,646,'Indumentaria',1.00,'8',123966.94,123966.94,0.00,0.00,0.00,2,26033.06,150000.00,'2024-12-02 19:57:49','2024-12-02 19:57:49',NULL,NULL),(647,NULL,647,'Indumentaria',1.00,'8',123966.94,123966.94,0.00,0.00,0.00,2,26033.06,150000.00,'2024-12-02 19:57:52','2024-12-02 19:57:52',NULL,NULL),(648,NULL,648,'Indumentaria',1.00,'8',123966.94,123966.94,0.00,0.00,0.00,2,26033.06,150000.00,'2024-12-02 19:57:55','2024-12-02 19:57:55',NULL,NULL),(649,NULL,649,'Indumentaria',1.00,'8',123966.94,123966.94,0.00,0.00,0.00,2,26033.06,150000.00,'2024-12-02 19:57:58','2024-12-02 19:57:58',NULL,NULL),(650,NULL,650,'Indumentaria',1.00,'8',123966.94,123966.94,0.00,0.00,0.00,2,26033.06,150000.00,'2024-12-02 19:58:01','2024-12-02 19:58:01',NULL,NULL),(651,NULL,651,'Indumentaria',1.00,'8',123966.94,123966.94,0.00,0.00,0.00,2,26033.06,150000.00,'2024-12-02 19:58:04','2024-12-02 19:58:04',NULL,NULL);
INSERT INTO `fact_elec_receipt_details` VALUES (652,NULL,652,'Indumentaria',1.00,'8',123966.94,123966.94,0.00,0.00,0.00,2,26033.06,150000.00,'2024-12-02 19:58:06','2024-12-02 19:58:06',NULL,NULL),(653,NULL,653,'Indumentaria',1.00,'8',123966.94,123966.94,0.00,0.00,0.00,2,26033.06,150000.00,'2024-12-02 20:16:54','2024-12-02 20:16:54',NULL,NULL),(654,NULL,654,'Indumentaria',1.00,'8',123966.94,123966.94,0.00,0.00,0.00,2,26033.06,150000.00,'2024-12-02 20:16:56','2024-12-02 20:16:56',NULL,NULL),(655,NULL,655,'Indumentaria',1.00,'8',123966.94,123966.94,0.00,0.00,0.00,2,26033.06,150000.00,'2024-12-02 20:17:00','2024-12-02 20:17:00',NULL,NULL),(656,NULL,656,'Indumentaria',1.00,'8',123966.94,123966.94,0.00,0.00,0.00,2,26033.06,150000.00,'2024-12-02 20:17:03','2024-12-02 20:17:03',NULL,NULL),(657,NULL,657,'Indumentaria',1.00,'8',123966.94,123966.94,0.00,0.00,0.00,2,26033.06,150000.00,'2024-12-02 20:17:07','2024-12-02 20:17:07',NULL,NULL),(658,NULL,658,'Indumentaria',1.00,'8',123966.94,123966.94,0.00,0.00,0.00,2,26033.06,150000.00,'2024-12-02 20:17:10','2024-12-02 20:17:10',NULL,NULL),(659,NULL,659,'Indumentaria',1.00,'8',123966.94,123966.94,0.00,0.00,0.00,2,26033.06,150000.00,'2024-12-02 20:17:14','2024-12-02 20:17:14',NULL,NULL),(660,NULL,660,'Indumentaria',1.00,'8',123966.94,123966.94,0.00,0.00,0.00,2,26033.06,150000.00,'2024-12-02 20:17:17','2024-12-02 20:17:17',NULL,NULL),(661,NULL,661,'Indumentaria',1.00,'8',123966.94,123966.94,0.00,0.00,0.00,2,26033.06,150000.00,'2024-12-02 20:17:20','2024-12-02 20:17:20',NULL,NULL),(662,NULL,662,'Indumentaria',1.00,'8',123966.94,123966.94,0.00,0.00,0.00,2,26033.06,150000.00,'2024-12-02 20:17:23','2024-12-02 20:17:23',NULL,NULL),(663,NULL,663,'Indumentaria',1.00,'8',123966.94,123966.94,0.00,0.00,0.00,2,26033.06,150000.00,'2024-12-02 20:17:25','2024-12-02 20:17:25',NULL,NULL),(664,NULL,664,'Indumentaria',1.00,'8',123966.94,123966.94,0.00,0.00,0.00,2,26033.06,150000.00,'2024-12-02 20:17:28','2024-12-02 20:17:28',NULL,NULL),(665,NULL,665,'Indumentaria',1.00,'8',123966.94,123966.94,0.00,0.00,0.00,2,26033.06,150000.00,'2024-12-02 20:17:32','2024-12-02 20:17:32',NULL,NULL),(666,NULL,666,'Indumentaria',1.00,'8',123966.94,123966.94,0.00,0.00,0.00,2,26033.06,150000.00,'2024-12-02 20:17:35','2024-12-02 20:17:35',NULL,NULL),(667,NULL,667,'Indumentaria',1.00,'8',123966.94,123966.94,0.00,0.00,0.00,2,26033.06,150000.00,'2024-12-02 20:17:39','2024-12-02 20:17:39',NULL,NULL),(668,NULL,668,'Indumentaria',1.00,'8',123966.94,123966.94,0.00,0.00,0.00,2,26033.06,150000.00,'2024-12-02 20:17:42','2024-12-02 20:17:42',NULL,NULL),(669,NULL,669,'Indumentaria',1.00,'8',34278.07,34278.07,0.00,0.00,0.00,2,7198.39,41476.46,'2024-12-02 20:17:45','2024-12-02 20:17:45',NULL,NULL),(670,NULL,670,'Indumentaria',1.00,'8',123966.94,123966.94,0.00,0.00,0.00,2,26033.06,150000.00,'2024-12-02 20:25:12','2024-12-02 20:25:12',NULL,NULL),(671,NULL,671,'Indumentaria',1.00,'8',123966.94,123966.94,0.00,0.00,0.00,2,26033.06,150000.00,'2024-12-02 20:25:15','2024-12-02 20:25:15',NULL,NULL),(672,NULL,672,'Indumentaria',1.00,'8',123966.94,123966.94,0.00,0.00,0.00,2,26033.06,150000.00,'2024-12-02 20:25:19','2024-12-02 20:25:19',NULL,NULL),(673,NULL,673,'Indumentaria',1.00,'8',123966.94,123966.94,0.00,0.00,0.00,2,26033.06,150000.00,'2024-12-02 20:25:22','2024-12-02 20:25:22',NULL,NULL),(674,NULL,674,'Indumentaria',1.00,'8',123966.94,123966.94,0.00,0.00,0.00,2,26033.06,150000.00,'2024-12-02 20:25:25','2024-12-02 20:25:25',NULL,NULL),(675,NULL,675,'Indumentaria',1.00,'8',123966.94,123966.94,0.00,0.00,0.00,2,26033.06,150000.00,'2024-12-02 20:25:29','2024-12-02 20:25:29',NULL,NULL),(676,NULL,676,'Indumentaria',1.00,'8',123966.94,123966.94,0.00,0.00,0.00,2,26033.06,150000.00,'2024-12-02 20:25:33','2024-12-02 20:25:33',NULL,NULL),(677,NULL,677,'Indumentaria',1.00,'8',123966.94,123966.94,0.00,0.00,0.00,2,26033.06,150000.00,'2024-12-02 20:25:38','2024-12-02 20:25:38',NULL,NULL);
INSERT INTO `fact_elec_receipt_details` VALUES (678,NULL,678,'Indumentaria',1.00,'8',123966.94,123966.94,0.00,0.00,0.00,2,26033.06,150000.00,'2024-12-02 20:25:41','2024-12-02 20:25:41',NULL,NULL),(679,NULL,679,'Indumentaria',1.00,'8',123966.94,123966.94,0.00,0.00,0.00,2,26033.06,150000.00,'2024-12-02 20:25:44','2024-12-02 20:25:44',NULL,NULL),(680,NULL,680,'Indumentaria',1.00,'8',123966.94,123966.94,0.00,0.00,0.00,2,26033.06,150000.00,'2024-12-02 20:25:47','2024-12-02 20:25:47',NULL,NULL),(681,NULL,681,'Indumentaria',1.00,'8',123966.94,123966.94,0.00,0.00,0.00,2,26033.06,150000.00,'2024-12-02 20:25:51','2024-12-02 20:25:51',NULL,NULL),(682,NULL,682,'Indumentaria',1.00,'8',123966.94,123966.94,0.00,0.00,0.00,2,26033.06,150000.00,'2024-12-02 20:25:54','2024-12-02 20:25:54',NULL,NULL),(683,NULL,683,'Indumentaria',1.00,'8',123966.94,123966.94,0.00,0.00,0.00,2,26033.06,150000.00,'2024-12-02 20:25:58','2024-12-02 20:25:58',NULL,NULL),(684,NULL,684,'Indumentaria',1.00,'8',123966.94,123966.94,0.00,0.00,0.00,2,26033.06,150000.00,'2024-12-02 20:26:01','2024-12-02 20:26:01',NULL,NULL),(685,NULL,685,'Indumentaria',1.00,'8',123966.94,123966.94,0.00,0.00,0.00,2,26033.06,150000.00,'2024-12-02 20:26:05','2024-12-02 20:26:05',NULL,NULL),(686,NULL,686,'Indumentaria',1.00,'8',34278.07,34278.07,0.00,0.00,0.00,2,7198.39,41476.46,'2024-12-02 20:26:08','2024-12-02 20:26:08',NULL,NULL),(687,8704,687,'Indumentaria',1.00,'8',342066.12,342066.12,0.00,0.00,0.00,2,71833.89,413900.01,'2024-12-11 15:46:22','2024-12-11 15:46:22','',NULL),(688,8704,688,'Indumentaria',1.00,'8',215400.00,215400.00,0.00,0.00,0.00,7,0.00,215400.00,'2024-12-12 10:44:10','2024-12-12 10:44:10','',NULL),(689,8704,689,'Indumentaria',1.00,'8',307272.73,307272.73,0.00,0.00,0.00,2,64527.27,371800.00,'2024-12-17 13:57:40','2024-12-17 13:57:40','',NULL),(690,8704,690,'Indumentaria',1.00,'8',376033.06,376033.06,0.00,0.00,0.00,2,78966.94,455000.00,'2025-01-07 15:03:14','2025-01-07 15:03:14','',NULL),(691,8704,691,'Servicios Empresariales',1.00,'8',150000.00,150000.00,0.00,0.00,0.00,7,0.00,150000.00,'2025-01-07 15:09:41','2025-01-07 15:09:41',NULL,NULL),(692,8704,692,'Servicios Empresariales',1.00,'8',150000.00,150000.00,0.00,0.00,0.00,7,0.00,150000.00,'2025-01-07 15:09:44','2025-01-07 15:09:44',NULL,NULL),(693,8704,693,'Servicios Empresariales',1.00,'8',150000.00,150000.00,0.00,0.00,0.00,7,0.00,150000.00,'2025-01-07 15:09:46','2025-01-07 15:09:46',NULL,NULL),(694,8704,694,'Servicios Empresariales',1.00,'8',150000.00,150000.00,0.00,0.00,0.00,7,0.00,150000.00,'2025-01-07 15:09:48','2025-01-07 15:09:48',NULL,NULL),(695,8704,695,'Servicios Empresariales',1.00,'8',150000.00,150000.00,0.00,0.00,0.00,7,0.00,150000.00,'2025-01-07 15:09:49','2025-01-07 15:09:49',NULL,NULL),(696,8704,696,'Servicios Empresariales',1.00,'8',150000.00,150000.00,0.00,0.00,0.00,7,0.00,150000.00,'2025-01-07 15:09:52','2025-01-07 15:09:52',NULL,NULL),(697,8704,697,'Servicios Empresariales',1.00,'8',150000.00,150000.00,0.00,0.00,0.00,7,0.00,150000.00,'2025-01-07 15:09:54','2025-01-07 15:09:54',NULL,NULL),(698,8704,698,'Servicios Empresariales',1.00,'8',150000.00,150000.00,0.00,0.00,0.00,7,0.00,150000.00,'2025-01-07 15:09:56','2025-01-07 15:09:56',NULL,NULL),(699,8704,699,'Servicios Empresariales',1.00,'8',150000.00,150000.00,0.00,0.00,0.00,7,0.00,150000.00,'2025-01-07 15:09:58','2025-01-07 15:09:58',NULL,NULL),(700,8704,700,'Servicios Empresariales',1.00,'8',150000.00,150000.00,0.00,0.00,0.00,7,0.00,150000.00,'2025-01-07 15:10:00','2025-01-07 15:10:00',NULL,NULL),(701,8704,701,'Servicios Enero',1.00,'8',100000.00,100000.00,0.00,0.00,0.00,7,0.00,100000.00,'2025-01-07 15:12:04','2025-01-07 15:12:04','',NULL),(702,8704,702,'Anulacion factura 0002-00000001',1.00,'8',376033.06,376033.06,0.00,0.00,0.00,2,78966.94,455000.00,'2025-01-07 17:30:45','2025-01-07 17:30:45','',NULL),(703,8704,703,'Indumentaria',1.00,'8',376033.06,376033.06,0.00,0.00,0.00,2,78966.94,455000.00,'2025-01-07 17:32:24','2025-01-07 17:32:24','',NULL);
INSERT INTO `fact_elec_receipt_details` VALUES (704,8704,704,'Indumentaria',1.00,'8',3526363.64,3526363.64,0.00,0.00,0.00,2,740536.36,4266900.00,'2025-01-10 19:46:05','2025-01-10 19:46:05','',NULL),(705,NULL,705,'Indumentaria',1.00,'8',150000.00,150000.00,0.00,0.00,0.00,7,0.00,150000.00,'2025-01-10 20:17:50','2025-01-10 20:17:50',NULL,NULL),(706,NULL,706,'Indumentaria',1.00,'8',150000.00,150000.00,0.00,0.00,0.00,7,0.00,150000.00,'2025-01-10 20:17:51','2025-01-10 20:17:51',NULL,NULL),(707,NULL,707,'Indumentaria',1.00,'8',150000.00,150000.00,0.00,0.00,0.00,7,0.00,150000.00,'2025-01-10 20:17:51','2025-01-10 20:17:51',NULL,NULL),(708,NULL,708,'Indumentaria',1.00,'8',150000.00,150000.00,0.00,0.00,0.00,7,0.00,150000.00,'2025-01-10 20:17:52','2025-01-10 20:17:52',NULL,NULL),(709,NULL,709,'Indumentaria',1.00,'8',150000.00,150000.00,0.00,0.00,0.00,7,0.00,150000.00,'2025-01-10 20:17:53','2025-01-10 20:17:53',NULL,NULL),(710,NULL,710,'Indumentaria',1.00,'8',150000.00,150000.00,0.00,0.00,0.00,7,0.00,150000.00,'2025-01-10 20:17:55','2025-01-10 20:17:55',NULL,NULL),(711,NULL,711,'Indumentaria',1.00,'8',150000.00,150000.00,0.00,0.00,0.00,7,0.00,150000.00,'2025-01-10 20:17:56','2025-01-10 20:17:56',NULL,NULL),(712,NULL,712,'Indumentaria',1.00,'8',150000.00,150000.00,0.00,0.00,0.00,7,0.00,150000.00,'2025-01-10 20:17:57','2025-01-10 20:17:57',NULL,NULL),(713,NULL,713,'Indumentaria',1.00,'8',150000.00,150000.00,0.00,0.00,0.00,7,0.00,150000.00,'2025-01-10 20:17:58','2025-01-10 20:17:58',NULL,NULL),(714,NULL,714,'Indumentaria',1.00,'8',150000.00,150000.00,0.00,0.00,0.00,7,0.00,150000.00,'2025-01-10 20:17:59','2025-01-10 20:17:59',NULL,NULL),(715,NULL,715,'Indumentaria',1.00,'8',150000.00,150000.00,0.00,0.00,0.00,7,0.00,150000.00,'2025-01-10 20:18:00','2025-01-10 20:18:00',NULL,NULL),(716,NULL,716,'Indumentaria',1.00,'8',150000.00,150000.00,0.00,0.00,0.00,7,0.00,150000.00,'2025-01-10 20:18:02','2025-01-10 20:18:02',NULL,NULL),(717,NULL,717,'Indumentaria',1.00,'8',150000.00,150000.00,0.00,0.00,0.00,7,0.00,150000.00,'2025-01-10 20:18:03','2025-01-10 20:18:03',NULL,NULL),(718,NULL,718,'Indumentaria',1.00,'8',150000.00,150000.00,0.00,0.00,0.00,7,0.00,150000.00,'2025-01-10 20:18:04','2025-01-10 20:18:04',NULL,NULL),(719,NULL,719,'Indumentaria',1.00,'8',150000.00,150000.00,0.00,0.00,0.00,7,0.00,150000.00,'2025-01-10 20:18:05','2025-01-10 20:18:05',NULL,NULL),(720,NULL,720,'Indumentaria',1.00,'8',150000.00,150000.00,0.00,0.00,0.00,7,0.00,150000.00,'2025-01-10 20:18:06','2025-01-10 20:18:06',NULL,NULL),(721,NULL,721,'Indumentaria',1.00,'8',150000.00,150000.00,0.00,0.00,0.00,7,0.00,150000.00,'2025-01-10 20:18:07','2025-01-10 20:18:07',NULL,NULL),(722,NULL,722,'Indumentaria',1.00,'8',150000.00,150000.00,0.00,0.00,0.00,7,0.00,150000.00,'2025-01-10 20:19:49','2025-01-10 20:19:49',NULL,NULL),(723,NULL,723,'Indumentaria',1.00,'8',150000.00,150000.00,0.00,0.00,0.00,7,0.00,150000.00,'2025-01-10 20:19:52','2025-01-10 20:19:52',NULL,NULL),(724,NULL,724,'Indumentaria',1.00,'8',150000.00,150000.00,0.00,0.00,0.00,7,0.00,150000.00,'2025-01-10 20:19:54','2025-01-10 20:19:54',NULL,NULL),(725,NULL,725,'Indumentaria',1.00,'8',150000.00,150000.00,0.00,0.00,0.00,7,0.00,150000.00,'2025-01-10 20:19:56','2025-01-10 20:19:56',NULL,NULL),(726,NULL,726,'Indumentaria',1.00,'8',150000.00,150000.00,0.00,0.00,0.00,7,0.00,150000.00,'2025-01-10 20:19:58','2025-01-10 20:19:58',NULL,NULL),(727,NULL,727,'Indumentaria',1.00,'8',150000.00,150000.00,0.00,0.00,0.00,7,0.00,150000.00,'2025-01-10 20:20:00','2025-01-10 20:20:00',NULL,NULL),(728,NULL,728,'Indumentaria',1.00,'8',150000.00,150000.00,0.00,0.00,0.00,7,0.00,150000.00,'2025-01-10 20:20:03','2025-01-10 20:20:03',NULL,NULL),(729,NULL,729,'Indumentaria',1.00,'8',150000.00,150000.00,0.00,0.00,0.00,7,0.00,150000.00,'2025-01-10 20:20:06','2025-01-10 20:20:06',NULL,NULL),(730,NULL,730,'Indumentaria',1.00,'8',150000.00,150000.00,0.00,0.00,0.00,7,0.00,150000.00,'2025-01-10 20:20:07','2025-01-10 20:20:07',NULL,NULL);
INSERT INTO `fact_elec_receipt_details` VALUES (731,NULL,731,'Indumentaria',1.00,'8',150000.00,150000.00,0.00,0.00,0.00,7,0.00,150000.00,'2025-01-10 20:20:09','2025-01-10 20:20:09',NULL,NULL),(732,NULL,732,'Indumentaria',1.00,'8',150000.00,150000.00,0.00,0.00,0.00,7,0.00,150000.00,'2025-01-10 20:20:12','2025-01-10 20:20:12',NULL,NULL),(733,NULL,733,'Indumentaria',1.00,'8',150000.00,150000.00,0.00,0.00,0.00,7,0.00,150000.00,'2025-01-10 20:20:14','2025-01-10 20:20:14',NULL,NULL),(734,NULL,734,'Indumentaria',1.00,'8',150000.00,150000.00,0.00,0.00,0.00,7,0.00,150000.00,'2025-01-10 20:20:17','2025-01-10 20:20:17',NULL,NULL),(735,NULL,735,'Indumentaria',1.00,'8',150000.00,150000.00,0.00,0.00,0.00,7,0.00,150000.00,'2025-01-10 20:20:19','2025-01-10 20:20:19',NULL,NULL),(736,NULL,736,'Indumentaria',1.00,'8',150000.00,150000.00,0.00,0.00,0.00,7,0.00,150000.00,'2025-01-10 20:20:21','2025-01-10 20:20:21',NULL,NULL),(737,NULL,737,'Indumentaria',1.00,'8',150000.00,150000.00,0.00,0.00,0.00,7,0.00,150000.00,'2025-01-10 20:20:23','2025-01-10 20:20:23',NULL,NULL),(738,NULL,738,'Indumentaria',1.00,'8',150000.00,150000.00,0.00,0.00,0.00,7,0.00,150000.00,'2025-01-10 20:20:25','2025-01-10 20:20:25',NULL,NULL),(739,NULL,739,'Indumentaria',1.00,'8',123966.94,123966.94,0.00,0.00,0.00,2,26033.06,150000.00,'2025-01-10 20:24:53','2025-01-10 20:24:53',NULL,NULL),(740,NULL,740,'Indumentaria',1.00,'8',123966.94,123966.94,0.00,0.00,0.00,2,26033.06,150000.00,'2025-01-10 20:24:55','2025-01-10 20:24:55',NULL,NULL),(741,NULL,741,'Indumentaria',1.00,'8',123966.94,123966.94,0.00,0.00,0.00,2,26033.06,150000.00,'2025-01-10 20:24:57','2025-01-10 20:24:57',NULL,NULL),(742,NULL,742,'Indumentaria',1.00,'8',123966.94,123966.94,0.00,0.00,0.00,2,26033.06,150000.00,'2025-01-10 20:25:00','2025-01-10 20:25:00',NULL,NULL),(743,NULL,743,'Indumentaria',1.00,'8',123966.94,123966.94,0.00,0.00,0.00,2,26033.06,150000.00,'2025-01-10 20:25:02','2025-01-10 20:25:02',NULL,NULL),(744,NULL,744,'Indumentaria',1.00,'8',123966.94,123966.94,0.00,0.00,0.00,2,26033.06,150000.00,'2025-01-10 20:25:04','2025-01-10 20:25:04',NULL,NULL),(745,NULL,745,'Indumentaria',1.00,'8',123966.94,123966.94,0.00,0.00,0.00,2,26033.06,150000.00,'2025-01-10 20:25:06','2025-01-10 20:25:06',NULL,NULL),(746,NULL,746,'Indumentaria',1.00,'8',123966.94,123966.94,0.00,0.00,0.00,2,26033.06,150000.00,'2025-01-10 20:25:08','2025-01-10 20:25:08',NULL,NULL),(747,NULL,747,'Indumentaria',1.00,'8',123966.94,123966.94,0.00,0.00,0.00,2,26033.06,150000.00,'2025-01-10 20:25:11','2025-01-10 20:25:11',NULL,NULL),(748,NULL,748,'Indumentaria',1.00,'8',123966.94,123966.94,0.00,0.00,0.00,2,26033.06,150000.00,'2025-01-10 20:25:13','2025-01-10 20:25:13',NULL,NULL),(749,NULL,749,'Indumentaria',1.00,'8',123966.94,123966.94,0.00,0.00,0.00,2,26033.06,150000.00,'2025-01-10 20:25:15','2025-01-10 20:25:15',NULL,NULL),(750,NULL,750,'Indumentaria',1.00,'8',123966.94,123966.94,0.00,0.00,0.00,2,26033.06,150000.00,'2025-01-10 20:25:17','2025-01-10 20:25:17',NULL,NULL),(751,NULL,751,'Indumentaria',1.00,'8',123966.94,123966.94,0.00,0.00,0.00,2,26033.06,150000.00,'2025-01-10 20:25:19','2025-01-10 20:25:19',NULL,NULL),(752,NULL,752,'Indumentaria',1.00,'8',123966.94,123966.94,0.00,0.00,0.00,2,26033.06,150000.00,'2025-01-10 20:25:22','2025-01-10 20:25:22',NULL,NULL),(753,NULL,753,'Indumentaria',1.00,'8',123966.94,123966.94,0.00,0.00,0.00,2,26033.06,150000.00,'2025-01-10 20:25:24','2025-01-10 20:25:24',NULL,NULL),(754,NULL,754,'Indumentaria',1.00,'8',123966.94,123966.94,0.00,0.00,0.00,2,26033.06,150000.00,'2025-01-10 20:25:26','2025-01-10 20:25:26',NULL,NULL),(755,NULL,755,'Indumentaria',1.00,'8',123966.94,123966.94,0.00,0.00,0.00,2,26033.06,150000.00,'2025-01-10 20:25:27','2025-01-10 20:25:27',NULL,NULL),(756,NULL,756,'Indumentaria',1.00,'8',60125.70,60125.70,0.00,0.00,0.00,2,12626.40,72752.10,'2025-01-10 20:25:30','2025-01-10 20:25:30',NULL,NULL),(757,NULL,757,'Indumentaria',1.00,'8',123966.94,123966.94,0.00,0.00,0.00,2,26033.06,150000.00,'2025-01-10 20:25:32','2025-01-10 20:25:32',NULL,NULL);
INSERT INTO `fact_elec_receipt_details` VALUES (758,NULL,758,'Indumentaria',1.00,'8',123966.94,123966.94,0.00,0.00,0.00,2,26033.06,150000.00,'2025-01-10 20:25:34','2025-01-10 20:25:34',NULL,NULL),(759,NULL,759,'Indumentaria',1.00,'8',123966.94,123966.94,0.00,0.00,0.00,2,26033.06,150000.00,'2025-01-10 20:25:36','2025-01-10 20:25:36',NULL,NULL),(760,NULL,760,'Indumentaria',1.00,'8',123966.94,123966.94,0.00,0.00,0.00,2,26033.06,150000.00,'2025-01-10 20:25:38','2025-01-10 20:25:38',NULL,NULL),(761,NULL,761,'Indumentaria',1.00,'8',123966.94,123966.94,0.00,0.00,0.00,2,26033.06,150000.00,'2025-01-10 20:25:41','2025-01-10 20:25:41',NULL,NULL),(762,NULL,762,'Indumentaria',1.00,'8',123966.94,123966.94,0.00,0.00,0.00,2,26033.06,150000.00,'2025-01-10 20:25:43','2025-01-10 20:25:43',NULL,NULL),(763,NULL,763,'Indumentaria',1.00,'8',123966.94,123966.94,0.00,0.00,0.00,2,26033.06,150000.00,'2025-01-10 20:25:45','2025-01-10 20:25:45',NULL,NULL),(764,NULL,764,'Indumentaria',1.00,'8',123966.94,123966.94,0.00,0.00,0.00,2,26033.06,150000.00,'2025-01-10 20:25:47','2025-01-10 20:25:47',NULL,NULL),(765,NULL,765,'Indumentaria',1.00,'8',123966.94,123966.94,0.00,0.00,0.00,2,26033.06,150000.00,'2025-01-10 20:25:49','2025-01-10 20:25:49',NULL,NULL),(766,NULL,766,'Indumentaria',1.00,'8',123966.94,123966.94,0.00,0.00,0.00,2,26033.06,150000.00,'2025-01-10 20:25:51','2025-01-10 20:25:51',NULL,NULL),(767,NULL,767,'Indumentaria',1.00,'8',123966.94,123966.94,0.00,0.00,0.00,2,26033.06,150000.00,'2025-01-10 20:25:53','2025-01-10 20:25:53',NULL,NULL),(768,NULL,768,'Indumentaria',1.00,'8',123966.94,123966.94,0.00,0.00,0.00,2,26033.06,150000.00,'2025-01-10 20:25:56','2025-01-10 20:25:56',NULL,NULL),(769,NULL,769,'Indumentaria',1.00,'8',123966.94,123966.94,0.00,0.00,0.00,2,26033.06,150000.00,'2025-01-10 20:25:58','2025-01-10 20:25:58',NULL,NULL),(770,NULL,770,'Indumentaria',1.00,'8',123966.94,123966.94,0.00,0.00,0.00,2,26033.06,150000.00,'2025-01-10 20:26:01','2025-01-10 20:26:01',NULL,NULL),(771,NULL,771,'Indumentaria',1.00,'8',123966.94,123966.94,0.00,0.00,0.00,2,26033.06,150000.00,'2025-01-10 20:26:03','2025-01-10 20:26:03',NULL,NULL),(772,NULL,772,'Indumentaria',1.00,'8',123966.94,123966.94,0.00,0.00,0.00,2,26033.06,150000.00,'2025-01-10 20:26:06','2025-01-10 20:26:06',NULL,NULL),(773,NULL,773,'Indumentaria',1.00,'8',123966.94,123966.94,0.00,0.00,0.00,2,26033.06,150000.00,'2025-01-10 20:26:08','2025-01-10 20:26:08',NULL,NULL),(774,NULL,774,'Indumentaria',1.00,'8',123966.94,123966.94,0.00,0.00,0.00,2,26033.06,150000.00,'2025-01-10 20:26:10','2025-01-10 20:26:10',NULL,NULL),(775,NULL,775,'Indumentaria',1.00,'8',123966.94,123966.94,0.00,0.00,0.00,2,26033.06,150000.00,'2025-01-10 20:26:12','2025-01-10 20:26:12',NULL,NULL),(776,NULL,776,'Indumentaria',1.00,'8',123966.94,123966.94,0.00,0.00,0.00,2,26033.06,150000.00,'2025-01-10 20:26:14','2025-01-10 20:26:14',NULL,NULL),(777,NULL,777,'Indumentaria',1.00,'8',123966.94,123966.94,0.00,0.00,0.00,2,26033.06,150000.00,'2025-01-10 20:26:16','2025-01-10 20:26:16',NULL,NULL),(778,NULL,778,'Indumentaria',1.00,'8',123966.94,123966.94,0.00,0.00,0.00,2,26033.06,150000.00,'2025-01-10 20:26:18','2025-01-10 20:26:18',NULL,NULL),(779,NULL,779,'Indumentaria',1.00,'8',123966.94,123966.94,0.00,0.00,0.00,2,26033.06,150000.00,'2025-01-10 20:26:21','2025-01-10 20:26:21',NULL,NULL),(780,NULL,780,'Indumentaria',1.00,'8',123966.94,123966.94,0.00,0.00,0.00,2,26033.06,150000.00,'2025-01-10 20:26:23','2025-01-10 20:26:23',NULL,NULL),(781,NULL,781,'Indumentaria',1.00,'8',123966.94,123966.94,0.00,0.00,0.00,2,26033.06,150000.00,'2025-01-10 20:26:26','2025-01-10 20:26:26',NULL,NULL),(782,NULL,782,'Indumentaria',1.00,'8',123966.94,123966.94,0.00,0.00,0.00,2,26033.06,150000.00,'2025-01-10 20:26:28','2025-01-10 20:26:28',NULL,NULL),(783,NULL,783,'Indumentaria',1.00,'8',123966.94,123966.94,0.00,0.00,0.00,2,26033.06,150000.00,'2025-01-10 20:26:30','2025-01-10 20:26:30',NULL,NULL);
INSERT INTO `fact_elec_receipt_details` VALUES (784,NULL,784,'Indumentaria',1.00,'8',38666.54,38666.54,0.00,0.00,0.00,2,8119.97,46786.51,'2025-01-10 20:26:32','2025-01-10 20:26:32',NULL,NULL),(785,8704,785,'Indumentaria',1.00,'8',653057.85,653057.85,0.00,0.00,0.00,2,137142.15,790200.00,'2025-01-15 12:19:41','2025-01-15 12:19:41','',NULL),(786,8704,786,'Indumentaria',1.00,'8',653057.85,653057.85,0.00,0.00,0.00,2,137142.15,790200.00,'2025-01-15 12:43:55','2025-01-15 12:43:55','',NULL),(787,8704,787,'Indumentaria',1.00,'8',653057.85,653057.85,0.00,0.00,0.00,2,137142.15,790200.00,'2025-01-15 12:47:31','2025-01-15 12:47:31','',NULL),(788,8704,788,'Indumentaria',1.00,'8',2867685.95,2867685.95,0.00,0.00,0.00,2,602214.05,3469900.00,'2025-01-16 21:04:08','2025-01-16 21:04:08','',NULL),(789,8704,789,'Servicios',1.00,'8',1.00,1.00,0.00,0.00,0.00,7,0.00,1.00,'2025-02-03 15:34:01','2025-02-03 15:34:01','',NULL),(790,8704,790,'Prueba',1.00,'8',1.00,1.00,0.00,0.00,0.00,7,0.00,1.00,'2025-02-04 21:31:04','2025-02-04 21:31:04','',NULL),(791,8704,791,'prueba',1.00,'8',1.00,1.00,0.00,0.00,0.00,7,0.00,1.00,'2025-02-04 21:53:12','2025-02-04 21:53:12',NULL,NULL),(792,8704,792,'prueba',1.00,'8',1.00,1.00,0.00,0.00,0.00,7,0.00,1.00,'2025-02-04 21:53:16','2025-02-04 21:53:16',NULL,NULL),(793,8704,793,'prueba',1.00,'8',1.00,1.00,0.00,0.00,0.00,7,0.00,1.00,'2025-02-04 21:53:21','2025-02-04 21:53:21',NULL,NULL),(794,8704,794,'prueba',1.00,'8',1.00,1.00,0.00,0.00,0.00,7,0.00,1.00,'2025-02-04 21:53:26','2025-02-04 21:53:26',NULL,NULL),(795,8704,795,'prueba',1.00,'8',1.00,1.00,0.00,0.00,0.00,7,0.00,1.00,'2025-02-04 21:53:30','2025-02-04 21:53:30',NULL,NULL),(796,8704,796,'prueba',1.00,'8',1.00,1.00,0.00,0.00,0.00,7,0.00,1.00,'2025-02-04 21:53:35','2025-02-04 21:53:35',NULL,NULL),(797,8704,797,'prueba',1.00,'8',1.00,1.00,0.00,0.00,0.00,7,0.00,1.00,'2025-02-04 21:53:39','2025-02-04 21:53:39',NULL,NULL),(798,8704,798,'Servicios',1.00,'8',1550000.00,1550000.00,0.00,0.00,0.00,7,0.00,1550000.00,'2025-02-04 22:00:58','2025-02-04 22:00:58','',NULL),(799,8704,799,'Indumentaria',1.00,'8',5000000.00,5000000.00,0.00,0.00,0.00,2,1050000.00,6050000.00,'2025-02-05 13:21:48','2025-02-05 13:21:48','',NULL),(800,8704,800,'Indumentaria',1.00,'8',2000000.00,2000000.00,0.00,0.00,0.00,2,420000.00,2420000.00,'2025-02-05 13:24:00','2025-02-05 13:24:00','',NULL),(801,8704,801,'Servicios Empresariales',1.00,'8',150000.00,150000.00,0.00,0.00,0.00,7,0.00,150000.00,'2025-02-05 21:09:00','2025-02-05 21:09:00',NULL,NULL),(802,8704,802,'Servicios Empresariales',1.00,'8',150000.00,150000.00,0.00,0.00,0.00,7,0.00,150000.00,'2025-02-05 21:09:02','2025-02-05 21:09:02',NULL,NULL),(803,8704,803,'Servicios Empresariales',1.00,'8',150000.00,150000.00,0.00,0.00,0.00,7,0.00,150000.00,'2025-02-05 21:09:05','2025-02-05 21:09:05',NULL,NULL),(804,8704,804,'Servicios Empresariales',1.00,'8',150000.00,150000.00,0.00,0.00,0.00,7,0.00,150000.00,'2025-02-05 21:09:07','2025-02-05 21:09:07',NULL,NULL),(805,8704,805,'Servicios Empresariales',1.00,'8',150000.00,150000.00,0.00,0.00,0.00,7,0.00,150000.00,'2025-02-05 21:09:09','2025-02-05 21:09:09',NULL,NULL),(806,8704,806,'Servicios Empresariales',1.00,'8',150000.00,150000.00,0.00,0.00,0.00,7,0.00,150000.00,'2025-02-05 21:09:12','2025-02-05 21:09:12',NULL,NULL),(807,8704,807,'Servicios Empresariales',1.00,'8',150000.00,150000.00,0.00,0.00,0.00,7,0.00,150000.00,'2025-02-05 21:09:14','2025-02-05 21:09:14',NULL,NULL),(808,8704,808,'Servicios Empresariales',1.00,'8',150000.00,150000.00,0.00,0.00,0.00,7,0.00,150000.00,'2025-02-05 21:09:16','2025-02-05 21:09:16',NULL,NULL),(809,8704,809,'Servicios Empresariales',1.00,'8',150000.00,150000.00,0.00,0.00,0.00,7,0.00,150000.00,'2025-02-05 21:09:19','2025-02-05 21:09:19',NULL,NULL),(810,8704,810,'Servicios Empresariales',1.00,'8',150000.00,150000.00,0.00,0.00,0.00,7,0.00,150000.00,'2025-02-05 21:09:21','2025-02-05 21:09:21',NULL,NULL),(811,8704,811,'Servicios Febrero',1.00,'8',100000.00,100000.00,0.00,0.00,0.00,7,0.00,100000.00,'2025-02-05 21:15:15','2025-02-05 21:15:15','',NULL);
INSERT INTO `fact_elec_receipt_details` VALUES (812,8704,812,'Indumentaria',1.00,'8',423719.01,423719.01,0.00,0.00,0.00,2,88980.99,512700.00,'2025-02-06 21:41:55','2025-02-06 21:41:55','',NULL),(813,8704,813,'Indumentaria',1.00,'8',3021322.31,3021322.31,0.00,0.00,0.00,2,634477.69,3655800.00,'2025-02-06 21:43:53','2025-02-06 21:43:53','',NULL),(814,8704,814,'Indumentaria',1.00,'8',698429.75,698429.75,0.00,0.00,0.00,2,146670.25,845100.00,'2025-02-06 21:46:01','2025-02-06 21:46:01','',NULL),(815,8704,815,'Indumentaria',1.00,'8',1074380.17,1074380.17,0.00,0.00,0.00,2,225619.84,1300000.01,'2025-02-10 19:51:03','2025-02-10 19:51:03','',NULL),(816,8704,816,'Indumentaria',1.00,'8',3567766.06,3567766.06,0.00,0.00,0.00,2,749230.87,4316996.93,'2025-02-10 19:55:42','2025-02-10 19:55:42','',NULL),(817,8704,817,'Prueba',1.00,'8',1.00,1.00,0.00,0.00,0.00,7,0.00,1.00,'2025-02-10 20:25:43','2025-02-10 20:25:43','',NULL),(818,NULL,818,'Comida',1.00,'8',200000.00,200000.00,0.00,0.00,0.00,7,0.00,200000.00,'2025-02-10 20:49:47','2025-02-10 20:49:47',NULL,NULL),(819,NULL,819,'Comida',1.00,'8',200000.00,200000.00,0.00,0.00,0.00,7,0.00,200000.00,'2025-02-10 20:49:49','2025-02-10 20:49:49',NULL,NULL),(820,NULL,820,'Comida',1.00,'8',200000.00,200000.00,0.00,0.00,0.00,7,0.00,200000.00,'2025-02-10 20:49:51','2025-02-10 20:49:51',NULL,NULL),(821,NULL,821,'Comida',1.00,'8',200000.00,200000.00,0.00,0.00,0.00,7,0.00,200000.00,'2025-02-10 20:49:54','2025-02-10 20:49:54',NULL,NULL),(822,NULL,822,'Comida',1.00,'8',200000.00,200000.00,0.00,0.00,0.00,7,0.00,200000.00,'2025-02-10 20:49:56','2025-02-10 20:49:56',NULL,NULL),(823,NULL,823,'Comida',1.00,'8',200000.00,200000.00,0.00,0.00,0.00,7,0.00,200000.00,'2025-02-10 20:49:59','2025-02-10 20:49:59',NULL,NULL),(824,NULL,824,'Comida',1.00,'8',200000.00,200000.00,0.00,0.00,0.00,7,0.00,200000.00,'2025-02-10 20:50:01','2025-02-10 20:50:01',NULL,NULL),(825,NULL,825,'Comida',1.00,'8',200000.00,200000.00,0.00,0.00,0.00,7,0.00,200000.00,'2025-02-10 20:50:04','2025-02-10 20:50:04',NULL,NULL),(826,NULL,826,'Comida',1.00,'8',200000.00,200000.00,0.00,0.00,0.00,7,0.00,200000.00,'2025-02-10 20:50:06','2025-02-10 20:50:06',NULL,NULL),(827,NULL,827,'Comida',1.00,'8',200000.00,200000.00,0.00,0.00,0.00,7,0.00,200000.00,'2025-02-10 20:50:09','2025-02-10 20:50:09',NULL,NULL),(828,NULL,828,'Comida',1.00,'8',200000.00,200000.00,0.00,0.00,0.00,7,0.00,200000.00,'2025-02-10 20:50:11','2025-02-10 20:50:11',NULL,NULL),(829,NULL,829,'Comida',1.00,'8',200000.00,200000.00,0.00,0.00,0.00,7,0.00,200000.00,'2025-02-10 20:50:13','2025-02-10 20:50:13',NULL,NULL),(830,NULL,830,'Comida',1.00,'8',200000.00,200000.00,0.00,0.00,0.00,7,0.00,200000.00,'2025-02-10 20:50:15','2025-02-10 20:50:15',NULL,NULL),(831,NULL,831,'Comida',1.00,'8',200000.00,200000.00,0.00,0.00,0.00,7,0.00,200000.00,'2025-02-10 20:50:18','2025-02-10 20:50:18',NULL,NULL),(832,NULL,832,'Comida',1.00,'8',200000.00,200000.00,0.00,0.00,0.00,7,0.00,200000.00,'2025-02-10 20:50:21','2025-02-10 20:50:21',NULL,NULL),(833,NULL,833,'Comida',1.00,'8',200000.00,200000.00,0.00,0.00,0.00,7,0.00,200000.00,'2025-02-10 20:50:24','2025-02-10 20:50:24',NULL,NULL),(834,NULL,834,'Comida',1.00,'8',200000.00,200000.00,0.00,0.00,0.00,7,0.00,200000.00,'2025-02-10 20:50:27','2025-02-10 20:50:27',NULL,NULL),(835,NULL,835,'Comida',1.00,'8',200000.00,200000.00,0.00,0.00,0.00,7,0.00,200000.00,'2025-02-10 20:50:29','2025-02-10 20:50:29',NULL,NULL),(836,NULL,836,'Comida',1.00,'8',100000.00,100000.00,0.00,0.00,0.00,7,0.00,100000.00,'2025-02-10 20:50:32','2025-02-10 20:50:32',NULL,NULL),(837,NULL,837,'Indumentaria',1.00,'8',150000.00,150000.00,0.00,0.00,0.00,7,0.00,150000.00,'2025-02-10 21:14:35','2025-02-10 21:14:35',NULL,NULL),(838,NULL,838,'Indumentaria',1.00,'8',150000.00,150000.00,0.00,0.00,0.00,7,0.00,150000.00,'2025-02-10 21:14:36','2025-02-10 21:14:36',NULL,NULL),(839,NULL,839,'Indumentaria',1.00,'8',150000.00,150000.00,0.00,0.00,0.00,7,0.00,150000.00,'2025-02-10 21:14:37','2025-02-10 21:14:37',NULL,NULL);
INSERT INTO `fact_elec_receipt_details` VALUES (840,NULL,840,'Indumentaria',1.00,'8',150000.00,150000.00,0.00,0.00,0.00,7,0.00,150000.00,'2025-02-10 21:14:38','2025-02-10 21:14:38',NULL,NULL),(841,NULL,841,'Indumentaria',1.00,'8',150000.00,150000.00,0.00,0.00,0.00,7,0.00,150000.00,'2025-02-10 21:14:39','2025-02-10 21:14:39',NULL,NULL),(842,NULL,842,'Indumentaria',1.00,'8',150000.00,150000.00,0.00,0.00,0.00,7,0.00,150000.00,'2025-02-10 21:14:40','2025-02-10 21:14:40',NULL,NULL),(843,NULL,843,'Indumentaria',1.00,'8',150000.00,150000.00,0.00,0.00,0.00,7,0.00,150000.00,'2025-02-10 21:14:41','2025-02-10 21:14:41',NULL,NULL),(844,NULL,844,'Indumentaria',1.00,'8',150000.00,150000.00,0.00,0.00,0.00,7,0.00,150000.00,'2025-02-10 21:14:43','2025-02-10 21:14:43',NULL,NULL),(845,NULL,845,'Indumentaria',1.00,'8',150000.00,150000.00,0.00,0.00,0.00,7,0.00,150000.00,'2025-02-10 21:14:44','2025-02-10 21:14:44',NULL,NULL),(846,NULL,846,'Indumentaria',1.00,'8',150000.00,150000.00,0.00,0.00,0.00,7,0.00,150000.00,'2025-02-10 21:14:45','2025-02-10 21:14:45',NULL,NULL),(847,NULL,847,'Indumentaria',1.00,'8',150000.00,150000.00,0.00,0.00,0.00,7,0.00,150000.00,'2025-02-10 21:14:46','2025-02-10 21:14:46',NULL,NULL),(848,NULL,848,'Indumentaria',1.00,'8',150000.00,150000.00,0.00,0.00,0.00,7,0.00,150000.00,'2025-02-10 21:14:47','2025-02-10 21:14:47',NULL,NULL),(849,NULL,849,'Indumentaria',1.00,'8',150000.00,150000.00,0.00,0.00,0.00,7,0.00,150000.00,'2025-02-10 21:14:48','2025-02-10 21:14:48',NULL,NULL),(850,NULL,850,'Indumentaria',1.00,'8',150000.00,150000.00,0.00,0.00,0.00,7,0.00,150000.00,'2025-02-10 21:14:49','2025-02-10 21:14:49',NULL,NULL),(851,NULL,851,'Indumentaria',1.00,'8',150000.00,150000.00,0.00,0.00,0.00,7,0.00,150000.00,'2025-02-10 21:14:50','2025-02-10 21:14:50',NULL,NULL),(852,NULL,852,'Indumentaria',1.00,'8',100000.00,100000.00,0.00,0.00,0.00,7,0.00,100000.00,'2025-02-10 21:14:51','2025-02-10 21:14:51',NULL,NULL),(853,NULL,853,'Indumentaria',1.00,'8',150000.00,150000.00,0.00,0.00,0.00,7,0.00,150000.00,'2025-02-10 21:14:52','2025-02-10 21:14:52',NULL,NULL),(854,NULL,854,'Indumentaria',1.00,'8',150000.00,150000.00,0.00,0.00,0.00,7,0.00,150000.00,'2025-02-10 21:18:51','2025-02-10 21:18:51',NULL,NULL),(855,NULL,855,'Indumentaria',1.00,'8',150000.00,150000.00,0.00,0.00,0.00,7,0.00,150000.00,'2025-02-10 21:18:53','2025-02-10 21:18:53',NULL,NULL),(856,NULL,856,'Indumentaria',1.00,'8',150000.00,150000.00,0.00,0.00,0.00,7,0.00,150000.00,'2025-02-10 21:18:55','2025-02-10 21:18:55',NULL,NULL),(857,NULL,857,'Indumentaria',1.00,'8',150000.00,150000.00,0.00,0.00,0.00,7,0.00,150000.00,'2025-02-10 21:18:57','2025-02-10 21:18:57',NULL,NULL),(858,NULL,858,'Indumentaria',1.00,'8',150000.00,150000.00,0.00,0.00,0.00,7,0.00,150000.00,'2025-02-10 21:19:00','2025-02-10 21:19:00',NULL,NULL),(859,NULL,859,'Indumentaria',1.00,'8',150000.00,150000.00,0.00,0.00,0.00,7,0.00,150000.00,'2025-02-10 21:19:02','2025-02-10 21:19:02',NULL,NULL),(860,NULL,860,'Indumentaria',1.00,'8',150000.00,150000.00,0.00,0.00,0.00,7,0.00,150000.00,'2025-02-10 21:19:04','2025-02-10 21:19:04',NULL,NULL),(861,NULL,861,'Indumentaria',1.00,'8',150000.00,150000.00,0.00,0.00,0.00,7,0.00,150000.00,'2025-02-10 21:19:06','2025-02-10 21:19:06',NULL,NULL),(862,NULL,862,'Indumentaria',1.00,'8',150000.00,150000.00,0.00,0.00,0.00,7,0.00,150000.00,'2025-02-10 21:19:09','2025-02-10 21:19:09',NULL,NULL),(863,NULL,863,'Indumentaria',1.00,'8',150000.00,150000.00,0.00,0.00,0.00,7,0.00,150000.00,'2025-02-10 21:19:11','2025-02-10 21:19:11',NULL,NULL),(864,NULL,864,'Indumentaria',1.00,'8',150000.00,150000.00,0.00,0.00,0.00,7,0.00,150000.00,'2025-02-10 21:19:13','2025-02-10 21:19:13',NULL,NULL),(865,NULL,865,'Indumentaria',1.00,'8',150000.00,150000.00,0.00,0.00,0.00,7,0.00,150000.00,'2025-02-10 21:19:15','2025-02-10 21:19:15',NULL,NULL),(866,NULL,866,'Indumentaria',1.00,'8',150000.00,150000.00,0.00,0.00,0.00,7,0.00,150000.00,'2025-02-10 21:19:17','2025-02-10 21:19:17',NULL,NULL);
INSERT INTO `fact_elec_receipt_details` VALUES (867,NULL,867,'Indumentaria',1.00,'8',150000.00,150000.00,0.00,0.00,0.00,7,0.00,150000.00,'2025-02-10 21:19:19','2025-02-10 21:19:19',NULL,NULL),(868,NULL,868,'Indumentaria',1.00,'8',150000.00,150000.00,0.00,0.00,0.00,7,0.00,150000.00,'2025-02-10 21:19:21','2025-02-10 21:19:21',NULL,NULL),(869,NULL,869,'Indumentaria',1.00,'8',150000.00,150000.00,0.00,0.00,0.00,7,0.00,150000.00,'2025-02-10 21:19:24','2025-02-10 21:19:24',NULL,NULL),(870,NULL,870,'Indumentaria',1.00,'8',100000.00,100000.00,0.00,0.00,0.00,7,0.00,100000.00,'2025-02-10 21:19:26','2025-02-10 21:19:26',NULL,NULL),(871,8704,871,'Indumentaria',1.00,'8',117603.31,117603.31,0.00,0.00,0.00,2,24696.70,142300.01,'2025-02-21 19:09:24','2025-02-21 19:09:24','',NULL),(872,8704,872,'Servicios Empresariales',1.00,'8',150000.00,150000.00,0.00,0.00,0.00,7,0.00,150000.00,'2025-03-07 16:19:58','2025-03-07 16:19:58',NULL,NULL),(873,8704,873,'Servicios Empresariales',1.00,'8',150000.00,150000.00,0.00,0.00,0.00,7,0.00,150000.00,'2025-03-07 16:20:00','2025-03-07 16:20:00',NULL,NULL),(874,8704,874,'Servicios Empresariales',1.00,'8',150000.00,150000.00,0.00,0.00,0.00,7,0.00,150000.00,'2025-03-07 16:20:03','2025-03-07 16:20:03',NULL,NULL),(875,8704,875,'Servicios Empresariales',1.00,'8',150000.00,150000.00,0.00,0.00,0.00,7,0.00,150000.00,'2025-03-07 16:20:06','2025-03-07 16:20:06',NULL,NULL),(876,8704,876,'Servicios Empresariales',1.00,'8',150000.00,150000.00,0.00,0.00,0.00,7,0.00,150000.00,'2025-03-07 16:20:08','2025-03-07 16:20:08',NULL,NULL),(877,8704,877,'Servicios Empresariales',1.00,'8',150000.00,150000.00,0.00,0.00,0.00,7,0.00,150000.00,'2025-03-07 16:20:10','2025-03-07 16:20:10',NULL,NULL),(878,8704,878,'Servicios Empresariales',1.00,'8',150000.00,150000.00,0.00,0.00,0.00,7,0.00,150000.00,'2025-03-07 16:20:13','2025-03-07 16:20:13',NULL,NULL),(879,8704,879,'Servicios Empresariales',1.00,'8',150000.00,150000.00,0.00,0.00,0.00,7,0.00,150000.00,'2025-03-07 16:20:15','2025-03-07 16:20:15',NULL,NULL),(880,8704,880,'Servicios Empresariales',1.00,'8',150000.00,150000.00,0.00,0.00,0.00,7,0.00,150000.00,'2025-03-07 16:20:18','2025-03-07 16:20:18',NULL,NULL),(881,8704,881,'Servicios Empresariales',1.00,'8',150000.00,150000.00,0.00,0.00,0.00,7,0.00,150000.00,'2025-03-07 16:20:20','2025-03-07 16:20:20',NULL,NULL),(882,8704,882,'Honorarios',1.00,'8',100000.00,100000.00,0.00,0.00,0.00,7,0.00,100000.00,'2025-03-07 16:22:13','2025-03-07 16:22:13','',NULL),(883,8704,883,'Prueba',1.00,'8',1.00,1.00,0.00,0.00,0.00,7,0.00,1.00,'2025-03-10 19:07:35','2025-03-10 19:07:35','',NULL),(884,NULL,884,'Servicios Personales',1.00,'8',150000.00,150000.00,0.00,0.00,0.00,7,0.00,150000.00,'2025-03-10 19:16:27','2025-03-10 19:16:27',NULL,NULL),(885,NULL,885,'Servicios Personales',1.00,'8',150000.00,150000.00,0.00,0.00,0.00,7,0.00,150000.00,'2025-03-10 19:16:30','2025-03-10 19:16:30',NULL,NULL),(886,NULL,886,'Servicios Personales',1.00,'8',150000.00,150000.00,0.00,0.00,0.00,7,0.00,150000.00,'2025-03-10 19:16:32','2025-03-10 19:16:32',NULL,NULL),(887,NULL,887,'Servicios Personales',1.00,'8',150000.00,150000.00,0.00,0.00,0.00,7,0.00,150000.00,'2025-03-10 19:16:34','2025-03-10 19:16:34',NULL,NULL),(888,NULL,888,'Servicios Personales',1.00,'8',150000.00,150000.00,0.00,0.00,0.00,7,0.00,150000.00,'2025-03-10 19:16:37','2025-03-10 19:16:37',NULL,NULL),(889,NULL,889,'Servicios Personales',1.00,'8',150000.00,150000.00,0.00,0.00,0.00,7,0.00,150000.00,'2025-03-10 19:16:39','2025-03-10 19:16:39',NULL,NULL),(890,NULL,890,'Servicios Personales',1.00,'8',150000.00,150000.00,0.00,0.00,0.00,7,0.00,150000.00,'2025-03-10 19:16:41','2025-03-10 19:16:41',NULL,NULL),(891,NULL,891,'Servicios Personales',1.00,'8',150000.00,150000.00,0.00,0.00,0.00,7,0.00,150000.00,'2025-03-10 19:16:44','2025-03-10 19:16:44',NULL,NULL),(892,NULL,892,'Servicios Personales',1.00,'8',150000.00,150000.00,0.00,0.00,0.00,7,0.00,150000.00,'2025-03-10 19:16:46','2025-03-10 19:16:46',NULL,NULL);
INSERT INTO `fact_elec_receipt_details` VALUES (893,NULL,893,'Servicios Personales',1.00,'8',150000.00,150000.00,0.00,0.00,0.00,7,0.00,150000.00,'2025-03-10 19:16:48','2025-03-10 19:16:48',NULL,NULL),(894,NULL,894,'Servicios Personales',1.00,'8',150000.00,150000.00,0.00,0.00,0.00,7,0.00,150000.00,'2025-03-10 19:16:51','2025-03-10 19:16:51',NULL,NULL),(895,NULL,895,'Servicios Personales',1.00,'8',150000.00,150000.00,0.00,0.00,0.00,7,0.00,150000.00,'2025-03-10 19:16:53','2025-03-10 19:16:53',NULL,NULL),(896,NULL,896,'Servicios Personales',1.00,'8',150000.00,150000.00,0.00,0.00,0.00,7,0.00,150000.00,'2025-03-10 19:16:55','2025-03-10 19:16:55',NULL,NULL),(897,NULL,897,'Servicios Personales',1.00,'8',150000.00,150000.00,0.00,0.00,0.00,7,0.00,150000.00,'2025-03-10 19:16:57','2025-03-10 19:16:57',NULL,NULL),(898,NULL,898,'Servicios Personales',1.00,'8',150000.00,150000.00,0.00,0.00,0.00,7,0.00,150000.00,'2025-03-10 19:17:00','2025-03-10 19:17:00',NULL,NULL),(899,NULL,899,'Servicios Personales',1.00,'8',150000.00,150000.00,0.00,0.00,0.00,7,0.00,150000.00,'2025-03-10 19:17:03','2025-03-10 19:17:03',NULL,NULL),(900,NULL,900,'Servicios Personales',1.00,'8',150000.00,150000.00,0.00,0.00,0.00,7,0.00,150000.00,'2025-03-10 19:17:06','2025-03-10 19:17:06',NULL,NULL),(901,NULL,901,'Servicios Personales',1.00,'8',150000.00,150000.00,0.00,0.00,0.00,7,0.00,150000.00,'2025-03-10 19:17:08','2025-03-10 19:17:08',NULL,NULL),(902,NULL,902,'Servicios Personales',1.00,'8',150000.00,150000.00,0.00,0.00,0.00,7,0.00,150000.00,'2025-03-10 19:17:10','2025-03-10 19:17:10',NULL,NULL),(903,NULL,903,'Servicios Personales',1.00,'8',150000.00,150000.00,0.00,0.00,0.00,7,0.00,150000.00,'2025-03-10 19:17:12','2025-03-10 19:17:12',NULL,NULL),(904,NULL,904,'Servicios Personales',1.00,'8',150000.00,150000.00,0.00,0.00,0.00,7,0.00,150000.00,'2025-03-10 19:17:14','2025-03-10 19:17:14',NULL,NULL),(905,NULL,905,'Servicios Personales',1.00,'8',150000.00,150000.00,0.00,0.00,0.00,7,0.00,150000.00,'2025-03-10 19:17:17','2025-03-10 19:17:17',NULL,NULL),(906,NULL,906,'Servicios Personales',1.00,'8',150000.00,150000.00,0.00,0.00,0.00,7,0.00,150000.00,'2025-03-10 19:17:19','2025-03-10 19:17:19',NULL,NULL),(907,NULL,907,'Servicios Personales',1.00,'8',150000.00,150000.00,0.00,0.00,0.00,7,0.00,150000.00,'2025-03-10 19:17:22','2025-03-10 19:17:22',NULL,NULL),(908,NULL,908,'Servicios Personales',1.00,'8',150000.00,150000.00,0.00,0.00,0.00,7,0.00,150000.00,'2025-03-10 19:17:24','2025-03-10 19:17:24',NULL,NULL),(909,NULL,909,'Servicios Personales',1.00,'8',20000.00,20000.00,0.00,0.00,0.00,7,0.00,20000.00,'2025-03-10 19:17:26','2025-03-10 19:17:26',NULL,NULL),(910,8704,910,'Indumentaria',1.00,'8',5765950.41,5765950.41,0.00,0.00,0.00,2,1210849.59,6976800.00,'2025-03-10 19:33:09','2025-03-10 19:33:09','',NULL),(911,NULL,911,'Indumentaria',1.00,'8',123966.94,123966.94,0.00,0.00,0.00,2,26033.06,150000.00,'2025-03-10 19:44:03','2025-03-10 19:44:03',NULL,NULL),(912,NULL,912,'Indumentaria',1.00,'8',123966.94,123966.94,0.00,0.00,0.00,2,26033.06,150000.00,'2025-03-10 19:44:05','2025-03-10 19:44:05',NULL,NULL),(913,NULL,913,'Indumentaria',1.00,'8',123966.94,123966.94,0.00,0.00,0.00,2,26033.06,150000.00,'2025-03-10 19:44:08','2025-03-10 19:44:08',NULL,NULL),(914,NULL,914,'Indumentaria',1.00,'8',123966.94,123966.94,0.00,0.00,0.00,2,26033.06,150000.00,'2025-03-10 19:44:10','2025-03-10 19:44:10',NULL,NULL),(915,NULL,915,'Indumentaria',1.00,'8',123966.94,123966.94,0.00,0.00,0.00,2,26033.06,150000.00,'2025-03-10 19:44:12','2025-03-10 19:44:12',NULL,NULL),(916,NULL,916,'Indumentaria',1.00,'8',123966.94,123966.94,0.00,0.00,0.00,2,26033.06,150000.00,'2025-03-10 19:44:14','2025-03-10 19:44:14',NULL,NULL),(917,NULL,917,'Indumentaria',1.00,'8',123966.94,123966.94,0.00,0.00,0.00,2,26033.06,150000.00,'2025-03-10 19:44:17','2025-03-10 19:44:17',NULL,NULL),(918,NULL,918,'Indumentaria',1.00,'8',123966.94,123966.94,0.00,0.00,0.00,2,26033.06,150000.00,'2025-03-10 19:44:19','2025-03-10 19:44:19',NULL,NULL);
INSERT INTO `fact_elec_receipt_details` VALUES (919,NULL,919,'Indumentaria',1.00,'8',123966.94,123966.94,0.00,0.00,0.00,2,26033.06,150000.00,'2025-03-10 19:44:21','2025-03-10 19:44:21',NULL,NULL),(920,NULL,920,'Indumentaria',1.00,'8',123966.94,123966.94,0.00,0.00,0.00,2,26033.06,150000.00,'2025-03-10 19:44:24','2025-03-10 19:44:24',NULL,NULL),(921,NULL,921,'Indumentaria',1.00,'8',123966.94,123966.94,0.00,0.00,0.00,2,26033.06,150000.00,'2025-03-10 19:44:27','2025-03-10 19:44:27',NULL,NULL),(922,NULL,922,'Indumentaria',1.00,'8',123966.94,123966.94,0.00,0.00,0.00,2,26033.06,150000.00,'2025-03-10 19:44:29','2025-03-10 19:44:29',NULL,NULL),(923,NULL,923,'Indumentaria',1.00,'8',123966.94,123966.94,0.00,0.00,0.00,2,26033.06,150000.00,'2025-03-10 19:44:32','2025-03-10 19:44:32',NULL,NULL),(924,NULL,924,'Indumentaria',1.00,'8',123966.94,123966.94,0.00,0.00,0.00,2,26033.06,150000.00,'2025-03-10 19:44:34','2025-03-10 19:44:34',NULL,NULL),(925,NULL,925,'Indumentaria',1.00,'8',123966.94,123966.94,0.00,0.00,0.00,2,26033.06,150000.00,'2025-03-10 19:44:37','2025-03-10 19:44:37',NULL,NULL),(926,NULL,926,'Indumentaria',1.00,'8',123966.94,123966.94,0.00,0.00,0.00,2,26033.06,150000.00,'2025-03-10 19:44:39','2025-03-10 19:44:39',NULL,NULL),(927,NULL,927,'Indumentaria',1.00,'8',123966.94,123966.94,0.00,0.00,0.00,2,26033.06,150000.00,'2025-03-10 19:44:41','2025-03-10 19:44:41',NULL,NULL),(928,NULL,928,'Indumentaria',1.00,'8',123966.94,123966.94,0.00,0.00,0.00,2,26033.06,150000.00,'2025-03-10 19:44:43','2025-03-10 19:44:43',NULL,NULL),(929,NULL,929,'Indumentaria',1.00,'8',123966.94,123966.94,0.00,0.00,0.00,2,26033.06,150000.00,'2025-03-10 19:44:46','2025-03-10 19:44:46',NULL,NULL),(930,NULL,930,'Indumentaria',1.00,'8',123966.94,123966.94,0.00,0.00,0.00,2,26033.06,150000.00,'2025-03-10 19:44:48','2025-03-10 19:44:48',NULL,NULL),(931,NULL,931,'Indumentaria',1.00,'8',123966.94,123966.94,0.00,0.00,0.00,2,26033.06,150000.00,'2025-03-10 19:44:51','2025-03-10 19:44:51',NULL,NULL),(932,NULL,932,'Indumentaria',1.00,'8',123966.94,123966.94,0.00,0.00,0.00,2,26033.06,150000.00,'2025-03-10 19:44:53','2025-03-10 19:44:53',NULL,NULL),(933,NULL,933,'Indumentaria',1.00,'8',123966.94,123966.94,0.00,0.00,0.00,2,26033.06,150000.00,'2025-03-10 19:44:55','2025-03-10 19:44:55',NULL,NULL),(934,NULL,934,'Indumentaria',1.00,'8',123966.94,123966.94,0.00,0.00,0.00,2,26033.06,150000.00,'2025-03-10 19:44:58','2025-03-10 19:44:58',NULL,NULL),(935,NULL,935,'Indumentaria',1.00,'8',123966.94,123966.94,0.00,0.00,0.00,2,26033.06,150000.00,'2025-03-10 19:45:01','2025-03-10 19:45:01',NULL,NULL),(936,NULL,936,'Indumentaria',1.00,'8',123966.94,123966.94,0.00,0.00,0.00,2,26033.06,150000.00,'2025-03-10 19:45:03','2025-03-10 19:45:03',NULL,NULL),(937,NULL,937,'Indumentaria',1.00,'8',123966.94,123966.94,0.00,0.00,0.00,2,26033.06,150000.00,'2025-03-10 19:45:06','2025-03-10 19:45:06',NULL,NULL),(938,NULL,938,'Indumentaria',1.00,'8',123966.94,123966.94,0.00,0.00,0.00,2,26033.06,150000.00,'2025-03-10 19:45:09','2025-03-10 19:45:09',NULL,NULL),(939,NULL,939,'Indumentaria',1.00,'8',123966.94,123966.94,0.00,0.00,0.00,2,26033.06,150000.00,'2025-03-10 19:45:11','2025-03-10 19:45:11',NULL,NULL),(940,NULL,940,'Indumentaria',1.00,'8',123966.94,123966.94,0.00,0.00,0.00,2,26033.06,150000.00,'2025-03-10 19:45:14','2025-03-10 19:45:14',NULL,NULL),(941,NULL,941,'Indumentaria',1.00,'8',123966.94,123966.94,0.00,0.00,0.00,2,26033.06,150000.00,'2025-03-10 19:45:17','2025-03-10 19:45:17',NULL,NULL),(942,NULL,942,'Indumentaria',1.00,'8',123966.94,123966.94,0.00,0.00,0.00,2,26033.06,150000.00,'2025-03-10 19:45:19','2025-03-10 19:45:19',NULL,NULL),(943,NULL,943,'Indumentaria',1.00,'8',123966.94,123966.94,0.00,0.00,0.00,2,26033.06,150000.00,'2025-03-10 19:45:21','2025-03-10 19:45:21',NULL,NULL),(944,NULL,944,'Indumentaria',1.00,'8',123966.94,123966.94,0.00,0.00,0.00,2,26033.06,150000.00,'2025-03-10 19:45:24','2025-03-10 19:45:24',NULL,NULL);
INSERT INTO `fact_elec_receipt_details` VALUES (945,NULL,945,'Indumentaria',1.00,'8',123966.94,123966.94,0.00,0.00,0.00,2,26033.06,150000.00,'2025-03-10 19:45:27','2025-03-10 19:45:27',NULL,NULL),(946,NULL,946,'Indumentaria',1.00,'8',123966.94,123966.94,0.00,0.00,0.00,2,26033.06,150000.00,'2025-03-10 19:45:29','2025-03-10 19:45:29',NULL,NULL),(947,NULL,947,'Indumentaria',1.00,'8',123966.94,123966.94,0.00,0.00,0.00,2,26033.06,150000.00,'2025-03-10 19:45:32','2025-03-10 19:45:32',NULL,NULL),(948,NULL,948,'Indumentaria',1.00,'8',123966.94,123966.94,0.00,0.00,0.00,2,26033.06,150000.00,'2025-03-10 19:45:34','2025-03-10 19:45:34',NULL,NULL),(949,NULL,949,'Indumentaria',1.00,'8',123966.94,123966.94,0.00,0.00,0.00,2,26033.06,150000.00,'2025-03-10 19:45:37','2025-03-10 19:45:37',NULL,NULL),(950,NULL,950,'Indumentaria',1.00,'8',123966.94,123966.94,0.00,0.00,0.00,2,26033.06,150000.00,'2025-03-10 19:45:39','2025-03-10 19:45:39',NULL,NULL),(951,NULL,951,'Indumentaria',1.00,'8',123966.94,123966.94,0.00,0.00,0.00,2,26033.06,150000.00,'2025-03-10 19:45:42','2025-03-10 19:45:42',NULL,NULL),(952,NULL,952,'Indumentaria',1.00,'8',123966.94,123966.94,0.00,0.00,0.00,2,26033.06,150000.00,'2025-03-10 19:45:44','2025-03-10 19:45:44',NULL,NULL),(953,NULL,953,'Indumentaria',1.00,'8',123966.94,123966.94,0.00,0.00,0.00,2,26033.06,150000.00,'2025-03-10 19:45:46','2025-03-10 19:45:46',NULL,NULL),(954,NULL,954,'Indumentaria',1.00,'8',123966.94,123966.94,0.00,0.00,0.00,2,26033.06,150000.00,'2025-03-10 19:45:48','2025-03-10 19:45:48',NULL,NULL),(955,NULL,955,'Indumentaria',1.00,'8',123966.94,123966.94,0.00,0.00,0.00,2,26033.06,150000.00,'2025-03-10 19:45:51','2025-03-10 19:45:51',NULL,NULL),(956,NULL,956,'Indumentaria',1.00,'8',123966.94,123966.94,0.00,0.00,0.00,2,26033.06,150000.00,'2025-03-10 19:45:53','2025-03-10 19:45:53',NULL,NULL),(957,NULL,957,'Indumentaria',1.00,'8',123966.94,123966.94,0.00,0.00,0.00,2,26033.06,150000.00,'2025-03-10 19:45:56','2025-03-10 19:45:56',NULL,NULL),(958,NULL,958,'Indumentaria',1.00,'8',123966.94,123966.94,0.00,0.00,0.00,2,26033.06,150000.00,'2025-03-10 19:45:58','2025-03-10 19:45:58',NULL,NULL),(959,NULL,959,'Indumentaria',1.00,'8',123966.94,123966.94,0.00,0.00,0.00,2,26033.06,150000.00,'2025-03-10 19:46:01','2025-03-10 19:46:01',NULL,NULL),(960,NULL,960,'Indumentaria',1.00,'8',939.16,939.16,0.00,0.00,0.00,2,197.22,1136.38,'2025-03-10 19:46:04','2025-03-10 19:46:04',NULL,NULL),(961,NULL,961,'Indumentaria',1.00,'8',150000.00,150000.00,0.00,0.00,0.00,7,0.00,150000.00,'2025-03-10 19:53:12','2025-03-10 19:53:12',NULL,NULL),(962,NULL,962,'Indumentaria',1.00,'8',150000.00,150000.00,0.00,0.00,0.00,7,0.00,150000.00,'2025-03-10 19:53:13','2025-03-10 19:53:13',NULL,NULL),(963,NULL,963,'Indumentaria',1.00,'8',150000.00,150000.00,0.00,0.00,0.00,7,0.00,150000.00,'2025-03-10 19:53:14','2025-03-10 19:53:14',NULL,NULL),(964,NULL,964,'Indumentaria',1.00,'8',150000.00,150000.00,0.00,0.00,0.00,7,0.00,150000.00,'2025-03-10 19:53:15','2025-03-10 19:53:15',NULL,NULL),(965,NULL,965,'Indumentaria',1.00,'8',150000.00,150000.00,0.00,0.00,0.00,7,0.00,150000.00,'2025-03-10 19:53:16','2025-03-10 19:53:16',NULL,NULL),(966,NULL,966,'Indumentaria',1.00,'8',150000.00,150000.00,0.00,0.00,0.00,7,0.00,150000.00,'2025-03-10 19:53:17','2025-03-10 19:53:17',NULL,NULL),(967,NULL,967,'Indumentaria',1.00,'8',150000.00,150000.00,0.00,0.00,0.00,7,0.00,150000.00,'2025-03-10 19:53:18','2025-03-10 19:53:18',NULL,NULL),(968,NULL,968,'Indumentaria',1.00,'8',150000.00,150000.00,0.00,0.00,0.00,7,0.00,150000.00,'2025-03-10 19:53:19','2025-03-10 19:53:19',NULL,NULL),(969,NULL,969,'Indumentaria',1.00,'8',150000.00,150000.00,0.00,0.00,0.00,7,0.00,150000.00,'2025-03-10 19:53:21','2025-03-10 19:53:21',NULL,NULL),(970,NULL,970,'Indumentaria',1.00,'8',150000.00,150000.00,0.00,0.00,0.00,7,0.00,150000.00,'2025-03-10 19:53:22','2025-03-10 19:53:22',NULL,NULL),(971,NULL,971,'Indumentaria',1.00,'8',150000.00,150000.00,0.00,0.00,0.00,7,0.00,150000.00,'2025-03-10 19:53:23','2025-03-10 19:53:23',NULL,NULL);
INSERT INTO `fact_elec_receipt_details` VALUES (972,NULL,972,'Indumentaria',1.00,'8',150000.00,150000.00,0.00,0.00,0.00,7,0.00,150000.00,'2025-03-10 19:53:24','2025-03-10 19:53:24',NULL,NULL),(973,NULL,973,'Indumentaria',1.00,'8',150000.00,150000.00,0.00,0.00,0.00,7,0.00,150000.00,'2025-03-10 19:53:25','2025-03-10 19:53:25',NULL,NULL),(974,NULL,974,'Indumentaria',1.00,'8',150000.00,150000.00,0.00,0.00,0.00,7,0.00,150000.00,'2025-03-10 19:53:26','2025-03-10 19:53:26',NULL,NULL),(975,NULL,975,'Indumentaria',1.00,'8',150000.00,150000.00,0.00,0.00,0.00,7,0.00,150000.00,'2025-03-10 19:53:27','2025-03-10 19:53:27',NULL,NULL),(976,NULL,976,'Indumentaria',1.00,'8',150000.00,150000.00,0.00,0.00,0.00,7,0.00,150000.00,'2025-03-10 19:53:28','2025-03-10 19:53:28',NULL,NULL),(977,NULL,977,'Indumentaria',1.00,'8',150000.00,150000.00,0.00,0.00,0.00,7,0.00,150000.00,'2025-03-10 19:53:29','2025-03-10 19:53:29',NULL,NULL),(978,8704,978,'Comida',1.00,'8',200000.00,200000.00,0.00,0.00,0.00,7,0.00,200000.00,'2025-03-10 20:03:38','2025-03-10 20:03:38',NULL,NULL),(979,8704,979,'Comida',1.00,'8',200000.00,200000.00,0.00,0.00,0.00,7,0.00,200000.00,'2025-03-10 20:03:40','2025-03-10 20:03:40',NULL,NULL),(980,8704,980,'Comida',1.00,'8',200000.00,200000.00,0.00,0.00,0.00,7,0.00,200000.00,'2025-03-10 20:03:42','2025-03-10 20:03:42',NULL,NULL),(981,8704,981,'Comida',1.00,'8',200000.00,200000.00,0.00,0.00,0.00,7,0.00,200000.00,'2025-03-10 20:03:44','2025-03-10 20:03:44',NULL,NULL),(982,8704,982,'Comida',1.00,'8',200000.00,200000.00,0.00,0.00,0.00,7,0.00,200000.00,'2025-03-10 20:03:47','2025-03-10 20:03:47',NULL,NULL),(983,8704,983,'Comida',1.00,'8',200000.00,200000.00,0.00,0.00,0.00,7,0.00,200000.00,'2025-03-10 20:03:49','2025-03-10 20:03:49',NULL,NULL),(984,8704,984,'Comida',1.00,'8',200000.00,200000.00,0.00,0.00,0.00,7,0.00,200000.00,'2025-03-10 20:03:52','2025-03-10 20:03:52',NULL,NULL),(985,8704,985,'Comida',1.00,'8',200000.00,200000.00,0.00,0.00,0.00,7,0.00,200000.00,'2025-03-10 20:03:54','2025-03-10 20:03:54',NULL,NULL),(986,8704,986,'Comida',1.00,'8',200000.00,200000.00,0.00,0.00,0.00,7,0.00,200000.00,'2025-03-10 20:03:56','2025-03-10 20:03:56',NULL,NULL),(987,8704,987,'Comida',1.00,'8',200000.00,200000.00,0.00,0.00,0.00,7,0.00,200000.00,'2025-03-10 20:03:59','2025-03-10 20:03:59',NULL,NULL),(988,8704,988,'Comida',1.00,'8',200000.00,200000.00,0.00,0.00,0.00,7,0.00,200000.00,'2025-03-10 20:04:43','2025-03-10 20:04:43',NULL,NULL),(989,8704,989,'Comida',1.00,'8',200000.00,200000.00,0.00,0.00,0.00,7,0.00,200000.00,'2025-03-10 20:04:45','2025-03-10 20:04:45',NULL,NULL),(990,8704,990,'Comida',1.00,'8',200000.00,200000.00,0.00,0.00,0.00,7,0.00,200000.00,'2025-03-10 20:04:48','2025-03-10 20:04:48',NULL,NULL),(991,8704,991,'Comida',1.00,'8',200000.00,200000.00,0.00,0.00,0.00,7,0.00,200000.00,'2025-03-10 20:04:50','2025-03-10 20:04:50',NULL,NULL),(992,8704,992,'Indumentaria',1.00,'8',150000.00,150000.00,0.00,0.00,0.00,7,0.00,150000.00,'2025-03-10 20:06:59','2025-03-10 20:06:59',NULL,NULL),(993,8704,993,'Indumentaria',1.00,'8',150000.00,150000.00,0.00,0.00,0.00,7,0.00,150000.00,'2025-03-10 20:07:01','2025-03-10 20:07:01',NULL,NULL),(994,8704,994,'Indumentaria',1.00,'8',150000.00,150000.00,0.00,0.00,0.00,7,0.00,150000.00,'2025-03-10 20:07:04','2025-03-10 20:07:04',NULL,NULL),(995,8704,995,'Indumentaria',1.00,'8',150000.00,150000.00,0.00,0.00,0.00,7,0.00,150000.00,'2025-03-10 20:07:06','2025-03-10 20:07:06',NULL,NULL),(996,8704,996,'Indumentaria',1.00,'8',150000.00,150000.00,0.00,0.00,0.00,7,0.00,150000.00,'2025-03-10 20:07:08','2025-03-10 20:07:08',NULL,NULL),(997,8704,997,'Indumentaria',1.00,'8',150000.00,150000.00,0.00,0.00,0.00,7,0.00,150000.00,'2025-03-10 20:07:11','2025-03-10 20:07:11',NULL,NULL),(998,8704,998,'Indumentaria',1.00,'8',150000.00,150000.00,0.00,0.00,0.00,7,0.00,150000.00,'2025-03-10 20:07:13','2025-03-10 20:07:13',NULL,NULL),(999,8704,999,'Indumentaria',1.00,'8',150000.00,150000.00,0.00,0.00,0.00,7,0.00,150000.00,'2025-03-10 20:07:15','2025-03-10 20:07:15',NULL,NULL);
INSERT INTO `fact_elec_receipt_details` VALUES (1000,8704,1000,'Indumentaria',1.00,'8',150000.00,150000.00,0.00,0.00,0.00,7,0.00,150000.00,'2025-03-10 20:07:17','2025-03-10 20:07:17',NULL,NULL),(1001,8704,1001,'Indumentaria',1.00,'8',100000.00,100000.00,0.00,0.00,0.00,7,0.00,100000.00,'2025-03-10 20:07:19','2025-03-10 20:07:19',NULL,NULL),(1002,8704,1002,'Indumentaria',1.00,'8',150000.00,150000.00,0.00,0.00,0.00,7,0.00,150000.00,'2025-03-10 20:07:58','2025-03-10 20:07:58',NULL,NULL),(1003,8704,1003,'Indumentaria',1.00,'8',150000.00,150000.00,0.00,0.00,0.00,7,0.00,150000.00,'2025-03-10 20:08:01','2025-03-10 20:08:01',NULL,NULL),(1004,8704,1004,'Indumentaria',1.00,'8',150000.00,150000.00,0.00,0.00,0.00,7,0.00,150000.00,'2025-03-10 20:08:03','2025-03-10 20:08:03',NULL,NULL),(1005,8704,1005,'Indumentaria',1.00,'8',150000.00,150000.00,0.00,0.00,0.00,7,0.00,150000.00,'2025-03-10 20:08:05','2025-03-10 20:08:05',NULL,NULL),(1006,8704,1006,'Indumentaria',1.00,'8',150000.00,150000.00,0.00,0.00,0.00,7,0.00,150000.00,'2025-03-10 20:08:08','2025-03-10 20:08:08',NULL,NULL),(1007,8704,1007,'Indumentaria',1.00,'8',150000.00,150000.00,0.00,0.00,0.00,7,0.00,150000.00,'2025-03-10 20:08:10','2025-03-10 20:08:10',NULL,NULL),(1008,8704,1008,'Indumentaria',1.00,'8',150000.00,150000.00,0.00,0.00,0.00,7,0.00,150000.00,'2025-03-10 20:08:13','2025-03-10 20:08:13',NULL,NULL),(1009,8704,1009,'Indumentaria',1.00,'8',115300.00,115300.00,0.00,0.00,0.00,7,0.00,115300.00,'2025-03-10 20:12:45','2025-03-10 20:12:45','',NULL),(1010,8704,1010,'Indumentaria',1.00,'8',1048347.11,1048347.11,0.00,0.00,0.00,2,220152.89,1268500.00,'2025-03-14 20:00:02','2025-03-14 20:00:02','',NULL),(1011,8704,1011,'Indumentaria',1.00,'8',681322.31,681322.31,0.00,0.00,0.00,2,143077.69,824400.00,'2025-03-25 17:22:46','2025-03-25 17:22:46','',NULL),(1012,8704,1012,'Indumentaria',1.00,'8',2892727.27,2892727.27,0.00,0.00,0.00,2,607472.73,3500200.00,'2025-04-03 17:22:22','2025-04-03 17:22:22','',NULL),(1013,8704,1013,'Indumentaria',1.00,'8',364600.83,364600.83,0.00,0.00,0.00,2,76566.17,441167.00,'2025-04-07 19:29:54','2025-04-07 19:29:54','',NULL),(1014,8704,1014,'Servicios Empresariales',1.00,'8',150000.00,150000.00,0.00,0.00,0.00,7,0.00,150000.00,'2025-04-08 16:55:23','2025-04-08 16:55:23',NULL,NULL),(1015,8704,1015,'Servicios Empresariales',1.00,'8',150000.00,150000.00,0.00,0.00,0.00,7,0.00,150000.00,'2025-04-08 16:55:25','2025-04-08 16:55:25',NULL,NULL),(1016,8704,1016,'Servicios Empresariales',1.00,'8',150000.00,150000.00,0.00,0.00,0.00,7,0.00,150000.00,'2025-04-08 16:55:28','2025-04-08 16:55:28',NULL,NULL),(1017,8704,1017,'Servicios Empresariales',1.00,'8',150000.00,150000.00,0.00,0.00,0.00,7,0.00,150000.00,'2025-04-08 16:55:30','2025-04-08 16:55:30',NULL,NULL),(1018,8704,1018,'Servicios Empresariales',1.00,'8',150000.00,150000.00,0.00,0.00,0.00,7,0.00,150000.00,'2025-04-08 16:55:33','2025-04-08 16:55:33',NULL,NULL),(1019,8704,1019,'Servicios Empresariales',1.00,'8',150000.00,150000.00,0.00,0.00,0.00,7,0.00,150000.00,'2025-04-08 16:55:35','2025-04-08 16:55:35',NULL,NULL),(1020,8704,1020,'Servicios Empresariales',1.00,'8',150000.00,150000.00,0.00,0.00,0.00,7,0.00,150000.00,'2025-04-08 16:55:38','2025-04-08 16:55:38',NULL,NULL),(1021,8704,1021,'Servicios Empresariales',1.00,'8',150000.00,150000.00,0.00,0.00,0.00,7,0.00,150000.00,'2025-04-08 16:55:40','2025-04-08 16:55:40',NULL,NULL),(1022,8704,1022,'Servicios Empresariales',1.00,'8',150000.00,150000.00,0.00,0.00,0.00,7,0.00,150000.00,'2025-04-08 16:55:43','2025-04-08 16:55:43',NULL,NULL),(1023,8704,1023,'Servicios Empresariales',1.00,'8',150000.00,150000.00,0.00,0.00,0.00,7,0.00,150000.00,'2025-04-08 16:55:46','2025-04-08 16:55:46',NULL,NULL),(1024,8704,1024,'Honorarios',1.00,'8',100000.00,100000.00,0.00,0.00,0.00,7,0.00,100000.00,'2025-04-08 17:00:01','2025-04-08 17:00:01','',NULL),(1025,8704,1025,'Honorarios Abril',1.00,'8',100000.00,100000.00,0.00,0.00,0.00,7,0.00,100000.00,'2025-04-08 17:03:37','2025-04-08 17:03:37','',NULL);
INSERT INTO `fact_elec_receipt_details` VALUES (1026,8704,1026,'Honorarios Abril',1.00,'8',80000.00,80000.00,0.00,0.00,0.00,7,0.00,80000.00,'2025-04-08 17:06:06','2025-04-08 17:06:06','',NULL),(1027,8704,1027,'Indumentaria',1.00,'8',1421420.71,1421420.71,0.00,0.00,0.00,2,298498.35,1719919.06,'2025-04-09 18:37:18','2025-04-09 18:37:18','',NULL),(1028,8704,1028,'Blazer frunce',20.00,'8',31000.00,620000.00,0.00,0.00,0.00,2,130200.00,750200.00,'2025-04-09 20:44:25','2025-04-09 20:44:25','',NULL),(1029,8704,1028,'Blazer clasico',20.00,'8',25000.00,500000.00,0.00,0.00,0.00,2,105000.00,605000.00,'2025-04-09 20:44:25','2025-04-09 20:44:25','',NULL),(1030,8704,1028,'Manguita art',7.00,'8',18351.00,128457.00,0.00,0.00,0.00,2,26975.97,155432.97,'2025-04-09 20:44:25','2025-04-09 20:44:25','',NULL),(1031,8704,1029,'Vestido corto anie',18.00,'8',15000.00,270000.00,0.00,0.00,0.00,2,56700.00,326700.00,'2025-04-09 20:52:06','2025-04-09 20:52:06','',NULL),(1032,8704,1029,'Vestido corto lu',25.00,'8',8900.00,222500.00,0.00,0.00,0.00,2,46725.00,269225.00,'2025-04-09 20:52:06','2025-04-09 20:52:06','',NULL),(1033,8704,1029,'Vestido corto nani',20.00,'8',18749.00,374980.00,0.00,0.00,0.00,2,78745.80,453725.80,'2025-04-09 20:52:06','2025-04-09 20:52:06','',NULL),(1034,8704,1030,'Vestido corto sol',8.00,'8',13500.00,108000.00,0.00,0.00,0.00,2,22680.00,130680.00,'2025-04-09 21:04:02','2025-04-09 21:04:02','',NULL),(1035,8704,1030,'Vestido corto mai',15.00,'8',12000.00,180000.00,0.00,0.00,0.00,2,37800.00,217800.00,'2025-04-09 21:04:02','2025-04-09 21:04:02','',NULL),(1036,8704,1030,'Vestido corto uri',15.00,'8',19895.00,298425.00,0.00,0.00,0.00,2,62669.25,361094.25,'2025-04-09 21:04:02','2025-04-09 21:04:02','',NULL),(1037,8704,1031,'Chaqueta info',7.00,'8',36000.00,252000.00,0.00,0.00,0.00,2,52920.00,304920.00,'2025-04-09 21:24:58','2025-04-09 21:24:58','',NULL),(1038,8704,1031,'Torera',15.00,'8',17000.00,255000.00,0.00,0.00,0.00,2,53550.00,308550.00,'2025-04-09 21:24:58','2025-04-09 21:24:58','',NULL),(1039,8704,1031,'v.I. novia capa',4.00,'8',72659.50,290638.00,0.00,0.00,0.00,2,61033.98,351671.98,'2025-04-09 21:24:58','2025-04-09 21:24:58','',NULL),(1040,8704,1032,'Indumentaria',1.00,'8',105785.12,105785.12,0.00,0.00,0.00,2,22214.88,128000.00,'2025-04-10 18:57:50','2025-04-10 18:57:50','',NULL),(1041,NULL,1033,'Indumentaria',1.00,'8',123966.94,123966.94,0.00,0.00,0.00,2,26033.06,150000.00,'2025-04-10 20:41:37','2025-04-10 20:41:37',NULL,NULL),(1042,NULL,1034,'Indumentaria',1.00,'8',123966.94,123966.94,0.00,0.00,0.00,2,26033.06,150000.00,'2025-04-10 20:41:39','2025-04-10 20:41:39',NULL,NULL),(1043,NULL,1035,'Indumentaria',1.00,'8',123966.94,123966.94,0.00,0.00,0.00,2,26033.06,150000.00,'2025-04-10 20:41:42','2025-04-10 20:41:42',NULL,NULL),(1044,NULL,1036,'Indumentaria',1.00,'8',123966.94,123966.94,0.00,0.00,0.00,2,26033.06,150000.00,'2025-04-10 20:41:44','2025-04-10 20:41:44',NULL,NULL),(1045,NULL,1037,'Indumentaria',1.00,'8',123966.94,123966.94,0.00,0.00,0.00,2,26033.06,150000.00,'2025-04-10 20:41:47','2025-04-10 20:41:47',NULL,NULL),(1046,NULL,1038,'Indumentaria',1.00,'8',123966.94,123966.94,0.00,0.00,0.00,2,26033.06,150000.00,'2025-04-10 20:41:49','2025-04-10 20:41:49',NULL,NULL),(1047,NULL,1039,'Indumentaria',1.00,'8',123966.94,123966.94,0.00,0.00,0.00,2,26033.06,150000.00,'2025-04-10 20:41:52','2025-04-10 20:41:52',NULL,NULL),(1048,NULL,1040,'Indumentaria',1.00,'8',123966.94,123966.94,0.00,0.00,0.00,2,26033.06,150000.00,'2025-04-10 20:41:54','2025-04-10 20:41:54',NULL,NULL),(1049,NULL,1041,'Indumentaria',1.00,'8',123966.94,123966.94,0.00,0.00,0.00,2,26033.06,150000.00,'2025-04-10 20:41:56','2025-04-10 20:41:56',NULL,NULL),(1050,NULL,1042,'Indumentaria',1.00,'8',123966.94,123966.94,0.00,0.00,0.00,2,26033.06,150000.00,'2025-04-10 20:41:58','2025-04-10 20:41:58',NULL,NULL),(1051,NULL,1043,'Indumentaria',1.00,'8',123966.94,123966.94,0.00,0.00,0.00,2,26033.06,150000.00,'2025-04-10 20:42:00','2025-04-10 20:42:00',NULL,NULL);
INSERT INTO `fact_elec_receipt_details` VALUES (1052,NULL,1044,'Indumentaria',1.00,'8',123966.94,123966.94,0.00,0.00,0.00,2,26033.06,150000.00,'2025-04-10 20:42:03','2025-04-10 20:42:03',NULL,NULL),(1053,NULL,1045,'Indumentaria',1.00,'8',123966.94,123966.94,0.00,0.00,0.00,2,26033.06,150000.00,'2025-04-10 20:42:05','2025-04-10 20:42:05',NULL,NULL),(1054,NULL,1046,'Indumentaria',1.00,'8',123966.94,123966.94,0.00,0.00,0.00,2,26033.06,150000.00,'2025-04-10 20:42:07','2025-04-10 20:42:07',NULL,NULL),(1055,NULL,1047,'Indumentaria',1.00,'8',123966.94,123966.94,0.00,0.00,0.00,2,26033.06,150000.00,'2025-04-10 20:42:10','2025-04-10 20:42:10',NULL,NULL),(1056,NULL,1048,'Indumentaria',1.00,'8',123966.94,123966.94,0.00,0.00,0.00,2,26033.06,150000.00,'2025-04-10 20:42:12','2025-04-10 20:42:12',NULL,NULL),(1057,NULL,1049,'Indumentaria',1.00,'8',123966.94,123966.94,0.00,0.00,0.00,2,26033.06,150000.00,'2025-04-10 20:42:14','2025-04-10 20:42:14',NULL,NULL),(1058,NULL,1050,'Indumentaria',1.00,'8',123966.94,123966.94,0.00,0.00,0.00,2,26033.06,150000.00,'2025-04-10 20:42:18','2025-04-10 20:42:18',NULL,NULL),(1059,NULL,1051,'Indumentaria',1.00,'8',123966.94,123966.94,0.00,0.00,0.00,2,26033.06,150000.00,'2025-04-10 20:42:20','2025-04-10 20:42:20',NULL,NULL),(1060,NULL,1052,'Indumentaria',1.00,'8',123966.94,123966.94,0.00,0.00,0.00,2,26033.06,150000.00,'2025-04-10 20:42:22','2025-04-10 20:42:22',NULL,NULL),(1061,NULL,1053,'Indumentaria',1.00,'8',123966.94,123966.94,0.00,0.00,0.00,2,26033.06,150000.00,'2025-04-10 20:42:25','2025-04-10 20:42:25',NULL,NULL),(1062,NULL,1054,'Indumentaria',1.00,'8',123966.94,123966.94,0.00,0.00,0.00,2,26033.06,150000.00,'2025-04-10 20:42:27','2025-04-10 20:42:27',NULL,NULL),(1063,NULL,1055,'Indumentaria',1.00,'8',123966.94,123966.94,0.00,0.00,0.00,2,26033.06,150000.00,'2025-04-10 20:42:30','2025-04-10 20:42:30',NULL,NULL),(1064,NULL,1056,'Indumentaria',1.00,'8',123966.94,123966.94,0.00,0.00,0.00,2,26033.06,150000.00,'2025-04-10 20:42:32','2025-04-10 20:42:32',NULL,NULL),(1065,NULL,1057,'Indumentaria',1.00,'8',123966.94,123966.94,0.00,0.00,0.00,2,26033.06,150000.00,'2025-04-10 20:42:35','2025-04-10 20:42:35',NULL,NULL),(1066,NULL,1058,'Indumentaria',1.00,'8',123966.94,123966.94,0.00,0.00,0.00,2,26033.06,150000.00,'2025-04-10 20:42:37','2025-04-10 20:42:37',NULL,NULL),(1067,NULL,1059,'Indumentaria',1.00,'8',123966.94,123966.94,0.00,0.00,0.00,2,26033.06,150000.00,'2025-04-10 20:42:39','2025-04-10 20:42:39',NULL,NULL),(1068,NULL,1060,'Indumentaria',1.00,'8',123966.94,123966.94,0.00,0.00,0.00,2,26033.06,150000.00,'2025-04-10 20:42:42','2025-04-10 20:42:42',NULL,NULL),(1069,NULL,1061,'Indumentaria',1.00,'8',123966.94,123966.94,0.00,0.00,0.00,2,26033.06,150000.00,'2025-04-10 20:42:44','2025-04-10 20:42:44',NULL,NULL),(1070,NULL,1062,'Indumentaria',1.00,'8',123966.94,123966.94,0.00,0.00,0.00,2,26033.06,150000.00,'2025-04-10 20:42:46','2025-04-10 20:42:46',NULL,NULL),(1071,NULL,1063,'Indumentaria',1.00,'8',123966.94,123966.94,0.00,0.00,0.00,2,26033.06,150000.00,'2025-04-10 20:42:49','2025-04-10 20:42:49',NULL,NULL),(1072,NULL,1064,'Indumentaria',1.00,'8',123966.94,123966.94,0.00,0.00,0.00,2,26033.06,150000.00,'2025-04-10 20:42:51','2025-04-10 20:42:51',NULL,NULL),(1073,NULL,1065,'Indumentaria',1.00,'8',123966.94,123966.94,0.00,0.00,0.00,2,26033.06,150000.00,'2025-04-10 20:42:54','2025-04-10 20:42:54',NULL,NULL),(1074,NULL,1066,'Indumentaria',1.00,'8',123966.94,123966.94,0.00,0.00,0.00,2,26033.06,150000.00,'2025-04-10 20:42:56','2025-04-10 20:42:56',NULL,NULL),(1075,NULL,1067,'Indumentaria',1.00,'8',123966.94,123966.94,0.00,0.00,0.00,2,26033.06,150000.00,'2025-04-10 20:42:59','2025-04-10 20:42:59',NULL,NULL),(1076,NULL,1068,'Indumentaria',1.00,'8',123966.94,123966.94,0.00,0.00,0.00,2,26033.06,150000.00,'2025-04-10 20:43:01','2025-04-10 20:43:01',NULL,NULL),(1077,NULL,1069,'Indumentaria',1.00,'8',35934.74,35934.74,0.00,0.00,0.00,2,7546.30,43481.04,'2025-04-10 20:43:03','2025-04-10 20:43:03',NULL,NULL);
INSERT INTO `fact_elec_receipt_details` VALUES (1078,8704,1070,'Honorarios Abril',1.00,'8',80000.00,80000.00,0.00,0.00,0.00,7,0.00,80000.00,'2025-04-15 16:54:09','2025-04-15 16:54:09','',NULL),(1079,8704,1071,'Indumentaria',1.00,'8',104252.89,104252.89,0.00,0.00,0.00,2,21893.11,126146.00,'2025-04-23 20:44:28','2025-04-23 20:44:28','',NULL),(1080,8704,1072,'Indumentaria',1.00,'8',4886363.63,4886363.63,0.00,0.00,0.00,2,1026136.36,5912499.99,'2025-04-23 20:46:36','2025-04-23 20:46:36','',NULL),(1081,8704,1073,'Servicios',1.00,'8',250000.00,250000.00,0.00,0.00,0.00,2,52500.00,302500.00,'2025-04-28 15:04:26','2025-04-28 15:04:26','',NULL),(1082,8704,1074,'Indumentaria',1.00,'8',160709.92,160709.92,0.00,0.00,0.00,2,33749.08,194459.00,'2025-04-29 16:20:54','2025-04-29 16:20:54','',NULL),(1083,8704,1075,'Prueba',1.00,'8',1.00,1.00,0.00,0.00,0.00,7,0.00,1.00,'2025-05-02 17:03:53','2025-05-02 17:03:53','',NULL),(1084,8704,1076,'Indumentaria',1.00,'8',5483314.29,5483314.29,0.00,0.00,0.00,2,1151496.00,6634810.29,'2025-05-02 20:33:09','2025-05-02 20:33:09','',NULL),(1085,8704,1077,'Poleras termicas',15.00,'8',35000.00,525000.00,0.00,0.00,0.00,2,110250.00,635250.00,'2025-05-05 19:30:30','2025-05-05 19:30:30','',NULL),(1086,8704,1077,'Camisetas termicas',20.00,'8',32000.00,640000.00,0.00,0.00,0.00,2,134400.00,774400.00,'2025-05-05 19:30:30','2025-05-05 19:30:30','',NULL),(1087,8704,1077,'Top BRI colores',24.00,'8',20000.00,480000.00,0.00,0.00,0.00,2,100800.00,580800.00,'2025-05-05 19:30:30','2025-05-05 19:30:30','',NULL),(1088,8704,1077,'Pantys efecto piel',19.00,'8',31600.00,600400.00,0.00,0.00,0.00,2,126084.00,726484.00,'2025-05-05 19:30:30','2025-05-05 19:30:30','',NULL),(1089,8704,1078,'Medias termicas',100.00,'8',4000.00,400000.00,0.00,0.00,0.00,2,84000.00,484000.00,'2025-05-05 19:47:18','2025-05-05 19:47:18','',NULL),(1090,8704,1078,'Top nina',30.00,'8',20000.00,600000.00,0.00,0.00,0.00,2,126000.00,726000.00,'2025-05-05 19:47:18','2025-05-05 19:47:18','',NULL),(1091,8704,1078,'Camisetas',32.00,'8',30025.00,960800.00,0.00,0.00,0.00,2,201768.00,1162568.00,'2025-05-05 19:47:18','2025-05-05 19:47:18','',NULL),(1092,8704,1079,'Colaless microfibra',80.00,'8',5000.00,400000.00,0.00,0.00,0.00,2,84000.00,484000.00,'2025-05-05 20:39:54','2025-05-05 20:39:54','',NULL),(1093,8704,1079,'Bombacha microfibra',110.00,'8',6000.00,660000.00,0.00,0.00,0.00,2,138600.00,798600.00,'2025-05-05 20:39:55','2025-05-05 20:39:55','',NULL),(1094,8704,1079,'Vedetina microfibra',110.00,'8',4460.00,490600.00,0.00,0.00,0.00,2,103026.00,593626.00,'2025-05-05 20:39:55','2025-05-05 20:39:55','',NULL),(1095,8704,1080,'Bombacha clasica',60.00,'8',5000.00,300000.00,0.00,0.00,0.00,2,63000.00,363000.00,'2025-05-05 20:48:27','2025-05-05 20:48:27','',NULL),(1096,8704,1080,'Colaless con fajita',80.00,'8',6000.00,480000.00,0.00,0.00,0.00,2,100800.00,580800.00,'2025-05-05 20:48:27','2025-05-05 20:48:27','',NULL),(1097,8704,1080,'Bombacha de señora',63.00,'8',5500.00,346500.00,0.00,0.00,0.00,2,72765.00,419265.00,'2025-05-05 20:48:27','2025-05-05 20:48:27','',NULL),(1098,8704,1081,'Servicios Empresariales',1.00,'8',150000.00,150000.00,0.00,0.00,0.00,7,0.00,150000.00,'2025-05-06 20:30:42','2025-05-06 20:30:42',NULL,NULL),(1099,8704,1082,'Servicios Empresariales',1.00,'8',150000.00,150000.00,0.00,0.00,0.00,7,0.00,150000.00,'2025-05-06 20:30:45','2025-05-06 20:30:45',NULL,NULL),(1100,8704,1083,'Servicios Empresariales',1.00,'8',150000.00,150000.00,0.00,0.00,0.00,7,0.00,150000.00,'2025-05-06 20:30:48','2025-05-06 20:30:48',NULL,NULL),(1101,8704,1084,'Servicios Empresariales',1.00,'8',150000.00,150000.00,0.00,0.00,0.00,7,0.00,150000.00,'2025-05-06 20:30:50','2025-05-06 20:30:50',NULL,NULL),(1102,8704,1085,'Servicios Empresariales',1.00,'8',150000.00,150000.00,0.00,0.00,0.00,7,0.00,150000.00,'2025-05-06 20:30:52','2025-05-06 20:30:52',NULL,NULL),(1103,8704,1086,'Servicios Empresariales',1.00,'8',150000.00,150000.00,0.00,0.00,0.00,7,0.00,150000.00,'2025-05-06 20:30:54','2025-05-06 20:30:54',NULL,NULL);
INSERT INTO `fact_elec_receipt_details` VALUES (1104,8704,1087,'Servicios Empresariales',1.00,'8',150000.00,150000.00,0.00,0.00,0.00,7,0.00,150000.00,'2025-05-06 20:30:57','2025-05-06 20:30:57',NULL,NULL),(1105,8704,1088,'Servicios Empresariales',1.00,'8',150000.00,150000.00,0.00,0.00,0.00,7,0.00,150000.00,'2025-05-06 20:30:59','2025-05-06 20:30:59',NULL,NULL),(1106,8704,1089,'Servicios Empresariales',1.00,'8',150000.00,150000.00,0.00,0.00,0.00,7,0.00,150000.00,'2025-05-06 20:31:01','2025-05-06 20:31:01',NULL,NULL),(1107,8704,1090,'Servicios Empresariales',1.00,'8',150000.00,150000.00,0.00,0.00,0.00,7,0.00,150000.00,'2025-05-06 20:31:04','2025-05-06 20:31:04',NULL,NULL),(1108,8704,1091,'Honorarios Abril',1.00,'8',100000.00,100000.00,0.00,0.00,0.00,7,0.00,100000.00,'2025-05-09 18:35:09','2025-05-09 18:35:09','',NULL),(1109,8704,1092,'Anulacion Factura 0001 - 00000146',1.00,'8',100000.00,100000.00,0.00,0.00,0.00,7,0.00,100000.00,'2025-05-09 18:37:43','2025-05-09 18:37:43','',NULL),(1110,8704,1093,'Honorarios Mayo',1.00,'8',100000.00,100000.00,0.00,0.00,0.00,7,0.00,100000.00,'2025-05-09 18:40:50','2025-05-09 18:40:50','',NULL),(1111,8704,1094,'Honorarios Mayo',1.00,'8',80000.00,80000.00,0.00,0.00,0.00,7,0.00,80000.00,'2025-05-09 18:42:23','2025-05-09 18:42:23','',NULL),(1112,8704,1095,'Honorarios Mayo',1.00,'8',100000.00,100000.00,0.00,0.00,0.00,7,0.00,100000.00,'2025-05-09 18:57:06','2025-05-09 18:57:06','',NULL),(1113,8704,1096,'Honorarios Mayo',1.00,'8',200000.00,200000.00,0.00,0.00,0.00,7,0.00,200000.00,'2025-05-09 18:58:33','2025-05-09 18:58:33','',NULL),(1114,NULL,1097,'Servicios Personales',1.00,'8',150000.00,150000.00,0.00,0.00,0.00,7,0.00,150000.00,'2025-05-10 16:46:26','2025-05-10 16:46:26',NULL,NULL),(1115,NULL,1098,'Servicios Personales',1.00,'8',150000.00,150000.00,0.00,0.00,0.00,7,0.00,150000.00,'2025-05-10 16:46:29','2025-05-10 16:46:29',NULL,NULL),(1116,NULL,1099,'Servicios Personales',1.00,'8',150000.00,150000.00,0.00,0.00,0.00,7,0.00,150000.00,'2025-05-10 16:46:31','2025-05-10 16:46:31',NULL,NULL),(1117,NULL,1100,'Servicios Personales',1.00,'8',150000.00,150000.00,0.00,0.00,0.00,7,0.00,150000.00,'2025-05-10 16:46:34','2025-05-10 16:46:34',NULL,NULL),(1118,NULL,1101,'Servicios Personales',1.00,'8',150000.00,150000.00,0.00,0.00,0.00,7,0.00,150000.00,'2025-05-10 16:46:37','2025-05-10 16:46:37',NULL,NULL),(1119,NULL,1102,'Servicios Personales',1.00,'8',150000.00,150000.00,0.00,0.00,0.00,7,0.00,150000.00,'2025-05-10 16:46:39','2025-05-10 16:46:39',NULL,NULL),(1120,NULL,1103,'Servicios Personales',1.00,'8',150000.00,150000.00,0.00,0.00,0.00,7,0.00,150000.00,'2025-05-10 16:46:42','2025-05-10 16:46:42',NULL,NULL),(1121,NULL,1104,'Servicios Personales',1.00,'8',150000.00,150000.00,0.00,0.00,0.00,7,0.00,150000.00,'2025-05-10 16:46:44','2025-05-10 16:46:44',NULL,NULL),(1122,NULL,1105,'Servicios Personales',1.00,'8',150000.00,150000.00,0.00,0.00,0.00,7,0.00,150000.00,'2025-05-10 16:46:47','2025-05-10 16:46:47',NULL,NULL),(1123,NULL,1106,'Servicios Personales',1.00,'8',150000.00,150000.00,0.00,0.00,0.00,7,0.00,150000.00,'2025-05-10 16:46:49','2025-05-10 16:46:49',NULL,NULL),(1124,NULL,1107,'Servicios Personales',1.00,'8',150000.00,150000.00,0.00,0.00,0.00,7,0.00,150000.00,'2025-05-10 16:46:52','2025-05-10 16:46:52',NULL,NULL),(1125,NULL,1108,'Servicios Personales',1.00,'8',150000.00,150000.00,0.00,0.00,0.00,7,0.00,150000.00,'2025-05-10 16:46:54','2025-05-10 16:46:54',NULL,NULL),(1126,NULL,1109,'Servicios Personales',1.00,'8',150000.00,150000.00,0.00,0.00,0.00,7,0.00,150000.00,'2025-05-10 16:46:57','2025-05-10 16:46:57',NULL,NULL),(1127,NULL,1110,'Servicios Personales',1.00,'8',150000.00,150000.00,0.00,0.00,0.00,7,0.00,150000.00,'2025-05-10 16:46:59','2025-05-10 16:46:59',NULL,NULL),(1128,NULL,1111,'Servicios Personales',1.00,'8',150000.00,150000.00,0.00,0.00,0.00,7,0.00,150000.00,'2025-05-10 16:47:02','2025-05-10 16:47:02',NULL,NULL),(1129,NULL,1112,'Servicios Personales',1.00,'8',150000.00,150000.00,0.00,0.00,0.00,7,0.00,150000.00,'2025-05-10 16:47:04','2025-05-10 16:47:04',NULL,NULL);
INSERT INTO `fact_elec_receipt_details` VALUES (1130,NULL,1113,'Servicios Personales',1.00,'8',150000.00,150000.00,0.00,0.00,0.00,7,0.00,150000.00,'2025-05-10 16:47:07','2025-05-10 16:47:07',NULL,NULL),(1131,NULL,1114,'Servicios Personales',1.00,'8',150000.00,150000.00,0.00,0.00,0.00,7,0.00,150000.00,'2025-05-10 16:47:10','2025-05-10 16:47:10',NULL,NULL),(1132,NULL,1115,'Servicios Personales',1.00,'8',150000.00,150000.00,0.00,0.00,0.00,7,0.00,150000.00,'2025-05-10 16:47:12','2025-05-10 16:47:12',NULL,NULL),(1133,NULL,1116,'Servicios Personales',1.00,'8',150000.00,150000.00,0.00,0.00,0.00,7,0.00,150000.00,'2025-05-10 16:47:15','2025-05-10 16:47:15',NULL,NULL),(1134,NULL,1117,'Servicios Personales',1.00,'8',150000.00,150000.00,0.00,0.00,0.00,7,0.00,150000.00,'2025-05-10 16:47:19','2025-05-10 16:47:19',NULL,NULL),(1135,NULL,1118,'Servicios Personales',1.00,'8',150000.00,150000.00,0.00,0.00,0.00,7,0.00,150000.00,'2025-05-10 16:47:22','2025-05-10 16:47:22',NULL,NULL),(1136,NULL,1119,'Servicios Personales',1.00,'8',150000.00,150000.00,0.00,0.00,0.00,7,0.00,150000.00,'2025-05-10 16:47:25','2025-05-10 16:47:25',NULL,NULL),(1137,NULL,1120,'Servicios Personales',1.00,'8',150000.00,150000.00,0.00,0.00,0.00,7,0.00,150000.00,'2025-05-10 16:47:28','2025-05-10 16:47:28',NULL,NULL),(1138,NULL,1121,'Servicios Personales',1.00,'8',150000.00,150000.00,0.00,0.00,0.00,7,0.00,150000.00,'2025-05-10 16:47:31','2025-05-10 16:47:31',NULL,NULL),(1139,NULL,1122,'Servicios Personales',1.00,'8',20000.00,20000.00,0.00,0.00,0.00,7,0.00,20000.00,'2025-05-10 16:47:34','2025-05-10 16:47:34',NULL,NULL),(1140,8704,1123,'Comida',1.00,'8',200000.00,200000.00,0.00,0.00,0.00,7,0.00,200000.00,'2025-05-10 16:53:51','2025-05-10 16:53:51',NULL,NULL),(1141,8704,1124,'Comida',1.00,'8',200000.00,200000.00,0.00,0.00,0.00,7,0.00,200000.00,'2025-05-10 16:53:54','2025-05-10 16:53:54',NULL,NULL),(1142,8704,1125,'Comida',1.00,'8',200000.00,200000.00,0.00,0.00,0.00,7,0.00,200000.00,'2025-05-10 16:53:56','2025-05-10 16:53:56',NULL,NULL),(1143,8704,1126,'Comida',1.00,'8',200000.00,200000.00,0.00,0.00,0.00,7,0.00,200000.00,'2025-05-10 16:53:59','2025-05-10 16:53:59',NULL,NULL),(1144,8704,1127,'Comida',1.00,'8',200000.00,200000.00,0.00,0.00,0.00,7,0.00,200000.00,'2025-05-10 16:54:02','2025-05-10 16:54:02',NULL,NULL),(1145,8704,1128,'Comida',1.00,'8',200000.00,200000.00,0.00,0.00,0.00,7,0.00,200000.00,'2025-05-10 16:54:04','2025-05-10 16:54:04',NULL,NULL),(1146,8704,1129,'Comida',1.00,'8',200000.00,200000.00,0.00,0.00,0.00,7,0.00,200000.00,'2025-05-10 16:54:08','2025-05-10 16:54:08',NULL,NULL),(1147,8704,1130,'Comida',1.00,'8',200000.00,200000.00,0.00,0.00,0.00,7,0.00,200000.00,'2025-05-10 16:54:11','2025-05-10 16:54:11',NULL,NULL),(1148,8704,1131,'Comida',1.00,'8',200000.00,200000.00,0.00,0.00,0.00,7,0.00,200000.00,'2025-05-10 16:54:14','2025-05-10 16:54:14',NULL,NULL),(1149,8704,1132,'Comida',1.00,'8',200000.00,200000.00,0.00,0.00,0.00,7,0.00,200000.00,'2025-05-10 16:54:17','2025-05-10 16:54:17',NULL,NULL),(1150,8704,1133,'Comida',1.00,'8',200000.00,200000.00,0.00,0.00,0.00,7,0.00,200000.00,'2025-05-10 16:56:41','2025-05-10 16:56:41',NULL,NULL),(1151,8704,1134,'Comida',1.00,'8',200000.00,200000.00,0.00,0.00,0.00,7,0.00,200000.00,'2025-05-10 16:56:43','2025-05-10 16:56:43',NULL,NULL),(1152,8704,1135,'Comida',1.00,'8',200000.00,200000.00,0.00,0.00,0.00,7,0.00,200000.00,'2025-05-10 16:56:47','2025-05-10 16:56:47',NULL,NULL),(1153,8704,1136,'Comida',1.00,'8',200000.00,200000.00,0.00,0.00,0.00,7,0.00,200000.00,'2025-05-10 16:56:50','2025-05-10 16:56:50',NULL,NULL),(1154,8704,1137,'Servicios Personales',1.00,'8',150000.00,150000.00,0.00,0.00,0.00,7,0.00,150000.00,'2025-05-10 17:00:09','2025-05-10 17:00:09',NULL,NULL),(1155,8704,1138,'Servicios Personales',1.00,'8',150000.00,150000.00,0.00,0.00,0.00,7,0.00,150000.00,'2025-05-10 17:00:12','2025-05-10 17:00:12',NULL,NULL),(1156,8704,1139,'Servicios Personales',1.00,'8',150000.00,150000.00,0.00,0.00,0.00,7,0.00,150000.00,'2025-05-10 17:00:15','2025-05-10 17:00:15',NULL,NULL);
INSERT INTO `fact_elec_receipt_details` VALUES (1157,8704,1140,'Servicios Personales',1.00,'8',150000.00,150000.00,0.00,0.00,0.00,7,0.00,150000.00,'2025-05-10 17:00:19','2025-05-10 17:00:19',NULL,NULL),(1158,8704,1141,'Servicios Personales',1.00,'8',150000.00,150000.00,0.00,0.00,0.00,7,0.00,150000.00,'2025-05-10 17:00:22','2025-05-10 17:00:22',NULL,NULL),(1159,8704,1142,'Servicios Personales',1.00,'8',150000.00,150000.00,0.00,0.00,0.00,7,0.00,150000.00,'2025-05-10 17:00:26','2025-05-10 17:00:26',NULL,NULL),(1160,8704,1143,'Servicios Personales',1.00,'8',150000.00,150000.00,0.00,0.00,0.00,7,0.00,150000.00,'2025-05-10 17:00:29','2025-05-10 17:00:29',NULL,NULL),(1161,8704,1144,'Servicios Personales',1.00,'8',150000.00,150000.00,0.00,0.00,0.00,7,0.00,150000.00,'2025-05-10 17:00:32','2025-05-10 17:00:32',NULL,NULL),(1162,8704,1145,'Servicios Personales',1.00,'8',150000.00,150000.00,0.00,0.00,0.00,7,0.00,150000.00,'2025-05-10 17:00:36','2025-05-10 17:00:36',NULL,NULL),(1163,8704,1146,'Servicios Personales',1.00,'8',150000.00,150000.00,0.00,0.00,0.00,7,0.00,150000.00,'2025-05-10 17:00:38','2025-05-10 17:00:38',NULL,NULL),(1164,8704,1147,'Servicios Personales',1.00,'8',150000.00,150000.00,0.00,0.00,0.00,7,0.00,150000.00,'2025-05-10 17:02:11','2025-05-10 17:02:11',NULL,NULL),(1165,8704,1148,'Servicios Personales',1.00,'8',150000.00,150000.00,0.00,0.00,0.00,7,0.00,150000.00,'2025-05-10 17:02:14','2025-05-10 17:02:14',NULL,NULL),(1166,8704,1149,'Servicios Personales',1.00,'8',150000.00,150000.00,0.00,0.00,0.00,7,0.00,150000.00,'2025-05-10 17:02:17','2025-05-10 17:02:17',NULL,NULL),(1167,8704,1150,'Servicios Personales',1.00,'8',150000.00,150000.00,0.00,0.00,0.00,7,0.00,150000.00,'2025-05-10 17:02:19','2025-05-10 17:02:19',NULL,NULL),(1168,8704,1151,'Servicios Personales',1.00,'8',150000.00,150000.00,0.00,0.00,0.00,7,0.00,150000.00,'2025-05-10 17:02:22','2025-05-10 17:02:22',NULL,NULL),(1169,8704,1152,'Servicios Personales',1.00,'8',150000.00,150000.00,0.00,0.00,0.00,7,0.00,150000.00,'2025-05-10 17:02:24','2025-05-10 17:02:24',NULL,NULL),(1170,8704,1153,'Servicios Personales',1.00,'8',150000.00,150000.00,0.00,0.00,0.00,7,0.00,150000.00,'2025-05-10 17:02:27','2025-05-10 17:02:27',NULL,NULL),(1171,8704,1154,'Servicios Personales',1.00,'8',150000.00,150000.00,0.00,0.00,0.00,7,0.00,150000.00,'2025-05-10 17:02:29','2025-05-10 17:02:29',NULL,NULL),(1172,8704,1155,'Servicios Personales',1.00,'8',70000.00,70000.00,0.00,0.00,0.00,7,0.00,70000.00,'2025-05-10 17:02:32','2025-05-10 17:02:32',NULL,NULL),(1173,8704,1156,'Honorarios Mayo',1.00,'8',80000.00,80000.00,0.00,0.00,0.00,7,0.00,80000.00,'2025-05-12 12:52:19','2025-05-12 12:52:19','',NULL),(1174,11436,1157,'Motorola G24 Power 8GB/256GB Azul',1.00,'8',249000.00,249000.00,0.00,0.00,0.00,7,0.00,249000.00,'2025-05-12 19:10:03','2025-05-12 19:10:03','',NULL),(1175,11436,1158,'Motorola G24 Power 8GB/256GB Azul',1.00,'8',249000.00,249000.00,0.00,0.00,0.00,7,0.00,249000.00,'2025-05-14 13:21:31','2025-05-14 13:21:31','',NULL),(1176,8704,1159,'Indumentaria',1.00,'8',467107.44,467107.44,0.00,0.00,0.00,2,98092.56,565200.00,'2025-05-17 12:04:20','2025-05-17 12:04:20','',NULL),(1177,8704,1160,'Indumentaria',1.00,'8',155751.24,155751.24,0.00,0.00,0.00,2,32707.76,188459.00,'2025-05-17 12:06:28','2025-05-17 12:06:28','',NULL),(1178,11436,1161,'Motorola G24 Power 8GB/256gb Azul',2.00,'8',299900.00,599800.00,0.00,0.00,0.00,7,0.00,599800.00,'2025-05-21 17:15:20','2025-05-21 17:15:20','',NULL),(1179,11436,1162,'Motorola G24 Power 8gb/256gb Azul',1.00,'8',299900.00,299900.00,0.00,0.00,0.00,7,0.00,299900.00,'2025-05-21 17:38:18','2025-05-21 17:38:18','',NULL),(1180,11436,1163,'Motorola G24 Power 8gb/256gb Azul',1.00,'8',299900.00,299900.00,0.00,0.00,0.00,7,0.00,299900.00,'2025-05-21 17:42:41','2025-05-21 17:42:41','',NULL),(1181,11436,1164,'Motorola G24 Power 8gb/256gb Azul',1.00,'8',299900.00,299900.00,0.00,0.00,0.00,7,0.00,299900.00,'2025-05-21 17:48:12','2025-05-21 17:48:12','',NULL);
INSERT INTO `fact_elec_receipt_details` VALUES (1182,11436,1165,'Redmi Note 13 8gb/256gb Azul',1.00,'8',364900.00,364900.00,0.00,0.00,0.00,7,0.00,364900.00,'2025-05-21 18:10:33','2025-05-21 18:10:33','',NULL),(1183,11436,1166,'Redmi Note 14 8gb/256gb Negro',1.00,'8',369900.00,369900.00,0.00,0.00,0.00,7,0.00,369900.00,'2025-05-21 18:16:52','2025-05-21 18:16:52','',NULL),(1184,11436,1167,'Motorola G24 Power 8gb/256gb Azul',1.00,'8',299900.00,299900.00,0.00,0.00,0.00,7,0.00,299900.00,'2025-05-23 19:55:10','2025-05-23 19:55:10','',NULL),(1185,11436,1168,'Redmi Note 13 8gb/256gb Azul',1.00,'8',364900.00,364900.00,0.00,0.00,0.00,7,0.00,364900.00,'2025-05-23 19:58:24','2025-05-23 19:58:24','',NULL),(1186,8704,1169,'Indumentaria',1.00,'8',296280.99,296280.99,0.00,0.00,0.00,2,62219.01,358500.00,'2025-05-27 18:55:12','2025-05-27 18:55:12','',NULL),(1187,8704,1170,'Indumentaria',1.00,'8',292561.98,292561.98,0.00,0.00,0.00,2,61438.02,354000.00,'2025-05-28 16:19:16','2025-05-28 16:19:16','',NULL),(1188,8704,1171,'Indumentaria',1.00,'8',715000.00,715000.00,0.00,0.00,0.00,2,150150.00,865150.00,'2025-05-29 17:34:48','2025-05-29 17:34:48','',NULL),(1189,11436,1172,'Redmi Note 13 8gb/256gb Azul',1.00,'8',364900.00,364900.00,0.00,0.00,0.00,7,0.00,364900.00,'2025-06-01 14:14:57','2025-06-01 14:14:57','',NULL),(1190,8704,1173,'Servicios Empresariales',1.00,'8',150000.00,150000.00,0.00,0.00,0.00,7,0.00,150000.00,'2025-06-02 16:52:02','2025-06-02 16:52:02',NULL,NULL),(1191,8704,1174,'Servicios Empresariales',1.00,'8',150000.00,150000.00,0.00,0.00,0.00,7,0.00,150000.00,'2025-06-02 16:52:05','2025-06-02 16:52:05',NULL,NULL),(1192,8704,1175,'Servicios Empresariales',1.00,'8',150000.00,150000.00,0.00,0.00,0.00,7,0.00,150000.00,'2025-06-02 16:52:08','2025-06-02 16:52:08',NULL,NULL),(1193,8704,1176,'Servicios Empresariales',1.00,'8',150000.00,150000.00,0.00,0.00,0.00,7,0.00,150000.00,'2025-06-02 16:52:10','2025-06-02 16:52:10',NULL,NULL),(1194,8704,1177,'Servicios Empresariales',1.00,'8',150000.00,150000.00,0.00,0.00,0.00,7,0.00,150000.00,'2025-06-02 16:52:13','2025-06-02 16:52:13',NULL,NULL),(1195,8704,1178,'Servicios Empresariales',1.00,'8',150000.00,150000.00,0.00,0.00,0.00,7,0.00,150000.00,'2025-06-02 16:52:15','2025-06-02 16:52:15',NULL,NULL),(1196,8704,1179,'Servicios Empresariales',1.00,'8',150000.00,150000.00,0.00,0.00,0.00,7,0.00,150000.00,'2025-06-02 16:52:18','2025-06-02 16:52:18',NULL,NULL),(1197,8704,1180,'Servicios Empresariales',1.00,'8',150000.00,150000.00,0.00,0.00,0.00,7,0.00,150000.00,'2025-06-02 16:52:20','2025-06-02 16:52:20',NULL,NULL),(1198,8704,1181,'Servicios Empresariales',1.00,'8',150000.00,150000.00,0.00,0.00,0.00,7,0.00,150000.00,'2025-06-02 16:52:22','2025-06-02 16:52:22',NULL,NULL),(1199,8704,1182,'Servicios Empresariales',1.00,'8',150000.00,150000.00,0.00,0.00,0.00,7,0.00,150000.00,'2025-06-02 16:52:25','2025-06-02 16:52:25',NULL,NULL),(1200,8704,1183,'Honorarios Junio',1.00,'8',80000.00,80000.00,0.00,0.00,0.00,7,0.00,80000.00,'2025-06-02 17:01:02','2025-06-02 17:01:02','',NULL),(1201,8704,1183,'Declaracion Jurada Ganancias 2024',1.00,'8',80000.00,80000.00,0.00,0.00,0.00,7,0.00,80000.00,'2025-06-02 17:01:02','2025-06-02 17:01:02','',NULL),(1202,8704,1184,'Honorarios Junio',1.00,'8',60000.00,60000.00,0.00,0.00,0.00,7,0.00,60000.00,'2025-06-02 18:23:48','2025-06-02 18:23:48','',NULL),(1203,8704,1185,'Honorarios Junio',1.00,'8',100000.00,100000.00,0.00,0.00,0.00,7,0.00,100000.00,'2025-06-02 18:39:13','2025-06-02 18:39:13','',NULL),(1204,8704,1186,'Honorarios Junio',1.00,'8',80000.00,80000.00,0.00,0.00,0.00,7,0.00,80000.00,'2025-06-02 18:40:07','2025-06-02 18:40:07','',NULL),(1205,8704,1187,'Honorarios Junio',1.00,'8',50000.00,50000.00,0.00,0.00,0.00,7,0.00,50000.00,'2025-06-02 18:44:32','2025-06-02 18:44:32','',NULL),(1206,8704,1188,'Honorarios Junio',1.00,'8',100000.00,100000.00,0.00,0.00,0.00,7,0.00,100000.00,'2025-06-02 18:48:26','2025-06-02 18:48:26','',NULL);
INSERT INTO `fact_elec_receipt_details` VALUES (1207,8704,1189,'Honorarios Junio',1.00,'8',200000.00,200000.00,0.00,0.00,0.00,7,0.00,200000.00,'2025-06-02 18:51:45','2025-06-02 18:51:45','',NULL),(1208,11436,1190,'Redmi Note 13 8GB/256GB Negro',1.00,'8',361900.00,361900.00,0.00,0.00,0.00,7,0.00,361900.00,'2025-06-02 19:13:25','2025-06-02 19:13:25','',NULL),(1209,11436,1191,'Redmi Note 13 8GB/256GB Azul',1.00,'8',361900.00,361900.00,0.00,0.00,0.00,7,0.00,361900.00,'2025-06-02 19:17:03','2025-06-02 19:17:03','',NULL),(1210,11436,1192,'Redmi Note 13 8GB/256GB Negro',1.00,'8',361900.00,361900.00,0.00,0.00,0.00,7,0.00,361900.00,'2025-06-02 19:20:26','2025-06-02 19:20:26','',NULL),(1211,11436,1193,'Redmi Note 13 8GB/256GB Azul',1.00,'8',361900.00,361900.00,0.00,0.00,0.00,7,0.00,361900.00,'2025-06-02 19:23:42','2025-06-02 19:23:42','',NULL),(1212,11436,1194,'Redmi Note 13 8GB/256GB Negro',1.00,'8',361900.00,361900.00,0.00,0.00,0.00,7,0.00,361900.00,'2025-06-02 19:28:24','2025-06-02 19:28:24','',NULL),(1213,11436,1195,' Redmi Note 13 8GB/256GB Negro',1.00,'8',361900.00,361900.00,0.00,0.00,0.00,7,0.00,361900.00,'2025-06-02 19:30:45','2025-06-02 19:30:45','',NULL),(1214,11436,1196,'Redmi Note 13 8GB/256GB Azul',1.00,'8',361900.00,361900.00,0.00,0.00,0.00,7,0.00,361900.00,'2025-06-02 19:34:34','2025-06-02 19:34:34','',NULL),(1215,8704,1197,'Indumentaria',1.00,'8',3719008.27,3719008.27,0.00,0.00,0.00,2,780991.74,4500000.01,'2025-06-03 00:38:37','2025-06-03 00:38:37','',NULL),(1216,8704,1198,'Indumentaria',1.00,'8',4000000.00,4000000.00,0.00,0.00,0.00,2,840000.00,4840000.00,'2025-06-03 00:40:46','2025-06-03 00:40:46','',NULL),(1217,8704,1199,'Indumentaria',1.00,'8',1000000.00,1000000.00,0.00,0.00,0.00,2,210000.00,1210000.00,'2025-06-03 00:42:32','2025-06-03 00:42:32','',NULL),(1218,8704,1200,'Polera termica',50.00,'8',17000.00,850000.00,0.00,0.00,0.00,2,178500.00,1028500.00,'2025-06-03 00:57:32','2025-06-03 00:57:32','',NULL),(1219,8704,1200,'Camiseta termica',40.00,'8',15000.00,600000.00,0.00,0.00,0.00,2,126000.00,726000.00,'2025-06-03 00:57:32','2025-06-03 00:57:32','',NULL),(1220,8704,1200,'Medias termicas',350.00,'8',3000.00,1050000.00,0.00,0.00,0.00,2,220500.00,1270500.00,'2025-06-03 00:57:32','2025-06-03 00:57:32','',NULL),(1221,8704,1201,'Pantys termicos',15.00,'8',60000.00,900000.00,0.00,0.00,0.00,2,189000.00,1089000.00,'2025-06-03 01:04:08','2025-06-03 01:04:08','',NULL),(1222,8704,1201,'Short faja',10.00,'8',40000.00,400000.00,0.00,0.00,0.00,2,84000.00,484000.00,'2025-06-03 01:04:08','2025-06-03 01:04:08','',NULL),(1223,8704,1201,'Top deportivo',20.00,'8',30000.00,600000.00,0.00,0.00,0.00,2,126000.00,726000.00,'2025-06-03 01:04:08','2025-06-03 01:04:08','',NULL),(1224,8704,1202,'Corpiño moda',30.00,'8',30000.00,900000.00,0.00,0.00,0.00,2,189000.00,1089000.00,'2025-06-03 01:12:11','2025-06-03 01:12:11','',NULL),(1225,8704,1202,'Conjunto con less',20.00,'8',40000.00,800000.00,0.00,0.00,0.00,2,168000.00,968000.00,'2025-06-03 01:12:11','2025-06-03 01:12:11','',NULL),(1226,8704,1202,'Top tira ancha',16.00,'8',25000.00,400000.00,0.00,0.00,0.00,2,84000.00,484000.00,'2025-06-03 01:12:11','2025-06-03 01:12:11','',NULL),(1227,8704,1203,'Indumentaria',1.00,'8',269500.00,269500.00,0.00,0.00,0.00,7,0.00,269500.00,'2025-06-04 13:17:16','2025-06-04 13:17:16','',NULL),(1228,11436,1204,'Redmi Note 13 8GB/256GB Negro',1.00,'8',361900.00,361900.00,0.00,0.00,0.00,7,0.00,361900.00,'2025-06-04 13:22:19','2025-06-04 13:22:19','',NULL),(1229,8704,1205,'Indumetaria',1.00,'8',1487603.31,1487603.31,0.00,0.00,0.00,2,312396.70,1800000.01,'2025-06-04 13:22:46','2025-06-04 13:22:46','',NULL),(1230,11436,1206,'Moto G24 Power 8GB/256GB Azul',1.00,'8',299900.00,299900.00,0.00,0.00,0.00,7,0.00,299900.00,'2025-06-04 13:27:58','2025-06-04 13:27:58','',NULL),(1231,11436,1207,'Redmi Note 13 8GB/256GB Azul',1.00,'8',361900.00,361900.00,0.00,0.00,0.00,7,0.00,361900.00,'2025-06-04 13:35:06','2025-06-04 13:35:06','',NULL);
INSERT INTO `fact_elec_receipt_details` VALUES (1232,11436,1208,'Redmi Note 13 8GB/256GB Negro',1.00,'8',361900.00,361900.00,0.00,0.00,0.00,7,0.00,361900.00,'2025-06-04 13:37:45','2025-06-04 13:37:45','',NULL),(1233,11436,1209,'Redmi Note 13 8GB/256GB Azul',1.00,'8',361900.00,361900.00,0.00,0.00,0.00,7,0.00,361900.00,'2025-06-04 13:52:12','2025-06-04 13:52:12','',NULL),(1234,11436,1210,'Redmi Note 13 8GB/256GB Negro',1.00,'8',361900.00,361900.00,0.00,0.00,0.00,7,0.00,361900.00,'2025-06-04 13:54:38','2025-06-04 13:54:38','',NULL),(1235,11436,1211,'Redmi Note 14 8GB/256GB Negro ',1.00,'8',369900.00,369900.00,0.00,0.00,0.00,7,0.00,369900.00,'2025-06-04 13:56:41','2025-06-04 13:56:41','',NULL),(1236,11436,1212,'Redmi Note 13 8GB/256GB Negro',1.00,'8',361900.00,361900.00,0.00,0.00,0.00,7,0.00,361900.00,'2025-06-04 13:58:30','2025-06-04 13:58:30','',NULL),(1237,11436,1213,'Redmi Note 13 8GB/256GB Negro',1.00,'8',361900.00,361900.00,0.00,0.00,0.00,7,0.00,361900.00,'2025-06-04 14:00:29','2025-06-04 14:00:29','',NULL),(1238,11436,1214,'Redmi Note 13 8GB/256GB Negro',1.00,'8',361900.00,361900.00,0.00,0.00,0.00,7,0.00,361900.00,'2025-06-04 14:02:27','2025-06-04 14:02:27','',NULL),(1239,8704,1215,'Indumentaria',1.00,'8',763801.65,763801.65,0.00,0.00,0.00,2,160398.35,924200.00,'2025-06-05 13:35:41','2025-06-05 13:35:41','',NULL),(1240,8704,1216,'Anulacion Factura 0002 - 00000006',1.00,'8',763801.65,763801.65,0.00,0.00,0.00,2,160398.35,924200.00,'2025-06-05 15:43:22','2025-06-05 15:43:22','',NULL),(1241,11436,1217,'Redmi Note 13 8GB/256GB Azul',1.00,'8',361900.00,361900.00,0.00,0.00,0.00,7,0.00,361900.00,'2025-06-05 18:38:23','2025-06-05 18:38:23','',NULL),(1242,11436,1218,'Redmi Note 13 8GB/256GB Negro',1.00,'8',361900.00,361900.00,0.00,0.00,0.00,7,0.00,361900.00,'2025-06-05 18:40:19','2025-06-05 18:40:19','',NULL),(1243,11436,1219,'Redmi Note 13 8GB/256GB Negro',1.00,'8',361900.00,361900.00,0.00,0.00,0.00,7,0.00,361900.00,'2025-06-05 18:42:20','2025-06-05 18:42:20','',NULL),(1244,11436,1220,'Redmi Note 13 8GB/256GB Azul ',1.00,'8',361900.00,361900.00,0.00,0.00,0.00,7,0.00,361900.00,'2025-06-05 18:44:12','2025-06-05 18:44:12','',NULL),(1245,11436,1221,'Redmi Note 13  8GB/256GB Negro',1.00,'8',361900.00,361900.00,0.00,0.00,0.00,7,0.00,361900.00,'2025-06-05 18:46:21','2025-06-05 18:46:21','',NULL),(1246,11436,1222,'Redmi Note 13 8GB/256GB Azul',1.00,'8',361900.00,361900.00,0.00,0.00,0.00,7,0.00,361900.00,'2025-06-08 13:36:05','2025-06-08 13:36:05','',NULL),(1247,11436,1223,'Redmi Note 13 8GB/256GB Azul',1.00,'8',361900.00,361900.00,0.00,0.00,0.00,7,0.00,361900.00,'2025-06-08 13:38:28','2025-06-08 13:38:28','',NULL),(1248,11436,1224,'Redmi Note 13 8GB/256GB Negro',1.00,'8',361900.00,361900.00,0.00,0.00,0.00,7,0.00,361900.00,'2025-06-08 13:41:56','2025-06-08 13:41:56','',NULL),(1249,11436,1225,'Redmi Note 13  8GB/256GB Negro',1.00,'8',361900.00,361900.00,0.00,0.00,0.00,7,0.00,361900.00,'2025-06-08 13:44:52','2025-06-08 13:44:52','',NULL),(1250,11436,1226,'Redmi Note 13 8GB/256GB Azul',1.00,'8',361900.00,361900.00,0.00,0.00,0.00,7,0.00,361900.00,'2025-06-08 13:48:04','2025-06-08 13:48:04','',NULL),(1251,11436,1227,'Redmi Note 13 8GB/256GB Negro',1.00,'8',361900.00,361900.00,0.00,0.00,0.00,7,0.00,361900.00,'2025-06-08 13:50:11','2025-06-08 13:50:11','',NULL),(1252,11436,1228,'Redmi Note 13 8GB/256GB Negro',1.00,'8',361900.00,361900.00,0.00,0.00,0.00,7,0.00,361900.00,'2025-06-08 13:52:07','2025-06-08 13:52:07','',NULL),(1253,11436,1229,'Redmi Note 13 8GB/256GB Negro',1.00,'8',361900.00,361900.00,0.00,0.00,0.00,7,0.00,361900.00,'2025-06-08 13:54:33','2025-06-08 13:54:33','',NULL),(1254,11436,1230,'Redmi Note 13 8GB/256GB Negro',1.00,'8',361900.00,361900.00,0.00,0.00,0.00,7,0.00,361900.00,'2025-06-09 14:39:33','2025-06-09 14:39:33','',NULL),(1255,11436,1231,'Redmi Note 13 8GB/256GB Negro',1.00,'8',361900.00,361900.00,0.00,0.00,0.00,7,0.00,361900.00,'2025-06-09 14:41:37','2025-06-09 14:41:37','',NULL);
INSERT INTO `fact_elec_receipt_details` VALUES (1256,11436,1232,'Redmi Note 13  8GB/256GB Negro',1.00,'8',361900.00,361900.00,0.00,0.00,0.00,7,0.00,361900.00,'2025-06-09 14:44:03','2025-06-09 14:44:03','',NULL),(1257,11436,1233,'Redmi Note 13  8GB/256GB Negro',1.00,'8',361900.00,361900.00,0.00,0.00,0.00,7,0.00,361900.00,'2025-06-09 14:45:57','2025-06-09 14:45:57','',NULL),(1258,11436,1234,' Redmi Note 13  8GB/256GB Negro',1.00,'8',361900.00,361900.00,0.00,0.00,0.00,7,0.00,361900.00,'2025-06-09 14:47:34','2025-06-09 14:47:34','',NULL),(1259,11436,1235,'Redmi Note 13 8GB/256GB Negro',1.00,'8',361900.00,361900.00,0.00,0.00,0.00,7,0.00,361900.00,'2025-06-09 14:50:09','2025-06-09 14:50:09','',NULL),(1260,11436,1236,'Redmi Note 13 8GB/256GB Negro ',1.00,'8',354900.00,354900.00,0.00,0.00,0.00,7,0.00,354900.00,'2025-06-09 14:52:39','2025-06-09 14:52:39','',NULL),(1261,11436,1237,'Redmi Note 13 8GB/256GB Negro',1.00,'8',361900.00,361900.00,0.00,0.00,0.00,7,0.00,361900.00,'2025-06-09 14:54:59','2025-06-09 14:54:59','',NULL),(1262,8704,1238,'Indumentaria de trabajo',1.00,'8',1501500.00,1501500.00,0.00,0.00,0.00,2,315315.00,1816815.00,'2025-06-09 19:33:55','2025-06-09 19:33:55','',NULL),(1263,8704,1239,'Indumentaria de trabajo / Uniformes',1.00,'8',4998500.00,4998500.00,0.00,0.00,0.00,2,1049685.00,6048185.00,'2025-06-09 19:36:33','2025-06-09 19:36:33','',NULL),(1264,11436,1240,' Redmi Note 13 8GB/256GB Negro',1.00,'8',399900.00,399900.00,0.00,0.00,0.00,7,0.00,399900.00,'2025-06-16 16:19:48','2025-06-16 16:19:48','',NULL),(1265,11436,1241,'Redmi Note 13 8GB/256GB Negro ',1.00,'8',399900.00,399900.00,0.00,0.00,0.00,7,0.00,399900.00,'2025-06-16 16:21:47','2025-06-16 16:21:47','',NULL),(1266,11436,1242,'Redmi Note 13 8GB/256GB Negro',1.00,'8',399900.00,399900.00,0.00,0.00,0.00,7,0.00,399900.00,'2025-06-17 16:50:32','2025-06-17 16:50:32','',NULL),(1267,11436,1243,'Redmi Note 13 8GB/256GB Negro',1.00,'8',399900.00,399900.00,0.00,0.00,0.00,7,0.00,399900.00,'2025-06-17 16:52:43','2025-06-17 16:52:43','',NULL),(1268,8704,1244,'Indumentaria',1.00,'8',106864.46,106864.46,0.00,0.00,0.00,2,22441.54,129306.00,'2025-06-23 12:01:50','2025-06-23 12:01:50','',NULL),(1269,11436,1245,'Samsung Galaxy A16 256GB/8GB Negro',1.00,'8',369900.00,369900.00,0.00,0.00,0.00,7,0.00,369900.00,'2025-06-23 13:49:54','2025-06-23 13:49:54','',NULL),(1270,11436,1246,'Moto G84 5G 8GB/256GB Negro ',1.00,'8',353600.00,353600.00,0.00,0.00,0.00,7,0.00,353600.00,'2025-06-23 13:53:32','2025-06-23 13:53:32','',NULL),(1271,11436,1247,'Moto G84 5G 8GB/256GB Negro',1.00,'8',355900.00,355900.00,0.00,0.00,0.00,7,0.00,355900.00,'2025-06-23 13:56:25','2025-06-23 13:56:25','',NULL),(1272,8704,1248,'Prueba',1.00,'8',1.00,1.00,0.00,0.00,0.00,2,0.21,1.21,'2025-06-24 20:52:20','2025-06-24 20:52:20','',NULL),(1273,8704,1249,'Movil 12 y movil 9',1.00,'8',1300000.00,1300000.00,0.00,0.00,0.00,2,273000.00,1573000.00,'2025-06-25 15:13:58','2025-06-25 15:13:58','',NULL),(1274,11680,1250,'Reparación y remplazo de embrague ,tren delantero y rulemanes',1.00,'8',600000.00,600000.00,0.00,0.00,0.00,2,126000.00,726000.00,'2025-06-27 12:35:08','2025-06-27 12:35:08','',NULL),(1275,11436,1251,'Samsung Galaxy A16 8GB/256GB Negro',1.00,'8',369900.00,369900.00,0.00,0.00,0.00,7,0.00,369900.00,'2025-06-29 15:04:01','2025-06-29 15:04:01','',NULL),(1276,11436,1252,'Samsung Galaxy A16 8GB/256GB Negro',1.00,'8',369900.00,369900.00,0.00,0.00,0.00,7,0.00,369900.00,'2025-06-29 15:06:52','2025-06-29 15:06:52','',NULL),(1277,8704,1253,'Indumentaria',1.00,'8',95046.28,95046.28,0.00,0.00,0.00,2,19959.72,115006.00,'2025-07-01 10:52:29','2025-07-01 10:52:29','',NULL),(1278,11658,1254,'servicios junio',1.00,'8',1645333.00,1645333.00,0.00,0.00,0.00,7,0.00,1645333.00,'2025-07-01 10:58:48','2025-07-01 10:58:48','',NULL),(1279,8704,1255,'Honorarios mes de Julio',1.00,'8',80000.00,80000.00,0.00,0.00,0.00,7,0.00,80000.00,'2025-07-01 14:19:10','2025-07-01 14:19:10','',NULL);
INSERT INTO `fact_elec_receipt_details` VALUES (1280,8704,1255,'Honorarios mes de Julio',1.00,'8',100000.00,100000.00,0.00,0.00,0.00,7,0.00,100000.00,'2025-07-01 14:19:10','2025-07-01 14:19:10','',NULL),(1281,8704,1256,'Honorarios mes de Julio',1.00,'8',80000.00,80000.00,0.00,0.00,0.00,7,0.00,80000.00,'2025-07-01 14:28:17','2025-07-01 14:28:17','',NULL),(1282,8704,1257,'Honorarios mes de Julio',1.00,'8',100000.00,100000.00,0.00,0.00,0.00,7,0.00,100000.00,'2025-07-01 14:30:11','2025-07-01 14:30:11','',NULL),(1283,8704,1258,'Honorarios mes de Julio',1.00,'8',60000.00,60000.00,0.00,0.00,0.00,7,0.00,60000.00,'2025-07-01 14:33:38','2025-07-01 14:33:38','',NULL),(1284,8704,1259,'Honorarios mes de Julio',1.00,'8',60000.00,60000.00,0.00,0.00,0.00,7,0.00,60000.00,'2025-07-01 14:35:12','2025-07-01 14:35:12','',NULL),(1285,8704,1260,'Honorarios mes de Julio',1.00,'8',50000.00,50000.00,0.00,0.00,0.00,7,0.00,50000.00,'2025-07-01 14:40:13','2025-07-01 14:40:13','',NULL),(1286,8704,1261,'Honorarios mes de Julio',1.00,'8',100000.00,100000.00,0.00,0.00,0.00,7,0.00,100000.00,'2025-07-01 14:42:31','2025-07-01 14:42:31','',NULL),(1287,8704,1262,'Honorarios mes de Julio',1.00,'8',40000.00,40000.00,0.00,0.00,0.00,7,0.00,40000.00,'2025-07-01 14:43:23','2025-07-01 14:43:23','',NULL),(1288,8704,1263,'Honorarios mes de Julio',1.00,'8',150000.00,150000.00,0.00,0.00,0.00,7,0.00,150000.00,'2025-07-01 14:44:51','2025-07-01 14:44:51','',NULL),(1289,11436,1264,'Moto G84 5g 8GB/256GB Negro',1.00,'8',399900.00,399900.00,0.00,0.00,0.00,7,0.00,399900.00,'2025-07-01 15:29:34','2025-07-01 15:29:34','',NULL),(1290,11436,1265,'Moto G84 5g 8GB/256GB Negro',1.00,'8',399900.00,399900.00,0.00,0.00,0.00,7,0.00,399900.00,'2025-07-01 15:32:47','2025-07-01 15:32:47','',NULL),(1291,11436,1266,'Moto G84 5g 8GB/256GB Negro',1.00,'8',399900.00,399900.00,0.00,0.00,0.00,7,0.00,399900.00,'2025-07-01 15:35:31','2025-07-01 15:35:31','',NULL),(1292,11436,1267,'Moto G84 5g 8GB/256GB Negro',1.00,'8',399900.00,399900.00,0.00,0.00,0.00,7,0.00,399900.00,'2025-07-01 15:37:50','2025-07-01 15:37:50','',NULL),(1293,11436,1268,'Moto G84 5g 8GB/256GB Negro',1.00,'8',349900.00,349900.00,0.00,0.00,0.00,7,0.00,349900.00,'2025-07-01 15:39:57','2025-07-01 15:39:57','',NULL),(1294,11436,1269,'Moto G84 5g 8GB/256GB Negro',1.00,'8',404900.00,404900.00,0.00,0.00,0.00,7,0.00,404900.00,'2025-07-01 15:41:59','2025-07-01 15:41:59','',NULL),(1295,8704,1270,'Honorarios mes de Julio',1.00,'8',40000.00,40000.00,0.00,0.00,0.00,7,0.00,40000.00,'2025-07-01 16:05:56','2025-07-01 16:05:56','',NULL),(1296,8704,1271,'Indumentaria',1.00,'8',826446.28,826446.28,0.00,0.00,0.00,2,173553.72,1000000.00,'2025-07-02 14:00:34','2025-07-02 14:00:34','',NULL),(1297,8704,1272,'Indumentaria',1.00,'8',3524256.20,3524256.20,0.00,0.00,0.00,2,740093.80,4264350.00,'2025-07-02 14:02:42','2025-07-02 14:02:42','',NULL),(1298,8704,1273,'Uniformes de trabajo',1.00,'8',3000000.00,3000000.00,0.00,0.00,0.00,2,630000.00,3630000.00,'2025-07-02 14:06:35','2025-07-02 14:06:35','',NULL),(1299,8704,1274,'Indumentaria',1.00,'8',413223.14,413223.14,0.00,0.00,0.00,2,86776.86,500000.00,'2025-07-02 14:17:45','2025-07-02 14:17:45','',NULL),(1300,8704,1275,'Indumentaria',1.00,'8',4315000.00,4315000.00,0.00,0.00,0.00,2,906150.00,5221150.00,'2025-07-02 14:29:09','2025-07-02 14:29:09','',NULL),(1301,8704,1276,'Corpiño moda',25.00,'8',60000.00,1500000.00,0.00,0.00,0.00,2,315000.00,1815000.00,'2025-07-02 17:10:30','2025-07-02 17:10:30','',NULL),(1302,8704,1276,'Conjunto con less',35.00,'8',40000.00,1400000.00,0.00,0.00,0.00,2,294000.00,1694000.00,'2025-07-02 17:10:30','2025-07-02 17:10:30','',NULL),(1303,8704,1276,'Top tira ancha ',20.00,'8',25000.00,500000.00,0.00,0.00,0.00,2,105000.00,605000.00,'2025-07-02 17:10:30','2025-07-02 17:10:30','',NULL),(1304,8704,1277,'Pantys termicos',10.00,'8',60000.00,600000.00,0.00,0.00,0.00,2,126000.00,726000.00,'2025-07-02 17:13:38','2025-07-02 17:13:38','',NULL);
INSERT INTO `fact_elec_receipt_details` VALUES (1305,8704,1277,'Short faja',10.00,'8',40000.00,400000.00,0.00,0.00,0.00,2,84000.00,484000.00,'2025-07-02 17:13:38','2025-07-02 17:13:38','',NULL),(1306,8704,1277,'Top deportivo',35.00,'8',30000.00,1050000.00,0.00,0.00,0.00,2,220500.00,1270500.00,'2025-07-02 17:13:38','2025-07-02 17:13:38','',NULL),(1307,8704,1278,'Medias termicas',350.00,'8',3000.00,1050000.00,0.00,0.00,0.00,2,220500.00,1270500.00,'2025-07-02 17:16:33','2025-07-02 17:16:33','',NULL),(1308,8704,1278,'Camiseta termica',110.00,'8',10000.00,1100000.00,0.00,0.00,0.00,2,231000.00,1331000.00,'2025-07-02 17:16:33','2025-07-02 17:16:33','',NULL),(1309,8704,1279,'Honorarios mes de Julio',1.00,'8',200000.00,200000.00,0.00,0.00,0.00,7,0.00,200000.00,'2025-07-03 11:44:53','2025-07-03 11:44:53','',NULL),(1310,8704,1280,'Indumentaria',1.00,'8',125325.62,125325.62,0.00,0.00,0.00,2,26318.38,151644.00,'2025-07-04 13:21:17','2025-07-04 13:21:17','',NULL),(1311,11436,1281,'Moto G84 5g 8GB/256GB Negro',1.00,'8',404900.00,404900.00,0.00,0.00,0.00,7,0.00,404900.00,'2025-07-04 15:32:00','2025-07-04 15:32:00','',NULL),(1312,11436,1282,'Moto G84 5g 8GB/256GB Negro',1.00,'8',404900.00,404900.00,0.00,0.00,0.00,7,0.00,404900.00,'2025-07-04 15:34:13','2025-07-04 15:34:13','',NULL),(1313,11436,1283,'Moto G84 5g 8GB/256GB Negro',1.00,'8',404900.00,404900.00,0.00,0.00,0.00,7,0.00,404900.00,'2025-07-04 15:36:27','2025-07-04 15:36:27','',NULL),(1314,11436,1284,'Moto G84 5g 8GB/256GB Negro',1.00,'8',349900.00,349900.00,0.00,0.00,0.00,7,0.00,349900.00,'2025-07-04 15:38:16','2025-07-04 15:38:16','',NULL),(1315,11436,1285,' Redmi Note 14 8GB/256GB Negro',1.00,'8',394900.00,394900.00,0.00,0.00,0.00,7,0.00,394900.00,'2025-07-04 15:42:50','2025-07-04 15:42:50','',NULL),(1316,11436,1286,'Moto G84 5g 8GB/256GB Negro',1.00,'8',404900.00,404900.00,0.00,0.00,0.00,7,0.00,404900.00,'2025-07-06 17:05:10','2025-07-06 17:05:10','',NULL),(1317,11436,1287,'Moto G75 8GB/256GB Gris',1.00,'8',404900.00,404900.00,0.00,0.00,0.00,7,0.00,404900.00,'2025-07-06 17:07:42','2025-07-06 17:07:42','',NULL),(1318,11436,1288,'Moto G75 8GB/256GB Gris ',1.00,'8',393900.00,393900.00,0.00,0.00,0.00,7,0.00,393900.00,'2025-07-06 17:13:40','2025-07-06 17:13:40','',NULL),(1319,11436,1289,'Moto G75 8GB/256GB Negro',2.00,'8',404900.00,809800.00,0.00,0.00,0.00,7,0.00,809800.00,'2025-07-08 14:08:22','2025-07-08 14:08:22','',NULL),(1320,11436,1290,'Moto G75 8GB/256GB Negro',1.00,'8',393900.00,393900.00,0.00,0.00,0.00,7,0.00,393900.00,'2025-07-08 14:11:50','2025-07-08 14:11:50','',NULL),(1321,11436,1291,'Redmi Note 14 8gb/256gb Negro ',1.00,'8',394900.00,394900.00,0.00,0.00,0.00,7,0.00,394900.00,'2025-07-08 14:14:34','2025-07-08 14:14:34','',NULL),(1322,11436,1292,'Moto G84 8GB/256GB Negro ',1.00,'8',404900.00,404900.00,0.00,0.00,0.00,7,0.00,404900.00,'2025-07-08 14:23:54','2025-07-08 14:23:54','',NULL),(1323,11436,1293,' Redmi Note 13 6GB/128GB Azul',1.00,'8',349900.00,349900.00,0.00,0.00,0.00,7,0.00,349900.00,'2025-07-08 14:26:27','2025-07-08 14:26:27','',NULL),(1324,11436,1294,'Moto G75  8GB/256GB Negro ',1.00,'8',404900.00,404900.00,0.00,0.00,0.00,7,0.00,404900.00,'2025-07-08 14:30:22','2025-07-08 14:30:22','',NULL),(1325,8704,1295,'Indumentaria',1.00,'8',3630000.00,3630000.00,0.00,0.00,0.00,7,0.00,3630000.00,'2025-07-10 19:15:29','2025-07-10 19:15:29','',NULL),(1326,8704,1296,'Indumentaria',1.00,'8',3000000.00,3000000.00,0.00,0.00,0.00,7,0.00,3000000.00,'2025-07-10 19:20:49','2025-07-10 19:20:49','',NULL),(1327,8704,1297,'Servicios',1.00,'8',2886810.00,2886810.00,0.00,0.00,0.00,7,0.00,2886810.00,'2025-07-10 19:23:04','2025-07-10 19:23:04','',NULL),(1328,8704,1298,'Servicios',1.00,'8',2213424.00,2213424.00,0.00,0.00,0.00,7,0.00,2213424.00,'2025-07-10 19:23:53','2025-07-10 19:23:53','',NULL),(1329,8704,1299,'Comidas',1.00,'8',2940000.00,2940000.00,0.00,0.00,0.00,7,0.00,2940000.00,'2025-07-10 19:32:23','2025-07-10 19:32:23','',NULL);
INSERT INTO `fact_elec_receipt_details` VALUES (1330,8704,1300,'Servicios',1.00,'8',3500000.00,3500000.00,0.00,0.00,0.00,7,0.00,3500000.00,'2025-07-10 19:41:25','2025-07-10 19:41:25','',NULL),(1331,8704,1301,'Servicios',1.00,'8',2280000.00,2280000.00,0.00,0.00,0.00,7,0.00,2280000.00,'2025-07-10 19:50:27','2025-07-10 19:50:27','',NULL),(1332,11436,1302,'Redmi Note 14 8GB/256GB Negro',1.00,'8',394900.00,394900.00,0.00,0.00,0.00,7,0.00,394900.00,'2025-07-13 15:17:02','2025-07-13 15:17:02','',NULL),(1333,11436,1303,'Moto G84 8GB/256GB Negro',1.00,'8',349900.00,349900.00,0.00,0.00,0.00,7,0.00,349900.00,'2025-07-13 15:20:18','2025-07-13 15:20:18','',NULL),(1334,11436,1304,'Moto G85 8GB/256GB Verde',1.00,'8',429900.00,429900.00,0.00,0.00,0.00,7,0.00,429900.00,'2025-07-13 15:23:16','2025-07-13 15:23:16','',NULL),(1335,11436,1305,'Redmi Note 13 6GB/128GB Azul',1.00,'8',349900.00,349900.00,0.00,0.00,0.00,7,0.00,349900.00,'2025-07-13 15:25:09','2025-07-13 15:25:09','',NULL),(1336,11436,1306,'Redmi Note 13 6GB/128GB Azul',1.00,'8',349900.00,349900.00,0.00,0.00,0.00,7,0.00,349900.00,'2025-07-13 15:26:51','2025-07-13 15:26:51','',NULL),(1337,11436,1307,'Moto G84 8GB/256GB Negro',1.00,'8',404900.00,404900.00,0.00,0.00,0.00,7,0.00,404900.00,'2025-07-13 15:28:59','2025-07-13 15:28:59','',NULL),(1338,11436,1308,'Moto G84 8GB/256GB Negro',1.00,'8',349900.00,349900.00,0.00,0.00,0.00,7,0.00,349900.00,'2025-07-13 15:30:59','2025-07-13 15:30:59','',NULL),(1339,11436,1309,'Moto G84 8GB/256GB Negro',1.00,'8',404900.00,404900.00,0.00,0.00,0.00,7,0.00,404900.00,'2025-07-13 15:32:54','2025-07-13 15:32:54','',NULL),(1340,11436,1310,'Moto G75 8GB/256GB Gris',1.00,'8',449900.00,449900.00,0.00,0.00,0.00,7,0.00,449900.00,'2025-07-13 15:35:07','2025-07-13 15:35:07','',NULL),(1341,11436,1311,'Moto G75 8GB/256GB Gris',1.00,'8',449900.00,449900.00,0.00,0.00,0.00,7,0.00,449900.00,'2025-07-13 15:37:09','2025-07-13 15:37:09','',NULL),(1342,11436,1312,'Moto G75 8GB/256GB Gris',1.00,'8',449900.00,449900.00,0.00,0.00,0.00,7,0.00,449900.00,'2025-07-13 15:40:02','2025-07-13 15:40:02','',NULL),(1343,11436,1313,'Moto G84 8GB/256GB Negro',1.00,'8',404900.00,404900.00,0.00,0.00,0.00,7,0.00,404900.00,'2025-07-14 14:42:32','2025-07-14 14:42:32','',NULL),(1344,11436,1314,'Redmi Note 13 6GB/128GB Azul',1.00,'8',349900.00,349900.00,0.00,0.00,0.00,7,0.00,349900.00,'2025-07-14 14:44:30','2025-07-14 14:44:30','',NULL),(1345,11436,1315,'Moto G75 8GB/256GB Gris',1.00,'8',449900.00,449900.00,0.00,0.00,0.00,7,0.00,449900.00,'2025-07-14 14:46:53','2025-07-14 14:46:53','',NULL),(1346,11436,1316,'Redmi Note 13 6GB/128GB Azul',1.00,'8',349900.00,349900.00,0.00,0.00,0.00,7,0.00,349900.00,'2025-07-14 14:49:20','2025-07-14 14:49:20','',NULL),(1347,11436,1317,'Moto G75 8GB/256GB Gris',1.00,'8',449900.00,449900.00,0.00,0.00,0.00,7,0.00,449900.00,'2025-07-14 15:26:14','2025-07-14 15:26:14','',NULL),(1348,11436,1318,'Redmi Note 13 6GB/128GB Azul',1.00,'8',349900.00,349900.00,0.00,0.00,0.00,7,0.00,349900.00,'2025-07-14 15:28:16','2025-07-14 15:28:16','',NULL),(1349,11436,1319,'Redmi Note 13 6GB/128GB Azul ',1.00,'8',349900.00,349900.00,0.00,0.00,0.00,7,0.00,349900.00,'2025-07-14 15:30:07','2025-07-14 15:30:07','',NULL),(1350,8704,1320,'Indumentaria',1.00,'8',187744.00,187744.00,0.00,0.00,0.00,7,0.00,187744.00,'2025-07-16 15:01:01','2025-07-16 15:01:01','',NULL),(1351,11436,1321,'Redmi Note 13 6GB/128GB Azul',1.00,'8',349900.00,349900.00,0.00,0.00,0.00,7,0.00,349900.00,'2025-07-16 18:11:05','2025-07-16 18:11:05','',NULL),(1352,11680,1322,'Reparación giro de volante, scaneo y restableser valores',1.00,'8',350.00,350.00,0.00,0.00,0.00,2,73.50,423.50,'2025-07-18 11:11:48','2025-07-18 11:11:48','',NULL),(1353,11680,1323,'desarme de motor mercedes benz',1.00,'8',875000.00,875000.00,0.00,0.00,0.00,2,183750.00,1058750.00,'2025-07-18 11:15:10','2025-07-18 11:15:10','',NULL),(1354,11680,1324,'reparación de giro de volante scaneo y restablecer datos ',1.00,'8',350000.00,350000.00,0.00,0.00,0.00,2,73500.00,423500.00,'2025-07-18 11:20:07','2025-07-18 11:20:07','',NULL);
INSERT INTO `fact_elec_receipt_details` VALUES (1355,11436,1325,'Moto G85 8GB/256GB Azul',1.00,'8',424900.00,424900.00,0.00,0.00,0.00,7,0.00,424900.00,'2025-07-18 18:32:41','2025-07-18 18:32:41','',NULL),(1356,11436,1326,'Moto G84 8GB/256GB Negro',1.00,'8',419900.00,419900.00,0.00,0.00,0.00,7,0.00,419900.00,'2025-07-19 14:10:13','2025-07-19 14:10:13','',NULL),(1357,11436,1327,'Redmi Note 13 6GB/128GB Azul',1.00,'8',349900.00,349900.00,0.00,0.00,0.00,7,0.00,349900.00,'2025-07-19 14:12:08','2025-07-19 14:12:08','',NULL),(1358,11436,1328,'Redmi Note 13  6GB/128GB Azul',1.00,'8',349900.00,349900.00,0.00,0.00,0.00,7,0.00,349900.00,'2025-07-19 14:14:13','2025-07-19 14:14:13','',NULL),(1359,11436,1329,'Moto G84 8GB/256GB Negro',1.00,'8',359900.00,359900.00,0.00,0.00,0.00,7,0.00,359900.00,'2025-07-19 14:16:13','2025-07-19 14:16:13','',NULL),(1360,11436,1330,'Redmi Note 13 6GB/128GB Azul',1.00,'8',349900.00,349900.00,0.00,0.00,0.00,7,0.00,349900.00,'2025-07-19 14:18:17','2025-07-19 14:18:17','',NULL),(1361,8704,1331,'Prueba',1.00,'8',1.00,1.00,0.00,0.00,0.00,2,0.21,1.21,'2025-07-22 18:35:41','2025-07-22 18:35:41','',NULL),(1362,11777,1332,'Cable Para iPhone 15 Y 16 Original',3.00,'8',9090.08,27270.24,0.00,0.00,0.00,2,5726.75,32996.99,'2025-07-23 18:02:13','2025-07-23 18:02:13','',NULL),(1363,11436,1333,'Moto G85 8GB/256GB Verde',1.00,'8',424900.00,424900.00,0.00,0.00,0.00,7,0.00,424900.00,'2025-07-23 19:14:24','2025-07-23 19:14:24','',NULL),(1364,11436,1334,'Redmi Note 13 6GB/128GB Azul',1.00,'8',359900.00,359900.00,0.00,0.00,0.00,7,0.00,359900.00,'2025-07-24 17:07:15','2025-07-24 17:07:15','',NULL),(1365,11436,1335,'Redmi Note 13 6GB/128GB Azul',1.00,'8',359900.00,359900.00,0.00,0.00,0.00,7,0.00,359900.00,'2025-07-24 17:09:24','2025-07-24 17:09:24','',NULL),(1366,11436,1336,'Moto G75 8GB/256GB Negro',1.00,'8',459900.00,459900.00,0.00,0.00,0.00,7,0.00,459900.00,'2025-07-24 17:11:54','2025-07-24 17:11:54','',NULL),(1367,11436,1337,'Moto Edge 50 Fusion 8GB/256GB Azul',1.00,'8',444900.00,444900.00,0.00,0.00,0.00,7,0.00,444900.00,'2025-07-24 17:14:19','2025-07-24 17:14:19','',NULL),(1368,11436,1338,'Redmi Note 13 6GB/128GB Azul',1.00,'8',359900.00,359900.00,0.00,0.00,0.00,7,0.00,359900.00,'2025-07-24 17:16:59','2025-07-24 17:16:59','',NULL),(1369,11436,1339,'Moto Edge 50 Fusion 8GB/256GB Azul',1.00,'8',444900.00,444900.00,0.00,0.00,0.00,7,0.00,444900.00,'2025-07-24 17:21:52','2025-07-24 17:21:52','',NULL),(1370,11436,1340,'Moto Edge 50 Fusion 8GB/256GB Azul',1.00,'8',444900.00,444900.00,0.00,0.00,0.00,7,0.00,444900.00,'2025-07-24 17:32:05','2025-07-24 17:32:05','',NULL),(1371,11436,1341,'Redmi Note 13 6GB/!28GB Azul',1.00,'8',359900.00,359900.00,0.00,0.00,0.00,7,0.00,359900.00,'2025-07-24 17:34:27','2025-07-24 17:34:27','',NULL),(1372,11680,1342,'desarme de motor mercedes benz',1.00,'8',875000.00,875000.00,0.00,0.00,0.00,2,183750.00,1058750.00,'2025-07-25 12:31:35','2025-07-25 12:31:35','',NULL),(1373,11680,1343,'cambio de fuelle de combustible unidad 7',1.00,'8',50000.00,50000.00,0.00,0.00,0.00,2,10500.00,60500.00,'2025-07-25 12:38:14','2025-07-25 12:38:14','',NULL),(1374,11680,1343,'cambio de pata de motor dfsk',1.00,'8',40000.00,40000.00,0.00,0.00,0.00,2,8400.00,48400.00,'2025-07-25 12:38:14','2025-07-25 12:38:14','',NULL),(1375,11680,1343,'reparación diferencial \ncambio de Piñón corona y rulemán \ncambio de cintas y campanas',1.00,'8',550000.00,550000.00,0.00,0.00,0.00,2,115500.00,665500.00,'2025-07-25 12:38:14','2025-07-25 12:38:14','',NULL),(1376,8704,1344,'Indumentaria',1.00,'8',1735537.19,1735537.19,0.00,0.00,0.00,2,364462.81,2100000.00,'2025-07-28 20:56:12','2025-07-28 20:56:12','',NULL),(1377,8704,1345,'Indumentaria',1.00,'8',1050000.00,1050000.00,0.00,0.00,0.00,7,0.00,1050000.00,'2025-07-28 20:58:12','2025-07-28 20:58:12','',NULL),(1378,8704,1346,'Indumentaria',1.00,'8',1800000.00,1800000.00,0.00,0.00,0.00,7,0.00,1800000.00,'2025-07-28 20:59:54','2025-07-28 20:59:54','',NULL);
INSERT INTO `fact_elec_receipt_details` VALUES (1379,8704,1347,'Indumentaria',1.00,'8',1050000.00,1050000.00,0.00,0.00,0.00,7,0.00,1050000.00,'2025-07-28 21:00:48','2025-07-28 21:00:48','',NULL),(1380,8704,1348,'Indumentaria',1.00,'8',950000.00,950000.00,0.00,0.00,0.00,7,0.00,950000.00,'2025-07-28 21:02:14','2025-07-28 21:02:14','',NULL),(1381,11777,1349,'Cargador Para iPhone De 20w Carga Rápida',1.00,'8',29338.02,29338.02,0.00,0.00,0.00,2,6160.98,35499.00,'2025-07-29 14:02:13','2025-07-29 14:02:13','',NULL),(1382,11777,1350,'Cargador Para iPhone 15 Y 16 Pro Max 20w',2.00,'8',30164.50,60329.00,0.00,0.00,0.00,2,12669.09,72998.09,'2025-07-29 14:06:23','2025-07-29 14:06:23','',NULL),(1383,8704,1351,'Ropa de trabajo',1.00,'8',5080000.00,5080000.00,0.00,0.00,0.00,2,1066800.00,6146800.00,'2025-08-01 10:09:33','2025-08-01 10:09:33','',NULL),(1384,8704,1352,'Indumentaria',1.00,'8',3350000.00,3350000.00,0.00,0.00,0.00,2,703500.00,4053500.00,'2025-08-01 10:27:23','2025-08-01 10:27:23','',NULL),(1385,8704,1353,'probando',1.00,'8',1.00,1.00,0.00,0.00,0.00,7,0.00,1.00,'2025-08-01 13:10:46','2025-08-01 13:10:46','',NULL),(1386,8704,1354,'Honorarios mes de agosto',1.00,'8',100000.00,100000.00,0.00,0.00,0.00,7,0.00,100000.00,'2025-08-01 13:49:45','2025-08-01 13:49:45','',NULL),(1387,8704,1354,'Honorarios mes de agosto',1.00,'8',80000.00,80000.00,0.00,0.00,0.00,7,0.00,80000.00,'2025-08-01 13:49:45','2025-08-01 13:49:45','',NULL),(1388,8704,1355,'Honorarios mes de agosto',1.00,'8',80000.00,80000.00,0.00,0.00,0.00,7,0.00,80000.00,'2025-08-01 13:51:16','2025-08-01 13:51:16','',NULL),(1389,8704,1356,'Honorarios mes de agosto',1.00,'8',100000.00,100000.00,0.00,0.00,0.00,7,0.00,100000.00,'2025-08-01 13:53:09','2025-08-01 13:53:09','',NULL),(1390,8704,1357,'Honorarios mes de agosto',1.00,'8',40000.00,40000.00,0.00,0.00,0.00,7,0.00,40000.00,'2025-08-01 13:55:15','2025-08-01 13:55:15','',NULL),(1391,8704,1358,'Honorarios mes de agosto',1.00,'8',60000.00,60000.00,0.00,0.00,0.00,7,0.00,60000.00,'2025-08-01 13:58:17','2025-08-01 13:58:17','',NULL),(1392,8704,1359,'Honorarios mes de agosto',1.00,'8',80000.00,80000.00,0.00,0.00,0.00,7,0.00,80000.00,'2025-08-01 14:00:06','2025-08-01 14:00:06','',NULL),(1393,8704,1360,'Honorarios mes de agosto',1.00,'8',60000.00,60000.00,0.00,0.00,0.00,7,0.00,60000.00,'2025-08-01 14:02:43','2025-08-01 14:02:43','',NULL),(1394,8704,1361,'Honorarios mes de agosto',1.00,'8',50000.00,50000.00,0.00,0.00,0.00,7,0.00,50000.00,'2025-08-01 14:05:34','2025-08-01 14:05:34','',NULL),(1395,8704,1362,'Honorarios mes de agosto',1.00,'8',100000.00,100000.00,0.00,0.00,0.00,7,0.00,100000.00,'2025-08-01 14:08:10','2025-08-01 14:08:10','',NULL),(1396,8704,1363,'Honorarios mes de agosto',1.00,'8',40000.00,40000.00,0.00,0.00,0.00,7,0.00,40000.00,'2025-08-01 14:09:00','2025-08-01 14:09:00','',NULL),(1397,8704,1364,'Honorarios mes de agosto',1.00,'8',80000.00,80000.00,0.00,0.00,0.00,7,0.00,80000.00,'2025-08-01 14:10:40','2025-08-01 14:10:40','',NULL),(1398,8704,1365,'Honorarios mes de agosto',1.00,'8',150000.00,150000.00,0.00,0.00,0.00,7,0.00,150000.00,'2025-08-01 14:13:41','2025-08-01 14:13:41','',NULL),(1399,11436,1366,'Redmi Note 13 6GB/128GB Azul',1.00,'8',359900.00,359900.00,0.00,0.00,0.00,7,0.00,359900.00,'2025-08-01 14:29:44','2025-08-01 14:29:44','',NULL),(1400,11436,1367,'Moto G75 8GB/256GB Negro',1.00,'8',459900.00,459900.00,0.00,0.00,0.00,7,0.00,459900.00,'2025-08-01 14:32:06','2025-08-01 14:32:06','',NULL),(1401,11436,1368,'Moto G75 8GB/256GB Gris',1.00,'8',459900.00,459900.00,0.00,0.00,0.00,7,0.00,459900.00,'2025-08-01 14:34:43','2025-08-01 14:34:43','',NULL),(1402,11436,1369,'Redmi Note 13 6GB/128GB Azul',1.00,'8',359900.00,359900.00,0.00,0.00,0.00,7,0.00,359900.00,'2025-08-01 14:37:05','2025-08-01 14:37:05','',NULL),(1403,11436,1370,'Redmi Note 13 6GB/128GB Azul',1.00,'8',359900.00,359900.00,0.00,0.00,0.00,7,0.00,359900.00,'2025-08-01 14:39:01','2025-08-01 14:39:01','',NULL);
INSERT INTO `fact_elec_receipt_details` VALUES (1404,11436,1371,'Redmi Note 13  6GB/128GB Azul',1.00,'8',359900.00,359900.00,0.00,0.00,0.00,7,0.00,359900.00,'2025-08-01 14:40:59','2025-08-01 14:40:59','',NULL),(1405,11436,1372,'Redmi Note 14 8GB/256GB Negro',1.00,'8',370000.00,370000.00,0.00,0.00,0.00,7,0.00,370000.00,'2025-08-01 14:43:03','2025-08-01 14:43:03','',NULL),(1406,11436,1373,'Moto G75 8GB/256GB Negro',1.00,'8',459900.00,459900.00,0.00,0.00,0.00,7,0.00,459900.00,'2025-08-02 15:30:30','2025-08-02 15:30:30','',NULL),(1407,11436,1374,'Redmi Note 14 8GB/256GB Negro',1.00,'8',370000.00,370000.00,0.00,0.00,0.00,7,0.00,370000.00,'2025-08-02 15:32:19','2025-08-02 15:32:19','',NULL),(1408,11436,1375,'Moto G75 8GB/256GB Negro',2.00,'8',459900.00,919800.00,0.00,0.00,0.00,7,0.00,919800.00,'2025-08-02 15:35:15','2025-08-02 15:35:15','',NULL),(1409,11436,1376,'Moto G75 8GB/256GB Negro',1.00,'8',459900.00,459900.00,0.00,0.00,0.00,7,0.00,459900.00,'2025-08-02 15:37:29','2025-08-02 15:37:29','',NULL),(1410,11436,1377,'Moto G75 8GB/256GB Negro',1.00,'8',459900.00,459900.00,0.00,0.00,0.00,7,0.00,459900.00,'2025-08-02 15:39:28','2025-08-02 15:39:28','',NULL),(1411,11436,1378,'Moto G75 8GB/256GB Negro',1.00,'8',459900.00,459900.00,0.00,0.00,0.00,7,0.00,459900.00,'2025-08-02 15:41:21','2025-08-02 15:41:21','',NULL),(1412,11436,1379,'Moto G75 8GB/256GB Negro',1.00,'8',459900.00,459900.00,0.00,0.00,0.00,7,0.00,459900.00,'2025-08-02 15:43:15','2025-08-02 15:43:15','',NULL),(1413,11436,1380,'MOTO G75 8GB/256GB Negro',1.00,'8',458900.00,458900.00,0.00,0.00,0.00,7,0.00,458900.00,'2025-08-04 17:14:34','2025-08-04 17:14:34','',NULL),(1414,11436,1381,'Moto G75 8GB/256GB Negro',1.00,'8',459900.00,459900.00,0.00,0.00,0.00,7,0.00,459900.00,'2025-08-04 17:21:21','2025-08-04 17:21:21','',NULL),(1415,11436,1382,'Moto G75 8GB/256GB Negro',1.00,'8',459900.00,459900.00,0.00,0.00,0.00,7,0.00,459900.00,'2025-08-04 17:24:40','2025-08-04 17:24:40','',NULL),(1416,11436,1383,'Moto G75 8GB/256GB Negro',1.00,'8',459900.00,459900.00,0.00,0.00,0.00,7,0.00,459900.00,'2025-08-04 17:27:03','2025-08-04 17:27:03','',NULL),(1417,11436,1384,'Moto G75 8GB/256GB Negro',1.00,'8',459900.00,459900.00,0.00,0.00,0.00,7,0.00,459900.00,'2025-08-04 17:30:56','2025-08-04 17:30:56','',NULL),(1418,11436,1385,'Moto G75 8GB/256GB Negro',1.00,'8',459900.00,459900.00,0.00,0.00,0.00,7,0.00,459900.00,'2025-08-04 17:33:04','2025-08-04 17:33:04','',NULL),(1419,11436,1386,'Moto G75  8GB/256GB Negro',1.00,'8',459900.00,459900.00,0.00,0.00,0.00,7,0.00,459900.00,'2025-08-04 17:35:41','2025-08-04 17:35:41','',NULL),(1420,11436,1387,'MOTO G75 8GB/256GB Negro',1.00,'8',459900.00,459900.00,0.00,0.00,0.00,7,0.00,459900.00,'2025-08-04 17:38:27','2025-08-04 17:38:27','',NULL),(1421,8704,1388,'Medias termicas',700.00,'8',3000.00,2100000.00,0.00,0.00,0.00,2,441000.00,2541000.00,'2025-08-05 14:17:53','2025-08-05 14:17:53','',NULL),(1422,8704,1388,'Camiseta termica',150.00,'8',10000.00,1500000.00,0.00,0.00,0.00,2,315000.00,1815000.00,'2025-08-05 14:17:53','2025-08-05 14:17:53','',NULL),(1423,8704,1389,'Pantys termicos',20.00,'8',60000.00,1200000.00,0.00,0.00,0.00,2,252000.00,1452000.00,'2025-08-05 14:20:06','2025-08-05 14:20:06','',NULL),(1424,8704,1389,'Short faja',40.00,'8',40000.00,1600000.00,0.00,0.00,0.00,2,336000.00,1936000.00,'2025-08-05 14:20:06','2025-08-05 14:20:06','',NULL),(1425,8704,1389,'Top deportivo',30.00,'8',30000.00,900000.00,0.00,0.00,0.00,2,189000.00,1089000.00,'2025-08-05 14:20:06','2025-08-05 14:20:06','',NULL),(1426,8704,1390,'Conjunto con less',40.00,'8',40000.00,1600000.00,0.00,0.00,0.00,2,336000.00,1936000.00,'2025-08-05 14:25:35','2025-08-05 14:25:35','',NULL),(1427,8704,1390,'Top tira ancha',50.00,'8',25000.00,1250000.00,0.00,0.00,0.00,2,262500.00,1512500.00,'2025-08-05 14:25:35','2025-08-05 14:25:35','',NULL),(1428,8704,1390,'Corpiño moda',7.00,'8',50000.00,350000.00,0.00,0.00,0.00,2,73500.00,423500.00,'2025-08-05 14:25:35','2025-08-05 14:25:35','',NULL);
INSERT INTO `fact_elec_receipt_details` VALUES (1429,8704,1391,'Medias termicas',350.00,'8',3000.00,1050000.00,0.00,0.00,0.00,2,220500.00,1270500.00,'2025-08-05 14:36:19','2025-08-05 14:36:19','',NULL),(1430,8704,1391,'Camiseta termica',150.00,'8',10000.00,1500000.00,0.00,0.00,0.00,2,315000.00,1815000.00,'2025-08-05 14:36:19','2025-08-05 14:36:19','',NULL),(1431,8704,1392,'Short faja',25.00,'8',40000.00,1000000.00,0.00,0.00,0.00,2,210000.00,1210000.00,'2025-08-05 14:39:37','2025-08-05 14:39:37','',NULL),(1432,8704,1392,'Top tira ancha ',38.00,'8',25000.00,950000.00,0.00,0.00,0.00,2,199500.00,1149500.00,'2025-08-05 14:39:37','2025-08-05 14:39:37','',NULL),(1433,11436,1393,'Moto G75 8GB/256GB Negro',1.00,'8',459900.00,459900.00,0.00,0.00,0.00,7,0.00,459900.00,'2025-08-05 14:46:47','2025-08-05 14:46:47','',NULL),(1434,11436,1394,'Moto G75 8GB/256GB Negro',1.00,'8',458900.00,458900.00,0.00,0.00,0.00,7,0.00,458900.00,'2025-08-05 14:54:23','2025-08-05 14:54:23','',NULL),(1435,11436,1395,'Moto G75 8GB/256GB Negro',1.00,'8',458900.00,458900.00,0.00,0.00,0.00,7,0.00,458900.00,'2025-08-05 14:56:17','2025-08-05 14:56:17','',NULL),(1436,11436,1396,'Moto G75 8GB/256GB Negro',1.00,'8',458900.00,458900.00,0.00,0.00,0.00,7,0.00,458900.00,'2025-08-05 14:57:54','2025-08-05 14:57:54','',NULL),(1437,11436,1397,'Moto G75 8GB/256GB Negro',1.00,'8',458900.00,458900.00,0.00,0.00,0.00,7,0.00,458900.00,'2025-08-05 14:59:51','2025-08-05 14:59:51','',NULL),(1438,11436,1398,'Moto G75 8GB/256GB Negro',1.00,'8',458900.00,458900.00,0.00,0.00,0.00,7,0.00,458900.00,'2025-08-05 15:01:53','2025-08-05 15:01:53','',NULL),(1439,11436,1399,'Moto G75 8GB/256GB Negro',1.00,'8',458900.00,458900.00,0.00,0.00,0.00,7,0.00,458900.00,'2025-08-05 17:21:33','2025-08-05 17:21:33','',NULL),(1440,11680,1400,'mano de obra desarme y arme de tapa de cilindro con distribucion',1.00,'8',550000.00,550000.00,0.00,0.00,0.00,2,115500.00,665500.00,'2025-08-08 12:45:40','2025-08-08 12:45:40','',NULL),(1441,11680,1400,'rectificacion de tapa de cilidro,cambio de botadores y cientos de valvula',1.00,'8',160000.00,160000.00,0.00,0.00,0.00,2,33600.00,193600.00,'2025-08-08 12:45:40','2025-08-08 12:45:40','',NULL),(1442,11680,1401,'tren delantero master',1.00,'8',250000.00,250000.00,0.00,0.00,0.00,2,52500.00,302500.00,'2025-08-08 12:54:50','2025-08-08 12:54:50','',NULL),(1443,11680,1401,'cambio de ruleman',1.00,'8',80000.00,80000.00,0.00,0.00,0.00,2,16800.00,96800.00,'2025-08-08 12:54:50','2025-08-08 12:54:50','',NULL),(1444,11680,1402,'cambio pata de caja superior , cambio de bombin de embrague, reparacion de manguera hidraulica',1.00,'8',220000.00,220000.00,0.00,0.00,0.00,2,46200.00,266200.00,'2025-08-11 11:52:24','2025-08-11 11:52:24','',NULL),(1445,11680,1403,'mb sprinter reparacion de burro mas repuestos ',1.00,'8',235000.00,235000.00,0.00,0.00,0.00,2,49350.00,284350.00,'2025-08-11 12:10:51','2025-08-11 12:10:51','',NULL),(1446,11680,1403,'cambio de filtro de gas oil repuesto',1.00,'8',125000.00,125000.00,0.00,0.00,0.00,7,0.00,125000.00,'2025-08-11 12:10:51','2025-08-11 12:10:51','',NULL),(1447,11680,1403,'limpieza de inyectores',1.00,'8',250000.00,250000.00,0.00,0.00,0.00,2,52500.00,302500.00,'2025-08-11 12:10:51','2025-08-11 12:10:51','',NULL),(1448,8704,1404,'Honorarios agosto',1.00,'8',200000.00,200000.00,0.00,0.00,0.00,7,0.00,200000.00,'2025-08-11 18:37:30','2025-08-11 18:37:30','',NULL),(1449,11436,1405,'Edge 50 Fusion 8GB/256GB Azul',1.00,'8',444900.00,444900.00,0.00,0.00,0.00,7,0.00,444900.00,'2025-08-13 18:34:26','2025-08-13 18:34:26','',NULL),(1450,11436,1406,'Moto Edge 50 Fusion 8GB/256GB Azul',1.00,'8',519900.00,519900.00,0.00,0.00,0.00,7,0.00,519900.00,'2025-08-16 14:40:14','2025-08-16 14:40:14','',NULL),(1451,8704,1407,'Servicios',1.00,'8',7800000.00,7800000.00,0.00,0.00,0.00,7,0.00,7800000.00,'2025-08-18 11:53:57','2025-08-18 11:53:57','',NULL),(1452,11795,1408,'Indumentaria ',1.00,'8',179504.13,179504.13,0.00,0.00,0.00,2,37695.87,217200.00,'2025-08-18 13:59:49','2025-08-18 13:59:49','',NULL);
INSERT INTO `fact_elec_receipt_details` VALUES (1453,11436,1409,'Moto Edge 50 Fusion 8GB/256GB',1.00,'8',519900.00,519900.00,0.00,0.00,0.00,7,0.00,519900.00,'2025-08-19 14:40:47','2025-08-19 14:40:47','',NULL),(1454,11436,1410,'Moto Edge 50 Fusion 8GB/256GB Azul',1.00,'8',519900.00,519900.00,0.00,0.00,0.00,7,0.00,519900.00,'2025-08-19 14:45:12','2025-08-19 14:45:12','',NULL),(1455,11436,1411,'Moto Edge 50 Fusion 8GB/256GB Azul',1.00,'8',519900.00,519900.00,0.00,0.00,0.00,7,0.00,519900.00,'2025-08-19 14:53:54','2025-08-19 14:53:54','',NULL),(1456,11436,1412,'Moto Edge 50 Fusion 8GB/256GB Azul',1.00,'8',519900.00,519900.00,0.00,0.00,0.00,7,0.00,519900.00,'2025-08-19 14:56:24','2025-08-19 14:56:24','',NULL),(1457,11436,1413,'Moto Edge 50 Fusion 8GB/256GB Azul',1.00,'8',519900.00,519900.00,0.00,0.00,0.00,7,0.00,519900.00,'2025-08-19 14:59:02','2025-08-19 14:59:02','',NULL),(1458,11436,1414,'Moto Edge 50 Fusion 8GB/256GB Azul',1.00,'8',519900.00,519900.00,0.00,0.00,0.00,7,0.00,519900.00,'2025-08-19 15:01:29','2025-08-19 15:01:29','',NULL),(1459,11436,1415,'Moto G75 8GB/256GB Negro',1.00,'8',458900.00,458900.00,0.00,0.00,0.00,7,0.00,458900.00,'2025-08-19 15:05:01','2025-08-19 15:05:01','',NULL),(1460,11680,1416,'cambio de cremalleras de dos vitto',1.00,'8',200000.00,200000.00,0.00,0.00,0.00,2,42000.00,242000.00,'2025-08-21 11:39:17','2025-08-21 11:39:17','',NULL),(1461,11680,1416,'tren delantero dfsk',1.00,'8',200000.00,200000.00,0.00,0.00,0.00,2,42000.00,242000.00,'2025-08-21 11:39:17','2025-08-21 11:39:17','',NULL),(1462,11436,1417,'Moto G75 8GB/256GB Negro',1.00,'8',458900.00,458900.00,0.00,0.00,0.00,7,0.00,458900.00,'2025-08-22 14:54:51','2025-08-22 14:54:51','',NULL),(1463,11436,1418,'Moto G75 8GB/256GB Negro',1.00,'8',458900.00,458900.00,0.00,0.00,0.00,7,0.00,458900.00,'2025-08-22 14:57:04','2025-08-22 14:57:04','',NULL),(1464,11436,1419,'Moto G75 8GB/256GB Negro',1.00,'8',458900.00,458900.00,0.00,0.00,0.00,7,0.00,458900.00,'2025-08-22 14:59:42','2025-08-22 14:59:42','',NULL),(1465,11436,1420,'Moto G75 8GB/26GB Negro',1.00,'8',458900.00,458900.00,0.00,0.00,0.00,7,0.00,458900.00,'2025-08-22 15:03:41','2025-08-22 15:03:41','',NULL),(1466,11436,1421,'Moto Edge 50 Fusion 8GB/256GB Celeste',1.00,'8',519900.00,519900.00,0.00,0.00,0.00,7,0.00,519900.00,'2025-08-22 15:05:59','2025-08-22 15:05:59','',NULL),(1467,11436,1422,'Moto G75 8GB/256GB Negro',1.00,'8',458900.00,458900.00,0.00,0.00,0.00,7,0.00,458900.00,'2025-08-22 15:08:50','2025-08-22 15:08:50','',NULL),(1468,11436,1423,'Moto G75 8GB/256GB Negro',1.00,'8',458900.00,458900.00,0.00,0.00,0.00,7,0.00,458900.00,'2025-08-22 15:10:43','2025-08-22 15:10:43','',NULL),(1469,11436,1424,'Moto G75 8GB/256GB Negro',1.00,'8',458900.00,458900.00,0.00,0.00,0.00,7,0.00,458900.00,'2025-08-22 17:13:05','2025-08-22 17:13:05','',NULL),(1470,11436,1425,'Moto G75 8GB/256GB Negro',1.00,'8',458900.00,458900.00,0.00,0.00,0.00,7,0.00,458900.00,'2025-08-23 15:52:43','2025-08-23 15:52:43','',NULL),(1471,11436,1426,'Moto Edge 50 Fusion 8GB/256GB Azul',1.00,'8',519900.00,519900.00,0.00,0.00,0.00,7,0.00,519900.00,'2025-08-23 15:55:11','2025-08-23 15:55:11','',NULL),(1472,11436,1427,'Moto G75 8GB/256GB Negro',1.00,'8',458900.00,458900.00,0.00,0.00,0.00,7,0.00,458900.00,'2025-08-23 15:57:46','2025-08-23 15:57:46','',NULL),(1473,11436,1428,'Moto G75 8GB/256GB Negro',1.00,'8',458900.00,458900.00,0.00,0.00,0.00,7,0.00,458900.00,'2025-08-23 15:59:34','2025-08-23 15:59:34','',NULL),(1474,11436,1429,'Moto G75 8GB/256GB Negro',1.00,'8',458900.00,458900.00,0.00,0.00,0.00,7,0.00,458900.00,'2025-08-23 16:01:31','2025-08-23 16:01:31','',NULL),(1475,11436,1430,'Moto G75 8GB/256GB Negro',1.00,'8',458900.00,458900.00,0.00,0.00,0.00,7,0.00,458900.00,'2025-08-23 16:03:21','2025-08-23 16:03:21','',NULL),(1476,11436,1431,'Moto G75 8GB/256GB Negro',1.00,'8',458900.00,458900.00,0.00,0.00,0.00,7,0.00,458900.00,'2025-08-23 16:05:50','2025-08-23 16:05:50','',NULL);
