INSERT INTO `periods` VALUES (4042,NULL,'2089-11',2089,11,'2089-11-01','2089-11-30',NULL,NULL,40723,0,NULL,1,0,0,1),(4043,NULL,'2089-12',2089,12,'2089-12-01','2089-12-31',NULL,NULL,40723,0,NULL,1,0,0,1),(4047,NULL,'2090-01',2090,1,'2090-01-01','2090-01-31',NULL,NULL,40723,0,NULL,1,0,0,1),(4048,NULL,'2090-02',2090,2,'2090-02-01','2090-02-28',NULL,NULL,40723,0,NULL,1,0,0,1),(4049,NULL,'2090-03',2090,3,'2090-03-01','2090-03-31',NULL,NULL,40723,0,NULL,1,0,0,1),(4050,NULL,'2090-04',2090,4,'2090-04-01','2090-04-30',NULL,NULL,40723,0,NULL,1,0,0,1),(4051,NULL,'2090-05',2090,5,'2090-05-01','2090-05-31',NULL,NULL,40723,0,NULL,1,0,0,1),(4052,NULL,'2090-06',2090,6,'2090-06-01','2090-06-30',NULL,NULL,40723,0,NULL,1,0,0,1),(4053,NULL,'2090-07',2090,7,'2090-07-01','2090-07-31',NULL,NULL,40723,0,NULL,1,0,0,1),(4054,NULL,'2090-08',2090,8,'2090-08-01','2090-08-31',NULL,NULL,40723,0,NULL,1,0,0,1),(4055,NULL,'2090-09',2090,9,'2090-09-01','2090-09-30',NULL,NULL,40723,0,NULL,1,0,0,1),(4056,NULL,'2090-10',2090,10,'2090-10-01','2090-10-31',NULL,NULL,40723,0,NULL,1,0,0,1),(4057,NULL,'2090-11',2090,11,'2090-11-01','2090-11-30',NULL,NULL,40723,0,NULL,1,0,0,1),(4058,NULL,'2090-12',2090,12,'2090-12-01','2090-12-31',NULL,NULL,40723,0,NULL,1,0,0,1),(4062,NULL,'2091-01',2091,1,'2091-01-01','2091-01-31',NULL,NULL,40723,0,NULL,1,0,0,1),(4063,NULL,'2091-02',2091,2,'2091-02-01','2091-02-28',NULL,NULL,40723,0,NULL,1,0,0,1),(4064,NULL,'2091-03',2091,3,'2091-03-01','2091-03-31',NULL,NULL,40723,0,NULL,1,0,0,1),(4065,NULL,'2091-04',2091,4,'2091-04-01','2091-04-30',NULL,NULL,40723,0,NULL,1,0,0,1),(4066,NULL,'2091-05',2091,5,'2091-05-01','2091-05-31',NULL,NULL,40723,0,NULL,1,0,0,1),(4067,NULL,'2091-06',2091,6,'2091-06-01','2091-06-30',NULL,NULL,40723,0,NULL,1,0,0,1),(4068,NULL,'2091-07',2091,7,'2091-07-01','2091-07-31',NULL,NULL,40723,0,NULL,1,0,0,1),(4069,NULL,'2091-08',2091,8,'2091-08-01','2091-08-31',NULL,NULL,40723,0,NULL,1,0,0,1),(4070,NULL,'2091-09',2091,9,'2091-09-01','2091-09-30',NULL,NULL,40723,0,NULL,1,0,0,1),(4071,NULL,'2091-10',2091,10,'2091-10-01','2091-10-31',NULL,NULL,40723,0,NULL,1,0,0,1),(4072,NULL,'2091-11',2091,11,'2091-11-01','2091-11-30',NULL,NULL,40723,0,NULL,1,0,0,1),(4073,NULL,'2091-12',2091,12,'2091-12-01','2091-12-31',NULL,NULL,40723,0,NULL,1,0,0,1),(4077,NULL,'2092-01',2092,1,'2092-01-01','2092-01-31',NULL,NULL,40723,0,NULL,1,0,0,1),(4078,NULL,'2092-02',2092,2,'2092-02-01','2092-02-28',NULL,NULL,40723,0,NULL,1,0,0,1),(4079,NULL,'2092-03',2092,3,'2092-03-01','2092-03-31',NULL,NULL,40723,0,NULL,1,0,0,1),(4080,NULL,'2092-04',2092,4,'2092-04-01','2092-04-30',NULL,NULL,40723,0,NULL,1,0,0,1),(4081,NULL,'2092-05',2092,5,'2092-05-01','2092-05-31',NULL,NULL,40723,0,NULL,1,0,0,1),(4082,NULL,'2092-06',2092,6,'2092-06-01','2092-06-30',NULL,NULL,40723,0,NULL,1,0,0,1),(4083,NULL,'2092-07',2092,7,'2092-07-01','2092-07-31',NULL,NULL,40723,0,NULL,1,0,0,1),(4084,NULL,'2092-08',2092,8,'2092-08-01','2092-08-31',NULL,NULL,40723,0,NULL,1,0,0,1),(4085,NULL,'2092-09',2092,9,'2092-09-01','2092-09-30',NULL,NULL,40723,0,NULL,1,0,0,1),(4086,NULL,'2092-10',2092,10,'2092-10-01','2092-10-31',NULL,NULL,40723,0,NULL,1,0,0,1),(4087,NULL,'2092-11',2092,11,'2092-11-01','2092-11-30',NULL,NULL,40723,0,NULL,1,0,0,1),(4088,NULL,'2092-12',2092,12,'2092-12-01','2092-12-31',NULL,NULL,40723,0,NULL,1,0,0,1),(4092,NULL,'2093-01',2093,1,'2093-01-01','2093-01-31',NULL,NULL,40723,0,NULL,1,0,0,1),(4093,NULL,'2093-02',2093,2,'2093-02-01','2093-02-28',NULL,NULL,40723,0,NULL,1,0,0,1),(4094,NULL,'2093-03',2093,3,'2093-03-01','2093-03-31',NULL,NULL,40723,0,NULL,1,0,0,1),(4095,NULL,'2093-04',2093,4,'2093-04-01','2093-04-30',NULL,NULL,40723,0,NULL,1,0,0,1),(4096,NULL,'2093-05',2093,5,'2093-05-01','2093-05-31',NULL,NULL,40723,0,NULL,1,0,0,1),(4097,NULL,'2093-06',2093,6,'2093-06-01','2093-06-30',NULL,NULL,40723,0,NULL,1,0,0,1),(4098,NULL,'2093-07',2093,7,'2093-07-01','2093-07-31',NULL,NULL,40723,0,NULL,1,0,0,1),(4099,NULL,'2093-08',2093,8,'2093-08-01','2093-08-31',NULL,NULL,40723,0,NULL,1,0,0,1);
INSERT INTO `periods` VALUES (4100,NULL,'2093-09',2093,9,'2093-09-01','2093-09-30',NULL,NULL,40723,0,NULL,1,0,0,1),(4101,NULL,'2093-10',2093,10,'2093-10-01','2093-10-31',NULL,NULL,40723,0,NULL,1,0,0,1),(4102,NULL,'2093-11',2093,11,'2093-11-01','2093-11-30',NULL,NULL,40723,0,NULL,1,0,0,1),(4103,NULL,'2093-12',2093,12,'2093-12-01','2093-12-31',NULL,NULL,40723,0,NULL,1,0,0,1),(4107,NULL,'2094-01',2094,1,'2094-01-01','2094-01-31',NULL,NULL,40723,0,NULL,1,0,0,1),(4108,NULL,'2094-02',2094,2,'2094-02-01','2094-02-28',NULL,NULL,40723,0,NULL,1,0,0,1),(4109,NULL,'2094-03',2094,3,'2094-03-01','2094-03-31',NULL,NULL,40723,0,NULL,1,0,0,1),(4110,NULL,'2094-04',2094,4,'2094-04-01','2094-04-30',NULL,NULL,40723,0,NULL,1,0,0,1),(4111,NULL,'2094-05',2094,5,'2094-05-01','2094-05-31',NULL,NULL,40723,0,NULL,1,0,0,1),(4112,NULL,'2094-06',2094,6,'2094-06-01','2094-06-30',NULL,NULL,40723,0,NULL,1,0,0,1),(4113,NULL,'2094-07',2094,7,'2094-07-01','2094-07-31',NULL,NULL,40723,0,NULL,1,0,0,1),(4114,NULL,'2094-08',2094,8,'2094-08-01','2094-08-31',NULL,NULL,40723,0,NULL,1,0,0,1),(4115,NULL,'2094-09',2094,9,'2094-09-01','2094-09-30',NULL,NULL,40723,0,NULL,1,0,0,1),(4116,NULL,'2094-10',2094,10,'2094-10-01','2094-10-31',NULL,NULL,40723,0,NULL,1,0,0,1),(4117,NULL,'2094-11',2094,11,'2094-11-01','2094-11-30',NULL,NULL,40723,0,NULL,1,0,0,1),(4118,NULL,'2094-12',2094,12,'2094-12-01','2094-12-31',NULL,NULL,40723,0,NULL,1,0,0,1),(4122,NULL,'2095-01',2095,1,'2095-01-01','2095-01-31',NULL,NULL,40723,0,NULL,1,0,0,1),(4123,NULL,'2095-02',2095,2,'2095-02-01','2095-02-28',NULL,NULL,40723,0,NULL,1,0,0,1),(4124,NULL,'2095-03',2095,3,'2095-03-01','2095-03-31',NULL,NULL,40723,0,NULL,1,0,0,1),(4125,NULL,'2095-04',2095,4,'2095-04-01','2095-04-30',NULL,NULL,40723,0,NULL,1,0,0,1),(4126,NULL,'2095-05',2095,5,'2095-05-01','2095-05-31',NULL,NULL,40723,0,NULL,1,0,0,1),(4127,NULL,'2095-06',2095,6,'2095-06-01','2095-06-30',NULL,NULL,40723,0,NULL,1,0,0,1),(4128,NULL,'2095-07',2095,7,'2095-07-01','2095-07-31',NULL,NULL,40723,0,NULL,1,0,0,1),(4129,NULL,'2095-08',2095,8,'2095-08-01','2095-08-31',NULL,NULL,40723,0,NULL,1,0,0,1),(4130,NULL,'2095-09',2095,9,'2095-09-01','2095-09-30',NULL,NULL,40723,0,NULL,1,0,0,1),(4131,NULL,'2095-10',2095,10,'2095-10-01','2095-10-31',NULL,NULL,40723,0,NULL,1,0,0,1),(4132,NULL,'2095-11',2095,11,'2095-11-01','2095-11-30',NULL,NULL,40723,0,NULL,1,0,0,1),(4133,NULL,'2095-12',2095,12,'2095-12-01','2095-12-31',NULL,NULL,40723,0,NULL,1,0,0,1),(4137,NULL,'2096-01',2096,1,'2096-01-01','2096-01-31',NULL,NULL,40723,0,NULL,1,0,0,1),(4138,NULL,'2096-02',2096,2,'2096-02-01','2096-02-28',NULL,NULL,40723,0,NULL,1,0,0,1),(4139,NULL,'2096-03',2096,3,'2096-03-01','2096-03-31',NULL,NULL,40723,0,NULL,1,0,0,1),(4140,NULL,'2096-04',2096,4,'2096-04-01','2096-04-30',NULL,NULL,40723,0,NULL,1,0,0,1),(4141,NULL,'2096-05',2096,5,'2096-05-01','2096-05-31',NULL,NULL,40723,0,NULL,1,0,0,1),(4142,NULL,'2096-06',2096,6,'2096-06-01','2096-06-30',NULL,NULL,40723,0,NULL,1,0,0,1),(4143,NULL,'2096-07',2096,7,'2096-07-01','2096-07-31',NULL,NULL,40723,0,NULL,1,0,0,1),(4144,NULL,'2096-08',2096,8,'2096-08-01','2096-08-31',NULL,NULL,40723,0,NULL,1,0,0,1),(4145,NULL,'2096-09',2096,9,'2096-09-01','2096-09-30',NULL,NULL,40723,0,NULL,1,0,0,1),(4146,NULL,'2096-10',2096,10,'2096-10-01','2096-10-31',NULL,NULL,40723,0,NULL,1,0,0,1),(4147,NULL,'2096-11',2096,11,'2096-11-01','2096-11-30',NULL,NULL,40723,0,NULL,1,0,0,1),(4148,NULL,'2096-12',2096,12,'2096-12-01','2096-12-31',NULL,NULL,40723,0,NULL,1,0,0,1),(4152,NULL,'2097-01',2097,1,'2097-01-01','2097-01-31',NULL,NULL,40723,0,NULL,1,0,0,1),(4153,NULL,'2097-02',2097,2,'2097-02-01','2097-02-28',NULL,NULL,40723,0,NULL,1,0,0,1),(4154,NULL,'2097-03',2097,3,'2097-03-01','2097-03-31',NULL,NULL,40723,0,NULL,1,0,0,1),(4155,NULL,'2097-04',2097,4,'2097-04-01','2097-04-30',NULL,NULL,40723,0,NULL,1,0,0,1),(4156,NULL,'2097-05',2097,5,'2097-05-01','2097-05-31',NULL,NULL,40723,0,NULL,1,0,0,1),(4157,NULL,'2097-06',2097,6,'2097-06-01','2097-06-30',NULL,NULL,40723,0,NULL,1,0,0,1);
INSERT INTO `periods` VALUES (4158,NULL,'2097-07',2097,7,'2097-07-01','2097-07-31',NULL,NULL,40723,0,NULL,1,0,0,1),(4159,NULL,'2097-08',2097,8,'2097-08-01','2097-08-31',NULL,NULL,40723,0,NULL,1,0,0,1),(4160,NULL,'2097-09',2097,9,'2097-09-01','2097-09-30',NULL,NULL,40723,0,NULL,1,0,0,1),(4161,NULL,'2097-10',2097,10,'2097-10-01','2097-10-31',NULL,NULL,40723,0,NULL,1,0,0,1),(4162,NULL,'2097-11',2097,11,'2097-11-01','2097-11-30',NULL,NULL,40723,0,NULL,1,0,0,1),(4163,NULL,'2097-12',2097,12,'2097-12-01','2097-12-31',NULL,NULL,40723,0,NULL,1,0,0,1),(4167,NULL,'2098-01',2098,1,'2098-01-01','2098-01-31',NULL,NULL,40723,0,NULL,1,0,0,1),(4168,NULL,'2098-02',2098,2,'2098-02-01','2098-02-28',NULL,NULL,40723,0,NULL,1,0,0,1),(4169,NULL,'2098-03',2098,3,'2098-03-01','2098-03-31',NULL,NULL,40723,0,NULL,1,0,0,1),(4170,NULL,'2098-04',2098,4,'2098-04-01','2098-04-30',NULL,NULL,40723,0,NULL,1,0,0,1),(4171,NULL,'2098-05',2098,5,'2098-05-01','2098-05-31',NULL,NULL,40723,0,NULL,1,0,0,1),(4172,NULL,'2098-06',2098,6,'2098-06-01','2098-06-30',NULL,NULL,40723,0,NULL,1,0,0,1),(4173,NULL,'2098-07',2098,7,'2098-07-01','2098-07-31',NULL,NULL,40723,0,NULL,1,0,0,1),(4174,NULL,'2098-08',2098,8,'2098-08-01','2098-08-31',NULL,NULL,40723,0,NULL,1,0,0,1),(4175,NULL,'2098-09',2098,9,'2098-09-01','2098-09-30',NULL,NULL,40723,0,NULL,1,0,0,1),(4176,NULL,'2098-10',2098,10,'2098-10-01','2098-10-31',NULL,NULL,40723,0,NULL,1,0,0,1),(4177,NULL,'2098-11',2098,11,'2098-11-01','2098-11-30',NULL,NULL,40723,0,NULL,1,0,0,1),(4178,NULL,'2098-12',2098,12,'2098-12-01','2098-12-31',NULL,NULL,40723,0,NULL,1,0,0,1),(4182,NULL,'2099-01',2099,1,'2099-01-01','2099-01-31',NULL,NULL,40723,0,NULL,1,0,0,1),(4183,NULL,'2099-02',2099,2,'2099-02-01','2099-02-28',NULL,NULL,40723,0,NULL,1,0,0,1),(4184,NULL,'2099-03',2099,3,'2099-03-01','2099-03-31',NULL,NULL,40723,0,NULL,1,0,0,1),(4185,NULL,'2099-04',2099,4,'2099-04-01','2099-04-30',NULL,NULL,40723,0,NULL,1,0,0,1),(4186,NULL,'2099-05',2099,5,'2099-05-01','2099-05-31',NULL,NULL,40723,0,NULL,1,0,0,1),(4187,NULL,'2099-06',2099,6,'2099-06-01','2099-06-30',NULL,NULL,40723,0,NULL,1,0,0,1),(4188,NULL,'2099-07',2099,7,'2099-07-01','2099-07-31',NULL,NULL,40723,0,NULL,1,0,0,1),(4189,NULL,'2099-08',2099,8,'2099-08-01','2099-08-31',NULL,NULL,40723,0,NULL,1,0,0,1),(4190,NULL,'2099-09',2099,9,'2099-09-01','2099-09-30',NULL,NULL,40723,0,NULL,1,0,0,1),(4191,NULL,'2099-10',2099,10,'2099-10-01','2099-10-31',NULL,NULL,40723,0,NULL,1,0,0,1),(4192,NULL,'2099-11',2099,11,'2099-11-01','2099-11-30',NULL,NULL,40723,0,NULL,1,0,0,1),(4193,NULL,'2099-12',2099,12,'2099-12-01','2099-12-31',NULL,NULL,40723,0,NULL,1,0,0,1),(4197,NULL,'2100-01',2100,1,'2100-01-01','2100-01-31',NULL,NULL,40723,0,NULL,1,0,0,1),(4198,NULL,'2100-02',2100,2,'2100-02-01','2100-02-28',NULL,NULL,40723,0,NULL,1,0,0,1),(4199,NULL,'2100-03',2100,3,'2100-03-01','2100-03-31',NULL,NULL,40723,0,NULL,1,0,0,1),(4200,NULL,'2100-04',2100,4,'2100-04-01','2100-04-30',NULL,NULL,40723,0,NULL,1,0,0,1),(4201,NULL,'2100-05',2100,5,'2100-05-01','2100-05-31',NULL,NULL,40723,0,NULL,1,0,0,1),(4202,NULL,'2100-06',2100,6,'2100-06-01','2100-06-30',NULL,NULL,40723,0,NULL,1,0,0,1),(4203,NULL,'2100-07',2100,7,'2100-07-01','2100-07-31',NULL,NULL,40723,0,NULL,1,0,0,1),(4204,NULL,'2100-08',2100,8,'2100-08-01','2100-08-31',NULL,NULL,40723,0,NULL,1,0,0,1),(4205,NULL,'2100-09',2100,9,'2100-09-01','2100-09-30',NULL,NULL,40723,0,NULL,1,0,0,1),(4206,NULL,'2100-10',2100,10,'2100-10-01','2100-10-31',NULL,NULL,40723,0,NULL,1,0,0,1),(4207,NULL,'2100-11',2100,11,'2100-11-01','2100-11-30',NULL,NULL,40723,0,NULL,1,0,0,1),(4208,NULL,'2100-12',2100,12,'2100-12-01','2100-12-31',NULL,NULL,40723,0,NULL,1,0,0,1),(4212,NULL,'2101-01',2101,1,'2101-01-01','2101-01-31',NULL,NULL,40723,0,NULL,1,0,0,1),(4213,NULL,'2101-02',2101,2,'2101-02-01','2101-02-28',NULL,NULL,40723,0,NULL,1,0,0,1),(4214,NULL,'2101-03',2101,3,'2101-03-01','2101-03-31',NULL,NULL,40723,0,NULL,1,0,0,1),(4215,NULL,'2101-04',2101,4,'2101-04-01','2101-04-30',NULL,NULL,40723,0,NULL,1,0,0,1);
INSERT INTO `periods` VALUES (4216,NULL,'2101-05',2101,5,'2101-05-01','2101-05-31',NULL,NULL,40723,0,NULL,1,0,0,1),(4217,NULL,'2101-06',2101,6,'2101-06-01','2101-06-30',NULL,NULL,40723,0,NULL,1,0,0,1),(4218,NULL,'2101-07',2101,7,'2101-07-01','2101-07-31',NULL,NULL,40723,0,NULL,1,0,0,1),(4219,NULL,'2101-08',2101,8,'2101-08-01','2101-08-31',NULL,NULL,40723,0,NULL,1,0,0,1),(4220,NULL,'2101-09',2101,9,'2101-09-01','2101-09-30',NULL,NULL,40723,0,NULL,1,0,0,1),(4221,NULL,'2101-10',2101,10,'2101-10-01','2101-10-31',NULL,NULL,40723,0,NULL,1,0,0,1),(4222,NULL,'2101-11',2101,11,'2101-11-01','2101-11-30',NULL,NULL,40723,0,NULL,1,0,0,1),(4223,NULL,'2101-12',2101,12,'2101-12-01','2101-12-31',NULL,NULL,40723,0,NULL,1,0,0,1),(4227,NULL,'2102-01',2102,1,'2102-01-01','2102-01-31',NULL,NULL,40723,0,NULL,1,0,0,1),(4228,NULL,'2102-02',2102,2,'2102-02-01','2102-02-28',NULL,NULL,40723,0,NULL,1,0,0,1),(4229,NULL,'2102-03',2102,3,'2102-03-01','2102-03-31',NULL,NULL,40723,0,NULL,1,0,0,1),(4230,NULL,'2102-04',2102,4,'2102-04-01','2102-04-30',NULL,NULL,40723,0,NULL,1,0,0,1),(4231,NULL,'2102-05',2102,5,'2102-05-01','2102-05-31',NULL,NULL,40723,0,NULL,1,0,0,1),(4232,NULL,'2102-06',2102,6,'2102-06-01','2102-06-30',NULL,NULL,40723,0,NULL,1,0,0,1),(4233,NULL,'2102-07',2102,7,'2102-07-01','2102-07-31',NULL,NULL,40723,0,NULL,1,0,0,1),(4234,NULL,'2102-08',2102,8,'2102-08-01','2102-08-31',NULL,NULL,40723,0,NULL,1,0,0,1),(4235,NULL,'2102-09',2102,9,'2102-09-01','2102-09-30',NULL,NULL,40723,0,NULL,1,0,0,1),(4236,NULL,'2102-10',2102,10,'2102-10-01','2102-10-31',NULL,NULL,40723,0,NULL,1,0,0,1),(4237,NULL,'2102-11',2102,11,'2102-11-01','2102-11-30',NULL,NULL,40723,0,NULL,1,0,0,1),(4238,NULL,'2102-12',2102,12,'2102-12-01','2102-12-31',NULL,NULL,40723,0,NULL,1,0,0,1),(4242,NULL,'2103-01',2103,1,'2103-01-01','2103-01-31',NULL,NULL,40723,0,NULL,1,0,0,1),(4243,NULL,'2103-02',2103,2,'2103-02-01','2103-02-28',NULL,NULL,40723,0,NULL,1,0,0,1),(4244,NULL,'2103-03',2103,3,'2103-03-01','2103-03-31',NULL,NULL,40723,0,NULL,1,0,0,1),(4245,NULL,'2103-04',2103,4,'2103-04-01','2103-04-30',NULL,NULL,40723,0,NULL,1,0,0,1),(4246,NULL,'2103-05',2103,5,'2103-05-01','2103-05-31',NULL,NULL,40723,0,NULL,1,0,0,1),(4247,NULL,'2103-06',2103,6,'2103-06-01','2103-06-30',NULL,NULL,40723,0,NULL,1,0,0,1),(4248,NULL,'2103-07',2103,7,'2103-07-01','2103-07-31',NULL,NULL,40723,0,NULL,1,0,0,1),(4249,NULL,'2103-08',2103,8,'2103-08-01','2103-08-31',NULL,NULL,40723,0,NULL,1,0,0,1),(4250,NULL,'2103-09',2103,9,'2103-09-01','2103-09-30',NULL,NULL,40723,0,NULL,1,0,0,1),(4251,NULL,'2103-10',2103,10,'2103-10-01','2103-10-31',NULL,NULL,40723,0,NULL,1,0,0,1),(4252,NULL,'2103-11',2103,11,'2103-11-01','2103-11-30',NULL,NULL,40723,0,NULL,1,0,0,1),(4253,NULL,'2103-12',2103,12,'2103-12-01','2103-12-31',NULL,NULL,40723,0,NULL,1,0,0,1),(4257,NULL,'2104-01',2104,1,'2104-01-01','2104-01-31',NULL,NULL,40723,0,NULL,1,0,0,1),(4258,NULL,'2104-02',2104,2,'2104-02-01','2104-02-28',NULL,NULL,40723,0,NULL,1,0,0,1),(4259,NULL,'2104-03',2104,3,'2104-03-01','2104-03-31',NULL,NULL,40723,0,NULL,1,0,0,1),(4260,NULL,'2104-04',2104,4,'2104-04-01','2104-04-30',NULL,NULL,40723,0,NULL,1,0,0,1),(4261,NULL,'2104-05',2104,5,'2104-05-01','2104-05-31',NULL,NULL,40723,0,NULL,1,0,0,1),(4262,NULL,'2104-06',2104,6,'2104-06-01','2104-06-30',NULL,NULL,40723,0,NULL,1,0,0,1),(4263,NULL,'2104-07',2104,7,'2104-07-01','2104-07-31',NULL,NULL,40723,0,NULL,1,0,0,1),(4264,NULL,'2104-08',2104,8,'2104-08-01','2104-08-31',NULL,NULL,40723,0,NULL,1,0,0,1),(4265,NULL,'2104-09',2104,9,'2104-09-01','2104-09-30',NULL,NULL,40723,0,NULL,1,0,0,1),(4266,NULL,'2104-10',2104,10,'2104-10-01','2104-10-31',NULL,NULL,40723,0,NULL,1,0,0,1),(4267,NULL,'2104-11',2104,11,'2104-11-01','2104-11-30',NULL,NULL,40723,0,NULL,1,0,0,1),(4268,NULL,'2104-12',2104,12,'2104-12-01','2104-12-31',NULL,NULL,40723,0,NULL,1,0,0,1),(4272,NULL,'2105-01',2105,1,'2105-01-01','2105-01-31',NULL,NULL,40723,0,NULL,1,0,0,1),(4273,NULL,'2105-02',2105,2,'2105-02-01','2105-02-28',NULL,NULL,40723,0,NULL,1,0,0,1);
INSERT INTO `periods` VALUES (4274,NULL,'2105-03',2105,3,'2105-03-01','2105-03-31',NULL,NULL,40723,0,NULL,1,0,0,1),(4275,NULL,'2105-04',2105,4,'2105-04-01','2105-04-30',NULL,NULL,40723,0,NULL,1,0,0,1),(4276,NULL,'2105-05',2105,5,'2105-05-01','2105-05-31',NULL,NULL,40723,0,NULL,1,0,0,1),(4277,NULL,'2105-06',2105,6,'2105-06-01','2105-06-30',NULL,NULL,40723,0,NULL,1,0,0,1),(4278,NULL,'2105-07',2105,7,'2105-07-01','2105-07-31',NULL,NULL,40723,0,NULL,1,0,0,1),(4279,NULL,'2105-08',2105,8,'2105-08-01','2105-08-31',NULL,NULL,40723,0,NULL,1,0,0,1),(4280,NULL,'2105-09',2105,9,'2105-09-01','2105-09-30',NULL,NULL,40723,0,NULL,1,0,0,1),(4281,NULL,'2105-10',2105,10,'2105-10-01','2105-10-31',NULL,NULL,40723,0,NULL,1,0,0,1),(4282,NULL,'2105-11',2105,11,'2105-11-01','2105-11-30',NULL,NULL,40723,0,NULL,1,0,0,1),(4283,NULL,'2105-12',2105,12,'2105-12-01','2105-12-31',NULL,NULL,40723,0,NULL,1,0,0,1),(4287,NULL,'2106-01',2106,1,'2106-01-01','2106-01-31',NULL,NULL,40723,0,NULL,1,0,0,1),(4288,NULL,'2106-02',2106,2,'2106-02-01','2106-02-28',NULL,NULL,40723,0,NULL,1,0,0,1),(4289,NULL,'2106-03',2106,3,'2106-03-01','2106-03-31',NULL,NULL,40723,0,NULL,1,0,0,1),(4290,NULL,'2106-04',2106,4,'2106-04-01','2106-04-30',NULL,NULL,40723,0,NULL,1,0,0,1),(4291,NULL,'2106-05',2106,5,'2106-05-01','2106-05-31',NULL,NULL,40723,0,NULL,1,0,0,1),(4292,NULL,'2106-06',2106,6,'2106-06-01','2106-06-30',NULL,NULL,40723,0,NULL,1,0,0,1),(4293,NULL,'2106-07',2106,7,'2106-07-01','2106-07-31',NULL,NULL,40723,0,NULL,1,0,0,1),(4294,NULL,'2106-08',2106,8,'2106-08-01','2106-08-31',NULL,NULL,40723,0,NULL,1,0,0,1),(4295,NULL,'2106-09',2106,9,'2106-09-01','2106-09-30',NULL,NULL,40723,0,NULL,1,0,0,1),(4296,NULL,'2106-10',2106,10,'2106-10-01','2106-10-31',NULL,NULL,40723,0,NULL,1,0,0,1),(4297,NULL,'2106-11',2106,11,'2106-11-01','2106-11-30',NULL,NULL,40723,0,NULL,1,0,0,1),(4298,NULL,'2106-12',2106,12,'2106-12-01','2106-12-31',NULL,NULL,40723,0,NULL,1,0,0,1),(4302,NULL,'2107-01',2107,1,'2107-01-01','2107-01-31',NULL,NULL,40723,0,NULL,1,0,0,1),(4303,NULL,'2107-02',2107,2,'2107-02-01','2107-02-28',NULL,NULL,40723,0,NULL,1,0,0,1),(4304,NULL,'2107-03',2107,3,'2107-03-01','2107-03-31',NULL,NULL,40723,0,NULL,1,0,0,1),(4305,NULL,'2107-04',2107,4,'2107-04-01','2107-04-30',NULL,NULL,40723,0,NULL,1,0,0,1),(4306,NULL,'2107-05',2107,5,'2107-05-01','2107-05-31',NULL,NULL,40723,0,NULL,1,0,0,1),(4307,NULL,'2107-06',2107,6,'2107-06-01','2107-06-30',NULL,NULL,40723,0,NULL,1,0,0,1),(4308,NULL,'2107-07',2107,7,'2107-07-01','2107-07-31',NULL,NULL,40723,0,NULL,1,0,0,1),(4309,NULL,'2107-08',2107,8,'2107-08-01','2107-08-31',NULL,NULL,40723,0,NULL,1,0,0,1),(4310,NULL,'2107-09',2107,9,'2107-09-01','2107-09-30',NULL,NULL,40723,0,NULL,1,0,0,1),(4311,NULL,'2107-10',2107,10,'2107-10-01','2107-10-31',NULL,NULL,40723,0,NULL,1,0,0,1),(4312,NULL,'2107-11',2107,11,'2107-11-01','2107-11-30',NULL,NULL,40723,0,NULL,1,0,0,1),(4313,NULL,'2107-12',2107,12,'2107-12-01','2107-12-31',NULL,NULL,40723,0,NULL,1,0,0,1),(4317,NULL,'2108-01',2108,1,'2108-01-01','2108-01-31',NULL,NULL,40723,0,NULL,1,0,0,1),(4318,NULL,'2108-02',2108,2,'2108-02-01','2108-02-28',NULL,NULL,40723,0,NULL,1,0,0,1),(4319,NULL,'2108-03',2108,3,'2108-03-01','2108-03-31',NULL,NULL,40723,0,NULL,1,0,0,1),(4320,NULL,'2108-04',2108,4,'2108-04-01','2108-04-30',NULL,NULL,40723,0,NULL,1,0,0,1),(4321,NULL,'2108-05',2108,5,'2108-05-01','2108-05-31',NULL,NULL,40723,0,NULL,1,0,0,1),(4322,NULL,'2108-06',2108,6,'2108-06-01','2108-06-30',NULL,NULL,40723,0,NULL,1,0,0,1),(4323,NULL,'2108-07',2108,7,'2108-07-01','2108-07-31',NULL,NULL,40723,0,NULL,1,0,0,1),(4324,NULL,'2108-08',2108,8,'2108-08-01','2108-08-31',NULL,NULL,40723,0,NULL,1,0,0,1),(4325,NULL,'2108-09',2108,9,'2108-09-01','2108-09-30',NULL,NULL,40723,0,NULL,1,0,0,1),(4326,NULL,'2108-10',2108,10,'2108-10-01','2108-10-31',NULL,NULL,40723,0,NULL,1,0,0,1),(4327,NULL,'2108-11',2108,11,'2108-11-01','2108-11-30',NULL,NULL,40723,0,NULL,1,0,0,1),(4328,NULL,'2108-12',2108,12,'2108-12-01','2108-12-31',NULL,NULL,40723,0,NULL,1,0,0,1);
INSERT INTO `periods` VALUES (4332,NULL,'2109-01',2109,1,'2109-01-01','2109-01-31',NULL,NULL,40723,0,NULL,1,0,0,1),(4333,NULL,'2109-02',2109,2,'2109-02-01','2109-02-28',NULL,NULL,40723,0,NULL,1,0,0,1),(4334,NULL,'2109-03',2109,3,'2109-03-01','2109-03-31',NULL,NULL,40723,0,NULL,1,0,0,1),(4335,NULL,'2109-04',2109,4,'2109-04-01','2109-04-30',NULL,NULL,40723,0,NULL,1,0,0,1),(4336,NULL,'2109-05',2109,5,'2109-05-01','2109-05-31',NULL,NULL,40723,0,NULL,1,0,0,1),(4337,NULL,'2109-06',2109,6,'2109-06-01','2109-06-30',NULL,NULL,40723,0,NULL,1,0,0,1),(4338,NULL,'2109-07',2109,7,'2109-07-01','2109-07-31',NULL,NULL,40723,0,NULL,1,0,0,1),(4339,NULL,'2109-08',2109,8,'2109-08-01','2109-08-31',NULL,NULL,40723,0,NULL,1,0,0,1),(4340,NULL,'2109-09',2109,9,'2109-09-01','2109-09-30',NULL,NULL,40723,0,NULL,1,0,0,1),(4341,NULL,'2109-10',2109,10,'2109-10-01','2109-10-31',NULL,NULL,40723,0,NULL,1,0,0,1),(4342,NULL,'2109-11',2109,11,'2109-11-01','2109-11-30',NULL,NULL,40723,0,NULL,1,0,0,1),(4343,NULL,'2109-12',2109,12,'2109-12-01','2109-12-31',NULL,NULL,40723,0,NULL,1,0,0,1),(4347,NULL,'2110-01',2110,1,'2110-01-01','2110-01-31',NULL,NULL,40723,0,NULL,1,0,0,1),(4348,NULL,'2110-02',2110,2,'2110-02-01','2110-02-28',NULL,NULL,40723,0,NULL,1,0,0,1),(4349,NULL,'2110-03',2110,3,'2110-03-01','2110-03-31',NULL,NULL,40723,0,NULL,1,0,0,1),(4350,NULL,'2110-04',2110,4,'2110-04-01','2110-04-30',NULL,NULL,40723,0,NULL,1,0,0,1),(4351,NULL,'2110-05',2110,5,'2110-05-01','2110-05-31',NULL,NULL,40723,0,NULL,1,0,0,1),(4352,NULL,'2110-06',2110,6,'2110-06-01','2110-06-30',NULL,NULL,40723,0,NULL,1,0,0,1),(4353,NULL,'2110-07',2110,7,'2110-07-01','2110-07-31',NULL,NULL,40723,0,NULL,1,0,0,1),(4354,NULL,'2110-08',2110,8,'2110-08-01','2110-08-31',NULL,NULL,40723,0,NULL,1,0,0,1),(4355,NULL,'2110-09',2110,9,'2110-09-01','2110-09-30',NULL,NULL,40723,0,NULL,1,0,0,1),(4356,NULL,'2110-10',2110,10,'2110-10-01','2110-10-31',NULL,NULL,40723,0,NULL,1,0,0,1),(4357,NULL,'2110-11',2110,11,'2110-11-01','2110-11-30',NULL,NULL,40723,0,NULL,1,0,0,1),(4358,NULL,'2110-12',2110,12,'2110-12-01','2110-12-31',NULL,NULL,40723,0,NULL,1,0,0,1),(4362,NULL,'2111-01',2111,1,'2111-01-01','2111-01-31',NULL,NULL,40723,0,NULL,1,0,0,1),(4363,NULL,'2111-02',2111,2,'2111-02-01','2111-02-28',NULL,NULL,40723,0,NULL,1,0,0,1),(4364,NULL,'2111-03',2111,3,'2111-03-01','2111-03-31',NULL,NULL,40723,0,NULL,1,0,0,1),(4365,NULL,'2111-04',2111,4,'2111-04-01','2111-04-30',NULL,NULL,40723,0,NULL,1,0,0,1),(4366,NULL,'2111-05',2111,5,'2111-05-01','2111-05-31',NULL,NULL,40723,0,NULL,1,0,0,1),(4367,NULL,'2111-06',2111,6,'2111-06-01','2111-06-30',NULL,NULL,40723,0,NULL,1,0,0,1),(4368,NULL,'2111-07',2111,7,'2111-07-01','2111-07-31',NULL,NULL,40723,0,NULL,1,0,0,1),(4369,NULL,'2111-08',2111,8,'2111-08-01','2111-08-31',NULL,NULL,40723,0,NULL,1,0,0,1),(4370,NULL,'2111-09',2111,9,'2111-09-01','2111-09-30',NULL,NULL,40723,0,NULL,1,0,0,1),(4371,NULL,'2111-10',2111,10,'2111-10-01','2111-10-31',NULL,NULL,40723,0,NULL,1,0,0,1),(4372,NULL,'2111-11',2111,11,'2111-11-01','2111-11-30',NULL,NULL,40723,0,NULL,1,0,0,1),(4373,NULL,'2111-12',2111,12,'2111-12-01','2111-12-31',NULL,NULL,40723,0,NULL,1,0,0,1),(4377,NULL,'2112-01',2112,1,'2112-01-01','2112-01-31',NULL,NULL,40723,0,NULL,1,0,0,1),(4378,NULL,'2112-02',2112,2,'2112-02-01','2112-02-28',NULL,NULL,40723,0,NULL,1,0,0,1),(4379,NULL,'2112-03',2112,3,'2112-03-01','2112-03-31',NULL,NULL,40723,0,NULL,1,0,0,1),(4380,NULL,'2112-04',2112,4,'2112-04-01','2112-04-30',NULL,NULL,40723,0,NULL,1,0,0,1),(4381,NULL,'2112-05',2112,5,'2112-05-01','2112-05-31',NULL,NULL,40723,0,NULL,1,0,0,1),(4382,NULL,'2112-06',2112,6,'2112-06-01','2112-06-30',NULL,NULL,40723,0,NULL,1,0,0,1),(4383,NULL,'2112-07',2112,7,'2112-07-01','2112-07-31',NULL,NULL,40723,0,NULL,1,0,0,1),(4384,NULL,'2112-08',2112,8,'2112-08-01','2112-08-31',NULL,NULL,40723,0,NULL,1,0,0,1),(4385,NULL,'2112-09',2112,9,'2112-09-01','2112-09-30',NULL,NULL,40723,0,NULL,1,0,0,1),(4386,NULL,'2112-10',2112,10,'2112-10-01','2112-10-31',NULL,NULL,40723,0,NULL,1,0,0,1);
INSERT INTO `periods` VALUES (4387,NULL,'2112-11',2112,11,'2112-11-01','2112-11-30',NULL,NULL,40723,0,NULL,1,0,0,1),(4388,NULL,'2112-12',2112,12,'2112-12-01','2112-12-31',NULL,NULL,40723,0,NULL,1,0,0,1),(4392,NULL,'2113-01',2113,1,'2113-01-01','2113-01-31',NULL,NULL,40723,0,NULL,1,0,0,1),(4393,NULL,'2113-02',2113,2,'2113-02-01','2113-02-28',NULL,NULL,40723,0,NULL,1,0,0,1),(4394,NULL,'2113-03',2113,3,'2113-03-01','2113-03-31',NULL,NULL,40723,0,NULL,1,0,0,1),(4395,NULL,'2113-04',2113,4,'2113-04-01','2113-04-30',NULL,NULL,40723,0,NULL,1,0,0,1),(4396,NULL,'2113-05',2113,5,'2113-05-01','2113-05-31',NULL,NULL,40723,0,NULL,1,0,0,1),(4397,NULL,'2113-06',2113,6,'2113-06-01','2113-06-30',NULL,NULL,40723,0,NULL,1,0,0,1),(4398,NULL,'2113-07',2113,7,'2113-07-01','2113-07-31',NULL,NULL,40723,0,NULL,1,0,0,1),(4399,NULL,'2113-08',2113,8,'2113-08-01','2113-08-31',NULL,NULL,40723,0,NULL,1,0,0,1),(4400,NULL,'2113-09',2113,9,'2113-09-01','2113-09-30',NULL,NULL,40723,0,NULL,1,0,0,1),(4401,NULL,'2113-10',2113,10,'2113-10-01','2113-10-31',NULL,NULL,40723,0,NULL,1,0,0,1),(4402,NULL,'2113-11',2113,11,'2113-11-01','2113-11-30',NULL,NULL,40723,0,NULL,1,0,0,1),(4403,NULL,'2113-12',2113,12,'2113-12-01','2113-12-31',NULL,NULL,40723,0,NULL,1,0,0,1),(4407,NULL,'2114-01',2114,1,'2114-01-01','2114-01-31',NULL,NULL,40723,0,NULL,1,0,0,1),(4408,NULL,'2114-02',2114,2,'2114-02-01','2114-02-28',NULL,NULL,40723,0,NULL,1,0,0,1),(4409,NULL,'2114-03',2114,3,'2114-03-01','2114-03-31',NULL,NULL,40723,0,NULL,1,0,0,1),(4410,NULL,'2114-04',2114,4,'2114-04-01','2114-04-30',NULL,NULL,40723,0,NULL,1,0,0,1),(4411,NULL,'2114-05',2114,5,'2114-05-01','2114-05-31',NULL,NULL,40723,0,NULL,1,0,0,1),(4412,NULL,'2114-06',2114,6,'2114-06-01','2114-06-30',NULL,NULL,40723,0,NULL,1,0,0,1),(4413,NULL,'2114-07',2114,7,'2114-07-01','2114-07-31',NULL,NULL,40723,0,NULL,1,0,0,1),(4414,NULL,'2114-08',2114,8,'2114-08-01','2114-08-31',NULL,NULL,40723,0,NULL,1,0,0,1),(4415,NULL,'2114-09',2114,9,'2114-09-01','2114-09-30',NULL,NULL,40723,0,NULL,1,0,0,1),(4416,NULL,'2114-10',2114,10,'2114-10-01','2114-10-31',NULL,NULL,40723,0,NULL,1,0,0,1),(4417,NULL,'2114-11',2114,11,'2114-11-01','2114-11-30',NULL,NULL,40723,0,NULL,1,0,0,1),(4418,NULL,'2114-12',2114,12,'2114-12-01','2114-12-31',NULL,NULL,40723,0,NULL,1,0,0,1),(4422,NULL,'2115-01',2115,1,'2115-01-01','2115-01-31',NULL,NULL,40723,0,NULL,1,0,0,1),(4423,NULL,'2115-02',2115,2,'2115-02-01','2115-02-28',NULL,NULL,40723,0,NULL,1,0,0,1),(4424,NULL,'2115-03',2115,3,'2115-03-01','2115-03-31',NULL,NULL,40723,0,NULL,1,0,0,1),(4425,NULL,'2115-04',2115,4,'2115-04-01','2115-04-30',NULL,NULL,40723,0,NULL,1,0,0,1),(4426,NULL,'2115-05',2115,5,'2115-05-01','2115-05-31',NULL,NULL,40723,0,NULL,1,0,0,1),(4427,NULL,'2115-06',2115,6,'2115-06-01','2115-06-30',NULL,NULL,40723,0,NULL,1,0,0,1),(4428,NULL,'2115-07',2115,7,'2115-07-01','2115-07-31',NULL,NULL,40723,0,NULL,1,0,0,1),(4429,NULL,'2115-08',2115,8,'2115-08-01','2115-08-31',NULL,NULL,40723,0,NULL,1,0,0,1),(4430,NULL,'2115-09',2115,9,'2115-09-01','2115-09-30',NULL,NULL,40723,0,NULL,1,0,0,1),(4431,NULL,'2115-10',2115,10,'2115-10-01','2115-10-31',NULL,NULL,40723,0,NULL,1,0,0,1),(4432,NULL,'2115-11',2115,11,'2115-11-01','2115-11-30',NULL,NULL,40723,0,NULL,1,0,0,1),(4433,NULL,'2115-12',2115,12,'2115-12-01','2115-12-31',NULL,NULL,40723,0,NULL,1,0,0,1),(4437,NULL,'2116-01',2116,1,'2116-01-01','2116-01-31',NULL,NULL,40723,0,NULL,1,0,0,1),(4438,NULL,'2116-02',2116,2,'2116-02-01','2116-02-28',NULL,NULL,40723,0,NULL,1,0,0,1),(4439,NULL,'2116-03',2116,3,'2116-03-01','2116-03-31',NULL,NULL,40723,0,NULL,1,0,0,1),(4440,NULL,'2116-04',2116,4,'2116-04-01','2116-04-30',NULL,NULL,40723,0,NULL,1,0,0,1),(4441,NULL,'2116-05',2116,5,'2116-05-01','2116-05-31',NULL,NULL,40723,0,NULL,1,0,0,1),(4442,NULL,'2116-06',2116,6,'2116-06-01','2116-06-30',NULL,NULL,40723,0,NULL,1,0,0,1),(4443,NULL,'2116-07',2116,7,'2116-07-01','2116-07-31',NULL,NULL,40723,0,NULL,1,0,0,1),(4444,NULL,'2116-08',2116,8,'2116-08-01','2116-08-31',NULL,NULL,40723,0,NULL,1,0,0,1);
INSERT INTO `periods` VALUES (4445,NULL,'2116-09',2116,9,'2116-09-01','2116-09-30',NULL,NULL,40723,0,NULL,1,0,0,1),(4446,NULL,'2116-10',2116,10,'2116-10-01','2116-10-31',NULL,NULL,40723,0,NULL,1,0,0,1),(4447,NULL,'2116-11',2116,11,'2116-11-01','2116-11-30',NULL,NULL,40723,0,NULL,1,0,0,1),(4448,NULL,'2116-12',2116,12,'2116-12-01','2116-12-31',NULL,NULL,40723,0,NULL,1,0,0,1),(4452,NULL,'2117-01',2117,1,'2117-01-01','2117-01-31',NULL,NULL,40723,0,NULL,1,0,0,1),(4453,NULL,'2117-02',2117,2,'2117-02-01','2117-02-28',NULL,NULL,40723,0,NULL,1,0,0,1),(4454,NULL,'2117-03',2117,3,'2117-03-01','2117-03-31',NULL,NULL,40723,0,NULL,1,0,0,1),(4455,NULL,'2117-04',2117,4,'2117-04-01','2117-04-30',NULL,NULL,40723,0,NULL,1,0,0,1),(4456,NULL,'2117-05',2117,5,'2117-05-01','2117-05-31',NULL,NULL,40723,0,NULL,1,0,0,1),(4457,NULL,'2117-06',2117,6,'2117-06-01','2117-06-30',NULL,NULL,40723,0,NULL,1,0,0,1),(4458,NULL,'2117-07',2117,7,'2117-07-01','2117-07-31',NULL,NULL,40723,0,NULL,1,0,0,1),(4459,NULL,'2117-08',2117,8,'2117-08-01','2117-08-31',NULL,NULL,40723,0,NULL,1,0,0,1),(4460,NULL,'2117-09',2117,9,'2117-09-01','2117-09-30',NULL,NULL,40723,0,NULL,1,0,0,1),(4461,NULL,'2117-10',2117,10,'2117-10-01','2117-10-31',NULL,NULL,40723,0,NULL,1,0,0,1),(4462,NULL,'2117-11',2117,11,'2117-11-01','2117-11-30',NULL,NULL,40723,0,NULL,1,0,0,1),(4463,NULL,'2117-12',2117,12,'2117-12-01','2117-12-31',NULL,NULL,40723,0,NULL,1,0,0,1),(4467,NULL,'2118-01',2118,1,'2118-01-01','2118-01-31',NULL,NULL,40723,0,NULL,1,0,0,1),(4468,NULL,'2118-02',2118,2,'2118-02-01','2118-02-28',NULL,NULL,40723,0,NULL,1,0,0,1),(4469,NULL,'2118-03',2118,3,'2118-03-01','2118-03-31',NULL,NULL,40723,0,NULL,1,0,0,1),(4470,NULL,'2118-04',2118,4,'2118-04-01','2118-04-30',NULL,NULL,40723,0,NULL,1,0,0,1),(4471,NULL,'2118-05',2118,5,'2118-05-01','2118-05-31',NULL,NULL,40723,0,NULL,1,0,0,1),(4472,NULL,'2118-06',2118,6,'2118-06-01','2118-06-30',NULL,NULL,40723,0,NULL,1,0,0,1),(4473,NULL,'2118-07',2118,7,'2118-07-01','2118-07-31',NULL,NULL,40723,0,NULL,1,0,0,1),(4474,NULL,'2118-08',2118,8,'2118-08-01','2118-08-31',NULL,NULL,40723,0,NULL,1,0,0,1),(4475,NULL,'2118-09',2118,9,'2118-09-01','2118-09-30',NULL,NULL,40723,0,NULL,1,0,0,1),(4476,NULL,'2118-10',2118,10,'2118-10-01','2118-10-31',NULL,NULL,40723,0,NULL,1,0,0,1),(4477,NULL,'2118-11',2118,11,'2118-11-01','2118-11-30',NULL,NULL,40723,0,NULL,1,0,0,1),(4478,NULL,'2118-12',2118,12,'2118-12-01','2118-12-31',NULL,NULL,40723,0,NULL,1,0,0,1),(4482,NULL,'2119-01',2119,1,'2119-01-01','2119-01-31',NULL,NULL,40723,0,NULL,1,0,0,1),(4483,NULL,'2119-02',2119,2,'2119-02-01','2119-02-28',NULL,NULL,40723,0,NULL,1,0,0,1),(4484,NULL,'2119-03',2119,3,'2119-03-01','2119-03-31',NULL,NULL,40723,0,NULL,1,0,0,1),(4485,NULL,'2119-04',2119,4,'2119-04-01','2119-04-30',NULL,NULL,40723,0,NULL,1,0,0,1),(4486,NULL,'2119-05',2119,5,'2119-05-01','2119-05-31',NULL,NULL,40723,0,NULL,1,0,0,1),(4487,NULL,'2119-06',2119,6,'2119-06-01','2119-06-30',NULL,NULL,40723,0,NULL,1,0,0,1),(4488,NULL,'2119-07',2119,7,'2119-07-01','2119-07-31',NULL,NULL,40723,0,NULL,1,0,0,1),(4489,NULL,'2119-08',2119,8,'2119-08-01','2119-08-31',NULL,NULL,40723,0,NULL,1,0,0,1),(4490,NULL,'2119-09',2119,9,'2119-09-01','2119-09-30',NULL,NULL,40723,0,NULL,1,0,0,1),(4491,NULL,'2119-10',2119,10,'2119-10-01','2119-10-31',NULL,NULL,40723,0,NULL,1,0,0,1),(4492,NULL,'2119-11',2119,11,'2119-11-01','2119-11-30',NULL,NULL,40723,0,NULL,1,0,0,1),(4493,NULL,'2119-12',2119,12,'2119-12-01','2119-12-31',NULL,NULL,40723,0,NULL,1,0,0,1),(4497,NULL,'2120-01',2120,1,'2120-01-01','2120-01-31',NULL,NULL,40723,0,NULL,1,0,0,1),(4498,NULL,'2120-02',2120,2,'2120-02-01','2120-02-28',NULL,NULL,40723,0,NULL,1,0,0,1),(4499,NULL,'2120-03',2120,3,'2120-03-01','2120-03-31',NULL,NULL,40723,0,NULL,1,0,0,1),(4500,NULL,'2120-04',2120,4,'2120-04-01','2120-04-30',NULL,NULL,40723,0,NULL,1,0,0,1),(4501,NULL,'2120-05',2120,5,'2120-05-01','2120-05-31',NULL,NULL,40723,0,NULL,1,0,0,1),(4502,NULL,'2120-06',2120,6,'2120-06-01','2120-06-30',NULL,NULL,40723,0,NULL,1,0,0,1);
INSERT INTO `periods` VALUES (4503,NULL,'2120-07',2120,7,'2120-07-01','2120-07-31',NULL,NULL,40723,0,NULL,1,0,0,1),(4504,NULL,'2120-08',2120,8,'2120-08-01','2120-08-31',NULL,NULL,40723,0,NULL,1,0,0,1),(4505,NULL,'2120-09',2120,9,'2120-09-01','2120-09-30',NULL,NULL,40723,0,NULL,1,0,0,1),(4506,NULL,'2120-10',2120,10,'2120-10-01','2120-10-31',NULL,NULL,40723,0,NULL,1,0,0,1),(4507,NULL,'2120-11',2120,11,'2120-11-01','2120-11-30',NULL,NULL,40723,0,NULL,1,0,0,1),(4508,NULL,'2120-12',2120,12,'2120-12-01','2120-12-31',NULL,NULL,40723,0,NULL,1,0,0,1),(4512,NULL,'2121-01',2121,1,'2121-01-01','2121-01-31',NULL,NULL,40723,0,NULL,1,0,0,1),(4513,NULL,'2121-02',2121,2,'2121-02-01','2121-02-28',NULL,NULL,40723,0,NULL,1,0,0,1),(4514,NULL,'2121-03',2121,3,'2121-03-01','2121-03-31',NULL,NULL,40723,0,NULL,1,0,0,1),(4515,NULL,'2121-04',2121,4,'2121-04-01','2121-04-30',NULL,NULL,40723,0,NULL,1,0,0,1),(4516,NULL,'2121-05',2121,5,'2121-05-01','2121-05-31',NULL,NULL,40723,0,NULL,1,0,0,1),(4517,NULL,'2121-06',2121,6,'2121-06-01','2121-06-30',NULL,NULL,40723,0,NULL,1,0,0,1),(4518,NULL,'2121-07',2121,7,'2121-07-01','2121-07-31',NULL,NULL,40723,0,NULL,1,0,0,1),(4519,NULL,'2121-08',2121,8,'2121-08-01','2121-08-31',NULL,NULL,40723,0,NULL,1,0,0,1),(4520,NULL,'2121-09',2121,9,'2121-09-01','2121-09-30',NULL,NULL,40723,0,NULL,1,0,0,1),(4521,NULL,'2121-10',2121,10,'2121-10-01','2121-10-31',NULL,NULL,40723,0,NULL,1,0,0,1),(4522,NULL,'2121-11',2121,11,'2121-11-01','2121-11-30',NULL,NULL,40723,0,NULL,1,0,0,1),(4523,NULL,'2121-12',2121,12,'2121-12-01','2121-12-31',NULL,NULL,40723,0,NULL,1,0,0,1),(4527,NULL,'2122-01',2122,1,'2122-01-01','2122-01-31',NULL,NULL,40723,0,NULL,1,0,0,1),(4528,NULL,'2122-02',2122,2,'2122-02-01','2122-02-28',NULL,NULL,40723,0,NULL,1,0,0,1),(4529,NULL,'2122-03',2122,3,'2122-03-01','2122-03-31',NULL,NULL,40723,0,NULL,1,0,0,1),(4530,NULL,'2122-04',2122,4,'2122-04-01','2122-04-30',NULL,NULL,40723,0,NULL,1,0,0,1),(4531,NULL,'2122-05',2122,5,'2122-05-01','2122-05-31',NULL,NULL,40723,0,NULL,1,0,0,1),(4532,NULL,'2122-06',2122,6,'2122-06-01','2122-06-30',NULL,NULL,40723,0,NULL,1,0,0,1),(4533,NULL,'2122-07',2122,7,'2122-07-01','2122-07-31',NULL,NULL,40723,0,NULL,1,0,0,1),(4534,NULL,'2122-08',2122,8,'2122-08-01','2122-08-31',NULL,NULL,40723,0,NULL,1,0,0,1),(4535,NULL,'2122-09',2122,9,'2122-09-01','2122-09-30',NULL,NULL,40723,0,NULL,1,0,0,1),(4536,NULL,'2122-10',2122,10,'2122-10-01','2122-10-31',NULL,NULL,40723,0,NULL,1,0,0,1),(4537,NULL,'2122-11',2122,11,'2122-11-01','2122-11-30',NULL,NULL,40723,0,NULL,1,0,0,1),(4538,NULL,'2122-12',2122,12,'2122-12-01','2122-12-31',NULL,NULL,40723,0,NULL,1,0,0,1),(4638,NULL,'2020-01',2020,1,'2020-01-01','2020-01-31',NULL,NULL,40720,0,NULL,1,0,0,1),(4639,NULL,'2020-02',2020,2,'2020-02-01','2020-02-28',NULL,NULL,40720,0,NULL,1,0,0,1),(4640,NULL,'2020-03',2020,3,'2020-03-01','2020-03-31',NULL,NULL,40720,0,NULL,1,0,0,1),(4641,NULL,'2020-04',2020,4,'2020-04-01','2020-04-30',NULL,NULL,40720,0,NULL,1,0,0,1),(4642,NULL,'2020-05',2020,5,'2020-05-01','2020-05-31',NULL,NULL,40720,0,NULL,1,0,0,1),(4643,NULL,'2020-06',2020,6,'2020-06-01','2020-06-30',NULL,NULL,40720,0,NULL,1,0,0,1),(4644,NULL,'2020-07',2020,7,'2020-07-01','2020-07-31',NULL,NULL,40720,0,NULL,1,0,0,1),(4645,NULL,'2020-08',2020,8,'2020-08-01','2020-08-31',NULL,NULL,40720,0,NULL,1,0,0,1),(4646,NULL,'2020-09',2020,9,'2020-09-01','2020-09-30',NULL,NULL,40720,0,NULL,1,0,0,1),(4647,NULL,'2020-10',2020,10,'2020-10-01','2020-10-31',NULL,NULL,40720,0,NULL,1,0,0,1),(4648,NULL,'2020-11',2020,11,'2020-11-01','2020-11-30',NULL,NULL,40720,0,NULL,1,0,0,1),(4649,NULL,'2020-12',2020,12,'2020-12-01','2020-12-31',NULL,NULL,40720,0,NULL,1,0,0,1),(4653,NULL,'2021-01',2021,1,'2021-01-01','2021-01-31',NULL,NULL,40720,0,NULL,1,0,0,1),(4654,NULL,'2021-02',2021,2,'2021-02-01','2021-02-28',NULL,NULL,40720,0,NULL,1,0,0,1),(4655,NULL,'2021-03',2021,3,'2021-03-01','2021-03-31',NULL,NULL,40720,0,NULL,1,0,0,1),(4656,NULL,'2021-04',2021,4,'2021-04-01','2021-04-30',NULL,NULL,40720,0,NULL,1,0,0,1);
INSERT INTO `periods` VALUES (4657,NULL,'2021-05',2021,5,'2021-05-01','2021-05-31',NULL,NULL,40720,0,NULL,1,0,0,1),(4658,NULL,'2021-06',2021,6,'2021-06-01','2021-06-30',NULL,NULL,40720,0,NULL,1,0,0,1),(4659,NULL,'2021-07',2021,7,'2021-07-01','2021-07-31',NULL,NULL,40720,0,NULL,1,0,0,1),(4660,NULL,'2021-08',2021,8,'2021-08-01','2021-08-31',NULL,NULL,40720,0,NULL,1,0,0,1),(4661,NULL,'2021-09',2021,9,'2021-09-01','2021-09-30',NULL,NULL,40720,0,NULL,1,0,0,1),(4662,NULL,'2021-10',2021,10,'2021-10-01','2021-10-31',NULL,NULL,40720,0,NULL,1,0,0,1),(4663,NULL,'2021-11',2021,11,'2021-11-01','2021-11-30',NULL,NULL,40720,0,NULL,1,0,0,1),(4664,NULL,'2021-12',2021,12,'2021-12-01','2021-12-31',NULL,NULL,40720,0,NULL,1,0,0,1),(4668,NULL,'2022-01',2022,1,'2022-01-01','2022-01-31',NULL,NULL,40720,0,NULL,1,0,0,1),(4669,NULL,'2022-02',2022,2,'2022-02-01','2022-02-28',NULL,NULL,40720,0,NULL,1,0,0,1),(4670,NULL,'2022-01',2022,1,'2022-01-01','2022-01-31',NULL,NULL,40741,0,NULL,1,0,0,1),(4671,NULL,'2022-02',2022,2,'2022-02-01','2022-02-28',NULL,NULL,40741,0,NULL,1,0,0,1),(4672,NULL,'2022-03',2022,3,'2022-03-01','2022-03-31',NULL,NULL,40741,0,NULL,1,0,0,1),(4673,NULL,'2022-04',2022,4,'2022-04-01','2022-04-30',NULL,NULL,40741,0,NULL,1,0,0,1),(4674,NULL,'2022-05',2022,5,'2022-05-01','2022-05-31',NULL,NULL,40741,0,NULL,1,0,0,1),(4675,NULL,'2022-06',2022,6,'2022-06-01','2022-06-30',NULL,NULL,40741,0,NULL,1,0,0,1),(4676,NULL,'2022-07',2022,7,'2022-07-01','2022-07-31',NULL,NULL,40741,0,NULL,1,0,0,1),(4677,NULL,'2022-08',2022,8,'2022-08-01','2022-08-31',NULL,NULL,40741,0,NULL,1,0,0,1),(4678,NULL,'2022-09',2022,9,'2022-09-01','2022-09-30',NULL,NULL,40741,0,NULL,1,0,0,1),(4679,NULL,'2022-10',2022,10,'2022-10-01','2022-10-31',NULL,NULL,40741,0,NULL,1,0,0,1),(4680,NULL,'2022-11',2022,11,'2022-11-01','2022-11-30',NULL,NULL,40741,0,NULL,1,0,0,1),(4681,NULL,'2022-12',2022,12,'2022-12-01','2022-12-31',NULL,NULL,40741,0,NULL,1,0,0,1),(4685,NULL,'2023-01',2023,1,'2023-01-01','2023-01-31',NULL,NULL,40741,0,NULL,1,0,0,1),(4686,NULL,'2023-02',2023,2,'2023-02-01','2023-02-28',NULL,NULL,40741,0,NULL,1,0,0,1),(4687,NULL,'2023-03',2023,3,'2023-03-01','2023-03-31',NULL,NULL,40741,0,NULL,1,0,0,1),(4688,NULL,'2023-04',2023,4,'2023-04-01','2023-04-30',NULL,NULL,40741,0,NULL,1,0,0,1),(4689,NULL,'2023-05',2023,5,'2023-05-01','2023-05-31',NULL,NULL,40741,0,NULL,1,0,0,1),(4690,NULL,'2023-06',2023,6,'2023-06-01','2023-06-30',NULL,NULL,40741,0,NULL,1,0,0,1),(4691,NULL,'2023-07',2023,7,'2023-07-01','2023-07-31',NULL,NULL,40741,0,NULL,1,0,0,1),(4692,NULL,'2023-08',2023,8,'2023-08-01','2023-08-31',NULL,NULL,40741,0,NULL,1,0,0,1),(4693,NULL,'2023-09',2023,9,'2023-09-01','2023-09-30',NULL,NULL,40741,0,NULL,1,0,0,1),(4694,NULL,'2023-10',2023,10,'2023-10-01','2023-10-31',NULL,NULL,40741,0,NULL,1,0,0,1),(4695,NULL,'2023-11',2023,11,'2023-11-01','2023-11-30',NULL,NULL,40741,0,NULL,1,0,0,1),(4696,NULL,'2023-12',2023,12,'2023-12-01','2023-12-31',NULL,NULL,40741,0,NULL,1,0,0,1),(4700,NULL,'2024-01',2024,1,'2024-01-01','2024-01-31',NULL,NULL,40741,0,NULL,1,0,0,1),(4701,NULL,'2024-02',2024,2,'2024-02-01','2024-02-28',NULL,NULL,40741,0,NULL,1,0,0,1),(4702,NULL,'2024-03',2024,3,'2024-03-01','2024-03-31',NULL,NULL,40741,0,NULL,1,0,0,1),(4703,NULL,'2024-04',2024,4,'2024-04-01','2024-04-30',NULL,NULL,40741,0,NULL,1,0,0,1),(4704,NULL,'2024-05',2024,5,'2024-05-01','2024-05-31',NULL,NULL,40741,0,NULL,1,0,0,1),(4705,NULL,'2024-06',2024,6,'2024-06-01','2024-06-30',NULL,NULL,40741,0,NULL,1,0,0,1),(4706,NULL,'2024-07',2024,7,'2024-07-01','2024-07-31',NULL,NULL,40741,0,NULL,1,0,0,1),(4707,NULL,'2024-08',2024,8,'2024-08-01','2024-08-31',NULL,NULL,40741,0,NULL,1,0,0,1),(4708,NULL,'2024-09',2024,9,'2024-09-01','2024-09-30',NULL,NULL,40741,0,NULL,1,0,0,1),(4709,NULL,'2024-10',2024,10,'2024-10-01','2024-10-31',NULL,NULL,40741,0,NULL,1,0,0,1),(4710,NULL,'2024-11',2024,11,'2024-11-01','2024-11-30',NULL,NULL,40741,0,NULL,1,0,0,1),(4711,NULL,'2024-12',2024,12,'2024-12-01','2024-12-31',NULL,NULL,40741,0,NULL,1,0,0,1);
INSERT INTO `periods` VALUES (4715,NULL,'2025-01',2025,1,'2025-01-01','2025-01-31',NULL,NULL,40741,0,NULL,1,0,0,1),(4716,NULL,'2025-02',2025,2,'2025-02-01','2025-02-28',NULL,NULL,40741,0,NULL,1,0,0,1),(4717,NULL,'2025-03',2025,3,'2025-03-01','2025-03-31',NULL,NULL,40741,0,NULL,1,0,0,1),(4718,NULL,'2025-04',2025,4,'2025-04-01','2025-04-30',NULL,NULL,40741,0,NULL,1,0,0,1),(4719,NULL,'2025-05',2025,5,'2025-05-01','2025-05-31',NULL,NULL,40741,0,NULL,1,0,0,1),(4720,NULL,'2025-06',2025,6,'2025-06-01','2025-06-30',NULL,NULL,40741,0,NULL,1,0,0,1),(4721,NULL,'2025-07',2025,7,'2025-07-01','2025-07-31',NULL,NULL,40741,0,NULL,1,0,0,1),(4722,NULL,'2025-08',2025,8,'2025-08-01','2025-08-31',NULL,NULL,40741,0,NULL,1,0,0,1),(4723,NULL,'2025-09',2025,9,'2025-09-01','2025-09-30',NULL,NULL,40741,0,NULL,1,0,0,1),(4724,NULL,'2025-10',2025,10,'2025-10-01','2025-10-31',NULL,NULL,40741,0,NULL,1,0,0,1),(4725,NULL,'2025-11',2025,11,'2025-11-01','2025-11-30',NULL,NULL,40741,0,NULL,1,0,0,1),(4726,NULL,'2025-12',2025,12,'2025-12-01','2025-12-31',NULL,NULL,40741,0,NULL,1,0,0,1),(4730,NULL,'2026-01',2026,1,'2026-01-01','2026-01-31',NULL,NULL,40741,0,NULL,1,0,0,1),(4731,NULL,'2026-02',2026,2,'2026-02-01','2026-02-28',NULL,NULL,40741,0,NULL,1,0,0,1),(4732,NULL,'2026-03',2026,3,'2026-03-01','2026-03-31',NULL,NULL,40741,0,NULL,1,0,0,1),(4733,NULL,'2026-04',2026,4,'2026-04-01','2026-04-30',NULL,NULL,40741,0,NULL,1,0,0,1),(4734,NULL,'2026-05',2026,5,'2026-05-01','2026-05-31',NULL,NULL,40741,0,NULL,1,0,0,1),(4735,NULL,'2026-06',2026,6,'2026-06-01','2026-06-30',NULL,NULL,40741,0,NULL,1,0,0,1),(4736,NULL,'2026-07',2026,7,'2026-07-01','2026-07-31',NULL,NULL,40741,0,NULL,1,0,0,1),(4737,NULL,'2026-08',2026,8,'2026-08-01','2026-08-31',NULL,NULL,40741,0,NULL,1,0,0,1),(4738,NULL,'2026-09',2026,9,'2026-09-01','2026-09-30',NULL,NULL,40741,0,NULL,1,0,0,1),(4739,NULL,'2026-10',2026,10,'2026-10-01','2026-10-31',NULL,NULL,40741,0,NULL,1,0,0,1),(4740,NULL,'2026-11',2026,11,'2026-11-01','2026-11-30',NULL,NULL,40741,0,NULL,1,0,0,1),(4741,NULL,'2026-12',2026,12,'2026-12-01','2026-12-31',NULL,NULL,40741,0,NULL,1,0,0,1),(4745,NULL,'2027-01',2027,1,'2027-01-01','2027-01-31',NULL,NULL,40741,0,NULL,1,0,0,1),(4746,NULL,'2027-02',2027,2,'2027-02-01','2027-02-28',NULL,NULL,40741,0,NULL,1,0,0,1),(4747,NULL,'2027-03',2027,3,'2027-03-01','2027-03-31',NULL,NULL,40741,0,NULL,1,0,0,1),(4748,NULL,'2027-04',2027,4,'2027-04-01','2027-04-30',NULL,NULL,40741,0,NULL,1,0,0,1),(4749,NULL,'2027-05',2027,5,'2027-05-01','2027-05-31',NULL,NULL,40741,0,NULL,1,0,0,1),(4750,NULL,'2027-06',2027,6,'2027-06-01','2027-06-30',NULL,NULL,40741,0,NULL,1,0,0,1),(4751,NULL,'2027-07',2027,7,'2027-07-01','2027-07-31',NULL,NULL,40741,0,NULL,1,0,0,1),(4752,NULL,'2027-08',2027,8,'2027-08-01','2027-08-31',NULL,NULL,40741,0,NULL,1,0,0,1),(4753,NULL,'2027-09',2027,9,'2027-09-01','2027-09-30',NULL,NULL,40741,0,NULL,1,0,0,1),(4754,NULL,'2027-10',2027,10,'2027-10-01','2027-10-31',NULL,NULL,40741,0,NULL,1,0,0,1),(4755,NULL,'2027-11',2027,11,'2027-11-01','2027-11-30',NULL,NULL,40741,0,NULL,1,0,0,1),(4756,NULL,'2027-12',2027,12,'2027-12-01','2027-12-31',NULL,NULL,40741,0,NULL,1,0,0,1),(4760,NULL,'2028-01',2028,1,'2028-01-01','2028-01-31',NULL,NULL,40741,0,NULL,1,0,0,1),(4761,NULL,'2028-02',2028,2,'2028-02-01','2028-02-28',NULL,NULL,40741,0,NULL,1,0,0,1),(4762,NULL,'2028-03',2028,3,'2028-03-01','2028-03-31',NULL,NULL,40741,0,NULL,1,0,0,1),(4763,NULL,'2028-04',2028,4,'2028-04-01','2028-04-30',NULL,NULL,40741,0,NULL,1,0,0,1),(4764,NULL,'2028-05',2028,5,'2028-05-01','2028-05-31',NULL,NULL,40741,0,NULL,1,0,0,1),(4765,NULL,'2028-06',2028,6,'2028-06-01','2028-06-30',NULL,NULL,40741,0,NULL,1,0,0,1),(4766,NULL,'2028-07',2028,7,'2028-07-01','2028-07-31',NULL,NULL,40741,0,NULL,1,0,0,1),(4767,NULL,'2028-08',2028,8,'2028-08-01','2028-08-31',NULL,NULL,40741,0,NULL,1,0,0,1),(4768,NULL,'2028-09',2028,9,'2028-09-01','2028-09-30',NULL,NULL,40741,0,NULL,1,0,0,1),(4769,NULL,'2028-10',2028,10,'2028-10-01','2028-10-31',NULL,NULL,40741,0,NULL,1,0,0,1);
INSERT INTO `periods` VALUES (4770,NULL,'2028-11',2028,11,'2028-11-01','2028-11-30',NULL,NULL,40741,0,NULL,1,0,0,1),(4771,NULL,'2028-12',2028,12,'2028-12-01','2028-12-31',NULL,NULL,40741,0,NULL,1,0,0,1),(4775,NULL,'2029-01',2029,1,'2029-01-01','2029-01-31',NULL,NULL,40741,0,NULL,1,0,0,1),(4776,NULL,'2029-02',2029,2,'2029-02-01','2029-02-28',NULL,NULL,40741,0,NULL,1,0,0,1),(4777,NULL,'2029-03',2029,3,'2029-03-01','2029-03-31',NULL,NULL,40741,0,NULL,1,0,0,1),(4778,NULL,'2029-04',2029,4,'2029-04-01','2029-04-30',NULL,NULL,40741,0,NULL,1,0,0,1),(4779,NULL,'2029-05',2029,5,'2029-05-01','2029-05-31',NULL,NULL,40741,0,NULL,1,0,0,1),(4780,NULL,'2029-06',2029,6,'2029-06-01','2029-06-30',NULL,NULL,40741,0,NULL,1,0,0,1),(4781,NULL,'2029-07',2029,7,'2029-07-01','2029-07-31',NULL,NULL,40741,0,NULL,1,0,0,1),(4782,NULL,'2029-08',2029,8,'2029-08-01','2029-08-31',NULL,NULL,40741,0,NULL,1,0,0,1),(4783,NULL,'2029-09',2029,9,'2029-09-01','2029-09-30',NULL,NULL,40741,0,NULL,1,0,0,1),(4784,NULL,'2029-10',2029,10,'2029-10-01','2029-10-31',NULL,NULL,40741,0,NULL,1,0,0,1),(4785,NULL,'2029-11',2029,11,'2029-11-01','2029-11-30',NULL,NULL,40741,0,NULL,1,0,0,1),(4786,NULL,'2029-12',2029,12,'2029-12-01','2029-12-31',NULL,NULL,40741,0,NULL,1,0,0,1),(4790,NULL,'2030-01',2030,1,'2030-01-01','2030-01-31',NULL,NULL,40741,0,NULL,1,0,0,1),(4791,NULL,'2030-02',2030,2,'2030-02-01','2030-02-28',NULL,NULL,40741,0,NULL,1,0,0,1),(4792,NULL,'2030-03',2030,3,'2030-03-01','2030-03-31',NULL,NULL,40741,0,NULL,1,0,0,1),(4793,NULL,'2030-04',2030,4,'2030-04-01','2030-04-30',NULL,NULL,40741,0,NULL,1,0,0,1),(4794,NULL,'2030-05',2030,5,'2030-05-01','2030-05-31',NULL,NULL,40741,0,NULL,1,0,0,1),(4795,NULL,'2030-06',2030,6,'2030-06-01','2030-06-30',NULL,NULL,40741,0,NULL,1,0,0,1),(4796,NULL,'2030-07',2030,7,'2030-07-01','2030-07-31',NULL,NULL,40741,0,NULL,1,0,0,1),(4797,NULL,'2030-08',2030,8,'2030-08-01','2030-08-31',NULL,NULL,40741,0,NULL,1,0,0,1),(4798,NULL,'2030-09',2030,9,'2030-09-01','2030-09-30',NULL,NULL,40741,0,NULL,1,0,0,1),(4799,NULL,'2030-10',2030,10,'2030-10-01','2030-10-31',NULL,NULL,40741,0,NULL,1,0,0,1),(4800,NULL,'2030-11',2030,11,'2030-11-01','2030-11-30',NULL,NULL,40741,0,NULL,1,0,0,1),(4801,NULL,'2030-12',2030,12,'2030-12-01','2030-12-31',NULL,NULL,40741,0,NULL,1,0,0,1),(4805,NULL,'2031-01',2031,1,'2031-01-01','2031-01-31',NULL,NULL,40741,0,NULL,1,0,0,1),(4806,NULL,'2031-02',2031,2,'2031-02-01','2031-02-28',NULL,NULL,40741,0,NULL,1,0,0,1),(4807,NULL,'2031-03',2031,3,'2031-03-01','2031-03-31',NULL,NULL,40741,0,NULL,1,0,0,1),(4808,NULL,'2031-04',2031,4,'2031-04-01','2031-04-30',NULL,NULL,40741,0,NULL,1,0,0,1),(4809,NULL,'2031-05',2031,5,'2031-05-01','2031-05-31',NULL,NULL,40741,0,NULL,1,0,0,1),(4810,NULL,'2031-06',2031,6,'2031-06-01','2031-06-30',NULL,NULL,40741,0,NULL,1,0,0,1),(4811,NULL,'2031-07',2031,7,'2031-07-01','2031-07-31',NULL,NULL,40741,0,NULL,1,0,0,1),(4812,NULL,'2031-08',2031,8,'2031-08-01','2031-08-31',NULL,NULL,40741,0,NULL,1,0,0,1),(4813,NULL,'2031-09',2031,9,'2031-09-01','2031-09-30',NULL,NULL,40741,0,NULL,1,0,0,1),(4814,NULL,'2031-10',2031,10,'2031-10-01','2031-10-31',NULL,NULL,40741,0,NULL,1,0,0,1),(4815,NULL,'2031-11',2031,11,'2031-11-01','2031-11-30',NULL,NULL,40741,0,NULL,1,0,0,1),(4816,NULL,'2031-12',2031,12,'2031-12-01','2031-12-31',NULL,NULL,40741,0,NULL,1,0,0,1),(4820,NULL,'2032-01',2032,1,'2032-01-01','2032-01-31',NULL,NULL,40741,0,NULL,1,0,0,1),(4821,NULL,'2032-02',2032,2,'2032-02-01','2032-02-28',NULL,NULL,40741,0,NULL,1,0,0,1),(4822,NULL,'2032-03',2032,3,'2032-03-01','2032-03-31',NULL,NULL,40741,0,NULL,1,0,0,1),(4823,NULL,'2032-04',2032,4,'2032-04-01','2032-04-30',NULL,NULL,40741,0,NULL,1,0,0,1),(4824,NULL,'2032-05',2032,5,'2032-05-01','2032-05-31',NULL,NULL,40741,0,NULL,1,0,0,1),(4825,NULL,'2032-06',2032,6,'2032-06-01','2032-06-30',NULL,NULL,40741,0,NULL,1,0,0,1),(4826,NULL,'2032-07',2032,7,'2032-07-01','2032-07-31',NULL,NULL,40741,0,NULL,1,0,0,1),(4827,NULL,'2032-08',2032,8,'2032-08-01','2032-08-31',NULL,NULL,40741,0,NULL,1,0,0,1);
INSERT INTO `periods` VALUES (4828,NULL,'2032-09',2032,9,'2032-09-01','2032-09-30',NULL,NULL,40741,0,NULL,1,0,0,1),(4829,NULL,'2032-10',2032,10,'2032-10-01','2032-10-31',NULL,NULL,40741,0,NULL,1,0,0,1),(4830,NULL,'2032-11',2032,11,'2032-11-01','2032-11-30',NULL,NULL,40741,0,NULL,1,0,0,1),(4831,NULL,'2032-12',2032,12,'2032-12-01','2032-12-31',NULL,NULL,40741,0,NULL,1,0,0,1),(4835,NULL,'2033-01',2033,1,'2033-01-01','2033-01-31',NULL,NULL,40741,0,NULL,1,0,0,1),(4836,NULL,'2033-02',2033,2,'2033-02-01','2033-02-28',NULL,NULL,40741,0,NULL,1,0,0,1),(4837,NULL,'2033-03',2033,3,'2033-03-01','2033-03-31',NULL,NULL,40741,0,NULL,1,0,0,1),(4838,NULL,'2033-04',2033,4,'2033-04-01','2033-04-30',NULL,NULL,40741,0,NULL,1,0,0,1),(4839,NULL,'2033-05',2033,5,'2033-05-01','2033-05-31',NULL,NULL,40741,0,NULL,1,0,0,1),(4840,NULL,'2033-06',2033,6,'2033-06-01','2033-06-30',NULL,NULL,40741,0,NULL,1,0,0,1),(4841,NULL,'2033-07',2033,7,'2033-07-01','2033-07-31',NULL,NULL,40741,0,NULL,1,0,0,1),(4842,NULL,'2033-08',2033,8,'2033-08-01','2033-08-31',NULL,NULL,40741,0,NULL,1,0,0,1),(4843,NULL,'2033-09',2033,9,'2033-09-01','2033-09-30',NULL,NULL,40741,0,NULL,1,0,0,1),(4844,NULL,'2033-10',2033,10,'2033-10-01','2033-10-31',NULL,NULL,40741,0,NULL,1,0,0,1),(4845,NULL,'2033-11',2033,11,'2033-11-01','2033-11-30',NULL,NULL,40741,0,NULL,1,0,0,1),(4846,NULL,'2033-12',2033,12,'2033-12-01','2033-12-31',NULL,NULL,40741,0,NULL,1,0,0,1),(4850,NULL,'2034-01',2034,1,'2034-01-01','2034-01-31',NULL,NULL,40741,0,NULL,1,0,0,1),(4851,NULL,'2034-02',2034,2,'2034-02-01','2034-02-28',NULL,NULL,40741,0,NULL,1,0,0,1),(4852,NULL,'2034-03',2034,3,'2034-03-01','2034-03-31',NULL,NULL,40741,0,NULL,1,0,0,1),(4853,NULL,'2034-04',2034,4,'2034-04-01','2034-04-30',NULL,NULL,40741,0,NULL,1,0,0,1),(4854,NULL,'2034-05',2034,5,'2034-05-01','2034-05-31',NULL,NULL,40741,0,NULL,1,0,0,1),(4855,NULL,'2034-06',2034,6,'2034-06-01','2034-06-30',NULL,NULL,40741,0,NULL,1,0,0,1),(4856,NULL,'2034-07',2034,7,'2034-07-01','2034-07-31',NULL,NULL,40741,0,NULL,1,0,0,1),(4857,NULL,'2034-08',2034,8,'2034-08-01','2034-08-31',NULL,NULL,40741,0,NULL,1,0,0,1),(4858,NULL,'2034-09',2034,9,'2034-09-01','2034-09-30',NULL,NULL,40741,0,NULL,1,0,0,1),(4859,NULL,'2034-10',2034,10,'2034-10-01','2034-10-31',NULL,NULL,40741,0,NULL,1,0,0,1),(4860,NULL,'2034-11',2034,11,'2034-11-01','2034-11-30',NULL,NULL,40741,0,NULL,1,0,0,1),(4861,NULL,'2034-12',2034,12,'2034-12-01','2034-12-31',NULL,NULL,40741,0,NULL,1,0,0,1),(4865,NULL,'2035-01',2035,1,'2035-01-01','2035-01-31',NULL,NULL,40741,0,NULL,1,0,0,1),(4866,NULL,'2035-02',2035,2,'2035-02-01','2035-02-28',NULL,NULL,40741,0,NULL,1,0,0,1),(4867,NULL,'2035-03',2035,3,'2035-03-01','2035-03-31',NULL,NULL,40741,0,NULL,1,0,0,1),(4868,NULL,'2035-04',2035,4,'2035-04-01','2035-04-30',NULL,NULL,40741,0,NULL,1,0,0,1),(4869,NULL,'2035-05',2035,5,'2035-05-01','2035-05-31',NULL,NULL,40741,0,NULL,1,0,0,1),(4870,NULL,'2035-06',2035,6,'2035-06-01','2035-06-30',NULL,NULL,40741,0,NULL,1,0,0,1),(4871,NULL,'2035-07',2035,7,'2035-07-01','2035-07-31',NULL,NULL,40741,0,NULL,1,0,0,1),(4872,NULL,'2035-08',2035,8,'2035-08-01','2035-08-31',NULL,NULL,40741,0,NULL,1,0,0,1),(4873,NULL,'2035-09',2035,9,'2035-09-01','2035-09-30',NULL,NULL,40741,0,NULL,1,0,0,1),(4874,NULL,'2035-10',2035,10,'2035-10-01','2035-10-31',NULL,NULL,40741,0,NULL,1,0,0,1),(4875,NULL,'2035-11',2035,11,'2035-11-01','2035-11-30',NULL,NULL,40741,0,NULL,1,0,0,1),(4876,NULL,'2035-12',2035,12,'2035-12-01','2035-12-31',NULL,NULL,40741,0,NULL,1,0,0,1),(4880,NULL,'2036-01',2036,1,'2036-01-01','2036-01-31',NULL,NULL,40741,0,NULL,1,0,0,1),(4881,NULL,'2036-02',2036,2,'2036-02-01','2036-02-28',NULL,NULL,40741,0,NULL,1,0,0,1),(4882,NULL,'2036-03',2036,3,'2036-03-01','2036-03-31',NULL,NULL,40741,0,NULL,1,0,0,1),(4883,NULL,'2036-04',2036,4,'2036-04-01','2036-04-30',NULL,NULL,40741,0,NULL,1,0,0,1),(4884,NULL,'2036-05',2036,5,'2036-05-01','2036-05-31',NULL,NULL,40741,0,NULL,1,0,0,1),(4885,NULL,'2036-06',2036,6,'2036-06-01','2036-06-30',NULL,NULL,40741,0,NULL,1,0,0,1);
INSERT INTO `periods` VALUES (4886,NULL,'2036-07',2036,7,'2036-07-01','2036-07-31',NULL,NULL,40741,0,NULL,1,0,0,1),(4887,NULL,'2036-08',2036,8,'2036-08-01','2036-08-31',NULL,NULL,40741,0,NULL,1,0,0,1),(4888,NULL,'2036-09',2036,9,'2036-09-01','2036-09-30',NULL,NULL,40741,0,NULL,1,0,0,1),(4889,NULL,'2036-10',2036,10,'2036-10-01','2036-10-31',NULL,NULL,40741,0,NULL,1,0,0,1),(4890,NULL,'2036-11',2036,11,'2036-11-01','2036-11-30',NULL,NULL,40741,0,NULL,1,0,0,1),(4891,NULL,'2036-12',2036,12,'2036-12-01','2036-12-31',NULL,NULL,40741,0,NULL,1,0,0,1),(4895,NULL,'2037-01',2037,1,'2037-01-01','2037-01-31',NULL,NULL,40741,0,NULL,1,0,0,1),(4896,NULL,'2037-02',2037,2,'2037-02-01','2037-02-28',NULL,NULL,40741,0,NULL,1,0,0,1),(4897,NULL,'2037-03',2037,3,'2037-03-01','2037-03-31',NULL,NULL,40741,0,NULL,1,0,0,1),(4898,NULL,'2037-04',2037,4,'2037-04-01','2037-04-30',NULL,NULL,40741,0,NULL,1,0,0,1),(4899,NULL,'2037-05',2037,5,'2037-05-01','2037-05-31',NULL,NULL,40741,0,NULL,1,0,0,1),(4900,NULL,'2037-06',2037,6,'2037-06-01','2037-06-30',NULL,NULL,40741,0,NULL,1,0,0,1),(4901,NULL,'2037-07',2037,7,'2037-07-01','2037-07-31',NULL,NULL,40741,0,NULL,1,0,0,1),(4902,NULL,'2037-08',2037,8,'2037-08-01','2037-08-31',NULL,NULL,40741,0,NULL,1,0,0,1),(4903,NULL,'2037-09',2037,9,'2037-09-01','2037-09-30',NULL,NULL,40741,0,NULL,1,0,0,1),(4904,NULL,'2037-10',2037,10,'2037-10-01','2037-10-31',NULL,NULL,40741,0,NULL,1,0,0,1),(4905,NULL,'2037-11',2037,11,'2037-11-01','2037-11-30',NULL,NULL,40741,0,NULL,1,0,0,1),(4906,NULL,'2037-12',2037,12,'2037-12-01','2037-12-31',NULL,NULL,40741,0,NULL,1,0,0,1),(4910,NULL,'2038-01',2038,1,'2038-01-01','2038-01-31',NULL,NULL,40741,0,NULL,1,0,0,1),(4911,NULL,'2038-02',2038,2,'2038-02-01','2038-02-28',NULL,NULL,40741,0,NULL,1,0,0,1),(4912,NULL,'2038-03',2038,3,'2038-03-01','2038-03-31',NULL,NULL,40741,0,NULL,1,0,0,1),(4913,NULL,'2038-04',2038,4,'2038-04-01','2038-04-30',NULL,NULL,40741,0,NULL,1,0,0,1),(4914,NULL,'2038-05',2038,5,'2038-05-01','2038-05-31',NULL,NULL,40741,0,NULL,1,0,0,1),(4915,NULL,'2038-06',2038,6,'2038-06-01','2038-06-30',NULL,NULL,40741,0,NULL,1,0,0,1),(4916,NULL,'2038-07',2038,7,'2038-07-01','2038-07-31',NULL,NULL,40741,0,NULL,1,0,0,1),(4917,NULL,'2038-08',2038,8,'2038-08-01','2038-08-31',NULL,NULL,40741,0,NULL,1,0,0,1),(4918,NULL,'2038-09',2038,9,'2038-09-01','2038-09-30',NULL,NULL,40741,0,NULL,1,0,0,1),(4919,NULL,'2038-10',2038,10,'2038-10-01','2038-10-31',NULL,NULL,40741,0,NULL,1,0,0,1),(4920,NULL,'2038-11',2038,11,'2038-11-01','2038-11-30',NULL,NULL,40741,0,NULL,1,0,0,1),(4921,NULL,'2038-12',2038,12,'2038-12-01','2038-12-31',NULL,NULL,40741,0,NULL,1,0,0,1),(4925,NULL,'2039-01',2039,1,'2039-01-01','2039-01-31',NULL,NULL,40741,0,NULL,1,0,0,1),(4926,NULL,'2039-02',2039,2,'2039-02-01','2039-02-28',NULL,NULL,40741,0,NULL,1,0,0,1),(4927,NULL,'2039-03',2039,3,'2039-03-01','2039-03-31',NULL,NULL,40741,0,NULL,1,0,0,1),(4928,NULL,'2039-04',2039,4,'2039-04-01','2039-04-30',NULL,NULL,40741,0,NULL,1,0,0,1),(4929,NULL,'2039-05',2039,5,'2039-05-01','2039-05-31',NULL,NULL,40741,0,NULL,1,0,0,1),(4930,NULL,'2039-06',2039,6,'2039-06-01','2039-06-30',NULL,NULL,40741,0,NULL,1,0,0,1),(4931,NULL,'2039-07',2039,7,'2039-07-01','2039-07-31',NULL,NULL,40741,0,NULL,1,0,0,1),(4932,NULL,'2039-08',2039,8,'2039-08-01','2039-08-31',NULL,NULL,40741,0,NULL,1,0,0,1),(4933,NULL,'2039-09',2039,9,'2039-09-01','2039-09-30',NULL,NULL,40741,0,NULL,1,0,0,1),(4934,NULL,'2039-10',2039,10,'2039-10-01','2039-10-31',NULL,NULL,40741,0,NULL,1,0,0,1),(4935,NULL,'2039-11',2039,11,'2039-11-01','2039-11-30',NULL,NULL,40741,0,NULL,1,0,0,1),(4936,NULL,'2039-12',2039,12,'2039-12-01','2039-12-31',NULL,NULL,40741,0,NULL,1,0,0,1),(4940,NULL,'2040-01',2040,1,'2040-01-01','2040-01-31',NULL,NULL,40741,0,NULL,1,0,0,1),(4941,NULL,'2040-02',2040,2,'2040-02-01','2040-02-28',NULL,NULL,40741,0,NULL,1,0,0,1),(4942,NULL,'2040-03',2040,3,'2040-03-01','2040-03-31',NULL,NULL,40741,0,NULL,1,0,0,1),(4943,NULL,'2040-04',2040,4,'2040-04-01','2040-04-30',NULL,NULL,40741,0,NULL,1,0,0,1);
INSERT INTO `periods` VALUES (4944,NULL,'2040-05',2040,5,'2040-05-01','2040-05-31',NULL,NULL,40741,0,NULL,1,0,0,1),(4945,NULL,'2040-06',2040,6,'2040-06-01','2040-06-30',NULL,NULL,40741,0,NULL,1,0,0,1),(4946,NULL,'2040-07',2040,7,'2040-07-01','2040-07-31',NULL,NULL,40741,0,NULL,1,0,0,1),(4947,NULL,'2040-08',2040,8,'2040-08-01','2040-08-31',NULL,NULL,40741,0,NULL,1,0,0,1),(4948,NULL,'2040-09',2040,9,'2040-09-01','2040-09-30',NULL,NULL,40741,0,NULL,1,0,0,1),(4949,NULL,'2040-10',2040,10,'2040-10-01','2040-10-31',NULL,NULL,40741,0,NULL,1,0,0,1),(4950,NULL,'2040-11',2040,11,'2040-11-01','2040-11-30',NULL,NULL,40741,0,NULL,1,0,0,1),(4951,NULL,'2040-12',2040,12,'2040-12-01','2040-12-31',NULL,NULL,40741,0,NULL,1,0,0,1),(4955,NULL,'2041-01',2041,1,'2041-01-01','2041-01-31',NULL,NULL,40741,0,NULL,1,0,0,1),(4956,NULL,'2041-02',2041,2,'2041-02-01','2041-02-28',NULL,NULL,40741,0,NULL,1,0,0,1),(4957,NULL,'2041-03',2041,3,'2041-03-01','2041-03-31',NULL,NULL,40741,0,NULL,1,0,0,1),(4958,NULL,'2041-04',2041,4,'2041-04-01','2041-04-30',NULL,NULL,40741,0,NULL,1,0,0,1),(4959,NULL,'2041-05',2041,5,'2041-05-01','2041-05-31',NULL,NULL,40741,0,NULL,1,0,0,1),(4960,NULL,'2041-06',2041,6,'2041-06-01','2041-06-30',NULL,NULL,40741,0,NULL,1,0,0,1),(4961,NULL,'2041-07',2041,7,'2041-07-01','2041-07-31',NULL,NULL,40741,0,NULL,1,0,0,1),(4962,NULL,'2041-08',2041,8,'2041-08-01','2041-08-31',NULL,NULL,40741,0,NULL,1,0,0,1),(4963,NULL,'2041-09',2041,9,'2041-09-01','2041-09-30',NULL,NULL,40741,0,NULL,1,0,0,1),(4964,NULL,'2041-10',2041,10,'2041-10-01','2041-10-31',NULL,NULL,40741,0,NULL,1,0,0,1),(4965,NULL,'2041-11',2041,11,'2041-11-01','2041-11-30',NULL,NULL,40741,0,NULL,1,0,0,1),(4966,NULL,'2041-12',2041,12,'2041-12-01','2041-12-31',NULL,NULL,40741,0,NULL,1,0,0,1),(4970,NULL,'2042-01',2042,1,'2042-01-01','2042-01-31',NULL,NULL,40741,0,NULL,1,0,0,1),(4971,NULL,'2042-02',2042,2,'2042-02-01','2042-02-28',NULL,NULL,40741,0,NULL,1,0,0,1),(4972,NULL,'2042-03',2042,3,'2042-03-01','2042-03-31',NULL,NULL,40741,0,NULL,1,0,0,1),(4973,NULL,'2042-04',2042,4,'2042-04-01','2042-04-30',NULL,NULL,40741,0,NULL,1,0,0,1),(4974,NULL,'2042-05',2042,5,'2042-05-01','2042-05-31',NULL,NULL,40741,0,NULL,1,0,0,1),(4975,NULL,'2042-06',2042,6,'2042-06-01','2042-06-30',NULL,NULL,40741,0,NULL,1,0,0,1),(4976,NULL,'2042-07',2042,7,'2042-07-01','2042-07-31',NULL,NULL,40741,0,NULL,1,0,0,1),(4977,NULL,'2042-08',2042,8,'2042-08-01','2042-08-31',NULL,NULL,40741,0,NULL,1,0,0,1),(4978,NULL,'2042-09',2042,9,'2042-09-01','2042-09-30',NULL,NULL,40741,0,NULL,1,0,0,1),(4979,NULL,'2042-10',2042,10,'2042-10-01','2042-10-31',NULL,NULL,40741,0,NULL,1,0,0,1),(4980,NULL,'2042-11',2042,11,'2042-11-01','2042-11-30',NULL,NULL,40741,0,NULL,1,0,0,1),(4981,NULL,'2042-12',2042,12,'2042-12-01','2042-12-31',NULL,NULL,40741,0,NULL,1,0,0,1),(4985,NULL,'2043-01',2043,1,'2043-01-01','2043-01-31',NULL,NULL,40741,0,NULL,1,0,0,1),(4986,NULL,'2043-02',2043,2,'2043-02-01','2043-02-28',NULL,NULL,40741,0,NULL,1,0,0,1),(4987,NULL,'2043-03',2043,3,'2043-03-01','2043-03-31',NULL,NULL,40741,0,NULL,1,0,0,1),(4988,NULL,'2043-04',2043,4,'2043-04-01','2043-04-30',NULL,NULL,40741,0,NULL,1,0,0,1),(4989,NULL,'2043-05',2043,5,'2043-05-01','2043-05-31',NULL,NULL,40741,0,NULL,1,0,0,1),(4990,NULL,'2043-06',2043,6,'2043-06-01','2043-06-30',NULL,NULL,40741,0,NULL,1,0,0,1),(4991,NULL,'2043-07',2043,7,'2043-07-01','2043-07-31',NULL,NULL,40741,0,NULL,1,0,0,1),(4992,NULL,'2043-08',2043,8,'2043-08-01','2043-08-31',NULL,NULL,40741,0,NULL,1,0,0,1),(4993,NULL,'2043-09',2043,9,'2043-09-01','2043-09-30',NULL,NULL,40741,0,NULL,1,0,0,1),(4994,NULL,'2043-10',2043,10,'2043-10-01','2043-10-31',NULL,NULL,40741,0,NULL,1,0,0,1),(4995,NULL,'2043-11',2043,11,'2043-11-01','2043-11-30',NULL,NULL,40741,0,NULL,1,0,0,1),(4996,NULL,'2043-12',2043,12,'2043-12-01','2043-12-31',NULL,NULL,40741,0,NULL,1,0,0,1),(5000,NULL,'2044-01',2044,1,'2044-01-01','2044-01-31',NULL,NULL,40741,0,NULL,1,0,0,1),(5001,NULL,'2044-02',2044,2,'2044-02-01','2044-02-28',NULL,NULL,40741,0,NULL,1,0,0,1);
INSERT INTO `periods` VALUES (5002,NULL,'2044-03',2044,3,'2044-03-01','2044-03-31',NULL,NULL,40741,0,NULL,1,0,0,1),(5003,NULL,'2044-04',2044,4,'2044-04-01','2044-04-30',NULL,NULL,40741,0,NULL,1,0,0,1),(5004,NULL,'2044-05',2044,5,'2044-05-01','2044-05-31',NULL,NULL,40741,0,NULL,1,0,0,1),(5005,NULL,'2044-06',2044,6,'2044-06-01','2044-06-30',NULL,NULL,40741,0,NULL,1,0,0,1),(5006,NULL,'2044-07',2044,7,'2044-07-01','2044-07-31',NULL,NULL,40741,0,NULL,1,0,0,1),(5007,NULL,'2044-08',2044,8,'2044-08-01','2044-08-31',NULL,NULL,40741,0,NULL,1,0,0,1),(5008,NULL,'2044-09',2044,9,'2044-09-01','2044-09-30',NULL,NULL,40741,0,NULL,1,0,0,1),(5009,NULL,'2044-10',2044,10,'2044-10-01','2044-10-31',NULL,NULL,40741,0,NULL,1,0,0,1),(5010,NULL,'2044-11',2044,11,'2044-11-01','2044-11-30',NULL,NULL,40741,0,NULL,1,0,0,1),(5011,NULL,'2044-12',2044,12,'2044-12-01','2044-12-31',NULL,NULL,40741,0,NULL,1,0,0,1),(5015,NULL,'2045-01',2045,1,'2045-01-01','2045-01-31',NULL,NULL,40741,0,NULL,1,0,0,1),(5016,NULL,'2045-02',2045,2,'2045-02-01','2045-02-28',NULL,NULL,40741,0,NULL,1,0,0,1),(5017,NULL,'2045-03',2045,3,'2045-03-01','2045-03-31',NULL,NULL,40741,0,NULL,1,0,0,1),(5018,NULL,'2045-04',2045,4,'2045-04-01','2045-04-30',NULL,NULL,40741,0,NULL,1,0,0,1),(5019,NULL,'2045-05',2045,5,'2045-05-01','2045-05-31',NULL,NULL,40741,0,NULL,1,0,0,1),(5020,NULL,'2045-06',2045,6,'2045-06-01','2045-06-30',NULL,NULL,40741,0,NULL,1,0,0,1),(5021,NULL,'2045-07',2045,7,'2045-07-01','2045-07-31',NULL,NULL,40741,0,NULL,1,0,0,1),(5022,NULL,'2045-08',2045,8,'2045-08-01','2045-08-31',NULL,NULL,40741,0,NULL,1,0,0,1),(5023,NULL,'2045-09',2045,9,'2045-09-01','2045-09-30',NULL,NULL,40741,0,NULL,1,0,0,1),(5024,NULL,'2045-10',2045,10,'2045-10-01','2045-10-31',NULL,NULL,40741,0,NULL,1,0,0,1),(5025,NULL,'2045-11',2045,11,'2045-11-01','2045-11-30',NULL,NULL,40741,0,NULL,1,0,0,1),(5026,NULL,'2045-12',2045,12,'2045-12-01','2045-12-31',NULL,NULL,40741,0,NULL,1,0,0,1),(5030,NULL,'2046-01',2046,1,'2046-01-01','2046-01-31',NULL,NULL,40741,0,NULL,1,0,0,1),(5031,NULL,'2046-02',2046,2,'2046-02-01','2046-02-28',NULL,NULL,40741,0,NULL,1,0,0,1),(5032,NULL,'2046-03',2046,3,'2046-03-01','2046-03-31',NULL,NULL,40741,0,NULL,1,0,0,1),(5033,NULL,'2046-04',2046,4,'2046-04-01','2046-04-30',NULL,NULL,40741,0,NULL,1,0,0,1),(5034,NULL,'2046-05',2046,5,'2046-05-01','2046-05-31',NULL,NULL,40741,0,NULL,1,0,0,1),(5035,NULL,'2046-06',2046,6,'2046-06-01','2046-06-30',NULL,NULL,40741,0,NULL,1,0,0,1),(5036,NULL,'2046-07',2046,7,'2046-07-01','2046-07-31',NULL,NULL,40741,0,NULL,1,0,0,1),(5037,NULL,'2046-08',2046,8,'2046-08-01','2046-08-31',NULL,NULL,40741,0,NULL,1,0,0,1),(5038,NULL,'2046-09',2046,9,'2046-09-01','2046-09-30',NULL,NULL,40741,0,NULL,1,0,0,1),(5039,NULL,'2046-10',2046,10,'2046-10-01','2046-10-31',NULL,NULL,40741,0,NULL,1,0,0,1),(5040,NULL,'2046-11',2046,11,'2046-11-01','2046-11-30',NULL,NULL,40741,0,NULL,1,0,0,1),(5041,NULL,'2046-12',2046,12,'2046-12-01','2046-12-31',NULL,NULL,40741,0,NULL,1,0,0,1),(5045,NULL,'2047-01',2047,1,'2047-01-01','2047-01-31',NULL,NULL,40741,0,NULL,1,0,0,1),(5046,NULL,'2047-02',2047,2,'2047-02-01','2047-02-28',NULL,NULL,40741,0,NULL,1,0,0,1),(5047,NULL,'2047-03',2047,3,'2047-03-01','2047-03-31',NULL,NULL,40741,0,NULL,1,0,0,1),(5048,NULL,'2047-04',2047,4,'2047-04-01','2047-04-30',NULL,NULL,40741,0,NULL,1,0,0,1),(5049,NULL,'2047-05',2047,5,'2047-05-01','2047-05-31',NULL,NULL,40741,0,NULL,1,0,0,1),(5050,NULL,'2047-06',2047,6,'2047-06-01','2047-06-30',NULL,NULL,40741,0,NULL,1,0,0,1),(5051,NULL,'2047-07',2047,7,'2047-07-01','2047-07-31',NULL,NULL,40741,0,NULL,1,0,0,1),(5052,NULL,'2047-08',2047,8,'2047-08-01','2047-08-31',NULL,NULL,40741,0,NULL,1,0,0,1),(5053,NULL,'2047-09',2047,9,'2047-09-01','2047-09-30',NULL,NULL,40741,0,NULL,1,0,0,1),(5054,NULL,'2047-10',2047,10,'2047-10-01','2047-10-31',NULL,NULL,40741,0,NULL,1,0,0,1),(5055,NULL,'2047-11',2047,11,'2047-11-01','2047-11-30',NULL,NULL,40741,0,NULL,1,0,0,1),(5056,NULL,'2047-12',2047,12,'2047-12-01','2047-12-31',NULL,NULL,40741,0,NULL,1,0,0,1);
INSERT INTO `periods` VALUES (5060,NULL,'2048-01',2048,1,'2048-01-01','2048-01-31',NULL,NULL,40741,0,NULL,1,0,0,1),(5061,NULL,'2048-02',2048,2,'2048-02-01','2048-02-28',NULL,NULL,40741,0,NULL,1,0,0,1),(5062,NULL,'2048-03',2048,3,'2048-03-01','2048-03-31',NULL,NULL,40741,0,NULL,1,0,0,1),(5063,NULL,'2048-04',2048,4,'2048-04-01','2048-04-30',NULL,NULL,40741,0,NULL,1,0,0,1),(5064,NULL,'2048-05',2048,5,'2048-05-01','2048-05-31',NULL,NULL,40741,0,NULL,1,0,0,1),(5065,NULL,'2048-06',2048,6,'2048-06-01','2048-06-30',NULL,NULL,40741,0,NULL,1,0,0,1),(5066,NULL,'2048-07',2048,7,'2048-07-01','2048-07-31',NULL,NULL,40741,0,NULL,1,0,0,1),(5067,NULL,'2048-08',2048,8,'2048-08-01','2048-08-31',NULL,NULL,40741,0,NULL,1,0,0,1),(5068,NULL,'2048-09',2048,9,'2048-09-01','2048-09-30',NULL,NULL,40741,0,NULL,1,0,0,1),(5069,NULL,'2048-10',2048,10,'2048-10-01','2048-10-31',NULL,NULL,40741,0,NULL,1,0,0,1),(5070,NULL,'2048-11',2048,11,'2048-11-01','2048-11-30',NULL,NULL,40741,0,NULL,1,0,0,1),(5071,NULL,'2048-12',2048,12,'2048-12-01','2048-12-31',NULL,NULL,40741,0,NULL,1,0,0,1),(5075,NULL,'2049-01',2049,1,'2049-01-01','2049-01-31',NULL,NULL,40741,0,NULL,1,0,0,1),(5076,NULL,'2049-02',2049,2,'2049-02-01','2049-02-28',NULL,NULL,40741,0,NULL,1,0,0,1),(5077,NULL,'2049-03',2049,3,'2049-03-01','2049-03-31',NULL,NULL,40741,0,NULL,1,0,0,1),(5078,NULL,'2049-04',2049,4,'2049-04-01','2049-04-30',NULL,NULL,40741,0,NULL,1,0,0,1),(5079,NULL,'2049-05',2049,5,'2049-05-01','2049-05-31',NULL,NULL,40741,0,NULL,1,0,0,1),(5080,NULL,'2049-06',2049,6,'2049-06-01','2049-06-30',NULL,NULL,40741,0,NULL,1,0,0,1),(5081,NULL,'2049-07',2049,7,'2049-07-01','2049-07-31',NULL,NULL,40741,0,NULL,1,0,0,1),(5082,NULL,'2049-08',2049,8,'2049-08-01','2049-08-31',NULL,NULL,40741,0,NULL,1,0,0,1),(5083,NULL,'2049-09',2049,9,'2049-09-01','2049-09-30',NULL,NULL,40741,0,NULL,1,0,0,1),(5084,NULL,'2049-10',2049,10,'2049-10-01','2049-10-31',NULL,NULL,40741,0,NULL,1,0,0,1),(5085,NULL,'2049-11',2049,11,'2049-11-01','2049-11-30',NULL,NULL,40741,0,NULL,1,0,0,1),(5086,NULL,'2049-12',2049,12,'2049-12-01','2049-12-31',NULL,NULL,40741,0,NULL,1,0,0,1),(5090,NULL,'2050-01',2050,1,'2050-01-01','2050-01-31',NULL,NULL,40741,0,NULL,1,0,0,1),(5091,NULL,'2050-02',2050,2,'2050-02-01','2050-02-28',NULL,NULL,40741,0,NULL,1,0,0,1),(5092,NULL,'2050-03',2050,3,'2050-03-01','2050-03-31',NULL,NULL,40741,0,NULL,1,0,0,1),(5093,NULL,'2050-04',2050,4,'2050-04-01','2050-04-30',NULL,NULL,40741,0,NULL,1,0,0,1),(5094,NULL,'2050-05',2050,5,'2050-05-01','2050-05-31',NULL,NULL,40741,0,NULL,1,0,0,1),(5095,NULL,'2050-06',2050,6,'2050-06-01','2050-06-30',NULL,NULL,40741,0,NULL,1,0,0,1),(5096,NULL,'2050-07',2050,7,'2050-07-01','2050-07-31',NULL,NULL,40741,0,NULL,1,0,0,1),(5097,NULL,'2050-08',2050,8,'2050-08-01','2050-08-31',NULL,NULL,40741,0,NULL,1,0,0,1),(5098,NULL,'2050-09',2050,9,'2050-09-01','2050-09-30',NULL,NULL,40741,0,NULL,1,0,0,1),(5099,NULL,'2050-10',2050,10,'2050-10-01','2050-10-31',NULL,NULL,40741,0,NULL,1,0,0,1),(5100,NULL,'2050-11',2050,11,'2050-11-01','2050-11-30',NULL,NULL,40741,0,NULL,1,0,0,1),(5101,NULL,'2050-12',2050,12,'2050-12-01','2050-12-31',NULL,NULL,40741,0,NULL,1,0,0,1),(5105,NULL,'2051-01',2051,1,'2051-01-01','2051-01-31',NULL,NULL,40741,0,NULL,1,0,0,1),(5106,NULL,'2051-02',2051,2,'2051-02-01','2051-02-28',NULL,NULL,40741,0,NULL,1,0,0,1),(5107,NULL,'2051-03',2051,3,'2051-03-01','2051-03-31',NULL,NULL,40741,0,NULL,1,0,0,1),(5108,NULL,'2051-04',2051,4,'2051-04-01','2051-04-30',NULL,NULL,40741,0,NULL,1,0,0,1),(5109,NULL,'2051-05',2051,5,'2051-05-01','2051-05-31',NULL,NULL,40741,0,NULL,1,0,0,1),(5110,NULL,'2051-06',2051,6,'2051-06-01','2051-06-30',NULL,NULL,40741,0,NULL,1,0,0,1),(5111,NULL,'2051-07',2051,7,'2051-07-01','2051-07-31',NULL,NULL,40741,0,NULL,1,0,0,1),(5112,NULL,'2051-08',2051,8,'2051-08-01','2051-08-31',NULL,NULL,40741,0,NULL,1,0,0,1),(5113,NULL,'2051-09',2051,9,'2051-09-01','2051-09-30',NULL,NULL,40741,0,NULL,1,0,0,1),(5114,NULL,'2051-10',2051,10,'2051-10-01','2051-10-31',NULL,NULL,40741,0,NULL,1,0,0,1);
INSERT INTO `periods` VALUES (5115,NULL,'2051-11',2051,11,'2051-11-01','2051-11-30',NULL,NULL,40741,0,NULL,1,0,0,1),(5116,NULL,'2051-12',2051,12,'2051-12-01','2051-12-31',NULL,NULL,40741,0,NULL,1,0,0,1),(5120,NULL,'2052-01',2052,1,'2052-01-01','2052-01-31',NULL,NULL,40741,0,NULL,1,0,0,1),(5121,NULL,'2052-02',2052,2,'2052-02-01','2052-02-28',NULL,NULL,40741,0,NULL,1,0,0,1),(5122,NULL,'2052-03',2052,3,'2052-03-01','2052-03-31',NULL,NULL,40741,0,NULL,1,0,0,1),(5123,NULL,'2052-04',2052,4,'2052-04-01','2052-04-30',NULL,NULL,40741,0,NULL,1,0,0,1),(5124,NULL,'2052-05',2052,5,'2052-05-01','2052-05-31',NULL,NULL,40741,0,NULL,1,0,0,1),(5125,NULL,'2052-06',2052,6,'2052-06-01','2052-06-30',NULL,NULL,40741,0,NULL,1,0,0,1),(5126,NULL,'2052-07',2052,7,'2052-07-01','2052-07-31',NULL,NULL,40741,0,NULL,1,0,0,1),(5127,NULL,'2052-08',2052,8,'2052-08-01','2052-08-31',NULL,NULL,40741,0,NULL,1,0,0,1),(5128,NULL,'2052-09',2052,9,'2052-09-01','2052-09-30',NULL,NULL,40741,0,NULL,1,0,0,1),(5129,NULL,'2052-10',2052,10,'2052-10-01','2052-10-31',NULL,NULL,40741,0,NULL,1,0,0,1),(5130,NULL,'2052-11',2052,11,'2052-11-01','2052-11-30',NULL,NULL,40741,0,NULL,1,0,0,1),(5131,NULL,'2052-12',2052,12,'2052-12-01','2052-12-31',NULL,NULL,40741,0,NULL,1,0,0,1),(5135,NULL,'2053-01',2053,1,'2053-01-01','2053-01-31',NULL,NULL,40741,0,NULL,1,0,0,1),(5136,NULL,'2053-02',2053,2,'2053-02-01','2053-02-28',NULL,NULL,40741,0,NULL,1,0,0,1),(5137,NULL,'2053-03',2053,3,'2053-03-01','2053-03-31',NULL,NULL,40741,0,NULL,1,0,0,1),(5138,NULL,'2053-04',2053,4,'2053-04-01','2053-04-30',NULL,NULL,40741,0,NULL,1,0,0,1),(5139,NULL,'2053-05',2053,5,'2053-05-01','2053-05-31',NULL,NULL,40741,0,NULL,1,0,0,1),(5140,NULL,'2053-06',2053,6,'2053-06-01','2053-06-30',NULL,NULL,40741,0,NULL,1,0,0,1),(5141,NULL,'2053-07',2053,7,'2053-07-01','2053-07-31',NULL,NULL,40741,0,NULL,1,0,0,1),(5142,NULL,'2053-08',2053,8,'2053-08-01','2053-08-31',NULL,NULL,40741,0,NULL,1,0,0,1),(5143,NULL,'2053-09',2053,9,'2053-09-01','2053-09-30',NULL,NULL,40741,0,NULL,1,0,0,1),(5144,NULL,'2053-10',2053,10,'2053-10-01','2053-10-31',NULL,NULL,40741,0,NULL,1,0,0,1),(5145,NULL,'2053-11',2053,11,'2053-11-01','2053-11-30',NULL,NULL,40741,0,NULL,1,0,0,1),(5146,NULL,'2053-12',2053,12,'2053-12-01','2053-12-31',NULL,NULL,40741,0,NULL,1,0,0,1),(5150,NULL,'2054-01',2054,1,'2054-01-01','2054-01-31',NULL,NULL,40741,0,NULL,1,0,0,1),(5151,NULL,'2054-02',2054,2,'2054-02-01','2054-02-28',NULL,NULL,40741,0,NULL,1,0,0,1),(5152,NULL,'2054-03',2054,3,'2054-03-01','2054-03-31',NULL,NULL,40741,0,NULL,1,0,0,1),(5153,NULL,'2054-04',2054,4,'2054-04-01','2054-04-30',NULL,NULL,40741,0,NULL,1,0,0,1),(5154,NULL,'2054-05',2054,5,'2054-05-01','2054-05-31',NULL,NULL,40741,0,NULL,1,0,0,1),(5155,NULL,'2054-06',2054,6,'2054-06-01','2054-06-30',NULL,NULL,40741,0,NULL,1,0,0,1),(5156,NULL,'2054-07',2054,7,'2054-07-01','2054-07-31',NULL,NULL,40741,0,NULL,1,0,0,1),(5157,NULL,'2054-08',2054,8,'2054-08-01','2054-08-31',NULL,NULL,40741,0,NULL,1,0,0,1),(5158,NULL,'2054-09',2054,9,'2054-09-01','2054-09-30',NULL,NULL,40741,0,NULL,1,0,0,1),(5159,NULL,'2054-10',2054,10,'2054-10-01','2054-10-31',NULL,NULL,40741,0,NULL,1,0,0,1),(5160,NULL,'2054-11',2054,11,'2054-11-01','2054-11-30',NULL,NULL,40741,0,NULL,1,0,0,1),(5161,NULL,'2054-12',2054,12,'2054-12-01','2054-12-31',NULL,NULL,40741,0,NULL,1,0,0,1),(5165,NULL,'2055-01',2055,1,'2055-01-01','2055-01-31',NULL,NULL,40741,0,NULL,1,0,0,1),(5166,NULL,'2055-02',2055,2,'2055-02-01','2055-02-28',NULL,NULL,40741,0,NULL,1,0,0,1),(5167,NULL,'2055-03',2055,3,'2055-03-01','2055-03-31',NULL,NULL,40741,0,NULL,1,0,0,1),(5168,NULL,'2055-04',2055,4,'2055-04-01','2055-04-30',NULL,NULL,40741,0,NULL,1,0,0,1),(5169,NULL,'2055-05',2055,5,'2055-05-01','2055-05-31',NULL,NULL,40741,0,NULL,1,0,0,1),(5170,NULL,'2055-06',2055,6,'2055-06-01','2055-06-30',NULL,NULL,40741,0,NULL,1,0,0,1),(5171,NULL,'2055-07',2055,7,'2055-07-01','2055-07-31',NULL,NULL,40741,0,NULL,1,0,0,1),(5172,NULL,'2055-08',2055,8,'2055-08-01','2055-08-31',NULL,NULL,40741,0,NULL,1,0,0,1);
INSERT INTO `periods` VALUES (5173,NULL,'2055-09',2055,9,'2055-09-01','2055-09-30',NULL,NULL,40741,0,NULL,1,0,0,1),(5174,NULL,'2055-10',2055,10,'2055-10-01','2055-10-31',NULL,NULL,40741,0,NULL,1,0,0,1),(5175,NULL,'2055-11',2055,11,'2055-11-01','2055-11-30',NULL,NULL,40741,0,NULL,1,0,0,1),(5176,NULL,'2055-12',2055,12,'2055-12-01','2055-12-31',NULL,NULL,40741,0,NULL,1,0,0,1),(5180,NULL,'2056-01',2056,1,'2056-01-01','2056-01-31',NULL,NULL,40741,0,NULL,1,0,0,1),(5181,NULL,'2056-02',2056,2,'2056-02-01','2056-02-28',NULL,NULL,40741,0,NULL,1,0,0,1),(5182,NULL,'2056-03',2056,3,'2056-03-01','2056-03-31',NULL,NULL,40741,0,NULL,1,0,0,1),(5183,NULL,'2056-04',2056,4,'2056-04-01','2056-04-30',NULL,NULL,40741,0,NULL,1,0,0,1),(5184,NULL,'2056-05',2056,5,'2056-05-01','2056-05-31',NULL,NULL,40741,0,NULL,1,0,0,1),(5185,NULL,'2056-06',2056,6,'2056-06-01','2056-06-30',NULL,NULL,40741,0,NULL,1,0,0,1),(5186,NULL,'2056-07',2056,7,'2056-07-01','2056-07-31',NULL,NULL,40741,0,NULL,1,0,0,1),(5187,NULL,'2056-08',2056,8,'2056-08-01','2056-08-31',NULL,NULL,40741,0,NULL,1,0,0,1),(5188,NULL,'2056-09',2056,9,'2056-09-01','2056-09-30',NULL,NULL,40741,0,NULL,1,0,0,1),(5189,NULL,'2056-10',2056,10,'2056-10-01','2056-10-31',NULL,NULL,40741,0,NULL,1,0,0,1),(5190,NULL,'2056-11',2056,11,'2056-11-01','2056-11-30',NULL,NULL,40741,0,NULL,1,0,0,1),(5191,NULL,'2056-12',2056,12,'2056-12-01','2056-12-31',NULL,NULL,40741,0,NULL,1,0,0,1),(5195,NULL,'2057-01',2057,1,'2057-01-01','2057-01-31',NULL,NULL,40741,0,NULL,1,0,0,1),(5196,NULL,'2057-02',2057,2,'2057-02-01','2057-02-28',NULL,NULL,40741,0,NULL,1,0,0,1),(5197,NULL,'2057-03',2057,3,'2057-03-01','2057-03-31',NULL,NULL,40741,0,NULL,1,0,0,1),(5198,NULL,'2057-04',2057,4,'2057-04-01','2057-04-30',NULL,NULL,40741,0,NULL,1,0,0,1),(5199,NULL,'2057-05',2057,5,'2057-05-01','2057-05-31',NULL,NULL,40741,0,NULL,1,0,0,1),(5200,NULL,'2057-06',2057,6,'2057-06-01','2057-06-30',NULL,NULL,40741,0,NULL,1,0,0,1),(5201,NULL,'2057-07',2057,7,'2057-07-01','2057-07-31',NULL,NULL,40741,0,NULL,1,0,0,1),(5202,NULL,'2057-08',2057,8,'2057-08-01','2057-08-31',NULL,NULL,40741,0,NULL,1,0,0,1),(5203,NULL,'2057-09',2057,9,'2057-09-01','2057-09-30',NULL,NULL,40741,0,NULL,1,0,0,1),(5204,NULL,'2057-10',2057,10,'2057-10-01','2057-10-31',NULL,NULL,40741,0,NULL,1,0,0,1),(5205,NULL,'2057-11',2057,11,'2057-11-01','2057-11-30',NULL,NULL,40741,0,NULL,1,0,0,1),(5206,NULL,'2057-12',2057,12,'2057-12-01','2057-12-31',NULL,NULL,40741,0,NULL,1,0,0,1),(5210,NULL,'2058-01',2058,1,'2058-01-01','2058-01-31',NULL,NULL,40741,0,NULL,1,0,0,1),(5211,NULL,'2058-02',2058,2,'2058-02-01','2058-02-28',NULL,NULL,40741,0,NULL,1,0,0,1),(5212,NULL,'2058-03',2058,3,'2058-03-01','2058-03-31',NULL,NULL,40741,0,NULL,1,0,0,1),(5213,NULL,'2058-04',2058,4,'2058-04-01','2058-04-30',NULL,NULL,40741,0,NULL,1,0,0,1),(5214,NULL,'2058-05',2058,5,'2058-05-01','2058-05-31',NULL,NULL,40741,0,NULL,1,0,0,1),(5215,NULL,'2058-06',2058,6,'2058-06-01','2058-06-30',NULL,NULL,40741,0,NULL,1,0,0,1),(5216,NULL,'2058-07',2058,7,'2058-07-01','2058-07-31',NULL,NULL,40741,0,NULL,1,0,0,1),(5217,NULL,'2058-08',2058,8,'2058-08-01','2058-08-31',NULL,NULL,40741,0,NULL,1,0,0,1),(5218,NULL,'2058-09',2058,9,'2058-09-01','2058-09-30',NULL,NULL,40741,0,NULL,1,0,0,1),(5219,NULL,'2058-10',2058,10,'2058-10-01','2058-10-31',NULL,NULL,40741,0,NULL,1,0,0,1),(5220,NULL,'2058-11',2058,11,'2058-11-01','2058-11-30',NULL,NULL,40741,0,NULL,1,0,0,1),(5221,NULL,'2058-12',2058,12,'2058-12-01','2058-12-31',NULL,NULL,40741,0,NULL,1,0,0,1),(5225,NULL,'2059-01',2059,1,'2059-01-01','2059-01-31',NULL,NULL,40741,0,NULL,1,0,0,1),(5226,NULL,'2059-02',2059,2,'2059-02-01','2059-02-28',NULL,NULL,40741,0,NULL,1,0,0,1),(5227,NULL,'2059-03',2059,3,'2059-03-01','2059-03-31',NULL,NULL,40741,0,NULL,1,0,0,1),(5228,NULL,'2059-04',2059,4,'2059-04-01','2059-04-30',NULL,NULL,40741,0,NULL,1,0,0,1),(5229,NULL,'2059-05',2059,5,'2059-05-01','2059-05-31',NULL,NULL,40741,0,NULL,1,0,0,1),(5230,NULL,'2059-06',2059,6,'2059-06-01','2059-06-30',NULL,NULL,40741,0,NULL,1,0,0,1);
INSERT INTO `periods` VALUES (5231,NULL,'2059-07',2059,7,'2059-07-01','2059-07-31',NULL,NULL,40741,0,NULL,1,0,0,1),(5232,NULL,'2059-08',2059,8,'2059-08-01','2059-08-31',NULL,NULL,40741,0,NULL,1,0,0,1),(5233,NULL,'2059-09',2059,9,'2059-09-01','2059-09-30',NULL,NULL,40741,0,NULL,1,0,0,1),(5234,NULL,'2059-10',2059,10,'2059-10-01','2059-10-31',NULL,NULL,40741,0,NULL,1,0,0,1),(5235,NULL,'2059-11',2059,11,'2059-11-01','2059-11-30',NULL,NULL,40741,0,NULL,1,0,0,1),(5236,NULL,'2059-12',2059,12,'2059-12-01','2059-12-31',NULL,NULL,40741,0,NULL,1,0,0,1),(5240,NULL,'2060-01',2060,1,'2060-01-01','2060-01-31',NULL,NULL,40741,0,NULL,1,0,0,1),(5241,NULL,'2060-02',2060,2,'2060-02-01','2060-02-28',NULL,NULL,40741,0,NULL,1,0,0,1),(5242,NULL,'2060-03',2060,3,'2060-03-01','2060-03-31',NULL,NULL,40741,0,NULL,1,0,0,1),(5243,NULL,'2060-04',2060,4,'2060-04-01','2060-04-30',NULL,NULL,40741,0,NULL,1,0,0,1),(5244,NULL,'2060-05',2060,5,'2060-05-01','2060-05-31',NULL,NULL,40741,0,NULL,1,0,0,1),(5245,NULL,'2060-06',2060,6,'2060-06-01','2060-06-30',NULL,NULL,40741,0,NULL,1,0,0,1),(5246,NULL,'2060-07',2060,7,'2060-07-01','2060-07-31',NULL,NULL,40741,0,NULL,1,0,0,1),(5247,NULL,'2060-08',2060,8,'2060-08-01','2060-08-31',NULL,NULL,40741,0,NULL,1,0,0,1),(5248,NULL,'2060-09',2060,9,'2060-09-01','2060-09-30',NULL,NULL,40741,0,NULL,1,0,0,1),(5249,NULL,'2060-10',2060,10,'2060-10-01','2060-10-31',NULL,NULL,40741,0,NULL,1,0,0,1),(5250,NULL,'2060-11',2060,11,'2060-11-01','2060-11-30',NULL,NULL,40741,0,NULL,1,0,0,1),(5251,NULL,'2060-12',2060,12,'2060-12-01','2060-12-31',NULL,NULL,40741,0,NULL,1,0,0,1),(5255,NULL,'2061-01',2061,1,'2061-01-01','2061-01-31',NULL,NULL,40741,0,NULL,1,0,0,1),(5256,NULL,'2061-02',2061,2,'2061-02-01','2061-02-28',NULL,NULL,40741,0,NULL,1,0,0,1),(5257,NULL,'2061-03',2061,3,'2061-03-01','2061-03-31',NULL,NULL,40741,0,NULL,1,0,0,1),(5258,NULL,'2061-04',2061,4,'2061-04-01','2061-04-30',NULL,NULL,40741,0,NULL,1,0,0,1),(5259,NULL,'2061-05',2061,5,'2061-05-01','2061-05-31',NULL,NULL,40741,0,NULL,1,0,0,1),(5260,NULL,'2061-06',2061,6,'2061-06-01','2061-06-30',NULL,NULL,40741,0,NULL,1,0,0,1),(5261,NULL,'2061-07',2061,7,'2061-07-01','2061-07-31',NULL,NULL,40741,0,NULL,1,0,0,1),(5262,NULL,'2061-08',2061,8,'2061-08-01','2061-08-31',NULL,NULL,40741,0,NULL,1,0,0,1),(5263,NULL,'2061-09',2061,9,'2061-09-01','2061-09-30',NULL,NULL,40741,0,NULL,1,0,0,1),(5264,NULL,'2061-10',2061,10,'2061-10-01','2061-10-31',NULL,NULL,40741,0,NULL,1,0,0,1),(5265,NULL,'2061-11',2061,11,'2061-11-01','2061-11-30',NULL,NULL,40741,0,NULL,1,0,0,1),(5266,NULL,'2061-12',2061,12,'2061-12-01','2061-12-31',NULL,NULL,40741,0,NULL,1,0,0,1),(5270,NULL,'2062-01',2062,1,'2062-01-01','2062-01-31',NULL,NULL,40741,0,NULL,1,0,0,1),(5271,NULL,'2062-02',2062,2,'2062-02-01','2062-02-28',NULL,NULL,40741,0,NULL,1,0,0,1),(5272,NULL,'2062-03',2062,3,'2062-03-01','2062-03-31',NULL,NULL,40741,0,NULL,1,0,0,1),(5273,NULL,'2062-04',2062,4,'2062-04-01','2062-04-30',NULL,NULL,40741,0,NULL,1,0,0,1),(5274,NULL,'2062-05',2062,5,'2062-05-01','2062-05-31',NULL,NULL,40741,0,NULL,1,0,0,1),(5275,NULL,'2062-06',2062,6,'2062-06-01','2062-06-30',NULL,NULL,40741,0,NULL,1,0,0,1),(5276,NULL,'2062-07',2062,7,'2062-07-01','2062-07-31',NULL,NULL,40741,0,NULL,1,0,0,1),(5277,NULL,'2062-08',2062,8,'2062-08-01','2062-08-31',NULL,NULL,40741,0,NULL,1,0,0,1),(5278,NULL,'2062-09',2062,9,'2062-09-01','2062-09-30',NULL,NULL,40741,0,NULL,1,0,0,1),(5279,NULL,'2062-10',2062,10,'2062-10-01','2062-10-31',NULL,NULL,40741,0,NULL,1,0,0,1),(5280,NULL,'2062-11',2062,11,'2062-11-01','2062-11-30',NULL,NULL,40741,0,NULL,1,0,0,1),(5281,NULL,'2062-12',2062,12,'2062-12-01','2062-12-31',NULL,NULL,40741,0,NULL,1,0,0,1),(5285,NULL,'2063-01',2063,1,'2063-01-01','2063-01-31',NULL,NULL,40741,0,NULL,1,0,0,1),(5286,NULL,'2063-02',2063,2,'2063-02-01','2063-02-28',NULL,NULL,40741,0,NULL,1,0,0,1),(5287,NULL,'2063-03',2063,3,'2063-03-01','2063-03-31',NULL,NULL,40741,0,NULL,1,0,0,1),(5288,NULL,'2063-04',2063,4,'2063-04-01','2063-04-30',NULL,NULL,40741,0,NULL,1,0,0,1);
INSERT INTO `periods` VALUES (5289,NULL,'2063-05',2063,5,'2063-05-01','2063-05-31',NULL,NULL,40741,0,NULL,1,0,0,1),(5290,NULL,'2063-06',2063,6,'2063-06-01','2063-06-30',NULL,NULL,40741,0,NULL,1,0,0,1),(5291,NULL,'2063-07',2063,7,'2063-07-01','2063-07-31',NULL,NULL,40741,0,NULL,1,0,0,1),(5292,NULL,'2063-08',2063,8,'2063-08-01','2063-08-31',NULL,NULL,40741,0,NULL,1,0,0,1),(5293,NULL,'2063-09',2063,9,'2063-09-01','2063-09-30',NULL,NULL,40741,0,NULL,1,0,0,1),(5294,NULL,'2063-10',2063,10,'2063-10-01','2063-10-31',NULL,NULL,40741,0,NULL,1,0,0,1),(5295,NULL,'2063-11',2063,11,'2063-11-01','2063-11-30',NULL,NULL,40741,0,NULL,1,0,0,1),(5296,NULL,'2063-12',2063,12,'2063-12-01','2063-12-31',NULL,NULL,40741,0,NULL,1,0,0,1),(5300,NULL,'2064-01',2064,1,'2064-01-01','2064-01-31',NULL,NULL,40741,0,NULL,1,0,0,1),(5301,NULL,'2064-02',2064,2,'2064-02-01','2064-02-28',NULL,NULL,40741,0,NULL,1,0,0,1),(5302,NULL,'2064-03',2064,3,'2064-03-01','2064-03-31',NULL,NULL,40741,0,NULL,1,0,0,1),(5303,NULL,'2064-04',2064,4,'2064-04-01','2064-04-30',NULL,NULL,40741,0,NULL,1,0,0,1),(5304,NULL,'2064-05',2064,5,'2064-05-01','2064-05-31',NULL,NULL,40741,0,NULL,1,0,0,1),(5305,NULL,'2064-06',2064,6,'2064-06-01','2064-06-30',NULL,NULL,40741,0,NULL,1,0,0,1),(5306,NULL,'2064-07',2064,7,'2064-07-01','2064-07-31',NULL,NULL,40741,0,NULL,1,0,0,1),(5307,NULL,'2064-08',2064,8,'2064-08-01','2064-08-31',NULL,NULL,40741,0,NULL,1,0,0,1),(5308,NULL,'2064-09',2064,9,'2064-09-01','2064-09-30',NULL,NULL,40741,0,NULL,1,0,0,1),(5309,NULL,'2064-10',2064,10,'2064-10-01','2064-10-31',NULL,NULL,40741,0,NULL,1,0,0,1),(5310,NULL,'2064-11',2064,11,'2064-11-01','2064-11-30',NULL,NULL,40741,0,NULL,1,0,0,1),(5311,NULL,'2064-12',2064,12,'2064-12-01','2064-12-31',NULL,NULL,40741,0,NULL,1,0,0,1),(5315,NULL,'2065-01',2065,1,'2065-01-01','2065-01-31',NULL,NULL,40741,0,NULL,1,0,0,1),(5316,NULL,'2065-02',2065,2,'2065-02-01','2065-02-28',NULL,NULL,40741,0,NULL,1,0,0,1),(5317,NULL,'2065-03',2065,3,'2065-03-01','2065-03-31',NULL,NULL,40741,0,NULL,1,0,0,1),(5318,NULL,'2065-04',2065,4,'2065-04-01','2065-04-30',NULL,NULL,40741,0,NULL,1,0,0,1),(5319,NULL,'2065-05',2065,5,'2065-05-01','2065-05-31',NULL,NULL,40741,0,NULL,1,0,0,1),(5320,NULL,'2065-06',2065,6,'2065-06-01','2065-06-30',NULL,NULL,40741,0,NULL,1,0,0,1),(5321,NULL,'2065-07',2065,7,'2065-07-01','2065-07-31',NULL,NULL,40741,0,NULL,1,0,0,1),(5322,NULL,'2065-08',2065,8,'2065-08-01','2065-08-31',NULL,NULL,40741,0,NULL,1,0,0,1),(5323,NULL,'2065-09',2065,9,'2065-09-01','2065-09-30',NULL,NULL,40741,0,NULL,1,0,0,1),(5324,NULL,'2065-10',2065,10,'2065-10-01','2065-10-31',NULL,NULL,40741,0,NULL,1,0,0,1),(5325,NULL,'2065-11',2065,11,'2065-11-01','2065-11-30',NULL,NULL,40741,0,NULL,1,0,0,1),(5326,NULL,'2065-12',2065,12,'2065-12-01','2065-12-31',NULL,NULL,40741,0,NULL,1,0,0,1),(5330,NULL,'2066-01',2066,1,'2066-01-01','2066-01-31',NULL,NULL,40741,0,NULL,1,0,0,1),(5331,NULL,'2066-02',2066,2,'2066-02-01','2066-02-28',NULL,NULL,40741,0,NULL,1,0,0,1),(5332,NULL,'2066-03',2066,3,'2066-03-01','2066-03-31',NULL,NULL,40741,0,NULL,1,0,0,1),(5333,NULL,'2066-04',2066,4,'2066-04-01','2066-04-30',NULL,NULL,40741,0,NULL,1,0,0,1),(5334,NULL,'2066-05',2066,5,'2066-05-01','2066-05-31',NULL,NULL,40741,0,NULL,1,0,0,1),(5335,NULL,'2066-06',2066,6,'2066-06-01','2066-06-30',NULL,NULL,40741,0,NULL,1,0,0,1),(5336,NULL,'2066-07',2066,7,'2066-07-01','2066-07-31',NULL,NULL,40741,0,NULL,1,0,0,1),(5337,NULL,'2066-08',2066,8,'2066-08-01','2066-08-31',NULL,NULL,40741,0,NULL,1,0,0,1),(5338,NULL,'2066-09',2066,9,'2066-09-01','2066-09-30',NULL,NULL,40741,0,NULL,1,0,0,1),(5339,NULL,'2066-10',2066,10,'2066-10-01','2066-10-31',NULL,NULL,40741,0,NULL,1,0,0,1),(5340,NULL,'2066-11',2066,11,'2066-11-01','2066-11-30',NULL,NULL,40741,0,NULL,1,0,0,1),(5341,NULL,'2066-12',2066,12,'2066-12-01','2066-12-31',NULL,NULL,40741,0,NULL,1,0,0,1),(5345,NULL,'2067-01',2067,1,'2067-01-01','2067-01-31',NULL,NULL,40741,0,NULL,1,0,0,1),(5346,NULL,'2067-02',2067,2,'2067-02-01','2067-02-28',NULL,NULL,40741,0,NULL,1,0,0,1);
INSERT INTO `periods` VALUES (5347,NULL,'2067-03',2067,3,'2067-03-01','2067-03-31',NULL,NULL,40741,0,NULL,1,0,0,1),(5348,NULL,'2067-04',2067,4,'2067-04-01','2067-04-30',NULL,NULL,40741,0,NULL,1,0,0,1),(5349,NULL,'2067-05',2067,5,'2067-05-01','2067-05-31',NULL,NULL,40741,0,NULL,1,0,0,1),(5350,NULL,'2067-06',2067,6,'2067-06-01','2067-06-30',NULL,NULL,40741,0,NULL,1,0,0,1),(5351,NULL,'2067-07',2067,7,'2067-07-01','2067-07-31',NULL,NULL,40741,0,NULL,1,0,0,1),(5352,NULL,'2067-08',2067,8,'2067-08-01','2067-08-31',NULL,NULL,40741,0,NULL,1,0,0,1),(5353,NULL,'2067-09',2067,9,'2067-09-01','2067-09-30',NULL,NULL,40741,0,NULL,1,0,0,1),(5354,NULL,'2067-10',2067,10,'2067-10-01','2067-10-31',NULL,NULL,40741,0,NULL,1,0,0,1),(5355,NULL,'2067-11',2067,11,'2067-11-01','2067-11-30',NULL,NULL,40741,0,NULL,1,0,0,1),(5356,NULL,'2067-12',2067,12,'2067-12-01','2067-12-31',NULL,NULL,40741,0,NULL,1,0,0,1),(5360,NULL,'2068-01',2068,1,'2068-01-01','2068-01-31',NULL,NULL,40741,0,NULL,1,0,0,1),(5361,NULL,'2068-02',2068,2,'2068-02-01','2068-02-28',NULL,NULL,40741,0,NULL,1,0,0,1),(5362,NULL,'2068-03',2068,3,'2068-03-01','2068-03-31',NULL,NULL,40741,0,NULL,1,0,0,1),(5363,NULL,'2068-04',2068,4,'2068-04-01','2068-04-30',NULL,NULL,40741,0,NULL,1,0,0,1),(5364,NULL,'2068-05',2068,5,'2068-05-01','2068-05-31',NULL,NULL,40741,0,NULL,1,0,0,1),(5365,NULL,'2068-06',2068,6,'2068-06-01','2068-06-30',NULL,NULL,40741,0,NULL,1,0,0,1),(5366,NULL,'2068-07',2068,7,'2068-07-01','2068-07-31',NULL,NULL,40741,0,NULL,1,0,0,1),(5367,NULL,'2068-08',2068,8,'2068-08-01','2068-08-31',NULL,NULL,40741,0,NULL,1,0,0,1),(5368,NULL,'2068-09',2068,9,'2068-09-01','2068-09-30',NULL,NULL,40741,0,NULL,1,0,0,1),(5369,NULL,'2068-10',2068,10,'2068-10-01','2068-10-31',NULL,NULL,40741,0,NULL,1,0,0,1),(5370,NULL,'2068-11',2068,11,'2068-11-01','2068-11-30',NULL,NULL,40741,0,NULL,1,0,0,1),(5371,NULL,'2068-12',2068,12,'2068-12-01','2068-12-31',NULL,NULL,40741,0,NULL,1,0,0,1),(5375,NULL,'2069-01',2069,1,'2069-01-01','2069-01-31',NULL,NULL,40741,0,NULL,1,0,0,1),(5376,NULL,'2069-02',2069,2,'2069-02-01','2069-02-28',NULL,NULL,40741,0,NULL,1,0,0,1),(5377,NULL,'2069-03',2069,3,'2069-03-01','2069-03-31',NULL,NULL,40741,0,NULL,1,0,0,1),(5378,NULL,'2069-04',2069,4,'2069-04-01','2069-04-30',NULL,NULL,40741,0,NULL,1,0,0,1),(5379,NULL,'2069-05',2069,5,'2069-05-01','2069-05-31',NULL,NULL,40741,0,NULL,1,0,0,1),(5380,NULL,'2069-06',2069,6,'2069-06-01','2069-06-30',NULL,NULL,40741,0,NULL,1,0,0,1),(5381,NULL,'2069-07',2069,7,'2069-07-01','2069-07-31',NULL,NULL,40741,0,NULL,1,0,0,1),(5382,NULL,'2069-08',2069,8,'2069-08-01','2069-08-31',NULL,NULL,40741,0,NULL,1,0,0,1),(5383,NULL,'2069-09',2069,9,'2069-09-01','2069-09-30',NULL,NULL,40741,0,NULL,1,0,0,1),(5384,NULL,'2069-10',2069,10,'2069-10-01','2069-10-31',NULL,NULL,40741,0,NULL,1,0,0,1),(5385,NULL,'2069-11',2069,11,'2069-11-01','2069-11-30',NULL,NULL,40741,0,NULL,1,0,0,1),(5386,NULL,'2069-12',2069,12,'2069-12-01','2069-12-31',NULL,NULL,40741,0,NULL,1,0,0,1),(5390,NULL,'2070-01',2070,1,'2070-01-01','2070-01-31',NULL,NULL,40741,0,NULL,1,0,0,1),(5391,NULL,'2070-02',2070,2,'2070-02-01','2070-02-28',NULL,NULL,40741,0,NULL,1,0,0,1),(5392,NULL,'2070-03',2070,3,'2070-03-01','2070-03-31',NULL,NULL,40741,0,NULL,1,0,0,1),(5393,NULL,'2070-04',2070,4,'2070-04-01','2070-04-30',NULL,NULL,40741,0,NULL,1,0,0,1),(5394,NULL,'2070-05',2070,5,'2070-05-01','2070-05-31',NULL,NULL,40741,0,NULL,1,0,0,1),(5395,NULL,'2070-06',2070,6,'2070-06-01','2070-06-30',NULL,NULL,40741,0,NULL,1,0,0,1),(5396,NULL,'2070-07',2070,7,'2070-07-01','2070-07-31',NULL,NULL,40741,0,NULL,1,0,0,1),(5397,NULL,'2070-08',2070,8,'2070-08-01','2070-08-31',NULL,NULL,40741,0,NULL,1,0,0,1),(5398,NULL,'2070-09',2070,9,'2070-09-01','2070-09-30',NULL,NULL,40741,0,NULL,1,0,0,1),(5399,NULL,'2070-10',2070,10,'2070-10-01','2070-10-31',NULL,NULL,40741,0,NULL,1,0,0,1),(5400,NULL,'2070-11',2070,11,'2070-11-01','2070-11-30',NULL,NULL,40741,0,NULL,1,0,0,1),(5401,NULL,'2070-12',2070,12,'2070-12-01','2070-12-31',NULL,NULL,40741,0,NULL,1,0,0,1);
INSERT INTO `periods` VALUES (5405,NULL,'2071-01',2071,1,'2071-01-01','2071-01-31',NULL,NULL,40741,0,NULL,1,0,0,1),(5406,NULL,'2071-02',2071,2,'2071-02-01','2071-02-28',NULL,NULL,40741,0,NULL,1,0,0,1),(5407,NULL,'2071-03',2071,3,'2071-03-01','2071-03-31',NULL,NULL,40741,0,NULL,1,0,0,1),(5408,NULL,'2071-04',2071,4,'2071-04-01','2071-04-30',NULL,NULL,40741,0,NULL,1,0,0,1),(5409,NULL,'2071-05',2071,5,'2071-05-01','2071-05-31',NULL,NULL,40741,0,NULL,1,0,0,1),(5410,NULL,'2071-06',2071,6,'2071-06-01','2071-06-30',NULL,NULL,40741,0,NULL,1,0,0,1),(5411,NULL,'2071-07',2071,7,'2071-07-01','2071-07-31',NULL,NULL,40741,0,NULL,1,0,0,1),(5412,NULL,'2071-08',2071,8,'2071-08-01','2071-08-31',NULL,NULL,40741,0,NULL,1,0,0,1),(5413,NULL,'2071-09',2071,9,'2071-09-01','2071-09-30',NULL,NULL,40741,0,NULL,1,0,0,1),(5414,NULL,'2071-10',2071,10,'2071-10-01','2071-10-31',NULL,NULL,40741,0,NULL,1,0,0,1),(5415,NULL,'2071-11',2071,11,'2071-11-01','2071-11-30',NULL,NULL,40741,0,NULL,1,0,0,1),(5416,NULL,'2071-12',2071,12,'2071-12-01','2071-12-31',NULL,NULL,40741,0,NULL,1,0,0,1),(5420,NULL,'2072-01',2072,1,'2072-01-01','2072-01-31',NULL,NULL,40741,0,NULL,1,0,0,1),(5421,NULL,'2072-02',2072,2,'2072-02-01','2072-02-28',NULL,NULL,40741,0,NULL,1,0,0,1),(5422,NULL,'2072-03',2072,3,'2072-03-01','2072-03-31',NULL,NULL,40741,0,NULL,1,0,0,1),(5423,NULL,'2072-04',2072,4,'2072-04-01','2072-04-30',NULL,NULL,40741,0,NULL,1,0,0,1),(5424,NULL,'2072-05',2072,5,'2072-05-01','2072-05-31',NULL,NULL,40741,0,NULL,1,0,0,1),(5425,NULL,'2072-06',2072,6,'2072-06-01','2072-06-30',NULL,NULL,40741,0,NULL,1,0,0,1),(5426,NULL,'2072-07',2072,7,'2072-07-01','2072-07-31',NULL,NULL,40741,0,NULL,1,0,0,1),(5427,NULL,'2072-08',2072,8,'2072-08-01','2072-08-31',NULL,NULL,40741,0,NULL,1,0,0,1),(5428,NULL,'2072-09',2072,9,'2072-09-01','2072-09-30',NULL,NULL,40741,0,NULL,1,0,0,1),(5429,NULL,'2072-10',2072,10,'2072-10-01','2072-10-31',NULL,NULL,40741,0,NULL,1,0,0,1),(5430,NULL,'2072-11',2072,11,'2072-11-01','2072-11-30',NULL,NULL,40741,0,NULL,1,0,0,1),(5431,NULL,'2072-12',2072,12,'2072-12-01','2072-12-31',NULL,NULL,40741,0,NULL,1,0,0,1),(5435,NULL,'2073-01',2073,1,'2073-01-01','2073-01-31',NULL,NULL,40741,0,NULL,1,0,0,1),(5436,NULL,'2073-02',2073,2,'2073-02-01','2073-02-28',NULL,NULL,40741,0,NULL,1,0,0,1),(5437,NULL,'2073-03',2073,3,'2073-03-01','2073-03-31',NULL,NULL,40741,0,NULL,1,0,0,1),(5438,NULL,'2073-04',2073,4,'2073-04-01','2073-04-30',NULL,NULL,40741,0,NULL,1,0,0,1),(5439,NULL,'2073-05',2073,5,'2073-05-01','2073-05-31',NULL,NULL,40741,0,NULL,1,0,0,1),(5440,NULL,'2073-06',2073,6,'2073-06-01','2073-06-30',NULL,NULL,40741,0,NULL,1,0,0,1),(5441,NULL,'2073-07',2073,7,'2073-07-01','2073-07-31',NULL,NULL,40741,0,NULL,1,0,0,1),(5442,NULL,'2073-08',2073,8,'2073-08-01','2073-08-31',NULL,NULL,40741,0,NULL,1,0,0,1),(5443,NULL,'2073-09',2073,9,'2073-09-01','2073-09-30',NULL,NULL,40741,0,NULL,1,0,0,1),(5444,NULL,'2073-10',2073,10,'2073-10-01','2073-10-31',NULL,NULL,40741,0,NULL,1,0,0,1),(5445,NULL,'2073-11',2073,11,'2073-11-01','2073-11-30',NULL,NULL,40741,0,NULL,1,0,0,1),(5446,NULL,'2073-12',2073,12,'2073-12-01','2073-12-31',NULL,NULL,40741,0,NULL,1,0,0,1),(5450,NULL,'2074-01',2074,1,'2074-01-01','2074-01-31',NULL,NULL,40741,0,NULL,1,0,0,1),(5451,NULL,'2074-02',2074,2,'2074-02-01','2074-02-28',NULL,NULL,40741,0,NULL,1,0,0,1),(5452,NULL,'2074-03',2074,3,'2074-03-01','2074-03-31',NULL,NULL,40741,0,NULL,1,0,0,1),(5453,NULL,'2074-04',2074,4,'2074-04-01','2074-04-30',NULL,NULL,40741,0,NULL,1,0,0,1),(5454,NULL,'2074-05',2074,5,'2074-05-01','2074-05-31',NULL,NULL,40741,0,NULL,1,0,0,1),(5455,NULL,'2074-06',2074,6,'2074-06-01','2074-06-30',NULL,NULL,40741,0,NULL,1,0,0,1),(5456,NULL,'2074-07',2074,7,'2074-07-01','2074-07-31',NULL,NULL,40741,0,NULL,1,0,0,1),(5457,NULL,'2074-08',2074,8,'2074-08-01','2074-08-31',NULL,NULL,40741,0,NULL,1,0,0,1),(5458,NULL,'2074-09',2074,9,'2074-09-01','2074-09-30',NULL,NULL,40741,0,NULL,1,0,0,1),(5459,NULL,'2074-10',2074,10,'2074-10-01','2074-10-31',NULL,NULL,40741,0,NULL,1,0,0,1);
INSERT INTO `periods` VALUES (5460,NULL,'2074-11',2074,11,'2074-11-01','2074-11-30',NULL,NULL,40741,0,NULL,1,0,0,1),(5461,NULL,'2074-12',2074,12,'2074-12-01','2074-12-31',NULL,NULL,40741,0,NULL,1,0,0,1),(5465,NULL,'2075-01',2075,1,'2075-01-01','2075-01-31',NULL,NULL,40741,0,NULL,1,0,0,1),(5466,NULL,'2075-02',2075,2,'2075-02-01','2075-02-28',NULL,NULL,40741,0,NULL,1,0,0,1),(5467,NULL,'2075-03',2075,3,'2075-03-01','2075-03-31',NULL,NULL,40741,0,NULL,1,0,0,1),(5468,NULL,'2075-04',2075,4,'2075-04-01','2075-04-30',NULL,NULL,40741,0,NULL,1,0,0,1),(5469,NULL,'2075-05',2075,5,'2075-05-01','2075-05-31',NULL,NULL,40741,0,NULL,1,0,0,1),(5470,NULL,'2075-06',2075,6,'2075-06-01','2075-06-30',NULL,NULL,40741,0,NULL,1,0,0,1),(5471,NULL,'2075-07',2075,7,'2075-07-01','2075-07-31',NULL,NULL,40741,0,NULL,1,0,0,1),(5472,NULL,'2075-08',2075,8,'2075-08-01','2075-08-31',NULL,NULL,40741,0,NULL,1,0,0,1),(5473,NULL,'2075-09',2075,9,'2075-09-01','2075-09-30',NULL,NULL,40741,0,NULL,1,0,0,1),(5474,NULL,'2075-10',2075,10,'2075-10-01','2075-10-31',NULL,NULL,40741,0,NULL,1,0,0,1),(5475,NULL,'2075-11',2075,11,'2075-11-01','2075-11-30',NULL,NULL,40741,0,NULL,1,0,0,1),(5476,NULL,'2075-12',2075,12,'2075-12-01','2075-12-31',NULL,NULL,40741,0,NULL,1,0,0,1),(5480,NULL,'2076-01',2076,1,'2076-01-01','2076-01-31',NULL,NULL,40741,0,NULL,1,0,0,1),(5481,NULL,'2076-02',2076,2,'2076-02-01','2076-02-28',NULL,NULL,40741,0,NULL,1,0,0,1),(5482,NULL,'2076-03',2076,3,'2076-03-01','2076-03-31',NULL,NULL,40741,0,NULL,1,0,0,1),(5483,NULL,'2076-04',2076,4,'2076-04-01','2076-04-30',NULL,NULL,40741,0,NULL,1,0,0,1),(5484,NULL,'2076-05',2076,5,'2076-05-01','2076-05-31',NULL,NULL,40741,0,NULL,1,0,0,1),(5485,NULL,'2076-06',2076,6,'2076-06-01','2076-06-30',NULL,NULL,40741,0,NULL,1,0,0,1),(5486,NULL,'2076-07',2076,7,'2076-07-01','2076-07-31',NULL,NULL,40741,0,NULL,1,0,0,1),(5487,NULL,'2076-08',2076,8,'2076-08-01','2076-08-31',NULL,NULL,40741,0,NULL,1,0,0,1),(5488,NULL,'2076-09',2076,9,'2076-09-01','2076-09-30',NULL,NULL,40741,0,NULL,1,0,0,1),(5489,NULL,'2076-10',2076,10,'2076-10-01','2076-10-31',NULL,NULL,40741,0,NULL,1,0,0,1),(5490,NULL,'2076-11',2076,11,'2076-11-01','2076-11-30',NULL,NULL,40741,0,NULL,1,0,0,1),(5491,NULL,'2076-12',2076,12,'2076-12-01','2076-12-31',NULL,NULL,40741,0,NULL,1,0,0,1),(5495,NULL,'2077-01',2077,1,'2077-01-01','2077-01-31',NULL,NULL,40741,0,NULL,1,0,0,1),(5496,NULL,'2077-02',2077,2,'2077-02-01','2077-02-28',NULL,NULL,40741,0,NULL,1,0,0,1),(5497,NULL,'2077-03',2077,3,'2077-03-01','2077-03-31',NULL,NULL,40741,0,NULL,1,0,0,1),(5498,NULL,'2077-04',2077,4,'2077-04-01','2077-04-30',NULL,NULL,40741,0,NULL,1,0,0,1),(5499,NULL,'2077-05',2077,5,'2077-05-01','2077-05-31',NULL,NULL,40741,0,NULL,1,0,0,1),(5500,NULL,'2077-06',2077,6,'2077-06-01','2077-06-30',NULL,NULL,40741,0,NULL,1,0,0,1),(5501,NULL,'2077-07',2077,7,'2077-07-01','2077-07-31',NULL,NULL,40741,0,NULL,1,0,0,1),(5502,NULL,'2077-08',2077,8,'2077-08-01','2077-08-31',NULL,NULL,40741,0,NULL,1,0,0,1),(5503,NULL,'2077-09',2077,9,'2077-09-01','2077-09-30',NULL,NULL,40741,0,NULL,1,0,0,1),(5504,NULL,'2077-10',2077,10,'2077-10-01','2077-10-31',NULL,NULL,40741,0,NULL,1,0,0,1),(5505,NULL,'2077-11',2077,11,'2077-11-01','2077-11-30',NULL,NULL,40741,0,NULL,1,0,0,1),(5506,NULL,'2077-12',2077,12,'2077-12-01','2077-12-31',NULL,NULL,40741,0,NULL,1,0,0,1),(5510,NULL,'2078-01',2078,1,'2078-01-01','2078-01-31',NULL,NULL,40741,0,NULL,1,0,0,1),(5511,NULL,'2078-02',2078,2,'2078-02-01','2078-02-28',NULL,NULL,40741,0,NULL,1,0,0,1),(5512,NULL,'2078-03',2078,3,'2078-03-01','2078-03-31',NULL,NULL,40741,0,NULL,1,0,0,1),(5513,NULL,'2078-04',2078,4,'2078-04-01','2078-04-30',NULL,NULL,40741,0,NULL,1,0,0,1),(5514,NULL,'2078-05',2078,5,'2078-05-01','2078-05-31',NULL,NULL,40741,0,NULL,1,0,0,1),(5515,NULL,'2078-06',2078,6,'2078-06-01','2078-06-30',NULL,NULL,40741,0,NULL,1,0,0,1),(5516,NULL,'2078-07',2078,7,'2078-07-01','2078-07-31',NULL,NULL,40741,0,NULL,1,0,0,1),(5517,NULL,'2078-08',2078,8,'2078-08-01','2078-08-31',NULL,NULL,40741,0,NULL,1,0,0,1);
INSERT INTO `periods` VALUES (5518,NULL,'2078-09',2078,9,'2078-09-01','2078-09-30',NULL,NULL,40741,0,NULL,1,0,0,1),(5519,NULL,'2078-10',2078,10,'2078-10-01','2078-10-31',NULL,NULL,40741,0,NULL,1,0,0,1),(5520,NULL,'2078-11',2078,11,'2078-11-01','2078-11-30',NULL,NULL,40741,0,NULL,1,0,0,1),(5521,NULL,'2078-12',2078,12,'2078-12-01','2078-12-31',NULL,NULL,40741,0,NULL,1,0,0,1),(5525,NULL,'2079-01',2079,1,'2079-01-01','2079-01-31',NULL,NULL,40741,0,NULL,1,0,0,1),(5526,NULL,'2079-02',2079,2,'2079-02-01','2079-02-28',NULL,NULL,40741,0,NULL,1,0,0,1),(5527,NULL,'2079-03',2079,3,'2079-03-01','2079-03-31',NULL,NULL,40741,0,NULL,1,0,0,1),(5528,NULL,'2079-04',2079,4,'2079-04-01','2079-04-30',NULL,NULL,40741,0,NULL,1,0,0,1),(5529,NULL,'2079-05',2079,5,'2079-05-01','2079-05-31',NULL,NULL,40741,0,NULL,1,0,0,1),(5530,NULL,'2079-06',2079,6,'2079-06-01','2079-06-30',NULL,NULL,40741,0,NULL,1,0,0,1),(5531,NULL,'2079-07',2079,7,'2079-07-01','2079-07-31',NULL,NULL,40741,0,NULL,1,0,0,1),(5532,NULL,'2079-08',2079,8,'2079-08-01','2079-08-31',NULL,NULL,40741,0,NULL,1,0,0,1),(5533,NULL,'2079-09',2079,9,'2079-09-01','2079-09-30',NULL,NULL,40741,0,NULL,1,0,0,1),(5534,NULL,'2079-10',2079,10,'2079-10-01','2079-10-31',NULL,NULL,40741,0,NULL,1,0,0,1),(5535,NULL,'2079-11',2079,11,'2079-11-01','2079-11-30',NULL,NULL,40741,0,NULL,1,0,0,1),(5536,NULL,'2079-12',2079,12,'2079-12-01','2079-12-31',NULL,NULL,40741,0,NULL,1,0,0,1),(5540,NULL,'2080-01',2080,1,'2080-01-01','2080-01-31',NULL,NULL,40741,0,NULL,1,0,0,1),(5541,NULL,'2080-02',2080,2,'2080-02-01','2080-02-28',NULL,NULL,40741,0,NULL,1,0,0,1),(5542,NULL,'2080-03',2080,3,'2080-03-01','2080-03-31',NULL,NULL,40741,0,NULL,1,0,0,1),(5543,NULL,'2080-04',2080,4,'2080-04-01','2080-04-30',NULL,NULL,40741,0,NULL,1,0,0,1),(5544,NULL,'2080-05',2080,5,'2080-05-01','2080-05-31',NULL,NULL,40741,0,NULL,1,0,0,1),(5545,NULL,'2080-06',2080,6,'2080-06-01','2080-06-30',NULL,NULL,40741,0,NULL,1,0,0,1),(5546,NULL,'2080-07',2080,7,'2080-07-01','2080-07-31',NULL,NULL,40741,0,NULL,1,0,0,1),(5547,NULL,'2080-08',2080,8,'2080-08-01','2080-08-31',NULL,NULL,40741,0,NULL,1,0,0,1),(5548,NULL,'2080-09',2080,9,'2080-09-01','2080-09-30',NULL,NULL,40741,0,NULL,1,0,0,1),(5549,NULL,'2080-10',2080,10,'2080-10-01','2080-10-31',NULL,NULL,40741,0,NULL,1,0,0,1),(5550,NULL,'2080-11',2080,11,'2080-11-01','2080-11-30',NULL,NULL,40741,0,NULL,1,0,0,1),(5551,NULL,'2080-12',2080,12,'2080-12-01','2080-12-31',NULL,NULL,40741,0,NULL,1,0,0,1),(5555,NULL,'2081-01',2081,1,'2081-01-01','2081-01-31',NULL,NULL,40741,0,NULL,1,0,0,1),(5556,NULL,'2081-02',2081,2,'2081-02-01','2081-02-28',NULL,NULL,40741,0,NULL,1,0,0,1),(5557,NULL,'2081-03',2081,3,'2081-03-01','2081-03-31',NULL,NULL,40741,0,NULL,1,0,0,1),(5558,NULL,'2081-04',2081,4,'2081-04-01','2081-04-30',NULL,NULL,40741,0,NULL,1,0,0,1),(5559,NULL,'2081-05',2081,5,'2081-05-01','2081-05-31',NULL,NULL,40741,0,NULL,1,0,0,1),(5560,NULL,'2081-06',2081,6,'2081-06-01','2081-06-30',NULL,NULL,40741,0,NULL,1,0,0,1),(5561,NULL,'2081-07',2081,7,'2081-07-01','2081-07-31',NULL,NULL,40741,0,NULL,1,0,0,1),(5562,NULL,'2081-08',2081,8,'2081-08-01','2081-08-31',NULL,NULL,40741,0,NULL,1,0,0,1),(5563,NULL,'2081-09',2081,9,'2081-09-01','2081-09-30',NULL,NULL,40741,0,NULL,1,0,0,1),(5564,NULL,'2081-10',2081,10,'2081-10-01','2081-10-31',NULL,NULL,40741,0,NULL,1,0,0,1),(5565,NULL,'2081-11',2081,11,'2081-11-01','2081-11-30',NULL,NULL,40741,0,NULL,1,0,0,1),(5566,NULL,'2081-12',2081,12,'2081-12-01','2081-12-31',NULL,NULL,40741,0,NULL,1,0,0,1),(5570,NULL,'2082-01',2082,1,'2082-01-01','2082-01-31',NULL,NULL,40741,0,NULL,1,0,0,1),(5571,NULL,'2082-02',2082,2,'2082-02-01','2082-02-28',NULL,NULL,40741,0,NULL,1,0,0,1),(5572,NULL,'2082-03',2082,3,'2082-03-01','2082-03-31',NULL,NULL,40741,0,NULL,1,0,0,1),(5573,NULL,'2082-04',2082,4,'2082-04-01','2082-04-30',NULL,NULL,40741,0,NULL,1,0,0,1),(5574,NULL,'2082-05',2082,5,'2082-05-01','2082-05-31',NULL,NULL,40741,0,NULL,1,0,0,1),(5575,NULL,'2082-06',2082,6,'2082-06-01','2082-06-30',NULL,NULL,40741,0,NULL,1,0,0,1);
INSERT INTO `periods` VALUES (5576,NULL,'2082-07',2082,7,'2082-07-01','2082-07-31',NULL,NULL,40741,0,NULL,1,0,0,1),(5577,NULL,'2082-08',2082,8,'2082-08-01','2082-08-31',NULL,NULL,40741,0,NULL,1,0,0,1),(5578,NULL,'2082-09',2082,9,'2082-09-01','2082-09-30',NULL,NULL,40741,0,NULL,1,0,0,1),(5579,NULL,'2082-10',2082,10,'2082-10-01','2082-10-31',NULL,NULL,40741,0,NULL,1,0,0,1),(5580,NULL,'2082-11',2082,11,'2082-11-01','2082-11-30',NULL,NULL,40741,0,NULL,1,0,0,1),(5581,NULL,'2082-12',2082,12,'2082-12-01','2082-12-31',NULL,NULL,40741,0,NULL,1,0,0,1),(5585,NULL,'2083-01',2083,1,'2083-01-01','2083-01-31',NULL,NULL,40741,0,NULL,1,0,0,1),(5586,NULL,'2083-02',2083,2,'2083-02-01','2083-02-28',NULL,NULL,40741,0,NULL,1,0,0,1),(5587,NULL,'2083-03',2083,3,'2083-03-01','2083-03-31',NULL,NULL,40741,0,NULL,1,0,0,1),(5588,NULL,'2083-04',2083,4,'2083-04-01','2083-04-30',NULL,NULL,40741,0,NULL,1,0,0,1),(5589,NULL,'2083-05',2083,5,'2083-05-01','2083-05-31',NULL,NULL,40741,0,NULL,1,0,0,1),(5590,NULL,'2083-06',2083,6,'2083-06-01','2083-06-30',NULL,NULL,40741,0,NULL,1,0,0,1),(5591,NULL,'2083-07',2083,7,'2083-07-01','2083-07-31',NULL,NULL,40741,0,NULL,1,0,0,1),(5592,NULL,'2083-08',2083,8,'2083-08-01','2083-08-31',NULL,NULL,40741,0,NULL,1,0,0,1),(5593,NULL,'2083-09',2083,9,'2083-09-01','2083-09-30',NULL,NULL,40741,0,NULL,1,0,0,1),(5594,NULL,'2083-10',2083,10,'2083-10-01','2083-10-31',NULL,NULL,40741,0,NULL,1,0,0,1),(5595,NULL,'2083-11',2083,11,'2083-11-01','2083-11-30',NULL,NULL,40741,0,NULL,1,0,0,1),(5596,NULL,'2083-12',2083,12,'2083-12-01','2083-12-31',NULL,NULL,40741,0,NULL,1,0,0,1),(5600,NULL,'2084-01',2084,1,'2084-01-01','2084-01-31',NULL,NULL,40741,0,NULL,1,0,0,1),(5601,NULL,'2084-02',2084,2,'2084-02-01','2084-02-28',NULL,NULL,40741,0,NULL,1,0,0,1),(5602,NULL,'2084-03',2084,3,'2084-03-01','2084-03-31',NULL,NULL,40741,0,NULL,1,0,0,1),(5603,NULL,'2084-04',2084,4,'2084-04-01','2084-04-30',NULL,NULL,40741,0,NULL,1,0,0,1),(5604,NULL,'2084-05',2084,5,'2084-05-01','2084-05-31',NULL,NULL,40741,0,NULL,1,0,0,1),(5605,NULL,'2084-06',2084,6,'2084-06-01','2084-06-30',NULL,NULL,40741,0,NULL,1,0,0,1),(5606,NULL,'2084-07',2084,7,'2084-07-01','2084-07-31',NULL,NULL,40741,0,NULL,1,0,0,1),(5607,NULL,'2084-08',2084,8,'2084-08-01','2084-08-31',NULL,NULL,40741,0,NULL,1,0,0,1),(5608,NULL,'2084-09',2084,9,'2084-09-01','2084-09-30',NULL,NULL,40741,0,NULL,1,0,0,1),(5609,NULL,'2084-10',2084,10,'2084-10-01','2084-10-31',NULL,NULL,40741,0,NULL,1,0,0,1),(5610,NULL,'2084-11',2084,11,'2084-11-01','2084-11-30',NULL,NULL,40741,0,NULL,1,0,0,1),(5611,NULL,'2084-12',2084,12,'2084-12-01','2084-12-31',NULL,NULL,40741,0,NULL,1,0,0,1),(5615,NULL,'2085-01',2085,1,'2085-01-01','2085-01-31',NULL,NULL,40741,0,NULL,1,0,0,1),(5616,NULL,'2085-02',2085,2,'2085-02-01','2085-02-28',NULL,NULL,40741,0,NULL,1,0,0,1),(5617,NULL,'2085-03',2085,3,'2085-03-01','2085-03-31',NULL,NULL,40741,0,NULL,1,0,0,1),(5618,NULL,'2085-04',2085,4,'2085-04-01','2085-04-30',NULL,NULL,40741,0,NULL,1,0,0,1),(5619,NULL,'2085-05',2085,5,'2085-05-01','2085-05-31',NULL,NULL,40741,0,NULL,1,0,0,1),(5620,NULL,'2085-06',2085,6,'2085-06-01','2085-06-30',NULL,NULL,40741,0,NULL,1,0,0,1),(5621,NULL,'2085-07',2085,7,'2085-07-01','2085-07-31',NULL,NULL,40741,0,NULL,1,0,0,1),(5622,NULL,'2085-08',2085,8,'2085-08-01','2085-08-31',NULL,NULL,40741,0,NULL,1,0,0,1),(5623,NULL,'2085-09',2085,9,'2085-09-01','2085-09-30',NULL,NULL,40741,0,NULL,1,0,0,1),(5624,NULL,'2085-10',2085,10,'2085-10-01','2085-10-31',NULL,NULL,40741,0,NULL,1,0,0,1),(5625,NULL,'2085-11',2085,11,'2085-11-01','2085-11-30',NULL,NULL,40741,0,NULL,1,0,0,1),(5626,NULL,'2085-12',2085,12,'2085-12-01','2085-12-31',NULL,NULL,40741,0,NULL,1,0,0,1),(5630,NULL,'2086-01',2086,1,'2086-01-01','2086-01-31',NULL,NULL,40741,0,NULL,1,0,0,1),(5631,NULL,'2086-02',2086,2,'2086-02-01','2086-02-28',NULL,NULL,40741,0,NULL,1,0,0,1),(5632,NULL,'2086-03',2086,3,'2086-03-01','2086-03-31',NULL,NULL,40741,0,NULL,1,0,0,1),(5633,NULL,'2086-04',2086,4,'2086-04-01','2086-04-30',NULL,NULL,40741,0,NULL,1,0,0,1);
INSERT INTO `periods` VALUES (5634,NULL,'2086-05',2086,5,'2086-05-01','2086-05-31',NULL,NULL,40741,0,NULL,1,0,0,1),(5635,NULL,'2086-06',2086,6,'2086-06-01','2086-06-30',NULL,NULL,40741,0,NULL,1,0,0,1),(5636,NULL,'2086-07',2086,7,'2086-07-01','2086-07-31',NULL,NULL,40741,0,NULL,1,0,0,1),(5637,NULL,'2086-08',2086,8,'2086-08-01','2086-08-31',NULL,NULL,40741,0,NULL,1,0,0,1),(5638,NULL,'2086-09',2086,9,'2086-09-01','2086-09-30',NULL,NULL,40741,0,NULL,1,0,0,1),(5639,NULL,'2086-10',2086,10,'2086-10-01','2086-10-31',NULL,NULL,40741,0,NULL,1,0,0,1),(5640,NULL,'2086-11',2086,11,'2086-11-01','2086-11-30',NULL,NULL,40741,0,NULL,1,0,0,1),(5641,NULL,'2086-12',2086,12,'2086-12-01','2086-12-31',NULL,NULL,40741,0,NULL,1,0,0,1),(5645,NULL,'2087-01',2087,1,'2087-01-01','2087-01-31',NULL,NULL,40741,0,NULL,1,0,0,1),(5646,NULL,'2087-02',2087,2,'2087-02-01','2087-02-28',NULL,NULL,40741,0,NULL,1,0,0,1),(5647,NULL,'2087-03',2087,3,'2087-03-01','2087-03-31',NULL,NULL,40741,0,NULL,1,0,0,1),(5648,NULL,'2087-04',2087,4,'2087-04-01','2087-04-30',NULL,NULL,40741,0,NULL,1,0,0,1),(5649,NULL,'2087-05',2087,5,'2087-05-01','2087-05-31',NULL,NULL,40741,0,NULL,1,0,0,1),(5650,NULL,'2087-06',2087,6,'2087-06-01','2087-06-30',NULL,NULL,40741,0,NULL,1,0,0,1),(5651,NULL,'2087-07',2087,7,'2087-07-01','2087-07-31',NULL,NULL,40741,0,NULL,1,0,0,1),(5652,NULL,'2087-08',2087,8,'2087-08-01','2087-08-31',NULL,NULL,40741,0,NULL,1,0,0,1),(5653,NULL,'2087-09',2087,9,'2087-09-01','2087-09-30',NULL,NULL,40741,0,NULL,1,0,0,1),(5654,NULL,'2087-10',2087,10,'2087-10-01','2087-10-31',NULL,NULL,40741,0,NULL,1,0,0,1),(5655,NULL,'2087-11',2087,11,'2087-11-01','2087-11-30',NULL,NULL,40741,0,NULL,1,0,0,1),(5656,NULL,'2087-12',2087,12,'2087-12-01','2087-12-31',NULL,NULL,40741,0,NULL,1,0,0,1),(5660,NULL,'2088-01',2088,1,'2088-01-01','2088-01-31',NULL,NULL,40741,0,NULL,1,0,0,1),(5661,NULL,'2088-02',2088,2,'2088-02-01','2088-02-28',NULL,NULL,40741,0,NULL,1,0,0,1),(5662,NULL,'2088-03',2088,3,'2088-03-01','2088-03-31',NULL,NULL,40741,0,NULL,1,0,0,1),(5663,NULL,'2088-04',2088,4,'2088-04-01','2088-04-30',NULL,NULL,40741,0,NULL,1,0,0,1),(5664,NULL,'2088-05',2088,5,'2088-05-01','2088-05-31',NULL,NULL,40741,0,NULL,1,0,0,1),(5665,NULL,'2088-06',2088,6,'2088-06-01','2088-06-30',NULL,NULL,40741,0,NULL,1,0,0,1),(5666,NULL,'2088-07',2088,7,'2088-07-01','2088-07-31',NULL,NULL,40741,0,NULL,1,0,0,1),(5667,NULL,'2088-08',2088,8,'2088-08-01','2088-08-31',NULL,NULL,40741,0,NULL,1,0,0,1),(5668,NULL,'2088-09',2088,9,'2088-09-01','2088-09-30',NULL,NULL,40741,0,NULL,1,0,0,1),(5669,NULL,'2088-10',2088,10,'2088-10-01','2088-10-31',NULL,NULL,40741,0,NULL,1,0,0,1),(5670,NULL,'2088-11',2088,11,'2088-11-01','2088-11-30',NULL,NULL,40741,0,NULL,1,0,0,1),(5671,NULL,'2088-12',2088,12,'2088-12-01','2088-12-31',NULL,NULL,40741,0,NULL,1,0,0,1),(5675,NULL,'2089-01',2089,1,'2089-01-01','2089-01-31',NULL,NULL,40741,0,NULL,1,0,0,1),(5676,NULL,'2089-02',2089,2,'2089-02-01','2089-02-28',NULL,NULL,40741,0,NULL,1,0,0,1),(5677,NULL,'2089-03',2089,3,'2089-03-01','2089-03-31',NULL,NULL,40741,0,NULL,1,0,0,1),(5678,NULL,'2089-04',2089,4,'2089-04-01','2089-04-30',NULL,NULL,40741,0,NULL,1,0,0,1),(5679,NULL,'2089-05',2089,5,'2089-05-01','2089-05-31',NULL,NULL,40741,0,NULL,1,0,0,1),(5680,NULL,'2089-06',2089,6,'2089-06-01','2089-06-30',NULL,NULL,40741,0,NULL,1,0,0,1),(5681,NULL,'2089-07',2089,7,'2089-07-01','2089-07-31',NULL,NULL,40741,0,NULL,1,0,0,1),(5682,NULL,'2089-08',2089,8,'2089-08-01','2089-08-31',NULL,NULL,40741,0,NULL,1,0,0,1),(5683,NULL,'2089-09',2089,9,'2089-09-01','2089-09-30',NULL,NULL,40741,0,NULL,1,0,0,1),(5684,NULL,'2089-10',2089,10,'2089-10-01','2089-10-31',NULL,NULL,40741,0,NULL,1,0,0,1),(5685,NULL,'2089-11',2089,11,'2089-11-01','2089-11-30',NULL,NULL,40741,0,NULL,1,0,0,1),(5686,NULL,'2089-12',2089,12,'2089-12-01','2089-12-31',NULL,NULL,40741,0,NULL,1,0,0,1),(5690,NULL,'2090-01',2090,1,'2090-01-01','2090-01-31',NULL,NULL,40741,0,NULL,1,0,0,1),(5691,NULL,'2090-02',2090,2,'2090-02-01','2090-02-28',NULL,NULL,40741,0,NULL,1,0,0,1);
INSERT INTO `periods` VALUES (5692,NULL,'2090-03',2090,3,'2090-03-01','2090-03-31',NULL,NULL,40741,0,NULL,1,0,0,1),(5693,NULL,'2090-04',2090,4,'2090-04-01','2090-04-30',NULL,NULL,40741,0,NULL,1,0,0,1),(5694,NULL,'2090-05',2090,5,'2090-05-01','2090-05-31',NULL,NULL,40741,0,NULL,1,0,0,1),(5695,NULL,'2090-06',2090,6,'2090-06-01','2090-06-30',NULL,NULL,40741,0,NULL,1,0,0,1),(5696,NULL,'2090-07',2090,7,'2090-07-01','2090-07-31',NULL,NULL,40741,0,NULL,1,0,0,1),(5697,NULL,'2090-08',2090,8,'2090-08-01','2090-08-31',NULL,NULL,40741,0,NULL,1,0,0,1),(5698,NULL,'2090-09',2090,9,'2090-09-01','2090-09-30',NULL,NULL,40741,0,NULL,1,0,0,1),(5699,NULL,'2090-10',2090,10,'2090-10-01','2090-10-31',NULL,NULL,40741,0,NULL,1,0,0,1),(5700,NULL,'2090-11',2090,11,'2090-11-01','2090-11-30',NULL,NULL,40741,0,NULL,1,0,0,1),(5701,NULL,'2090-12',2090,12,'2090-12-01','2090-12-31',NULL,NULL,40741,0,NULL,1,0,0,1),(5705,NULL,'2091-01',2091,1,'2091-01-01','2091-01-31',NULL,NULL,40741,0,NULL,1,0,0,1),(5706,NULL,'2091-02',2091,2,'2091-02-01','2091-02-28',NULL,NULL,40741,0,NULL,1,0,0,1),(5707,NULL,'2091-03',2091,3,'2091-03-01','2091-03-31',NULL,NULL,40741,0,NULL,1,0,0,1),(5708,NULL,'2091-04',2091,4,'2091-04-01','2091-04-30',NULL,NULL,40741,0,NULL,1,0,0,1),(5709,NULL,'2091-05',2091,5,'2091-05-01','2091-05-31',NULL,NULL,40741,0,NULL,1,0,0,1),(5710,NULL,'2091-06',2091,6,'2091-06-01','2091-06-30',NULL,NULL,40741,0,NULL,1,0,0,1),(5711,NULL,'2091-07',2091,7,'2091-07-01','2091-07-31',NULL,NULL,40741,0,NULL,1,0,0,1),(5712,NULL,'2091-08',2091,8,'2091-08-01','2091-08-31',NULL,NULL,40741,0,NULL,1,0,0,1),(5713,NULL,'2091-09',2091,9,'2091-09-01','2091-09-30',NULL,NULL,40741,0,NULL,1,0,0,1),(5714,NULL,'2091-10',2091,10,'2091-10-01','2091-10-31',NULL,NULL,40741,0,NULL,1,0,0,1),(5715,NULL,'2091-11',2091,11,'2091-11-01','2091-11-30',NULL,NULL,40741,0,NULL,1,0,0,1),(5716,NULL,'2091-12',2091,12,'2091-12-01','2091-12-31',NULL,NULL,40741,0,NULL,1,0,0,1),(5720,NULL,'2092-01',2092,1,'2092-01-01','2092-01-31',NULL,NULL,40741,0,NULL,1,0,0,1),(5721,NULL,'2092-02',2092,2,'2092-02-01','2092-02-28',NULL,NULL,40741,0,NULL,1,0,0,1),(5722,NULL,'2092-03',2092,3,'2092-03-01','2092-03-31',NULL,NULL,40741,0,NULL,1,0,0,1),(5723,NULL,'2092-04',2092,4,'2092-04-01','2092-04-30',NULL,NULL,40741,0,NULL,1,0,0,1),(5724,NULL,'2092-05',2092,5,'2092-05-01','2092-05-31',NULL,NULL,40741,0,NULL,1,0,0,1),(5725,NULL,'2092-06',2092,6,'2092-06-01','2092-06-30',NULL,NULL,40741,0,NULL,1,0,0,1),(5726,NULL,'2092-07',2092,7,'2092-07-01','2092-07-31',NULL,NULL,40741,0,NULL,1,0,0,1),(5727,NULL,'2092-08',2092,8,'2092-08-01','2092-08-31',NULL,NULL,40741,0,NULL,1,0,0,1),(5728,NULL,'2092-09',2092,9,'2092-09-01','2092-09-30',NULL,NULL,40741,0,NULL,1,0,0,1),(5729,NULL,'2092-10',2092,10,'2092-10-01','2092-10-31',NULL,NULL,40741,0,NULL,1,0,0,1),(5730,NULL,'2092-11',2092,11,'2092-11-01','2092-11-30',NULL,NULL,40741,0,NULL,1,0,0,1),(5731,NULL,'2092-12',2092,12,'2092-12-01','2092-12-31',NULL,NULL,40741,0,NULL,1,0,0,1),(5735,NULL,'2093-01',2093,1,'2093-01-01','2093-01-31',NULL,NULL,40741,0,NULL,1,0,0,1),(5736,NULL,'2093-02',2093,2,'2093-02-01','2093-02-28',NULL,NULL,40741,0,NULL,1,0,0,1),(5737,NULL,'2093-03',2093,3,'2093-03-01','2093-03-31',NULL,NULL,40741,0,NULL,1,0,0,1),(5738,NULL,'2093-04',2093,4,'2093-04-01','2093-04-30',NULL,NULL,40741,0,NULL,1,0,0,1),(5739,NULL,'2093-05',2093,5,'2093-05-01','2093-05-31',NULL,NULL,40741,0,NULL,1,0,0,1),(5740,NULL,'2093-06',2093,6,'2093-06-01','2093-06-30',NULL,NULL,40741,0,NULL,1,0,0,1),(5741,NULL,'2093-07',2093,7,'2093-07-01','2093-07-31',NULL,NULL,40741,0,NULL,1,0,0,1),(5742,NULL,'2093-08',2093,8,'2093-08-01','2093-08-31',NULL,NULL,40741,0,NULL,1,0,0,1),(5743,NULL,'2093-09',2093,9,'2093-09-01','2093-09-30',NULL,NULL,40741,0,NULL,1,0,0,1),(5744,NULL,'2093-10',2093,10,'2093-10-01','2093-10-31',NULL,NULL,40741,0,NULL,1,0,0,1),(5745,NULL,'2093-11',2093,11,'2093-11-01','2093-11-30',NULL,NULL,40741,0,NULL,1,0,0,1),(5746,NULL,'2093-12',2093,12,'2093-12-01','2093-12-31',NULL,NULL,40741,0,NULL,1,0,0,1);
INSERT INTO `periods` VALUES (5750,NULL,'2094-01',2094,1,'2094-01-01','2094-01-31',NULL,NULL,40741,0,NULL,1,0,0,1),(5751,NULL,'2094-02',2094,2,'2094-02-01','2094-02-28',NULL,NULL,40741,0,NULL,1,0,0,1),(5752,NULL,'2094-03',2094,3,'2094-03-01','2094-03-31',NULL,NULL,40741,0,NULL,1,0,0,1),(5753,NULL,'2094-04',2094,4,'2094-04-01','2094-04-30',NULL,NULL,40741,0,NULL,1,0,0,1),(5754,NULL,'2094-05',2094,5,'2094-05-01','2094-05-31',NULL,NULL,40741,0,NULL,1,0,0,1),(5755,NULL,'2094-06',2094,6,'2094-06-01','2094-06-30',NULL,NULL,40741,0,NULL,1,0,0,1),(5756,NULL,'2094-07',2094,7,'2094-07-01','2094-07-31',NULL,NULL,40741,0,NULL,1,0,0,1),(5757,NULL,'2094-08',2094,8,'2094-08-01','2094-08-31',NULL,NULL,40741,0,NULL,1,0,0,1),(5758,NULL,'2094-09',2094,9,'2094-09-01','2094-09-30',NULL,NULL,40741,0,NULL,1,0,0,1),(5759,NULL,'2094-10',2094,10,'2094-10-01','2094-10-31',NULL,NULL,40741,0,NULL,1,0,0,1),(5760,NULL,'2094-11',2094,11,'2094-11-01','2094-11-30',NULL,NULL,40741,0,NULL,1,0,0,1),(5761,NULL,'2094-12',2094,12,'2094-12-01','2094-12-31',NULL,NULL,40741,0,NULL,1,0,0,1),(5765,NULL,'2095-01',2095,1,'2095-01-01','2095-01-31',NULL,NULL,40741,0,NULL,1,0,0,1),(5766,NULL,'2095-02',2095,2,'2095-02-01','2095-02-28',NULL,NULL,40741,0,NULL,1,0,0,1),(5767,NULL,'2095-03',2095,3,'2095-03-01','2095-03-31',NULL,NULL,40741,0,NULL,1,0,0,1),(5768,NULL,'2095-04',2095,4,'2095-04-01','2095-04-30',NULL,NULL,40741,0,NULL,1,0,0,1),(5769,NULL,'2095-05',2095,5,'2095-05-01','2095-05-31',NULL,NULL,40741,0,NULL,1,0,0,1),(5770,NULL,'2095-06',2095,6,'2095-06-01','2095-06-30',NULL,NULL,40741,0,NULL,1,0,0,1),(5771,NULL,'2095-07',2095,7,'2095-07-01','2095-07-31',NULL,NULL,40741,0,NULL,1,0,0,1),(5772,NULL,'2095-08',2095,8,'2095-08-01','2095-08-31',NULL,NULL,40741,0,NULL,1,0,0,1),(5773,NULL,'2095-09',2095,9,'2095-09-01','2095-09-30',NULL,NULL,40741,0,NULL,1,0,0,1),(5774,NULL,'2095-10',2095,10,'2095-10-01','2095-10-31',NULL,NULL,40741,0,NULL,1,0,0,1),(5775,NULL,'2095-11',2095,11,'2095-11-01','2095-11-30',NULL,NULL,40741,0,NULL,1,0,0,1),(5776,NULL,'2095-12',2095,12,'2095-12-01','2095-12-31',NULL,NULL,40741,0,NULL,1,0,0,1),(5780,NULL,'2096-01',2096,1,'2096-01-01','2096-01-31',NULL,NULL,40741,0,NULL,1,0,0,1),(5781,NULL,'2096-02',2096,2,'2096-02-01','2096-02-28',NULL,NULL,40741,0,NULL,1,0,0,1),(5782,NULL,'2096-03',2096,3,'2096-03-01','2096-03-31',NULL,NULL,40741,0,NULL,1,0,0,1),(5783,NULL,'2096-04',2096,4,'2096-04-01','2096-04-30',NULL,NULL,40741,0,NULL,1,0,0,1),(5784,NULL,'2096-05',2096,5,'2096-05-01','2096-05-31',NULL,NULL,40741,0,NULL,1,0,0,1),(5785,NULL,'2096-06',2096,6,'2096-06-01','2096-06-30',NULL,NULL,40741,0,NULL,1,0,0,1),(5786,NULL,'2096-07',2096,7,'2096-07-01','2096-07-31',NULL,NULL,40741,0,NULL,1,0,0,1),(5787,NULL,'2096-08',2096,8,'2096-08-01','2096-08-31',NULL,NULL,40741,0,NULL,1,0,0,1),(5788,NULL,'2096-09',2096,9,'2096-09-01','2096-09-30',NULL,NULL,40741,0,NULL,1,0,0,1),(5789,NULL,'2096-10',2096,10,'2096-10-01','2096-10-31',NULL,NULL,40741,0,NULL,1,0,0,1),(5790,NULL,'2096-11',2096,11,'2096-11-01','2096-11-30',NULL,NULL,40741,0,NULL,1,0,0,1),(5791,NULL,'2096-12',2096,12,'2096-12-01','2096-12-31',NULL,NULL,40741,0,NULL,1,0,0,1),(5795,NULL,'2097-01',2097,1,'2097-01-01','2097-01-31',NULL,NULL,40741,0,NULL,1,0,0,1),(5796,NULL,'2097-02',2097,2,'2097-02-01','2097-02-28',NULL,NULL,40741,0,NULL,1,0,0,1),(5797,NULL,'2097-03',2097,3,'2097-03-01','2097-03-31',NULL,NULL,40741,0,NULL,1,0,0,1),(5798,NULL,'2097-04',2097,4,'2097-04-01','2097-04-30',NULL,NULL,40741,0,NULL,1,0,0,1),(5799,NULL,'2097-05',2097,5,'2097-05-01','2097-05-31',NULL,NULL,40741,0,NULL,1,0,0,1),(5800,NULL,'2097-06',2097,6,'2097-06-01','2097-06-30',NULL,NULL,40741,0,NULL,1,0,0,1),(5801,NULL,'2097-07',2097,7,'2097-07-01','2097-07-31',NULL,NULL,40741,0,NULL,1,0,0,1),(5802,NULL,'2097-08',2097,8,'2097-08-01','2097-08-31',NULL,NULL,40741,0,NULL,1,0,0,1),(5803,NULL,'2097-09',2097,9,'2097-09-01','2097-09-30',NULL,NULL,40741,0,NULL,1,0,0,1),(5804,NULL,'2097-10',2097,10,'2097-10-01','2097-10-31',NULL,NULL,40741,0,NULL,1,0,0,1);
INSERT INTO `periods` VALUES (5805,NULL,'2097-11',2097,11,'2097-11-01','2097-11-30',NULL,NULL,40741,0,NULL,1,0,0,1),(5806,NULL,'2097-12',2097,12,'2097-12-01','2097-12-31',NULL,NULL,40741,0,NULL,1,0,0,1),(5810,NULL,'2098-01',2098,1,'2098-01-01','2098-01-31',NULL,NULL,40741,0,NULL,1,0,0,1),(5811,NULL,'2098-02',2098,2,'2098-02-01','2098-02-28',NULL,NULL,40741,0,NULL,1,0,0,1),(5812,NULL,'2098-03',2098,3,'2098-03-01','2098-03-31',NULL,NULL,40741,0,NULL,1,0,0,1),(5813,NULL,'2098-04',2098,4,'2098-04-01','2098-04-30',NULL,NULL,40741,0,NULL,1,0,0,1),(5814,NULL,'2098-05',2098,5,'2098-05-01','2098-05-31',NULL,NULL,40741,0,NULL,1,0,0,1),(5815,NULL,'2098-06',2098,6,'2098-06-01','2098-06-30',NULL,NULL,40741,0,NULL,1,0,0,1),(5816,NULL,'2098-07',2098,7,'2098-07-01','2098-07-31',NULL,NULL,40741,0,NULL,1,0,0,1),(5817,NULL,'2098-08',2098,8,'2098-08-01','2098-08-31',NULL,NULL,40741,0,NULL,1,0,0,1),(5818,NULL,'2098-09',2098,9,'2098-09-01','2098-09-30',NULL,NULL,40741,0,NULL,1,0,0,1),(5819,NULL,'2098-10',2098,10,'2098-10-01','2098-10-31',NULL,NULL,40741,0,NULL,1,0,0,1),(5820,NULL,'2098-11',2098,11,'2098-11-01','2098-11-30',NULL,NULL,40741,0,NULL,1,0,0,1),(5821,NULL,'2098-12',2098,12,'2098-12-01','2098-12-31',NULL,NULL,40741,0,NULL,1,0,0,1),(5825,NULL,'2099-01',2099,1,'2099-01-01','2099-01-31',NULL,NULL,40741,0,NULL,1,0,0,1),(5826,NULL,'2099-02',2099,2,'2099-02-01','2099-02-28',NULL,NULL,40741,0,NULL,1,0,0,1),(5827,NULL,'2099-03',2099,3,'2099-03-01','2099-03-31',NULL,NULL,40741,0,NULL,1,0,0,1),(5828,NULL,'2099-04',2099,4,'2099-04-01','2099-04-30',NULL,NULL,40741,0,NULL,1,0,0,1),(5829,NULL,'2099-05',2099,5,'2099-05-01','2099-05-31',NULL,NULL,40741,0,NULL,1,0,0,1),(5830,NULL,'2099-06',2099,6,'2099-06-01','2099-06-30',NULL,NULL,40741,0,NULL,1,0,0,1),(5831,NULL,'2099-07',2099,7,'2099-07-01','2099-07-31',NULL,NULL,40741,0,NULL,1,0,0,1),(5832,NULL,'2099-08',2099,8,'2099-08-01','2099-08-31',NULL,NULL,40741,0,NULL,1,0,0,1),(5833,NULL,'2099-09',2099,9,'2099-09-01','2099-09-30',NULL,NULL,40741,0,NULL,1,0,0,1),(5834,NULL,'2099-10',2099,10,'2099-10-01','2099-10-31',NULL,NULL,40741,0,NULL,1,0,0,1),(5835,NULL,'2099-11',2099,11,'2099-11-01','2099-11-30',NULL,NULL,40741,0,NULL,1,0,0,1),(5836,NULL,'2099-12',2099,12,'2099-12-01','2099-12-31',NULL,NULL,40741,0,NULL,1,0,0,1),(5840,NULL,'2100-01',2100,1,'2100-01-01','2100-01-31',NULL,NULL,40741,0,NULL,1,0,0,1),(5841,NULL,'2100-02',2100,2,'2100-02-01','2100-02-28',NULL,NULL,40741,0,NULL,1,0,0,1),(5842,NULL,'2100-03',2100,3,'2100-03-01','2100-03-31',NULL,NULL,40741,0,NULL,1,0,0,1),(5843,NULL,'2100-04',2100,4,'2100-04-01','2100-04-30',NULL,NULL,40741,0,NULL,1,0,0,1),(5844,NULL,'2100-05',2100,5,'2100-05-01','2100-05-31',NULL,NULL,40741,0,NULL,1,0,0,1),(5845,NULL,'2100-06',2100,6,'2100-06-01','2100-06-30',NULL,NULL,40741,0,NULL,1,0,0,1),(5846,NULL,'2100-07',2100,7,'2100-07-01','2100-07-31',NULL,NULL,40741,0,NULL,1,0,0,1),(5847,NULL,'2100-08',2100,8,'2100-08-01','2100-08-31',NULL,NULL,40741,0,NULL,1,0,0,1),(5848,NULL,'2100-09',2100,9,'2100-09-01','2100-09-30',NULL,NULL,40741,0,NULL,1,0,0,1),(5849,NULL,'2100-10',2100,10,'2100-10-01','2100-10-31',NULL,NULL,40741,0,NULL,1,0,0,1),(5850,NULL,'2100-11',2100,11,'2100-11-01','2100-11-30',NULL,NULL,40741,0,NULL,1,0,0,1),(5851,NULL,'2100-12',2100,12,'2100-12-01','2100-12-31',NULL,NULL,40741,0,NULL,1,0,0,1),(5855,NULL,'2101-01',2101,1,'2101-01-01','2101-01-31',NULL,NULL,40741,0,NULL,1,0,0,1),(5856,NULL,'2101-02',2101,2,'2101-02-01','2101-02-28',NULL,NULL,40741,0,NULL,1,0,0,1),(5857,NULL,'2101-03',2101,3,'2101-03-01','2101-03-31',NULL,NULL,40741,0,NULL,1,0,0,1),(5858,NULL,'2101-04',2101,4,'2101-04-01','2101-04-30',NULL,NULL,40741,0,NULL,1,0,0,1),(5859,NULL,'2101-05',2101,5,'2101-05-01','2101-05-31',NULL,NULL,40741,0,NULL,1,0,0,1),(5860,NULL,'2101-06',2101,6,'2101-06-01','2101-06-30',NULL,NULL,40741,0,NULL,1,0,0,1),(5861,NULL,'2101-07',2101,7,'2101-07-01','2101-07-31',NULL,NULL,40741,0,NULL,1,0,0,1),(5862,NULL,'2101-08',2101,8,'2101-08-01','2101-08-31',NULL,NULL,40741,0,NULL,1,0,0,1);
INSERT INTO `periods` VALUES (5863,NULL,'2101-09',2101,9,'2101-09-01','2101-09-30',NULL,NULL,40741,0,NULL,1,0,0,1),(5864,NULL,'2101-10',2101,10,'2101-10-01','2101-10-31',NULL,NULL,40741,0,NULL,1,0,0,1),(5865,NULL,'2101-11',2101,11,'2101-11-01','2101-11-30',NULL,NULL,40741,0,NULL,1,0,0,1),(5866,NULL,'2101-12',2101,12,'2101-12-01','2101-12-31',NULL,NULL,40741,0,NULL,1,0,0,1),(5870,NULL,'2102-01',2102,1,'2102-01-01','2102-01-31',NULL,NULL,40741,0,NULL,1,0,0,1),(5871,NULL,'2102-02',2102,2,'2102-02-01','2102-02-28',NULL,NULL,40741,0,NULL,1,0,0,1),(5872,NULL,'2102-03',2102,3,'2102-03-01','2102-03-31',NULL,NULL,40741,0,NULL,1,0,0,1),(5873,NULL,'2102-04',2102,4,'2102-04-01','2102-04-30',NULL,NULL,40741,0,NULL,1,0,0,1),(5874,NULL,'2102-05',2102,5,'2102-05-01','2102-05-31',NULL,NULL,40741,0,NULL,1,0,0,1),(5875,NULL,'2102-06',2102,6,'2102-06-01','2102-06-30',NULL,NULL,40741,0,NULL,1,0,0,1),(5876,NULL,'2102-07',2102,7,'2102-07-01','2102-07-31',NULL,NULL,40741,0,NULL,1,0,0,1),(5877,NULL,'2102-08',2102,8,'2102-08-01','2102-08-31',NULL,NULL,40741,0,NULL,1,0,0,1),(5878,NULL,'2102-09',2102,9,'2102-09-01','2102-09-30',NULL,NULL,40741,0,NULL,1,0,0,1),(5879,NULL,'2102-10',2102,10,'2102-10-01','2102-10-31',NULL,NULL,40741,0,NULL,1,0,0,1),(5880,NULL,'2102-11',2102,11,'2102-11-01','2102-11-30',NULL,NULL,40741,0,NULL,1,0,0,1),(5881,NULL,'2102-12',2102,12,'2102-12-01','2102-12-31',NULL,NULL,40741,0,NULL,1,0,0,1),(5885,NULL,'2103-01',2103,1,'2103-01-01','2103-01-31',NULL,NULL,40741,0,NULL,1,0,0,1),(5886,NULL,'2103-02',2103,2,'2103-02-01','2103-02-28',NULL,NULL,40741,0,NULL,1,0,0,1),(5887,NULL,'2103-03',2103,3,'2103-03-01','2103-03-31',NULL,NULL,40741,0,NULL,1,0,0,1),(5888,NULL,'2103-04',2103,4,'2103-04-01','2103-04-30',NULL,NULL,40741,0,NULL,1,0,0,1),(5889,NULL,'2103-05',2103,5,'2103-05-01','2103-05-31',NULL,NULL,40741,0,NULL,1,0,0,1),(5890,NULL,'2103-06',2103,6,'2103-06-01','2103-06-30',NULL,NULL,40741,0,NULL,1,0,0,1),(5891,NULL,'2103-07',2103,7,'2103-07-01','2103-07-31',NULL,NULL,40741,0,NULL,1,0,0,1),(5892,NULL,'2103-08',2103,8,'2103-08-01','2103-08-31',NULL,NULL,40741,0,NULL,1,0,0,1),(5893,NULL,'2103-09',2103,9,'2103-09-01','2103-09-30',NULL,NULL,40741,0,NULL,1,0,0,1),(5894,NULL,'2103-10',2103,10,'2103-10-01','2103-10-31',NULL,NULL,40741,0,NULL,1,0,0,1),(5895,NULL,'2103-11',2103,11,'2103-11-01','2103-11-30',NULL,NULL,40741,0,NULL,1,0,0,1),(5896,NULL,'2103-12',2103,12,'2103-12-01','2103-12-31',NULL,NULL,40741,0,NULL,1,0,0,1),(5900,NULL,'2104-01',2104,1,'2104-01-01','2104-01-31',NULL,NULL,40741,0,NULL,1,0,0,1),(5901,NULL,'2104-02',2104,2,'2104-02-01','2104-02-28',NULL,NULL,40741,0,NULL,1,0,0,1),(5902,NULL,'2104-03',2104,3,'2104-03-01','2104-03-31',NULL,NULL,40741,0,NULL,1,0,0,1),(5903,NULL,'2104-04',2104,4,'2104-04-01','2104-04-30',NULL,NULL,40741,0,NULL,1,0,0,1),(5904,NULL,'2104-05',2104,5,'2104-05-01','2104-05-31',NULL,NULL,40741,0,NULL,1,0,0,1),(5905,NULL,'2104-06',2104,6,'2104-06-01','2104-06-30',NULL,NULL,40741,0,NULL,1,0,0,1),(5906,NULL,'2104-07',2104,7,'2104-07-01','2104-07-31',NULL,NULL,40741,0,NULL,1,0,0,1),(5907,NULL,'2104-08',2104,8,'2104-08-01','2104-08-31',NULL,NULL,40741,0,NULL,1,0,0,1),(5908,NULL,'2104-09',2104,9,'2104-09-01','2104-09-30',NULL,NULL,40741,0,NULL,1,0,0,1),(5909,NULL,'2104-10',2104,10,'2104-10-01','2104-10-31',NULL,NULL,40741,0,NULL,1,0,0,1),(5910,NULL,'2104-11',2104,11,'2104-11-01','2104-11-30',NULL,NULL,40741,0,NULL,1,0,0,1),(5911,NULL,'2104-12',2104,12,'2104-12-01','2104-12-31',NULL,NULL,40741,0,NULL,1,0,0,1),(5915,NULL,'2105-01',2105,1,'2105-01-01','2105-01-31',NULL,NULL,40741,0,NULL,1,0,0,1),(5916,NULL,'2105-02',2105,2,'2105-02-01','2105-02-28',NULL,NULL,40741,0,NULL,1,0,0,1),(5917,NULL,'2105-03',2105,3,'2105-03-01','2105-03-31',NULL,NULL,40741,0,NULL,1,0,0,1),(5918,NULL,'2105-04',2105,4,'2105-04-01','2105-04-30',NULL,NULL,40741,0,NULL,1,0,0,1),(5919,NULL,'2105-05',2105,5,'2105-05-01','2105-05-31',NULL,NULL,40741,0,NULL,1,0,0,1),(5920,NULL,'2105-06',2105,6,'2105-06-01','2105-06-30',NULL,NULL,40741,0,NULL,1,0,0,1);
INSERT INTO `periods` VALUES (5921,NULL,'2105-07',2105,7,'2105-07-01','2105-07-31',NULL,NULL,40741,0,NULL,1,0,0,1),(5922,NULL,'2105-08',2105,8,'2105-08-01','2105-08-31',NULL,NULL,40741,0,NULL,1,0,0,1),(5923,NULL,'2105-09',2105,9,'2105-09-01','2105-09-30',NULL,NULL,40741,0,NULL,1,0,0,1),(5924,NULL,'2105-10',2105,10,'2105-10-01','2105-10-31',NULL,NULL,40741,0,NULL,1,0,0,1),(5925,NULL,'2105-11',2105,11,'2105-11-01','2105-11-30',NULL,NULL,40741,0,NULL,1,0,0,1),(5926,NULL,'2105-12',2105,12,'2105-12-01','2105-12-31',NULL,NULL,40741,0,NULL,1,0,0,1),(5930,NULL,'2106-01',2106,1,'2106-01-01','2106-01-31',NULL,NULL,40741,0,NULL,1,0,0,1),(5931,NULL,'2106-02',2106,2,'2106-02-01','2106-02-28',NULL,NULL,40741,0,NULL,1,0,0,1),(5932,NULL,'2106-03',2106,3,'2106-03-01','2106-03-31',NULL,NULL,40741,0,NULL,1,0,0,1),(5933,NULL,'2106-04',2106,4,'2106-04-01','2106-04-30',NULL,NULL,40741,0,NULL,1,0,0,1),(5934,NULL,'2106-05',2106,5,'2106-05-01','2106-05-31',NULL,NULL,40741,0,NULL,1,0,0,1),(5935,NULL,'2106-06',2106,6,'2106-06-01','2106-06-30',NULL,NULL,40741,0,NULL,1,0,0,1),(5936,NULL,'2106-07',2106,7,'2106-07-01','2106-07-31',NULL,NULL,40741,0,NULL,1,0,0,1),(5937,NULL,'2106-08',2106,8,'2106-08-01','2106-08-31',NULL,NULL,40741,0,NULL,1,0,0,1),(5938,NULL,'2106-09',2106,9,'2106-09-01','2106-09-30',NULL,NULL,40741,0,NULL,1,0,0,1),(5939,NULL,'2106-10',2106,10,'2106-10-01','2106-10-31',NULL,NULL,40741,0,NULL,1,0,0,1),(5940,NULL,'2106-11',2106,11,'2106-11-01','2106-11-30',NULL,NULL,40741,0,NULL,1,0,0,1),(5941,NULL,'2106-12',2106,12,'2106-12-01','2106-12-31',NULL,NULL,40741,0,NULL,1,0,0,1),(5945,NULL,'2107-01',2107,1,'2107-01-01','2107-01-31',NULL,NULL,40741,0,NULL,1,0,0,1),(5946,NULL,'2107-02',2107,2,'2107-02-01','2107-02-28',NULL,NULL,40741,0,NULL,1,0,0,1),(5947,NULL,'2107-03',2107,3,'2107-03-01','2107-03-31',NULL,NULL,40741,0,NULL,1,0,0,1),(5948,NULL,'2107-04',2107,4,'2107-04-01','2107-04-30',NULL,NULL,40741,0,NULL,1,0,0,1),(5949,NULL,'2107-05',2107,5,'2107-05-01','2107-05-31',NULL,NULL,40741,0,NULL,1,0,0,1),(5950,NULL,'2107-06',2107,6,'2107-06-01','2107-06-30',NULL,NULL,40741,0,NULL,1,0,0,1),(5951,NULL,'2107-07',2107,7,'2107-07-01','2107-07-31',NULL,NULL,40741,0,NULL,1,0,0,1),(5952,NULL,'2107-08',2107,8,'2107-08-01','2107-08-31',NULL,NULL,40741,0,NULL,1,0,0,1),(5953,NULL,'2107-09',2107,9,'2107-09-01','2107-09-30',NULL,NULL,40741,0,NULL,1,0,0,1),(5954,NULL,'2107-10',2107,10,'2107-10-01','2107-10-31',NULL,NULL,40741,0,NULL,1,0,0,1),(5955,NULL,'2107-11',2107,11,'2107-11-01','2107-11-30',NULL,NULL,40741,0,NULL,1,0,0,1),(5956,NULL,'2107-12',2107,12,'2107-12-01','2107-12-31',NULL,NULL,40741,0,NULL,1,0,0,1),(5960,NULL,'2108-01',2108,1,'2108-01-01','2108-01-31',NULL,NULL,40741,0,NULL,1,0,0,1),(5961,NULL,'2108-02',2108,2,'2108-02-01','2108-02-28',NULL,NULL,40741,0,NULL,1,0,0,1),(5962,NULL,'2108-03',2108,3,'2108-03-01','2108-03-31',NULL,NULL,40741,0,NULL,1,0,0,1),(5963,NULL,'2108-04',2108,4,'2108-04-01','2108-04-30',NULL,NULL,40741,0,NULL,1,0,0,1),(5964,NULL,'2108-05',2108,5,'2108-05-01','2108-05-31',NULL,NULL,40741,0,NULL,1,0,0,1),(5965,NULL,'2108-06',2108,6,'2108-06-01','2108-06-30',NULL,NULL,40741,0,NULL,1,0,0,1),(5966,NULL,'2108-07',2108,7,'2108-07-01','2108-07-31',NULL,NULL,40741,0,NULL,1,0,0,1),(5967,NULL,'2108-08',2108,8,'2108-08-01','2108-08-31',NULL,NULL,40741,0,NULL,1,0,0,1),(5968,NULL,'2108-09',2108,9,'2108-09-01','2108-09-30',NULL,NULL,40741,0,NULL,1,0,0,1),(5969,NULL,'2108-10',2108,10,'2108-10-01','2108-10-31',NULL,NULL,40741,0,NULL,1,0,0,1),(5970,NULL,'2108-11',2108,11,'2108-11-01','2108-11-30',NULL,NULL,40741,0,NULL,1,0,0,1),(5971,NULL,'2108-12',2108,12,'2108-12-01','2108-12-31',NULL,NULL,40741,0,NULL,1,0,0,1),(5975,NULL,'2109-01',2109,1,'2109-01-01','2109-01-31',NULL,NULL,40741,0,NULL,1,0,0,1),(5976,NULL,'2109-02',2109,2,'2109-02-01','2109-02-28',NULL,NULL,40741,0,NULL,1,0,0,1),(5977,NULL,'2109-03',2109,3,'2109-03-01','2109-03-31',NULL,NULL,40741,0,NULL,1,0,0,1),(5978,NULL,'2109-04',2109,4,'2109-04-01','2109-04-30',NULL,NULL,40741,0,NULL,1,0,0,1);
INSERT INTO `periods` VALUES (5979,NULL,'2109-05',2109,5,'2109-05-01','2109-05-31',NULL,NULL,40741,0,NULL,1,0,0,1),(5980,NULL,'2109-06',2109,6,'2109-06-01','2109-06-30',NULL,NULL,40741,0,NULL,1,0,0,1),(5981,NULL,'2109-07',2109,7,'2109-07-01','2109-07-31',NULL,NULL,40741,0,NULL,1,0,0,1),(5982,NULL,'2109-08',2109,8,'2109-08-01','2109-08-31',NULL,NULL,40741,0,NULL,1,0,0,1),(5983,NULL,'2109-09',2109,9,'2109-09-01','2109-09-30',NULL,NULL,40741,0,NULL,1,0,0,1),(5984,NULL,'2109-10',2109,10,'2109-10-01','2109-10-31',NULL,NULL,40741,0,NULL,1,0,0,1),(5985,NULL,'2109-11',2109,11,'2109-11-01','2109-11-30',NULL,NULL,40741,0,NULL,1,0,0,1),(5986,NULL,'2109-12',2109,12,'2109-12-01','2109-12-31',NULL,NULL,40741,0,NULL,1,0,0,1),(5990,NULL,'2110-01',2110,1,'2110-01-01','2110-01-31',NULL,NULL,40741,0,NULL,1,0,0,1),(5991,NULL,'2110-02',2110,2,'2110-02-01','2110-02-28',NULL,NULL,40741,0,NULL,1,0,0,1),(5992,NULL,'2110-03',2110,3,'2110-03-01','2110-03-31',NULL,NULL,40741,0,NULL,1,0,0,1),(5993,NULL,'2110-04',2110,4,'2110-04-01','2110-04-30',NULL,NULL,40741,0,NULL,1,0,0,1),(5994,NULL,'2110-05',2110,5,'2110-05-01','2110-05-31',NULL,NULL,40741,0,NULL,1,0,0,1),(5995,NULL,'2110-06',2110,6,'2110-06-01','2110-06-30',NULL,NULL,40741,0,NULL,1,0,0,1),(5996,NULL,'2110-07',2110,7,'2110-07-01','2110-07-31',NULL,NULL,40741,0,NULL,1,0,0,1),(5997,NULL,'2110-08',2110,8,'2110-08-01','2110-08-31',NULL,NULL,40741,0,NULL,1,0,0,1),(5998,NULL,'2110-09',2110,9,'2110-09-01','2110-09-30',NULL,NULL,40741,0,NULL,1,0,0,1),(5999,NULL,'2110-10',2110,10,'2110-10-01','2110-10-31',NULL,NULL,40741,0,NULL,1,0,0,1),(6000,NULL,'2110-11',2110,11,'2110-11-01','2110-11-30',NULL,NULL,40741,0,NULL,1,0,0,1),(6001,NULL,'2110-12',2110,12,'2110-12-01','2110-12-31',NULL,NULL,40741,0,NULL,1,0,0,1),(6005,NULL,'2111-01',2111,1,'2111-01-01','2111-01-31',NULL,NULL,40741,0,NULL,1,0,0,1),(6006,NULL,'2111-02',2111,2,'2111-02-01','2111-02-28',NULL,NULL,40741,0,NULL,1,0,0,1),(6007,NULL,'2111-03',2111,3,'2111-03-01','2111-03-31',NULL,NULL,40741,0,NULL,1,0,0,1),(6008,NULL,'2111-04',2111,4,'2111-04-01','2111-04-30',NULL,NULL,40741,0,NULL,1,0,0,1),(6009,NULL,'2111-05',2111,5,'2111-05-01','2111-05-31',NULL,NULL,40741,0,NULL,1,0,0,1),(6010,NULL,'2111-06',2111,6,'2111-06-01','2111-06-30',NULL,NULL,40741,0,NULL,1,0,0,1),(6011,NULL,'2111-07',2111,7,'2111-07-01','2111-07-31',NULL,NULL,40741,0,NULL,1,0,0,1),(6012,NULL,'2111-08',2111,8,'2111-08-01','2111-08-31',NULL,NULL,40741,0,NULL,1,0,0,1),(6013,NULL,'2111-09',2111,9,'2111-09-01','2111-09-30',NULL,NULL,40741,0,NULL,1,0,0,1),(6014,NULL,'2111-10',2111,10,'2111-10-01','2111-10-31',NULL,NULL,40741,0,NULL,1,0,0,1),(6015,NULL,'2111-11',2111,11,'2111-11-01','2111-11-30',NULL,NULL,40741,0,NULL,1,0,0,1),(6016,NULL,'2111-12',2111,12,'2111-12-01','2111-12-31',NULL,NULL,40741,0,NULL,1,0,0,1),(6020,NULL,'2112-01',2112,1,'2112-01-01','2112-01-31',NULL,NULL,40741,0,NULL,1,0,0,1),(6021,NULL,'2112-02',2112,2,'2112-02-01','2112-02-28',NULL,NULL,40741,0,NULL,1,0,0,1),(6022,NULL,'2112-03',2112,3,'2112-03-01','2112-03-31',NULL,NULL,40741,0,NULL,1,0,0,1),(6023,NULL,'2112-04',2112,4,'2112-04-01','2112-04-30',NULL,NULL,40741,0,NULL,1,0,0,1),(6024,NULL,'2112-05',2112,5,'2112-05-01','2112-05-31',NULL,NULL,40741,0,NULL,1,0,0,1),(6025,NULL,'2112-06',2112,6,'2112-06-01','2112-06-30',NULL,NULL,40741,0,NULL,1,0,0,1),(6026,NULL,'2112-07',2112,7,'2112-07-01','2112-07-31',NULL,NULL,40741,0,NULL,1,0,0,1),(6027,NULL,'2112-08',2112,8,'2112-08-01','2112-08-31',NULL,NULL,40741,0,NULL,1,0,0,1),(6028,NULL,'2112-09',2112,9,'2112-09-01','2112-09-30',NULL,NULL,40741,0,NULL,1,0,0,1),(6029,NULL,'2112-10',2112,10,'2112-10-01','2112-10-31',NULL,NULL,40741,0,NULL,1,0,0,1),(6030,NULL,'2112-11',2112,11,'2112-11-01','2112-11-30',NULL,NULL,40741,0,NULL,1,0,0,1),(6031,NULL,'2112-12',2112,12,'2112-12-01','2112-12-31',NULL,NULL,40741,0,NULL,1,0,0,1),(6035,NULL,'2113-01',2113,1,'2113-01-01','2113-01-31',NULL,NULL,40741,0,NULL,1,0,0,1),(6036,NULL,'2113-02',2113,2,'2113-02-01','2113-02-28',NULL,NULL,40741,0,NULL,1,0,0,1);
INSERT INTO `periods` VALUES (6037,NULL,'2113-03',2113,3,'2113-03-01','2113-03-31',NULL,NULL,40741,0,NULL,1,0,0,1),(6038,NULL,'2113-04',2113,4,'2113-04-01','2113-04-30',NULL,NULL,40741,0,NULL,1,0,0,1),(6039,NULL,'2113-05',2113,5,'2113-05-01','2113-05-31',NULL,NULL,40741,0,NULL,1,0,0,1),(6040,NULL,'2113-06',2113,6,'2113-06-01','2113-06-30',NULL,NULL,40741,0,NULL,1,0,0,1),(6041,NULL,'2113-07',2113,7,'2113-07-01','2113-07-31',NULL,NULL,40741,0,NULL,1,0,0,1),(6042,NULL,'2113-08',2113,8,'2113-08-01','2113-08-31',NULL,NULL,40741,0,NULL,1,0,0,1),(6043,NULL,'2113-09',2113,9,'2113-09-01','2113-09-30',NULL,NULL,40741,0,NULL,1,0,0,1),(6044,NULL,'2113-10',2113,10,'2113-10-01','2113-10-31',NULL,NULL,40741,0,NULL,1,0,0,1),(6045,NULL,'2113-11',2113,11,'2113-11-01','2113-11-30',NULL,NULL,40741,0,NULL,1,0,0,1),(6046,NULL,'2113-12',2113,12,'2113-12-01','2113-12-31',NULL,NULL,40741,0,NULL,1,0,0,1),(6050,NULL,'2114-01',2114,1,'2114-01-01','2114-01-31',NULL,NULL,40741,0,NULL,1,0,0,1),(6051,NULL,'2114-02',2114,2,'2114-02-01','2114-02-28',NULL,NULL,40741,0,NULL,1,0,0,1),(6052,NULL,'2114-03',2114,3,'2114-03-01','2114-03-31',NULL,NULL,40741,0,NULL,1,0,0,1),(6053,NULL,'2114-04',2114,4,'2114-04-01','2114-04-30',NULL,NULL,40741,0,NULL,1,0,0,1),(6054,NULL,'2114-05',2114,5,'2114-05-01','2114-05-31',NULL,NULL,40741,0,NULL,1,0,0,1),(6055,NULL,'2114-06',2114,6,'2114-06-01','2114-06-30',NULL,NULL,40741,0,NULL,1,0,0,1),(6056,NULL,'2114-07',2114,7,'2114-07-01','2114-07-31',NULL,NULL,40741,0,NULL,1,0,0,1),(6057,NULL,'2114-08',2114,8,'2114-08-01','2114-08-31',NULL,NULL,40741,0,NULL,1,0,0,1),(6058,NULL,'2114-09',2114,9,'2114-09-01','2114-09-30',NULL,NULL,40741,0,NULL,1,0,0,1),(6059,NULL,'2114-10',2114,10,'2114-10-01','2114-10-31',NULL,NULL,40741,0,NULL,1,0,0,1),(6060,NULL,'2114-11',2114,11,'2114-11-01','2114-11-30',NULL,NULL,40741,0,NULL,1,0,0,1),(6061,NULL,'2114-12',2114,12,'2114-12-01','2114-12-31',NULL,NULL,40741,0,NULL,1,0,0,1),(6065,NULL,'2115-01',2115,1,'2115-01-01','2115-01-31',NULL,NULL,40741,0,NULL,1,0,0,1),(6066,NULL,'2115-02',2115,2,'2115-02-01','2115-02-28',NULL,NULL,40741,0,NULL,1,0,0,1),(6067,NULL,'2115-03',2115,3,'2115-03-01','2115-03-31',NULL,NULL,40741,0,NULL,1,0,0,1),(6068,NULL,'2115-04',2115,4,'2115-04-01','2115-04-30',NULL,NULL,40741,0,NULL,1,0,0,1),(6069,NULL,'2115-05',2115,5,'2115-05-01','2115-05-31',NULL,NULL,40741,0,NULL,1,0,0,1),(6070,NULL,'2115-06',2115,6,'2115-06-01','2115-06-30',NULL,NULL,40741,0,NULL,1,0,0,1),(6071,NULL,'2115-07',2115,7,'2115-07-01','2115-07-31',NULL,NULL,40741,0,NULL,1,0,0,1),(6072,NULL,'2115-08',2115,8,'2115-08-01','2115-08-31',NULL,NULL,40741,0,NULL,1,0,0,1),(6073,NULL,'2115-09',2115,9,'2115-09-01','2115-09-30',NULL,NULL,40741,0,NULL,1,0,0,1),(6074,NULL,'2115-10',2115,10,'2115-10-01','2115-10-31',NULL,NULL,40741,0,NULL,1,0,0,1),(6075,NULL,'2115-11',2115,11,'2115-11-01','2115-11-30',NULL,NULL,40741,0,NULL,1,0,0,1),(6076,NULL,'2115-12',2115,12,'2115-12-01','2115-12-31',NULL,NULL,40741,0,NULL,1,0,0,1),(6080,NULL,'2116-01',2116,1,'2116-01-01','2116-01-31',NULL,NULL,40741,0,NULL,1,0,0,1),(6081,NULL,'2116-02',2116,2,'2116-02-01','2116-02-28',NULL,NULL,40741,0,NULL,1,0,0,1),(6082,NULL,'2116-03',2116,3,'2116-03-01','2116-03-31',NULL,NULL,40741,0,NULL,1,0,0,1),(6083,NULL,'2116-04',2116,4,'2116-04-01','2116-04-30',NULL,NULL,40741,0,NULL,1,0,0,1),(6084,NULL,'2116-05',2116,5,'2116-05-01','2116-05-31',NULL,NULL,40741,0,NULL,1,0,0,1),(6085,NULL,'2116-06',2116,6,'2116-06-01','2116-06-30',NULL,NULL,40741,0,NULL,1,0,0,1),(6086,NULL,'2116-07',2116,7,'2116-07-01','2116-07-31',NULL,NULL,40741,0,NULL,1,0,0,1),(6087,NULL,'2116-08',2116,8,'2116-08-01','2116-08-31',NULL,NULL,40741,0,NULL,1,0,0,1),(6088,NULL,'2116-09',2116,9,'2116-09-01','2116-09-30',NULL,NULL,40741,0,NULL,1,0,0,1),(6089,NULL,'2116-10',2116,10,'2116-10-01','2116-10-31',NULL,NULL,40741,0,NULL,1,0,0,1),(6090,NULL,'2116-11',2116,11,'2116-11-01','2116-11-30',NULL,NULL,40741,0,NULL,1,0,0,1),(6091,NULL,'2116-12',2116,12,'2116-12-01','2116-12-31',NULL,NULL,40741,0,NULL,1,0,0,1);
INSERT INTO `periods` VALUES (6095,NULL,'2117-01',2117,1,'2117-01-01','2117-01-31',NULL,NULL,40741,0,NULL,1,0,0,1),(6096,NULL,'2117-02',2117,2,'2117-02-01','2117-02-28',NULL,NULL,40741,0,NULL,1,0,0,1),(6097,NULL,'2117-03',2117,3,'2117-03-01','2117-03-31',NULL,NULL,40741,0,NULL,1,0,0,1),(6098,NULL,'2117-04',2117,4,'2117-04-01','2117-04-30',NULL,NULL,40741,0,NULL,1,0,0,1),(6099,NULL,'2117-05',2117,5,'2117-05-01','2117-05-31',NULL,NULL,40741,0,NULL,1,0,0,1),(6100,NULL,'2117-06',2117,6,'2117-06-01','2117-06-30',NULL,NULL,40741,0,NULL,1,0,0,1),(6101,NULL,'2117-07',2117,7,'2117-07-01','2117-07-31',NULL,NULL,40741,0,NULL,1,0,0,1),(6102,NULL,'2117-08',2117,8,'2117-08-01','2117-08-31',NULL,NULL,40741,0,NULL,1,0,0,1),(6103,NULL,'2117-09',2117,9,'2117-09-01','2117-09-30',NULL,NULL,40741,0,NULL,1,0,0,1),(6104,NULL,'2117-10',2117,10,'2117-10-01','2117-10-31',NULL,NULL,40741,0,NULL,1,0,0,1),(6105,NULL,'2117-11',2117,11,'2117-11-01','2117-11-30',NULL,NULL,40741,0,NULL,1,0,0,1),(6106,NULL,'2117-12',2117,12,'2117-12-01','2117-12-31',NULL,NULL,40741,0,NULL,1,0,0,1),(6110,NULL,'2118-01',2118,1,'2118-01-01','2118-01-31',NULL,NULL,40741,0,NULL,1,0,0,1),(6111,NULL,'2118-02',2118,2,'2118-02-01','2118-02-28',NULL,NULL,40741,0,NULL,1,0,0,1),(6112,NULL,'2118-03',2118,3,'2118-03-01','2118-03-31',NULL,NULL,40741,0,NULL,1,0,0,1),(6113,NULL,'2118-04',2118,4,'2118-04-01','2118-04-30',NULL,NULL,40741,0,NULL,1,0,0,1),(6114,NULL,'2118-05',2118,5,'2118-05-01','2118-05-31',NULL,NULL,40741,0,NULL,1,0,0,1),(6115,NULL,'2118-06',2118,6,'2118-06-01','2118-06-30',NULL,NULL,40741,0,NULL,1,0,0,1),(6116,NULL,'2118-07',2118,7,'2118-07-01','2118-07-31',NULL,NULL,40741,0,NULL,1,0,0,1),(6117,NULL,'2118-08',2118,8,'2118-08-01','2118-08-31',NULL,NULL,40741,0,NULL,1,0,0,1),(6118,NULL,'2118-09',2118,9,'2118-09-01','2118-09-30',NULL,NULL,40741,0,NULL,1,0,0,1),(6119,NULL,'2118-10',2118,10,'2118-10-01','2118-10-31',NULL,NULL,40741,0,NULL,1,0,0,1),(6120,NULL,'2118-11',2118,11,'2118-11-01','2118-11-30',NULL,NULL,40741,0,NULL,1,0,0,1),(6121,NULL,'2118-12',2118,12,'2118-12-01','2118-12-31',NULL,NULL,40741,0,NULL,1,0,0,1),(6125,NULL,'2119-01',2119,1,'2119-01-01','2119-01-31',NULL,NULL,40741,0,NULL,1,0,0,1),(6126,NULL,'2119-02',2119,2,'2119-02-01','2119-02-28',NULL,NULL,40741,0,NULL,1,0,0,1),(6127,NULL,'2119-03',2119,3,'2119-03-01','2119-03-31',NULL,NULL,40741,0,NULL,1,0,0,1),(6128,NULL,'2119-04',2119,4,'2119-04-01','2119-04-30',NULL,NULL,40741,0,NULL,1,0,0,1),(6129,NULL,'2119-05',2119,5,'2119-05-01','2119-05-31',NULL,NULL,40741,0,NULL,1,0,0,1),(6130,NULL,'2119-06',2119,6,'2119-06-01','2119-06-30',NULL,NULL,40741,0,NULL,1,0,0,1),(6131,NULL,'2119-07',2119,7,'2119-07-01','2119-07-31',NULL,NULL,40741,0,NULL,1,0,0,1),(6132,NULL,'2119-08',2119,8,'2119-08-01','2119-08-31',NULL,NULL,40741,0,NULL,1,0,0,1),(6133,NULL,'2119-09',2119,9,'2119-09-01','2119-09-30',NULL,NULL,40741,0,NULL,1,0,0,1),(6134,NULL,'2119-10',2119,10,'2119-10-01','2119-10-31',NULL,NULL,40741,0,NULL,1,0,0,1),(6135,NULL,'2119-11',2119,11,'2119-11-01','2119-11-30',NULL,NULL,40741,0,NULL,1,0,0,1),(6136,NULL,'2119-12',2119,12,'2119-12-01','2119-12-31',NULL,NULL,40741,0,NULL,1,0,0,1),(6140,NULL,'2120-01',2120,1,'2120-01-01','2120-01-31',NULL,NULL,40741,0,NULL,1,0,0,1),(6141,NULL,'2120-02',2120,2,'2120-02-01','2120-02-28',NULL,NULL,40741,0,NULL,1,0,0,1),(6142,NULL,'2120-03',2120,3,'2120-03-01','2120-03-31',NULL,NULL,40741,0,NULL,1,0,0,1),(6143,NULL,'2120-04',2120,4,'2120-04-01','2120-04-30',NULL,NULL,40741,0,NULL,1,0,0,1),(6144,NULL,'2120-05',2120,5,'2120-05-01','2120-05-31',NULL,NULL,40741,0,NULL,1,0,0,1),(6145,NULL,'2120-06',2120,6,'2120-06-01','2120-06-30',NULL,NULL,40741,0,NULL,1,0,0,1),(6146,NULL,'2120-07',2120,7,'2120-07-01','2120-07-31',NULL,NULL,40741,0,NULL,1,0,0,1),(6147,NULL,'2120-08',2120,8,'2120-08-01','2120-08-31',NULL,NULL,40741,0,NULL,1,0,0,1),(6148,NULL,'2120-09',2120,9,'2120-09-01','2120-09-30',NULL,NULL,40741,0,NULL,1,0,0,1),(6149,NULL,'2120-10',2120,10,'2120-10-01','2120-10-31',NULL,NULL,40741,0,NULL,1,0,0,1);
INSERT INTO `periods` VALUES (6150,NULL,'2120-11',2120,11,'2120-11-01','2120-11-30',NULL,NULL,40741,0,NULL,1,0,0,1),(6151,NULL,'2120-12',2120,12,'2120-12-01','2120-12-31',NULL,NULL,40741,0,NULL,1,0,0,1),(6155,NULL,'2121-01',2121,1,'2121-01-01','2121-01-31',NULL,NULL,40741,0,NULL,1,0,0,1),(6156,NULL,'2121-02',2121,2,'2121-02-01','2121-02-28',NULL,NULL,40741,0,NULL,1,0,0,1),(6157,NULL,'2121-03',2121,3,'2121-03-01','2121-03-31',NULL,NULL,40741,0,NULL,1,0,0,1),(6158,NULL,'2121-04',2121,4,'2121-04-01','2121-04-30',NULL,NULL,40741,0,NULL,1,0,0,1),(6159,NULL,'2121-05',2121,5,'2121-05-01','2121-05-31',NULL,NULL,40741,0,NULL,1,0,0,1),(6160,NULL,'2121-06',2121,6,'2121-06-01','2121-06-30',NULL,NULL,40741,0,NULL,1,0,0,1),(6161,NULL,'2121-07',2121,7,'2121-07-01','2121-07-31',NULL,NULL,40741,0,NULL,1,0,0,1),(6162,NULL,'2121-08',2121,8,'2121-08-01','2121-08-31',NULL,NULL,40741,0,NULL,1,0,0,1),(6163,NULL,'2121-09',2121,9,'2121-09-01','2121-09-30',NULL,NULL,40741,0,NULL,1,0,0,1),(6164,NULL,'2121-10',2121,10,'2121-10-01','2121-10-31',NULL,NULL,40741,0,NULL,1,0,0,1),(6165,NULL,'2121-11',2121,11,'2121-11-01','2121-11-30',NULL,NULL,40741,0,NULL,1,0,0,1),(6166,NULL,'2121-12',2121,12,'2121-12-01','2121-12-31',NULL,NULL,40741,0,NULL,1,0,0,1),(6170,NULL,'2122-01',2122,1,'2122-01-01','2122-01-31',NULL,NULL,40741,0,NULL,1,0,0,1),(6171,NULL,'2122-02',2122,2,'2122-02-01','2122-02-28',NULL,NULL,40741,0,NULL,1,0,0,1),(6172,NULL,'2122-03',2122,3,'2122-03-01','2122-03-31',NULL,NULL,40741,0,NULL,1,0,0,1),(6173,NULL,'2122-04',2122,4,'2122-04-01','2122-04-30',NULL,NULL,40741,0,NULL,1,0,0,1),(6174,NULL,'2122-05',2122,5,'2122-05-01','2122-05-31',NULL,NULL,40741,0,NULL,1,0,0,1),(6175,NULL,'2122-06',2122,6,'2122-06-01','2122-06-30',NULL,NULL,40741,0,NULL,1,0,0,1),(6176,NULL,'2122-07',2122,7,'2122-07-01','2122-07-31',NULL,NULL,40741,0,NULL,1,0,0,1),(6177,NULL,'2122-08',2122,8,'2122-08-01','2122-08-31',NULL,NULL,40741,0,NULL,1,0,0,1),(6178,NULL,'2122-09',2122,9,'2122-09-01','2122-09-30',NULL,NULL,40741,0,NULL,1,0,0,1),(6179,NULL,'2122-10',2122,10,'2122-10-01','2122-10-31',NULL,NULL,40741,0,NULL,1,0,0,1),(6180,NULL,'2122-11',2122,11,'2122-11-01','2122-11-30',NULL,NULL,40741,0,NULL,1,0,0,1),(6181,NULL,'2122-12',2122,12,'2122-12-01','2122-12-31',NULL,NULL,40741,0,NULL,1,0,0,1),(6185,NULL,'2019-01',2019,1,'2019-01-01','2019-01-31',NULL,NULL,40741,0,NULL,1,0,0,1),(6186,NULL,'2019-02',2019,2,'2019-02-01','2019-02-28',NULL,NULL,40741,0,NULL,1,0,0,1),(6187,NULL,'2019-03',2019,3,'2019-03-01','2019-03-31',NULL,NULL,40741,0,NULL,1,0,0,1),(6188,NULL,'2019-04',2019,4,'2019-04-01','2019-04-30',NULL,NULL,40741,0,NULL,1,0,0,1),(6189,NULL,'2019-05',2019,5,'2019-05-01','2019-05-31',NULL,NULL,40741,0,NULL,1,0,0,1),(6190,NULL,'2019-06',2019,6,'2019-06-01','2019-06-30',NULL,NULL,40741,0,NULL,1,0,0,1),(6191,NULL,'2019-07',2019,7,'2019-07-01','2019-07-31',NULL,NULL,40741,0,NULL,1,0,0,1),(6192,NULL,'2019-08',2019,8,'2019-08-01','2019-08-31',NULL,NULL,40741,0,NULL,1,0,0,1),(6193,NULL,'2019-09',2019,9,'2019-09-01','2019-09-30',NULL,NULL,40741,0,NULL,1,0,0,1),(6194,NULL,'2019-10',2019,10,'2019-10-01','2019-10-31',NULL,NULL,40741,0,NULL,1,0,0,1),(6195,NULL,'2019-11',2019,11,'2019-11-01','2019-11-30',NULL,NULL,40741,0,NULL,1,0,0,1),(6196,NULL,'2019-12',2019,12,'2019-12-01','2019-12-31',NULL,NULL,40741,0,NULL,1,0,0,1),(6200,NULL,'2020-01',2020,1,'2020-01-01','2020-01-31',NULL,NULL,40741,0,NULL,1,0,0,1),(6201,NULL,'2020-02',2020,2,'2020-02-01','2020-02-28',NULL,NULL,40741,0,NULL,1,0,0,1),(6202,NULL,'2020-03',2020,3,'2020-03-01','2020-03-31',NULL,NULL,40741,0,NULL,1,0,0,1),(6203,NULL,'2020-04',2020,4,'2020-04-01','2020-04-30',NULL,NULL,40741,0,NULL,1,0,0,1),(6204,NULL,'2020-05',2020,5,'2020-05-01','2020-05-31',NULL,NULL,40741,0,NULL,1,0,0,1),(6205,NULL,'2020-06',2020,6,'2020-06-01','2020-06-30',NULL,NULL,40741,0,NULL,1,0,0,1),(6206,NULL,'2020-07',2020,7,'2020-07-01','2020-07-31',NULL,NULL,40741,0,NULL,1,0,0,1),(6207,NULL,'2020-08',2020,8,'2020-08-01','2020-08-31',NULL,NULL,40741,0,NULL,1,0,0,1);
INSERT INTO `periods` VALUES (6208,NULL,'2020-09',2020,9,'2020-09-01','2020-09-30',NULL,NULL,40741,0,NULL,1,0,0,1),(6209,NULL,'2020-10',2020,10,'2020-10-01','2020-10-31',NULL,NULL,40741,0,NULL,1,0,0,1),(6210,NULL,'2020-11',2020,11,'2020-11-01','2020-11-30',NULL,NULL,40741,0,NULL,1,0,0,1),(6211,NULL,'2020-12',2020,12,'2020-12-01','2020-12-31',NULL,NULL,40741,0,NULL,1,0,0,1),(6215,NULL,'2021-01',2021,1,'2021-01-01','2021-01-31',NULL,NULL,40741,0,NULL,1,0,0,1),(6216,NULL,'2021-02',2021,2,'2021-02-01','2021-02-28',NULL,NULL,40741,0,NULL,1,0,0,1),(6217,NULL,'2021-03',2021,3,'2021-03-01','2021-03-31',NULL,NULL,40741,0,NULL,1,0,0,1),(6218,NULL,'2021-04',2021,4,'2021-04-01','2021-04-30',NULL,NULL,40741,0,NULL,1,0,0,1),(6219,NULL,'2021-05',2021,5,'2021-05-01','2021-05-31',NULL,NULL,40741,0,NULL,1,0,0,1),(6220,NULL,'2021-06',2021,6,'2021-06-01','2021-06-30',NULL,NULL,40741,0,NULL,1,0,0,1),(6221,NULL,'2021-07',2021,7,'2021-07-01','2021-07-31',NULL,NULL,40741,0,NULL,1,0,0,1),(6222,NULL,'2021-08',2021,8,'2021-08-01','2021-08-31',NULL,NULL,40741,0,NULL,1,0,0,1),(6223,NULL,'2021-09',2021,9,'2021-09-01','2021-09-30',NULL,NULL,40741,0,NULL,1,0,0,1),(6224,NULL,'2021-10',2021,10,'2021-10-01','2021-10-31',NULL,NULL,40741,0,NULL,1,0,0,1),(6225,NULL,'2021-11',2021,11,'2021-11-01','2021-11-30',NULL,NULL,40741,0,NULL,1,0,0,1),(6226,NULL,'2021-12',2021,12,'2021-12-01','2021-12-31',NULL,NULL,40741,0,NULL,1,0,0,1);

--
-- Table structure for table `person_activities`
--

CREATE TABLE `person_activities` (
  `id` int(10) unsigned NOT NULL AUTO_INCREMENT,
  `user_id` int(10) unsigned DEFAULT NULL,
  `person_id` int(10) unsigned NOT NULL,
  `activity_id` int(10) unsigned NOT NULL,
  `is_principal` tinyint(1) NOT NULL DEFAULT '0',
  `created_at` timestamp NULL DEFAULT NULL,
  `updated_at` timestamp NULL DEFAULT NULL,
  `deleted_at` timestamp NULL DEFAULT NULL,
  PRIMARY KEY (`id`),
  KEY `person_activities_person_id_foreign` (`person_id`),
  KEY `person_activities_activity_id_foreign` (`activity_id`),
  CONSTRAINT `person_activities_activity_id_foreign` FOREIGN KEY (`activity_id`) REFERENCES `activities` (`id`),
  CONSTRAINT `person_activities_person_id_foreign` FOREIGN KEY (`person_id`) REFERENCES `persons` (`id`)
) ENGINE=InnoDB AUTO_INCREMENT=32 DEFAULT CHARSET=utf8mb4 COLLATE=utf8mb4_unicode_ci;

--
-- Dumping data for table `person_activities`
--

INSERT INTO `person_activities` VALUES (7,6834,40723,575,1,'2022-03-22 16:07:00','2022-03-22 16:07:00',NULL),(8,6834,40723,713,0,'2022-03-22 16:07:00','2022-03-22 16:07:00',NULL),(25,6834,40720,422,1,'2022-03-23 16:01:56','2022-03-23 16:01:56',NULL),(26,6834,40720,420,0,'2022-03-23 16:01:56','2022-03-23 16:01:56',NULL),(30,6834,40741,660,1,'2022-03-31 00:08:21','2022-03-31 00:08:21',NULL),(31,6834,40719,770,1,'2022-05-13 16:39:33','2022-05-13 16:39:33',NULL);

--
-- Table structure for table `person_configurations`
--

CREATE TABLE `person_configurations` (
  `id` int(10) unsigned NOT NULL AUTO_INCREMENT,
  `user_id` int(10) unsigned DEFAULT NULL,
  `person_id` int(10) unsigned NOT NULL,
  `period_id` int(10) unsigned DEFAULT NULL,
  `zone_id` int(10) unsigned DEFAULT NULL,
  `settle_calc_by_coef` int(11) NOT NULL DEFAULT '0',
  `created_at` timestamp NULL DEFAULT NULL,
  `updated_at` timestamp NULL DEFAULT NULL,
  `active` int(10) unsigned DEFAULT NULL,
  `enviarMail` int(11) DEFAULT '1',
  `honorario` decimal(16,2) DEFAULT '0.00',
  `cta_cte_tesoreria_cuenta_id` int(10) unsigned DEFAULT NULL,
  `month_close` int(10) unsigned DEFAULT NULL,
  `iva_condition_id` int(10) unsigned DEFAULT NULL,
  `obligation_sell` int(10) unsigned DEFAULT NULL,
  `obligation_buy` int(10) unsigned DEFAULT NULL,
  `obligation_iva` int(10) unsigned DEFAULT NULL,
  `obligation_electronic_receipt` int(10) unsigned DEFAULT NULL,
  `obligation_iibb` int(10) unsigned DEFAULT NULL,
  `obligation_other_taxes` int(10) unsigned DEFAULT NULL,
  `liquidation_start_period` varchar(7) COLLATE utf8mb4_unicode_ci DEFAULT NULL,
  `obligation_salaries` int(10) unsigned DEFAULT NULL,
  `empleada_domestica` tinyint(1) NOT NULL DEFAULT '0',
  `prorratear_iva` tinyint(1) NOT NULL DEFAULT '0',
  `is_itc` tinyint(1) NOT NULL DEFAULT '0',
  `priority_order` int(10) unsigned DEFAULT NULL,
  `person_id_administrador` int(11) DEFAULT NULL,
  `person_id_titular` int(11) DEFAULT NULL,
  `logo_path` varchar(180) COLLATE utf8mb4_unicode_ci DEFAULT NULL,
  `certificado_afip_path` varchar(180) COLLATE utf8mb4_unicode_ci DEFAULT NULL,
  `llave_afip_path` varchar(180) COLLATE utf8mb4_unicode_ci DEFAULT NULL,
  `access_electronic_receipt` int(10) unsigned DEFAULT '0',
  `ruta_logo_fa` varchar(100) COLLATE utf8mb4_unicode_ci DEFAULT NULL,
  `inicio_actividades` date DEFAULT NULL,
  `iibb` varchar(191) COLLATE utf8mb4_unicode_ci DEFAULT NULL,
  `fe_leyenda` varchar(191) COLLATE utf8mb4_unicode_ci DEFAULT NULL,
  `atencion_iva` tinyint(1) NOT NULL DEFAULT '0',
  `atencion_iva_comentario` varchar(191) COLLATE utf8mb4_unicode_ci DEFAULT NULL,
  `atencion_iibb` tinyint(1) NOT NULL DEFAULT '0',
  `atencion_iibb_comentario` varchar(191) COLLATE utf8mb4_unicode_ci DEFAULT NULL,
  `deleted_at` timestamp NULL DEFAULT NULL,
  PRIMARY KEY (`id`),
  KEY `person_configurations_person_id_foreign` (`person_id`),
  KEY `person_configurations_period_id_foreign` (`period_id`),
  KEY `person_configurations_zone_id_foreign` (`zone_id`),
  KEY `person_configurations_iva_condition_id_foreign` (`iva_condition_id`),
  KEY `person_configurations_cta_cte_tesoreria_cuenta_id_foreign` (`cta_cte_tesoreria_cuenta_id`),
  CONSTRAINT `person_configurations_cta_cte_tesoreria_cuenta_id_foreign` FOREIGN KEY (`cta_cte_tesoreria_cuenta_id`) REFERENCES `cta_cte_tesoreria_cuentas` (`id`),
  CONSTRAINT `person_configurations_iva_condition_id_foreign` FOREIGN KEY (`iva_condition_id`) REFERENCES `iva_conditions` (`id`),
  CONSTRAINT `person_configurations_period_id_foreign` FOREIGN KEY (`period_id`) REFERENCES `periods` (`id`),
  CONSTRAINT `person_configurations_person_id_foreign` FOREIGN KEY (`person_id`) REFERENCES `persons` (`id`),
  CONSTRAINT `person_configurations_zone_id_foreign` FOREIGN KEY (`zone_id`) REFERENCES `zones` (`id`)
) ENGINE=InnoDB AUTO_INCREMENT=6 DEFAULT CHARSET=utf8mb4 COLLATE=utf8mb4_unicode_ci;

--
-- Dumping data for table `person_configurations`
--

INSERT INTO `person_configurations` VALUES (2,6834,40719,NULL,NULL,0,'2022-03-20 14:24:04','2022-05-13 16:39:33',2,1,0.00,NULL,12,1,1,1,0,0,1,NULL,'2022-4',0,0,0,0,2,40719,40719,NULL,NULL,NULL,0,NULL,'2022-05-13',NULL,NULL,0,NULL,0,NULL,NULL),(3,6834,40720,NULL,NULL,0,'2022-03-21 18:18:48','2022-03-23 16:01:56',2,1,0.00,NULL,12,2,1,1,1,1,4,NULL,'2022-02',1,0,0,0,2,40720,40720,NULL,NULL,NULL,0,NULL,'2022-02-01',NULL,NULL,0,NULL,0,NULL,NULL),(4,6834,40723,NULL,NULL,0,'2022-03-22 16:04:40','2022-03-22 16:07:00',2,1,0.00,NULL,12,1,1,1,0,0,3,NULL,'2022-01',0,0,0,0,2,40723,40723,NULL,NULL,NULL,0,NULL,'2022-03-22',NULL,NULL,0,NULL,0,NULL,NULL),(5,6834,40741,NULL,NULL,0,'2022-03-30 18:47:37','2022-03-31 00:08:21',2,1,0.00,NULL,12,2,1,1,1,0,3,NULL,'2020-01',0,0,0,1,2,40741,40741,NULL,NULL,NULL,0,NULL,'2022-03-30',NULL,NULL,0,NULL,0,NULL,NULL);

--
-- Table structure for table `person_liquidators`
--

CREATE TABLE `person_liquidators` (
  `id` int(10) unsigned NOT NULL AUTO_INCREMENT,
  `user_id` int(10) unsigned DEFAULT NULL,
  `person_id` int(10) unsigned NOT NULL,
  `liquidator_id` int(10) unsigned NOT NULL,
  `created_at` timestamp NULL DEFAULT NULL,
  `updated_at` timestamp NULL DEFAULT NULL,
  `deleted_at` timestamp NULL DEFAULT NULL,
  PRIMARY KEY (`id`),
  KEY `person_liquidators_person_id_foreign` (`person_id`),
  KEY `person_liquidators_liquidator_id_foreign` (`liquidator_id`),
  CONSTRAINT `person_liquidators_liquidator_id_foreign` FOREIGN KEY (`liquidator_id`) REFERENCES `liquidators` (`id`),
  CONSTRAINT `person_liquidators_person_id_foreign` FOREIGN KEY (`person_id`) REFERENCES `persons` (`id`)
) ENGINE=InnoDB DEFAULT CHARSET=utf8mb4 COLLATE=utf8mb4_unicode_ci;

--
-- Dumping data for table `person_liquidators`
--


--
-- Table structure for table `person_pay_methods`
--

CREATE TABLE `person_pay_methods` (
  `id` int(10) unsigned NOT NULL AUTO_INCREMENT,
  `user_id` int(10) unsigned DEFAULT NULL,
  `person_id` int(10) unsigned NOT NULL,
  `pay_method_id` int(10) unsigned NOT NULL,
  `created_at` timestamp NULL DEFAULT NULL,
  `updated_at` timestamp NULL DEFAULT NULL,
  `deleted_at` timestamp NULL DEFAULT NULL,
  PRIMARY KEY (`id`),
  KEY `person_pay_methods_person_id_foreign` (`person_id`),
  KEY `person_pay_methods_pay_method_id_foreign` (`pay_method_id`),
  CONSTRAINT `person_pay_methods_pay_method_id_foreign` FOREIGN KEY (`pay_method_id`) REFERENCES `pay_methods` (`id`),
  CONSTRAINT `person_pay_methods_person_id_foreign` FOREIGN KEY (`person_id`) REFERENCES `persons` (`id`)
) ENGINE=InnoDB DEFAULT CHARSET=utf8mb4 COLLATE=utf8mb4_unicode_ci;

--
-- Dumping data for table `person_pay_methods`
--


--
-- Table structure for table `person_types`
--

CREATE TABLE `person_types` (
  `id` int(10) unsigned NOT NULL AUTO_INCREMENT,
  `user_id` int(10) unsigned DEFAULT NULL,
  `description` varchar(180) COLLATE utf8mb4_unicode_ci NOT NULL,
  `created_at` timestamp NULL DEFAULT NULL,
  `updated_at` timestamp NULL DEFAULT NULL,
  `deleted_at` timestamp NULL DEFAULT NULL,
  PRIMARY KEY (`id`),
  UNIQUE KEY `person_types_description_unique` (`description`)
) ENGINE=InnoDB AUTO_INCREMENT=3 DEFAULT CHARSET=utf8mb4 COLLATE=utf8mb4_unicode_ci;

--
-- Dumping data for table `person_types`
--

INSERT INTO `person_types` VALUES (1,NULL,'Persona Humana',NULL,NULL,NULL),(2,NULL,'Persona Juridica',NULL,NULL,NULL);

--
-- Table structure for table `person_zone_actividad`
--

CREATE TABLE `person_zone_actividad` (
  `id` int(10) unsigned NOT NULL AUTO_INCREMENT,
  `user_id` int(10) unsigned DEFAULT NULL,
  `person_id` int(10) unsigned NOT NULL,
  `zone_id` int(10) unsigned NOT NULL,
  `actividad_id` int(10) unsigned NOT NULL,
  `calculo_iibb` int(11) NOT NULL,
  `coef` decimal(16,5) NOT NULL DEFAULT '0.00000',
  `alicuota` decimal(16,5) NOT NULL DEFAULT '0.00000',
  `cm_articulo_regimen_id` int(10) unsigned NOT NULL DEFAULT '1',
  `habilitado` tinyint(1) NOT NULL DEFAULT '1',
  `created_at` timestamp NULL DEFAULT NULL,
  `updated_at` timestamp NULL DEFAULT NULL,
  `deleted_at` timestamp NULL DEFAULT NULL,
  PRIMARY KEY (`id`),
  KEY `person_zone_actividad_person_id_foreign` (`person_id`),
  KEY `person_zone_actividad_zone_id_foreign` (`zone_id`),
  KEY `person_zone_actividad_actividad_id_foreign` (`actividad_id`),
  KEY `person_zone_actividad_cm_articulo_regimen_id_foreign` (`cm_articulo_regimen_id`),
  CONSTRAINT `person_zone_actividad_actividad_id_foreign` FOREIGN KEY (`actividad_id`) REFERENCES `activities` (`id`),
  CONSTRAINT `person_zone_actividad_cm_articulo_regimen_id_foreign` FOREIGN KEY (`cm_articulo_regimen_id`) REFERENCES `cm_articulos_regimenes` (`id`),
  CONSTRAINT `person_zone_actividad_person_id_foreign` FOREIGN KEY (`person_id`) REFERENCES `persons` (`id`),
  CONSTRAINT `person_zone_actividad_zone_id_foreign` FOREIGN KEY (`zone_id`) REFERENCES `zones` (`id`)
) ENGINE=InnoDB AUTO_INCREMENT=48 DEFAULT CHARSET=utf8mb4 COLLATE=utf8mb4_unicode_ci;

--
-- Dumping data for table `person_zone_actividad`
--

INSERT INTO `person_zone_actividad` VALUES (5,6834,40723,23,575,1,0.00000,0.00000,1,1,'2022-03-22 16:07:00','2022-03-22 16:07:00',NULL),(6,6834,40723,23,713,1,0.00000,0.00000,1,1,'2022-03-22 16:07:00','2022-03-22 16:07:00',NULL),(39,6834,40720,23,422,1,90.00000,0.00000,1,1,'2022-03-23 16:01:56','2022-03-23 16:01:56',NULL),(40,6834,40720,23,420,1,5.00000,0.00000,1,1,'2022-03-23 16:01:56','2022-03-23 16:01:56',NULL),(41,6834,40720,22,422,1,2.50000,0.00000,1,1,'2022-03-23 16:01:56','2022-03-23 16:01:56',NULL),(42,6834,40720,22,420,1,2.50000,0.00000,1,1,'2022-03-23 16:01:56','2022-03-23 16:01:56',NULL),(46,6834,40741,23,660,2,1.00000,1.50000,1,1,'2022-03-31 00:08:21','2022-03-31 00:08:21',NULL),(47,6834,40719,23,770,1,0.00000,0.00000,1,1,'2022-05-13 16:39:33','2022-05-13 16:39:33',NULL);

--
-- Table structure for table `person_zones`
--

CREATE TABLE `person_zones` (
  `id` int(10) unsigned NOT NULL AUTO_INCREMENT,
  `user_id` int(10) unsigned DEFAULT NULL,
  `sifere_coef` decimal(8,4) NOT NULL DEFAULT '0.0000',
  `iibb_aliquot` decimal(8,4) NOT NULL DEFAULT '0.0000',
  `zone_id` int(10) unsigned NOT NULL,
  `is_principal` tinyint(1) NOT NULL DEFAULT '0',
  `iibb_perception_id` int(10) unsigned DEFAULT NULL,
  `retention_id` int(10) unsigned DEFAULT NULL,
  `activity_id` int(10) unsigned DEFAULT NULL,
  `created_at` timestamp NULL DEFAULT NULL,
  `updated_at` timestamp NULL DEFAULT NULL,
  `person_id` int(10) unsigned NOT NULL,
  `deleted_at` timestamp NULL DEFAULT NULL,
  PRIMARY KEY (`id`),
  KEY `person_zones_zone_id_foreign` (`zone_id`),
  KEY `person_zones_person_id_foreign` (`person_id`),
  CONSTRAINT `person_zones_person_id_foreign` FOREIGN KEY (`person_id`) REFERENCES `persons` (`id`),
  CONSTRAINT `person_zones_zone_id_foreign` FOREIGN KEY (`zone_id`) REFERENCES `zones` (`id`)
) ENGINE=InnoDB AUTO_INCREMENT=28 DEFAULT CHARSET=utf8mb4 COLLATE=utf8mb4_unicode_ci;

--
-- Dumping data for table `person_zones`
--

INSERT INTO `person_zones` VALUES (4,6834,0.0000,0.0000,23,1,NULL,NULL,NULL,'2022-03-22 16:07:00','2022-03-22 16:07:00',40723,NULL),(21,6834,0.0000,0.0000,23,1,NULL,NULL,NULL,'2022-03-23 16:01:56','2022-03-23 16:01:56',40720,NULL),(22,6834,0.0000,0.0000,22,0,NULL,NULL,NULL,'2022-03-23 16:01:56','2022-03-23 16:01:56',40720,NULL),(26,6834,0.0000,0.0000,23,1,NULL,NULL,NULL,'2022-03-31 00:08:21','2022-03-31 00:08:21',40741,NULL),(27,6834,0.0000,0.0000,23,1,NULL,NULL,NULL,'2022-05-13 16:39:33','2022-05-13 16:39:33',40719,NULL);

--
-- Table structure for table `persons`
--

CREATE TABLE `persons` (
  `id` int(10) unsigned NOT NULL AUTO_INCREMENT,
  `user_id` int(10) unsigned DEFAULT NULL,
  `field_name1` varchar(255) COLLATE utf8mb4_unicode_ci NOT NULL,
  `field_name2` varchar(255) COLLATE utf8mb4_unicode_ci DEFAULT NULL,
  `document_type` varchar(10) COLLATE utf8mb4_unicode_ci NOT NULL,
  `document` varchar(30) COLLATE utf8mb4_unicode_ci NOT NULL,
  `cond_frente_al_iva_id` int(10) unsigned DEFAULT NULL,
  `country_id` int(10) unsigned DEFAULT NULL,
  `state_id` int(10) unsigned DEFAULT NULL,
  `zone_id` int(10) unsigned DEFAULT NULL,
  `plan_cuenta_id` int(10) unsigned DEFAULT NULL,
  `iva_creditos_tipo_id` int(10) unsigned DEFAULT NULL,
  `created_at` timestamp NULL DEFAULT NULL,
  `updated_at` timestamp NULL DEFAULT NULL,
  `activity_id` int(10) unsigned DEFAULT NULL,
  `address` varchar(500) COLLATE utf8mb4_unicode_ci DEFAULT NULL,
  `person_type_id` int(10) unsigned DEFAULT NULL,
  `fa_iva_condition_id` int(10) unsigned DEFAULT NULL,
  `fa_codigo_postal` varchar(180) COLLATE utf8mb4_unicode_ci DEFAULT NULL,
  `email` varchar(180) COLLATE utf8mb4_unicode_ci DEFAULT NULL,
  `deleted_at` timestamp NULL DEFAULT NULL,
  PRIMARY KEY (`id`),
  UNIQUE KEY `document_UNIQUE` (`document`),
  KEY `persons_zone_id_foreign` (`zone_id`),
  KEY `persons_person_type_id_foreign` (`person_type_id`),
  KEY `persons_plan_cuenta_id_foreign` (`plan_cuenta_id`),
  KEY `persons_iva_creditos_tipo_id_foreign` (`iva_creditos_tipo_id`),
  KEY `persons_cond_frente_al_iva_id_foreign` (`cond_frente_al_iva_id`),
  CONSTRAINT `persons_cond_frente_al_iva_id_foreign` FOREIGN KEY (`cond_frente_al_iva_id`) REFERENCES `condicion_frente_al_iva` (`id`),
  CONSTRAINT `persons_iva_creditos_tipo_id_foreign` FOREIGN KEY (`iva_creditos_tipo_id`) REFERENCES `iva_creditos_tipos` (`id`),
  CONSTRAINT `persons_person_type_id_foreign` FOREIGN KEY (`person_type_id`) REFERENCES `person_types` (`id`),
  CONSTRAINT `persons_plan_cuenta_id_foreign` FOREIGN KEY (`plan_cuenta_id`) REFERENCES `conta_plan_cuenta` (`id`),
  CONSTRAINT `persons_zone_id_foreign` FOREIGN KEY (`zone_id`) REFERENCES `zones` (`id`)
) ENGINE=InnoDB AUTO_INCREMENT=40800 DEFAULT CHARSET=utf8mb4 COLLATE=utf8mb4_unicode_ci;

--
-- Dumping data for table `persons`
--

INSERT INTO `persons` VALUES (3,NULL,'Larzabal Hernan',NULL,'cuit','20-28468190-9',NULL,NULL,22,22,NULL,NULL,'2018-05-12 20:55:07','2018-05-14 01:54:15',1,NULL,1,NULL,NULL,NULL,NULL),(40717,NULL,'Taxes Software',NULL,'cuit','30-71625124-8',NULL,NULL,22,22,NULL,NULL,NULL,NULL,NULL,NULL,2,NULL,NULL,NULL,NULL),(40718,NULL,'Consumidor Final',NULL,'cuit','20-11111111-2',NULL,NULL,22,22,NULL,NULL,NULL,NULL,NULL,NULL,NULL,NULL,NULL,NULL,NULL),(40719,6834,'Hegel Nicolas',NULL,'cuit','20-35798081-0',NULL,NULL,NULL,NULL,NULL,NULL,'2022-03-20 20:23:31','2022-05-13 16:39:33',NULL,NULL,1,NULL,NULL,NULL,NULL),(40720,6834,'ROMINA FERNANDEZ SA',NULL,'cuit','27-34377377-9',NULL,NULL,NULL,NULL,NULL,NULL,'2022-03-21 18:18:48','2022-03-21 18:18:48',NULL,NULL,2,NULL,NULL,NULL,NULL),(40721,6834,'Municipalidad Villarino',NULL,'cuit','30-99900650-3',1,NULL,23,23,13,3,'2022-03-22 15:29:40','2022-03-22 15:29:40',NULL,NULL,2,NULL,NULL,NULL,NULL),(40722,6834,'MAINETE JAVIER ALBERTO',NULL,'cuit','20-18173447-8',1,NULL,13,13,57,3,'2022-03-22 15:41:08','2022-03-22 15:41:08',NULL,'FLORES DEL CAMPO 536 Piso:1&#186;',1,NULL,NULL,NULL,NULL),(40723,6834,'SANDRO HEGEL',NULL,'cuit','20-17941165-3',NULL,NULL,NULL,NULL,NULL,NULL,'2022-03-22 16:04:40','2022-03-22 16:04:40',NULL,NULL,1,NULL,NULL,NULL,NULL),(40736,6834,'COOP DARIO SANTILLAN',NULL,'cuit','30-71091091-6',NULL,NULL,NULL,NULL,NULL,NULL,'2022-03-23 11:04:20','2022-03-23 11:04:20',NULL,NULL,NULL,NULL,NULL,NULL,NULL),(40737,6834,'Ejemplo 2',NULL,'cuit','99-99999999-9',NULL,NULL,NULL,NULL,NULL,NULL,'2022-03-23 11:04:20','2022-03-23 11:04:20',NULL,NULL,NULL,NULL,NULL,NULL,NULL),(40738,6834,'Ejemplo 3',NULL,'dni','28468190',NULL,NULL,NULL,NULL,NULL,NULL,'2022-03-23 11:04:20','2022-03-23 11:04:20',NULL,NULL,NULL,NULL,NULL,NULL,NULL),(40739,6834,'Ejemplo 7',NULL,'dni','28468191',NULL,NULL,NULL,NULL,NULL,NULL,'2022-03-23 11:04:20','2022-03-23 11:04:20',NULL,NULL,NULL,NULL,NULL,NULL,NULL),(40740,6834,'OSDE',NULL,'cuit','30-54674125-3',NULL,NULL,NULL,NULL,NULL,NULL,'2022-03-23 16:12:31','2022-03-23 16:12:31',NULL,NULL,NULL,NULL,NULL,NULL,NULL),(40741,6834,'MARIANO FERNANDEZ',NULL,'cuit','23-27332036-9',NULL,NULL,NULL,NULL,NULL,NULL,'2022-03-30 18:47:36','2022-03-30 18:47:36',NULL,NULL,1,NULL,NULL,NULL,NULL),(40742,6834,'DM INTERMEDIACION Y LOGISTICA SA',NULL,'cuit','33-70854998-9',1,NULL,23,23,NULL,3,'2022-03-30 18:57:49','2022-03-30 18:57:49',NULL,'INGENIERO HUERCO 1289',2,NULL,NULL,NULL,NULL),(40743,6834,'COOPERATIVA PROV CONS CRED PARA TRANSP AUTOMOTOR',NULL,'cuit','30-53034113-1',NULL,NULL,NULL,NULL,NULL,NULL,'2022-03-30 19:05:57','2022-03-30 19:05:57',NULL,NULL,NULL,NULL,NULL,NULL,NULL),(40744,6834,'FLET CAR SOC DE RESPONSABILIDAD LIMITADA',NULL,'cuit','30-68809867-6',NULL,NULL,NULL,NULL,NULL,NULL,'2022-03-30 19:05:57','2022-03-30 19:05:57',NULL,NULL,NULL,NULL,NULL,NULL,NULL),(40745,6834,'EL TRIANGULO DE DAIREAUX SOCIEDAD DE RESPONSABILIDAD LIMITADA',NULL,'cuit','30-71439585-4',NULL,NULL,NULL,NULL,NULL,NULL,'2022-03-30 19:05:57','2022-03-30 19:05:57',NULL,NULL,NULL,NULL,NULL,NULL,NULL),(40746,6834,'STEINBOCK ANDRES SEBASTIAN',NULL,'cuit','20-31298447-5',NULL,NULL,NULL,NULL,NULL,NULL,'2022-03-30 19:07:52','2022-03-30 19:07:52',NULL,NULL,NULL,NULL,NULL,NULL,NULL),(40747,6834,'DINDART HERNAN',NULL,'cuit','20-18002529-5',NULL,NULL,NULL,NULL,NULL,NULL,'2022-03-30 19:08:35','2022-03-30 19:08:35',NULL,NULL,NULL,NULL,NULL,NULL,NULL),(40748,6834,'MORRIS FERNANDO',NULL,'cuit','23-29851262-9',NULL,NULL,NULL,NULL,NULL,NULL,'2022-03-30 19:08:35','2022-03-30 19:08:35',NULL,NULL,NULL,NULL,NULL,NULL,NULL),(40751,6834,'INTERMEDIACION Y LOGISTICA EL TRIANGULO S.A.',NULL,'cuit','30-71658660-6',NULL,NULL,NULL,NULL,NULL,NULL,'2022-03-30 19:10:57','2022-03-30 19:10:57',NULL,NULL,NULL,NULL,NULL,NULL,NULL),(40752,6834,'COOPERATIVA DE PROVISION DE SERVICIOS PARA TRANSPORTISTAS LA ROTONDA LTDA',NULL,'cuit','30-71510954-5',NULL,NULL,NULL,NULL,NULL,NULL,'2022-03-30 19:10:57','2022-03-30 19:10:57',NULL,NULL,NULL,NULL,NULL,NULL,NULL);
INSERT INTO `persons` VALUES (40753,6834,'PEDRO A LACAU  E HIJOS  S R L',NULL,'cuit','30-62379018-1',NULL,NULL,NULL,NULL,NULL,NULL,'2022-03-30 19:11:42','2022-03-30 19:11:42',NULL,NULL,NULL,NULL,NULL,NULL,NULL),(40754,6834,'PISANO CARLOS ALBERTO',NULL,'cuit','20-12002552-0',NULL,NULL,NULL,NULL,NULL,NULL,'2022-03-30 19:14:17','2022-03-30 19:14:17',NULL,NULL,NULL,NULL,NULL,NULL,NULL),(40755,6834,'COOPERATIVA AGRICOLA GANADERA LIMITADA DE PUAN',NULL,'cuit','33-52634956-9',NULL,NULL,NULL,NULL,NULL,NULL,'2022-03-30 19:14:17','2022-03-30 19:14:17',NULL,NULL,NULL,NULL,NULL,NULL,NULL),(40759,6834,'ESTABLECIMIENTO  DON ALEJO SA',NULL,'cuit','30-60858522-9',NULL,NULL,NULL,NULL,NULL,NULL,'2022-03-30 19:15:15','2022-03-30 19:15:15',NULL,NULL,NULL,NULL,NULL,NULL,NULL),(40760,6834,'COINGRA SA',NULL,'cuit','30-60588494-2',NULL,NULL,NULL,NULL,NULL,NULL,'2022-03-30 19:15:15','2022-03-30 19:15:15',NULL,NULL,NULL,NULL,NULL,NULL,NULL),(40761,6834,'KUTSCHERA OSCAR ALBERTO',NULL,'cuit','20-23686815-0',NULL,NULL,NULL,NULL,NULL,NULL,'2022-03-30 19:15:15','2022-03-30 19:15:15',NULL,NULL,NULL,NULL,NULL,NULL,NULL),(40762,6834,'TRANSPORTE LA DOBLE T S.R.L.',NULL,'cuit','30-71065988-1',NULL,NULL,NULL,NULL,NULL,NULL,'2022-03-30 19:15:55','2022-03-30 19:15:55',NULL,NULL,NULL,NULL,NULL,NULL,NULL),(40763,6834,'GONZALEZ LUCRECIA INES',NULL,'cuit','27-30951887-5',NULL,NULL,NULL,NULL,NULL,NULL,'2022-03-30 19:16:31','2022-03-30 19:16:31',NULL,NULL,NULL,NULL,NULL,NULL,NULL),(40764,6834,'DON MARIO SA',NULL,'cuit','30-69584783-8',NULL,NULL,NULL,NULL,NULL,NULL,'2022-03-30 19:16:31','2022-03-30 19:16:31',NULL,NULL,NULL,NULL,NULL,NULL,NULL),(40765,6834,'TRANSPORTADORA GEO S.R.L.',NULL,'cuit','30-71610152-1',NULL,NULL,NULL,NULL,NULL,NULL,'2022-03-30 19:17:48','2022-03-30 19:17:48',NULL,NULL,NULL,NULL,NULL,NULL,NULL),(40766,6834,'JAS SERVICIOS SUREÑOS S.A.',NULL,'cuit','33-71459802-9',NULL,NULL,NULL,NULL,NULL,NULL,'2022-03-30 19:18:23','2022-03-30 19:18:23',NULL,NULL,NULL,NULL,NULL,NULL,NULL),(40767,6834,'ILZ SERGIO FABIAN',NULL,'cuit','20-31143516-8',NULL,NULL,NULL,NULL,NULL,NULL,'2022-03-30 19:19:14','2022-03-30 19:19:14',NULL,NULL,NULL,NULL,NULL,NULL,NULL),(40768,6834,'INDUSTRIAS METALURGICAS STOESSEL SOCIEDAD ANONIMA',NULL,'cuit','30-71086763-8',NULL,NULL,NULL,NULL,NULL,NULL,'2022-03-30 19:19:14','2022-03-30 19:19:14',NULL,NULL,NULL,NULL,NULL,NULL,NULL),(40769,6834,'METALURGICA SAN MARTIN S.R.L',NULL,'cuit','30-71104346-9',NULL,NULL,NULL,NULL,NULL,NULL,'2022-03-30 19:19:14','2022-03-30 19:19:14',NULL,NULL,NULL,NULL,NULL,NULL,NULL),(40770,6834,'MONZA NEUMATICOS S.A.',NULL,'cuit','30-71245183-8',NULL,NULL,NULL,NULL,NULL,NULL,'2022-03-30 19:20:18','2022-03-30 19:20:18',NULL,NULL,NULL,NULL,NULL,NULL,NULL),(40771,6834,'QUINTANS ALICIA',NULL,'cuit','27-05921072-1',NULL,NULL,NULL,NULL,NULL,NULL,'2022-03-30 19:20:18','2022-03-30 19:20:18',NULL,NULL,NULL,NULL,NULL,NULL,NULL),(40772,6834,'GIAMBELLUCA RUBEN DANIEL',NULL,'cuit','20-16250278-7',NULL,NULL,NULL,NULL,NULL,NULL,'2022-03-30 19:22:19','2022-03-30 19:22:19',NULL,NULL,NULL,NULL,NULL,NULL,NULL),(40773,6834,'QUINTANA RAFAEL',NULL,'cuit','20-05506570-6',NULL,NULL,NULL,NULL,NULL,NULL,'2022-03-30 19:22:19','2022-03-30 19:22:19',NULL,NULL,NULL,NULL,NULL,NULL,NULL),(40774,6834,'SERMAT S A',NULL,'cuit','30-50497065-1',NULL,NULL,NULL,NULL,NULL,NULL,'2022-03-30 19:22:19','2022-03-30 19:22:19',NULL,NULL,NULL,NULL,NULL,NULL,NULL),(40775,6834,'RAMOS JAVIER',NULL,'cuit','20-21873575-5',NULL,NULL,NULL,NULL,NULL,NULL,'2022-03-30 19:22:19','2022-03-30 19:22:19',NULL,NULL,NULL,NULL,NULL,NULL,NULL),(40776,6834,'CARROCERIAS EL TERO S.A.',NULL,'cuit','30-70786593-4',NULL,NULL,NULL,NULL,NULL,NULL,'2022-03-30 19:35:41','2022-03-30 19:35:41',NULL,NULL,NULL,NULL,NULL,NULL,NULL),(40777,6834,'CELENDANO REPUESTOS S.A.',NULL,'cuit','33-71233436-9',NULL,NULL,NULL,NULL,NULL,NULL,'2022-03-30 19:35:41','2022-03-30 19:35:41',NULL,NULL,NULL,NULL,NULL,NULL,NULL);
INSERT INTO `persons` VALUES (40778,6834,'LEPORATI Y COMPAÑIA SOCIEDAD ANONIMA',NULL,'cuit','30-50819887-2',NULL,NULL,NULL,NULL,NULL,NULL,'2022-03-30 23:12:07','2022-03-30 23:12:07',NULL,NULL,NULL,NULL,NULL,NULL,NULL),(40779,6834,'CAMARA  DE GRABADORES DE AUTOPARTES DE VEHICULOS AUTOMOTORES Y MOTOVEHICULOS',NULL,'cuit','30-71057330-8',NULL,NULL,NULL,NULL,NULL,NULL,'2022-03-30 23:12:07','2022-03-30 23:12:07',NULL,NULL,NULL,NULL,NULL,NULL,NULL),(40780,6834,'CENOZ SANDRA INES',NULL,'cuit','27-18129000-0',NULL,NULL,NULL,NULL,NULL,NULL,'2022-03-30 23:12:07','2022-03-30 23:12:07',NULL,NULL,NULL,NULL,NULL,NULL,NULL),(40781,6834,'LUCAIOLI GUSTAVO PEDRO',NULL,'cuit','23-13227528-9',NULL,NULL,NULL,NULL,NULL,NULL,'2022-03-30 23:12:07','2022-03-30 23:12:07',NULL,NULL,NULL,NULL,NULL,NULL,NULL),(40782,6834,'VULCAMOIA MAR DEL PLATA S A',NULL,'cuit','33-69257900-9',NULL,NULL,NULL,NULL,NULL,NULL,'2022-03-30 23:13:11','2022-03-30 23:13:11',NULL,NULL,NULL,NULL,NULL,NULL,NULL),(40785,6834,'BABAGUI SAC',NULL,'cuit','30-51736356-8',NULL,NULL,NULL,NULL,NULL,NULL,'2022-03-30 23:14:52','2022-03-30 23:14:52',NULL,NULL,NULL,NULL,NULL,NULL,NULL),(40786,6834,'CONFEDERACION ARGENTINA DEL TRANSPORTE AUTOMOTOR DE CARGAS',NULL,'cuit','30-51690142-6',NULL,NULL,NULL,NULL,NULL,NULL,'2022-03-30 23:14:52','2022-03-30 23:14:52',NULL,NULL,NULL,NULL,NULL,NULL,NULL),(40787,6834,'MENDEZ SERGIO ARIEL',NULL,'cuit','20-24531568-7',NULL,NULL,NULL,NULL,NULL,NULL,'2022-03-30 23:15:35','2022-03-30 23:15:35',NULL,NULL,NULL,NULL,NULL,NULL,NULL),(40788,6834,'ALFA RODAMIENTOS SRL',NULL,'cuit','30-71509602-8',NULL,NULL,NULL,NULL,NULL,NULL,'2022-03-30 23:16:49','2022-03-30 23:16:49',NULL,NULL,NULL,NULL,NULL,NULL,NULL),(40789,6834,'ANTONELLI  Y MILIAN SOCIEDAD ANONIMA',NULL,'cuit','30-54818620-6',NULL,NULL,NULL,NULL,NULL,NULL,'2022-03-30 23:17:32','2022-03-30 23:17:32',NULL,NULL,NULL,NULL,NULL,NULL,NULL),(40790,6834,'CODIMAT SA',NULL,'cuit','30-54088935-6',NULL,NULL,NULL,NULL,NULL,NULL,'2022-03-30 23:17:32','2022-03-30 23:17:32',NULL,NULL,NULL,NULL,NULL,NULL,NULL),(40791,6834,'LARTIRIGOYEN Y CIA S A',NULL,'cuit','30-61398599-5',NULL,NULL,NULL,NULL,NULL,NULL,'2022-03-30 23:18:53','2022-03-30 23:18:53',NULL,NULL,NULL,NULL,NULL,NULL,NULL),(40792,6834,'IVITOP S.A.S.',NULL,'cuit','30-71618203-3',NULL,NULL,NULL,NULL,NULL,NULL,'2022-03-30 23:18:53','2022-03-30 23:18:53',NULL,NULL,NULL,NULL,NULL,NULL,NULL),(40793,6834,'PARABRISAS ZACCARA S A',NULL,'cuit','30-62806123-4',NULL,NULL,NULL,NULL,NULL,NULL,'2022-03-30 23:18:53','2022-03-30 23:18:53',NULL,NULL,NULL,NULL,NULL,NULL,NULL),(40794,6834,'TRANSPORTES C.R.B. S.R.L.',NULL,'cuit','30-70857535-2',1,NULL,8,8,NULL,NULL,'2022-03-31 00:12:49','2022-03-31 00:12:49',NULL,'AV VIALE 515',2,NULL,NULL,NULL,NULL),(40795,6834,'TRANSPORTE Y LOGISTICA S A',NULL,'cuit','30-68811055-2',1,NULL,23,23,NULL,NULL,'2022-03-31 00:13:46','2022-03-31 00:13:46',NULL,'VICENTE LOPEZ 167',2,NULL,NULL,NULL,NULL),(40796,6834,'RODOVIA SA',NULL,'cuit','30-70770720-4',1,NULL,23,23,NULL,NULL,'2022-03-31 00:14:05','2022-03-31 00:14:05',NULL,'RUTA 3 SUR KM 696.5 0',2,NULL,NULL,NULL,NULL),(40797,6834,'RACYAH SOCIEDAD ANONIMA',NULL,'cuit','30-70959353-2',1,NULL,23,23,NULL,NULL,'2022-03-31 00:39:19','2022-03-31 00:39:19',NULL,'BROWN 795',2,NULL,NULL,NULL,NULL),(40798,6834,'LAGO S A',NULL,'cuit','30-68118989-7',1,NULL,23,23,NULL,NULL,'2022-03-31 00:40:04','2022-03-31 00:40:04',NULL,'VIEYTES 844',2,NULL,NULL,NULL,NULL),(40799,6834,'SEGUROS BERNARDINO RIVADAVIA COOPERATIVA LIMITADA',NULL,'cuit','30-50005031-0',1,NULL,23,23,NULL,NULL,'2022-03-31 00:40:35','2022-03-31 00:40:35',NULL,'7 755',2,NULL,NULL,NULL,NULL);

--
-- Table structure for table `presupuesto_config`
--

CREATE TABLE `presupuesto_config` (
  `id` int(10) unsigned NOT NULL AUTO_INCREMENT,
  `user_id` int(10) unsigned DEFAULT NULL,
  `person_id` int(10) unsigned NOT NULL,
  `num_inicial` int(10) unsigned NOT NULL DEFAULT '0',
  `created_at` timestamp NULL DEFAULT NULL,
  `updated_at` timestamp NULL DEFAULT NULL,
  `deleted_at` timestamp NULL DEFAULT NULL,
  PRIMARY KEY (`id`),
  KEY `presupuesto_config_person_id_foreign` (`person_id`),
  CONSTRAINT `presupuesto_config_person_id_foreign` FOREIGN KEY (`person_id`) REFERENCES `persons` (`id`)
) ENGINE=InnoDB AUTO_INCREMENT=2 DEFAULT CHARSET=utf8mb4 COLLATE=utf8mb4_unicode_ci;

--
-- Dumping data for table `presupuesto_config`
--

INSERT INTO `presupuesto_config` VALUES (1,6834,40741,0,'2022-03-31 00:15:10','2022-03-31 00:15:10',NULL);

--
-- Table structure for table `presupuestos`
--

CREATE TABLE `presupuestos` (
  `id` int(10) unsigned NOT NULL AUTO_INCREMENT,
  `user_id` int(10) unsigned NOT NULL,
  `fecha` date NOT NULL DEFAULT '2019-12-23',
  `punto_venta_id` int(10) unsigned NOT NULL,
  `system_tax_id` int(10) unsigned NOT NULL DEFAULT '7',
  `numero` int(10) unsigned NOT NULL,
  `person_id` int(10) unsigned NOT NULL,
  `person_id_receptor` int(10) unsigned NOT NULL DEFAULT '3',
  `texto` longtext COLLATE utf8mb4_unicode_ci,
  `iva_si_no` tinyint(1) NOT NULL DEFAULT '0',
  `neto` decimal(16,2) NOT NULL DEFAULT '0.00',
  `iva` decimal(16,2) NOT NULL DEFAULT '0.00',
  `total` decimal(16,2) NOT NULL DEFAULT '0.00',
  `comentario` varchar(191) COLLATE utf8mb4_unicode_ci DEFAULT NULL,
  `created_at` timestamp NULL DEFAULT NULL,
  `updated_at` timestamp NULL DEFAULT NULL,
  `deleted_at` timestamp NULL DEFAULT NULL,
  PRIMARY KEY (`id`),
  KEY `presupuestos_punto_venta_id_foreign` (`punto_venta_id`),
  KEY `presupuestos_person_id_foreign` (`person_id`),
  KEY `presupuestos_person_id_receptor_foreign` (`person_id_receptor`),
  KEY `presupuestos_system_tax_id_foreign` (`system_tax_id`),
  CONSTRAINT `presupuestos_person_id_foreign` FOREIGN KEY (`person_id`) REFERENCES `persons` (`id`),
  CONSTRAINT `presupuestos_person_id_receptor_foreign` FOREIGN KEY (`person_id_receptor`) REFERENCES `persons` (`id`),
  CONSTRAINT `presupuestos_punto_venta_id_foreign` FOREIGN KEY (`punto_venta_id`) REFERENCES `fact_elec_puntos_venta` (`id`),
  CONSTRAINT `presupuestos_system_tax_id_foreign` FOREIGN KEY (`system_tax_id`) REFERENCES `system_taxes` (`id`)
) ENGINE=InnoDB DEFAULT CHARSET=utf8mb4 COLLATE=utf8mb4_unicode_ci;

--
-- Dumping data for table `presupuestos`
--


--
-- Table structure for table `querys`
--

CREATE TABLE `querys` (
  `id` bigint(20) unsigned NOT NULL AUTO_INCREMENT,
  `user_id` int(10) unsigned DEFAULT NULL,
  `descripcion` varchar(191) COLLATE utf8mb4_unicode_ci DEFAULT NULL,
  `habilitado` tinyint(1) NOT NULL DEFAULT '1',
  `created_at` timestamp NULL DEFAULT NULL,
  `updated_at` timestamp NULL DEFAULT NULL,
  `deleted_at` timestamp NULL DEFAULT NULL,
  PRIMARY KEY (`id`)
) ENGINE=InnoDB AUTO_INCREMENT=2 DEFAULT CHARSET=utf8mb4 COLLATE=utf8mb4_unicode_ci;

--
-- Dumping data for table `querys`
--

INSERT INTO `querys` VALUES (1,NULL,'Factura Electronica Masiva Productos',1,'2022-03-20 14:24:03','2022-03-20 14:24:03',NULL);

--
-- Table structure for table `querys_details`
--

CREATE TABLE `querys_details` (
  `id` bigint(20) unsigned NOT NULL AUTO_INCREMENT,
  `user_id` int(10) unsigned DEFAULT NULL,
  `person_id` int(10) unsigned DEFAULT NULL,
  `query_id` bigint(20) unsigned NOT NULL,
  `descripcion` longtext COLLATE utf8mb4_unicode_ci,
  `created_at` timestamp NULL DEFAULT NULL,
  `updated_at` timestamp NULL DEFAULT NULL,
  `deleted_at` timestamp NULL DEFAULT NULL,
  PRIMARY KEY (`id`),
  KEY `querys_details_query_id_foreign` (`query_id`),
  KEY `querys_details_person_id_foreign` (`person_id`),
  CONSTRAINT `querys_details_person_id_foreign` FOREIGN KEY (`person_id`) REFERENCES `persons` (`id`),
  CONSTRAINT `querys_details_query_id_foreign` FOREIGN KEY (`query_id`) REFERENCES `querys` (`id`)
) ENGINE=InnoDB DEFAULT CHARSET=utf8mb4 COLLATE=utf8mb4_unicode_ci;

--
-- Dumping data for table `querys_details`
--


--
-- Table structure for table `queue_proceso_resultado`
--

CREATE TABLE `queue_proceso_resultado` (
  `id` int(10) unsigned NOT NULL AUTO_INCREMENT,
  `user_id` int(10) unsigned DEFAULT NULL,
  `queue_proceso_id` int(10) unsigned DEFAULT NULL,
  `resultado` longtext COLLATE utf8mb4_unicode_ci,
  `created_at` timestamp NULL DEFAULT NULL,
  `updated_at` timestamp NULL DEFAULT NULL,
  `deleted_at` timestamp NULL DEFAULT NULL,
  PRIMARY KEY (`id`),
  KEY `queue_proceso_resultado_queue_proceso_id_foreign` (`queue_proceso_id`),
  CONSTRAINT `queue_proceso_resultado_queue_proceso_id_foreign` FOREIGN KEY (`queue_proceso_id`) REFERENCES `queue_procesos` (`id`)
) ENGINE=InnoDB DEFAULT CHARSET=utf8mb4 COLLATE=utf8mb4_unicode_ci;

--
-- Dumping data for table `queue_proceso_resultado`
--


--
-- Table structure for table `queue_procesos`
--

CREATE TABLE `queue_procesos` (
  `id` int(10) unsigned NOT NULL AUTO_INCREMENT,
  `user_id` int(10) unsigned DEFAULT NULL,
  `descripcion` text COLLATE utf8mb4_unicode_ci NOT NULL,
  `created_at` timestamp NULL DEFAULT NULL,
  `updated_at` timestamp NULL DEFAULT NULL,
  `deleted_at` timestamp NULL DEFAULT NULL,
  PRIMARY KEY (`id`)
) ENGINE=InnoDB AUTO_INCREMENT=5 DEFAULT CHARSET=utf8mb4 COLLATE=utf8mb4_unicode_ci;

--
-- Dumping data for table `queue_procesos`
--

INSERT INTO `queue_procesos` VALUES (1,NULL,'Importar - Excel',NULL,NULL,NULL),(2,NULL,'Importar - Mis Comprobantes',NULL,NULL,NULL),(3,NULL,'Importar - Portal IVA','2022-03-20 14:24:04','2022-03-20 14:24:04',NULL),(4,NULL,'Importar - Archivos PEM F8011','2022-07-10 23:05:55','2022-07-10 23:05:55',NULL);

--
-- Table structure for table `receipt_taxes`
--

CREATE TABLE `receipt_taxes` (
  `id` int(10) unsigned NOT NULL AUTO_INCREMENT,
  `user_id` int(10) unsigned DEFAULT NULL,
  `receipt_id` int(10) unsigned NOT NULL,
  `tax_id` int(10) unsigned DEFAULT NULL,
  `amount` decimal(16,2) NOT NULL,
  `tax_amount` decimal(16,2) NOT NULL DEFAULT '0.00',
  `taxable_iibb` int(11) NOT NULL DEFAULT '0',
  `iva_iibb` int(11) NOT NULL DEFAULT '0',
  `created_at` timestamp NULL DEFAULT NULL,
  `updated_at` timestamp NULL DEFAULT NULL,
  `deleted_at` timestamp NULL DEFAULT NULL,
  PRIMARY KEY (`id`),
  KEY `receipt_taxes_receipt_id_foreign` (`receipt_id`),
  CONSTRAINT `receipt_taxes_receipt_id_foreign` FOREIGN KEY (`receipt_id`) REFERENCES `receipts` (`id`)
) ENGINE=InnoDB AUTO_INCREMENT=262 DEFAULT CHARSET=utf8mb4 COLLATE=utf8mb4_unicode_ci;

--
-- Dumping data for table `receipt_taxes`
--

INSERT INTO `receipt_taxes` VALUES (52,6834,53,7,5400.00,0.00,2,1,'2022-03-23 15:45:15','2022-03-23 15:45:15',NULL),(53,6834,54,7,5220.00,0.00,2,1,'2022-03-23 15:45:16','2022-03-23 15:45:16',NULL),(54,6834,55,7,10030.00,0.00,2,1,'2022-03-23 15:45:16','2022-03-23 15:45:16',NULL),(55,6834,56,7,8850.00,0.00,2,1,'2022-03-23 15:45:16','2022-03-23 15:45:16',NULL),(56,6834,57,7,11880.00,0.00,2,1,'2022-03-23 15:45:16','2022-03-23 15:45:16',NULL),(57,6834,58,7,11160.00,0.00,2,1,'2022-03-23 15:45:16','2022-03-23 15:45:16',NULL),(58,6834,59,7,6600.00,0.00,2,1,'2022-03-23 15:45:16','2022-03-23 15:45:16',NULL),(97,6834,90,2,100.00,21.00,2,1,'2022-03-23 16:18:48','2022-03-23 16:18:48',NULL),(98,6834,91,2,100.00,21.00,2,1,'2022-03-23 16:18:48','2022-03-23 16:18:48',NULL),(99,6834,92,2,200.00,42.00,2,1,'2022-03-23 16:18:48','2022-03-23 16:18:48',NULL),(100,6834,93,2,100.00,21.00,2,1,'2022-03-23 16:18:48','2022-03-23 16:18:48',NULL),(101,6834,94,2,200.00,42.00,2,1,'2022-03-23 16:18:48','2022-03-23 16:18:48',NULL),(102,6834,95,2,100.00,21.00,2,1,'2022-03-23 16:18:48','2022-03-23 16:18:48',NULL),(103,6834,98,2,22741.55,4775.73,2,1,'2022-03-30 19:05:57','2022-03-30 19:05:57',NULL),(104,6834,99,2,5284.80,1109.81,2,1,'2022-03-30 19:05:57','2022-03-30 19:05:57',NULL),(105,6834,100,2,11753.10,2468.15,2,1,'2022-03-30 19:05:57','2022-03-30 19:05:57',NULL),(106,6834,101,2,11599.20,2435.83,2,1,'2022-03-30 19:05:57','2022-03-30 19:05:57',NULL),(107,6834,102,2,43378.60,9109.51,2,1,'2022-03-30 19:05:57','2022-03-30 19:05:57',NULL),(108,6834,103,2,44228.44,9287.97,2,1,'2022-03-30 19:05:57','2022-03-30 19:05:57',NULL),(109,6834,104,2,78663.12,16519.26,2,1,'2022-03-30 19:05:57','2022-03-30 19:05:57',NULL),(110,6834,105,2,77782.84,16334.40,2,1,'2022-03-30 19:07:52','2022-03-30 19:07:52',NULL),(111,6834,106,2,21349.70,4483.44,2,1,'2022-03-30 19:07:52','2022-03-30 19:07:52',NULL),(112,6834,107,2,11960.30,2511.66,2,1,'2022-03-30 19:07:52','2022-03-30 19:07:52',NULL),(113,6834,108,2,19367.98,4067.28,2,1,'2022-03-30 19:08:35','2022-03-30 19:08:35',NULL),(114,6834,109,2,42168.00,8855.28,2,1,'2022-03-30 19:08:35','2022-03-30 19:08:35',NULL),(115,6834,110,2,28550.00,5995.50,2,1,'2022-03-30 19:08:35','2022-03-30 19:08:35',NULL),(116,6834,111,2,26232.50,5508.83,2,1,'2022-03-30 19:08:35','2022-03-30 19:08:35',NULL),(117,6834,112,2,32665.71,6859.80,2,1,'2022-03-30 19:10:57','2022-03-30 19:10:57',NULL),(118,6834,113,2,19064.50,4003.54,2,1,'2022-03-30 19:10:57','2022-03-30 19:10:57',NULL),(119,6834,114,2,21915.00,4602.15,2,1,'2022-03-30 19:10:57','2022-03-30 19:10:57',NULL),(120,6834,115,2,93042.36,19538.90,2,1,'2022-03-30 19:10:57','2022-03-30 19:10:57',NULL),(121,6834,116,2,20706.00,4348.26,2,1,'2022-03-30 19:11:42','2022-03-30 19:11:42',NULL),(122,6834,117,2,46319.74,9727.15,2,1,'2022-03-30 19:11:42','2022-03-30 19:11:42',NULL),(123,6834,118,2,33330.00,6999.30,2,1,'2022-03-30 19:11:42','2022-03-30 19:11:42',NULL),(124,6834,119,2,24461.21,5136.85,2,1,'2022-03-30 19:11:42','2022-03-30 19:11:42',NULL),(125,6834,120,2,57988.21,12177.52,2,1,'2022-03-30 19:14:17','2022-03-30 19:14:17',NULL),(126,6834,121,2,110258.71,23154.33,2,1,'2022-03-30 19:14:17','2022-03-30 19:14:17',NULL),(127,6834,122,2,61960.55,13011.72,2,1,'2022-03-30 19:14:17','2022-03-30 19:14:17',NULL),(128,6834,123,2,26255.00,5513.55,2,1,'2022-03-30 19:14:17','2022-03-30 19:14:17',NULL),(129,6834,124,2,29222.00,6136.62,2,1,'2022-03-30 19:15:15','2022-03-30 19:15:15',NULL),(130,6834,125,2,87912.35,18461.59,2,1,'2022-03-30 19:15:15','2022-03-30 19:15:15',NULL),(131,6834,126,2,5484.00,1151.64,2,1,'2022-03-30 19:15:15','2022-03-30 19:15:15',NULL),(132,6834,127,2,108987.05,22887.28,2,1,'2022-03-30 19:15:15','2022-03-30 19:15:15',NULL),(133,6834,128,2,32261.87,6774.99,2,1,'2022-03-30 19:15:15','2022-03-30 19:15:15',NULL),(134,6834,129,2,58781.68,12344.15,2,1,'2022-03-30 19:15:15','2022-03-30 19:15:15',NULL),(135,6834,130,2,23175.44,4866.84,2,1,'2022-03-30 19:15:55','2022-03-30 19:15:55',NULL);
INSERT INTO `receipt_taxes` VALUES (136,6834,131,2,48754.75,10238.49,2,1,'2022-03-30 19:15:55','2022-03-30 19:15:55',NULL),(137,6834,132,2,30567.90,6419.26,2,1,'2022-03-30 19:15:55','2022-03-30 19:15:55',NULL),(138,6834,133,2,18092.60,3799.45,2,1,'2022-03-30 19:15:55','2022-03-30 19:15:55',NULL),(139,6834,134,2,56874.08,11943.56,2,1,'2022-03-30 19:15:55','2022-03-30 19:15:55',NULL),(140,6834,135,2,50280.00,10558.80,2,1,'2022-03-30 19:16:31','2022-03-30 19:16:31',NULL),(141,6834,136,2,48638.21,10214.02,2,1,'2022-03-30 19:16:31','2022-03-30 19:16:31',NULL),(142,6834,137,2,69712.45,14639.61,2,1,'2022-03-30 19:16:31','2022-03-30 19:16:31',NULL),(143,6834,138,2,30798.00,6467.58,2,1,'2022-03-30 19:16:31','2022-03-30 19:16:31',NULL),(144,6834,139,2,47845.25,10047.50,2,1,'2022-03-30 19:16:31','2022-03-30 19:16:31',NULL),(145,6834,140,2,39664.20,8329.48,2,1,'2022-03-30 19:16:31','2022-03-30 19:16:31',NULL),(146,6834,141,2,18451.75,3874.87,2,1,'2022-03-30 19:16:31','2022-03-30 19:16:31',NULL),(147,6834,142,2,19396.62,4073.29,2,1,'2022-03-30 19:16:31','2022-03-30 19:16:31',NULL),(148,6834,143,2,44410.00,9326.10,2,1,'2022-03-30 19:17:16','2022-03-30 19:17:16',NULL),(149,6834,144,2,24202.46,5082.52,2,1,'2022-03-30 19:17:16','2022-03-30 19:17:16',NULL),(150,6834,145,2,34974.21,7344.58,2,1,'2022-03-30 19:17:16','2022-03-30 19:17:16',NULL),(151,6834,146,2,30532.50,6411.82,2,1,'2022-03-30 19:17:16','2022-03-30 19:17:16',NULL),(152,6834,147,2,78968.80,16583.45,2,1,'2022-03-30 19:17:48','2022-03-30 19:17:48',NULL),(153,6834,148,2,25784.00,5414.64,2,1,'2022-03-30 19:17:48','2022-03-30 19:17:48',NULL),(154,6834,149,2,14493.60,3043.66,2,1,'2022-03-30 19:17:48','2022-03-30 19:17:48',NULL),(155,6834,150,2,15442.80,3242.99,2,1,'2022-03-30 19:17:48','2022-03-30 19:17:48',NULL),(156,6834,151,2,46233.60,9709.06,2,1,'2022-03-30 19:17:48','2022-03-30 19:17:48',NULL),(157,6834,152,2,46233.60,9709.06,2,1,'2022-03-30 19:17:48','2022-03-30 19:17:48',NULL),(158,6834,153,2,20252.96,4253.12,2,1,'2022-03-30 19:17:48','2022-03-30 19:17:48',NULL),(159,6834,154,2,46233.60,9709.06,2,1,'2022-03-30 19:17:48','2022-03-30 19:17:48',NULL),(160,6834,155,2,16000.00,3360.00,2,1,'2022-03-30 19:17:48','2022-03-30 19:17:48',NULL),(161,6834,156,2,78806.00,16549.26,2,1,'2022-03-30 19:17:48','2022-03-30 19:17:48',NULL),(162,6834,157,2,73752.00,15487.92,2,1,'2022-03-30 19:18:23','2022-03-30 19:18:23',NULL),(163,6834,158,2,44325.00,9308.25,2,1,'2022-03-30 19:18:23','2022-03-30 19:18:23',NULL),(164,6834,159,2,78806.00,16549.26,2,1,'2022-03-30 19:18:23','2022-03-30 19:18:23',NULL),(165,6834,160,2,73752.00,15487.92,2,1,'2022-03-30 19:18:23','2022-03-30 19:18:23',NULL),(166,6834,161,2,78806.00,16549.26,2,1,'2022-03-30 19:18:23','2022-03-30 19:18:23',NULL),(167,6834,162,2,73668.00,15470.28,2,1,'2022-03-30 19:18:23','2022-03-30 19:18:23',NULL),(168,6834,163,2,27523.20,5779.87,2,1,'2022-03-30 19:18:23','2022-03-30 19:18:23',NULL),(169,6834,164,2,1386.00,291.06,2,1,'2022-03-30 19:18:23','2022-03-30 19:18:23',NULL),(170,6834,165,2,59445.00,12483.45,2,1,'2022-03-30 19:18:23','2022-03-30 19:18:23',NULL),(171,6834,166,2,75180.00,15787.80,2,1,'2022-03-30 19:18:23','2022-03-30 19:18:23',NULL),(172,6834,167,2,61414.87,12897.12,2,1,'2022-03-30 19:18:23','2022-03-30 19:18:23',NULL),(173,6834,168,2,75972.00,15954.12,2,1,'2022-03-30 19:18:23','2022-03-30 19:18:23',NULL),(174,6834,169,2,26550.00,5575.50,2,1,'2022-03-30 19:18:23','2022-03-30 19:18:23',NULL),(175,6834,170,2,3580.00,751.80,2,1,'2022-03-30 19:18:24','2022-03-30 19:18:24',NULL),(176,6834,171,7,780.00,0.00,2,1,'2022-03-30 19:19:14','2022-03-30 19:19:14',NULL),(177,6834,172,2,2274.16,477.57,2,1,'2022-03-30 19:19:14','2022-03-30 19:19:14',NULL),(178,6834,173,2,52066.12,10933.89,2,1,'2022-03-30 19:19:14','2022-03-30 19:19:14',NULL),(179,6834,174,2,5670.00,1190.70,2,1,'2022-03-30 19:19:14','2022-03-30 19:19:14',NULL),(180,6834,175,2,1509.90,317.08,2,1,'2022-03-30 19:19:14','2022-03-30 19:19:14',NULL),(181,6834,176,2,8312.59,1745.64,2,1,'2022-03-30 19:20:18','2022-03-30 19:20:18',NULL);
INSERT INTO `receipt_taxes` VALUES (182,6834,177,2,26801.65,5628.35,2,1,'2022-03-30 19:20:18','2022-03-30 19:20:18',NULL),(183,6834,177,7,804.05,0.00,2,1,'2022-03-30 19:20:18','2022-03-30 19:20:18',NULL),(184,6834,178,7,12500.00,0.00,2,1,'2022-03-30 19:20:18','2022-03-30 19:20:18',NULL),(185,6834,179,2,370.18,77.74,2,1,'2022-03-30 19:22:19','2022-03-30 19:22:19',NULL),(186,6834,179,7,11.11,0.00,2,1,'2022-03-30 19:22:19','2022-03-30 19:22:19',NULL),(187,6834,180,2,206.61,43.39,2,1,'2022-03-30 19:22:19','2022-03-30 19:22:19',NULL),(188,6834,181,2,15528.00,3260.88,2,1,'2022-03-30 19:22:19','2022-03-30 19:22:19',NULL),(189,6834,181,7,465.84,0.00,2,1,'2022-03-30 19:22:19','2022-03-30 19:22:19',NULL),(190,6834,182,2,219008.27,45991.74,2,1,'2022-03-30 19:22:19','2022-03-30 19:22:19',NULL),(191,6834,183,2,3398.19,713.62,2,1,'2022-03-30 19:35:41','2022-03-30 19:35:41',NULL),(192,6834,184,2,3398.19,713.62,2,1,'2022-03-30 19:35:41','2022-03-30 19:35:41',NULL),(193,6834,185,2,2575.87,540.93,2,1,'2022-03-30 19:35:41','2022-03-30 19:35:41',NULL),(194,6834,186,2,3638.11,764.00,2,1,'2022-03-30 19:35:41','2022-03-30 19:35:41',NULL),(195,6834,186,7,145.52,0.00,2,1,'2022-03-30 19:35:41','2022-03-30 19:35:41',NULL),(196,6834,187,2,7370.71,1547.85,2,1,'2022-03-30 19:35:41','2022-03-30 19:35:41',NULL),(197,6834,188,2,2340.26,491.45,2,1,'2022-03-30 19:35:41','2022-03-30 19:35:41',NULL),(198,6834,189,2,169.79,35.66,2,1,'2022-03-30 19:35:41','2022-03-30 19:35:41',NULL),(199,6834,190,2,3846.76,807.82,2,1,'2022-03-30 19:35:41','2022-03-30 19:35:41',NULL),(200,6834,190,7,886.60,0.00,2,1,'2022-03-30 19:35:41','2022-03-30 19:35:41',NULL),(201,6834,191,2,4652.12,976.95,2,1,'2022-03-30 23:12:07','2022-03-30 23:12:07',NULL),(202,6834,191,7,139.56,0.00,2,1,'2022-03-30 23:12:07','2022-03-30 23:12:07',NULL),(203,6834,192,2,32016.81,6723.53,2,1,'2022-03-30 23:12:07','2022-03-30 23:12:07',NULL),(204,6834,192,7,7884.03,0.00,2,1,'2022-03-30 23:12:07','2022-03-30 23:12:07',NULL),(205,6834,193,2,2219.36,466.07,2,1,'2022-03-30 23:12:07','2022-03-30 23:12:07',NULL),(206,6834,194,2,16009.44,3361.98,2,1,'2022-03-30 23:12:07','2022-03-30 23:12:07',NULL),(207,6834,194,7,588.53,0.00,2,1,'2022-03-30 23:12:07','2022-03-30 23:12:07',NULL),(208,6834,194,8,3608.24,0.00,2,1,'2022-03-30 23:12:07','2022-03-30 23:12:07',NULL),(209,6834,195,7,815.00,0.00,2,1,'2022-03-30 23:12:07','2022-03-30 23:12:07',NULL),(210,6834,196,2,5018.06,1053.79,2,1,'2022-03-30 23:12:07','2022-03-30 23:12:07',NULL),(211,6834,197,2,404.96,85.04,2,1,'2022-03-30 23:12:07','2022-03-30 23:12:07',NULL),(212,6834,198,2,1641.30,344.67,2,1,'2022-03-30 23:12:07','2022-03-30 23:12:07',NULL),(213,6834,199,2,16019.51,3364.10,2,1,'2022-03-30 23:13:11','2022-03-30 23:13:11',NULL),(214,6834,199,7,480.59,0.00,2,1,'2022-03-30 23:13:11','2022-03-30 23:13:11',NULL),(215,6834,199,8,3983.15,0.00,2,1,'2022-03-30 23:13:11','2022-03-30 23:13:11',NULL),(216,6834,200,2,6096.34,1280.23,2,1,'2022-03-30 23:13:11','2022-03-30 23:13:11',NULL),(217,6834,201,2,145785.13,30614.88,2,1,'2022-03-30 23:13:11','2022-03-30 23:13:11',NULL),(218,6834,201,7,4373.54,0.00,2,1,'2022-03-30 23:13:11','2022-03-30 23:13:11',NULL),(219,6834,202,2,7710.74,1619.26,2,1,'2022-03-30 23:14:52','2022-03-30 23:14:52',NULL),(220,6834,203,2,373890.98,78517.11,2,1,'2022-03-30 23:14:52','2022-03-30 23:14:52',NULL),(221,6834,204,2,196040.36,41168.48,2,1,'2022-03-30 23:14:52','2022-03-30 23:14:52',NULL),(222,6834,205,2,390.00,81.90,2,1,'2022-03-30 23:14:52','2022-03-30 23:14:52',NULL),(223,6834,206,2,712.25,149.57,2,1,'2022-03-30 23:14:52','2022-03-30 23:14:52',NULL),(224,6834,207,7,1998.00,0.00,2,1,'2022-03-30 23:14:52','2022-03-30 23:14:52',NULL),(225,6834,208,2,10898.70,2288.73,2,1,'2022-03-30 23:14:52','2022-03-30 23:14:52',NULL),(226,6834,209,2,13369.05,2807.50,2,1,'2022-03-30 23:14:52','2022-03-30 23:14:52',NULL),(227,6834,210,2,5878.16,1234.41,2,1,'2022-03-30 23:14:52','2022-03-30 23:14:52',NULL),(228,6834,211,2,24892.00,5227.32,2,1,'2022-03-30 23:15:35','2022-03-30 23:15:35',NULL);
INSERT INTO `receipt_taxes` VALUES (229,6834,212,2,25189.25,5289.74,2,1,'2022-03-30 23:15:35','2022-03-30 23:15:35',NULL),(230,6834,213,2,3778.39,793.46,2,1,'2022-03-30 23:15:35','2022-03-30 23:15:35',NULL),(231,6834,214,2,246.16,51.69,2,1,'2022-03-30 23:16:49','2022-03-30 23:16:49',NULL),(232,6834,214,7,7.38,0.00,2,1,'2022-03-30 23:16:49','2022-03-30 23:16:49',NULL),(233,6834,215,2,2569.01,539.49,2,1,'2022-03-30 23:16:49','2022-03-30 23:16:49',NULL),(234,6834,216,2,3966.42,832.95,2,1,'2022-03-30 23:16:49','2022-03-30 23:16:49',NULL),(235,6834,217,2,3966.42,832.95,2,1,'2022-03-30 23:17:32','2022-03-30 23:17:32',NULL),(236,6834,218,2,6809.11,1429.91,2,1,'2022-03-30 23:17:32','2022-03-30 23:17:32',NULL),(237,6834,218,7,204.27,0.00,2,1,'2022-03-30 23:17:32','2022-03-30 23:17:32',NULL),(238,6834,219,2,3601.93,756.40,2,1,'2022-03-30 23:17:32','2022-03-30 23:17:32',NULL),(239,6834,220,2,89247.30,18741.93,2,1,'2022-03-30 23:17:32','2022-03-30 23:17:32',NULL),(240,6834,221,2,89247.30,18741.93,2,1,'2022-03-30 23:17:32','2022-03-30 23:17:32',NULL),(241,6834,221,7,5354.84,0.00,2,1,'2022-03-30 23:17:32','2022-03-30 23:17:32',NULL),(242,6834,222,2,89247.30,18741.93,2,1,'2022-03-30 23:17:32','2022-03-30 23:17:32',NULL),(243,6834,222,7,5354.84,0.00,2,1,'2022-03-30 23:17:32','2022-03-30 23:17:32',NULL),(244,6834,223,2,31599.18,6635.83,2,1,'2022-03-30 23:17:32','2022-03-30 23:17:32',NULL),(245,6834,223,7,947.98,0.00,2,1,'2022-03-30 23:17:32','2022-03-30 23:17:32',NULL),(246,6834,224,2,12936.00,2716.56,2,1,'2022-03-30 23:18:53','2022-03-30 23:18:53',NULL),(247,6834,224,7,2718.03,0.00,2,1,'2022-03-30 23:18:53','2022-03-30 23:18:53',NULL),(248,6834,225,2,7520.00,1579.20,2,1,'2022-03-30 23:18:53','2022-03-30 23:18:53',NULL),(249,6834,225,7,2488.40,0.00,2,1,'2022-03-30 23:18:53','2022-03-30 23:18:53',NULL),(250,6834,226,2,7520.00,1579.20,2,1,'2022-03-30 23:18:53','2022-03-30 23:18:53',NULL),(251,6834,226,7,2488.40,0.00,2,1,'2022-03-30 23:18:53','2022-03-30 23:18:53',NULL),(252,6834,227,2,5359.50,1125.50,2,1,'2022-03-30 23:18:53','2022-03-30 23:18:53',NULL),(253,6834,228,2,3882.00,815.22,2,1,'2022-03-30 23:18:53','2022-03-30 23:18:53',NULL),(254,6834,229,2,14784.00,3104.64,2,1,'2022-03-30 23:18:53','2022-03-30 23:18:53',NULL),(255,6834,229,7,3106.32,0.00,2,1,'2022-03-30 23:18:53','2022-03-30 23:18:53',NULL),(256,6834,230,2,5359.20,1125.43,2,1,'2022-03-30 23:18:53','2022-03-30 23:18:53',NULL),(257,6834,230,7,1126.05,0.00,2,1,'2022-03-30 23:18:53','2022-03-30 23:18:53',NULL),(258,6834,231,1,2533.94,266.06,2,1,'2022-03-30 23:18:53','2022-03-30 23:18:53',NULL),(259,6834,232,2,5052.83,1061.09,2,1,'2022-03-30 23:18:53','2022-03-30 23:18:53',NULL),(260,6834,233,2,10578.51,2221.49,2,1,'2022-03-30 23:18:53','2022-03-30 23:18:53',NULL),(261,6834,234,2,5220.25,1096.25,2,1,'2022-03-30 23:18:53','2022-03-30 23:18:53',NULL);

--
-- Table structure for table `receipt_types`
--

CREATE TABLE `receipt_types` (
  `id` int(10) unsigned NOT NULL AUTO_INCREMENT,
  `user_id` int(10) unsigned DEFAULT NULL,
  `created_at` timestamp NULL DEFAULT NULL,
  `updated_at` timestamp NULL DEFAULT NULL,
  `name` varchar(255) COLLATE utf8mb4_unicode_ci NOT NULL,
  `code` varchar(255) COLLATE utf8mb4_unicode_ci DEFAULT NULL,
  `credit` int(11) DEFAULT '0',
  `agroup_iva_module` int(10) unsigned DEFAULT NULL,
  `sell_no_taxabled` int(11) DEFAULT '0',
  `buy_no_taxabled` int(11) DEFAULT '0',
  `iva_condition_id` int(11) DEFAULT NULL,
  `is_fce_pyme` tinyint(1) NOT NULL DEFAULT '0',
  `afip_comprobante_id` int(11) DEFAULT NULL,
  `tipo` varchar(255) COLLATE utf8mb4_unicode_ci DEFAULT NULL,
  `letra` varchar(255) COLLATE utf8mb4_unicode_ci DEFAULT NULL,
  `facta_electronica` int(10) unsigned NOT NULL DEFAULT '0',
  `is_stock_lpg` tinyint(1) NOT NULL DEFAULT '0',
  `show_from_total` tinyint(1) NOT NULL DEFAULT '0',
  `deleted_at` timestamp NULL DEFAULT NULL,
  PRIMARY KEY (`id`)
) ENGINE=InnoDB AUTO_INCREMENT=61 DEFAULT CHARSET=utf8mb4 COLLATE=utf8mb4_unicode_ci;

--
-- Dumping data for table `receipt_types`
--

INSERT INTO `receipt_types` VALUES (1,NULL,NULL,'2019-07-29 22:19:32','Factura A','1',0,1,0,0,2,0,1,'Factura','A',1,0,0,NULL),(2,NULL,NULL,'2019-07-29 22:19:32','Nota de débito A','2',0,1,0,0,2,0,2,'Nota de Débito','A',1,0,0,NULL),(3,NULL,NULL,'2019-07-29 22:19:32','Nota de crédito A','3',1,NULL,0,0,2,0,3,'Nota de Crédito','A',1,0,0,NULL),(4,NULL,NULL,'2022-03-20 14:23:51','Factura B','6',0,2,0,1,2,0,6,'Factura','B',1,0,1,NULL),(5,NULL,NULL,'2022-03-20 14:23:51','Nota de débito B','7',0,2,0,1,2,0,7,'Nota de Débito','B',1,0,1,NULL),(6,NULL,NULL,'2022-03-20 14:23:51','Nota de crédito B','8',1,NULL,0,1,2,0,8,'Nota de Crédito','B',1,0,1,NULL),(7,NULL,NULL,'2019-07-29 22:19:32','Factura C','11',0,0,1,1,1,0,11,'Factura','C',1,0,0,NULL),(8,NULL,NULL,'2019-07-29 22:19:32','Nota de débito C','12',0,0,1,1,1,0,12,'Nota de Débito','C',1,0,0,NULL),(9,NULL,NULL,'2019-07-29 22:19:32','Nota de crédito C','13',1,NULL,1,1,1,0,13,'Nota de Crédito','C',1,0,0,NULL),(10,NULL,NULL,NULL,'RECIBO A','4',0,1,0,0,2,0,4,'RECIBO','A',0,0,0,NULL),(11,NULL,NULL,'2022-03-20 14:23:51','RECIBO B','9',0,2,0,1,2,0,9,'RECIBO','B',0,0,1,NULL),(12,NULL,NULL,NULL,'RECIBO C','15',0,0,1,1,1,0,15,'RECIBO','C',0,0,0,NULL),(13,NULL,NULL,'2020-02-27 02:46:40','Factura E','19',0,0,1,0,2,0,19,'Factura','E',0,0,0,NULL),(14,NULL,NULL,'2020-02-27 02:46:40','Nota de débito E','20',0,0,1,0,2,0,20,'Nota de Débito','E',0,0,0,NULL),(15,NULL,NULL,'2020-02-27 02:46:40','Nota de Crédito E','21',1,NULL,1,0,2,0,21,'Nota de Crédito','E',0,0,0,NULL),(16,NULL,NULL,'2022-03-20 14:24:00','Factura M','51',0,1,0,0,2,0,51,'Factura','M',1,0,0,NULL),(17,NULL,NULL,'2020-02-27 02:46:40','Despacho de Importacion','66',0,NULL,0,0,0,0,66,NULL,NULL,0,0,0,NULL),(18,NULL,NULL,'2022-03-20 14:24:00','Nota de Credito M','53',1,NULL,0,0,2,0,53,'Nota de Crédito','M',1,0,0,NULL),(19,NULL,NULL,'2022-03-20 14:24:00','Nota de Debito M','52',1,1,0,0,2,0,52,'Nota de Débito','M',1,0,0,NULL),(20,NULL,NULL,NULL,'Recibo M','54',0,1,0,0,2,0,54,'RECIBO','M',0,0,0,NULL),(21,NULL,NULL,NULL,'Recibo E',NULL,1,0,1,0,2,0,NULL,'RECIBO','E',0,0,0,NULL),(22,NULL,'2019-05-14 21:22:16','2022-03-20 14:23:50','Liquidacion Primaria de Granos','33',0,1,0,0,2,0,33,'Liquidacion Primaria de Granos','A',0,1,0,NULL),(23,NULL,'2019-11-05 19:00:05','2019-11-05 19:00:05','FACTURA DE CRÉDITO ELECTRÓNICA MiPyMEs (FCE) A','201',0,1,0,0,2,1,201,'FACTURA DE CRÉDITO ELECTRÓNICA MiPyMEs (FCE)','A',1,0,0,NULL),(24,NULL,'2019-11-05 19:00:05','2019-11-05 19:00:05','NOTA DE DEBITO ELECTRÓNICA MiPyMEs (FCE) A','202',0,1,0,0,2,1,202,'NOTA DEBITO DE CRÉDITO ELECTRÓNICA MiPyMEs (FCE)','A',1,0,0,NULL),(25,NULL,'2019-11-05 19:00:05','2019-11-05 19:00:05','NOTA DE CREDITO ELECTRÓNICA MiPyMEs (FCE) A','203',1,NULL,0,0,2,1,203,'NOTA CREDITO DE CRÉDITO ELECTRÓNICA MiPyMEs (FCE)','A',1,0,0,NULL),(26,NULL,'2019-11-05 19:00:05','2022-03-20 14:23:51','FACTURA DE CRÉDITO ELECTRÓNICA MiPyMEs (FCE) B','206',0,2,0,1,2,1,206,'FACTURA DE CRÉDITO ELECTRÓNICA MiPyMEs (FCE)','B',1,0,1,NULL),(27,NULL,'2019-11-05 19:00:05','2022-03-20 14:23:51','NOTA DE DEBITO ELECTRÓNICA MiPyMEs (FCE) B','207',0,2,0,1,2,1,207,'NOTA DEBITO DE CRÉDITO ELECTRÓNICA MiPyMEs (FCE)','B',1,0,1,NULL),(28,NULL,'2019-11-05 19:00:05','2022-03-20 14:23:51','NOTA DE CREDITO ELECTRÓNICA MiPyMEs (FCE) B','208',1,NULL,0,1,2,1,208,'NOTA CREDITO DE CRÉDITO ELECTRÓNICA MiPyMEs (FCE)','B',1,0,1,NULL),(29,NULL,'2019-11-05 19:00:05','2019-11-05 19:00:05','FACTURA DE CRÉDITO ELECTRÓNICA MiPyMEs (FCE) C','211',0,0,1,1,1,1,211,'FACTURA DE CRÉDITO ELECTRÓNICA MiPyMEs (FCE)','C',1,0,0,NULL),(30,NULL,'2019-11-05 19:00:05','2019-11-05 19:00:05','NOTA DE DEBITO ELECTRÓNICA MiPyMEs (FCE) C','212',0,0,1,1,1,1,212,'NOTA DEBITO DE CRÉDITO ELECTRÓNICA MiPyMEs (FCE)','C',1,0,0,NULL),(31,NULL,'2019-11-05 19:00:05','2019-11-05 19:00:05','NOTA DE CRÉDITO ELECTRÓNICA MiPyMEs (FCE) C','213',1,NULL,1,1,1,1,213,'NOTA CREDITO DE CRÉDITO ELECTRÓNICA MiPyMEs (FCE)','C',1,0,0,NULL);
INSERT INTO `receipt_types` VALUES (32,NULL,'2020-01-28 01:59:55','2022-03-20 14:23:51','Tique (Informe Diario Z)','83',0,2,0,0,2,0,83,'Cierre Diario Informe Z','Z',0,0,1,NULL),(33,NULL,'2020-02-19 04:48:11','2020-02-19 04:48:11','Comprobantes de Compra de Bienes No Registrables a Consumidores Finales','49',0,1,0,0,2,0,49,'Comprobantes de Compra de Bienes No Registrables','a Consumidores Finales',0,0,0,NULL),(34,NULL,'2022-03-20 14:23:44','2022-03-20 14:23:51','Cuentas de Venta y Liquido Producto A','60',0,1,0,0,2,1,60,'Cuentas de Venta y Liquido Producto A','A',1,0,0,NULL),(35,NULL,'2022-03-20 14:23:44','2022-03-20 14:23:51','Cuentas de Venta y Liquido Producto B','61',0,2,0,1,2,1,61,'Cuentas de Venta y Liquido Producto B','B',1,0,1,NULL),(36,NULL,'2022-03-20 14:23:44','2022-03-20 14:23:51','Liquidaciones A','63',0,1,0,0,2,1,63,'Liquidaciones A','A',1,0,0,NULL),(37,NULL,'2022-03-20 14:23:44','2022-03-20 14:23:51','Liquidaciones B','64',0,2,0,1,2,1,64,'Liquidaciones B','B',1,0,1,NULL),(38,NULL,'2022-03-20 14:23:51','2022-03-20 14:23:54','Tique Factura A','81',0,1,0,0,2,1,81,'Tique Factura','A',0,0,0,NULL),(39,NULL,'2022-03-20 14:23:51','2022-03-20 14:23:54','Tique Factura B','82',0,2,0,1,2,1,82,'Tique Factura','B',0,0,1,NULL),(40,NULL,'2022-03-20 14:23:51','2022-03-20 14:23:57','OTROS COMPROBANTES QUE NO CUMPLEN O ESTÁN EXCEPTUADOS DE LA R.G. 1415 Y SUS MODIF','99',0,1,1,1,1,1,99,'OTROS COMPROBANTES QUE NO CUMPLEN O ESTÁN EXCEPTUADOS DE LA R.G. 1415 Y SUS MODIF ','OTROS',0,0,0,NULL),(41,NULL,'2022-03-20 14:23:51','2022-03-20 14:23:51','Liquidacion de Compra A - Sector Pecuario','183',0,1,0,0,2,0,183,'Liquidacion de Compra','A',0,0,0,NULL),(42,NULL,'2022-03-20 14:23:51','2022-03-20 14:23:51','Liquidacion de Compra B - Sector Pecuario','185',0,2,0,1,2,0,185,'Liquidacion de Compra','B',0,0,1,NULL),(43,NULL,'2022-03-20 14:23:53','2022-03-20 14:23:54','Liquidacion de Venta Directa A - Sector Pecuario','190',0,1,0,0,2,1,190,'Liquidacion de Venta Directa','A',0,0,0,NULL),(44,NULL,'2022-03-20 14:23:53','2022-03-20 14:23:54','Liquidacion de Venta Directa B - Sector Pecuario','191',0,2,0,1,2,1,191,'Liquidacion de Venta Directa','B',0,0,0,NULL),(45,NULL,'2022-03-20 14:23:54','2022-03-20 14:23:54','Liquidacion Secundaria de Granos','331',0,1,0,0,2,1,331,'Liquidacion Secundaria de Granos','LSG',0,0,0,NULL),(46,NULL,'2022-03-20 14:23:54','2022-03-20 14:23:54','Certificado de Deposito','332',0,1,0,0,2,1,332,'Certificado de Deposito','CD',0,0,0,NULL),(47,NULL,'2022-03-20 14:23:54','2022-03-20 14:23:54','Liquidacion de Servicios Publicos Clase A','17',0,1,0,0,2,1,17,'Liquidacion de Servicios Publicos Clase A','LSPCA',0,0,0,NULL),(48,NULL,'2022-03-20 14:23:57','2022-03-20 14:23:57','Liquidacion de Servicios Publicos Clase B','18',0,2,0,1,2,1,18,'Liquidacion de Servicios Publicos Clase B','LSPCA',1,0,0,NULL),(49,NULL,NULL,NULL,'Factura Clase T','195',0,1,0,0,2,0,195,'Factura Clase T','T',0,0,0,NULL),(50,NULL,NULL,NULL,'Nota de Debito Clase T','196',0,1,0,0,2,0,196,'Factura Clase T','T',0,0,0,NULL),(51,NULL,NULL,NULL,'Nota de Credito Clase T','197',1,NULL,0,0,2,0,197,'Factura Clase T','T',0,0,0,NULL),(52,NULL,NULL,NULL,'Cuenta de Venta y Líquido Producto A','180',0,1,0,0,2,0,180,'Cuenta de Venta y Líquido Producto A','A',0,0,0,NULL),(53,NULL,NULL,NULL,'Cuenta de Venta y Líquido Producto B','182',0,2,0,1,2,0,182,'Cuenta de Venta y Líquido Producto B','B',0,0,0,NULL),(54,NULL,NULL,NULL,'Liquidación de Compra A','183',0,1,0,0,2,0,183,'Liquidación de Compra A ','A',0,0,0,NULL),(55,NULL,NULL,NULL,'Liquidación de Compra B','185',0,2,0,1,2,0,185,'Liquidación de Compra B ','B',0,0,0,NULL),(56,NULL,NULL,NULL,'Liquidación de Compra Directa A','186',0,1,0,0,2,0,186,'Liquidación de Compra Directa A','A',0,0,0,NULL),(57,NULL,NULL,NULL,'Liquidación de Compra Directa B','188',0,2,0,1,2,0,188,'Liquidación de Compra Directa B ','B',0,0,0,NULL),(58,NULL,NULL,NULL,'Liquidación de Compra Directa C','189',0,0,1,1,1,0,189,'Liquidación de Compra Directa C ','C',0,0,0,NULL);
INSERT INTO `receipt_types` VALUES (59,NULL,NULL,NULL,'Liquidación de Venta Directa A','190',0,1,0,0,2,0,190,'Liquidación de Venta Directa A','A',0,0,0,NULL),(60,NULL,NULL,NULL,'Liquidación de Venta Directa B','191',0,2,0,1,2,0,191,'Liquidación de Venta Directa B ','B',0,0,0,NULL);

--
-- Table structure for table `receipts`
--

CREATE TABLE `receipts` (
  `id` int(10) unsigned NOT NULL AUTO_INCREMENT,
  `user_id` int(10) unsigned DEFAULT NULL,
  `type_id` int(10) unsigned NOT NULL,
  `type_receipt_id` int(10) unsigned DEFAULT NULL,
  `comprobanteAfip` int(11) DEFAULT NULL,
  `fact_elec_receipt_id` int(10) unsigned DEFAULT NULL,
  `period_id` int(10) unsigned NOT NULL,
  `zone_id` int(10) unsigned DEFAULT NULL,
  `plan_cuenta_id` int(10) unsigned DEFAULT NULL,
  `conta_centro_costo_id` bigint(20) unsigned DEFAULT NULL,
  `activity_id` int(10) unsigned DEFAULT NULL,
  `iva_creditos_tipo_id` int(10) unsigned NOT NULL DEFAULT '1',
  `retention_type_id` int(10) unsigned DEFAULT NULL,
  `dc_orden_id` bigint(20) unsigned DEFAULT NULL,
  `person_id_owner` int(10) unsigned NOT NULL,
  `person_id_relationed` int(10) unsigned DEFAULT NULL,
  `number` int(8) unsigned zerofill DEFAULT NULL,
  `hasta` int(8) unsigned zerofill DEFAULT NULL,
  `reference` int(11) DEFAULT NULL,
  `receipt_date` date DEFAULT NULL,
  `expiration_date` date DEFAULT NULL,
  `code_ticket` int(4) unsigned zerofill DEFAULT NULL,
  `status_id` int(10) unsigned DEFAULT NULL,
  `tax_account_id` int(10) unsigned DEFAULT NULL,
  `amount` decimal(16,2) NOT NULL,
  `file` varchar(255) COLLATE utf8mb4_unicode_ci DEFAULT NULL,
  `created_at` timestamp NULL DEFAULT NULL,
  `updated_at` timestamp NULL DEFAULT NULL,
  `deleted_at` timestamp NULL DEFAULT NULL,
  PRIMARY KEY (`id`),
  KEY `receipts_type_id_foreign` (`type_id`),
  KEY `receipts_type_receipt_id_foreign` (`type_receipt_id`),
  KEY `receipts_tax_account_id_foreign` (`tax_account_id`),
  KEY `receipts_zone_id_foreign` (`zone_id`),
  KEY `receipts_activity_id_foreign` (`activity_id`),
  KEY `receipts_retention_type_id_foreign` (`retention_type_id`),
  KEY `receipts_status_id_foreign` (`status_id`),
  KEY `receipts_person_id_owner_foreign` (`person_id_owner`),
  KEY `receipts_person_id_relationed_foreign` (`person_id_relationed`),
  KEY `receipts_period_id_foreign` (`period_id`),
  KEY `receipts_plan_cuenta_id_foreign` (`plan_cuenta_id`),
  KEY `receipts_fact_elec_receipt_id_foreign` (`fact_elec_receipt_id`),
  KEY `receipts_iva_creditos_tipo_id_foreign` (`iva_creditos_tipo_id`),
  KEY `receipts_conta_centro_costo_id_foreign` (`conta_centro_costo_id`),
  KEY `receipts_dc_orden_id_foreign` (`dc_orden_id`),
  CONSTRAINT `receipts_activity_id_foreign` FOREIGN KEY (`activity_id`) REFERENCES `activities` (`id`),
  CONSTRAINT `receipts_conta_centro_costo_id_foreign` FOREIGN KEY (`conta_centro_costo_id`) REFERENCES `conta_centro_costos` (`id`),
  CONSTRAINT `receipts_dc_orden_id_foreign` FOREIGN KEY (`dc_orden_id`) REFERENCES `dc_ordenes` (`id`),
  CONSTRAINT `receipts_fact_elec_receipt_id_foreign` FOREIGN KEY (`fact_elec_receipt_id`) REFERENCES `fact_elec_receipts` (`id`),
  CONSTRAINT `receipts_iva_creditos_tipo_id_foreign` FOREIGN KEY (`iva_creditos_tipo_id`) REFERENCES `iva_creditos_tipos` (`id`),
  CONSTRAINT `receipts_period_id_foreign` FOREIGN KEY (`period_id`) REFERENCES `periods` (`id`),
  CONSTRAINT `receipts_person_id_owner_foreign` FOREIGN KEY (`person_id_owner`) REFERENCES `persons` (`id`),
  CONSTRAINT `receipts_person_id_relationed_foreign` FOREIGN KEY (`person_id_relationed`) REFERENCES `persons` (`id`),
  CONSTRAINT `receipts_plan_cuenta_id_foreign` FOREIGN KEY (`plan_cuenta_id`) REFERENCES `conta_plan_cuenta` (`id`),
  CONSTRAINT `receipts_retention_type_id_foreign` FOREIGN KEY (`retention_type_id`) REFERENCES `retention_types` (`id`),
  CONSTRAINT `receipts_status_id_foreign` FOREIGN KEY (`status_id`) REFERENCES `status` (`id`),
  CONSTRAINT `receipts_tax_account_id_foreign` FOREIGN KEY (`tax_account_id`) REFERENCES `tax_accounts` (`id`),
  CONSTRAINT `receipts_type_id_foreign` FOREIGN KEY (`type_id`) REFERENCES `types` (`id`),
  CONSTRAINT `receipts_type_receipt_id_foreign` FOREIGN KEY (`type_receipt_id`) REFERENCES `receipt_types` (`id`),
  CONSTRAINT `receipts_zone_id_foreign` FOREIGN KEY (`zone_id`) REFERENCES `zones` (`id`)
) ENGINE=InnoDB AUTO_INCREMENT=235 DEFAULT CHARSET=utf8mb4 COLLATE=utf8mb4_unicode_ci;

--
-- Dumping data for table `receipts`
--

INSERT INTO `receipts` VALUES (1,6834,1,1,NULL,NULL,1515,23,NULL,NULL,422,1,NULL,NULL,40720,40721,00000092,00000092,NULL,'2022-03-22','2022-03-22',0001,1,NULL,1210.00,NULL,'2022-03-22 15:31:25','2022-03-23 15:01:14','2022-03-23 15:01:14'),(2,6834,1,1,NULL,NULL,1515,23,NULL,NULL,420,1,NULL,NULL,40720,40721,00000021,00000021,NULL,'2022-03-22','2022-03-22',0002,1,NULL,2420.00,NULL,'2022-03-22 15:32:54','2022-03-23 15:01:10','2022-03-23 15:01:10'),(3,6834,2,1,NULL,NULL,1515,23,217,NULL,422,1,NULL,NULL,40720,40722,00000078,00000078,NULL,'2022-03-22','2022-03-22',0003,1,NULL,1815.00,NULL,'2022-03-22 15:41:48','2022-03-23 15:32:48','2022-03-23 15:32:48'),(4,6834,3,1,NULL,NULL,1515,NULL,NULL,NULL,NULL,1,3,NULL,40720,40721,12345678,12345678,12,'2022-03-22',NULL,0002,1,NULL,50.00,NULL,'2022-03-22 15:43:18','2022-03-23 15:01:21','2022-03-23 15:01:21'),(11,6834,1,7,NULL,NULL,3027,23,96,NULL,575,1,NULL,NULL,40723,40736,00000342,00000342,NULL,'2022-01-31',NULL,0001,1,NULL,5400.00,NULL,'2022-03-23 11:04:20','2022-03-23 15:44:23','2022-03-23 15:44:23'),(12,6834,1,7,NULL,NULL,3027,23,96,NULL,575,1,NULL,NULL,40723,40737,00000343,00000343,NULL,'2022-01-31',NULL,0001,1,NULL,5220.00,NULL,'2022-03-23 11:04:20','2022-03-23 15:44:23','2022-03-23 15:44:23'),(13,6834,1,7,NULL,NULL,3027,23,96,NULL,575,1,NULL,NULL,40723,40738,00000344,00000344,NULL,'2022-01-31',NULL,0001,1,NULL,10030.00,NULL,'2022-03-23 11:04:20','2022-03-23 15:44:23','2022-03-23 15:44:23'),(14,6834,1,7,NULL,NULL,3027,23,96,NULL,575,1,NULL,NULL,40723,40738,00000345,00000345,NULL,'2022-01-31',NULL,0001,1,NULL,8850.00,NULL,'2022-03-23 11:04:20','2022-03-23 15:44:23','2022-03-23 15:44:23'),(15,6834,1,7,NULL,NULL,3027,23,96,NULL,575,1,NULL,NULL,40723,40738,00000346,00000346,NULL,'2022-01-31',NULL,0001,1,NULL,11880.00,NULL,'2022-03-23 11:04:20','2022-03-23 15:44:23','2022-03-23 15:44:23'),(16,6834,1,7,NULL,NULL,3027,23,96,NULL,575,1,NULL,NULL,40723,40738,00000347,00000347,NULL,'2022-01-31',NULL,0001,1,NULL,11160.00,NULL,'2022-03-23 11:04:20','2022-03-23 15:44:23','2022-03-23 15:44:23'),(17,6834,1,7,NULL,NULL,3027,23,96,NULL,575,1,NULL,NULL,40723,40739,00000348,00000348,NULL,'2022-01-31',NULL,0001,1,NULL,6600.00,NULL,'2022-03-23 11:04:20','2022-03-23 15:44:24','2022-03-23 15:44:24'),(18,6834,1,7,NULL,NULL,3028,23,96,NULL,575,1,NULL,NULL,40723,40736,00000455,00000455,NULL,'2022-01-31',NULL,0001,1,NULL,100.00,NULL,'2022-03-23 15:20:22','2022-03-23 15:20:55','2022-03-23 15:20:55'),(19,6834,1,7,NULL,NULL,3028,23,96,NULL,575,1,NULL,NULL,40723,40736,00000456,00000456,NULL,'2022-01-31',NULL,0001,1,NULL,100.00,NULL,'2022-03-23 15:20:22','2022-03-23 15:20:55','2022-03-23 15:20:55'),(20,6834,1,7,NULL,NULL,3028,23,96,NULL,575,1,NULL,NULL,40723,40736,00000457,00000457,NULL,'2022-01-31',NULL,0001,1,NULL,200.00,NULL,'2022-03-23 15:20:22','2022-03-23 15:20:55','2022-03-23 15:20:55'),(21,6834,1,7,NULL,NULL,3028,23,96,NULL,575,1,NULL,NULL,40723,40736,00000458,00000458,NULL,'2022-01-31',NULL,0001,1,NULL,100.00,NULL,'2022-03-23 15:20:23','2022-03-23 15:20:55','2022-03-23 15:20:55'),(22,6834,1,7,NULL,NULL,3028,23,96,NULL,575,1,NULL,NULL,40723,40736,00000459,00000459,NULL,'2022-01-31',NULL,0001,1,NULL,200.00,NULL,'2022-03-23 15:20:23','2022-03-23 15:20:55','2022-03-23 15:20:55'),(23,6834,1,7,NULL,NULL,3028,23,96,NULL,575,1,NULL,NULL,40723,40736,00000460,00000460,NULL,'2022-01-31',NULL,0001,1,NULL,100.00,NULL,'2022-03-23 15:20:23','2022-03-23 15:20:55','2022-03-23 15:20:55'),(24,6834,1,7,NULL,NULL,3028,23,96,NULL,575,1,NULL,NULL,40723,40736,00000461,00000461,NULL,'2022-01-31',NULL,0001,1,NULL,100.00,NULL,'2022-03-23 15:20:23','2022-03-23 15:20:44','2022-03-23 15:20:44'),(25,6834,1,7,NULL,NULL,3028,23,96,NULL,575,1,NULL,NULL,40723,40736,00000455,00000455,NULL,'2022-01-31',NULL,0001,1,NULL,100.00,NULL,'2022-03-23 15:28:15','2022-03-23 15:28:51','2022-03-23 15:28:51'),(26,6834,1,7,NULL,NULL,3028,23,96,NULL,575,1,NULL,NULL,40723,40736,00000456,00000456,NULL,'2022-01-31',NULL,0001,1,NULL,100.00,NULL,'2022-03-23 15:28:15','2022-03-23 15:28:51','2022-03-23 15:28:51');
INSERT INTO `receipts` VALUES (27,6834,1,7,NULL,NULL,3028,23,96,NULL,575,1,NULL,NULL,40723,40736,00000457,00000457,NULL,'2022-01-31',NULL,0001,1,NULL,200.00,NULL,'2022-03-23 15:28:15','2022-03-23 15:28:51','2022-03-23 15:28:51'),(28,6834,1,7,NULL,NULL,3028,23,96,NULL,575,1,NULL,NULL,40723,40736,00000458,00000458,NULL,'2022-01-31',NULL,0001,1,NULL,100.00,NULL,'2022-03-23 15:28:15','2022-03-23 15:28:51','2022-03-23 15:28:51'),(29,6834,1,7,NULL,NULL,3028,23,96,NULL,575,1,NULL,NULL,40723,40736,00000459,00000459,NULL,'2022-01-31',NULL,0001,1,NULL,200.00,NULL,'2022-03-23 15:28:16','2022-03-23 15:28:52','2022-03-23 15:28:52'),(30,6834,1,7,NULL,NULL,3028,23,96,NULL,575,1,NULL,NULL,40723,40736,00000460,00000460,NULL,'2022-01-31',NULL,0001,1,NULL,100.00,NULL,'2022-03-23 15:28:16','2022-03-23 15:28:52','2022-03-23 15:28:52'),(31,6834,1,7,NULL,NULL,3028,23,96,NULL,575,1,NULL,NULL,40723,40736,00000461,00000461,NULL,'2022-01-31',NULL,0001,1,NULL,100.00,NULL,'2022-03-23 15:28:16','2022-03-23 15:28:52','2022-03-23 15:28:52'),(32,6834,1,7,NULL,NULL,3028,23,96,NULL,575,1,NULL,NULL,40723,40736,00000455,00000455,NULL,'2022-01-31',NULL,0001,1,NULL,100.00,NULL,'2022-03-23 15:29:29','2022-03-23 15:29:58','2022-03-23 15:29:58'),(33,6834,1,7,NULL,NULL,3028,23,96,NULL,575,1,NULL,NULL,40723,40736,00000456,00000456,NULL,'2022-01-31',NULL,0001,1,NULL,100.00,NULL,'2022-03-23 15:29:29','2022-03-23 15:29:58','2022-03-23 15:29:58'),(34,6834,1,7,NULL,NULL,3028,23,96,NULL,575,1,NULL,NULL,40723,40736,00000457,00000457,NULL,'2022-01-31',NULL,0001,1,NULL,200.00,NULL,'2022-03-23 15:29:29','2022-03-23 15:29:58','2022-03-23 15:29:58'),(35,6834,1,7,NULL,NULL,3028,23,96,NULL,575,1,NULL,NULL,40723,40736,00000458,00000458,NULL,'2022-01-31',NULL,0001,1,NULL,100.00,NULL,'2022-03-23 15:29:29','2022-03-23 15:29:58','2022-03-23 15:29:58'),(36,6834,1,7,NULL,NULL,3028,23,96,NULL,575,1,NULL,NULL,40723,40736,00000459,00000459,NULL,'2022-01-31',NULL,0001,1,NULL,200.00,NULL,'2022-03-23 15:29:29','2022-03-23 15:29:58','2022-03-23 15:29:58'),(37,6834,1,7,NULL,NULL,3028,23,96,NULL,575,1,NULL,NULL,40723,40736,00000460,00000460,NULL,'2022-01-31',NULL,0001,1,NULL,100.00,NULL,'2022-03-23 15:29:29','2022-03-23 15:29:58','2022-03-23 15:29:58'),(38,6834,1,7,NULL,NULL,3028,23,96,NULL,575,1,NULL,NULL,40723,40736,00000461,00000461,NULL,'2022-01-31',NULL,0001,1,NULL,100.00,NULL,'2022-03-23 15:29:29','2022-03-23 15:29:58','2022-03-23 15:29:58'),(39,6834,1,1,NULL,NULL,1515,22,96,NULL,420,1,NULL,NULL,40720,40736,00000460,00000460,NULL,'2022-01-31',NULL,0001,1,NULL,121.00,NULL,'2022-03-23 15:31:24','2022-03-23 15:32:36','2022-03-23 15:32:36'),(40,6834,1,1,NULL,NULL,1515,22,96,NULL,422,1,NULL,NULL,40720,40736,00000461,00000461,NULL,'2022-01-31',NULL,0001,1,NULL,121.00,NULL,'2022-03-23 15:31:25','2022-03-23 15:32:29','2022-03-23 15:32:29'),(41,6834,1,1,NULL,NULL,1515,23,96,NULL,420,1,NULL,NULL,40720,40736,00000462,00000462,NULL,'2022-01-31',NULL,0001,1,NULL,242.00,NULL,'2022-03-23 15:31:25','2022-03-23 15:32:32','2022-03-23 15:32:32'),(42,6834,1,1,NULL,NULL,1515,23,96,NULL,422,1,NULL,NULL,40720,40736,00000463,00000463,NULL,'2022-01-31',NULL,0001,1,NULL,121.00,NULL,'2022-03-23 15:31:25','2022-03-23 15:32:24','2022-03-23 15:32:24'),(43,6834,1,1,NULL,NULL,1515,23,96,NULL,422,1,NULL,NULL,40720,40736,00000464,00000464,NULL,'2022-01-31',NULL,0001,1,NULL,242.00,NULL,'2022-03-23 15:31:25','2022-03-23 15:32:21','2022-03-23 15:32:21'),(44,6834,1,1,NULL,NULL,1515,23,96,NULL,420,1,NULL,NULL,40720,40736,00000465,00000465,NULL,'2022-01-31',NULL,0001,1,NULL,121.00,NULL,'2022-03-23 15:31:25','2022-03-23 15:32:18','2022-03-23 15:32:18'),(45,6834,1,1,NULL,NULL,1515,22,96,NULL,422,1,NULL,NULL,40720,40736,00000466,00000466,NULL,'2022-01-31',NULL,0001,1,NULL,121.00,NULL,'2022-03-23 15:31:25','2022-03-23 15:32:14','2022-03-23 15:32:14'),(47,6834,1,1,NULL,NULL,1515,22,96,NULL,420,1,NULL,NULL,40720,40736,00000460,00000460,NULL,'2022-01-31',NULL,0001,1,NULL,121.00,NULL,'2022-03-23 15:37:48','2022-03-23 15:39:34','2022-03-23 15:39:34');
INSERT INTO `receipts` VALUES (48,6834,1,1,NULL,NULL,1515,22,96,NULL,422,1,NULL,NULL,40720,40736,00000461,00000461,NULL,'2022-01-31',NULL,0001,1,NULL,121.00,NULL,'2022-03-23 15:37:48','2022-03-23 15:39:31','2022-03-23 15:39:31'),(49,6834,1,1,NULL,NULL,1515,23,96,NULL,420,1,NULL,NULL,40720,40736,00000462,00000462,NULL,'2022-01-31',NULL,0001,1,NULL,242.00,NULL,'2022-03-23 15:37:48','2022-03-23 15:39:28','2022-03-23 15:39:28'),(50,6834,1,1,NULL,NULL,1515,23,96,NULL,422,1,NULL,NULL,40720,40736,00000463,00000463,NULL,'2022-01-31',NULL,0001,1,NULL,121.00,NULL,'2022-03-23 15:37:48','2022-03-23 15:39:25','2022-03-23 15:39:25'),(51,6834,1,1,NULL,NULL,1515,23,96,NULL,422,1,NULL,NULL,40720,40736,00000464,00000464,NULL,'2022-01-31',NULL,0001,1,NULL,242.00,NULL,'2022-03-23 15:37:48','2022-03-23 15:39:20','2022-03-23 15:39:20'),(52,6834,1,1,NULL,NULL,1515,23,96,NULL,420,1,NULL,NULL,40720,40736,00000465,00000465,NULL,'2022-01-31',NULL,0001,1,NULL,121.00,NULL,'2022-03-23 15:37:48','2022-03-23 15:39:17','2022-03-23 15:39:17'),(53,6834,1,7,NULL,NULL,3027,23,NULL,NULL,575,1,NULL,NULL,40723,40737,00000342,NULL,NULL,'2022-01-31','2022-01-31',0001,1,NULL,5400.00,NULL,'2022-03-23 15:45:15','2022-03-23 15:45:15',NULL),(54,6834,1,7,NULL,NULL,3027,23,NULL,NULL,575,1,NULL,NULL,40723,40737,00000343,NULL,NULL,'2022-01-31','2022-01-31',0001,1,NULL,5220.00,NULL,'2022-03-23 15:45:16','2022-03-23 15:45:16',NULL),(55,6834,1,7,NULL,NULL,3027,23,NULL,NULL,575,1,NULL,NULL,40723,40737,00000344,NULL,NULL,'2022-01-31','2022-01-31',0001,1,NULL,10030.00,NULL,'2022-03-23 15:45:16','2022-03-23 15:45:16',NULL),(56,6834,1,7,NULL,NULL,3027,23,NULL,NULL,575,1,NULL,NULL,40723,40737,00000345,NULL,NULL,'2022-01-31','2022-01-31',0001,1,NULL,8850.00,NULL,'2022-03-23 15:45:16','2022-03-23 15:45:16',NULL),(57,6834,1,7,NULL,NULL,3027,23,NULL,NULL,575,1,NULL,NULL,40723,40737,00000346,NULL,NULL,'2022-01-31','2022-01-31',0001,1,NULL,11880.00,NULL,'2022-03-23 15:45:16','2022-03-23 15:45:16',NULL),(58,6834,1,7,NULL,NULL,3027,23,NULL,NULL,575,1,NULL,NULL,40723,40737,00000347,NULL,NULL,'2022-01-31','2022-01-31',0001,1,NULL,11160.00,NULL,'2022-03-23 15:45:16','2022-03-23 15:45:16',NULL),(59,6834,1,7,NULL,NULL,3027,23,NULL,NULL,575,1,NULL,NULL,40723,40737,00000348,NULL,NULL,'2022-01-31','2022-01-31',0001,1,NULL,6600.00,NULL,'2022-03-23 15:45:16','2022-03-23 15:45:16',NULL),(60,6834,1,1,NULL,NULL,1515,22,96,NULL,420,1,NULL,NULL,40720,40736,00000460,00000460,NULL,'2022-01-31',NULL,0001,1,NULL,121.00,NULL,'2022-03-23 15:59:39','2022-03-23 16:02:42','2022-03-23 16:02:42'),(61,6834,1,1,NULL,NULL,1515,22,96,NULL,422,1,NULL,NULL,40720,40736,00000461,00000461,NULL,'2022-01-31',NULL,0001,1,NULL,121.00,NULL,'2022-03-23 15:59:39','2022-03-23 16:02:42','2022-03-23 16:02:42'),(62,6834,1,1,NULL,NULL,1515,23,96,NULL,420,1,NULL,NULL,40720,40736,00000462,00000462,NULL,'2022-01-31',NULL,0001,1,NULL,242.00,NULL,'2022-03-23 15:59:39','2022-03-23 16:02:42','2022-03-23 16:02:42'),(63,6834,1,1,NULL,NULL,1515,23,96,NULL,422,1,NULL,NULL,40720,40736,00000463,00000463,NULL,'2022-01-31',NULL,0001,1,NULL,121.00,NULL,'2022-03-23 15:59:39','2022-03-23 16:02:42','2022-03-23 16:02:42'),(64,6834,1,1,NULL,NULL,1515,23,96,NULL,422,1,NULL,NULL,40720,40736,00000464,00000464,NULL,'2022-01-31','2022-01-31',0001,1,NULL,242.00,NULL,'2022-03-23 15:59:39','2022-03-23 16:02:42','2022-03-23 16:02:42'),(65,6834,1,1,NULL,NULL,1515,23,96,NULL,420,1,NULL,NULL,40720,40736,00000465,00000465,NULL,'2022-01-31','2022-01-31',0001,1,NULL,121.00,NULL,'2022-03-23 15:59:39','2022-03-23 16:02:43','2022-03-23 16:02:43'),(66,6834,1,1,NULL,NULL,4669,22,96,NULL,420,1,NULL,NULL,40720,40736,00000460,00000460,NULL,'2022-01-31',NULL,0001,1,NULL,121.00,NULL,'2022-03-23 16:03:00','2022-03-23 16:03:39','2022-03-23 16:03:39'),(67,6834,1,1,NULL,NULL,4669,22,96,NULL,422,1,NULL,NULL,40720,40736,00000461,00000461,NULL,'2022-01-31',NULL,0001,1,NULL,121.00,NULL,'2022-03-23 16:03:00','2022-03-23 16:03:39','2022-03-23 16:03:39');
INSERT INTO `receipts` VALUES (68,6834,1,1,NULL,NULL,4669,23,96,NULL,420,1,NULL,NULL,40720,40736,00000462,00000462,NULL,'2022-01-31',NULL,0001,1,NULL,242.00,NULL,'2022-03-23 16:03:00','2022-03-23 16:03:39','2022-03-23 16:03:39'),(69,6834,1,1,NULL,NULL,4669,23,96,NULL,422,1,NULL,NULL,40720,40736,00000463,00000463,NULL,'2022-01-31',NULL,0001,1,NULL,121.00,NULL,'2022-03-23 16:03:00','2022-03-23 16:03:39','2022-03-23 16:03:39'),(70,6834,1,1,NULL,NULL,4669,23,96,NULL,422,1,NULL,NULL,40720,40736,00000464,00000464,NULL,'2022-01-31',NULL,0001,1,NULL,242.00,NULL,'2022-03-23 16:03:00','2022-03-23 16:03:39','2022-03-23 16:03:39'),(71,6834,1,1,NULL,NULL,4669,23,96,NULL,420,1,NULL,NULL,40720,40736,00000465,00000465,NULL,'2022-01-31',NULL,0001,1,NULL,121.00,NULL,'2022-03-23 16:03:00','2022-03-23 16:03:40','2022-03-23 16:03:40'),(72,6834,1,1,NULL,NULL,4669,22,96,NULL,420,1,NULL,NULL,40720,40736,00000460,00000460,NULL,'2022-01-31',NULL,0001,1,NULL,121.00,NULL,'2022-03-23 16:04:34','2022-03-23 16:05:37','2022-03-23 16:05:37'),(73,6834,1,1,NULL,NULL,4669,22,96,NULL,422,1,NULL,NULL,40720,40736,00000461,00000461,NULL,'2022-01-31',NULL,0001,1,NULL,121.00,NULL,'2022-03-23 16:04:34','2022-03-23 16:05:37','2022-03-23 16:05:37'),(74,6834,1,1,NULL,NULL,4669,23,96,NULL,420,1,NULL,NULL,40720,40736,00000462,00000462,NULL,'2022-01-31',NULL,0001,1,NULL,242.00,NULL,'2022-03-23 16:04:34','2022-03-23 16:05:37','2022-03-23 16:05:37'),(75,6834,1,1,NULL,NULL,4669,23,96,NULL,422,1,NULL,NULL,40720,40736,00000463,00000463,NULL,'2022-01-31',NULL,0001,1,NULL,121.00,NULL,'2022-03-23 16:04:34','2022-03-23 16:05:37','2022-03-23 16:05:37'),(76,6834,1,1,NULL,NULL,4669,23,96,NULL,422,1,NULL,NULL,40720,40736,00000464,00000464,NULL,'2022-01-31',NULL,0001,1,NULL,242.00,NULL,'2022-03-23 16:04:34','2022-03-23 16:05:37','2022-03-23 16:05:37'),(77,6834,1,1,NULL,NULL,4669,23,96,NULL,420,1,NULL,NULL,40720,40736,00000465,00000465,NULL,'2022-01-31',NULL,0001,1,NULL,121.00,NULL,'2022-03-23 16:04:34','2022-03-23 16:05:37','2022-03-23 16:05:37'),(78,6834,1,1,NULL,NULL,4669,22,96,NULL,420,1,NULL,NULL,40720,40736,00000460,00000460,NULL,'2022-01-31',NULL,0001,1,NULL,121.00,NULL,'2022-03-23 16:07:42','2022-03-23 16:10:04','2022-03-23 16:10:04'),(79,6834,1,1,NULL,NULL,4669,22,96,NULL,422,1,NULL,NULL,40720,40736,00000461,00000461,NULL,'2022-01-31',NULL,0001,1,NULL,121.00,NULL,'2022-03-23 16:07:42','2022-03-23 16:10:04','2022-03-23 16:10:04'),(80,6834,1,1,NULL,NULL,4669,23,96,NULL,420,1,NULL,NULL,40720,40736,00000462,00000462,NULL,'2022-01-31',NULL,0001,1,NULL,242.00,NULL,'2022-03-23 16:07:42','2022-03-23 16:10:04','2022-03-23 16:10:04'),(81,6834,1,1,NULL,NULL,4669,23,96,NULL,422,1,NULL,NULL,40720,40736,00000463,00000463,NULL,'2022-01-31',NULL,0001,1,NULL,121.00,NULL,'2022-03-23 16:07:42','2022-03-23 16:10:04','2022-03-23 16:10:04'),(82,6834,1,1,NULL,NULL,4669,23,96,NULL,422,1,NULL,NULL,40720,40736,00000464,00000464,NULL,'2022-01-31',NULL,0001,1,NULL,242.00,NULL,'2022-03-23 16:07:42','2022-03-23 16:10:04','2022-03-23 16:10:04'),(83,6834,1,1,NULL,NULL,4669,23,96,NULL,420,1,NULL,NULL,40720,40736,00000465,00000465,NULL,'2022-01-31',NULL,0001,1,NULL,121.00,NULL,'2022-03-23 16:07:42','2022-03-23 16:10:04','2022-03-23 16:10:04'),(84,6834,1,1,NULL,NULL,4669,22,96,NULL,420,1,NULL,NULL,40720,40740,00000460,00000460,NULL,'2022-01-31',NULL,0001,1,NULL,121.00,NULL,'2022-03-23 16:12:31','2022-03-23 16:17:31','2022-03-23 16:17:31'),(85,6834,1,1,NULL,NULL,4669,22,96,NULL,422,1,NULL,NULL,40720,40740,00000461,00000461,NULL,'2022-01-31',NULL,0001,1,NULL,121.00,NULL,'2022-03-23 16:12:31','2022-03-23 16:17:31','2022-03-23 16:17:31'),(86,6834,1,1,NULL,NULL,4669,23,96,NULL,420,1,NULL,NULL,40720,40740,00000462,00000462,NULL,'2022-01-31',NULL,0001,1,NULL,242.00,NULL,'2022-03-23 16:12:31','2022-03-23 16:17:31','2022-03-23 16:17:31'),(87,6834,1,1,NULL,NULL,4669,23,96,NULL,422,1,NULL,NULL,40720,40740,00000463,00000463,NULL,'2022-01-31',NULL,0001,1,NULL,121.00,NULL,'2022-03-23 16:12:31','2022-03-23 16:17:31','2022-03-23 16:17:31');
INSERT INTO `receipts` VALUES (88,6834,1,1,NULL,NULL,4669,23,96,NULL,422,1,NULL,NULL,40720,40740,00000464,00000464,NULL,'2022-01-31',NULL,0001,1,NULL,242.00,NULL,'2022-03-23 16:12:31','2022-03-23 16:17:31','2022-03-23 16:17:31'),(89,6834,1,1,NULL,NULL,4669,23,96,NULL,420,1,NULL,NULL,40720,40740,00000465,00000465,NULL,'2022-01-31','2022-01-31',0001,1,NULL,121.00,NULL,'2022-03-23 16:12:31','2022-03-23 16:17:31','2022-03-23 16:17:31'),(90,6834,1,1,NULL,NULL,4669,22,96,NULL,420,1,NULL,NULL,40720,40740,00000460,00000460,NULL,'2022-02-14',NULL,0001,1,NULL,121.00,NULL,'2022-03-23 16:18:48','2022-03-23 16:18:48',NULL),(91,6834,1,1,NULL,NULL,4669,22,96,NULL,422,1,NULL,NULL,40720,40740,00000461,00000461,NULL,'2022-02-15',NULL,0001,1,NULL,121.00,NULL,'2022-03-23 16:18:48','2022-03-23 16:18:48',NULL),(92,6834,1,1,NULL,NULL,4669,23,96,NULL,420,1,NULL,NULL,40720,40740,00000462,00000462,NULL,'2022-02-16',NULL,0001,1,NULL,242.00,NULL,'2022-03-23 16:18:48','2022-03-23 16:18:48',NULL),(93,6834,1,1,NULL,NULL,4669,23,96,NULL,422,1,NULL,NULL,40720,40740,00000463,00000463,NULL,'2022-02-16',NULL,0001,1,NULL,121.00,NULL,'2022-03-23 16:18:48','2022-03-23 16:18:48',NULL),(94,6834,1,1,NULL,NULL,4669,23,96,NULL,422,1,NULL,NULL,40720,40740,00000464,00000464,NULL,'2022-02-16',NULL,0001,1,NULL,242.00,NULL,'2022-03-23 16:18:48','2022-03-23 16:18:48',NULL),(95,6834,1,1,NULL,NULL,4669,23,96,NULL,420,1,NULL,NULL,40720,40740,00000465,00000465,NULL,'2022-02-16',NULL,0001,1,NULL,121.00,NULL,'2022-03-23 16:18:48','2022-03-23 16:18:48',NULL),(96,6834,3,1,NULL,NULL,6211,NULL,NULL,NULL,NULL,1,1,NULL,40741,40742,20000074,NULL,20000074,'2020-12-30',NULL,0020,1,NULL,175.43,NULL,'2022-03-30 18:58:15','2022-03-30 18:58:15',NULL),(97,6834,3,1,NULL,NULL,6211,NULL,NULL,NULL,NULL,1,1,NULL,40741,40742,20000065,NULL,20000065,'2020-12-17',NULL,0020,1,NULL,216.73,NULL,'2022-03-30 18:58:15','2022-03-30 18:58:15',NULL),(98,6834,1,1,NULL,NULL,6200,23,NULL,NULL,660,1,NULL,NULL,40741,40743,00000150,NULL,NULL,'2020-01-07','2020-01-07',0003,1,NULL,27517.28,NULL,'2022-03-30 19:05:57','2022-03-30 19:05:57',NULL),(99,6834,1,1,NULL,NULL,6200,23,NULL,NULL,660,1,NULL,NULL,40741,40742,00000151,NULL,NULL,'2020-01-07','2020-01-07',0003,1,NULL,6394.61,NULL,'2022-03-30 19:05:57','2022-03-30 19:05:57',NULL),(100,6834,1,1,NULL,NULL,6200,23,NULL,NULL,660,1,NULL,NULL,40741,40742,00000152,NULL,NULL,'2020-01-07','2020-01-07',0003,1,NULL,14221.25,NULL,'2022-03-30 19:05:57','2022-03-30 19:05:57',NULL),(101,6834,1,1,NULL,NULL,6200,23,NULL,NULL,660,1,NULL,NULL,40741,40742,00000153,NULL,NULL,'2020-01-13','2020-01-13',0003,1,NULL,14035.03,NULL,'2022-03-30 19:05:57','2022-03-30 19:05:57',NULL),(102,6834,1,1,NULL,NULL,6200,23,NULL,NULL,660,1,NULL,NULL,40741,40744,00000154,NULL,NULL,'2020-01-14','2020-01-14',0003,1,NULL,52488.11,NULL,'2022-03-30 19:05:57','2022-03-30 19:05:57',NULL),(103,6834,1,1,NULL,NULL,6200,23,NULL,NULL,660,1,NULL,NULL,40741,40742,00000155,NULL,NULL,'2020-01-21','2020-01-21',0003,1,NULL,53516.41,NULL,'2022-03-30 19:05:57','2022-03-30 19:05:57',NULL),(104,6834,1,1,NULL,NULL,6200,23,NULL,NULL,660,1,NULL,NULL,40741,40745,00000156,NULL,NULL,'2020-01-29','2020-01-29',0003,1,NULL,95182.38,NULL,'2022-03-30 19:05:57','2022-03-30 19:05:57',NULL),(105,6834,1,1,NULL,NULL,6201,23,NULL,NULL,660,1,NULL,NULL,40741,40746,00000157,NULL,NULL,'2020-02-16','2020-02-16',0003,1,NULL,94117.24,NULL,'2022-03-30 19:07:52','2022-03-30 19:07:52',NULL),(106,6834,1,1,NULL,NULL,6201,23,NULL,NULL,660,1,NULL,NULL,40741,40742,00000158,NULL,NULL,'2020-02-17','2020-02-17',0003,1,NULL,25833.14,NULL,'2022-03-30 19:07:52','2022-03-30 19:07:52',NULL),(107,6834,1,1,NULL,NULL,6201,23,NULL,NULL,660,1,NULL,NULL,40741,40742,00000159,NULL,NULL,'2020-02-19','2020-02-19',0003,1,NULL,14471.96,NULL,'2022-03-30 19:07:52','2022-03-30 19:07:52',NULL),(108,6834,1,1,NULL,NULL,6202,23,NULL,NULL,660,1,NULL,NULL,40741,40747,00000160,NULL,NULL,'2020-03-09','2020-03-09',0003,1,NULL,23435.26,NULL,'2022-03-30 19:08:35','2022-03-30 19:08:35',NULL);
INSERT INTO `receipts` VALUES (109,6834,1,1,NULL,NULL,6202,23,NULL,NULL,660,1,NULL,NULL,40741,40742,00000161,NULL,NULL,'2020-03-10','2020-03-10',0003,1,NULL,51023.28,NULL,'2022-03-30 19:08:35','2022-03-30 19:08:35',NULL),(110,6834,1,1,NULL,NULL,6202,23,NULL,NULL,660,1,NULL,NULL,40741,40742,00000162,NULL,NULL,'2020-03-17','2020-03-17',0003,1,NULL,34545.50,NULL,'2022-03-30 19:08:35','2022-03-30 19:08:35',NULL),(111,6834,1,1,NULL,NULL,6202,23,NULL,NULL,660,1,NULL,NULL,40741,40748,00000163,NULL,NULL,'2020-03-31','2020-03-31',0003,1,NULL,31741.33,NULL,'2022-03-30 19:08:35','2022-03-30 19:08:35',NULL),(112,6834,1,1,NULL,NULL,6203,23,NULL,NULL,660,1,NULL,NULL,40741,40744,00000164,NULL,NULL,'2020-04-14','2020-04-14',0003,1,NULL,39525.51,NULL,'2022-03-30 19:10:57','2022-03-30 19:10:57',NULL),(113,6834,1,1,NULL,NULL,6203,23,NULL,NULL,660,1,NULL,NULL,40741,40751,00000165,NULL,NULL,'2020-04-14','2020-04-14',0003,1,NULL,23068.04,NULL,'2022-03-30 19:10:57','2022-03-30 19:10:57',NULL),(114,6834,1,1,NULL,NULL,6203,23,NULL,NULL,660,1,NULL,NULL,40741,40751,00000166,NULL,NULL,'2020-04-17','2020-04-17',0003,1,NULL,26517.15,NULL,'2022-03-30 19:10:57','2022-03-30 19:10:57',NULL),(115,6834,1,1,NULL,NULL,6203,23,NULL,NULL,660,1,NULL,NULL,40741,40752,00000167,NULL,NULL,'2020-04-29','2020-04-29',0003,1,NULL,112581.26,NULL,'2022-03-30 19:10:57','2022-03-30 19:10:57',NULL),(116,6834,1,1,NULL,NULL,6204,23,NULL,NULL,660,1,NULL,NULL,40741,40751,00000168,NULL,NULL,'2020-05-05','2020-05-05',0003,1,NULL,25054.26,NULL,'2022-03-30 19:11:42','2022-03-30 19:11:42',NULL),(117,6834,1,1,NULL,NULL,6204,23,NULL,NULL,660,1,NULL,NULL,40741,40744,00000169,NULL,NULL,'2020-05-08','2020-05-08',0003,1,NULL,56046.89,NULL,'2022-03-30 19:11:42','2022-03-30 19:11:42',NULL),(118,6834,1,1,NULL,NULL,6204,23,NULL,NULL,660,1,NULL,NULL,40741,40753,00000170,NULL,NULL,'2020-05-13','2020-05-13',0003,1,NULL,40329.30,NULL,'2022-03-30 19:11:42','2022-03-30 19:11:42',NULL),(119,6834,1,1,NULL,NULL,6204,23,NULL,NULL,660,1,NULL,NULL,40741,40753,00000171,NULL,NULL,'2020-05-13','2020-05-13',0003,1,NULL,29598.06,NULL,'2022-03-30 19:11:42','2022-03-30 19:11:42',NULL),(120,6834,1,1,NULL,NULL,6205,23,NULL,NULL,660,1,NULL,NULL,40741,40751,00000173,NULL,NULL,'2020-06-14','2020-06-14',0003,1,NULL,70165.73,NULL,'2022-03-30 19:14:17','2022-03-30 19:14:17',NULL),(121,6834,1,1,NULL,NULL,6205,23,NULL,NULL,660,1,NULL,NULL,40741,40744,00000174,NULL,NULL,'2020-06-16','2020-06-16',0003,1,NULL,133413.04,NULL,'2022-03-30 19:14:17','2022-03-30 19:14:17',NULL),(122,6834,1,1,NULL,NULL,6205,23,NULL,NULL,660,1,NULL,NULL,40741,40754,00000175,NULL,NULL,'2020-06-24','2020-06-24',0003,1,NULL,74972.27,NULL,'2022-03-30 19:14:17','2022-03-30 19:14:17',NULL),(123,6834,1,1,NULL,NULL,6205,23,NULL,NULL,660,1,NULL,NULL,40741,40755,00000176,NULL,NULL,'2020-06-27','2020-06-27',0003,1,NULL,31768.55,NULL,'2022-03-30 19:14:17','2022-03-30 19:14:17',NULL),(124,6834,1,1,NULL,NULL,6206,23,NULL,NULL,660,1,NULL,NULL,40741,40759,00000177,NULL,NULL,'2020-07-02','2020-07-02',0003,1,NULL,35358.62,NULL,'2022-03-30 19:15:15','2022-03-30 19:15:15',NULL),(125,6834,1,1,NULL,NULL,6206,23,NULL,NULL,660,1,NULL,NULL,40741,40744,00000178,NULL,NULL,'2020-07-13','2020-07-13',0003,1,NULL,106373.94,NULL,'2022-03-30 19:15:15','2022-03-30 19:15:15',NULL),(126,6834,1,1,NULL,NULL,6206,23,NULL,NULL,660,1,NULL,NULL,40741,40760,00000179,NULL,NULL,'2020-07-14','2020-07-14',0003,1,NULL,6635.64,NULL,'2022-03-30 19:15:15','2022-03-30 19:15:15',NULL),(127,6834,1,1,NULL,NULL,6206,23,NULL,NULL,660,1,NULL,NULL,40741,40761,00000180,NULL,NULL,'2020-07-22','2020-07-22',0003,1,NULL,131874.33,NULL,'2022-03-30 19:15:15','2022-03-30 19:15:15',NULL),(128,6834,1,1,NULL,NULL,6206,23,NULL,NULL,660,1,NULL,NULL,40741,40744,00000181,NULL,NULL,'2020-07-23','2020-07-23',0003,1,NULL,39036.86,NULL,'2022-03-30 19:15:15','2022-03-30 19:15:15',NULL),(129,6834,1,1,NULL,NULL,6206,23,NULL,NULL,660,1,NULL,NULL,40741,40761,00000182,NULL,NULL,'2020-07-31','2020-07-31',0003,1,NULL,71125.83,NULL,'2022-03-30 19:15:15','2022-03-30 19:15:15',NULL);
INSERT INTO `receipts` VALUES (130,6834,1,1,NULL,NULL,6207,23,NULL,NULL,660,1,NULL,NULL,40741,40761,00000183,NULL,NULL,'2020-08-17','2020-08-17',0003,1,NULL,28042.28,NULL,'2022-03-30 19:15:55','2022-03-30 19:15:55',NULL),(131,6834,1,1,NULL,NULL,6207,23,NULL,NULL,660,1,NULL,NULL,40741,40762,00000184,NULL,NULL,'2020-08-23','2020-08-23',0003,1,NULL,58993.24,NULL,'2022-03-30 19:15:55','2022-03-30 19:15:55',NULL),(132,6834,1,1,NULL,NULL,6207,23,NULL,NULL,660,1,NULL,NULL,40741,40761,00000185,NULL,NULL,'2020-08-27','2020-08-27',0003,1,NULL,36987.16,NULL,'2022-03-30 19:15:55','2022-03-30 19:15:55',NULL),(133,6834,1,1,NULL,NULL,6207,23,NULL,NULL,660,1,NULL,NULL,40741,40746,00000186,NULL,NULL,'2020-08-28','2020-08-28',0003,1,NULL,21892.05,NULL,'2022-03-30 19:15:55','2022-03-30 19:15:55',NULL),(134,6834,1,1,NULL,NULL,6207,23,NULL,NULL,660,1,NULL,NULL,40741,40754,00000187,NULL,NULL,'2020-08-30','2020-08-30',0003,1,NULL,68817.64,NULL,'2022-03-30 19:15:55','2022-03-30 19:15:55',NULL),(135,6834,1,1,NULL,NULL,6208,23,NULL,NULL,660,1,NULL,NULL,40741,40755,00000188,NULL,NULL,'2020-09-05','2020-09-05',0003,1,NULL,60838.80,NULL,'2022-03-30 19:16:31','2022-03-30 19:16:31',NULL),(136,6834,1,1,NULL,NULL,6208,23,NULL,NULL,660,1,NULL,NULL,40741,40744,00000189,NULL,NULL,'2020-09-10','2020-09-10',0003,1,NULL,58852.23,NULL,'2022-03-30 19:16:31','2022-03-30 19:16:31',NULL),(137,6834,1,1,NULL,NULL,6208,23,NULL,NULL,660,1,NULL,NULL,40741,40761,00000190,NULL,NULL,'2020-09-14','2020-09-14',0003,1,NULL,84352.06,NULL,'2022-03-30 19:16:31','2022-03-30 19:16:31',NULL),(138,6834,1,1,NULL,NULL,6208,23,NULL,NULL,660,1,NULL,NULL,40741,40761,00000191,NULL,NULL,'2020-09-15','2020-09-15',0003,1,NULL,37265.58,NULL,'2022-03-30 19:16:31','2022-03-30 19:16:31',NULL),(139,6834,1,1,NULL,NULL,6208,23,NULL,NULL,660,1,NULL,NULL,40741,40744,00000192,NULL,NULL,'2020-09-22','2020-09-22',0003,1,NULL,57892.75,NULL,'2022-03-30 19:16:31','2022-03-30 19:16:31',NULL),(140,6834,1,1,NULL,NULL,6208,23,NULL,NULL,660,1,NULL,NULL,40741,40763,00000193,NULL,NULL,'2020-09-25','2020-09-25',0003,1,NULL,47993.68,NULL,'2022-03-30 19:16:31','2022-03-30 19:16:31',NULL),(141,6834,1,1,NULL,NULL,6208,23,NULL,NULL,660,1,NULL,NULL,40741,40764,00000194,NULL,NULL,'2020-09-25','2020-09-25',0003,1,NULL,22326.62,NULL,'2022-03-30 19:16:31','2022-03-30 19:16:31',NULL),(142,6834,1,1,NULL,NULL,6208,23,NULL,NULL,660,1,NULL,NULL,40741,40746,00000195,NULL,NULL,'2020-09-25','2020-09-25',0003,1,NULL,23469.91,NULL,'2022-03-30 19:16:31','2022-03-30 19:16:31',NULL),(143,6834,1,1,NULL,NULL,6209,23,NULL,NULL,660,1,NULL,NULL,40741,40746,00000196,NULL,NULL,'2020-10-19','2020-10-19',0003,1,NULL,53736.10,NULL,'2022-03-30 19:17:16','2022-03-30 19:17:16',NULL),(144,6834,1,1,NULL,NULL,6209,23,NULL,NULL,660,1,NULL,NULL,40741,40751,00000197,NULL,NULL,'2020-10-22','2020-10-22',0003,1,NULL,29284.98,NULL,'2022-03-30 19:17:16','2022-03-30 19:17:16',NULL),(145,6834,1,1,NULL,NULL,6209,23,NULL,NULL,660,1,NULL,NULL,40741,40744,00000198,NULL,NULL,'2020-10-23','2020-10-23',0003,1,NULL,42318.79,NULL,'2022-03-30 19:17:16','2022-03-30 19:17:16',NULL),(146,6834,1,1,NULL,NULL,6209,23,NULL,NULL,660,1,NULL,NULL,40741,40761,00000199,NULL,NULL,'2020-10-28','2020-10-28',0003,1,NULL,36944.32,NULL,'2022-03-30 19:17:16','2022-03-30 19:17:16',NULL),(147,6834,1,1,NULL,NULL,6210,23,NULL,NULL,660,1,NULL,NULL,40741,40746,00000200,NULL,NULL,'2020-11-02','2020-11-02',0003,1,NULL,95552.25,NULL,'2022-03-30 19:17:48','2022-03-30 19:17:48',NULL),(148,6834,1,1,NULL,NULL,6210,23,NULL,NULL,660,1,NULL,NULL,40741,40746,00000201,NULL,NULL,'2020-11-07','2020-11-07',0003,1,NULL,31198.64,NULL,'2022-03-30 19:17:48','2022-03-30 19:17:48',NULL),(149,6834,1,1,NULL,NULL,6210,23,NULL,NULL,660,1,NULL,NULL,40741,40746,00000202,NULL,NULL,'2020-11-09','2020-11-09',0003,1,NULL,17537.26,NULL,'2022-03-30 19:17:48','2022-03-30 19:17:48',NULL),(150,6834,1,1,NULL,NULL,6210,23,NULL,NULL,660,1,NULL,NULL,40741,40746,00000203,NULL,NULL,'2020-11-16','2020-11-16',0003,1,NULL,18685.79,NULL,'2022-03-30 19:17:48','2022-03-30 19:17:48',NULL);
INSERT INTO `receipts` VALUES (151,6834,1,1,NULL,NULL,6210,23,NULL,NULL,660,1,NULL,NULL,40741,40765,00000204,NULL,NULL,'2020-11-17','2020-11-17',0003,1,NULL,55942.66,NULL,'2022-03-30 19:17:48','2022-03-30 19:17:48',NULL),(152,6834,1,1,NULL,NULL,6210,23,NULL,NULL,660,1,NULL,NULL,40741,40765,00000205,NULL,NULL,'2020-11-17','2020-11-17',0003,1,NULL,55942.66,NULL,'2022-03-30 19:17:48','2022-03-30 19:17:48',NULL),(153,6834,1,1,NULL,NULL,6210,23,NULL,NULL,660,1,NULL,NULL,40741,40746,00000206,NULL,NULL,'2020-11-17','2020-11-17',0003,1,NULL,24506.08,NULL,'2022-03-30 19:17:48','2022-03-30 19:17:48',NULL),(154,6834,1,3,NULL,NULL,6210,23,NULL,NULL,660,1,NULL,NULL,40741,40765,00000010,NULL,NULL,'2020-11-17','2020-11-17',0003,1,NULL,55942.66,NULL,'2022-03-30 19:17:48','2022-03-30 19:17:48',NULL),(155,6834,1,1,NULL,NULL,6210,23,NULL,NULL,660,1,NULL,NULL,40741,40760,00000207,NULL,NULL,'2020-11-22','2020-11-22',0003,1,NULL,19360.00,NULL,'2022-03-30 19:17:48','2022-03-30 19:17:48',NULL),(156,6834,1,1,NULL,NULL,6210,23,NULL,NULL,660,1,NULL,NULL,40741,40764,00000208,NULL,NULL,'2020-11-26','2020-11-26',0003,1,NULL,95355.26,NULL,'2022-03-30 19:17:48','2022-03-30 19:17:48',NULL),(157,6834,1,1,NULL,NULL,6211,23,NULL,NULL,660,1,NULL,NULL,40741,40764,00000209,NULL,NULL,'2020-12-07','2020-12-07',0003,1,NULL,89239.92,NULL,'2022-03-30 19:18:23','2022-03-30 19:18:23',NULL),(158,6834,1,1,NULL,NULL,6211,23,NULL,NULL,660,1,NULL,NULL,40741,40765,00000210,NULL,NULL,'2020-12-07','2020-12-07',0003,1,NULL,53633.25,NULL,'2022-03-30 19:18:23','2022-03-30 19:18:23',NULL),(159,6834,1,3,NULL,NULL,6211,23,NULL,NULL,660,1,NULL,NULL,40741,40764,00000011,NULL,NULL,'2020-12-09','2020-12-09',0003,1,NULL,95355.26,NULL,'2022-03-30 19:18:23','2022-03-30 19:18:23',NULL),(160,6834,1,3,NULL,NULL,6211,23,NULL,NULL,660,1,NULL,NULL,40741,40764,00000012,NULL,NULL,'2020-12-09','2020-12-09',0003,1,NULL,89239.92,NULL,'2022-03-30 19:18:23','2022-03-30 19:18:23',NULL),(161,6834,1,1,NULL,NULL,6211,23,NULL,NULL,660,1,NULL,NULL,40741,40742,00000211,NULL,NULL,'2020-12-11','2020-12-11',0003,1,NULL,95355.26,NULL,'2022-03-30 19:18:23','2022-03-30 19:18:23',NULL),(162,6834,1,1,NULL,NULL,6211,23,NULL,NULL,660,1,NULL,NULL,40741,40742,00000212,NULL,NULL,'2020-12-11','2020-12-11',0003,1,NULL,89138.28,NULL,'2022-03-30 19:18:23','2022-03-30 19:18:23',NULL),(163,6834,1,1,NULL,NULL,6211,23,NULL,NULL,660,1,NULL,NULL,40741,40746,00000213,NULL,NULL,'2020-12-11','2020-12-11',0003,1,NULL,33303.07,NULL,'2022-03-30 19:18:23','2022-03-30 19:18:23',NULL),(164,6834,1,1,NULL,NULL,6211,23,NULL,NULL,660,1,NULL,NULL,40741,40742,00000214,NULL,NULL,'2020-12-12','2020-12-12',0003,1,NULL,1677.06,NULL,'2022-03-30 19:18:23','2022-03-30 19:18:23',NULL),(165,6834,1,1,NULL,NULL,6211,23,NULL,NULL,660,1,NULL,NULL,40741,40765,00000215,NULL,NULL,'2020-12-17','2020-12-17',0003,1,NULL,71928.45,NULL,'2022-03-30 19:18:23','2022-03-30 19:18:23',NULL),(166,6834,1,1,NULL,NULL,6211,23,NULL,NULL,660,1,NULL,NULL,40741,40742,00000216,NULL,NULL,'2020-12-18','2020-12-18',0003,1,NULL,90967.80,NULL,'2022-03-30 19:18:23','2022-03-30 19:18:23',NULL),(167,6834,1,1,NULL,NULL,6211,23,NULL,NULL,660,1,NULL,NULL,40741,40765,00000217,NULL,NULL,'2020-12-24','2020-12-24',0003,1,NULL,74311.99,NULL,'2022-03-30 19:18:23','2022-03-30 19:18:23',NULL),(168,6834,1,1,NULL,NULL,6211,23,NULL,NULL,660,1,NULL,NULL,40741,40766,00000218,NULL,NULL,'2020-12-28','2020-12-28',0003,1,NULL,91926.12,NULL,'2022-03-30 19:18:23','2022-03-30 19:18:23',NULL),(169,6834,1,1,NULL,NULL,6211,23,NULL,NULL,660,1,NULL,NULL,40741,40761,00000219,NULL,NULL,'2020-12-29','2020-12-29',0003,1,NULL,32125.50,NULL,'2022-03-30 19:18:23','2022-03-30 19:18:23',NULL),(170,6834,1,1,NULL,NULL,6211,23,NULL,NULL,660,1,NULL,NULL,40741,40742,00000220,NULL,NULL,'2020-12-30','2020-12-30',0003,1,NULL,4331.80,NULL,'2022-03-30 19:18:24','2022-03-30 19:18:24',NULL),(171,6834,2,7,NULL,NULL,6200,23,250,NULL,660,1,NULL,NULL,40741,40767,00001596,NULL,NULL,'2020-01-09','2020-01-09',0002,1,NULL,780.00,NULL,'2022-03-30 19:19:14','2022-03-30 19:19:14',NULL);
INSERT INTO `receipts` VALUES (172,6834,2,1,NULL,NULL,6200,23,217,NULL,660,1,NULL,NULL,40741,40743,00016717,NULL,NULL,'2020-01-14','2020-01-14',0007,1,NULL,2751.73,NULL,'2022-03-30 19:19:14','2022-03-30 19:19:14',NULL),(173,6834,2,1,NULL,NULL,6200,23,217,NULL,660,1,NULL,NULL,40741,40768,00000524,NULL,NULL,'2020-01-22','2020-01-22',0001,1,NULL,63000.01,NULL,'2022-03-30 19:19:14','2022-03-30 19:19:14',NULL),(174,6834,2,3,NULL,NULL,6200,23,217,NULL,660,1,NULL,NULL,40741,40769,00001470,NULL,NULL,'2020-01-30','2020-01-30',0004,1,NULL,6860.70,NULL,'2022-03-30 19:19:14','2022-03-30 19:19:14',NULL),(175,6834,2,3,NULL,NULL,6200,23,217,NULL,660,1,NULL,NULL,40741,40769,00001469,NULL,NULL,'2020-01-30','2020-01-30',0004,1,NULL,1826.98,NULL,'2022-03-30 19:19:14','2022-03-30 19:19:14',NULL),(176,6834,2,2,NULL,NULL,6201,23,217,NULL,660,1,NULL,NULL,40741,40745,00008244,NULL,NULL,'2020-02-03','2020-02-03',0002,1,NULL,10058.23,NULL,'2022-03-30 19:20:18','2022-03-30 19:20:18',NULL),(177,6834,2,1,NULL,NULL,6201,23,217,NULL,660,1,NULL,NULL,40741,40770,00002238,NULL,NULL,'2020-02-07','2020-02-07',0003,1,NULL,33234.05,NULL,'2022-03-30 19:20:18','2022-03-30 19:20:18',NULL),(178,6834,2,7,NULL,NULL,6201,23,250,NULL,660,1,NULL,NULL,40741,40771,00000240,NULL,NULL,'2020-02-28','2020-02-28',0001,1,NULL,12500.00,NULL,'2022-03-30 19:20:18','2022-03-30 19:20:18',NULL),(179,6834,2,1,NULL,NULL,6202,23,217,NULL,660,1,NULL,NULL,40741,40772,00033991,NULL,NULL,'2020-03-03','2020-03-03',0005,1,NULL,459.03,NULL,'2022-03-30 19:22:19','2022-03-30 19:22:19',NULL),(180,6834,2,1,NULL,NULL,6202,23,217,NULL,660,1,NULL,NULL,40741,40773,00005170,NULL,NULL,'2020-03-04','2020-03-04',0006,1,NULL,250.00,NULL,'2022-03-30 19:22:19','2022-03-30 19:22:19',NULL),(181,6834,2,1,NULL,NULL,6202,23,217,NULL,660,1,NULL,NULL,40741,40774,00029994,NULL,NULL,'2020-03-10','2020-03-10',0106,1,NULL,19254.72,NULL,'2022-03-30 19:22:19','2022-03-30 19:22:19',NULL),(182,6834,2,1,NULL,NULL,6202,23,217,NULL,660,1,NULL,NULL,40741,40775,00000221,NULL,NULL,'2020-03-18','2020-03-18',0002,1,NULL,265000.01,NULL,'2022-03-30 19:22:19','2022-03-30 19:22:19',NULL),(183,6834,2,2,NULL,NULL,6203,23,217,NULL,660,1,NULL,NULL,40741,40751,00000213,NULL,NULL,'2020-04-15','2020-04-15',0002,1,NULL,4111.81,NULL,'2022-03-30 19:35:41','2022-03-30 19:35:41',NULL),(184,6834,2,3,NULL,NULL,6203,23,217,NULL,660,1,NULL,NULL,40741,40751,00000024,NULL,NULL,'2020-04-16','2020-04-16',0002,1,NULL,4111.81,NULL,'2022-03-30 19:35:41','2022-03-30 19:35:41',NULL),(185,6834,2,2,NULL,NULL,6203,23,217,NULL,660,1,NULL,NULL,40741,40751,00000214,NULL,NULL,'2020-04-16','2020-04-16',0002,1,NULL,3116.80,NULL,'2022-03-30 19:35:41','2022-03-30 19:35:41',NULL),(186,6834,2,1,NULL,NULL,6203,23,217,NULL,660,1,NULL,NULL,40741,40776,00087603,NULL,NULL,'2020-04-23','2020-04-23',0014,1,NULL,4547.63,NULL,'2022-03-30 19:35:41','2022-03-30 19:35:41',NULL),(187,6834,2,1,NULL,NULL,6203,23,217,NULL,660,1,NULL,NULL,40741,40777,00046952,NULL,NULL,'2020-04-23','2020-04-23',0003,1,NULL,8918.56,NULL,'2022-03-30 19:35:41','2022-03-30 19:35:41',NULL),(188,6834,2,2,NULL,NULL,6203,23,217,NULL,660,1,NULL,NULL,40741,40751,00000248,NULL,NULL,'2020-04-24','2020-04-24',0002,1,NULL,2831.71,NULL,'2022-03-30 19:35:41','2022-03-30 19:35:41',NULL),(189,6834,2,1,NULL,NULL,6203,23,217,NULL,660,1,NULL,NULL,40741,40777,00046997,NULL,NULL,'2020-04-27','2020-04-27',0003,1,NULL,205.45,NULL,'2022-03-30 19:35:41','2022-03-30 19:35:41',NULL),(190,6834,2,1,NULL,NULL,6203,23,217,NULL,660,1,NULL,NULL,40741,40752,00002401,NULL,NULL,'2020-04-28','2020-04-28',0007,1,NULL,5541.18,NULL,'2022-03-30 19:35:41','2022-03-30 19:35:41',NULL),(191,6834,2,1,NULL,NULL,6204,23,217,NULL,660,1,NULL,NULL,40741,40752,00003700,NULL,NULL,'2020-05-04','2020-05-04',0005,1,NULL,5768.63,NULL,'2022-03-30 23:12:07','2022-03-30 23:12:07',NULL),(192,6834,2,1,NULL,NULL,6204,23,217,NULL,660,1,NULL,NULL,40741,40752,00002406,NULL,NULL,'2020-05-07','2020-05-07',0007,1,NULL,46624.37,NULL,'2022-03-30 23:12:07','2022-03-30 23:12:07',NULL);
INSERT INTO `receipts` VALUES (193,6834,2,2,NULL,NULL,6204,23,217,NULL,660,1,NULL,NULL,40741,40751,00000306,NULL,NULL,'2020-05-11','2020-05-11',0002,1,NULL,2685.43,NULL,'2022-03-30 23:12:07','2022-03-30 23:12:07',NULL),(194,6834,2,1,NULL,NULL,6204,23,217,NULL,660,1,NULL,NULL,40741,40778,00001256,NULL,NULL,'2020-05-12','2020-05-12',0009,1,NULL,23568.19,NULL,'2022-03-30 23:12:07','2022-03-30 23:12:07',NULL),(195,6834,2,7,NULL,NULL,6204,23,250,NULL,660,1,NULL,NULL,40741,40779,03316364,NULL,NULL,'2020-05-13','2020-05-13',0400,1,NULL,815.00,NULL,'2022-03-30 23:12:07','2022-03-30 23:12:07',NULL),(196,6834,2,1,NULL,NULL,6204,23,217,NULL,660,1,NULL,NULL,40741,40780,00039203,NULL,NULL,'2020-05-15','2020-05-15',0005,1,NULL,6071.85,NULL,'2022-03-30 23:12:07','2022-03-30 23:12:07',NULL),(197,6834,2,1,NULL,NULL,6204,23,217,NULL,660,1,NULL,NULL,40741,40781,00003844,NULL,NULL,'2020-05-16','2020-05-16',0005,1,NULL,490.00,NULL,'2022-03-30 23:12:07','2022-03-30 23:12:07',NULL),(198,6834,2,1,NULL,NULL,6204,23,217,NULL,660,1,NULL,NULL,40741,40780,00039264,NULL,NULL,'2020-05-18','2020-05-18',0005,1,NULL,1985.97,NULL,'2022-03-30 23:12:07','2022-03-30 23:12:07',NULL),(199,6834,2,1,NULL,NULL,6205,23,217,NULL,660,1,NULL,NULL,40741,40755,00015968,NULL,NULL,'2020-06-13','2020-06-13',0034,1,NULL,23847.35,NULL,'2022-03-30 23:13:11','2022-03-30 23:13:11',NULL),(200,6834,2,2,NULL,NULL,6205,23,217,NULL,660,1,NULL,NULL,40741,40751,00000442,NULL,NULL,'2020-06-26','2020-06-26',0002,1,NULL,7376.57,NULL,'2022-03-30 23:13:11','2022-03-30 23:13:11',NULL),(201,6834,2,1,NULL,NULL,6205,23,217,NULL,660,1,NULL,NULL,40741,40782,00013215,NULL,NULL,'2020-06-27','2020-06-27',0047,1,NULL,180773.55,NULL,'2022-03-30 23:13:11','2022-03-30 23:13:11',NULL),(202,6834,2,1,NULL,NULL,6206,23,217,NULL,660,1,NULL,NULL,40741,40785,00018287,NULL,NULL,'2020-07-06','2020-07-06',0003,1,NULL,9330.00,NULL,'2022-03-30 23:14:52','2022-03-30 23:14:52',NULL),(203,6834,2,1,NULL,NULL,6206,23,217,NULL,660,1,NULL,NULL,40741,40769,00007182,NULL,NULL,'2020-07-14','2020-07-14',0004,1,NULL,452408.09,NULL,'2022-03-30 23:14:52','2022-03-30 23:14:52',NULL),(204,6834,2,1,NULL,NULL,6206,23,217,NULL,660,1,NULL,NULL,40741,40769,00007181,NULL,NULL,'2020-07-14','2020-07-14',0004,1,NULL,237208.84,NULL,'2022-03-30 23:14:52','2022-03-30 23:14:52',NULL),(205,6834,2,1,NULL,NULL,6206,23,217,NULL,660,1,NULL,NULL,40741,40772,00036670,NULL,NULL,'2020-07-21','2020-07-21',0005,1,NULL,471.90,NULL,'2022-03-30 23:14:52','2022-03-30 23:14:52',NULL),(206,6834,2,1,NULL,NULL,6206,23,217,NULL,660,1,NULL,NULL,40741,40780,00041071,NULL,NULL,'2020-07-21','2020-07-21',0005,1,NULL,861.82,NULL,'2022-03-30 23:14:52','2022-03-30 23:14:52',NULL),(207,6834,2,7,NULL,NULL,6206,23,250,NULL,660,1,NULL,NULL,40741,40786,00024017,NULL,NULL,'2020-07-22','2020-07-22',0008,1,NULL,1998.00,NULL,'2022-03-30 23:14:52','2022-03-30 23:14:52',NULL),(208,6834,2,1,NULL,NULL,6206,23,217,NULL,660,1,NULL,NULL,40741,40761,00000270,NULL,NULL,'2020-07-23','2020-07-23',0004,1,NULL,13187.43,NULL,'2022-03-30 23:14:52','2022-03-30 23:14:52',NULL),(209,6834,2,3,NULL,NULL,6206,23,217,NULL,660,1,NULL,NULL,40741,40782,00001756,NULL,NULL,'2020-07-31','2020-07-31',0047,1,NULL,16176.55,NULL,'2022-03-30 23:14:52','2022-03-30 23:14:52',NULL),(210,6834,2,1,NULL,NULL,6206,23,217,NULL,660,1,NULL,NULL,40741,40761,00000272,NULL,NULL,'2020-07-31','2020-07-31',0004,1,NULL,7112.57,NULL,'2022-03-30 23:14:52','2022-03-30 23:14:52',NULL),(211,6834,2,1,NULL,NULL,6207,23,217,NULL,660,1,NULL,NULL,40741,40787,00000411,NULL,NULL,'2020-08-05','2020-08-05',0002,1,NULL,30119.32,NULL,'2022-03-30 23:15:35','2022-03-30 23:15:35',NULL),(212,6834,2,1,NULL,NULL,6207,23,217,NULL,660,1,NULL,NULL,40741,40769,00007297,NULL,NULL,'2020-08-07','2020-08-07',0004,1,NULL,30478.99,NULL,'2022-03-30 23:15:35','2022-03-30 23:15:35',NULL),(213,6834,2,3,NULL,NULL,6207,23,217,NULL,660,1,NULL,NULL,40741,40769,00001678,NULL,NULL,'2020-08-26','2020-08-26',0004,1,NULL,4571.85,NULL,'2022-03-30 23:15:35','2022-03-30 23:15:35',NULL);
INSERT INTO `receipts` VALUES (214,6834,2,1,NULL,NULL,6209,23,217,NULL,660,1,NULL,NULL,40741,40788,00007609,NULL,NULL,'2020-10-05','2020-10-05',0015,1,NULL,305.23,NULL,'2022-03-30 23:16:49','2022-03-30 23:16:49',NULL),(215,6834,2,2,NULL,NULL,6209,23,217,NULL,660,1,NULL,NULL,40741,40751,00000979,NULL,NULL,'2020-10-27','2020-10-27',0002,1,NULL,3108.50,NULL,'2022-03-30 23:16:49','2022-03-30 23:16:49',NULL),(216,6834,2,1,NULL,NULL,6209,23,217,NULL,660,1,NULL,NULL,40741,40763,00000589,NULL,NULL,'2020-10-31','2020-10-31',0002,1,NULL,4799.37,NULL,'2022-03-30 23:16:49','2022-03-30 23:16:49',NULL),(217,6834,2,1,NULL,NULL,6210,23,217,NULL,660,1,NULL,NULL,40741,40763,00000600,NULL,NULL,'2020-11-07','2020-11-07',0002,1,NULL,4799.37,NULL,'2022-03-30 23:17:32','2022-03-30 23:17:32',NULL),(218,6834,2,1,NULL,NULL,6210,23,217,NULL,660,1,NULL,NULL,40741,40789,00028541,NULL,NULL,'2020-11-17','2020-11-17',0016,1,NULL,8443.29,NULL,'2022-03-30 23:17:32','2022-03-30 23:17:32',NULL),(219,6834,2,1,NULL,NULL,6210,23,217,NULL,660,1,NULL,NULL,40741,40765,00002808,NULL,NULL,'2020-11-19','2020-11-19',0004,1,NULL,4358.33,NULL,'2022-03-30 23:17:32','2022-03-30 23:17:32',NULL),(220,6834,2,1,NULL,NULL,6210,23,217,NULL,660,1,NULL,NULL,40741,40790,00101267,NULL,NULL,'2020-11-25','2020-11-25',0033,1,NULL,107989.23,NULL,'2022-03-30 23:17:32','2022-03-30 23:17:32',NULL),(221,6834,2,3,NULL,NULL,6210,23,217,NULL,660,1,NULL,NULL,40741,40790,00006848,NULL,NULL,'2020-11-25','2020-11-25',0033,1,NULL,113344.07,NULL,'2022-03-30 23:17:32','2022-03-30 23:17:32',NULL),(222,6834,2,1,NULL,NULL,6210,23,217,NULL,660,1,NULL,NULL,40741,40790,00101266,NULL,NULL,'2020-11-25','2020-11-25',0033,1,NULL,113344.07,NULL,'2022-03-30 23:17:32','2022-03-30 23:17:32',NULL),(223,6834,2,1,NULL,NULL,6210,23,217,NULL,660,1,NULL,NULL,40741,40789,00028702,NULL,NULL,'2020-11-28','2020-11-28',0016,1,NULL,39182.99,NULL,'2022-03-30 23:17:32','2022-03-30 23:17:32',NULL),(224,6834,2,1,NULL,NULL,6211,23,217,NULL,660,1,NULL,NULL,40741,40791,00018418,NULL,NULL,'2020-12-04','2020-12-04',0335,1,NULL,18370.59,NULL,'2022-03-30 23:18:53','2022-03-30 23:18:53',NULL),(225,6834,2,1,NULL,NULL,6211,23,217,NULL,660,1,NULL,NULL,40741,40791,00003719,NULL,NULL,'2020-12-05','2020-12-05',0338,1,NULL,11587.60,NULL,'2022-03-30 23:18:53','2022-03-30 23:18:53',NULL),(226,6834,2,1,NULL,NULL,6211,23,217,NULL,660,1,NULL,NULL,40741,40791,00003720,NULL,NULL,'2020-12-05','2020-12-05',0338,1,NULL,11587.60,NULL,'2022-03-30 23:18:53','2022-03-30 23:18:53',NULL),(227,6834,2,3,NULL,NULL,6211,23,217,NULL,660,1,NULL,NULL,40741,40789,00004525,NULL,NULL,'2020-12-05','2020-12-05',0015,1,NULL,6485.00,NULL,'2022-03-30 23:18:53','2022-03-30 23:18:53',NULL),(228,6834,2,1,NULL,NULL,6211,23,217,NULL,660,1,NULL,NULL,40741,40765,00002908,NULL,NULL,'2020-12-09','2020-12-09',0004,1,NULL,4697.22,NULL,'2022-03-30 23:18:53','2022-03-30 23:18:53',NULL),(229,6834,2,1,NULL,NULL,6211,23,217,NULL,660,1,NULL,NULL,40741,40791,00018547,NULL,NULL,'2020-12-12','2020-12-12',0335,1,NULL,20994.96,NULL,'2022-03-30 23:18:53','2022-03-30 23:18:53',NULL),(230,6834,2,1,NULL,NULL,6211,23,217,NULL,660,1,NULL,NULL,40741,40791,00018616,NULL,NULL,'2020-12-15','2020-12-15',0335,1,NULL,7610.68,NULL,'2022-03-30 23:18:53','2022-03-30 23:18:53',NULL),(231,6834,2,4,NULL,NULL,6211,23,217,NULL,660,1,NULL,NULL,40741,40792,00022574,NULL,NULL,'2020-12-17','2020-12-17',0002,1,NULL,2800.00,NULL,'2022-03-30 23:18:53','2022-03-30 23:18:53',NULL),(232,6834,2,1,NULL,NULL,6211,23,217,NULL,660,1,NULL,NULL,40741,40765,00002965,NULL,NULL,'2020-12-17','2020-12-17',0004,1,NULL,6113.92,NULL,'2022-03-30 23:18:53','2022-03-30 23:18:53',NULL),(233,6834,2,1,NULL,NULL,6211,23,217,NULL,660,1,NULL,NULL,40741,40793,00007322,NULL,NULL,'2020-12-21','2020-12-21',0004,1,NULL,12800.00,NULL,'2022-03-30 23:18:53','2022-03-30 23:18:53',NULL),(234,6834,2,1,NULL,NULL,6211,23,217,NULL,660,1,NULL,NULL,40741,40765,00003007,NULL,NULL,'2020-12-26','2020-12-26',0004,1,NULL,6316.50,NULL,'2022-03-30 23:18:53','2022-03-30 23:18:53',NULL);

--
-- Table structure for table `recibo_config`
--

CREATE TABLE `recibo_config` (
  `id` int(10) unsigned NOT NULL AUTO_INCREMENT,
  `user_id` int(10) unsigned DEFAULT NULL,
  `person_id` int(10) unsigned NOT NULL,
  `num_inicial` int(10) unsigned NOT NULL DEFAULT '0',
  `created_at` timestamp NULL DEFAULT NULL,
  `updated_at` timestamp NULL DEFAULT NULL,
  `deleted_at` timestamp NULL DEFAULT NULL,
  PRIMARY KEY (`id`),
  KEY `recibo_config_person_id_foreign` (`person_id`),
  CONSTRAINT `recibo_config_person_id_foreign` FOREIGN KEY (`person_id`) REFERENCES `persons` (`id`)
) ENGINE=InnoDB AUTO_INCREMENT=2 DEFAULT CHARSET=utf8mb4 COLLATE=utf8mb4_unicode_ci;

--
-- Dumping data for table `recibo_config`
--

INSERT INTO `recibo_config` VALUES (1,6834,40741,0,'2022-03-31 00:15:10','2022-03-31 00:15:10',NULL);

--
-- Table structure for table `recibos`
--

CREATE TABLE `recibos` (
  `id` int(10) unsigned NOT NULL AUTO_INCREMENT,
  `user_id` int(10) unsigned NOT NULL,
  `fecha` date NOT NULL DEFAULT '2019-12-13',
  `punto_venta_id` int(10) unsigned NOT NULL,
  `numero` int(10) unsigned NOT NULL,
  `person_id` int(10) unsigned NOT NULL,
  `person_id_receptor` int(10) unsigned NOT NULL DEFAULT '3',
  `condicion_venta_id` int(10) unsigned NOT NULL DEFAULT '1',
  `cond_frente_iva_id` int(10) unsigned NOT NULL DEFAULT '1',
  `importe` decimal(16,2) NOT NULL DEFAULT '0.00',
  `en_concepto_de` longtext COLLATE utf8mb4_unicode_ci,
  `ret_ganancias` decimal(16,2) NOT NULL DEFAULT '0.00',
  `ret_iva` decimal(16,2) NOT NULL DEFAULT '0.00',
  `ret_iibb` decimal(16,2) NOT NULL DEFAULT '0.00',
  `imp_internos` decimal(16,2) NOT NULL DEFAULT '0.00',
  `imp_municipales` decimal(16,2) NOT NULL DEFAULT '0.00',
  `total_otros_tributos` decimal(16,2) NOT NULL DEFAULT '0.00',
  `total` decimal(16,2) NOT NULL DEFAULT '0.00',
  `comentario` varchar(191) COLLATE utf8mb4_unicode_ci DEFAULT NULL,
  `created_at` timestamp NULL DEFAULT NULL,
  `updated_at` timestamp NULL DEFAULT NULL,
  `deleted_at` timestamp NULL DEFAULT NULL,
  PRIMARY KEY (`id`),
  KEY `recibos_punto_venta_id_foreign` (`punto_venta_id`),
  KEY `recibos_person_id_foreign` (`person_id`),
  KEY `recibos_person_id_receptor_foreign` (`person_id_receptor`),
  KEY `recibos_condicion_venta_id_foreign` (`condicion_venta_id`),
  KEY `recibos_cond_frente_iva_id_foreign` (`cond_frente_iva_id`),
  CONSTRAINT `recibos_cond_frente_iva_id_foreign` FOREIGN KEY (`cond_frente_iva_id`) REFERENCES `fac_elec_cond_frente_iva` (`id`),
  CONSTRAINT `recibos_condicion_venta_id_foreign` FOREIGN KEY (`condicion_venta_id`) REFERENCES `condiciones_venta` (`id`),
  CONSTRAINT `recibos_person_id_foreign` FOREIGN KEY (`person_id`) REFERENCES `persons` (`id`),
  CONSTRAINT `recibos_person_id_receptor_foreign` FOREIGN KEY (`person_id_receptor`) REFERENCES `persons` (`id`),
  CONSTRAINT `recibos_punto_venta_id_foreign` FOREIGN KEY (`punto_venta_id`) REFERENCES `fact_elec_puntos_venta` (`id`)
) ENGINE=InnoDB DEFAULT CHARSET=utf8mb4 COLLATE=utf8mb4_unicode_ci;

--
-- Dumping data for table `recibos`
--


--
-- Table structure for table `remito_config`
--

CREATE TABLE `remito_config` (
  `id` int(10) unsigned NOT NULL AUTO_INCREMENT,
  `user_id` int(10) unsigned NOT NULL,
  `person_id` int(10) unsigned NOT NULL,
  `num_inicial` int(10) unsigned NOT NULL DEFAULT '0',
  `created_at` timestamp NULL DEFAULT NULL,
  `updated_at` timestamp NULL DEFAULT NULL,
  `deleted_at` timestamp NULL DEFAULT NULL,
  PRIMARY KEY (`id`),
  KEY `remito_config_person_id_foreign` (`person_id`),
  CONSTRAINT `remito_config_person_id_foreign` FOREIGN KEY (`person_id`) REFERENCES `persons` (`id`)
) ENGINE=InnoDB AUTO_INCREMENT=2 DEFAULT CHARSET=utf8mb4 COLLATE=utf8mb4_unicode_ci;

--
-- Dumping data for table `remito_config`
--

INSERT INTO `remito_config` VALUES (1,6834,40741,0,'2022-03-31 00:15:10','2022-03-31 00:15:10',NULL);

--
-- Table structure for table `remitos`
--

