INSERT INTO `cta_cte_cliente_pivot_receipt` VALUES (5049,11015,5049,5050,NULL,0,NULL,'2025-02-12 14:36:32','2025-02-12 14:36:32',NULL),(5050,9183,5050,5051,NULL,0,NULL,'2025-02-12 17:09:46','2025-02-12 17:09:46',NULL),(5051,9183,5051,5052,NULL,0,NULL,'2025-02-12 19:24:06','2025-02-12 19:24:06',NULL),(5052,9183,5052,5053,NULL,0,NULL,'2025-02-14 19:00:03','2025-02-14 19:00:03',NULL),(5053,7216,5053,5054,NULL,0,NULL,'2025-02-15 09:15:40','2025-02-15 09:15:40',NULL),(5054,7216,5054,5055,NULL,0,NULL,'2025-02-15 09:15:41','2025-02-15 09:15:41',NULL),(5055,7216,5055,5056,NULL,0,NULL,'2025-02-15 09:15:41','2025-02-15 09:15:41',NULL),(5056,7216,5056,4813,NULL,0,NULL,'2025-02-15 09:39:20','2025-02-15 09:39:20',NULL),(5057,7216,5057,4845,NULL,0,NULL,'2025-02-15 09:43:05','2025-02-15 09:43:05',NULL),(5058,7216,5058,4829,NULL,0,NULL,'2025-02-15 09:58:03','2025-02-15 09:58:03',NULL),(5059,7216,5059,5057,NULL,0,NULL,'2025-02-15 10:47:15','2025-02-15 10:47:15',NULL),(5060,7216,5060,5058,NULL,0,NULL,'2025-02-15 10:47:15','2025-02-15 10:47:15',NULL),(5061,7216,5061,5059,NULL,0,NULL,'2025-02-15 10:47:15','2025-02-15 10:47:15',NULL),(5062,7216,5062,5060,NULL,0,NULL,'2025-02-15 10:47:15','2025-02-15 10:47:15',NULL),(5063,7216,5063,5061,NULL,0,NULL,'2025-02-15 10:47:15','2025-02-15 10:47:15',NULL),(5064,7216,5064,5062,NULL,0,NULL,'2025-02-15 10:47:15','2025-02-15 10:47:15',NULL),(5065,7216,5065,5063,NULL,0,NULL,'2025-02-15 10:47:15','2025-02-15 10:47:15',NULL),(5066,7216,5066,5064,NULL,0,NULL,'2025-02-15 10:47:15','2025-02-15 10:47:15',NULL),(5067,7216,5067,5065,NULL,0,NULL,'2025-02-15 10:47:15','2025-02-15 10:47:15',NULL),(5068,7216,5068,5066,NULL,0,NULL,'2025-02-15 10:47:15','2025-02-15 10:47:15',NULL),(5069,7216,5069,5067,NULL,0,NULL,'2025-02-15 10:47:15','2025-02-15 10:47:15',NULL),(5070,7216,5070,5068,NULL,0,NULL,'2025-02-15 10:47:15','2025-02-15 10:47:15',NULL),(5071,7216,5071,5069,NULL,0,NULL,'2025-02-15 10:47:15','2025-02-15 10:47:15',NULL),(5072,7216,5072,5070,NULL,0,NULL,'2025-02-15 10:47:15','2025-02-15 10:47:15',NULL),(5073,7216,5073,5071,NULL,0,NULL,'2025-02-15 10:47:16','2025-02-15 10:47:16',NULL),(5074,7216,5074,5072,NULL,0,NULL,'2025-02-15 10:47:16','2025-02-15 10:47:16',NULL),(5075,7216,5075,5073,NULL,0,NULL,'2025-02-15 10:47:16','2025-02-15 10:47:16',NULL),(5076,7216,5076,5074,NULL,0,NULL,'2025-02-15 10:47:16','2025-02-15 10:47:16',NULL),(5077,7216,5077,5075,NULL,0,NULL,'2025-02-15 10:47:16','2025-02-15 10:47:16',NULL),(5078,7216,5078,5076,NULL,0,NULL,'2025-02-15 10:47:16','2025-02-15 10:47:16',NULL),(5079,7216,5079,5077,NULL,0,NULL,'2025-02-15 10:47:16','2025-02-15 10:47:16',NULL),(5080,7216,5080,5078,NULL,0,NULL,'2025-02-15 10:47:16','2025-02-15 10:47:16',NULL),(5081,7216,5081,5079,NULL,0,NULL,'2025-02-15 10:47:16','2025-02-15 10:47:16',NULL),(5082,7216,5082,5080,NULL,0,NULL,'2025-02-15 10:47:16','2025-02-15 10:47:16',NULL),(5083,7216,5083,5081,NULL,0,NULL,'2025-02-15 10:47:16','2025-02-15 10:47:16',NULL),(5084,7216,5084,5082,NULL,0,NULL,'2025-02-15 10:47:16','2025-02-15 10:47:16',NULL),(5085,7216,5085,5083,NULL,0,NULL,'2025-02-15 10:47:16','2025-02-15 10:47:16',NULL),(5086,7216,5086,5084,NULL,0,NULL,'2025-02-15 10:47:16','2025-02-15 10:47:16',NULL),(5087,7216,5087,5085,NULL,0,NULL,'2025-02-15 10:47:16','2025-02-15 10:47:16',NULL),(5088,7216,5088,5086,NULL,0,NULL,'2025-02-15 10:47:16','2025-02-15 10:47:16',NULL),(5089,7216,5089,5087,NULL,0,NULL,'2025-02-15 10:47:16','2025-02-15 10:47:16',NULL),(5090,7216,5090,5088,NULL,0,NULL,'2025-02-15 10:47:17','2025-02-15 10:47:17',NULL),(5091,7216,5091,5089,NULL,0,NULL,'2025-02-15 10:47:17','2025-02-15 10:47:17',NULL),(5092,7216,5092,5090,NULL,0,NULL,'2025-02-15 10:47:17','2025-02-15 10:47:17',NULL),(5093,7216,5093,5091,NULL,0,NULL,'2025-02-15 10:47:17','2025-02-15 10:47:17',NULL),(5094,7216,5094,5092,NULL,0,NULL,'2025-02-15 10:47:17','2025-02-15 10:47:17',NULL),(5095,7216,5095,5093,NULL,0,NULL,'2025-02-15 10:47:17','2025-02-15 10:47:17',NULL),(5096,7216,5096,5094,NULL,0,NULL,'2025-02-15 10:47:17','2025-02-15 10:47:17',NULL);
INSERT INTO `cta_cte_cliente_pivot_receipt` VALUES (5097,7216,5097,5095,NULL,0,NULL,'2025-02-15 10:47:17','2025-02-15 10:47:17',NULL),(5098,7216,5098,5096,NULL,0,NULL,'2025-02-15 10:47:17','2025-02-15 10:47:17',NULL),(5099,7216,5099,5097,NULL,0,NULL,'2025-02-15 10:47:17','2025-02-15 10:47:17',NULL),(5100,7216,5100,5098,NULL,0,NULL,'2025-02-15 10:47:17','2025-02-15 10:47:17',NULL),(5101,7216,5101,5099,NULL,0,NULL,'2025-02-15 10:47:17','2025-02-15 10:47:17',NULL),(5102,7216,5102,5100,NULL,0,NULL,'2025-02-15 10:47:17','2025-02-15 10:47:17',NULL),(5103,7216,5103,5101,NULL,0,NULL,'2025-02-15 10:47:17','2025-02-15 10:47:17',NULL),(5104,7216,5104,5102,NULL,0,NULL,'2025-02-15 10:47:17','2025-02-15 10:47:17',NULL),(5105,7216,5105,5103,NULL,0,NULL,'2025-02-15 10:47:17','2025-02-15 10:47:17',NULL),(5106,7216,5106,5104,NULL,0,NULL,'2025-02-15 10:47:17','2025-02-15 10:47:17',NULL),(5107,7216,5107,5105,NULL,0,NULL,'2025-02-15 10:47:17','2025-02-15 10:47:17',NULL),(5108,7216,5108,5106,NULL,0,NULL,'2025-02-15 10:47:18','2025-02-15 10:47:18',NULL),(5109,7216,5109,5107,NULL,0,NULL,'2025-02-15 10:47:18','2025-02-15 10:47:18',NULL),(5110,7216,5110,5108,NULL,0,NULL,'2025-02-15 10:47:18','2025-02-15 10:47:18',NULL),(5111,7216,5111,5109,NULL,0,NULL,'2025-02-15 10:47:18','2025-02-15 10:47:18',NULL),(5112,7216,5112,5110,NULL,0,NULL,'2025-02-15 10:47:18','2025-02-15 10:47:18',NULL),(5113,7216,5113,5111,NULL,0,NULL,'2025-02-15 10:47:18','2025-02-15 10:47:18',NULL),(5114,7216,5114,5112,NULL,0,NULL,'2025-02-15 10:47:18','2025-02-15 10:47:18',NULL),(5115,7216,5115,5113,NULL,0,NULL,'2025-02-15 10:47:18','2025-02-15 10:47:18',NULL),(5116,7216,5116,5114,NULL,0,NULL,'2025-02-15 10:47:18','2025-02-15 10:47:18',NULL),(5117,7216,5117,5115,NULL,0,NULL,'2025-02-15 10:47:18','2025-02-15 10:47:18',NULL),(5118,7216,5118,5116,NULL,0,NULL,'2025-02-15 10:47:18','2025-02-15 10:47:18',NULL),(5119,7216,5119,5117,NULL,0,NULL,'2025-02-15 10:47:18','2025-02-15 10:47:18',NULL),(5120,7216,5120,5118,NULL,0,NULL,'2025-02-15 10:47:18','2025-02-15 10:47:18',NULL),(5121,7216,5121,5119,NULL,0,NULL,'2025-02-15 10:47:18','2025-02-15 10:47:18',NULL),(5122,7216,5122,5120,NULL,0,NULL,'2025-02-15 10:47:18','2025-02-15 10:47:18',NULL),(5123,7216,5123,5121,NULL,0,NULL,'2025-02-15 10:47:18','2025-02-15 10:47:18',NULL),(5124,7216,5124,5122,NULL,0,NULL,'2025-02-15 10:47:18','2025-02-15 10:47:18',NULL),(5125,7216,5125,5123,NULL,0,NULL,'2025-02-15 10:47:19','2025-02-15 10:47:19',NULL),(5126,7216,5126,5124,NULL,0,NULL,'2025-02-15 10:47:19','2025-02-15 10:47:19',NULL),(5127,7216,5127,5125,NULL,0,NULL,'2025-02-15 10:47:19','2025-02-15 10:47:19',NULL),(5128,7216,5128,5126,NULL,0,NULL,'2025-02-15 10:47:19','2025-02-15 10:47:19',NULL),(5129,7216,5129,5127,NULL,0,NULL,'2025-02-15 10:47:19','2025-02-15 10:47:19',NULL),(5130,7216,5130,5128,NULL,0,NULL,'2025-02-15 10:47:19','2025-02-15 10:47:19',NULL),(5131,7216,5131,5129,NULL,0,NULL,'2025-02-15 10:47:19','2025-02-15 10:47:19',NULL),(5132,7216,5132,5130,NULL,0,NULL,'2025-02-15 10:47:19','2025-02-15 10:47:19',NULL),(5133,7216,5133,5131,NULL,0,NULL,'2025-02-15 10:47:19','2025-02-15 10:47:19',NULL),(5134,7216,5134,5132,NULL,0,NULL,'2025-02-15 10:47:19','2025-02-15 10:47:19',NULL),(5135,7216,5135,5133,NULL,0,NULL,'2025-02-15 10:47:19','2025-02-15 10:47:19',NULL),(5136,7216,5136,5134,NULL,0,NULL,'2025-02-15 10:47:19','2025-02-15 10:47:19',NULL),(5137,7216,5137,5135,NULL,0,NULL,'2025-02-15 10:47:19','2025-02-15 10:47:19',NULL),(5138,7216,5138,5136,NULL,0,NULL,'2025-02-15 10:47:19','2025-02-15 10:47:19',NULL),(5139,7216,5139,5137,NULL,0,NULL,'2025-02-15 10:47:19','2025-02-15 10:47:19',NULL),(5140,7216,5140,5138,NULL,0,NULL,'2025-02-15 10:47:19','2025-02-15 10:47:19',NULL),(5141,7216,5141,5139,NULL,0,NULL,'2025-02-15 10:47:19','2025-02-15 10:47:19',NULL),(5142,7216,5142,5140,NULL,0,NULL,'2025-02-15 10:47:20','2025-02-15 10:47:20',NULL),(5143,7216,5143,5141,NULL,0,NULL,'2025-02-15 10:47:20','2025-02-15 10:47:20',NULL),(5144,7216,5144,5142,NULL,0,NULL,'2025-02-15 10:47:20','2025-02-15 10:47:20',NULL);
INSERT INTO `cta_cte_cliente_pivot_receipt` VALUES (5145,7216,5145,5143,NULL,0,NULL,'2025-02-15 10:47:20','2025-02-15 10:47:20',NULL),(5146,7216,5146,5144,NULL,0,NULL,'2025-02-15 10:47:20','2025-02-15 10:47:20',NULL),(5147,7216,5147,5145,NULL,0,NULL,'2025-02-15 10:47:20','2025-02-15 10:47:20',NULL),(5148,7216,5148,5146,NULL,0,NULL,'2025-02-15 10:47:20','2025-02-15 10:47:20',NULL),(5149,7216,5149,5147,NULL,0,NULL,'2025-02-15 10:47:20','2025-02-15 10:47:20',NULL),(5150,7216,5150,5148,NULL,0,NULL,'2025-02-15 10:47:20','2025-02-15 10:47:20',NULL),(5151,7216,5151,5149,NULL,0,NULL,'2025-02-15 10:47:20','2025-02-15 10:47:20',NULL),(5152,7216,5152,5150,NULL,0,NULL,'2025-02-15 10:47:20','2025-02-15 10:47:20',NULL),(5153,7216,5153,5151,NULL,0,NULL,'2025-02-15 10:47:20','2025-02-15 10:47:20',NULL),(5154,7216,5154,5152,NULL,0,NULL,'2025-02-15 10:47:20','2025-02-15 10:47:20',NULL),(5155,7216,5155,5153,NULL,0,NULL,'2025-02-15 10:47:20','2025-02-15 10:47:20',NULL),(5156,7216,5156,5154,NULL,0,NULL,'2025-02-15 10:47:20','2025-02-15 10:47:20',NULL),(5157,7216,5157,5155,NULL,0,NULL,'2025-02-15 10:47:20','2025-02-15 10:47:20',NULL),(5158,7216,5158,5156,NULL,0,NULL,'2025-02-15 10:47:20','2025-02-15 10:47:20',NULL),(5159,7216,5159,5157,NULL,0,NULL,'2025-02-15 10:47:20','2025-02-15 10:47:20',NULL),(5160,7216,5160,5158,NULL,0,NULL,'2025-02-15 10:47:21','2025-02-15 10:47:21',NULL),(5161,7216,5161,5159,NULL,0,NULL,'2025-02-15 10:47:21','2025-02-15 10:47:21',NULL),(5162,7216,5162,5160,NULL,0,NULL,'2025-02-15 10:47:21','2025-02-15 10:47:21',NULL),(5163,7216,5163,5161,NULL,0,NULL,'2025-02-15 10:47:21','2025-02-15 10:47:21',NULL),(5164,7216,5164,5162,NULL,0,NULL,'2025-02-15 10:47:21','2025-02-15 10:47:21',NULL),(5165,7216,5165,5163,NULL,0,NULL,'2025-02-15 10:47:21','2025-02-15 10:47:21',NULL),(5166,7216,5166,5164,NULL,0,NULL,'2025-02-15 10:47:21','2025-02-15 10:47:21',NULL),(5167,7216,5167,5165,NULL,0,NULL,'2025-02-15 10:47:21','2025-02-15 10:47:21',NULL),(5168,7216,5168,5166,NULL,0,NULL,'2025-02-15 10:47:21','2025-02-15 10:47:21',NULL),(5169,7216,5169,5167,NULL,0,NULL,'2025-02-15 10:47:21','2025-02-15 10:47:21',NULL),(5170,7216,5170,5168,NULL,0,NULL,'2025-02-15 10:47:21','2025-02-15 10:47:21',NULL),(5171,7216,5171,5169,NULL,0,NULL,'2025-02-15 10:47:21','2025-02-15 10:47:21',NULL),(5172,7216,5172,5170,NULL,0,NULL,'2025-02-15 10:47:21','2025-02-15 10:47:21',NULL),(5173,7216,5173,5171,NULL,0,NULL,'2025-02-15 10:47:21','2025-02-15 10:47:21',NULL),(5174,7216,5174,5172,NULL,0,NULL,'2025-02-15 10:47:21','2025-02-15 10:47:21',NULL),(5175,7216,5175,5173,NULL,0,NULL,'2025-02-15 10:47:21','2025-02-15 10:47:21',NULL),(5176,7216,5176,5174,NULL,0,NULL,'2025-02-15 10:47:21','2025-02-15 10:47:21',NULL),(5177,7216,5177,5175,NULL,0,NULL,'2025-02-15 10:47:22','2025-02-15 10:47:22',NULL),(5178,7216,5178,5176,NULL,0,NULL,'2025-02-15 10:47:22','2025-02-15 10:47:22',NULL),(5179,7216,5179,5177,NULL,0,NULL,'2025-02-15 10:47:22','2025-02-15 10:47:22',NULL),(5180,7216,5180,5178,NULL,0,NULL,'2025-02-15 10:47:22','2025-02-15 10:47:22',NULL),(5181,7216,5181,5179,NULL,0,NULL,'2025-02-15 10:47:22','2025-02-15 10:47:22',NULL),(5182,7216,5182,5180,NULL,0,NULL,'2025-02-15 10:47:22','2025-02-15 10:47:22',NULL),(5183,7216,5183,5181,NULL,0,NULL,'2025-02-15 10:47:22','2025-02-15 10:47:22',NULL),(5184,7216,5184,5182,NULL,0,NULL,'2025-02-15 10:47:22','2025-02-15 10:47:22',NULL),(5185,7216,5185,5183,NULL,0,NULL,'2025-02-15 10:47:22','2025-02-15 10:47:22',NULL),(5186,7216,5186,5184,NULL,0,NULL,'2025-02-15 10:47:22','2025-02-15 10:47:22',NULL),(5187,7216,5187,5185,NULL,0,NULL,'2025-02-15 10:47:22','2025-02-15 10:47:22',NULL),(5188,7216,5188,5186,NULL,0,NULL,'2025-02-15 10:47:22','2025-02-15 10:47:22',NULL),(5189,7216,5189,5187,NULL,0,NULL,'2025-02-15 10:47:22','2025-02-15 10:47:22',NULL),(5190,7216,5190,5188,NULL,0,NULL,'2025-02-15 10:47:22','2025-02-15 10:47:22',NULL),(5191,7216,5191,5189,NULL,0,NULL,'2025-02-15 10:47:22','2025-02-15 10:47:22',NULL),(5192,7216,5192,5190,NULL,0,NULL,'2025-02-15 10:47:22','2025-02-15 10:47:22',NULL);
INSERT INTO `cta_cte_cliente_pivot_receipt` VALUES (5193,7216,5193,5191,NULL,0,NULL,'2025-02-15 10:47:22','2025-02-15 10:47:22',NULL),(5194,7216,5194,5192,NULL,0,NULL,'2025-02-15 10:47:22','2025-02-15 10:47:22',NULL),(5195,7216,5195,5193,NULL,0,NULL,'2025-02-15 10:47:23','2025-02-15 10:47:23',NULL),(5196,7216,5196,5194,NULL,0,NULL,'2025-02-15 10:47:23','2025-02-15 10:47:23',NULL),(5197,7216,5197,5195,NULL,0,NULL,'2025-02-15 10:47:23','2025-02-15 10:47:23',NULL),(5198,7216,5198,5196,NULL,0,NULL,'2025-02-15 10:47:23','2025-02-15 10:47:23',NULL),(5199,7216,5199,5197,NULL,0,NULL,'2025-02-15 10:47:23','2025-02-15 10:47:23',NULL),(5200,7216,5200,5198,NULL,0,NULL,'2025-02-15 10:47:23','2025-02-15 10:47:23',NULL),(5201,7216,5201,5199,NULL,0,NULL,'2025-02-15 10:47:23','2025-02-15 10:47:23',NULL),(5202,7216,5202,5200,NULL,0,NULL,'2025-02-15 10:47:23','2025-02-15 10:47:23',NULL),(5203,7216,5203,5201,NULL,0,NULL,'2025-02-15 10:47:23','2025-02-15 10:47:23',NULL),(5204,7216,5204,5202,NULL,0,NULL,'2025-02-15 10:47:23','2025-02-15 10:47:23',NULL),(5205,7216,5205,5203,NULL,0,NULL,'2025-02-15 10:47:23','2025-02-15 10:47:23',NULL),(5206,7216,5206,5204,NULL,0,NULL,'2025-02-15 10:47:23','2025-02-15 10:47:23',NULL),(5207,7216,5207,5205,NULL,0,NULL,'2025-02-15 10:47:23','2025-02-15 10:47:23',NULL),(5208,7216,5208,5206,NULL,0,NULL,'2025-02-15 10:47:23','2025-02-15 10:47:23',NULL),(5209,7216,5209,5207,NULL,0,NULL,'2025-02-15 10:47:23','2025-02-15 10:47:23',NULL),(5210,7216,5210,5208,NULL,0,NULL,'2025-02-15 10:47:23','2025-02-15 10:47:23',NULL),(5211,7216,5211,5209,NULL,0,NULL,'2025-02-15 10:47:23','2025-02-15 10:47:23',NULL),(5212,7216,5212,5210,NULL,0,NULL,'2025-02-15 10:47:23','2025-02-15 10:47:23',NULL),(5213,7216,5213,5211,NULL,0,NULL,'2025-02-15 10:47:24','2025-02-15 10:47:24',NULL),(5214,7216,5214,5212,NULL,0,NULL,'2025-02-15 10:47:24','2025-02-15 10:47:24',NULL),(5215,7216,5215,5213,NULL,0,NULL,'2025-02-15 10:47:24','2025-02-15 10:47:24',NULL),(5216,7216,5216,5214,NULL,0,NULL,'2025-02-15 10:47:24','2025-02-15 10:47:24',NULL),(5217,7216,5217,5215,NULL,0,NULL,'2025-02-15 10:47:24','2025-02-15 10:47:24',NULL),(5218,7216,5218,5216,NULL,0,NULL,'2025-02-15 10:47:24','2025-02-15 10:47:24',NULL),(5219,7216,5219,5217,NULL,0,NULL,'2025-02-15 10:47:24','2025-02-15 10:47:24',NULL),(5220,7216,5220,5218,NULL,0,NULL,'2025-02-15 10:47:24','2025-02-15 10:47:24',NULL),(5221,7216,5221,5219,NULL,0,NULL,'2025-02-15 10:47:24','2025-02-15 10:47:24',NULL),(5222,7216,5222,5220,NULL,0,NULL,'2025-02-15 10:47:24','2025-02-15 10:47:24',NULL),(5223,7216,5223,5221,NULL,0,NULL,'2025-02-15 10:47:24','2025-02-15 10:47:24',NULL),(5224,7216,5224,5222,NULL,0,NULL,'2025-02-15 10:47:24','2025-02-15 10:47:24',NULL),(5225,7216,5225,5223,NULL,0,NULL,'2025-02-15 10:47:24','2025-02-15 10:47:24',NULL),(5226,7216,5226,5224,NULL,0,NULL,'2025-02-15 10:47:24','2025-02-15 10:47:24',NULL),(5227,7216,5227,5225,NULL,0,NULL,'2025-02-15 10:47:24','2025-02-15 10:47:24',NULL),(5228,7216,5228,5226,NULL,0,NULL,'2025-02-15 10:47:24','2025-02-15 10:47:24',NULL),(5229,7216,5229,5227,NULL,0,NULL,'2025-02-15 10:47:24','2025-02-15 10:47:24',NULL),(5230,7216,5230,5228,NULL,0,NULL,'2025-02-15 10:47:24','2025-02-15 10:47:24',NULL),(5231,7216,5231,5229,NULL,0,NULL,'2025-02-15 10:47:24','2025-02-15 10:47:24',NULL),(5232,7216,5232,5230,NULL,0,NULL,'2025-02-15 10:47:25','2025-02-15 10:47:25',NULL),(5233,7216,5233,5231,NULL,0,NULL,'2025-02-15 10:47:25','2025-02-15 10:47:25',NULL),(5234,7216,5234,5232,NULL,0,NULL,'2025-02-15 10:47:25','2025-02-15 10:47:25',NULL),(5235,7216,5235,5233,NULL,0,NULL,'2025-02-15 10:47:25','2025-02-15 10:47:25',NULL),(5236,7216,5236,5234,NULL,0,NULL,'2025-02-15 10:47:25','2025-02-15 10:47:25',NULL),(5237,7216,5237,5235,NULL,0,NULL,'2025-02-15 10:47:25','2025-02-15 10:47:25',NULL),(5238,7216,5238,5236,NULL,0,NULL,'2025-02-15 10:47:25','2025-02-15 10:47:25',NULL),(5239,7216,5239,5237,NULL,0,NULL,'2025-02-15 10:47:25','2025-02-15 10:47:25',NULL),(5240,7216,5240,5238,NULL,0,NULL,'2025-02-15 10:47:25','2025-02-15 10:47:25',NULL);
INSERT INTO `cta_cte_cliente_pivot_receipt` VALUES (5241,7216,5241,5239,NULL,0,NULL,'2025-02-15 10:47:25','2025-02-15 10:47:25',NULL),(5242,7216,5242,5240,NULL,0,NULL,'2025-02-15 10:47:25','2025-02-15 10:47:25',NULL),(5243,7216,5243,5241,NULL,0,NULL,'2025-02-15 10:47:25','2025-02-15 10:47:25',NULL),(5244,7216,5244,5242,NULL,0,NULL,'2025-02-15 10:47:25','2025-02-15 10:47:25',NULL),(5245,7216,5245,5243,NULL,0,NULL,'2025-02-15 10:47:25','2025-02-15 10:47:25',NULL),(5246,7216,5246,5244,NULL,0,NULL,'2025-02-15 10:47:25','2025-02-15 10:47:25',NULL),(5247,7216,5247,5245,NULL,0,NULL,'2025-02-15 10:47:25','2025-02-15 10:47:25',NULL),(5248,7216,5248,5246,NULL,0,NULL,'2025-02-15 10:47:25','2025-02-15 10:47:25',NULL),(5249,7216,5249,5247,NULL,0,NULL,'2025-02-15 10:47:25','2025-02-15 10:47:25',NULL),(5250,7216,5250,5248,NULL,0,NULL,'2025-02-15 10:47:26','2025-02-15 10:47:26',NULL),(5251,7216,5251,5249,NULL,0,NULL,'2025-02-15 10:47:26','2025-02-15 10:47:26',NULL),(5252,9183,5252,5250,NULL,0,NULL,'2025-02-17 20:12:42','2025-02-17 20:12:42',NULL),(5253,9183,5253,5251,NULL,0,NULL,'2025-02-17 20:15:37','2025-02-17 20:15:37',NULL),(5254,9183,5254,5252,NULL,0,NULL,'2025-02-18 19:37:24','2025-02-18 19:37:24',NULL),(5255,9183,5255,5253,NULL,0,NULL,'2025-02-18 19:41:54','2025-02-18 19:41:54',NULL),(5256,9183,5256,5254,NULL,0,NULL,'2025-02-18 20:50:11','2025-02-18 20:50:11',NULL),(5257,9183,5257,5255,NULL,0,NULL,'2025-02-18 20:54:50','2025-02-18 20:54:50',NULL),(5258,9183,5258,5256,NULL,0,NULL,'2025-02-19 21:14:36','2025-02-19 21:14:36',NULL),(5259,9183,5259,5257,NULL,0,NULL,'2025-02-21 19:22:12','2025-02-21 19:22:12',NULL),(5260,9183,5260,5258,NULL,0,NULL,'2025-02-22 11:07:54','2025-02-22 11:07:54',NULL),(5261,9183,5261,5259,NULL,0,NULL,'2025-02-24 15:32:28','2025-02-24 15:32:28',NULL),(5262,9183,5262,5260,NULL,0,NULL,'2025-02-24 19:54:56','2025-02-24 19:54:56',NULL),(5263,9183,5263,5261,NULL,0,NULL,'2025-02-24 20:27:23','2025-02-24 20:27:23',NULL),(5264,9183,5264,5262,NULL,0,NULL,'2025-02-25 18:37:50','2025-02-25 18:37:50',NULL),(5265,9183,5265,5263,NULL,0,NULL,'2025-02-26 08:50:36','2025-02-26 08:50:36',NULL),(5266,9183,5266,5264,NULL,0,NULL,'2025-02-27 10:43:19','2025-02-27 10:43:19',NULL),(5267,9183,5267,5265,NULL,0,NULL,'2025-02-27 11:35:15','2025-02-27 11:35:15',NULL),(5268,9183,5268,5266,NULL,0,NULL,'2025-02-27 13:03:43','2025-02-27 13:03:43',NULL),(5269,9183,5269,5267,NULL,0,NULL,'2025-02-27 20:47:19','2025-02-27 20:47:19',NULL),(5270,9183,5270,5268,NULL,0,NULL,'2025-03-05 15:56:28','2025-03-05 15:56:28',NULL),(5271,9183,5271,5269,NULL,0,NULL,'2025-03-06 18:12:32','2025-03-06 18:12:32',NULL),(5272,9183,5272,5270,NULL,0,NULL,'2025-03-06 18:15:20','2025-03-06 18:15:20',NULL),(5273,9183,5273,5271,NULL,0,NULL,'2025-03-06 19:51:52','2025-03-06 19:51:52',NULL),(5274,9183,5274,5272,NULL,0,NULL,'2025-03-06 19:54:09','2025-03-06 19:54:09',NULL),(5275,9183,5275,5273,NULL,0,NULL,'2025-03-06 20:21:58','2025-03-06 20:21:58',NULL),(5276,9183,5276,5274,NULL,0,NULL,'2025-03-06 21:38:55','2025-03-06 21:38:55',NULL),(5277,9183,5277,5275,NULL,0,NULL,'2025-03-06 21:53:36','2025-03-06 21:53:36',NULL),(5278,9183,5278,5276,NULL,0,NULL,'2025-03-11 09:41:10','2025-03-11 09:41:10',NULL),(5279,9183,5279,5277,NULL,0,NULL,'2025-03-11 11:48:15','2025-03-11 11:48:15',NULL),(5280,9183,5280,5278,NULL,0,NULL,'2025-03-13 12:09:35','2025-03-13 12:09:35',NULL),(5281,9183,5281,5279,NULL,0,NULL,'2025-03-13 15:04:39','2025-03-13 15:04:39',NULL),(5282,9183,5282,5280,NULL,0,NULL,'2025-03-13 19:27:03','2025-03-13 19:27:03',NULL),(5283,9183,5283,5281,NULL,0,NULL,'2025-03-13 19:38:30','2025-03-13 19:38:30',NULL),(5284,9183,5284,5282,NULL,0,NULL,'2025-03-13 19:53:20','2025-03-13 19:53:20',NULL),(5285,9183,5285,5283,NULL,0,NULL,'2025-03-14 15:47:20','2025-03-14 15:47:20',NULL),(5286,9183,5286,5284,NULL,0,NULL,'2025-03-14 16:01:29','2025-03-14 16:01:29',NULL),(5287,9183,5287,5285,NULL,0,NULL,'2025-03-15 12:38:27','2025-03-15 12:38:27',NULL),(5288,9183,5288,5286,NULL,0,NULL,'2025-03-17 10:29:43','2025-03-17 10:29:43',NULL);
INSERT INTO `cta_cte_cliente_pivot_receipt` VALUES (5289,9183,5289,5287,NULL,0,NULL,'2025-03-18 07:41:06','2025-03-18 07:41:06',NULL),(5290,9183,5290,5288,NULL,0,NULL,'2025-03-18 07:44:19','2025-03-18 07:44:19',NULL),(5291,9183,5291,5289,NULL,0,NULL,'2025-03-19 17:44:07','2025-03-19 17:44:07',NULL),(5292,9183,5292,5290,NULL,0,NULL,'2025-03-20 13:50:19','2025-03-20 13:50:19',NULL),(5293,9183,5293,5291,NULL,0,NULL,'2025-03-21 12:25:29','2025-03-21 12:25:29',NULL),(5294,9183,5294,5292,NULL,0,NULL,'2025-03-24 20:15:55','2025-03-24 20:15:55',NULL),(5295,9183,5295,5293,NULL,0,NULL,'2025-03-28 17:50:06','2025-03-28 17:50:06',NULL),(5296,9183,5296,5294,NULL,0,NULL,'2025-03-31 20:10:45','2025-03-31 20:10:45',NULL),(5297,9183,5297,5295,NULL,0,NULL,'2025-04-02 17:29:39','2025-04-02 17:29:39',NULL),(5298,9183,5298,5296,NULL,0,NULL,'2025-04-03 17:43:22','2025-04-03 17:43:22',NULL),(5299,9183,5299,5297,NULL,0,NULL,'2025-04-04 15:39:03','2025-04-04 15:39:03',NULL),(5300,9183,5300,5298,NULL,0,NULL,'2025-04-07 14:43:53','2025-04-07 14:43:53',NULL),(5301,9183,5301,5299,NULL,0,NULL,'2025-04-07 14:53:46','2025-04-07 14:53:46',NULL),(5302,9183,5302,5300,NULL,0,NULL,'2025-04-07 15:00:39','2025-04-07 15:00:39',NULL),(5303,9183,5303,5301,NULL,0,NULL,'2025-04-08 18:37:21','2025-04-08 18:37:21',NULL),(5304,9183,5304,5302,NULL,0,NULL,'2025-04-09 19:22:33','2025-04-09 19:22:33',NULL),(5305,9183,5305,5303,NULL,0,NULL,'2025-04-10 14:11:11','2025-04-10 14:11:11',NULL),(5306,9183,5306,5304,NULL,0,NULL,'2025-04-11 11:14:36','2025-04-11 11:14:36',NULL),(5307,9183,5307,5305,NULL,0,NULL,'2025-04-14 19:43:18','2025-04-14 19:43:18',NULL),(5308,9183,5308,5306,NULL,0,NULL,'2025-04-15 10:24:38','2025-04-15 10:24:38',NULL),(5309,9183,5309,5307,NULL,0,NULL,'2025-04-17 18:23:40','2025-04-17 18:23:40',NULL),(5310,9183,5310,5308,NULL,0,NULL,'2025-04-17 19:47:21','2025-04-17 19:47:21',NULL),(5311,9183,5311,5309,NULL,0,NULL,'2025-04-19 19:38:42','2025-04-19 19:38:42',NULL),(5312,9183,5312,5310,NULL,0,NULL,'2025-04-22 10:26:09','2025-04-22 10:26:09',NULL),(5313,9183,5313,5311,NULL,0,NULL,'2025-04-22 20:36:38','2025-04-22 20:36:38',NULL),(5314,9183,5314,5312,NULL,0,NULL,'2025-04-23 09:18:20','2025-04-23 09:18:20',NULL),(5315,9183,5315,5313,NULL,0,NULL,'2025-04-23 14:09:09','2025-04-23 14:09:09',NULL),(5316,9183,5316,5314,NULL,0,NULL,'2025-04-23 14:13:14','2025-04-23 14:13:14',NULL),(5317,9183,5317,5315,NULL,0,NULL,'2025-04-23 14:17:30','2025-04-23 14:17:30',NULL),(5318,9183,5318,5316,NULL,0,NULL,'2025-04-23 14:24:32','2025-04-23 14:24:32',NULL),(5319,9183,5319,5317,NULL,0,NULL,'2025-04-23 14:34:58','2025-04-23 14:34:58',NULL),(5320,9183,5320,5318,NULL,0,NULL,'2025-04-23 14:36:29','2025-04-23 14:36:29',NULL),(5321,9183,5321,5319,NULL,0,NULL,'2025-04-23 14:41:43','2025-04-23 14:41:43',NULL),(5322,9183,5322,5320,NULL,0,NULL,'2025-04-23 14:43:39','2025-04-23 14:43:39',NULL),(5323,9183,5323,5321,NULL,0,NULL,'2025-04-23 16:56:14','2025-04-23 16:56:14',NULL),(5324,9183,5324,5322,NULL,0,NULL,'2025-04-24 15:37:16','2025-04-24 15:37:16',NULL),(5325,9183,5325,5323,NULL,0,NULL,'2025-04-24 17:06:09','2025-04-24 17:06:09',NULL),(5326,9183,5326,5324,NULL,0,NULL,'2025-04-25 10:36:44','2025-04-25 10:36:44',NULL),(5327,9183,5327,5325,NULL,0,NULL,'2025-04-25 12:43:24','2025-04-25 12:43:24',NULL),(5328,9183,5328,5326,NULL,0,NULL,'2025-04-25 12:53:06','2025-04-25 12:53:06',NULL),(5329,9183,5329,5327,NULL,0,NULL,'2025-04-25 12:56:37','2025-04-25 12:56:37',NULL),(5330,9183,5330,5328,NULL,0,NULL,'2025-04-25 13:00:16','2025-04-25 13:00:16',NULL),(5331,9183,5331,5329,NULL,0,NULL,'2025-04-25 13:03:53','2025-04-25 13:03:53',NULL),(5332,9183,5332,5330,NULL,0,NULL,'2025-04-25 13:08:09','2025-04-25 13:08:09',NULL),(5333,9183,5333,5331,NULL,0,NULL,'2025-04-26 10:37:19','2025-04-26 10:37:19',NULL),(5334,9183,5334,5332,NULL,0,NULL,'2025-04-26 13:40:01','2025-04-26 13:40:01',NULL),(5335,9183,5335,5333,NULL,0,NULL,'2025-04-26 19:20:28','2025-04-26 19:20:28',NULL),(5336,9183,5336,5334,NULL,0,NULL,'2025-04-26 19:24:32','2025-04-26 19:24:32',NULL);
INSERT INTO `cta_cte_cliente_pivot_receipt` VALUES (5337,9183,5337,5335,NULL,0,NULL,'2025-04-27 21:10:20','2025-04-27 21:10:20',NULL),(5338,9183,5338,5336,NULL,0,NULL,'2025-04-28 10:19:28','2025-04-28 10:19:28',NULL),(5339,9183,5339,5337,NULL,0,NULL,'2025-04-28 10:40:19','2025-04-28 10:40:19',NULL),(5340,9183,5340,5338,NULL,0,NULL,'2025-04-29 19:31:28','2025-04-29 19:31:28',NULL),(5341,9183,5341,5339,NULL,0,NULL,'2025-04-29 19:44:34','2025-04-29 19:44:34',NULL),(5342,9183,5342,5340,NULL,0,NULL,'2025-04-29 19:53:05','2025-04-29 19:53:05',NULL),(5343,9183,5343,5341,NULL,0,NULL,'2025-04-29 19:55:26','2025-04-29 19:55:26',NULL),(5344,9183,5344,5342,NULL,0,NULL,'2025-04-29 20:00:12','2025-04-29 20:00:12',NULL),(5345,9183,5345,5343,NULL,0,NULL,'2025-04-29 20:03:36','2025-04-29 20:03:36',NULL),(5346,9183,5346,5344,NULL,0,NULL,'2025-04-30 15:33:50','2025-04-30 15:33:50',NULL),(5347,9183,5347,5345,NULL,0,NULL,'2025-04-30 15:36:15','2025-04-30 15:36:15',NULL),(5348,9183,5348,5346,NULL,0,NULL,'2025-04-30 18:02:30','2025-04-30 18:02:30',NULL),(5349,9183,5349,5347,NULL,0,NULL,'2025-04-30 19:47:20','2025-04-30 19:47:20',NULL),(5350,9183,5350,5348,NULL,0,NULL,'2025-05-01 12:28:30','2025-05-01 12:28:30',NULL),(5351,9183,5351,5349,NULL,0,NULL,'2025-05-03 12:49:22','2025-05-03 12:49:22',NULL),(5352,9183,5352,5350,NULL,0,NULL,'2025-05-05 20:14:00','2025-05-05 20:14:00',NULL),(5353,9183,5353,5351,NULL,0,NULL,'2025-05-05 21:21:01','2025-05-05 21:21:01',NULL),(5354,9183,5354,5352,NULL,0,NULL,'2025-05-06 19:56:58','2025-05-06 19:56:58',NULL),(5355,9183,5355,5353,NULL,0,NULL,'2025-05-06 20:17:52','2025-05-06 20:17:52',NULL),(5356,9183,5356,5354,NULL,0,NULL,'2025-05-07 19:56:20','2025-05-07 19:56:20',NULL),(5357,9183,5357,5355,NULL,0,NULL,'2025-05-08 09:54:54','2025-05-08 09:54:54',NULL),(5358,9183,5358,5356,NULL,0,NULL,'2025-05-09 19:18:33','2025-05-09 19:18:33',NULL),(5359,9183,5359,5357,NULL,0,NULL,'2025-05-10 12:37:55','2025-05-10 12:37:55',NULL),(5360,9183,5360,5358,NULL,0,NULL,'2025-05-12 16:52:44','2025-05-12 16:52:44',NULL),(5361,9183,5361,5359,NULL,0,NULL,'2025-05-12 17:17:48','2025-05-12 17:17:48',NULL),(5362,9183,5362,5360,NULL,0,NULL,'2025-05-12 20:10:39','2025-05-12 20:10:39',NULL),(5363,9183,5363,5361,NULL,0,NULL,'2025-05-13 11:34:57','2025-05-13 11:34:57',NULL),(5364,9183,5364,5362,NULL,0,NULL,'2025-05-13 17:48:54','2025-05-13 17:48:54',NULL),(5365,9183,5365,5363,NULL,0,NULL,'2025-05-14 20:40:39','2025-05-14 20:40:39',NULL),(5366,9183,5366,5364,NULL,0,NULL,'2025-05-14 20:56:48','2025-05-14 20:56:48',NULL),(5367,9183,5367,5365,NULL,0,NULL,'2025-05-15 15:52:04','2025-05-15 15:52:04',NULL),(5368,9183,5368,5366,NULL,0,NULL,'2025-05-16 14:59:20','2025-05-16 14:59:20',NULL),(5369,9183,5369,5367,NULL,0,NULL,'2025-05-16 15:06:06','2025-05-16 15:06:06',NULL),(5370,9183,5370,5368,NULL,0,NULL,'2025-05-16 17:43:30','2025-05-16 17:43:30',NULL),(5371,9183,5371,5369,NULL,0,NULL,'2025-05-18 18:39:54','2025-05-18 18:39:54',NULL),(5372,9183,5372,5370,NULL,0,NULL,'2025-05-19 12:15:41','2025-05-19 12:15:41',NULL),(5373,9183,5373,5371,NULL,0,NULL,'2025-05-19 12:34:30','2025-05-19 12:34:30',NULL),(5374,9183,5374,5372,NULL,0,NULL,'2025-05-19 18:35:50','2025-05-19 18:35:50',NULL),(5375,9183,5375,5373,NULL,0,NULL,'2025-05-20 12:30:07','2025-05-20 12:30:07',NULL),(5376,9183,5376,5374,NULL,0,NULL,'2025-05-21 11:20:42','2025-05-21 11:20:42',NULL),(5377,9183,5377,5375,NULL,0,NULL,'2025-05-21 19:45:34','2025-05-21 19:45:34',NULL),(5378,9183,5378,5376,NULL,0,NULL,'2025-05-21 19:58:23','2025-05-21 19:58:23',NULL),(5379,9183,5379,5377,NULL,0,NULL,'2025-05-23 19:34:47','2025-05-23 19:34:47',NULL),(5380,9183,5380,5378,NULL,0,NULL,'2025-05-24 19:31:29','2025-05-24 19:31:29',NULL),(5381,9183,5381,5379,NULL,0,NULL,'2025-05-26 07:15:24','2025-05-26 07:15:24',NULL),(5382,9183,5382,5380,NULL,0,NULL,'2025-05-26 07:19:33','2025-05-26 07:19:33',NULL),(5383,9183,5383,5381,NULL,0,NULL,'2025-05-26 11:09:05','2025-05-26 11:09:05',NULL),(5384,9183,5384,5382,NULL,0,NULL,'2025-05-28 18:54:53','2025-05-28 18:54:53',NULL);
INSERT INTO `cta_cte_cliente_pivot_receipt` VALUES (5385,9183,5385,5383,NULL,0,NULL,'2025-05-28 20:09:54','2025-05-28 20:09:54',NULL),(5386,9183,5386,5384,NULL,0,NULL,'2025-05-28 20:32:48','2025-05-28 20:32:48',NULL),(5387,9183,5387,5385,NULL,0,NULL,'2025-05-29 20:03:53','2025-05-29 20:03:53',NULL),(5388,9183,5388,5386,NULL,0,NULL,'2025-05-30 14:24:25','2025-05-30 14:24:25',NULL),(5389,9183,5389,5387,NULL,0,NULL,'2025-05-30 20:15:16','2025-05-30 20:15:16',NULL),(5390,9183,5390,5388,NULL,0,NULL,'2025-06-02 19:35:57','2025-06-02 19:35:57',NULL),(5391,9183,5391,5389,NULL,0,NULL,'2025-06-03 11:36:37','2025-06-03 11:36:37',NULL),(5392,9183,5392,5390,NULL,0,NULL,'2025-06-03 18:09:41','2025-06-03 18:09:41',NULL),(5393,9183,5393,5391,NULL,0,NULL,'2025-06-03 19:49:36','2025-06-03 19:49:36',NULL),(5394,9183,5394,5392,NULL,0,NULL,'2025-06-03 20:00:09','2025-06-03 20:00:09',NULL),(5395,9183,5395,5393,NULL,0,NULL,'2025-06-03 21:19:33','2025-06-03 21:19:33',NULL),(5396,9183,5396,5394,NULL,0,NULL,'2025-06-04 19:21:23','2025-06-04 19:21:23',NULL),(5397,9183,5397,5395,NULL,0,NULL,'2025-06-05 14:56:31','2025-06-05 14:56:31',NULL),(5398,9183,5398,5396,NULL,0,NULL,'2025-06-05 14:59:28','2025-06-05 14:59:28',NULL),(5399,9183,5399,5397,NULL,0,NULL,'2025-06-05 15:10:05','2025-06-05 15:10:05',NULL),(5400,9183,5400,5398,NULL,0,NULL,'2025-06-05 20:08:56','2025-06-05 20:08:56',NULL),(5401,9183,5401,5399,NULL,0,NULL,'2025-06-06 09:03:14','2025-06-06 09:03:14',NULL),(5402,9183,5402,5400,NULL,0,NULL,'2025-06-06 09:20:16','2025-06-06 09:20:16',NULL),(5403,9183,5403,5401,NULL,0,NULL,'2025-06-06 18:14:24','2025-06-06 18:14:24',NULL),(5404,9183,5404,5402,NULL,0,NULL,'2025-06-07 10:26:31','2025-06-07 10:26:31',NULL),(5405,9183,5405,5403,NULL,0,NULL,'2025-06-07 10:49:41','2025-06-07 10:49:41',NULL),(5406,9183,5406,5404,NULL,0,NULL,'2025-06-07 10:58:24','2025-06-07 10:58:24',NULL),(5407,9183,5407,5405,NULL,0,NULL,'2025-06-09 16:19:05','2025-06-09 16:19:05',NULL),(5408,9183,5408,5406,NULL,0,NULL,'2025-06-10 17:24:17','2025-06-10 17:24:17',NULL),(5409,9183,5409,5407,NULL,0,NULL,'2025-06-10 18:16:59','2025-06-10 18:16:59',NULL),(5410,9183,5410,5408,NULL,0,NULL,'2025-06-10 18:31:16','2025-06-10 18:31:16',NULL),(5411,9183,5411,5409,NULL,0,NULL,'2025-06-10 18:34:48','2025-06-10 18:34:48',NULL),(5412,9183,5412,5410,NULL,0,NULL,'2025-06-12 10:19:46','2025-06-12 10:19:46',NULL),(5413,9183,5413,5411,NULL,0,NULL,'2025-06-12 10:27:51','2025-06-12 10:27:51',NULL),(5414,9183,5414,5412,NULL,0,NULL,'2025-06-12 10:30:58','2025-06-12 10:30:58',NULL),(5415,9183,5415,5413,NULL,0,NULL,'2025-06-12 10:50:34','2025-06-12 10:50:34',NULL),(5416,9183,5416,5414,NULL,0,NULL,'2025-06-13 07:21:48','2025-06-13 07:21:48',NULL),(5417,9183,5417,5415,NULL,0,NULL,'2025-06-13 20:35:19','2025-06-13 20:35:19',NULL),(5418,9183,5418,5416,NULL,0,NULL,'2025-06-16 09:40:04','2025-06-16 09:40:04',NULL),(5419,9183,5419,5417,NULL,0,NULL,'2025-06-17 10:04:12','2025-06-17 10:04:12',NULL),(5420,9183,5420,5418,NULL,0,NULL,'2025-06-17 10:14:46','2025-06-17 10:14:46',NULL),(5421,9183,5421,5419,NULL,0,NULL,'2025-06-17 12:43:23','2025-06-17 12:43:23',NULL),(5422,9183,5422,5420,NULL,0,NULL,'2025-06-18 12:32:25','2025-06-18 12:32:25',NULL),(5423,9183,5423,5421,NULL,0,NULL,'2025-06-18 21:36:24','2025-06-18 21:36:24',NULL),(5424,9183,5424,5422,NULL,0,NULL,'2025-06-18 21:43:28','2025-06-18 21:43:28',NULL),(5425,9183,5425,5423,NULL,0,NULL,'2025-06-18 21:46:11','2025-06-18 21:46:11',NULL),(5426,9183,5426,5424,NULL,0,NULL,'2025-06-19 20:11:46','2025-06-19 20:11:46',NULL),(5427,9183,5427,5425,NULL,0,NULL,'2025-06-20 10:20:11','2025-06-20 10:20:11',NULL),(5428,9183,5428,5426,NULL,0,NULL,'2025-06-20 17:20:19','2025-06-20 17:20:19',NULL),(5429,9183,5429,5427,NULL,0,NULL,'2025-06-24 10:22:24','2025-06-24 10:22:24',NULL),(5430,9183,5430,5428,NULL,0,NULL,'2025-06-25 10:16:28','2025-06-25 10:16:28',NULL),(5431,9183,5431,5429,NULL,0,NULL,'2025-06-25 11:50:37','2025-06-25 11:50:37',NULL),(5432,9183,5432,5430,NULL,0,NULL,'2025-06-25 12:00:51','2025-06-25 12:00:51',NULL);
INSERT INTO `cta_cte_cliente_pivot_receipt` VALUES (5433,9183,5433,5431,NULL,0,NULL,'2025-06-25 16:40:02','2025-06-25 16:40:02',NULL),(5434,9183,5434,5432,NULL,0,NULL,'2025-06-25 19:48:03','2025-06-25 19:48:03',NULL),(5435,9183,5435,5433,NULL,0,NULL,'2025-06-25 19:58:44','2025-06-25 19:58:44',NULL),(5436,9183,5436,5434,NULL,0,NULL,'2025-06-26 08:38:35','2025-06-26 08:38:35',NULL),(5437,9183,5437,5435,NULL,0,NULL,'2025-06-26 10:26:44','2025-06-26 10:26:44',NULL),(5438,9183,5438,5436,NULL,0,NULL,'2025-06-27 18:15:04','2025-06-27 18:15:04',NULL),(5439,9183,5439,5437,NULL,0,NULL,'2025-06-28 10:41:35','2025-06-28 10:41:35',NULL),(5440,9183,5440,5438,NULL,0,NULL,'2025-06-28 12:29:03','2025-06-28 12:29:03',NULL),(5441,9183,5441,5439,NULL,0,NULL,'2025-06-30 12:29:33','2025-06-30 12:29:33',NULL),(5442,9183,5442,5440,NULL,0,NULL,'2025-06-30 15:12:57','2025-06-30 15:12:57',NULL),(5443,9183,5443,5441,NULL,0,NULL,'2025-07-01 07:24:40','2025-07-01 07:24:40',NULL),(5444,9183,5444,5442,NULL,0,NULL,'2025-07-01 11:03:42','2025-07-01 11:03:42',NULL),(5445,9183,5445,5443,NULL,0,NULL,'2025-07-01 11:05:36','2025-07-01 11:05:36',NULL),(5446,9183,5446,5444,NULL,0,NULL,'2025-07-02 11:25:39','2025-07-02 11:25:39',NULL),(5447,9183,5447,5445,NULL,0,NULL,'2025-07-02 11:51:07','2025-07-02 11:51:07',NULL),(5448,9183,5448,5446,NULL,0,NULL,'2025-07-02 12:10:04','2025-07-02 12:10:04',NULL),(5449,9183,5449,5447,NULL,0,NULL,'2025-07-02 18:54:52','2025-07-02 18:54:52',NULL),(5450,9183,5450,5448,NULL,0,NULL,'2025-07-03 16:22:03','2025-07-03 16:22:03',NULL),(5451,9183,5451,5449,NULL,0,NULL,'2025-07-05 11:00:12','2025-07-05 11:00:12',NULL),(5452,9183,5452,5450,NULL,0,NULL,'2025-07-05 11:34:13','2025-07-05 11:34:13',NULL),(5453,9183,5453,5451,NULL,0,NULL,'2025-07-05 12:29:35','2025-07-05 12:29:35',NULL),(5454,9183,5454,5452,NULL,0,NULL,'2025-07-05 12:57:50','2025-07-05 12:57:50',NULL),(5455,9183,5455,5453,NULL,0,NULL,'2025-07-05 13:03:45','2025-07-05 13:03:45',NULL),(5456,9183,5456,5454,NULL,0,NULL,'2025-07-05 13:10:23','2025-07-05 13:10:23',NULL),(5457,9183,5457,5455,NULL,0,NULL,'2025-07-05 13:17:28','2025-07-05 13:17:28',NULL),(5458,9183,5458,5456,NULL,0,NULL,'2025-07-05 14:18:48','2025-07-05 14:18:48',NULL),(5459,9183,5459,5457,NULL,0,NULL,'2025-07-07 18:28:33','2025-07-07 18:28:33',NULL),(5460,9183,5460,5458,NULL,0,NULL,'2025-07-08 15:39:20','2025-07-08 15:39:20',NULL),(5461,9183,5461,5459,NULL,0,NULL,'2025-07-09 19:26:08','2025-07-09 19:26:08',NULL),(5462,9183,5462,5460,NULL,0,NULL,'2025-07-10 16:27:54','2025-07-10 16:27:54',NULL),(5463,9183,5463,5461,NULL,0,NULL,'2025-07-10 18:19:07','2025-07-10 18:19:07',NULL),(5464,9183,5464,5462,NULL,0,NULL,'2025-07-11 17:19:46','2025-07-11 17:19:46',NULL),(5465,9183,5465,5463,NULL,0,NULL,'2025-07-14 10:43:49','2025-07-14 10:43:49',NULL),(5466,9183,5466,5464,NULL,0,NULL,'2025-07-14 10:48:42','2025-07-14 10:48:42',NULL),(5467,9183,5467,5465,NULL,0,NULL,'2025-07-14 13:44:59','2025-07-14 13:44:59',NULL),(5468,9183,5468,5466,NULL,0,NULL,'2025-07-14 13:50:28','2025-07-14 13:50:28',NULL),(5469,9183,5469,5467,NULL,0,NULL,'2025-07-14 13:54:27','2025-07-14 13:54:27',NULL),(5470,9183,5470,5468,NULL,0,NULL,'2025-07-14 16:32:16','2025-07-14 16:32:16',NULL),(5471,9183,5471,5469,NULL,0,NULL,'2025-07-14 17:00:52','2025-07-14 17:00:52',NULL),(5472,9183,5472,5470,NULL,0,NULL,'2025-07-14 17:44:32','2025-07-14 17:44:32',NULL),(5473,9183,5473,5471,NULL,0,NULL,'2025-07-14 18:43:03','2025-07-14 18:43:03',NULL),(5474,9183,5474,5472,NULL,0,NULL,'2025-07-16 19:43:34','2025-07-16 19:43:34',NULL),(5475,9183,5475,5473,NULL,0,NULL,'2025-07-17 10:33:26','2025-07-17 10:33:26',NULL),(5476,9183,5476,5474,NULL,0,NULL,'2025-07-17 17:58:39','2025-07-17 17:58:39',NULL),(5477,9183,5477,5475,NULL,0,NULL,'2025-07-18 19:05:01','2025-07-18 19:05:01',NULL),(5478,9183,5478,5476,NULL,0,NULL,'2025-07-19 09:20:10','2025-07-19 09:20:10',NULL),(5479,9183,5479,5477,NULL,0,NULL,'2025-07-19 11:33:07','2025-07-19 11:33:07',NULL),(5480,9183,5480,5478,NULL,0,NULL,'2025-07-21 09:44:12','2025-07-21 09:44:12',NULL);
INSERT INTO `cta_cte_cliente_pivot_receipt` VALUES (5481,9183,5481,5479,NULL,0,NULL,'2025-07-21 09:46:50','2025-07-21 09:46:50',NULL),(5482,9183,5482,5480,NULL,0,NULL,'2025-07-21 15:15:12','2025-07-21 15:15:12',NULL),(5483,9183,5483,5481,NULL,0,NULL,'2025-07-21 19:01:32','2025-07-21 19:01:32',NULL),(5484,9183,5484,5482,NULL,0,NULL,'2025-07-21 20:23:50','2025-07-21 20:23:50',NULL),(5485,9183,5485,5483,NULL,0,NULL,'2025-07-21 20:29:32','2025-07-21 20:29:32',NULL),(5486,9183,5486,5484,NULL,0,NULL,'2025-07-21 20:40:09','2025-07-21 20:40:09',NULL),(5487,9183,5487,5485,NULL,0,NULL,'2025-07-21 20:49:13','2025-07-21 20:49:13',NULL),(5488,9183,5488,5486,NULL,0,NULL,'2025-07-22 10:51:00','2025-07-22 10:51:00',NULL),(5489,9183,5489,5487,NULL,0,NULL,'2025-07-22 18:23:46','2025-07-22 18:23:46',NULL),(5490,9183,5490,5488,NULL,0,NULL,'2025-07-23 11:03:19','2025-07-23 11:03:19',NULL),(5491,9183,5491,5489,NULL,0,NULL,'2025-07-23 11:23:30','2025-07-23 11:23:30',NULL),(5492,9183,5492,5490,NULL,0,NULL,'2025-07-23 19:40:33','2025-07-23 19:40:33',NULL),(5493,9183,5493,5491,NULL,0,NULL,'2025-07-24 18:52:51','2025-07-24 18:52:51',NULL),(5494,9183,5494,5492,NULL,0,NULL,'2025-07-24 20:23:59','2025-07-24 20:23:59',NULL),(5495,9183,5495,5493,NULL,0,NULL,'2025-07-25 12:25:44','2025-07-25 12:25:44',NULL),(5496,9183,5496,5494,NULL,0,NULL,'2025-07-26 12:08:43','2025-07-26 12:08:43',NULL),(5497,9183,5497,5495,NULL,0,NULL,'2025-07-27 18:25:35','2025-07-27 18:25:35',NULL),(5498,9183,5498,5496,NULL,0,NULL,'2025-07-28 09:56:22','2025-07-28 09:56:22',NULL),(5499,9183,5499,5497,NULL,0,NULL,'2025-07-30 08:32:16','2025-07-30 08:32:16',NULL),(5500,9183,5500,5498,NULL,0,NULL,'2025-07-31 18:11:44','2025-07-31 18:11:44',NULL),(5501,9183,5501,5499,NULL,0,NULL,'2025-07-31 19:23:54','2025-07-31 19:23:54',NULL),(5502,9183,5502,5500,NULL,0,NULL,'2025-08-01 15:15:20','2025-08-01 15:15:20',NULL),(5503,9183,5503,5501,NULL,0,NULL,'2025-08-01 15:21:28','2025-08-01 15:21:28',NULL),(5504,9183,5504,5502,NULL,0,NULL,'2025-08-01 16:29:41','2025-08-01 16:29:41',NULL),(5505,9183,5505,5503,NULL,0,NULL,'2025-08-01 16:43:34','2025-08-01 16:43:34',NULL),(5506,9183,5506,5504,NULL,0,NULL,'2025-08-02 12:03:36','2025-08-02 12:03:36',NULL),(5507,9183,5507,5505,NULL,0,NULL,'2025-08-02 12:54:33','2025-08-02 12:54:33',NULL),(5508,9183,5508,5506,NULL,0,NULL,'2025-08-03 10:09:38','2025-08-03 10:09:38',NULL),(5509,9183,5509,5507,NULL,0,NULL,'2025-08-04 11:24:12','2025-08-04 11:24:12',NULL),(5510,9183,5510,5508,NULL,0,NULL,'2025-08-04 17:57:45','2025-08-04 17:57:45',NULL),(5511,9183,5511,5509,NULL,0,NULL,'2025-08-04 22:38:56','2025-08-04 22:38:56',NULL),(5512,9183,5512,5510,NULL,0,NULL,'2025-08-04 22:53:46','2025-08-04 22:53:46',NULL),(5513,9183,5513,5511,NULL,0,NULL,'2025-08-05 12:16:26','2025-08-05 12:16:26',NULL),(5514,9183,5514,5512,NULL,0,NULL,'2025-08-06 18:30:51','2025-08-06 18:30:51',NULL),(5515,9183,5515,5513,NULL,0,NULL,'2025-08-07 17:52:45','2025-08-07 17:52:45',NULL),(5516,9183,5516,5514,NULL,0,NULL,'2025-08-08 16:15:58','2025-08-08 16:15:58',NULL),(5517,9183,5517,5515,NULL,0,NULL,'2025-08-13 16:48:43','2025-08-13 16:48:43',NULL);

--
-- Table structure for table `cta_cte_tesoreria`
--

CREATE TABLE `cta_cte_tesoreria` (
  `id` int(10) unsigned NOT NULL AUTO_INCREMENT,
  `bind_apibank_movement_id` bigint(20) unsigned DEFAULT NULL COMMENT 'FK soft a bind_apibank_movements (movimiento que originó este registro)',
  `bind_apibank_transfer_id` bigint(20) unsigned DEFAULT NULL COMMENT 'FK soft a bind_apibank_transfers (transferencia que originó este registro)',
  `bind_sync_status` enum('pending','synced','error') COLLATE utf8mb4_unicode_ci DEFAULT NULL COMMENT 'Estado de sincronización: pending=pendiente, synced=sincronizado, error=error al sincronizar',
  `user_id` int(10) unsigned DEFAULT NULL,
  `person_id` int(10) unsigned NOT NULL,
  `cta_cte_cliente_id` int(10) unsigned DEFAULT NULL,
  `nf_cta_cte_id` int(10) unsigned DEFAULT NULL,
  `cta_cte_tesoreria_cuenta_id` int(10) unsigned NOT NULL,
  `period_id` int(10) unsigned NOT NULL,
  `fecha` date DEFAULT NULL,
  `total` decimal(16,2) NOT NULL,
  `moneda_id` int(10) unsigned NOT NULL DEFAULT '1',
  `cotizacion` decimal(9,2) NOT NULL DEFAULT '1.00',
  `comentario` varchar(191) COLLATE utf8mb4_unicode_ci DEFAULT NULL,
  `file` varchar(191) COLLATE utf8mb4_unicode_ci DEFAULT NULL,
  `created_at` timestamp NULL DEFAULT NULL,
  `updated_at` timestamp NULL DEFAULT NULL,
  `deleted_at` timestamp NULL DEFAULT NULL,
  `ticket_id` bigint(20) unsigned DEFAULT NULL,
  PRIMARY KEY (`id`),
  KEY `cta_cte_tesoreria_person_id_foreign` (`person_id`),
  KEY `cta_cte_tesoreria_cta_cte_cliente_id_foreign` (`cta_cte_cliente_id`),
  KEY `cta_cte_tesoreria_cta_cte_tesoreria_cuenta_id_foreign` (`cta_cte_tesoreria_cuenta_id`),
  KEY `cta_cte_tesoreria_period_id_foreign` (`period_id`),
  KEY `cta_cte_tesoreria_nf_cta_cte_id_foreign` (`nf_cta_cte_id`),
  KEY `cta_cte_tesoreria_moneda_id_foreign` (`moneda_id`),
  KEY `cta_cte_tesoreria_ticket_id_foreign` (`ticket_id`),
  KEY `idx_cct_bind_apibank_mov` (`bind_apibank_movement_id`),
  KEY `idx_cct_bind_apibank_trf` (`bind_apibank_transfer_id`),
  KEY `idx_cct_bind_sync_status` (`bind_sync_status`),
  CONSTRAINT `cta_cte_tesoreria_cta_cte_cliente_id_foreign` FOREIGN KEY (`cta_cte_cliente_id`) REFERENCES `cta_cte_cliente` (`id`),
  CONSTRAINT `cta_cte_tesoreria_cta_cte_tesoreria_cuenta_id_foreign` FOREIGN KEY (`cta_cte_tesoreria_cuenta_id`) REFERENCES `cta_cte_tesoreria_cuentas` (`id`),
  CONSTRAINT `cta_cte_tesoreria_moneda_id_foreign` FOREIGN KEY (`moneda_id`) REFERENCES `monedas` (`id`),
  CONSTRAINT `cta_cte_tesoreria_nf_cta_cte_id_foreign` FOREIGN KEY (`nf_cta_cte_id`) REFERENCES `nf_cta_cte` (`id`),
  CONSTRAINT `cta_cte_tesoreria_period_id_foreign` FOREIGN KEY (`period_id`) REFERENCES `periods` (`id`),
  CONSTRAINT `cta_cte_tesoreria_person_id_foreign` FOREIGN KEY (`person_id`) REFERENCES `persons` (`id`),
  CONSTRAINT `cta_cte_tesoreria_ticket_id_foreign` FOREIGN KEY (`ticket_id`) REFERENCES `tickets` (`id`)
) ENGINE=InnoDB DEFAULT CHARSET=utf8mb4 COLLATE=utf8mb4_unicode_ci;

--
-- Dumping data for table `cta_cte_tesoreria`
--


--
-- Table structure for table `cta_cte_tesoreria_banco_cheq`
--

CREATE TABLE `cta_cte_tesoreria_banco_cheq` (
  `id` int(10) unsigned NOT NULL AUTO_INCREMENT,
  `user_id` int(10) unsigned DEFAULT NULL,
  `person_id` int(10) unsigned NOT NULL,
  `cta_cte_tesoreria_cuenta_id` int(10) unsigned NOT NULL,
  `cta_cte_tesoreria_banco_id` int(10) unsigned NOT NULL,
  `chequera_tipo_id` int(10) unsigned NOT NULL,
  `serie` text COLLATE utf8mb4_unicode_ci,
  `numero_cheque` int(11) DEFAULT NULL,
  `habilitado` tinyint(1) NOT NULL DEFAULT '1',
  `created_at` timestamp NULL DEFAULT NULL,
  `updated_at` timestamp NULL DEFAULT NULL,
  `deleted_at` timestamp NULL DEFAULT NULL,
  PRIMARY KEY (`id`),
  KEY `cta_cte_tesoreria_banco_cheq_person_id_foreign` (`person_id`),
  KEY `cta_cte_tesoreria_banco_cheq_cta_cte_tesoreria_cuenta_id_foreign` (`cta_cte_tesoreria_cuenta_id`),
  KEY `cta_cte_tesoreria_banco_cheq_cta_cte_tesoreria_banco_id_foreign` (`cta_cte_tesoreria_banco_id`),
  KEY `cta_cte_tesoreria_banco_cheq_chequera_tipo_id_foreign` (`chequera_tipo_id`),
  CONSTRAINT `cta_cte_tesoreria_banco_cheq_chequera_tipo_id_foreign` FOREIGN KEY (`chequera_tipo_id`) REFERENCES `chequeras_tipos` (`id`),
  CONSTRAINT `cta_cte_tesoreria_banco_cheq_cta_cte_tesoreria_banco_id_foreign` FOREIGN KEY (`cta_cte_tesoreria_banco_id`) REFERENCES `cta_cte_tesoreria_bancos` (`id`),
  CONSTRAINT `cta_cte_tesoreria_banco_cheq_cta_cte_tesoreria_cuenta_id_foreign` FOREIGN KEY (`cta_cte_tesoreria_cuenta_id`) REFERENCES `cta_cte_tesoreria_cuentas` (`id`),
  CONSTRAINT `cta_cte_tesoreria_banco_cheq_person_id_foreign` FOREIGN KEY (`person_id`) REFERENCES `persons` (`id`)
) ENGINE=InnoDB DEFAULT CHARSET=utf8mb4 COLLATE=utf8mb4_unicode_ci;

--
-- Dumping data for table `cta_cte_tesoreria_banco_cheq`
--


--
-- Table structure for table `cta_cte_tesoreria_banco_claves`
--

CREATE TABLE `cta_cte_tesoreria_banco_claves` (
  `id` int(10) unsigned NOT NULL AUTO_INCREMENT,
  `user_id` int(10) unsigned DEFAULT NULL,
  `person_id` int(10) unsigned NOT NULL,
  `cta_cte_tesoreria_cuenta_id` int(10) unsigned NOT NULL,
  `cta_cte_tesoreria_banco_id` int(10) unsigned NOT NULL,
  `descripcion_name` text COLLATE utf8mb4_unicode_ci,
  `descripcion` longtext COLLATE utf8mb4_unicode_ci,
  `created_at` timestamp NULL DEFAULT NULL,
  `updated_at` timestamp NULL DEFAULT NULL,
  `deleted_at` timestamp NULL DEFAULT NULL,
  PRIMARY KEY (`id`),
  KEY `cta_cte_tesoreria_banco_claves_person_id_foreign` (`person_id`),
  KEY `ct_cuenta_id` (`cta_cte_tesoreria_cuenta_id`),
  KEY `ct_banco_id` (`cta_cte_tesoreria_banco_id`),
  CONSTRAINT `ct_banco_id` FOREIGN KEY (`cta_cte_tesoreria_banco_id`) REFERENCES `cta_cte_tesoreria_bancos` (`id`),
  CONSTRAINT `ct_cuenta_id` FOREIGN KEY (`cta_cte_tesoreria_cuenta_id`) REFERENCES `cta_cte_tesoreria_cuentas` (`id`),
  CONSTRAINT `cta_cte_tesoreria_banco_claves_person_id_foreign` FOREIGN KEY (`person_id`) REFERENCES `persons` (`id`)
) ENGINE=InnoDB DEFAULT CHARSET=utf8mb4 COLLATE=utf8mb4_unicode_ci;

--
-- Dumping data for table `cta_cte_tesoreria_banco_claves`
--


--
-- Table structure for table `cta_cte_tesoreria_banco_comentarios`
--

CREATE TABLE `cta_cte_tesoreria_banco_comentarios` (
  `id` int(10) unsigned NOT NULL AUTO_INCREMENT,
  `user_id` int(10) unsigned DEFAULT NULL,
  `person_id` int(10) unsigned NOT NULL,
  `cta_cte_tesoreria_cuenta_id` int(10) unsigned NOT NULL,
  `cta_cte_tesoreria_banco_id` int(10) unsigned NOT NULL,
  `fecha` datetime NOT NULL,
  `descripcion` longtext COLLATE utf8mb4_unicode_ci NOT NULL,
  `created_at` timestamp NULL DEFAULT NULL,
  `updated_at` timestamp NULL DEFAULT NULL,
  `deleted_at` timestamp NULL DEFAULT NULL,
  PRIMARY KEY (`id`),
  KEY `cta_cte_tesoreria_banco_comentarios_person_id_foreign` (`person_id`),
  KEY `ct_cuentas_id` (`cta_cte_tesoreria_cuenta_id`),
  KEY `ct_bancos_id` (`cta_cte_tesoreria_banco_id`),
  CONSTRAINT `ct_bancos_id` FOREIGN KEY (`cta_cte_tesoreria_banco_id`) REFERENCES `cta_cte_tesoreria_bancos` (`id`),
  CONSTRAINT `ct_cuentas_id` FOREIGN KEY (`cta_cte_tesoreria_cuenta_id`) REFERENCES `cta_cte_tesoreria_cuentas` (`id`),
  CONSTRAINT `cta_cte_tesoreria_banco_comentarios_person_id_foreign` FOREIGN KEY (`person_id`) REFERENCES `persons` (`id`)
) ENGINE=InnoDB DEFAULT CHARSET=utf8mb4 COLLATE=utf8mb4_unicode_ci;

--
-- Dumping data for table `cta_cte_tesoreria_banco_comentarios`
--


--
-- Table structure for table `cta_cte_tesoreria_banco_estados`
--

CREATE TABLE `cta_cte_tesoreria_banco_estados` (
  `id` int(10) unsigned NOT NULL AUTO_INCREMENT,
  `user_id` int(10) unsigned DEFAULT NULL,
  `descripcion` text COLLATE utf8mb4_unicode_ci NOT NULL,
  `habilitado` tinyint(1) NOT NULL,
  `created_at` timestamp NULL DEFAULT NULL,
  `updated_at` timestamp NULL DEFAULT NULL,
  `deleted_at` timestamp NULL DEFAULT NULL,
  PRIMARY KEY (`id`)
) ENGINE=InnoDB AUTO_INCREMENT=6 DEFAULT CHARSET=utf8mb4 COLLATE=utf8mb4_unicode_ci;

--
-- Dumping data for table `cta_cte_tesoreria_banco_estados`
--

INSERT INTO `cta_cte_tesoreria_banco_estados` VALUES (1,NULL,'Habilitado',0,NULL,NULL,NULL),(2,NULL,'En Proceso',0,NULL,NULL,NULL),(3,NULL,'Bloqueado',0,NULL,NULL,NULL),(4,NULL,'Reconocimiento',0,NULL,NULL,NULL),(5,NULL,'Inhabilitado',0,NULL,NULL,NULL);

--
-- Table structure for table `cta_cte_tesoreria_bancos`
--

CREATE TABLE `cta_cte_tesoreria_bancos` (
  `id` int(10) unsigned NOT NULL AUTO_INCREMENT,
  `user_id` int(10) unsigned DEFAULT NULL,
  `person_id` int(10) unsigned NOT NULL,
  `cta_cte_tesoreria_cuenta_id` int(10) unsigned NOT NULL,
  `ctacte_banco_id` int(10) unsigned NOT NULL,
  `persona_empresa` int(11) NOT NULL DEFAULT '1',
  `zone_id` int(10) unsigned NOT NULL,
  `cuenta_contable_id` int(10) unsigned NOT NULL,
  `cuenta_contable_id_diferido` int(10) unsigned DEFAULT NULL,
  `cuenta_contable_id_pend_acred` int(10) unsigned DEFAULT NULL,
  `numero_cuenta` text COLLATE utf8mb4_unicode_ci,
  `cbu` text COLLATE utf8mb4_unicode_ci,
  `alias` text COLLATE utf8mb4_unicode_ci,
  `cta_cte_tesoreria_banco_estado_id` int(10) unsigned DEFAULT NULL,
  `person_id_relationed` int(10) unsigned DEFAULT NULL,
  `habilitado` tinyint(1) NOT NULL DEFAULT '1',
  `created_at` timestamp NULL DEFAULT NULL,
  `updated_at` timestamp NULL DEFAULT NULL,
  `deleted_at` timestamp NULL DEFAULT NULL,
  PRIMARY KEY (`id`),
  KEY `cta_cte_tesoreria_bancos_person_id_foreign` (`person_id`),
  KEY `cta_cte_tesoreria_bancos_cta_cte_tesoreria_cuenta_id_foreign` (`cta_cte_tesoreria_cuenta_id`),
  KEY `cta_cte_tesoreria_bancos_ctacte_banco_id_foreign` (`ctacte_banco_id`),
  KEY `cta_cte_tesoreria_bancos_zone_id_foreign` (`zone_id`),
  KEY `cta_cte_tesoreria_bancos_cuenta_contable_id_foreign` (`cuenta_contable_id`),
  KEY `cta_cte_tesoreria_bancos_cuenta_contable_id_diferido_foreign` (`cuenta_contable_id_diferido`),
  KEY `cta_cte_tesoreria_bancos_cuenta_contable_id_pend_acred_foreign` (`cuenta_contable_id_pend_acred`),
  KEY `cta_cte_tesoreria_bancos_person_id_relationed_foreign` (`person_id_relationed`),
  KEY `ct_banco_estado_id` (`cta_cte_tesoreria_banco_estado_id`),
  CONSTRAINT `ct_banco_estado_id` FOREIGN KEY (`cta_cte_tesoreria_banco_estado_id`) REFERENCES `cta_cte_tesoreria_banco_estados` (`id`),
  CONSTRAINT `cta_cte_tesoreria_bancos_cta_cte_tesoreria_cuenta_id_foreign` FOREIGN KEY (`cta_cte_tesoreria_cuenta_id`) REFERENCES `cta_cte_tesoreria_cuentas` (`id`),
  CONSTRAINT `cta_cte_tesoreria_bancos_ctacte_banco_id_foreign` FOREIGN KEY (`ctacte_banco_id`) REFERENCES `ctacte_bancos` (`id`),
  CONSTRAINT `cta_cte_tesoreria_bancos_cuenta_contable_id_diferido_foreign` FOREIGN KEY (`cuenta_contable_id_diferido`) REFERENCES `conta_plan_cuenta` (`id`),
  CONSTRAINT `cta_cte_tesoreria_bancos_cuenta_contable_id_foreign` FOREIGN KEY (`cuenta_contable_id`) REFERENCES `conta_plan_cuenta` (`id`),
  CONSTRAINT `cta_cte_tesoreria_bancos_cuenta_contable_id_pend_acred_foreign` FOREIGN KEY (`cuenta_contable_id_pend_acred`) REFERENCES `conta_plan_cuenta` (`id`),
  CONSTRAINT `cta_cte_tesoreria_bancos_person_id_foreign` FOREIGN KEY (`person_id`) REFERENCES `persons` (`id`),
  CONSTRAINT `cta_cte_tesoreria_bancos_person_id_relationed_foreign` FOREIGN KEY (`person_id_relationed`) REFERENCES `persons` (`id`),
  CONSTRAINT `cta_cte_tesoreria_bancos_zone_id_foreign` FOREIGN KEY (`zone_id`) REFERENCES `zones` (`id`)
) ENGINE=InnoDB DEFAULT CHARSET=utf8mb4 COLLATE=utf8mb4_unicode_ci;

--
-- Dumping data for table `cta_cte_tesoreria_bancos`
--


--
-- Table structure for table `cta_cte_tesoreria_cuenta_tipos`
--

CREATE TABLE `cta_cte_tesoreria_cuenta_tipos` (
  `id` int(10) unsigned NOT NULL AUTO_INCREMENT,
  `user_id` int(10) unsigned DEFAULT NULL,
  `descripcion` text COLLATE utf8mb4_unicode_ci NOT NULL,
  `habilitado` tinyint(1) NOT NULL DEFAULT '1',
  `created_at` timestamp NULL DEFAULT NULL,
  `updated_at` timestamp NULL DEFAULT NULL,
  `deleted_at` timestamp NULL DEFAULT NULL,
  PRIMARY KEY (`id`)
) ENGINE=InnoDB AUTO_INCREMENT=11 DEFAULT CHARSET=utf8mb4 COLLATE=utf8mb4_unicode_ci;

--
-- Dumping data for table `cta_cte_tesoreria_cuenta_tipos`
--

INSERT INTO `cta_cte_tesoreria_cuenta_tipos` VALUES (1,NULL,'CAJA',1,NULL,NULL,NULL),(2,NULL,'BANCOS',1,NULL,NULL,NULL),(3,NULL,'CHEQUES',1,NULL,NULL,NULL),(4,NULL,'RETENCIONES EFECTUADAS',1,NULL,'2024-05-26 20:58:10',NULL),(5,NULL,'PERCEPCIONES EFECTUADAS',1,NULL,'2024-05-26 20:58:10',NULL),(6,NULL,'RESULTADO NEGATIVO',1,NULL,NULL,NULL),(7,NULL,'RESULTADO POSITIVO',1,NULL,NULL,NULL),(8,NULL,'MOVIMIENTO',1,NULL,NULL,NULL),(9,NULL,'RETENCIONES SUFRIDAS',1,NULL,NULL,NULL),(10,NULL,'PERCEPCIONES SUFRIDAS',1,NULL,NULL,NULL);

--
-- Table structure for table `cta_cte_tesoreria_cuentas`
--

CREATE TABLE `cta_cte_tesoreria_cuentas` (
  `id` int(10) unsigned NOT NULL AUTO_INCREMENT,
  `bind_apibank_enabled` tinyint(1) NOT NULL DEFAULT '0' COMMENT 'Tiene Bind APIBank habilitado?',
  `bind_account_id` varchar(50) COLLATE utf8mb4_unicode_ci DEFAULT NULL COMMENT 'ID de cuenta en Bind APIBank (obtenido al configurar)',
  `user_id` int(10) unsigned DEFAULT NULL,
  `is_no_fiscal` tinyint(1) DEFAULT '0',
  `moneda_id` int(10) unsigned NOT NULL DEFAULT '1',
  `plan_cuenta_id` int(10) unsigned NOT NULL,
  `person_id` int(10) unsigned DEFAULT NULL,
  `cta_cte_tesoreria_cuenta_tipo_id` int(10) unsigned NOT NULL DEFAULT '8',
  `retention_type_id` int(10) unsigned DEFAULT NULL,
  `nombre` varchar(191) COLLATE utf8mb4_unicode_ci NOT NULL,
  `cuit` text COLLATE utf8mb4_unicode_ci,
  `cheque3ros` tinyint(1) NOT NULL DEFAULT '0',
  `cheque_emitidos` tinyint(1) NOT NULL DEFAULT '0',
  `tes_cta_cte` tinyint(1) NOT NULL DEFAULT '0',
  `tes_cuenta_origen` tinyint(1) NOT NULL DEFAULT '0',
  `tes_cuenta_destino` tinyint(1) NOT NULL DEFAULT '0',
  `conta_asientos` tinyint(1) NOT NULL DEFAULT '0',
  `habilitado` tinyint(1) NOT NULL DEFAULT '1',
  `created_at` timestamp NULL DEFAULT NULL,
  `updated_at` timestamp NULL DEFAULT NULL,
  `deleted_at` timestamp NULL DEFAULT NULL,
  PRIMARY KEY (`id`),
  KEY `cta_cte_tesoreria_cuentas_person_id_foreign` (`person_id`),
  KEY `cta_cte_tesoreria_cuentas_plan_cuenta_id_foreign` (`plan_cuenta_id`),
  KEY `cta_tes_tipo_id_foreign` (`cta_cte_tesoreria_cuenta_tipo_id`),
  KEY `cta_cte_tesoreria_cuentas_moneda_id_foreign` (`moneda_id`),
  KEY `cta_cte_tesoreria_cuentas_retention_type_id_foreign` (`retention_type_id`),
  KEY `idx_cctc_bind_apibank_enabled` (`bind_apibank_enabled`),
  KEY `idx_cctc_bind_account_id` (`bind_account_id`),
  CONSTRAINT `cta_cte_tesoreria_cuentas_moneda_id_foreign` FOREIGN KEY (`moneda_id`) REFERENCES `monedas` (`id`),
  CONSTRAINT `cta_cte_tesoreria_cuentas_person_id_foreign` FOREIGN KEY (`person_id`) REFERENCES `persons` (`id`),
  CONSTRAINT `cta_cte_tesoreria_cuentas_plan_cuenta_id_foreign` FOREIGN KEY (`plan_cuenta_id`) REFERENCES `conta_plan_cuenta` (`id`),
  CONSTRAINT `cta_cte_tesoreria_cuentas_retention_type_id_foreign` FOREIGN KEY (`retention_type_id`) REFERENCES `retention_types` (`id`),
  CONSTRAINT `cta_tes_tipo_id_foreign` FOREIGN KEY (`cta_cte_tesoreria_cuenta_tipo_id`) REFERENCES `cta_cte_tesoreria_cuenta_tipos` (`id`)
) ENGINE=InnoDB AUTO_INCREMENT=757 DEFAULT CHARSET=utf8mb4 COLLATE=utf8mb4_unicode_ci;

--
-- Dumping data for table `cta_cte_tesoreria_cuentas`
--

INSERT INTO `cta_cte_tesoreria_cuentas` VALUES (13,0,NULL,NULL,0,1,13,NULL,8,NULL,'Clientes - Deudores',NULL,0,0,0,0,0,0,1,'2019-10-19 02:10:24','2019-10-19 02:10:24',NULL),(20,0,NULL,NULL,0,1,20,NULL,8,NULL,'Anticipos Impuesto a las Ganancias',NULL,0,0,0,0,1,0,1,'2019-10-19 02:10:24','2019-10-19 02:10:24',NULL),(23,0,NULL,NULL,0,1,23,NULL,4,NULL,'Retenciones Impuesto a las Ganancias',NULL,0,0,1,0,0,0,1,'2019-10-19 02:10:24','2023-03-27 00:25:29',NULL),(25,0,NULL,NULL,0,1,25,NULL,4,NULL,'Retenciones de IVA',NULL,0,0,1,0,0,0,1,'2019-10-19 02:10:24','2023-03-27 00:25:29',NULL),(57,0,NULL,NULL,0,1,57,NULL,8,NULL,'Proveedores en Cta. Cte. locales',NULL,0,0,0,0,0,0,1,'2019-10-19 02:10:24','2019-10-19 02:10:24',NULL),(60,0,NULL,NULL,0,1,60,NULL,3,NULL,'Cheques emitidos ',NULL,0,1,1,1,1,0,1,'2019-10-19 02:10:24','2023-03-27 00:25:29',NULL),(62,0,NULL,NULL,0,1,62,NULL,8,NULL,'Sueldos y Jornales a pagar',NULL,0,0,0,0,1,0,1,'2019-10-19 02:10:24','2019-10-19 02:10:24',NULL),(140,0,NULL,NULL,0,1,140,NULL,6,NULL,'Intereses y Gastos bancarios',NULL,0,0,0,0,1,0,1,'2019-10-19 02:10:24','2023-03-27 00:25:29',NULL),(162,0,NULL,NULL,0,1,162,NULL,4,NULL,'Retenciones SUSS',NULL,0,0,1,0,0,0,1,'2019-10-19 02:10:24','2023-03-27 00:25:29',NULL),(176,0,NULL,NULL,0,1,176,NULL,3,NULL,'Cheques en Cartera',NULL,1,0,1,1,1,0,1,'2019-10-19 02:10:24','2023-03-27 00:25:29',NULL),(201,0,NULL,NULL,0,1,201,NULL,6,NULL,'Monotributo',NULL,0,0,0,0,1,0,1,'2019-10-19 02:10:24','2023-03-27 00:25:29',NULL),(203,0,NULL,NULL,0,1,203,NULL,6,NULL,'Autonomos',NULL,0,0,0,0,1,0,1,'2019-10-19 02:10:24','2023-03-27 00:25:29',NULL),(219,0,NULL,NULL,0,1,219,NULL,8,NULL,'Pagos AFIP',NULL,0,0,0,0,1,0,1,'2019-10-19 02:10:24','2019-10-19 02:10:24',NULL),(251,0,NULL,NULL,0,1,251,NULL,4,NULL,'Retenciones de IIBB Buenos Aires',NULL,0,0,1,0,0,0,1,'2019-10-19 02:10:24','2023-03-27 00:25:29',NULL),(252,0,NULL,NULL,0,1,252,NULL,4,NULL,'Retenciones de IIBB Capital Federal',NULL,0,0,1,0,0,0,1,'2019-10-19 02:10:24','2023-03-27 00:25:29',NULL),(253,0,NULL,NULL,0,1,253,NULL,4,NULL,'Retenciones de IIBB Catamarca',NULL,0,0,1,0,0,0,1,'2019-10-19 02:10:24','2023-03-27 00:25:29',NULL),(254,0,NULL,NULL,0,1,254,NULL,4,NULL,'Retenciones de IIBB Chaco',NULL,0,0,1,0,0,0,1,'2019-10-19 02:10:24','2023-03-27 00:25:29',NULL),(255,0,NULL,NULL,0,1,255,NULL,4,NULL,'Retenciones de IIBB Chubut',NULL,0,0,1,0,0,0,1,'2019-10-19 02:10:24','2023-03-27 00:25:29',NULL),(256,0,NULL,NULL,0,1,256,NULL,4,NULL,'Retenciones de IIBB Córdoba',NULL,0,0,1,0,0,0,1,'2019-10-19 02:10:24','2023-03-27 00:25:29',NULL),(257,0,NULL,NULL,0,1,257,NULL,4,NULL,'Retenciones de IIBB Corrientes',NULL,0,0,1,0,0,0,1,'2019-10-19 02:10:24','2023-03-27 00:25:29',NULL),(258,0,NULL,NULL,0,1,258,NULL,4,NULL,'Retenciones de IIBB Entre Ríos',NULL,0,0,1,0,0,0,1,'2019-10-19 02:10:24','2023-03-27 00:25:29',NULL),(259,0,NULL,NULL,0,1,259,NULL,4,NULL,'Retenciones de IIBB Formosa',NULL,0,0,1,0,0,0,1,'2019-10-19 02:10:24','2023-03-27 00:25:29',NULL),(260,0,NULL,NULL,0,1,260,NULL,4,NULL,'Retenciones de IIBB Jujuy',NULL,0,0,1,0,0,0,1,'2019-10-19 02:10:24','2023-03-27 00:25:29',NULL),(261,0,NULL,NULL,0,1,261,NULL,4,NULL,'Retenciones de IIBB La Pampa',NULL,0,0,1,0,0,0,1,'2019-10-19 02:10:24','2023-03-27 00:25:29',NULL),(262,0,NULL,NULL,0,1,262,NULL,4,NULL,'Retenciones de IIBB La Rioja',NULL,0,0,1,0,0,0,1,'2019-10-19 02:10:24','2023-03-27 00:25:29',NULL),(263,0,NULL,NULL,0,1,263,NULL,4,NULL,'Retenciones de IIBB Mendoza',NULL,0,0,1,0,0,0,1,'2019-10-19 02:10:24','2023-03-27 00:25:29',NULL),(264,0,NULL,NULL,0,1,264,NULL,4,NULL,'Retenciones de IIBB Misiones',NULL,0,0,1,0,0,0,1,'2019-10-19 02:10:24','2023-03-27 00:25:29',NULL),(265,0,NULL,NULL,0,1,265,NULL,4,NULL,'Retenciones de IIBB Neuquén',NULL,0,0,1,0,0,0,1,'2019-10-19 02:10:24','2023-03-27 00:25:29',NULL),(266,0,NULL,NULL,0,1,266,NULL,4,NULL,'Retenciones de IIBB Pascua Lama',NULL,0,0,1,0,0,0,1,'2019-10-19 02:10:24','2023-03-27 00:25:29',NULL);
INSERT INTO `cta_cte_tesoreria_cuentas` VALUES (267,0,NULL,NULL,0,1,267,NULL,4,NULL,'Retenciones de IIBB Río Negro',NULL,0,0,1,0,0,0,1,'2019-10-19 02:10:24','2023-03-27 00:25:29',NULL),(268,0,NULL,NULL,0,1,268,NULL,4,NULL,'Retenciones de IIBB Salta',NULL,0,0,1,0,0,0,1,'2019-10-19 02:10:24','2023-03-27 00:25:29',NULL),(269,0,NULL,NULL,0,1,269,NULL,4,NULL,'Retenciones de IIBB San Juan',NULL,0,0,1,0,0,0,1,'2019-10-19 02:10:24','2023-03-27 00:25:29',NULL),(270,0,NULL,NULL,0,1,270,NULL,4,NULL,'Retenciones de IIBB San Luis',NULL,0,0,1,0,0,0,1,'2019-10-19 02:10:24','2023-03-27 00:25:29',NULL),(271,0,NULL,NULL,0,1,271,NULL,4,NULL,'Retenciones de IIBB Santa Cruz',NULL,0,0,1,0,0,0,1,'2019-10-19 02:10:24','2023-03-27 00:25:29',NULL),(272,0,NULL,NULL,0,1,272,NULL,4,NULL,'Retenciones de IIBB Santa Fe',NULL,0,0,1,0,0,0,1,'2019-10-19 02:10:24','2023-03-27 00:25:29',NULL),(273,0,NULL,NULL,0,1,273,NULL,4,NULL,'Retenciones de IIBB Santiago del Estero',NULL,0,0,1,0,0,0,1,'2019-10-19 02:10:24','2023-03-27 00:25:29',NULL),(274,0,NULL,NULL,0,1,274,NULL,4,NULL,'Retenciones de IIBB Tierra del Fuego',NULL,0,0,1,0,0,0,1,'2019-10-19 02:10:24','2023-03-27 00:25:29',NULL),(275,0,NULL,NULL,0,1,275,NULL,4,NULL,'Retenciones de IIBB Tucuman',NULL,0,0,1,0,0,0,1,'2019-10-19 02:10:24','2023-03-27 00:25:29',NULL),(351,0,NULL,NULL,0,1,351,NULL,8,NULL,'BANCO SIRCREB',NULL,0,0,0,0,1,0,1,'2019-10-19 02:10:24','2019-10-19 02:10:24',NULL),(359,0,NULL,NULL,0,1,359,NULL,8,NULL,'Caja en Pesos',NULL,0,0,1,1,1,0,1,'2019-10-19 02:10:24','2023-03-20 23:17:03','2023-03-20 23:17:03'),(360,0,NULL,NULL,0,1,360,NULL,8,NULL,'Retenciones Bancarias de Ganancias a Favor',NULL,0,0,0,0,1,0,1,'2019-10-19 02:10:24','2019-10-19 02:10:24',NULL),(364,0,NULL,NULL,0,1,364,NULL,8,NULL,'Anticipo de Clientes',NULL,0,0,0,0,1,0,1,'2019-10-19 02:10:24','2019-10-19 02:10:24',NULL),(384,0,NULL,NULL,0,1,384,NULL,8,NULL,'Caja en Dolares',NULL,0,0,1,1,1,0,1,'2019-10-19 02:10:24','2023-03-20 23:17:03','2023-03-20 23:17:03'),(409,0,NULL,NULL,0,1,409,NULL,6,NULL,'IVA Crédito Fiscal No computable',NULL,0,0,0,0,1,0,1,'2019-10-19 02:10:24','2023-03-27 00:25:29',NULL),(418,0,NULL,NULL,0,1,418,NULL,8,NULL,'Deudas Bancarias',NULL,0,0,0,1,1,0,1,'2019-10-19 02:10:24','2019-10-19 02:10:24',NULL),(433,0,NULL,NULL,0,1,433,NULL,8,NULL,'Préstamo',NULL,0,0,0,1,1,0,1,'2019-10-19 02:10:24','2019-10-19 02:10:24',NULL),(441,0,NULL,NULL,0,1,441,NULL,8,NULL,'Leasing',NULL,0,0,0,1,1,0,1,'2019-10-19 02:10:24','2019-10-19 02:10:24',NULL),(448,0,NULL,NULL,0,1,448,NULL,8,NULL,'Planes de Pagos AFIP',NULL,0,0,0,1,1,0,1,'2019-10-19 02:10:24','2019-10-19 02:10:24',NULL),(450,0,NULL,NULL,0,1,450,NULL,3,NULL,'Cheques Rechazados',NULL,0,0,0,0,1,0,1,'2019-10-19 02:10:24','2023-03-27 00:25:29',NULL),(467,0,NULL,NULL,0,1,467,NULL,6,NULL,'Interés',NULL,0,0,0,0,1,0,1,'2019-10-19 02:10:24','2023-03-27 00:25:29',NULL),(468,0,NULL,NULL,0,1,14,NULL,8,NULL,'Deudores por ventas comunes',NULL,0,0,0,0,0,1,1,'2020-02-06 17:23:07','2023-03-27 00:25:29',NULL),(469,0,NULL,NULL,0,1,15,NULL,8,NULL,'Deudores por ventas morosos',NULL,0,0,0,0,0,1,1,'2020-02-06 17:23:07','2023-03-27 00:25:29',NULL),(470,0,NULL,NULL,0,1,16,NULL,8,NULL,'Deudores en gestión judicial',NULL,0,0,0,0,0,1,1,'2020-02-06 17:23:07','2023-03-27 00:25:29',NULL),(471,0,NULL,NULL,0,1,17,NULL,8,NULL,'Previsión deudores incobrables',NULL,0,0,0,0,0,1,1,'2020-02-06 17:23:07','2023-03-27 00:25:29',NULL),(472,0,NULL,NULL,0,1,22,NULL,8,NULL,'Anticipo Impto.Ganancia Mínima Presunta',NULL,0,0,0,0,0,1,1,'2020-02-06 17:23:07','2023-03-27 00:25:29',NULL),(473,0,NULL,NULL,0,1,24,NULL,4,NULL,'Impuesto a las Ganancias (Saldo a favor)',NULL,0,0,0,0,0,1,0,'2020-02-06 17:23:07','2023-06-02 07:57:22',NULL),(474,0,NULL,NULL,0,1,27,NULL,8,NULL,'Anticipos de proveedores',NULL,0,0,0,0,0,1,1,'2020-02-06 17:23:07','2023-03-27 00:25:29',NULL),(475,0,NULL,NULL,0,1,28,NULL,8,NULL,'Depósito en garantía alquileres',NULL,0,0,0,0,0,1,1,'2020-02-06 17:23:07','2023-03-27 00:25:29',NULL);
INSERT INTO `cta_cte_tesoreria_cuentas` VALUES (476,0,NULL,NULL,0,1,29,NULL,8,NULL,'Derechos adquiridos a devengar',NULL,0,0,0,0,0,1,1,'2020-02-06 17:23:07','2023-03-27 00:25:29',NULL),(477,0,NULL,NULL,0,1,30,NULL,8,NULL,'Intereses a devengar',NULL,0,0,0,0,0,1,1,'2020-02-06 17:23:07','2023-03-27 00:25:29',NULL),(478,0,NULL,NULL,0,1,31,NULL,8,NULL,'Cuentas a rendir - Directores',NULL,0,0,0,0,0,1,1,'2020-02-06 17:23:07','2023-03-27 00:25:29',NULL),(479,0,NULL,NULL,0,1,32,NULL,8,NULL,'Alquileres no devengados',NULL,0,0,0,0,0,1,1,'2020-02-06 17:23:07','2023-03-27 00:25:29',NULL),(480,0,NULL,NULL,0,1,38,NULL,8,NULL,'Equipos de computación valores históricos',NULL,0,0,0,0,0,1,1,'2020-02-06 17:23:07','2023-03-27 00:25:29',NULL),(481,0,NULL,NULL,0,1,39,NULL,8,NULL,'Equipos de computación ajuste',NULL,0,0,0,0,0,1,1,'2020-02-06 17:23:07','2023-03-27 00:25:29',NULL),(482,0,NULL,NULL,0,1,40,NULL,8,NULL,'Amortización Acumulada Equipos de comput.',NULL,0,0,0,0,0,1,1,'2020-02-06 17:23:07','2023-03-27 00:25:29',NULL),(483,0,NULL,NULL,0,1,42,NULL,8,NULL,'Instalaciones valores históricos',NULL,0,0,0,0,0,1,1,'2020-02-06 17:23:07','2023-03-27 00:25:29',NULL),(484,0,NULL,NULL,0,1,43,NULL,8,NULL,'Instalaciones ajuste',NULL,0,0,0,0,0,1,1,'2020-02-06 17:23:07','2023-03-27 00:25:29',NULL),(485,0,NULL,NULL,0,1,44,NULL,8,NULL,'Amortización Acumulada Instalaciones',NULL,0,0,0,0,0,1,1,'2020-02-06 17:23:07','2023-03-27 00:25:29',NULL),(486,0,NULL,NULL,0,1,46,NULL,8,NULL,'Muebles y utiles valores históricos',NULL,0,0,0,0,0,1,1,'2020-02-06 17:23:07','2023-03-27 00:25:29',NULL),(487,0,NULL,NULL,0,1,47,NULL,8,NULL,'Muebles y utiles ajuste',NULL,0,0,0,0,0,1,1,'2020-02-06 17:23:07','2023-03-27 00:25:29',NULL),(488,0,NULL,NULL,0,1,48,NULL,8,NULL,'Amortización Acumulada Muebles y Útiles',NULL,0,0,0,0,0,1,1,'2020-02-06 17:23:07','2023-03-27 00:25:29',NULL),(489,0,NULL,NULL,0,1,50,NULL,8,NULL,'Gastos de organización valores historicos',NULL,0,0,0,0,0,1,1,'2020-02-06 17:23:07','2023-03-27 00:25:29',NULL),(490,0,NULL,NULL,0,1,51,NULL,8,NULL,'Gastos de organización ajuste',NULL,0,0,0,0,0,1,1,'2020-02-06 17:23:07','2023-03-27 00:25:29',NULL),(491,0,NULL,NULL,0,1,52,NULL,8,NULL,'Amortización acumulada gs. de organización',NULL,0,0,0,0,0,1,1,'2020-02-06 17:23:07','2023-03-27 00:25:29',NULL),(492,0,NULL,NULL,0,1,58,NULL,8,NULL,'Proveedores en cta. cte. exterior',NULL,0,0,0,0,0,1,1,'2020-02-06 17:23:07','2023-03-27 00:25:29',NULL),(493,0,NULL,NULL,0,1,59,NULL,8,NULL,'Derechos de exhibición a devengar',NULL,0,0,0,0,0,1,1,'2020-02-06 17:23:07','2023-03-27 00:25:29',NULL),(494,0,NULL,NULL,0,1,63,NULL,8,NULL,'Cargas sociales a pagar',NULL,0,0,0,0,0,1,1,'2020-02-06 17:23:07','2023-03-27 00:25:29',NULL),(495,0,NULL,NULL,0,1,64,NULL,8,NULL,'Sindicatos a Pagar',NULL,0,0,0,0,0,1,1,'2020-02-06 17:23:07','2023-03-27 00:25:29',NULL),(496,0,NULL,NULL,0,1,67,NULL,8,NULL,'IVA Debito Fiscal',NULL,0,0,0,0,0,1,1,'2020-02-06 17:23:07','2023-03-27 00:25:29',NULL),(497,0,NULL,NULL,0,1,68,NULL,8,NULL,'IVA Credito Fiscal',NULL,0,0,0,0,0,1,1,'2020-02-06 17:23:07','2023-03-27 00:25:29',NULL),(498,0,NULL,NULL,0,1,69,NULL,8,NULL,'Impuestos Internos',NULL,0,0,0,0,0,1,1,'2020-02-06 17:23:07','2023-03-27 00:25:29',NULL),(499,0,NULL,NULL,0,1,70,NULL,8,NULL,'Impuestos al Combustible',NULL,0,0,0,0,0,1,1,'2020-02-06 17:23:07','2023-03-27 00:25:29',NULL),(500,0,NULL,NULL,0,1,71,NULL,8,NULL,'IVA Retenciones de terceros',NULL,0,0,0,0,0,1,1,'2020-02-06 17:23:07','2023-03-27 00:25:29',NULL),(501,0,NULL,NULL,0,1,72,NULL,5,NULL,'IVA Percepciones realiz.por terceros',NULL,0,0,0,0,0,1,1,'2020-02-06 17:23:07','2023-03-27 00:25:29',NULL),(502,0,NULL,NULL,0,1,73,NULL,8,NULL,'IVA Saldo a favor',NULL,0,0,0,0,0,1,1,'2020-02-06 17:23:07','2023-03-27 00:25:29',NULL),(503,0,NULL,NULL,0,1,74,NULL,8,NULL,'IVA a pagar',NULL,0,0,0,0,0,1,1,'2020-02-06 17:23:07','2023-03-27 00:25:29',NULL),(504,0,NULL,NULL,0,1,75,NULL,5,NULL,'Percepciones Ingresos Brutos',NULL,0,0,0,0,0,1,1,'2020-02-06 17:23:07','2023-03-27 00:25:29',NULL);
INSERT INTO `cta_cte_tesoreria_cuentas` VALUES (505,0,NULL,NULL,0,1,76,NULL,8,NULL,'Otros Pagos AFIP',NULL,0,0,0,0,0,1,1,'2020-02-06 17:23:07','2023-03-27 00:25:29',NULL),(506,0,NULL,NULL,0,1,78,NULL,8,NULL,'Impuesto a los Ingresos Brutos Pasivo',NULL,0,0,0,0,0,1,1,'2020-02-06 17:23:07','2023-03-27 00:25:29',NULL),(507,0,NULL,NULL,0,1,79,NULL,8,NULL,'Impuesto a las Ganancias',NULL,0,0,0,0,0,1,1,'2020-02-06 17:23:07','2023-03-27 00:25:29',NULL),(508,0,NULL,NULL,0,1,80,NULL,8,NULL,'Impuesto a la Ganancia Mínima Presunta',NULL,0,0,0,0,0,1,1,'2020-02-06 17:23:07','2023-03-27 00:25:29',NULL),(509,0,NULL,NULL,0,1,81,NULL,8,NULL,'AFIP - Retenciones Impuesto a las Ganancias',NULL,0,0,0,0,0,1,1,'2020-02-06 17:23:07','2023-03-27 00:25:29',NULL),(510,0,NULL,NULL,0,1,82,NULL,8,NULL,'AFIP - Plan de Facilidades Decreto 338/02',NULL,0,0,0,0,0,1,1,'2020-02-06 17:23:07','2023-03-27 00:25:29',NULL),(511,0,NULL,NULL,0,1,87,NULL,8,NULL,'Acciones en circulación',NULL,0,0,0,0,0,1,1,'2020-02-06 17:23:07','2023-03-27 00:25:29',NULL),(512,0,NULL,NULL,0,1,88,NULL,8,NULL,'Ajuste del Capital',NULL,0,0,0,0,0,1,1,'2020-02-06 17:23:07','2023-03-27 00:25:29',NULL),(513,0,NULL,NULL,0,1,89,NULL,8,NULL,'Aportes Irrevocables Futuras Suscripciones',NULL,0,0,0,0,0,1,1,'2020-02-06 17:23:07','2023-03-27 00:25:29',NULL),(514,0,NULL,NULL,0,1,91,NULL,8,NULL,'Resultado del ejercicio',NULL,0,0,0,0,0,1,1,'2020-02-06 17:23:07','2023-03-27 00:25:29',NULL),(515,0,NULL,NULL,0,1,92,NULL,8,NULL,'Resultado ejercicios anteriores',NULL,0,0,0,0,0,1,1,'2020-02-06 17:23:07','2023-03-27 00:25:29',NULL),(516,0,NULL,NULL,0,1,93,NULL,8,NULL,'A.R.E.A.',NULL,0,0,0,0,0,1,1,'2020-02-06 17:23:07','2023-03-27 00:25:29',NULL),(517,0,NULL,NULL,0,1,96,NULL,7,NULL,'VENTAS',NULL,0,0,0,0,1,1,1,'2020-02-06 17:23:07','2023-03-27 00:25:29',NULL),(518,0,NULL,NULL,0,1,97,NULL,7,NULL,'Honorarios',NULL,0,0,0,0,1,1,1,'2020-02-06 17:23:07','2023-03-27 00:25:29',NULL),(519,0,NULL,NULL,0,1,99,NULL,7,NULL,'Descuentos obtenidos',NULL,0,0,0,0,1,1,1,'2020-02-06 17:23:07','2023-03-27 00:25:29',NULL),(520,0,NULL,NULL,0,1,100,NULL,7,NULL,'Reintegros por exportaciones',NULL,0,0,0,0,1,1,1,'2020-02-06 17:23:07','2023-03-27 00:25:29',NULL),(521,0,NULL,NULL,0,1,102,NULL,7,NULL,'Intereses Cobrados',NULL,0,0,0,0,1,1,1,'2020-02-06 17:23:07','2023-03-27 00:25:29',NULL),(522,0,NULL,NULL,0,1,103,NULL,7,NULL,'Diferencias de cambio',NULL,0,0,0,0,1,1,1,'2020-02-06 17:23:07','2023-03-27 00:25:29',NULL),(523,0,NULL,NULL,0,1,104,NULL,7,NULL,'Descuentos obtenidos',NULL,0,0,0,0,1,1,1,'2020-02-06 17:23:07','2023-03-27 00:25:29',NULL),(524,0,NULL,NULL,0,1,110,NULL,6,NULL,'Sueldos',NULL,0,0,0,0,0,1,1,'2020-02-06 17:23:07','2023-03-27 00:25:29',NULL),(525,0,NULL,NULL,0,1,111,NULL,6,NULL,'Contribuciones',NULL,0,0,0,0,0,1,1,'2020-02-06 17:23:07','2023-03-27 00:25:29',NULL),(526,0,NULL,NULL,0,1,112,NULL,6,NULL,'Sindicato',NULL,0,0,0,0,0,1,1,'2020-02-06 17:23:07','2023-03-27 00:25:29',NULL),(527,0,NULL,NULL,0,1,114,NULL,8,NULL,'ACA',NULL,0,0,0,0,0,1,1,'2020-02-06 17:23:07','2023-03-27 00:25:29',NULL),(528,0,NULL,NULL,0,1,115,NULL,6,NULL,'Aereos',NULL,0,0,0,0,0,1,1,'2020-02-06 17:23:07','2023-03-27 00:25:29',NULL),(529,0,NULL,NULL,0,1,116,NULL,6,NULL,'Alquiler',NULL,0,0,0,0,0,1,1,'2020-02-06 17:23:07','2023-03-27 00:25:29',NULL),(530,0,NULL,NULL,0,1,117,NULL,8,NULL,'AGUA AYSA',NULL,0,0,0,0,0,1,1,'2020-02-06 17:23:07','2023-03-27 00:25:29',NULL),(531,0,NULL,NULL,0,1,118,NULL,8,NULL,'TV Cablevision',NULL,0,0,0,0,0,1,1,'2020-02-06 17:23:07','2023-03-27 00:25:29',NULL),(532,0,NULL,NULL,0,1,119,NULL,1,NULL,'Caja Jubilacion Consejo',NULL,0,0,0,0,0,1,1,'2020-02-06 17:23:07','2023-03-27 00:25:29',NULL),(533,0,NULL,NULL,0,1,120,NULL,6,NULL,'Celulares',NULL,0,0,0,0,0,1,1,'2020-02-06 17:23:07','2023-03-27 00:25:29',NULL),(534,0,NULL,NULL,0,1,121,NULL,3,NULL,'Cheques',NULL,0,0,0,0,0,1,1,'2020-02-06 17:23:07','2023-03-27 00:25:29',NULL),(535,0,NULL,NULL,0,1,123,NULL,8,NULL,'Comida',NULL,0,0,0,0,0,1,1,'2020-02-06 17:23:07','2023-03-27 00:25:29',NULL);
INSERT INTO `cta_cte_tesoreria_cuentas` VALUES (536,0,NULL,NULL,0,1,126,NULL,6,NULL,'Fletes y acarreos',NULL,0,0,0,0,0,1,1,'2020-02-06 17:23:07','2023-03-27 00:25:29',NULL),(537,0,NULL,NULL,0,1,127,NULL,8,NULL,'Luz Edesur',NULL,0,0,0,0,0,1,1,'2020-02-06 17:23:07','2023-03-27 00:25:29',NULL),(538,0,NULL,NULL,0,1,128,NULL,6,NULL,'Movilidad y Viáticos',NULL,0,0,0,0,0,1,1,'2020-02-06 17:23:07','2023-03-27 00:25:29',NULL),(539,0,NULL,NULL,0,1,129,NULL,8,NULL,'Mantenimiento',NULL,0,0,0,0,0,1,1,'2020-02-06 17:23:07','2023-03-27 00:25:29',NULL),(540,0,NULL,NULL,0,1,130,NULL,8,NULL,'IVA No Computable',NULL,0,0,0,0,0,1,1,'2020-02-06 17:23:07','2023-03-27 00:25:29',NULL),(541,0,NULL,NULL,0,1,131,NULL,8,NULL,'Entretenimiento',NULL,0,0,0,0,0,1,1,'2020-02-06 17:23:07','2023-03-27 00:25:29',NULL),(542,0,NULL,NULL,0,1,132,NULL,6,NULL,'Amortización Bienes de Uso',NULL,0,0,0,0,0,1,1,'2020-02-06 17:23:07','2023-03-27 00:25:29',NULL),(543,0,NULL,NULL,0,1,135,NULL,6,NULL,'Gastos varios',NULL,0,0,0,0,0,1,1,'2020-02-06 17:23:07','2023-03-27 00:25:29',NULL),(544,0,NULL,NULL,0,1,136,NULL,6,NULL,'Ajuste por redondeo',NULL,0,0,0,0,0,1,1,'2020-02-06 17:23:07','2023-03-27 00:25:29',NULL),(545,0,NULL,NULL,0,1,137,NULL,6,NULL,'Deudores Incobrables',NULL,0,0,0,0,0,1,1,'2020-02-06 17:23:07','2023-03-27 00:25:29',NULL),(546,0,NULL,NULL,0,1,141,NULL,6,NULL,'Intereses Proveedores',NULL,0,0,0,0,0,1,1,'2020-02-06 17:23:07','2023-03-27 00:25:29',NULL),(547,0,NULL,NULL,0,1,143,NULL,6,NULL,'Diferencias de cambio',NULL,0,0,0,0,0,1,1,'2020-02-06 17:23:07','2023-03-27 00:25:29',NULL),(548,0,NULL,NULL,0,1,144,NULL,8,NULL,'Diferencia de Cambio Bces. en M.Extranjera',NULL,0,0,0,0,0,1,1,'2020-02-06 17:23:07','2023-03-27 00:25:29',NULL),(549,0,NULL,NULL,0,1,145,NULL,6,NULL,'Diferencia tipo cambio Vendedor/Comprador',NULL,0,0,0,0,0,1,1,'2020-02-06 17:23:07','2023-03-27 00:25:29',NULL),(550,0,NULL,NULL,0,1,146,NULL,8,NULL,'Diferencia por conversion en Bce. en Mon. Extranj.',NULL,0,0,0,0,0,1,1,'2020-02-06 17:23:07','2023-03-27 00:25:29',NULL),(551,0,NULL,NULL,0,1,147,NULL,8,NULL,'Diferencia de cambio CMV',NULL,0,0,0,0,0,1,1,'2020-02-06 17:23:07','2023-03-27 00:25:29',NULL),(552,0,NULL,NULL,0,1,148,NULL,8,NULL,'Diferencia de cambio PT',NULL,0,0,0,0,0,1,1,'2020-02-06 17:23:07','2023-03-27 00:25:29',NULL),(553,0,NULL,NULL,0,1,149,NULL,8,NULL,'Resultado por Exposición a la Inflación',NULL,0,0,0,0,0,1,1,'2020-02-06 17:23:07','2023-03-27 00:25:29',NULL),(554,0,NULL,NULL,0,1,150,NULL,8,NULL,'Diferencia de cambio PE',NULL,0,0,0,0,0,1,1,'2020-02-06 17:23:07','2023-03-27 00:25:29',NULL),(555,0,NULL,NULL,0,1,151,NULL,8,NULL,'Diferencia de cambio Ds.Vtas.',NULL,0,0,0,0,0,1,1,'2020-02-06 17:23:07','2023-03-27 00:25:29',NULL),(556,0,NULL,NULL,0,1,152,NULL,6,NULL,'Diferencia de cambio ME',NULL,0,0,0,0,0,1,1,'2020-02-06 17:23:07','2023-03-27 00:25:29',NULL),(557,0,NULL,NULL,0,1,153,NULL,6,NULL,'Descuentos otorgados',NULL,0,0,0,0,0,1,1,'2020-02-06 17:23:07','2023-03-27 00:25:29',NULL),(558,0,NULL,NULL,0,1,155,NULL,6,NULL,'Impuesto a las Ganancias',NULL,0,0,0,0,0,1,1,'2020-02-06 17:23:07','2023-03-27 00:25:29',NULL),(559,0,NULL,NULL,0,1,156,NULL,6,NULL,'Impuesto a los Ingresos Brutos',NULL,0,0,0,0,0,1,1,'2020-02-06 17:23:07','2023-03-27 00:25:30',NULL),(560,0,NULL,NULL,0,1,157,NULL,6,NULL,'Impuesto al Debito y Credito Bancario',NULL,0,0,0,0,0,1,1,'2020-02-06 17:23:07','2023-03-27 00:25:30',NULL),(561,0,NULL,NULL,0,1,159,NULL,6,NULL,'Pérdida por venta bienes de uso',NULL,0,0,0,0,0,1,1,'2020-02-06 17:23:07','2023-03-27 00:25:30',NULL),(562,0,NULL,NULL,0,1,160,NULL,6,NULL,'Inversiones',NULL,0,0,0,0,0,1,1,'2020-02-06 17:23:07','2023-03-27 00:25:30',NULL),(563,0,NULL,NULL,0,1,161,NULL,6,NULL,'Amortizaciones extraordinarias',NULL,0,0,0,0,0,1,1,'2020-02-06 17:23:07','2023-03-27 00:25:30',NULL),(564,0,NULL,NULL,0,1,178,NULL,8,NULL,'Google',NULL,0,0,0,0,0,1,1,'2020-02-06 17:23:07','2023-03-27 00:25:30',NULL),(565,0,NULL,NULL,0,1,188,NULL,6,NULL,'Publicidad',NULL,0,0,0,0,0,1,1,'2020-02-06 17:23:07','2023-03-27 00:25:30',NULL);
INSERT INTO `cta_cte_tesoreria_cuentas` VALUES (566,0,NULL,NULL,0,1,191,NULL,6,NULL,'Cargas Sociales',NULL,0,0,0,0,0,1,1,'2020-02-06 17:23:07','2023-03-27 00:25:30',NULL),(567,0,NULL,NULL,0,1,192,NULL,6,NULL,'Honorarios',NULL,0,0,0,0,0,1,1,'2020-02-06 17:23:07','2023-03-27 00:25:30',NULL),(568,0,NULL,NULL,0,1,193,NULL,6,NULL,'Telefono Fijo',NULL,0,0,0,0,0,1,1,'2020-02-06 17:23:07','2023-03-27 00:25:30',NULL),(569,0,NULL,NULL,0,1,198,NULL,6,NULL,'Seguros',NULL,0,0,0,0,0,1,1,'2020-02-06 17:23:07','2023-03-27 00:25:30',NULL),(570,0,NULL,NULL,0,1,199,NULL,6,NULL,'Internet',NULL,0,0,0,0,0,1,1,'2020-02-06 17:23:07','2023-03-27 00:25:30',NULL),(571,0,NULL,NULL,0,1,204,NULL,6,NULL,'Multas Impositivas',NULL,0,0,0,0,0,1,1,'2020-02-06 17:23:07','2023-03-27 00:25:30',NULL),(572,0,NULL,NULL,0,1,208,NULL,6,NULL,'Impuesto a los Ingresos Brutos - BS AS',NULL,0,0,0,0,0,1,1,'2020-02-06 17:23:07','2023-03-27 00:25:30',NULL),(573,0,NULL,NULL,0,1,209,NULL,6,NULL,'SIRCREB',NULL,0,0,0,0,0,1,1,'2020-02-06 17:23:07','2023-03-27 00:25:30',NULL),(574,0,NULL,NULL,0,1,212,NULL,6,NULL,'Tarjeta Visa',NULL,0,0,0,0,0,1,1,'2020-02-06 17:23:07','2023-03-27 00:25:30',NULL),(575,0,NULL,NULL,0,1,213,NULL,6,NULL,'Tarjeta American Express',NULL,0,0,0,0,0,1,1,'2020-02-06 17:23:07','2023-03-27 00:25:30',NULL),(576,0,NULL,NULL,0,1,214,NULL,6,NULL,'Tarjeta Mastercard',NULL,0,0,0,0,0,1,1,'2020-02-06 17:23:07','2023-03-27 00:25:30',NULL),(577,0,NULL,NULL,0,1,215,NULL,8,NULL,'Tarjeta Shopping',NULL,0,0,0,0,0,1,1,'2020-02-06 17:23:07','2023-03-27 00:25:30',NULL),(578,0,NULL,NULL,0,1,216,NULL,6,NULL,'Tarjeta Cencosud',NULL,0,0,0,0,0,1,1,'2020-02-06 17:23:07','2023-03-27 00:25:30',NULL),(579,0,NULL,NULL,0,1,217,NULL,6,NULL,'Compras',NULL,0,0,0,0,0,1,1,'2020-02-06 17:23:07','2023-03-27 00:25:30',NULL),(580,0,NULL,NULL,0,1,218,NULL,7,NULL,'Ventas No Gravadas',NULL,0,0,0,0,1,1,1,'2020-02-06 17:23:07','2023-03-27 00:25:30',NULL),(581,0,NULL,NULL,0,1,220,NULL,5,NULL,'Perc IVA -RG3337',NULL,0,0,0,0,0,1,0,'2020-02-06 17:23:07','2023-06-02 07:57:22',NULL),(582,0,NULL,NULL,0,1,221,NULL,6,NULL,'Imps. Internos',NULL,0,0,0,0,0,1,1,'2020-02-06 17:23:07','2023-03-27 00:25:30',NULL),(583,0,NULL,NULL,0,1,222,NULL,6,NULL,'Imp. Gasoil',NULL,0,0,0,0,0,1,1,'2020-02-06 17:23:07','2023-03-27 00:25:30',NULL),(584,0,NULL,NULL,0,1,223,NULL,6,NULL,'Imp. Hídricos',NULL,0,0,0,0,0,1,1,'2020-02-06 17:23:07','2023-03-27 00:25:30',NULL),(585,0,NULL,NULL,0,1,224,NULL,6,NULL,'ITC',NULL,0,0,0,0,0,1,1,'2020-02-06 17:23:07','2023-03-27 00:25:30',NULL),(586,0,NULL,NULL,0,1,225,NULL,5,NULL,'Perc IIBB  Buenos Aires',NULL,0,0,0,0,0,1,1,'2020-02-06 17:23:07','2023-03-27 00:25:30',NULL),(587,0,NULL,NULL,0,1,226,NULL,5,NULL,'Perc IIBB  Capital Federal',NULL,0,0,0,0,0,1,1,'2020-02-06 17:23:07','2023-03-27 00:25:30',NULL),(588,0,NULL,NULL,0,1,227,NULL,5,NULL,'Perc IIBB  Catamarca',NULL,0,0,0,0,0,1,1,'2020-02-06 17:23:07','2023-03-27 00:25:30',NULL),(589,0,NULL,NULL,0,1,228,NULL,5,NULL,'Perc IIBB  Chaco',NULL,0,0,0,0,0,1,1,'2020-02-06 17:23:07','2023-03-27 00:25:30',NULL),(590,0,NULL,NULL,0,1,229,NULL,5,NULL,'Perc IIBB  Chubut',NULL,0,0,0,0,0,1,1,'2020-02-06 17:23:07','2023-03-27 00:25:30',NULL),(591,0,NULL,NULL,0,1,230,NULL,5,NULL,'Perc IIBB  Córdoba',NULL,0,0,0,0,0,1,1,'2020-02-06 17:23:07','2023-03-27 00:25:30',NULL),(592,0,NULL,NULL,0,1,231,NULL,5,NULL,'Perc IIBB  Corrientes',NULL,0,0,0,0,0,1,1,'2020-02-06 17:23:07','2023-03-27 00:25:30',NULL),(593,0,NULL,NULL,0,1,232,NULL,5,NULL,'Perc IIBB  Entre Ríos',NULL,0,0,0,0,0,1,1,'2020-02-06 17:23:07','2023-03-27 00:25:30',NULL),(594,0,NULL,NULL,0,1,233,NULL,5,NULL,'Perc IIBB  Formosa',NULL,0,0,0,0,0,1,1,'2020-02-06 17:23:07','2023-03-27 00:25:30',NULL),(595,0,NULL,NULL,0,1,234,NULL,5,NULL,'Perc IIBB  Jujuy',NULL,0,0,0,0,0,1,1,'2020-02-06 17:23:07','2023-03-27 00:25:30',NULL),(596,0,NULL,NULL,0,1,235,NULL,5,NULL,'Perc IIBB  La Pampa',NULL,0,0,0,0,0,1,1,'2020-02-06 17:23:07','2023-03-27 00:25:30',NULL),(597,0,NULL,NULL,0,1,236,NULL,5,NULL,'Perc IIBB  La Rioja',NULL,0,0,0,0,0,1,1,'2020-02-06 17:23:07','2023-03-27 00:25:30',NULL);
INSERT INTO `cta_cte_tesoreria_cuentas` VALUES (598,0,NULL,NULL,0,1,237,NULL,5,NULL,'Perc IIBB  Mendoza',NULL,0,0,0,0,0,1,1,'2020-02-06 17:23:07','2023-03-27 00:25:30',NULL),(599,0,NULL,NULL,0,1,238,NULL,5,NULL,'Perc IIBB  Misiones',NULL,0,0,0,0,0,1,1,'2020-02-06 17:23:07','2023-03-27 00:25:30',NULL),(600,0,NULL,NULL,0,1,239,NULL,5,NULL,'Perc IIBB  Neuquén',NULL,0,0,0,0,0,1,1,'2020-02-06 17:23:07','2023-03-27 00:25:30',NULL),(601,0,NULL,NULL,0,1,240,NULL,5,NULL,'Perc IIBB  Pascua Lama',NULL,0,0,0,0,0,1,1,'2020-02-06 17:23:07','2023-03-27 00:25:30',NULL),(602,0,NULL,NULL,0,1,241,NULL,5,NULL,'Perc IIBB  Río Negro',NULL,0,0,0,0,0,1,1,'2020-02-06 17:23:07','2023-03-27 00:25:30',NULL),(603,0,NULL,NULL,0,1,242,NULL,5,NULL,'Perc IIBB  Salta',NULL,0,0,0,0,0,1,1,'2020-02-06 17:23:07','2023-03-27 00:25:30',NULL),(604,0,NULL,NULL,0,1,243,NULL,5,NULL,'Perc IIBB  San Juan',NULL,0,0,0,0,0,1,1,'2020-02-06 17:23:07','2023-03-27 00:25:30',NULL),(605,0,NULL,NULL,0,1,244,NULL,5,NULL,'Perc IIBB  San Luis',NULL,0,0,0,0,0,1,1,'2020-02-06 17:23:07','2023-03-27 00:25:30',NULL),(606,0,NULL,NULL,0,1,245,NULL,5,NULL,'Perc IIBB  Santa Cruz',NULL,0,0,0,0,0,1,1,'2020-02-06 17:23:07','2023-03-27 00:25:30',NULL),(607,0,NULL,NULL,0,1,246,NULL,5,NULL,'Perc IIBB  Santa Fe',NULL,0,0,0,0,0,1,1,'2020-02-06 17:23:07','2023-03-27 00:25:30',NULL),(608,0,NULL,NULL,0,1,247,NULL,5,NULL,'Perc IIBB  Santiago del Estero',NULL,0,0,0,0,0,1,1,'2020-02-06 17:23:07','2023-03-27 00:25:30',NULL),(609,0,NULL,NULL,0,1,248,NULL,5,NULL,'Perc IIBB  Tierra del Fuego',NULL,0,0,0,0,0,1,1,'2020-02-06 17:23:07','2023-03-27 00:25:30',NULL),(610,0,NULL,NULL,0,1,249,NULL,5,NULL,'Perc IIBB  Tucuman',NULL,0,0,0,0,0,1,1,'2020-02-06 17:23:07','2023-03-27 00:25:30',NULL),(611,0,NULL,NULL,0,1,250,NULL,6,NULL,'Compras No Gravadas',NULL,0,0,0,0,0,1,1,'2020-02-06 17:23:07','2023-03-27 00:25:30',NULL),(612,0,NULL,NULL,0,1,276,NULL,6,NULL,'SIRCREB Buenos Aires',NULL,0,0,0,0,0,1,1,'2020-02-06 17:23:07','2023-03-27 00:25:30',NULL),(613,0,NULL,NULL,0,1,277,NULL,6,NULL,'SIRCREB Capital Federal',NULL,0,0,0,0,0,1,1,'2020-02-06 17:23:07','2023-03-27 00:25:30',NULL),(614,0,NULL,NULL,0,1,278,NULL,6,NULL,'SIRCREB Catamarca',NULL,0,0,0,0,0,1,1,'2020-02-06 17:23:07','2023-03-27 00:25:30',NULL),(615,0,NULL,NULL,0,1,279,NULL,6,NULL,'SIRCREB Chaco',NULL,0,0,0,0,0,1,1,'2020-02-06 17:23:07','2023-03-27 00:25:30',NULL),(616,0,NULL,NULL,0,1,280,NULL,6,NULL,'SIRCREB Chubut',NULL,0,0,0,0,0,1,1,'2020-02-06 17:23:07','2023-03-27 00:25:30',NULL),(617,0,NULL,NULL,0,1,281,NULL,6,NULL,'SIRCREB Córdoba',NULL,0,0,0,0,0,1,1,'2020-02-06 17:23:07','2023-03-27 00:25:30',NULL),(618,0,NULL,NULL,0,1,282,NULL,6,NULL,'SIRCREB Corrientes',NULL,0,0,0,0,0,1,1,'2020-02-06 17:23:07','2023-03-27 00:25:30',NULL),(619,0,NULL,NULL,0,1,283,NULL,6,NULL,'SIRCREB Entre Ríos',NULL,0,0,0,0,0,1,1,'2020-02-06 17:23:07','2023-03-27 00:25:30',NULL),(620,0,NULL,NULL,0,1,284,NULL,6,NULL,'SIRCREB Formosa',NULL,0,0,0,0,0,1,1,'2020-02-06 17:23:07','2023-03-27 00:25:30',NULL),(621,0,NULL,NULL,0,1,285,NULL,6,NULL,'SIRCREB Jujuy',NULL,0,0,0,0,0,1,1,'2020-02-06 17:23:07','2023-03-27 00:25:30',NULL),(622,0,NULL,NULL,0,1,286,NULL,6,NULL,'SIRCREB La Pampa',NULL,0,0,0,0,0,1,1,'2020-02-06 17:23:07','2023-03-27 00:25:30',NULL),(623,0,NULL,NULL,0,1,287,NULL,6,NULL,'SIRCREB La Rioja',NULL,0,0,0,0,0,1,1,'2020-02-06 17:23:07','2023-03-27 00:25:30',NULL),(624,0,NULL,NULL,0,1,288,NULL,6,NULL,'SIRCREB Mendoza',NULL,0,0,0,0,0,1,1,'2020-02-06 17:23:07','2023-03-27 00:25:30',NULL),(625,0,NULL,NULL,0,1,289,NULL,6,NULL,'SIRCREB Misiones',NULL,0,0,0,0,0,1,1,'2020-02-06 17:23:07','2023-03-27 00:25:30',NULL),(626,0,NULL,NULL,0,1,290,NULL,6,NULL,'SIRCREB Neuquén',NULL,0,0,0,0,0,1,1,'2020-02-06 17:23:07','2023-03-27 00:25:30',NULL),(627,0,NULL,NULL,0,1,291,NULL,6,NULL,'SIRCREB Pascua Lama',NULL,0,0,0,0,0,1,1,'2020-02-06 17:23:07','2023-03-27 00:25:30',NULL),(628,0,NULL,NULL,0,1,292,NULL,6,NULL,'SIRCREB Río Negro',NULL,0,0,0,0,0,1,1,'2020-02-06 17:23:07','2023-03-27 00:25:30',NULL);
INSERT INTO `cta_cte_tesoreria_cuentas` VALUES (629,0,NULL,NULL,0,1,293,NULL,6,NULL,'SIRCREB Salta',NULL,0,0,0,0,0,1,1,'2020-02-06 17:23:07','2023-03-27 00:25:30',NULL),(630,0,NULL,NULL,0,1,294,NULL,6,NULL,'SIRCREB San Juan',NULL,0,0,0,0,0,1,1,'2020-02-06 17:23:07','2023-03-27 00:25:30',NULL),(631,0,NULL,NULL,0,1,295,NULL,6,NULL,'SIRCREB San Luis',NULL,0,0,0,0,0,1,1,'2020-02-06 17:23:07','2023-03-27 00:25:30',NULL),(632,0,NULL,NULL,0,1,296,NULL,6,NULL,'SIRCREB Santa Cruz',NULL,0,0,0,0,0,1,1,'2020-02-06 17:23:07','2023-03-27 00:25:30',NULL),(633,0,NULL,NULL,0,1,297,NULL,6,NULL,'SIRCREB Santa Fe',NULL,0,0,0,0,0,1,1,'2020-02-06 17:23:07','2023-03-27 00:25:30',NULL),(634,0,NULL,NULL,0,1,298,NULL,6,NULL,'SIRCREB Santiago del Estero',NULL,0,0,0,0,0,1,1,'2020-02-06 17:23:07','2023-03-27 00:25:30',NULL),(635,0,NULL,NULL,0,1,299,NULL,6,NULL,'SIRCREB Tierra del Fuego',NULL,0,0,0,0,0,1,1,'2020-02-06 17:23:07','2023-03-27 00:25:30',NULL),(636,0,NULL,NULL,0,1,300,NULL,6,NULL,'SIRCREB Tucuman',NULL,0,0,0,0,0,1,1,'2020-02-06 17:23:07','2023-03-27 00:25:30',NULL),(637,0,NULL,NULL,0,1,301,NULL,8,NULL,'IIBB a Favor Buenos Aires',NULL,0,0,0,0,0,1,1,'2020-02-06 17:23:07','2023-03-27 00:25:30',NULL),(638,0,NULL,NULL,0,1,302,NULL,8,NULL,'IIBB a Favor Capital Federal',NULL,0,0,0,0,0,1,1,'2020-02-06 17:23:07','2023-03-27 00:25:30',NULL),(639,0,NULL,NULL,0,1,303,NULL,8,NULL,'IIBB a Favor Catamarca',NULL,0,0,0,0,0,1,1,'2020-02-06 17:23:07','2023-03-27 00:25:30',NULL),(640,0,NULL,NULL,0,1,304,NULL,8,NULL,'IIBB a Favor Chaco',NULL,0,0,0,0,0,1,1,'2020-02-06 17:23:07','2023-03-27 00:25:30',NULL),(641,0,NULL,NULL,0,1,305,NULL,8,NULL,'IIBB a Favor Chubut',NULL,0,0,0,0,0,1,1,'2020-02-06 17:23:07','2023-03-27 00:25:30',NULL),(642,0,NULL,NULL,0,1,306,NULL,8,NULL,'IIBB a Favor Córdoba',NULL,0,0,0,0,0,1,1,'2020-02-06 17:23:07','2023-03-27 00:25:30',NULL),(643,0,NULL,NULL,0,1,307,NULL,8,NULL,'IIBB a Favor Corrientes',NULL,0,0,0,0,0,1,1,'2020-02-06 17:23:07','2023-03-27 00:25:30',NULL),(644,0,NULL,NULL,0,1,308,NULL,8,NULL,'IIBB a Favor Entre Ríos',NULL,0,0,0,0,0,1,1,'2020-02-06 17:23:07','2023-03-27 00:25:30',NULL),(645,0,NULL,NULL,0,1,309,NULL,8,NULL,'IIBB a Favor Formosa',NULL,0,0,0,0,0,1,1,'2020-02-06 17:23:07','2023-03-27 00:25:30',NULL),(646,0,NULL,NULL,0,1,310,NULL,8,NULL,'IIBB a Favor Jujuy',NULL,0,0,0,0,0,1,1,'2020-02-06 17:23:07','2023-03-27 00:25:30',NULL),(647,0,NULL,NULL,0,1,311,NULL,8,NULL,'IIBB a Favor La Pampa',NULL,0,0,0,0,0,1,1,'2020-02-06 17:23:07','2023-03-27 00:25:30',NULL),(648,0,NULL,NULL,0,1,312,NULL,8,NULL,'IIBB a Favor La Rioja',NULL,0,0,0,0,0,1,1,'2020-02-06 17:23:07','2023-03-27 00:25:30',NULL),(649,0,NULL,NULL,0,1,313,NULL,8,NULL,'IIBB a Favor Mendoza',NULL,0,0,0,0,0,1,1,'2020-02-06 17:23:07','2023-03-27 00:25:30',NULL),(650,0,NULL,NULL,0,1,314,NULL,8,NULL,'IIBB a Favor Misiones',NULL,0,0,0,0,0,1,1,'2020-02-06 17:23:08','2023-03-27 00:25:30',NULL),(651,0,NULL,NULL,0,1,315,NULL,8,NULL,'IIBB a Favor Neuquén',NULL,0,0,0,0,0,1,1,'2020-02-06 17:23:08','2023-03-27 00:25:30',NULL),(652,0,NULL,NULL,0,1,316,NULL,8,NULL,'IIBB a Favor Pascua Lama',NULL,0,0,0,0,0,1,1,'2020-02-06 17:23:08','2023-03-27 00:25:30',NULL),(653,0,NULL,NULL,0,1,317,NULL,8,NULL,'IIBB a Favor Río Negro',NULL,0,0,0,0,0,1,1,'2020-02-06 17:23:08','2023-03-27 00:25:30',NULL),(654,0,NULL,NULL,0,1,318,NULL,8,NULL,'IIBB a Favor Salta',NULL,0,0,0,0,0,1,1,'2020-02-06 17:23:08','2023-03-27 00:25:30',NULL),(655,0,NULL,NULL,0,1,319,NULL,8,NULL,'IIBB a Favor San Juan',NULL,0,0,0,0,0,1,1,'2020-02-06 17:23:08','2023-03-27 00:25:30',NULL),(656,0,NULL,NULL,0,1,320,NULL,8,NULL,'IIBB a Favor San Luis',NULL,0,0,0,0,0,1,1,'2020-02-06 17:23:08','2023-03-27 00:25:30',NULL),(657,0,NULL,NULL,0,1,321,NULL,8,NULL,'IIBB a Favor Santa Cruz',NULL,0,0,0,0,0,1,1,'2020-02-06 17:23:08','2023-03-27 00:25:30',NULL),(658,0,NULL,NULL,0,1,322,NULL,8,NULL,'IIBB a Favor Santa Fe',NULL,0,0,0,0,0,1,1,'2020-02-06 17:23:08','2023-03-27 00:25:30',NULL);
INSERT INTO `cta_cte_tesoreria_cuentas` VALUES (659,0,NULL,NULL,0,1,323,NULL,8,NULL,'IIBB a Favor Santiago del Estero',NULL,0,0,0,0,0,1,1,'2020-02-06 17:23:08','2023-03-27 00:25:30',NULL),(660,0,NULL,NULL,0,1,324,NULL,8,NULL,'IIBB a Favor Tierra del Fuego',NULL,0,0,0,0,0,1,1,'2020-02-06 17:23:08','2023-03-27 00:25:30',NULL),(661,0,NULL,NULL,0,1,325,NULL,8,NULL,'IIBB a Favor Tucuman',NULL,0,0,0,0,0,1,1,'2020-02-06 17:23:08','2023-03-27 00:25:30',NULL),(662,0,NULL,NULL,0,1,326,NULL,8,NULL,'IIBB a Pagar Buenos Aires',NULL,0,0,0,0,0,1,1,'2020-02-06 17:23:08','2023-03-27 00:25:30',NULL),(663,0,NULL,NULL,0,1,327,NULL,8,NULL,'IIBB a Pagar Capital Federal',NULL,0,0,0,0,0,1,1,'2020-02-06 17:23:08','2023-03-27 00:25:30',NULL),(664,0,NULL,NULL,0,1,328,NULL,8,NULL,'IIBB a Pagar Catamarca',NULL,0,0,0,0,0,1,1,'2020-02-06 17:23:08','2023-03-27 00:25:30',NULL),(665,0,NULL,NULL,0,1,329,NULL,8,NULL,'IIBB a Pagar Chaco',NULL,0,0,0,0,0,1,1,'2020-02-06 17:23:08','2023-03-27 00:25:30',NULL),(666,0,NULL,NULL,0,1,330,NULL,8,NULL,'IIBB a Pagar Chubut',NULL,0,0,0,0,0,1,1,'2020-02-06 17:23:08','2023-03-27 00:25:30',NULL),(667,0,NULL,NULL,0,1,331,NULL,8,NULL,'IIBB a Pagar Córdoba',NULL,0,0,0,0,0,1,1,'2020-02-06 17:23:08','2023-03-27 00:25:30',NULL),(668,0,NULL,NULL,0,1,332,NULL,8,NULL,'IIBB a Pagar Corrientes',NULL,0,0,0,0,0,1,1,'2020-02-06 17:23:08','2023-03-27 00:25:30',NULL),(669,0,NULL,NULL,0,1,333,NULL,8,NULL,'IIBB a Pagar Entre Ríos',NULL,0,0,0,0,0,1,1,'2020-02-06 17:23:08','2023-03-27 00:25:30',NULL),(670,0,NULL,NULL,0,1,334,NULL,8,NULL,'IIBB a Pagar Formosa',NULL,0,0,0,0,0,1,1,'2020-02-06 17:23:08','2023-03-27 00:25:30',NULL),(671,0,NULL,NULL,0,1,335,NULL,8,NULL,'IIBB a Pagar Jujuy',NULL,0,0,0,0,0,1,1,'2020-02-06 17:23:08','2023-03-27 00:25:30',NULL),(672,0,NULL,NULL,0,1,336,NULL,8,NULL,'IIBB a Pagar La Pampa',NULL,0,0,0,0,0,1,1,'2020-02-06 17:23:08','2023-03-27 00:25:30',NULL),(673,0,NULL,NULL,0,1,337,NULL,8,NULL,'IIBB a Pagar La Rioja',NULL,0,0,0,0,0,1,1,'2020-02-06 17:23:08','2023-03-27 00:25:30',NULL),(674,0,NULL,NULL,0,1,338,NULL,8,NULL,'IIBB a Pagar Mendoza',NULL,0,0,0,0,0,1,1,'2020-02-06 17:23:08','2023-03-27 00:25:30',NULL),(675,0,NULL,NULL,0,1,339,NULL,8,NULL,'IIBB a Pagar Misiones',NULL,0,0,0,0,0,1,1,'2020-02-06 17:23:08','2023-03-27 00:25:30',NULL),(676,0,NULL,NULL,0,1,340,NULL,8,NULL,'IIBB a Pagar Neuquén',NULL,0,0,0,0,0,1,1,'2020-02-06 17:23:08','2023-03-27 00:25:30',NULL),(677,0,NULL,NULL,0,1,341,NULL,8,NULL,'IIBB a Pagar Pascua Lama',NULL,0,0,0,0,0,1,1,'2020-02-06 17:23:08','2023-03-27 00:25:30',NULL),(678,0,NULL,NULL,0,1,342,NULL,8,NULL,'IIBB a Pagar Río Negro',NULL,0,0,0,0,0,1,1,'2020-02-06 17:23:08','2023-03-27 00:25:30',NULL),(679,0,NULL,NULL,0,1,343,NULL,8,NULL,'IIBB a Pagar Salta',NULL,0,0,0,0,0,1,1,'2020-02-06 17:23:08','2023-03-27 00:25:30',NULL),(680,0,NULL,NULL,0,1,344,NULL,8,NULL,'IIBB a Pagar San Juan',NULL,0,0,0,0,0,1,1,'2020-02-06 17:23:08','2023-03-27 00:25:30',NULL),(681,0,NULL,NULL,0,1,345,NULL,8,NULL,'IIBB a Pagar San Luis',NULL,0,0,0,0,0,1,1,'2020-02-06 17:23:08','2023-03-27 00:25:30',NULL),(682,0,NULL,NULL,0,1,346,NULL,8,NULL,'IIBB a Pagar Santa Cruz',NULL,0,0,0,0,0,1,1,'2020-02-06 17:23:08','2023-03-27 00:25:30',NULL),(683,0,NULL,NULL,0,1,347,NULL,8,NULL,'IIBB a Pagar Santa Fe',NULL,0,0,0,0,0,1,1,'2020-02-06 17:23:08','2023-03-27 00:25:30',NULL),(684,0,NULL,NULL,0,1,348,NULL,8,NULL,'IIBB a Pagar Santiago del Estero',NULL,0,0,0,0,0,1,1,'2020-02-06 17:23:08','2023-03-27 00:25:30',NULL),(685,0,NULL,NULL,0,1,349,NULL,8,NULL,'IIBB a Pagar Tierra del Fuego',NULL,0,0,0,0,0,1,1,'2020-02-06 17:23:08','2023-03-27 00:25:30',NULL),(686,0,NULL,NULL,0,1,350,NULL,8,NULL,'IIBB a Pagar Tucuman',NULL,0,0,0,0,0,1,1,'2020-02-06 17:23:08','2023-03-27 00:25:30',NULL),(687,0,NULL,NULL,0,1,352,NULL,8,NULL,'Compensacion',NULL,0,0,0,0,0,1,1,'2020-02-06 17:23:08','2023-03-27 00:25:30',NULL),(688,0,NULL,NULL,0,1,353,NULL,8,NULL,'IVA Saldo Tecnico',NULL,0,0,0,0,0,1,1,'2020-02-06 17:23:08','2023-03-27 00:25:30',NULL);
INSERT INTO `cta_cte_tesoreria_cuentas` VALUES (689,0,NULL,NULL,0,1,354,NULL,8,NULL,'IVA Saldo Libre Disponibilidad',NULL,0,0,0,0,0,1,1,'2020-02-06 17:23:08','2023-03-27 00:25:30',NULL),(690,0,NULL,NULL,0,1,361,NULL,8,NULL,'Equipos de Computación',NULL,0,0,0,0,0,1,1,'2020-02-06 17:23:08','2023-03-27 00:25:30',NULL),(691,0,NULL,NULL,0,1,362,NULL,8,NULL,'Computadoras',NULL,0,0,0,0,0,1,1,'2020-02-06 17:23:08','2023-03-27 00:25:30',NULL),(692,0,NULL,NULL,0,1,363,NULL,8,NULL,'Muebles y Utiles',NULL,0,0,0,0,0,1,1,'2020-02-06 17:23:08','2023-03-27 00:25:30',NULL),(693,0,NULL,NULL,0,1,365,NULL,8,NULL,'Provision Honorarios',NULL,0,0,0,0,0,1,1,'2020-02-06 17:23:08','2023-03-27 00:25:30',NULL),(694,0,NULL,NULL,0,1,366,NULL,8,NULL,'Cta. Cte Directores',NULL,0,0,0,0,0,1,1,'2020-02-06 17:23:08','2023-03-27 00:25:30',NULL),(695,0,NULL,NULL,0,1,367,NULL,8,NULL,'Provisión Honorarios Directores',NULL,0,0,0,0,0,1,1,'2020-02-06 17:23:08','2023-03-27 00:25:30',NULL),(696,0,NULL,NULL,0,1,368,NULL,8,NULL,'Cuenta Particular Socio 1',NULL,0,0,0,0,0,1,1,'2020-02-06 17:23:08','2023-03-27 00:25:30',NULL),(697,0,NULL,NULL,0,1,369,NULL,8,NULL,'Capital',NULL,0,0,0,0,0,1,1,'2020-02-06 17:23:08','2023-03-27 00:25:30',NULL),(698,0,NULL,NULL,0,1,380,NULL,8,NULL,'Instalaciones',NULL,0,0,0,0,0,1,1,'2020-02-06 17:23:08','2023-03-27 00:25:30',NULL),(699,0,NULL,NULL,0,1,381,NULL,8,NULL,'Reserva Legal',NULL,0,0,0,0,0,1,1,'2020-02-06 17:23:08','2023-03-27 00:25:30',NULL),(700,0,NULL,NULL,0,1,382,NULL,8,NULL,'Reserva Legal',NULL,0,0,0,0,0,1,1,'2020-02-06 17:23:08','2023-03-27 00:25:30',NULL),(701,0,NULL,NULL,0,1,383,NULL,8,NULL,'Resultado no asignado',NULL,0,0,0,0,0,1,1,'2020-02-06 17:23:08','2023-03-27 00:25:30',NULL),(702,0,NULL,NULL,0,1,386,NULL,8,NULL,'PLAZO FIJO',NULL,0,0,0,0,0,1,1,'2020-02-06 17:23:08','2023-03-27 00:25:30',NULL),(703,0,NULL,NULL,0,1,388,NULL,8,NULL,'ACCIONES',NULL,0,0,0,0,0,1,1,'2020-02-06 17:23:08','2023-03-27 00:25:30',NULL),(704,0,NULL,NULL,0,1,389,NULL,8,NULL,'Inmuebles',NULL,0,0,0,0,0,1,1,'2020-02-06 17:23:08','2023-03-27 00:25:30',NULL),(705,0,NULL,NULL,0,1,390,NULL,8,NULL,'Vehiculos',NULL,0,0,0,0,0,1,1,'2020-02-06 17:23:08','2023-03-27 00:25:30',NULL),(706,0,NULL,NULL,0,1,391,NULL,8,NULL,'Maquinarias',NULL,0,0,0,0,0,1,1,'2020-02-06 17:23:08','2023-03-27 00:25:30',NULL),(707,0,NULL,NULL,0,1,392,NULL,8,NULL,'MERCADERIAS',NULL,0,0,0,0,0,1,1,'2020-02-06 17:23:08','2023-03-27 00:25:30',NULL),(708,0,NULL,NULL,0,1,393,NULL,8,NULL,'OTROS',NULL,0,0,0,0,0,1,1,'2020-02-06 17:23:08','2023-03-27 00:25:30',NULL),(709,0,NULL,NULL,0,1,395,NULL,8,NULL,'Cuenta Particular Socio 2',NULL,0,0,0,0,0,1,1,'2020-02-06 17:23:08','2023-03-27 00:25:30',NULL),(710,0,NULL,NULL,0,1,396,NULL,6,NULL,'Comisiones Y gastos Bancarios',NULL,0,0,0,0,0,1,1,'2020-02-06 17:23:08','2023-03-27 00:25:30',NULL),(711,0,NULL,NULL,0,1,411,NULL,8,NULL,'Provisión Impuesto a las Ganancias',NULL,0,0,0,0,0,1,1,'2020-02-06 17:23:08','2023-03-27 00:25:30',NULL),(712,0,NULL,NULL,0,1,412,NULL,6,NULL,'Amortización Muebles y Útiles',NULL,0,0,0,0,0,1,1,'2020-02-06 17:23:08','2023-03-27 00:25:30',NULL),(713,0,NULL,NULL,0,1,413,NULL,6,NULL,'Amortización Equipos',NULL,0,0,0,0,0,1,1,'2020-02-06 17:23:08','2023-03-27 00:25:30',NULL),(714,0,NULL,NULL,0,1,414,NULL,8,NULL,'Amortizacion Acumulada Equipos',NULL,0,0,0,0,0,1,1,'2020-02-06 17:23:08','2023-03-27 00:25:30',NULL),(715,0,NULL,NULL,0,1,415,NULL,8,NULL,'Amortización Acumulada Maquinarias',NULL,0,0,0,0,0,1,1,'2020-02-06 17:23:08','2023-03-27 00:25:30',NULL),(716,0,NULL,NULL,0,1,416,NULL,8,NULL,'Materias Primas',NULL,0,0,0,0,0,1,1,'2020-02-06 17:23:08','2023-03-27 00:25:30',NULL),(717,0,NULL,NULL,0,1,419,NULL,8,NULL,'Rodados',NULL,0,0,0,0,0,1,1,'2020-02-06 17:23:08','2023-03-27 00:25:30',NULL),(718,0,NULL,NULL,0,1,420,NULL,8,NULL,'Amortización Acumulada Rodados',NULL,0,0,0,0,0,1,1,'2020-02-06 17:23:08','2023-03-27 00:25:30',NULL),(719,0,NULL,NULL,0,1,421,NULL,8,NULL,'Amortización Rodados',NULL,0,0,0,0,0,1,1,'2020-02-06 17:23:08','2023-03-27 00:25:30',NULL);
INSERT INTO `cta_cte_tesoreria_cuentas` VALUES (720,0,NULL,NULL,0,1,422,NULL,8,NULL,'Amortización Maquinarias',NULL,0,0,0,0,0,1,1,'2020-02-06 17:23:08','2023-03-27 00:25:30',NULL),(721,0,NULL,NULL,0,1,423,NULL,8,NULL,'Accesorios',NULL,0,0,0,0,0,1,1,'2020-02-06 17:23:08','2023-03-27 00:25:30',NULL),(722,0,NULL,NULL,0,1,424,NULL,8,NULL,'Amortización Acumulada Accesorios',NULL,0,0,0,0,0,1,1,'2020-02-06 17:23:08','2023-03-27 00:25:30',NULL),(723,0,NULL,NULL,0,1,426,NULL,8,NULL,'Reserva Facultativa',NULL,0,0,0,0,0,1,1,'2020-02-06 17:23:08','2023-03-27 00:25:30',NULL),(724,0,NULL,NULL,0,1,427,NULL,8,NULL,'Créditos por Impuestos Diferidos',NULL,0,0,0,0,0,1,1,'2020-02-06 17:23:08','2023-03-27 00:25:30',NULL),(725,0,NULL,NULL,0,1,428,NULL,8,NULL,'Fondo de Comercio',NULL,0,0,0,0,0,1,1,'2020-02-06 17:23:08','2023-03-27 00:25:30',NULL),(726,0,NULL,NULL,0,1,429,NULL,8,NULL,'Amortizacion Acumulada Fondo de Comercio',NULL,0,0,0,0,0,1,1,'2020-02-06 17:23:08','2023-03-27 00:25:30',NULL),(727,0,NULL,NULL,0,1,430,NULL,8,NULL,'Intereses a devengar AGIP',NULL,0,0,0,0,0,1,1,'2020-02-06 17:23:08','2023-03-27 00:25:30',NULL),(728,0,NULL,NULL,0,1,431,NULL,8,NULL,'PFP IIBB',NULL,0,0,0,0,0,1,1,'2020-02-06 17:23:08','2023-03-27 00:25:30',NULL),(729,0,NULL,NULL,0,1,434,NULL,8,NULL,'Productos',NULL,0,0,0,0,0,1,1,'2020-02-06 17:23:08','2023-03-27 00:25:30',NULL),(730,0,NULL,NULL,0,1,435,NULL,8,NULL,'Intereses a devengar PFP',NULL,0,0,0,0,0,1,1,'2020-02-06 17:23:08','2023-03-27 00:25:30',NULL),(731,0,NULL,NULL,0,1,437,NULL,8,NULL,'Imp. Ley 25413 Cred 0.6%',NULL,0,0,0,0,0,1,1,'2020-02-06 17:23:08','2023-03-27 00:25:30',NULL),(732,0,NULL,NULL,0,1,438,NULL,8,NULL,'Honorarios Directorio a Pagar',NULL,0,0,0,0,0,1,1,'2020-02-06 17:23:08','2023-03-27 00:25:30',NULL),(733,0,NULL,NULL,0,1,439,NULL,8,NULL,'Reserva para Futuras Inversiones',NULL,0,0,0,0,0,1,1,'2020-02-06 17:23:08','2023-03-27 00:25:30',NULL),(734,0,NULL,NULL,0,1,440,NULL,8,NULL,'TEAC - Trabajos Ejecutados a Certificar',NULL,0,0,0,0,0,1,1,'2020-02-06 17:23:08','2023-03-27 00:25:30',NULL),(735,0,NULL,NULL,0,1,444,NULL,8,NULL,'Banco Santander Rio Cta Cte',NULL,0,0,0,0,0,1,1,'2020-02-06 17:23:08','2023-03-27 00:25:30',NULL),(736,0,NULL,NULL,0,1,449,NULL,8,NULL,'Leasing',NULL,0,0,0,0,0,1,1,'2020-02-06 17:23:08','2023-03-27 00:25:30',NULL),(737,0,NULL,NULL,0,1,453,NULL,8,NULL,'Inversión Central Caribe',NULL,0,0,0,0,0,1,1,'2020-02-06 17:23:08','2023-03-27 00:25:30',NULL),(738,0,NULL,NULL,0,1,454,NULL,8,NULL,'Otras Inversiones',NULL,0,0,0,0,0,1,1,'2020-02-06 17:23:08','2023-03-27 00:25:30',NULL),(739,0,NULL,NULL,0,1,455,NULL,8,NULL,'Otros Créditos',NULL,0,0,0,0,0,1,1,'2020-02-06 17:23:08','2023-03-27 00:25:30',NULL),(740,0,NULL,NULL,0,1,456,NULL,8,NULL,'Provisión Honorarios Socio Gerente',NULL,0,0,0,0,0,1,1,'2020-02-06 17:23:08','2023-03-27 00:25:30',NULL),(741,0,NULL,NULL,0,1,459,NULL,8,NULL,'Moratoria SUSS a pagar',NULL,0,0,0,0,0,1,1,'2020-02-06 17:23:08','2023-03-27 00:25:30',NULL),(742,0,NULL,NULL,0,1,460,NULL,8,NULL,'Impuestos Municipales a Pagar',NULL,0,0,0,0,0,1,1,'2020-02-06 17:23:08','2023-03-27 00:25:30',NULL),(743,0,NULL,NULL,0,1,461,NULL,6,NULL,'Amortización Instalaciones',NULL,0,0,0,0,0,1,1,'2020-02-06 17:23:08','2023-03-27 00:25:30',NULL),(744,0,NULL,NULL,0,1,462,NULL,8,NULL,'Amortización Equipos de comput.',NULL,0,0,0,0,0,1,1,'2020-02-06 17:23:08','2023-03-27 00:25:30',NULL),(745,0,NULL,NULL,0,1,463,NULL,8,NULL,'Cuenta Particular Socio 3',NULL,0,0,0,0,0,1,1,'2020-02-06 17:23:08','2023-03-27 00:25:30',NULL),(746,0,NULL,NULL,0,1,464,NULL,8,NULL,'Cuenta Particular Socio 4',NULL,0,0,0,0,0,1,1,'2020-02-06 17:23:08','2023-03-27 00:25:30',NULL),(747,0,NULL,NULL,0,1,465,NULL,8,NULL,'Otras Reservas',NULL,0,0,0,0,0,1,1,'2020-02-06 17:23:08','2023-03-27 00:25:30',NULL),(748,0,NULL,NULL,0,1,466,NULL,8,NULL,'IGMP (Saldo a Favor)',NULL,0,0,0,0,0,1,1,'2020-02-06 17:23:08','2023-03-27 00:25:30',NULL),(749,0,NULL,NULL,0,1,468,NULL,8,NULL,'Productos en Proceso',NULL,0,0,0,0,0,1,1,'2020-02-06 17:23:08','2023-03-27 00:25:30',NULL);
INSERT INTO `cta_cte_tesoreria_cuentas` VALUES (750,0,NULL,NULL,0,1,469,NULL,8,NULL,'Depósitos en Garantía Socio Gerente',NULL,0,0,0,0,0,1,1,'2020-02-06 17:23:08','2023-03-27 00:25:30',NULL),(751,0,NULL,NULL,0,1,470,NULL,8,NULL,'Fondos Embargados',NULL,0,0,0,0,0,1,1,'2020-02-06 17:23:08','2023-03-27 00:25:30',NULL),(752,0,NULL,NULL,0,1,471,NULL,8,NULL,'Cuota Solid.',NULL,0,0,0,0,0,1,1,'2020-02-06 17:23:08','2023-03-27 00:25:30',NULL),(753,0,NULL,NULL,0,1,472,NULL,8,NULL,'Anticipo Honorarios Directores',NULL,0,0,0,0,0,1,1,'2020-02-06 17:23:08','2023-03-27 00:25:30',NULL),(754,0,NULL,NULL,0,1,473,NULL,8,NULL,'SICORE a Pagar',NULL,0,0,0,0,0,1,1,'2020-02-06 17:23:08','2023-03-27 00:25:30',NULL),(755,0,NULL,NULL,0,1,476,NULL,6,NULL,'RECPAM',NULL,0,0,0,0,0,1,1,'2020-02-06 17:23:08','2023-03-27 00:25:30',NULL),(756,0,NULL,NULL,0,1,478,NULL,6,NULL,'CO2 - Imp. Al Carbono',NULL,0,0,0,0,0,1,1,'2020-02-06 17:23:08','2023-03-27 00:25:30',NULL);

--
-- Table structure for table `cta_cte_tesoreria_detail`
--

CREATE TABLE `cta_cte_tesoreria_detail` (
  `id` int(10) unsigned NOT NULL AUTO_INCREMENT,
  `user_id` int(10) unsigned DEFAULT NULL,
  `cta_cte_tesoreria_id` int(10) unsigned NOT NULL,
  `cta_cte_tesoreria_cuenta_id` int(10) unsigned NOT NULL,
  `person_id` int(10) unsigned DEFAULT NULL,
  `period_id` int(10) unsigned DEFAULT NULL,
  `saldo_id` int(10) unsigned NOT NULL,
  `monto` decimal(16,2) NOT NULL,
  `is_conciliado` tinyint(1) NOT NULL DEFAULT '0',
  `fecha` date DEFAULT NULL,
  `created_at` timestamp NULL DEFAULT NULL,
  `updated_at` timestamp NULL DEFAULT NULL,
  `deleted_at` timestamp NULL DEFAULT NULL,
  PRIMARY KEY (`id`),
  KEY `cta_cte_tesoreria_detail_cta_cte_tesoreria_id_foreign` (`cta_cte_tesoreria_id`),
  KEY `cta_cte_tesoreria_detail_cta_cte_tesoreria_cuenta_id_foreign` (`cta_cte_tesoreria_cuenta_id`),
  KEY `cta_cte_tesoreria_detail_person_id_foreign` (`person_id`),
  KEY `cta_cte_tesoreria_detail_period_id_foreign` (`period_id`),
  KEY `cta_cte_tesoreria_detail_saldo_id_foreign` (`saldo_id`),
  CONSTRAINT `cta_cte_tesoreria_detail_cta_cte_tesoreria_cuenta_id_foreign` FOREIGN KEY (`cta_cte_tesoreria_cuenta_id`) REFERENCES `cta_cte_tesoreria_cuentas` (`id`),
  CONSTRAINT `cta_cte_tesoreria_detail_cta_cte_tesoreria_id_foreign` FOREIGN KEY (`cta_cte_tesoreria_id`) REFERENCES `cta_cte_tesoreria` (`id`),
  CONSTRAINT `cta_cte_tesoreria_detail_period_id_foreign` FOREIGN KEY (`period_id`) REFERENCES `periods` (`id`),
  CONSTRAINT `cta_cte_tesoreria_detail_person_id_foreign` FOREIGN KEY (`person_id`) REFERENCES `persons` (`id`),
  CONSTRAINT `cta_cte_tesoreria_detail_saldo_id_foreign` FOREIGN KEY (`saldo_id`) REFERENCES `conta_tipo_saldos` (`id`)
) ENGINE=InnoDB DEFAULT CHARSET=utf8mb4 COLLATE=utf8mb4_unicode_ci;

--
-- Dumping data for table `cta_cte_tesoreria_detail`
--


--
-- Table structure for table `ctacte_bancos`
--

CREATE TABLE `ctacte_bancos` (
  `id` int(10) unsigned NOT NULL AUTO_INCREMENT,
  `user_id` int(10) unsigned DEFAULT NULL,
  `nombre` varchar(255) COLLATE utf8mb4_unicode_ci DEFAULT NULL,
  `codigoBCRA` int(11) DEFAULT NULL,
  `cuit` varchar(191) COLLATE utf8mb4_unicode_ci DEFAULT NULL,
  `created_at` timestamp NULL DEFAULT NULL,
  `updated_at` timestamp NULL DEFAULT NULL,
  `deleted_at` timestamp NULL DEFAULT NULL,
  PRIMARY KEY (`id`)
) ENGINE=InnoDB AUTO_INCREMENT=82 DEFAULT CHARSET=utf8mb4 COLLATE=utf8mb4_unicode_ci;

--
-- Dumping data for table `ctacte_bancos`
--

INSERT INTO `ctacte_bancos` VALUES (1,NULL,'BANCO DE GALICIA Y BUENOS AIRES S.A.',7,'30-50000173-5',NULL,NULL,NULL),(2,NULL,'BANCO DE LA NACION ARGENTINA',11,'30-50001091-2',NULL,NULL,NULL),(3,NULL,'BANCO DE LA PROVINCIA DE BUENOS AIRES',14,'33-99924210-9',NULL,NULL,NULL),(4,NULL,'INDUSTRIAL AND COMMERCIAL BANK OF CHINA',15,'30-70944784-6',NULL,NULL,NULL),(5,NULL,'CITIBANK N.A.',16,'30-50000562-5',NULL,NULL,NULL),(6,NULL,'BBVA BANCO FRANCES S.A.',17,'30-50000319-3',NULL,NULL,NULL),(7,NULL,'THE BANK OF TOKYO-MITSUBISHI UFJ, LTD.',18,'30-50001183-8',NULL,NULL,NULL),(8,NULL,'BANCO DE LA PROVINCIA DE CORDOBA S.A.',20,'30-99922856-5',NULL,NULL,NULL),(9,NULL,'BANCO SUPERVIELLE S.A.',27,'33-50000517-9',NULL,NULL,NULL),(10,NULL,'BANCO DE LA CIUDAD DE BUENOS AIRES',29,'30-99903208-3',NULL,NULL,NULL),(11,NULL,'BANCO PATAGONIA S.A.',34,'30-50000661-3',NULL,NULL,NULL),(12,NULL,'BANCO HIPOTECARIO S.A.',44,'30-50001107-2',NULL,NULL,NULL),(13,NULL,'BANCO DE SAN JUAN S.A.',45,'30-50000944-2',NULL,NULL,NULL),(14,NULL,'BANCO DEL TUCUMAN S.A.',60,'30-51794820-5',NULL,NULL,NULL),(15,NULL,'BANCO MUNICIPAL DE ROSARIO',65,'33-99918181-9',NULL,NULL,NULL),(16,NULL,'BANCO SANTANDER RIO S.A.',72,'30-50000845-4',NULL,NULL,NULL),(17,NULL,'BANCO DEL CHUBUT S.A.',83,'30-50001299-0',NULL,NULL,NULL),(18,NULL,'BANCO DE SANTA CRUZ S.A.',86,'30-50009880-1',NULL,NULL,NULL),(19,NULL,'BANCO DE LA PAMPA SOCIEDAD DE ECONOMÍA M',93,'30-50001251-6',NULL,NULL,NULL),(20,NULL,'BANCO DE CORRIENTES S.A.',94,'30-50001060-2',NULL,NULL,NULL),(21,NULL,'BANCO PROVINCIA DEL NEUQUÉN SOCIEDAD ANÓ',97,'30-50001404-7',NULL,NULL,NULL),(22,NULL,'BANCO INTERFINANZAS S.A.',147,'30-52271441-7',NULL,NULL,NULL),(23,NULL,'HSBC BANK ARGENTINA S.A.',150,'33-53718600-9',NULL,NULL,NULL),(24,NULL,'JPMORGAN CHASE BANK, NATIONAL ASSOCIATIO',165,'30-58313794-3',NULL,NULL,NULL),(25,NULL,'BANCO CREDICOOP COOPERATIVO LIMITADO',191,'30-57142135-2',NULL,NULL,NULL),(26,NULL,'BANCO DE VALORES S.A.',198,'30-57612427-5',NULL,NULL,NULL),(27,NULL,'BANCO ROELA S.A.',247,'30-53561044-0',NULL,NULL,NULL),(28,NULL,'BANCO MARIVA S.A.',254,'30-51642044-4',NULL,NULL,NULL),(29,NULL,'BANCO ITAU ARGENTINA S.A.',259,'30-58018941-1',NULL,NULL,NULL),(30,NULL,'BANK OF AMERICA, NATIONAL ASSOCIATION',262,'30-50005055-8',NULL,NULL,NULL),(31,NULL,'BNP PARIBAS',266,'30-58472756-6',NULL,NULL,NULL),(32,NULL,'BANCO PROVINCIA DE TIERRA DEL FUEGO',268,'30-57565578-1',NULL,NULL,NULL),(33,NULL,'BANCO DE LA REPUBLICA ORIENTAL DEL URUGU',269,'30-58833784-3',NULL,NULL,NULL),(34,NULL,'BANCO SAENZ S.A.',277,'30-53467243-4',NULL,NULL,NULL),(35,NULL,'BANCO MERIDIAN S.A.',281,'30-53448749-1',NULL,NULL,NULL),(36,NULL,'BANCO MACRO S.A.',285,'30-50001008-4',NULL,NULL,NULL),(37,NULL,'BANCO COMAFI SOCIEDAD ANONIMA',299,'30-60473101-8',NULL,NULL,NULL),(38,NULL,'BANCO DE INVERSION Y COMERCIO EXTERIOR S',300,'30-65112908-3',NULL,NULL,NULL),(39,NULL,'BANCO PIANO S.A.',301,'30-56915176-3',NULL,NULL,NULL),(40,NULL,'BANCO JULIO SOCIEDAD ANONIMA',305,'30-65744121-6',NULL,NULL,NULL),(41,NULL,'BANCO RIOJA SOCIEDAD ANONIMA UNIPERSONAL',309,'30-67185933-9',NULL,NULL,NULL),(42,NULL,'BANCO DEL SOL S.A.',310,'30-67793756-0',NULL,NULL,NULL),(43,NULL,'NUEVO BANCO DEL CHACO S. A.',311,'30-67015779-9',NULL,NULL,NULL),(44,NULL,'BANCO VOII S.A.',312,'30-54674163-6',NULL,NULL,NULL),(45,NULL,'BANCO DE FORMOSA S.A.',315,'30-67137590-0',NULL,NULL,NULL),(46,NULL,'BANCO CMF S.A.',319,'30-57661429-9',NULL,NULL,NULL),(47,NULL,'BANCO DE SANTIAGO DEL ESTERO S.A.',321,'33-68666464-9',NULL,NULL,NULL),(48,NULL,'BANCO INDUSTRIAL S.A.',322,'30-68502995-9',NULL,NULL,NULL),(49,NULL,'NUEVO BANCO DE SANTA FE SOCIEDAD ANONIMA',330,'30-69243266-1',NULL,NULL,NULL),(50,NULL,'BANCO CETELEM ARGENTINA S.A.',331,'30-69730636-2',NULL,NULL,NULL),(51,NULL,'BANCO DE SERVICIOS FINANCIEROS S.A.',332,'30-69726589-5',NULL,NULL,NULL),(52,NULL,'BANCO BRADESCO ARGENTINA S.A.U.',336,'30-70125555-7',NULL,NULL,NULL),(53,NULL,'BANCO DE SERVICIOS Y TRANSACCIONES S.A.',338,'30-70496099-5',NULL,NULL,NULL);
INSERT INTO `ctacte_bancos` VALUES (54,NULL,'RCI BANQUE S.A.',339,'30-70710834-3',NULL,NULL,NULL),(55,NULL,'BACS BANCO DE CREDITO Y SECURITIZACION S',340,'30-70722741-5',NULL,NULL,NULL),(56,NULL,'BANCO MASVENTAS S.A.',341,'30-54061826-3',NULL,NULL,NULL),(57,NULL,'BANCO WANAP S.A.',384,'30-71565463-2',NULL,NULL,NULL),(58,NULL,'NUEVO BANCO DE ENTRE RÍOS S.A.',386,'33-70799551-9',NULL,NULL,NULL),(59,NULL,'BANCO COLUMBIA S.A.',389,'30-51763749-8',NULL,NULL,NULL),(60,NULL,'BANCO BICA S.A.',426,'30-71233123-9',NULL,NULL,NULL),(61,NULL,'BANCO COINAG S.A.',431,'30-71419596-0',NULL,NULL,NULL),(62,NULL,'BANCO DE COMERCIO S.A.',432,'30-54203363-7',NULL,NULL,NULL),(63,NULL,'FORD CREDIT COMPAÑIA FINANCIERA S.A.',44059,'30-51654454-2',NULL,NULL,NULL),(64,NULL,'COMPAÑIA FINANCIERA ARGENTINA S.A.',44077,'30-53800640-4',NULL,NULL,NULL),(65,NULL,'VOLKWAGEN FINANCIAL SERVICES CIA.FIN.S.A',44088,'30-68241957-8',NULL,NULL,NULL),(66,NULL,'CORDIAL COMPAÑÍA FINANCIERA S.A.',44090,'30-70181085-2',NULL,NULL,NULL),(67,NULL,'FCA COMPAÑIA FINANCIERA S.A.',44092,'30-69230488-4',NULL,NULL,NULL),(68,NULL,'GPAT COMPAÑIA FINANCIERA S.A.',44093,'30-67856482-2',NULL,NULL,NULL),(69,NULL,'MERCEDES-BENZ COMPAÑÍA FINANCIERA ARGENT',44094,'30-70700229-4',NULL,NULL,NULL),(70,NULL,'ROMBO COMPAÑÍA FINANCIERA S.A.',44095,'33-70712490-9',NULL,NULL,NULL),(71,NULL,'JOHN DEERE CREDIT COMPAÑÍA FINANCIERA S.',44096,'30-70702485-9',NULL,NULL,NULL),(72,NULL,'PSA FINANCE ARGENTINA COMPAÑÍA FINANCIER',44098,'30-70784736-7',NULL,NULL,NULL),(73,NULL,'TOYOTA COMPAÑÍA FINANCIERA DE ARGENTINA',44099,'30-70900042-6',NULL,NULL,NULL),(74,NULL,'FINANDINO COMPAÑIA FINANCIERA S.A.',44100,'30-71259240-7',NULL,NULL,NULL),(75,NULL,'MONTEMAR COMPAÑIA FINANCIERA S.A.',45056,'30-58138551-6',NULL,NULL,NULL),(76,NULL,'MULTIFINANZAS COMPAÑIA FINANCIERA S.A.',45072,'30-62828435-7',NULL,NULL,NULL),(77,NULL,'CAJA DE CREDITO \"CUENCA\" COOPERATIVA LIM',65203,'30-71622694-4',NULL,NULL,NULL),(78,NULL,'MERCADO PAGO',NULL,NULL,NULL,NULL,NULL),(79,NULL,'UALA',NULL,NULL,NULL,NULL,NULL),(80,NULL,'ICBC',NULL,NULL,NULL,NULL,NULL),(81,NULL,'BMA SAU',NULL,NULL,NULL,NULL,NULL);

--
-- Table structure for table `ctacte_bancos_datos`
--

CREATE TABLE `ctacte_bancos_datos` (
  `id` int(10) unsigned NOT NULL AUTO_INCREMENT,
  `cuenta_conta_id` int(10) unsigned DEFAULT NULL,
  `nombre` varchar(255) COLLATE utf8mb4_unicode_ci DEFAULT NULL,
  `cuit` varchar(255) COLLATE utf8mb4_unicode_ci DEFAULT NULL,
  `titular` varchar(255) COLLATE utf8mb4_unicode_ci DEFAULT NULL,
  `cuenta` varchar(255) COLLATE utf8mb4_unicode_ci DEFAULT NULL,
  `num_cuenta` varchar(255) COLLATE utf8mb4_unicode_ci DEFAULT NULL,
  `cbu` varchar(255) COLLATE utf8mb4_unicode_ci DEFAULT NULL,
  `alias` varchar(255) COLLATE utf8mb4_unicode_ci DEFAULT NULL,
  `status` int(11) NOT NULL DEFAULT '1',
  `created_at` timestamp NULL DEFAULT NULL,
  `updated_at` timestamp NULL DEFAULT NULL,
  PRIMARY KEY (`id`),
  KEY `ctacte_bancos_datos_cuenta_conta_id_foreign` (`cuenta_conta_id`),
  CONSTRAINT `ctacte_bancos_datos_cuenta_conta_id_foreign` FOREIGN KEY (`cuenta_conta_id`) REFERENCES `conta_plan_cuenta` (`id`)
) ENGINE=InnoDB DEFAULT CHARSET=utf8mb4 COLLATE=utf8mb4_unicode_ci;

--
-- Dumping data for table `ctacte_bancos_datos`
--


--
-- Table structure for table `ctacte_cheques`
--

CREATE TABLE `ctacte_cheques` (
  `id` int(10) unsigned NOT NULL AUTO_INCREMENT,
  `user_id` int(10) unsigned DEFAULT NULL,
  `asiento_id` varchar(191) COLLATE utf8mb4_unicode_ci DEFAULT NULL,
  `cuenta_conta_id` int(10) unsigned DEFAULT NULL,
  `cta_cte_tesoreria_cuenta_id` int(10) unsigned DEFAULT NULL,
  `cta_cte_tesoreria_id` int(10) unsigned DEFAULT NULL,
  `cta_cte_tesoreria_detail_id` int(10) unsigned DEFAULT NULL,
  `cta_cte_cliente_id` int(10) unsigned DEFAULT NULL,
  `cta_cte_cliente_id2` int(10) unsigned DEFAULT NULL,
  `cta_cte_cliente_detail_id` int(10) unsigned DEFAULT NULL,
  `nf_cta_cte_id2` int(10) unsigned DEFAULT NULL,
  `nf_cta_cte_id` int(10) unsigned DEFAULT NULL,
  `monto` decimal(16,2) DEFAULT NULL,
  `cheque3ros` tinyint(1) NOT NULL DEFAULT '0',
  `cheque_emitidos` tinyint(1) NOT NULL DEFAULT '0',
  `fecha` date DEFAULT NULL,
  `fecha_cobro` date DEFAULT NULL,
  `banco_id` int(10) unsigned NOT NULL,
  `person_id` int(10) unsigned DEFAULT NULL,
  `cuit` text COLLATE utf8mb4_unicode_ci,
  `titular` varchar(255) COLLATE utf8mb4_unicode_ci DEFAULT NULL,
  `abierto_cruzado` int(11) NOT NULL DEFAULT '1',
  `is_no_a_la_orden` tinyint(1) NOT NULL DEFAULT '0',
  `numero` int(10) unsigned DEFAULT NULL,
  `foto` varchar(255) COLLATE utf8mb4_unicode_ci DEFAULT NULL,
  `comentario` varchar(255) COLLATE utf8mb4_unicode_ci DEFAULT NULL,
  `status` int(11) NOT NULL DEFAULT '1',
  `created_at` timestamp NULL DEFAULT NULL,
  `updated_at` timestamp NULL DEFAULT NULL,
  `deleted_at` timestamp NULL DEFAULT NULL,
  PRIMARY KEY (`id`),
  KEY `ctacte_cheques_asiento_id_foreign` (`asiento_id`),
  KEY `ctacte_cheques_cuenta_conta_id_foreign` (`cuenta_conta_id`),
  KEY `ctacte_cheques_banco_id_foreign` (`banco_id`),
  KEY `ctacte_cheques_person_id_foreign` (`person_id`),
  KEY `ctacte_cheques_cta_cte_cliente_id2_foreign` (`cta_cte_cliente_id2`),
  KEY `ctacte_cheques_cta_cte_cliente_id_foreign` (`cta_cte_cliente_id`),
  KEY `cta_cte_tesorer_id` (`cta_cte_tesoreria_id`),
  KEY `ctacte_cheques_nf_cta_cte_id_foreign` (`nf_cta_cte_id`),
  KEY `ctacte_cheques_nf_cta_cte_id2_foreign` (`nf_cta_cte_id2`),
  KEY `ctacte_cheques_cta_cte_tesoreria_cuenta_id_foreign` (`cta_cte_tesoreria_cuenta_id`),
  KEY `ctacte_cheques_cta_cte_cliente_detail_id_foreign` (`cta_cte_cliente_detail_id`),
  KEY `ctacte_cheques_cta_cte_tesoreria_detail_id_foreign` (`cta_cte_tesoreria_detail_id`),
  CONSTRAINT `cta_cte_tesorer_id` FOREIGN KEY (`cta_cte_tesoreria_id`) REFERENCES `cta_cte_tesoreria` (`id`),
  CONSTRAINT `ctacte_cheques_banco_id_foreign` FOREIGN KEY (`banco_id`) REFERENCES `ctacte_bancos` (`id`),
  CONSTRAINT `ctacte_cheques_cta_cte_cliente_detail_id_foreign` FOREIGN KEY (`cta_cte_cliente_detail_id`) REFERENCES `cta_cte_cliente_details` (`id`),
  CONSTRAINT `ctacte_cheques_cta_cte_cliente_id2_foreign` FOREIGN KEY (`cta_cte_cliente_id2`) REFERENCES `cta_cte_cliente` (`id`),
  CONSTRAINT `ctacte_cheques_cta_cte_cliente_id_foreign` FOREIGN KEY (`cta_cte_cliente_id`) REFERENCES `cta_cte_cliente` (`id`),
  CONSTRAINT `ctacte_cheques_cta_cte_tesoreria_cuenta_id_foreign` FOREIGN KEY (`cta_cte_tesoreria_cuenta_id`) REFERENCES `cta_cte_tesoreria_cuentas` (`id`),
  CONSTRAINT `ctacte_cheques_cta_cte_tesoreria_detail_id_foreign` FOREIGN KEY (`cta_cte_tesoreria_detail_id`) REFERENCES `cta_cte_tesoreria_detail` (`id`),
  CONSTRAINT `ctacte_cheques_cuenta_conta_id_foreign` FOREIGN KEY (`cuenta_conta_id`) REFERENCES `conta_plan_cuenta` (`id`),
  CONSTRAINT `ctacte_cheques_nf_cta_cte_id2_foreign` FOREIGN KEY (`nf_cta_cte_id2`) REFERENCES `nf_cta_cte` (`id`),
  CONSTRAINT `ctacte_cheques_nf_cta_cte_id_foreign` FOREIGN KEY (`nf_cta_cte_id`) REFERENCES `nf_cta_cte` (`id`),
  CONSTRAINT `ctacte_cheques_person_id_foreign` FOREIGN KEY (`person_id`) REFERENCES `persons` (`id`)
) ENGINE=InnoDB DEFAULT CHARSET=utf8mb4 COLLATE=utf8mb4_unicode_ci;

--
-- Dumping data for table `ctacte_cheques`
--


--
-- Table structure for table `ctactegastos_centrocosto`
--

CREATE TABLE `ctactegastos_centrocosto` (
  `id` int(10) unsigned NOT NULL AUTO_INCREMENT,
  `user_id` int(10) unsigned DEFAULT NULL,
  `nombre` varchar(255) COLLATE utf8mb4_unicode_ci NOT NULL,
  `created_at` timestamp NULL DEFAULT NULL,
  `updated_at` timestamp NULL DEFAULT NULL,
  `deleted_at` timestamp NULL DEFAULT NULL,
  PRIMARY KEY (`id`)
) ENGINE=InnoDB AUTO_INCREMENT=9 DEFAULT CHARSET=utf8mb4 COLLATE=utf8mb4_unicode_ci;

--
-- Dumping data for table `ctactegastos_centrocosto`
--

INSERT INTO `ctactegastos_centrocosto` VALUES (1,NULL,'OFICINA',NULL,NULL,NULL),(2,NULL,'FIJO',NULL,NULL,NULL),(3,NULL,'VARIABLE',NULL,NULL,NULL),(4,NULL,'GISELA',NULL,NULL,NULL),(5,NULL,'LIA',NULL,NULL,NULL),(6,NULL,'PADRES',NULL,NULL,NULL),(7,NULL,'CASA',NULL,NULL,NULL),(8,NULL,'VANESA',NULL,NULL,NULL);

--
-- Table structure for table `ctactegastos_cuenta_tipo`
--

CREATE TABLE `ctactegastos_cuenta_tipo` (
  `idCuentaTipo` int(10) unsigned NOT NULL AUTO_INCREMENT,
  `user_id` int(10) unsigned DEFAULT NULL,
  `cta_cte_tesoreria_cuenta_id` int(10) unsigned DEFAULT NULL,
  `idTipo` int(10) unsigned NOT NULL,
  `created_at` timestamp NULL DEFAULT NULL,
  `updated_at` timestamp NULL DEFAULT NULL,
  `deleted_at` timestamp NULL DEFAULT NULL,
  PRIMARY KEY (`idCuentaTipo`),
  KEY `ctactegastos_cuenta_tipo_idtipo_foreign` (`idTipo`),
  KEY `ctactegastos_cuenta_tipo_cta_cte_tesoreria_cuenta_id_foreign` (`cta_cte_tesoreria_cuenta_id`),
  CONSTRAINT `ctactegastos_cuenta_tipo_cta_cte_tesoreria_cuenta_id_foreign` FOREIGN KEY (`cta_cte_tesoreria_cuenta_id`) REFERENCES `cta_cte_tesoreria_cuentas` (`id`),
  CONSTRAINT `ctactegastos_cuenta_tipo_idtipo_foreign` FOREIGN KEY (`idTipo`) REFERENCES `ctactegastos_tiposdegastos` (`id`)
) ENGINE=InnoDB AUTO_INCREMENT=18 DEFAULT CHARSET=utf8mb4 COLLATE=utf8mb4_unicode_ci;

--
-- Dumping data for table `ctactegastos_cuenta_tipo`
--

INSERT INTO `ctactegastos_cuenta_tipo` VALUES (1,NULL,NULL,3,NULL,NULL,NULL),(2,NULL,NULL,6,NULL,NULL,NULL),(3,NULL,NULL,3,NULL,NULL,NULL),(4,NULL,NULL,4,NULL,NULL,NULL),(5,NULL,NULL,5,NULL,NULL,NULL),(6,NULL,NULL,3,NULL,NULL,NULL),(7,NULL,NULL,4,NULL,NULL,NULL),(8,NULL,NULL,3,NULL,NULL,NULL),(9,NULL,NULL,4,NULL,NULL,NULL),(10,NULL,NULL,7,NULL,NULL,NULL),(11,NULL,NULL,8,NULL,NULL,NULL),(12,NULL,NULL,3,NULL,NULL,NULL),(13,NULL,NULL,3,NULL,NULL,NULL),(14,NULL,NULL,4,NULL,NULL,NULL),(15,NULL,NULL,1,NULL,NULL,NULL),(16,NULL,NULL,2,NULL,NULL,NULL),(17,NULL,NULL,5,NULL,NULL,NULL);

--
-- Table structure for table `ctactegastos_mensuales`
--

CREATE TABLE `ctactegastos_mensuales` (
  `id` int(10) unsigned NOT NULL AUTO_INCREMENT,
  `user_id` int(10) unsigned DEFAULT NULL,
  `CuentaTipo_id` int(10) unsigned NOT NULL,
  `cta_cte_tesoreria_cuenta_id` int(10) unsigned NOT NULL DEFAULT '13',
  `TipoDeGasto_id` int(10) unsigned NOT NULL,
  `CentroCosto_id` int(10) unsigned NOT NULL,
  `gasto_cta_cte_tesoreria_cuenta_id` int(10) unsigned NOT NULL DEFAULT '13',
  `monto` decimal(16,2) DEFAULT NULL,
  `comentario` varchar(255) COLLATE utf8mb4_unicode_ci DEFAULT NULL,
  `status` int(11) NOT NULL DEFAULT '1',
  `created_at` timestamp NULL DEFAULT NULL,
  `updated_at` timestamp NULL DEFAULT NULL,
  `deleted_at` timestamp NULL DEFAULT NULL,
  PRIMARY KEY (`id`),
  KEY `ctactegastos_mensuales_cuentatipo_id_foreign` (`CuentaTipo_id`),
  KEY `ctactegastos_mensuales_tipodegasto_id_foreign` (`TipoDeGasto_id`),
  KEY `ctactegastos_mensuales_centrocosto_id_foreign` (`CentroCosto_id`),
  KEY `ctactegastos_mensuales_cta_cte_tesoreria_cuenta_id_foreign` (`cta_cte_tesoreria_cuenta_id`),
  KEY `ctactegastos_mensuales_gasto_cta_cte_tesoreria_cuenta_id_foreign` (`gasto_cta_cte_tesoreria_cuenta_id`),
  CONSTRAINT `ctactegastos_mensuales_centrocosto_id_foreign` FOREIGN KEY (`CentroCosto_id`) REFERENCES `ctactegastos_centrocosto` (`id`),
  CONSTRAINT `ctactegastos_mensuales_cta_cte_tesoreria_cuenta_id_foreign` FOREIGN KEY (`cta_cte_tesoreria_cuenta_id`) REFERENCES `cta_cte_tesoreria_cuentas` (`id`),
  CONSTRAINT `ctactegastos_mensuales_cuentatipo_id_foreign` FOREIGN KEY (`CuentaTipo_id`) REFERENCES `ctactegastos_cuenta_tipo` (`idCuentaTipo`),
  CONSTRAINT `ctactegastos_mensuales_gasto_cta_cte_tesoreria_cuenta_id_foreign` FOREIGN KEY (`gasto_cta_cte_tesoreria_cuenta_id`) REFERENCES `cta_cte_tesoreria_cuentas` (`id`),
  CONSTRAINT `ctactegastos_mensuales_tipodegasto_id_foreign` FOREIGN KEY (`TipoDeGasto_id`) REFERENCES `ctactegastos_tiposdegastos` (`id`)
) ENGINE=InnoDB DEFAULT CHARSET=utf8mb4 COLLATE=utf8mb4_unicode_ci;

--
-- Dumping data for table `ctactegastos_mensuales`
--


--
-- Table structure for table `ctactegastos_tiposdegastos`
--

CREATE TABLE `ctactegastos_tiposdegastos` (
  `id` int(10) unsigned NOT NULL AUTO_INCREMENT,
  `user_id` int(10) unsigned DEFAULT NULL,
  `nombre` varchar(255) COLLATE utf8mb4_unicode_ci DEFAULT NULL,
  `created_at` timestamp NULL DEFAULT NULL,
  `updated_at` timestamp NULL DEFAULT NULL,
  `deleted_at` timestamp NULL DEFAULT NULL,
  PRIMARY KEY (`id`)
) ENGINE=InnoDB AUTO_INCREMENT=11 DEFAULT CHARSET=utf8mb4 COLLATE=utf8mb4_unicode_ci;

--
-- Dumping data for table `ctactegastos_tiposdegastos`
--

INSERT INTO `ctactegastos_tiposdegastos` VALUES (1,NULL,'Oficina',NULL,NULL,NULL),(2,NULL,'Personales',NULL,NULL,NULL),(3,NULL,'Tarjeta VISA',NULL,NULL,NULL),(4,NULL,'Tarjeta Mastercard',NULL,NULL,NULL),(5,NULL,'Debito Automatico',NULL,NULL,NULL),(6,NULL,'American Express',NULL,NULL,NULL),(7,NULL,'Tarjeta Shopping',NULL,NULL,NULL),(8,NULL,'Tarjeta Cencosud',NULL,NULL,NULL),(9,NULL,'Tarjeta Coto',NULL,NULL,NULL),(10,NULL,'Tarjeta Nativa',NULL,NULL,NULL);

--
-- Table structure for table `cursos`
--

CREATE TABLE `cursos` (
  `id` int(10) unsigned NOT NULL AUTO_INCREMENT,
  `nombre` varchar(191) COLLATE utf8mb4_unicode_ci NOT NULL,
  `descripcion` longtext COLLATE utf8mb4_unicode_ci NOT NULL,
  `fecha` date DEFAULT NULL,
  `hora` varchar(191) COLLATE utf8mb4_unicode_ci DEFAULT NULL,
  `profesor` varchar(191) COLLATE utf8mb4_unicode_ci DEFAULT NULL,
  `cant_clases` varchar(191) COLLATE utf8mb4_unicode_ci DEFAULT NULL,
  `duracion` varchar(191) COLLATE utf8mb4_unicode_ci DEFAULT NULL,
  `adjuntos` varchar(191) COLLATE utf8mb4_unicode_ci DEFAULT NULL,
  `link_zoom` longtext COLLATE utf8mb4_unicode_ci,
  `cod_zoom` varchar(191) COLLATE utf8mb4_unicode_ci DEFAULT NULL,
  `contraseña_zoom` varchar(191) COLLATE utf8mb4_unicode_ci DEFAULT NULL,
  `link_youtube` varchar(191) COLLATE utf8mb4_unicode_ci DEFAULT NULL,
  `materiales` varchar(191) COLLATE utf8mb4_unicode_ci DEFAULT NULL,
  `habilitado` tinyint(1) NOT NULL DEFAULT '1',
  `created_at` timestamp NULL DEFAULT NULL,
  `updated_at` timestamp NULL DEFAULT NULL,
  `deleted_at` timestamp NULL DEFAULT NULL,
  PRIMARY KEY (`id`)
) ENGINE=InnoDB DEFAULT CHARSET=utf8mb4 COLLATE=utf8mb4_unicode_ci;

--
-- Dumping data for table `cursos`
--


--
-- Table structure for table `cursos_detail`
--

CREATE TABLE `cursos_detail` (
  `id` int(10) unsigned NOT NULL AUTO_INCREMENT,
  `curso_id` int(10) unsigned NOT NULL,
  `field_name1` varchar(191) COLLATE utf8mb4_unicode_ci NOT NULL,
  `email` varchar(191) COLLATE utf8mb4_unicode_ci NOT NULL,
  `celular` int(11) NOT NULL,
  `created_at` timestamp NULL DEFAULT NULL,
  `updated_at` timestamp NULL DEFAULT NULL,
  `deleted_at` timestamp NULL DEFAULT NULL,
  PRIMARY KEY (`id`),
  KEY `cursos_detail_curso_id_foreign` (`curso_id`),
  CONSTRAINT `cursos_detail_curso_id_foreign` FOREIGN KEY (`curso_id`) REFERENCES `cursos` (`id`)
) ENGINE=InnoDB DEFAULT CHARSET=utf8mb4 COLLATE=utf8mb4_unicode_ci;

--
-- Dumping data for table `cursos_detail`
--


--
-- Table structure for table `data_types`
--

CREATE TABLE `data_types` (
  `id` int(10) unsigned NOT NULL AUTO_INCREMENT,
  `description` varchar(180) COLLATE utf8mb4_unicode_ci NOT NULL,
  `class` int(10) unsigned NOT NULL,
  `class_description` varchar(180) COLLATE utf8mb4_unicode_ci NOT NULL,
  `data_type` varchar(100) COLLATE utf8mb4_unicode_ci NOT NULL,
  `path` varchar(255) COLLATE utf8mb4_unicode_ci DEFAULT NULL,
  `created_at` timestamp NULL DEFAULT NULL,
  `updated_at` timestamp NULL DEFAULT NULL,
  PRIMARY KEY (`id`),
  UNIQUE KEY `data_types_description_unique` (`description`)
) ENGINE=InnoDB AUTO_INCREMENT=9 DEFAULT CHARSET=utf8mb4 COLLATE=utf8mb4_unicode_ci;

--
-- Dumping data for table `data_types`
--

INSERT INTO `data_types` VALUES (1,'Comprobantes XLS',1,'Importación','XLS','data/imports/receipts/xls',NULL,NULL),(2,'CITI-Ventas',1,'Importación','TXT','data/imports/receipts/CitiVentas',NULL,NULL),(3,'CITI Compras',2,'Exportación','TXT','data/exports/receipts/citi',NULL,NULL),(4,'CITI Ventas',2,'Exportación','TXT','data/exports/receipts/CitiVentasExport',NULL,NULL),(5,'Convenio Multilateral',2,'Exportación','TXT','data/exports/receipts/convenio',NULL,NULL),(6,'Libro IVA Digital',2,'Exportación','TXT','data/exports/receipts/libro_iva_digital',NULL,'2019-11-20 21:43:44'),(7,'Mis Comprobantes',1,'Importacion','','data/imports/receipts/mis_comprobantes',NULL,NULL),(8,'Consulta AFIP',3,'AFIP','','data/afip/index','2019-12-06 14:49:55','2019-12-06 14:49:55');

--
-- Table structure for table `dc_estados`
--

CREATE TABLE `dc_estados` (
  `id` bigint(20) unsigned NOT NULL AUTO_INCREMENT,
  `user_id` int(10) unsigned DEFAULT NULL,
  `descripcion` text COLLATE utf8mb4_unicode_ci NOT NULL,
  `habilitado` tinyint(1) NOT NULL DEFAULT '1',
  `created_at` timestamp NULL DEFAULT NULL,
  `updated_at` timestamp NULL DEFAULT NULL,
  `deleted_at` timestamp NULL DEFAULT NULL,
  PRIMARY KEY (`id`)
) ENGINE=InnoDB AUTO_INCREMENT=6 DEFAULT CHARSET=utf8mb4 COLLATE=utf8mb4_unicode_ci;

--
-- Dumping data for table `dc_estados`
--

INSERT INTO `dc_estados` VALUES (1,NULL,'BORRADOR',1,NULL,'2023-08-07 00:08:35',NULL),(2,NULL,'TERMINADO',1,NULL,'2023-08-07 00:08:35',NULL),(3,NULL,'ELIMINADO',1,NULL,'2023-08-13 09:23:08',NULL),(4,NULL,'PAGADO',1,NULL,'2023-08-07 00:08:35','2023-08-07 00:08:35'),(5,NULL,'CONCILIADO',1,NULL,'2023-08-07 00:08:35','2023-08-07 00:08:35');

--
-- Table structure for table `dc_estados_decisiones`
--

CREATE TABLE `dc_estados_decisiones` (
  `id` bigint(20) unsigned NOT NULL AUTO_INCREMENT,
  `user_id` int(10) unsigned DEFAULT NULL,
  `dc_orden_tipo_id` bigint(20) unsigned NOT NULL,
  `descripcion` varchar(191) COLLATE utf8mb4_unicode_ci NOT NULL,
  `habilitado` tinyint(1) NOT NULL DEFAULT '1',
  `created_at` timestamp NULL DEFAULT NULL,
  `updated_at` timestamp NULL DEFAULT NULL,
  `deleted_at` timestamp NULL DEFAULT NULL,
  PRIMARY KEY (`id`),
  KEY `dc_estados_decisiones_dc_orden_tipo_id_foreign` (`dc_orden_tipo_id`),
  CONSTRAINT `dc_estados_decisiones_dc_orden_tipo_id_foreign` FOREIGN KEY (`dc_orden_tipo_id`) REFERENCES `dc_ordenes_tipos` (`id`)
) ENGINE=InnoDB AUTO_INCREMENT=5 DEFAULT CHARSET=utf8mb4 COLLATE=utf8mb4_unicode_ci;

--
-- Dumping data for table `dc_estados_decisiones`
--

INSERT INTO `dc_estados_decisiones` VALUES (1,NULL,3,'Pendiente',1,NULL,NULL,NULL),(2,NULL,3,'Aprobado',1,NULL,NULL,NULL),(3,NULL,3,'Rechazado',1,NULL,NULL,NULL),(4,NULL,3,'Cancelado',1,NULL,NULL,NULL);

--
-- Table structure for table `dc_firmas`
--

CREATE TABLE `dc_firmas` (
  `id` bigint(20) unsigned NOT NULL AUTO_INCREMENT,
  `user_id` int(10) unsigned DEFAULT NULL,
  `descripcion` text COLLATE utf8mb4_unicode_ci NOT NULL,
  `show_firmante_dc` tinyint(1) NOT NULL DEFAULT '0',
  `show_create_dc` tinyint(1) NOT NULL DEFAULT '0',
  `faltan_firmas` tinyint(1) NOT NULL DEFAULT '0',
  `habilitado` tinyint(1) NOT NULL DEFAULT '1',
  `created_at` timestamp NULL DEFAULT NULL,
  `updated_at` timestamp NULL DEFAULT NULL,
  `deleted_at` timestamp NULL DEFAULT NULL,
  PRIMARY KEY (`id`)
) ENGINE=InnoDB AUTO_INCREMENT=6 DEFAULT CHARSET=utf8mb4 COLLATE=utf8mb4_unicode_ci;

--
-- Dumping data for table `dc_firmas`
--

INSERT INTO `dc_firmas` VALUES (1,NULL,'NO',1,1,0,1,NULL,'2023-08-07 00:08:35',NULL),(2,NULL,'RECHAZADO',1,1,0,1,NULL,'2023-08-07 00:08:35',NULL),(3,NULL,'ACEPTADO',1,0,0,1,NULL,'2023-08-07 00:08:35',NULL),(4,NULL,'FALTAN FIRMAS',0,0,1,1,'2023-08-07 00:08:35','2023-08-07 00:08:35',NULL),(5,NULL,'EMITIDO',1,0,0,1,'2023-10-12 08:18:33','2023-10-12 08:18:33',NULL);

--
-- Table structure for table `dc_firmas_ordenes`
--

CREATE TABLE `dc_firmas_ordenes` (
  `id` bigint(20) unsigned NOT NULL AUTO_INCREMENT,
  `user_id` int(10) unsigned DEFAULT NULL,
  `person_id` int(10) unsigned NOT NULL,
  `dc_orden_id` bigint(20) unsigned NOT NULL,
  `user_id_que_firma` int(10) unsigned NOT NULL,
  `dc_firma_id` bigint(20) unsigned NOT NULL,
  `created_at` timestamp NULL DEFAULT NULL,
  `updated_at` timestamp NULL DEFAULT NULL,
  `deleted_at` timestamp NULL DEFAULT NULL,
  PRIMARY KEY (`id`),
  KEY `dc_firmas_ordenes_person_id_foreign` (`person_id`),
  KEY `dc_firmas_ordenes_dc_orden_id_foreign` (`dc_orden_id`),
  KEY `dc_firmas_ordenes_dc_firma_id_foreign` (`dc_firma_id`),
  CONSTRAINT `dc_firmas_ordenes_dc_firma_id_foreign` FOREIGN KEY (`dc_firma_id`) REFERENCES `dc_firmas` (`id`),
  CONSTRAINT `dc_firmas_ordenes_dc_orden_id_foreign` FOREIGN KEY (`dc_orden_id`) REFERENCES `dc_ordenes` (`id`),
  CONSTRAINT `dc_firmas_ordenes_person_id_foreign` FOREIGN KEY (`person_id`) REFERENCES `persons` (`id`)
) ENGINE=InnoDB DEFAULT CHARSET=utf8mb4 COLLATE=utf8mb4_unicode_ci;

--
-- Dumping data for table `dc_firmas_ordenes`
--


--
-- Table structure for table `dc_firmas_reglas`
--

CREATE TABLE `dc_firmas_reglas` (
  `id` bigint(20) unsigned NOT NULL AUTO_INCREMENT,
  `user_id` int(10) unsigned DEFAULT NULL,
  `person_id` int(10) unsigned NOT NULL,
  `dc_orden_id` bigint(20) unsigned NOT NULL,
  `importe` decimal(16,2) NOT NULL,
  `grupos_users_ids` longtext COLLATE utf8mb4_unicode_ci,
  `created_at` timestamp NULL DEFAULT NULL,
  `updated_at` timestamp NULL DEFAULT NULL,
  `deleted_at` timestamp NULL DEFAULT NULL,
  PRIMARY KEY (`id`),
  KEY `dc_firmas_reglas_person_id_foreign` (`person_id`),
  KEY `dc_firmas_reglas_dc_orden_id_foreign` (`dc_orden_id`),
  CONSTRAINT `dc_firmas_reglas_dc_orden_id_foreign` FOREIGN KEY (`dc_orden_id`) REFERENCES `dc_ordenes` (`id`),
  CONSTRAINT `dc_firmas_reglas_person_id_foreign` FOREIGN KEY (`person_id`) REFERENCES `persons` (`id`)
) ENGINE=InnoDB DEFAULT CHARSET=utf8mb4 COLLATE=utf8mb4_unicode_ci;

--
-- Dumping data for table `dc_firmas_reglas`
--


--
-- Table structure for table `dc_orden_de_pago`
--

CREATE TABLE `dc_orden_de_pago` (
  `id` bigint(20) unsigned NOT NULL AUTO_INCREMENT,
  `user_id` int(10) unsigned DEFAULT NULL,
  `fecha` datetime NOT NULL DEFAULT '2023-09-28 16:38:50',
  `dc_orden_id` bigint(20) unsigned NOT NULL DEFAULT '10',
  `person_id` int(10) unsigned NOT NULL,
  `person_id_relationed` int(10) unsigned NOT NULL,
  `request` longtext COLLATE utf8mb4_unicode_ci NOT NULL,
  `dc_estado_id` bigint(20) unsigned NOT NULL DEFAULT '1',
  `dc_firma_id` bigint(20) unsigned NOT NULL DEFAULT '1',
  `created_at` timestamp NULL DEFAULT NULL,
  `updated_at` timestamp NULL DEFAULT NULL,
  `deleted_at` timestamp NULL DEFAULT NULL,
  PRIMARY KEY (`id`),
  KEY `dc_orden_de_pago_person_id_foreign` (`person_id`),
  KEY `dc_orden_de_pago_person_id_relationed_foreign` (`person_id_relationed`),
  KEY `dc_orden_de_pago_dc_orden_id_foreign` (`dc_orden_id`),
  KEY `dc_orden_de_pago_dc_firma_id_foreign` (`dc_firma_id`),
  KEY `dc_orden_de_pago_dc_estado_id_foreign` (`dc_estado_id`),
  CONSTRAINT `dc_orden_de_pago_dc_estado_id_foreign` FOREIGN KEY (`dc_estado_id`) REFERENCES `dc_estados` (`id`),
  CONSTRAINT `dc_orden_de_pago_dc_firma_id_foreign` FOREIGN KEY (`dc_firma_id`) REFERENCES `dc_firmas` (`id`),
  CONSTRAINT `dc_orden_de_pago_dc_orden_id_foreign` FOREIGN KEY (`dc_orden_id`) REFERENCES `dc_ordenes` (`id`),
  CONSTRAINT `dc_orden_de_pago_person_id_foreign` FOREIGN KEY (`person_id`) REFERENCES `persons` (`id`),
  CONSTRAINT `dc_orden_de_pago_person_id_relationed_foreign` FOREIGN KEY (`person_id_relationed`) REFERENCES `persons` (`id`)
) ENGINE=InnoDB DEFAULT CHARSET=utf8mb4 COLLATE=utf8mb4_unicode_ci;

--
-- Dumping data for table `dc_orden_de_pago`
--


--
-- Table structure for table `dc_orden_de_pago_cheques`
--

CREATE TABLE `dc_orden_de_pago_cheques` (
  `id` bigint(20) unsigned NOT NULL AUTO_INCREMENT,
  `user_id` int(10) unsigned DEFAULT NULL,
  `dc_orden_de_pago_id` bigint(20) unsigned NOT NULL,
  `ctacte_cheque_id` int(10) unsigned NOT NULL,
  `created_at` timestamp NULL DEFAULT NULL,
  `updated_at` timestamp NULL DEFAULT NULL,
  `deleted_at` timestamp NULL DEFAULT NULL,
  PRIMARY KEY (`id`),
  KEY `dc_orden_de_pago_cheques_dc_orden_de_pago_id_foreign` (`dc_orden_de_pago_id`),
  KEY `dc_orden_de_pago_cheques_ctacte_cheque_id_foreign` (`ctacte_cheque_id`),
  CONSTRAINT `dc_orden_de_pago_cheques_ctacte_cheque_id_foreign` FOREIGN KEY (`ctacte_cheque_id`) REFERENCES `ctacte_cheques` (`id`),
  CONSTRAINT `dc_orden_de_pago_cheques_dc_orden_de_pago_id_foreign` FOREIGN KEY (`dc_orden_de_pago_id`) REFERENCES `dc_orden_de_pago` (`id`)
) ENGINE=InnoDB DEFAULT CHARSET=utf8mb4 COLLATE=utf8mb4_unicode_ci;

--
-- Dumping data for table `dc_orden_de_pago_cheques`
--


--
-- Table structure for table `dc_orden_de_pago_receipts`
--

CREATE TABLE `dc_orden_de_pago_receipts` (
  `id` bigint(20) unsigned NOT NULL AUTO_INCREMENT,
  `user_id` int(10) unsigned DEFAULT NULL,
  `dc_orden_de_pago_id` bigint(20) unsigned NOT NULL,
  `receipt_id` int(10) unsigned DEFAULT NULL,
  `importe` decimal(16,2) NOT NULL,
  `created_at` timestamp NULL DEFAULT NULL,
  `updated_at` timestamp NULL DEFAULT NULL,
  `deleted_at` timestamp NULL DEFAULT NULL,
  PRIMARY KEY (`id`),
  KEY `dc_orden_de_pago_receipts_dc_orden_de_pago_id_foreign` (`dc_orden_de_pago_id`),
  KEY `dc_orden_de_pago_receipts_receipt_id_foreign` (`receipt_id`),
  CONSTRAINT `dc_orden_de_pago_receipts_dc_orden_de_pago_id_foreign` FOREIGN KEY (`dc_orden_de_pago_id`) REFERENCES `dc_orden_de_pago` (`id`),
  CONSTRAINT `dc_orden_de_pago_receipts_receipt_id_foreign` FOREIGN KEY (`receipt_id`) REFERENCES `receipts` (`id`)
) ENGINE=InnoDB DEFAULT CHARSET=utf8mb4 COLLATE=utf8mb4_unicode_ci;

--
-- Dumping data for table `dc_orden_de_pago_receipts`
--


--
-- Table structure for table `dc_orden_files`
--

CREATE TABLE `dc_orden_files` (
  `id` bigint(20) unsigned NOT NULL AUTO_INCREMENT,
  `user_id` int(10) unsigned DEFAULT NULL,
  `dc_orden_id` bigint(20) unsigned NOT NULL,
  `file` text COLLATE utf8mb4_unicode_ci NOT NULL,
  `original_name` text COLLATE utf8mb4_unicode_ci,
  `created_at` timestamp NULL DEFAULT NULL,
  `updated_at` timestamp NULL DEFAULT NULL,
  `deleted_at` timestamp NULL DEFAULT NULL,
  PRIMARY KEY (`id`),
  KEY `dc_orden_files_dc_orden_id_foreign` (`dc_orden_id`),
  CONSTRAINT `dc_orden_files_dc_orden_id_foreign` FOREIGN KEY (`dc_orden_id`) REFERENCES `dc_ordenes` (`id`)
) ENGINE=InnoDB DEFAULT CHARSET=utf8mb4 COLLATE=utf8mb4_unicode_ci;

--
-- Dumping data for table `dc_orden_files`
--


--
-- Table structure for table `dc_ordenes`
--

CREATE TABLE `dc_ordenes` (
  `id` bigint(20) unsigned NOT NULL AUTO_INCREMENT,
  `user_id` int(10) unsigned DEFAULT NULL,
  `dc_orden_tipo_id` bigint(20) unsigned NOT NULL,
  `person_id` int(10) unsigned NOT NULL,
  `person_id_relationed` int(10) unsigned DEFAULT NULL,
  `titulo` text COLLATE utf8mb4_unicode_ci,
  `sucursal` int(11) NOT NULL DEFAULT '1',
  `numero` int(11) NOT NULL,
  `numero_text` varchar(255) COLLATE utf8mb4_unicode_ci DEFAULT NULL,
  `sector` varchar(191) COLLATE utf8mb4_unicode_ci DEFAULT NULL,
  `solicitante` varchar(191) COLLATE utf8mb4_unicode_ci DEFAULT NULL,
  `syj_empleado_id` int(10) unsigned DEFAULT NULL,
  `fecha` date NOT NULL,
  `fecha_entrega` date DEFAULT NULL,
  `fecha_asignacion` datetime DEFAULT NULL,
  `fecha_cumplido` datetime DEFAULT NULL,
  `condicion_venta_id` int(10) unsigned DEFAULT NULL,
  `is_pago_adelantado` tinyint(1) DEFAULT NULL,
  `is_garantia` tinyint(1) NOT NULL DEFAULT '0',
  `forma_de_entrega_id` int(10) unsigned DEFAULT NULL,
  `plazo_de_pago_id` int(10) unsigned DEFAULT NULL,
  `cantidades` decimal(16,2) NOT NULL,
  `moneda_id` int(10) unsigned NOT NULL DEFAULT '1',
  `cotizacion` decimal(16,2) NOT NULL DEFAULT '1.00',
  `neto` decimal(16,2) NOT NULL,
  `iva` decimal(16,2) NOT NULL,
  `total` decimal(16,2) NOT NULL,
  `facturada` decimal(16,2) NOT NULL DEFAULT '0.00',
  `is_pagada` tinyint(1) NOT NULL,
  `garantia` varchar(100) COLLATE utf8mb4_unicode_ci DEFAULT NULL,
  `mant_oferta` varchar(100) COLLATE utf8mb4_unicode_ci DEFAULT NULL,
  `comen_para_cliente` text COLLATE utf8mb4_unicode_ci,
  `comentario` longtext COLLATE utf8mb4_unicode_ci NOT NULL,
  `dc_ov_origen_id` bigint(20) unsigned DEFAULT NULL,
  `dc_ov_status_cobranza_id` bigint(20) unsigned DEFAULT NULL,
  `dc_ov_status_factura_id` bigint(20) unsigned DEFAULT NULL,
  `dc_ov_status_entrega_id` bigint(20) unsigned DEFAULT NULL,
  `dc_ov_status_venta_id` bigint(20) unsigned DEFAULT NULL,
  `dc_estado_id` bigint(20) unsigned NOT NULL,
  `dc_estado_decision_id` bigint(20) unsigned DEFAULT NULL,
  `inv_orden_trabajo_id` bigint(20) unsigned DEFAULT NULL,
  `conta_cc_id` bigint(20) unsigned DEFAULT NULL,
  `origendestinoable_type` text COLLATE utf8mb4_unicode_ci,
  `origendestinoable_id` int(10) unsigned DEFAULT NULL,
  `is_multiples_ot` tinyint(1) unsigned NOT NULL DEFAULT '0',
  `dc_orden_origen_destino_id` bigint(20) unsigned DEFAULT NULL,
  `is_completado` tinyint(1) NOT NULL DEFAULT '0',
  `is_credit` tinyint(1) DEFAULT NULL,
  `dc_firma_id` bigint(20) unsigned NOT NULL DEFAULT '1',
  `created_at` timestamp NULL DEFAULT NULL,
  `updated_at` timestamp NULL DEFAULT NULL,
  `deleted_at` timestamp NULL DEFAULT NULL,
  PRIMARY KEY (`id`),
  KEY `dc_ordenes_dc_orden_tipo_id_foreign` (`dc_orden_tipo_id`),
  KEY `dc_ordenes_person_id_foreign` (`person_id`),
  KEY `dc_ordenes_person_id_relationed_foreign` (`person_id_relationed`),
  KEY `dc_ordenes_dc_estado_id_foreign` (`dc_estado_id`),
  KEY `dc_ordenes_conta_cc_id_foreign` (`conta_cc_id`),
  KEY `dc_ordenes_inv_orden_trabajo_id_foreign` (`inv_orden_trabajo_id`),
  KEY `dc_ordenes_dc_orden_origen_destino_id_foreign` (`dc_orden_origen_destino_id`),
  KEY `dc_ordenes_moneda_id_foreign` (`moneda_id`),
  KEY `dc_ordenes_dc_firma_id_foreign` (`dc_firma_id`),
  KEY `dc_ordenes_syj_empleado_id_foreign` (`syj_empleado_id`),
  KEY `dc_ordenes_dc_estado_decision_id_foreign` (`dc_estado_decision_id`),
  KEY `dc_ordenes_dc_ov_origen_id_foreign` (`dc_ov_origen_id`),
  KEY `dc_ordenes_dc_ov_status_venta_id_foreign` (`dc_ov_status_venta_id`),
  KEY `dc_ordenes_dc_ov_status_entrega_id_foreign` (`dc_ov_status_entrega_id`),
  KEY `dc_ordenes_dc_ov_status_factura_id_foreign` (`dc_ov_status_factura_id`),
  KEY `dc_ordenes_dc_ov_status_cobranza_id_foreign` (`dc_ov_status_cobranza_id`),
  CONSTRAINT `dc_ordenes_conta_cc_id_foreign` FOREIGN KEY (`conta_cc_id`) REFERENCES `conta_centro_costos` (`id`),
  CONSTRAINT `dc_ordenes_dc_estado_decision_id_foreign` FOREIGN KEY (`dc_estado_decision_id`) REFERENCES `dc_estados_decisiones` (`id`),
  CONSTRAINT `dc_ordenes_dc_estado_id_foreign` FOREIGN KEY (`dc_estado_id`) REFERENCES `dc_estados` (`id`),
  CONSTRAINT `dc_ordenes_dc_firma_id_foreign` FOREIGN KEY (`dc_firma_id`) REFERENCES `dc_firmas` (`id`),
  CONSTRAINT `dc_ordenes_dc_orden_origen_destino_id_foreign` FOREIGN KEY (`dc_orden_origen_destino_id`) REFERENCES `dc_ordenes_origen_destino` (`id`),
  CONSTRAINT `dc_ordenes_dc_orden_tipo_id_foreign` FOREIGN KEY (`dc_orden_tipo_id`) REFERENCES `dc_ordenes_tipos` (`id`),
  CONSTRAINT `dc_ordenes_dc_ov_origen_id_foreign` FOREIGN KEY (`dc_ov_origen_id`) REFERENCES `dc_ov_origenes` (`id`),
  CONSTRAINT `dc_ordenes_dc_ov_status_cobranza_id_foreign` FOREIGN KEY (`dc_ov_status_cobranza_id`) REFERENCES `dc_ov_status_cobranza` (`id`),
  CONSTRAINT `dc_ordenes_dc_ov_status_entrega_id_foreign` FOREIGN KEY (`dc_ov_status_entrega_id`) REFERENCES `dc_ov_status_entrega` (`id`),
  CONSTRAINT `dc_ordenes_dc_ov_status_factura_id_foreign` FOREIGN KEY (`dc_ov_status_factura_id`) REFERENCES `dc_ov_status_factura` (`id`),
  CONSTRAINT `dc_ordenes_dc_ov_status_venta_id_foreign` FOREIGN KEY (`dc_ov_status_venta_id`) REFERENCES `dc_ov_status_venta` (`id`),
  CONSTRAINT `dc_ordenes_inv_orden_trabajo_id_foreign` FOREIGN KEY (`inv_orden_trabajo_id`) REFERENCES `inv_orden_trabajos` (`id`),
  CONSTRAINT `dc_ordenes_moneda_id_foreign` FOREIGN KEY (`moneda_id`) REFERENCES `monedas` (`id`),
  CONSTRAINT `dc_ordenes_person_id_foreign` FOREIGN KEY (`person_id`) REFERENCES `persons` (`id`),
  CONSTRAINT `dc_ordenes_person_id_relationed_foreign` FOREIGN KEY (`person_id_relationed`) REFERENCES `persons` (`id`),
  CONSTRAINT `dc_ordenes_syj_empleado_id_foreign` FOREIGN KEY (`syj_empleado_id`) REFERENCES `syj_empleados` (`id`)
) ENGINE=InnoDB DEFAULT CHARSET=utf8mb4 COLLATE=utf8mb4_unicode_ci;

--
-- Dumping data for table `dc_ordenes`
--


--
-- Table structure for table `dc_ordenes_compra_coti`
--

CREATE TABLE `dc_ordenes_compra_coti` (
  `id` int(10) unsigned NOT NULL AUTO_INCREMENT,
  `user_id` int(10) unsigned DEFAULT NULL,
  `dc_orden_id` bigint(20) unsigned NOT NULL,
  `dc_orden_coti_id` bigint(20) unsigned NOT NULL,
  `created_at` timestamp NULL DEFAULT NULL,
  `updated_at` timestamp NULL DEFAULT NULL,
  `deleted_at` timestamp NULL DEFAULT NULL,
  PRIMARY KEY (`id`),
  KEY `dc_ordenes_compra_coti_dc_orden_id_foreign` (`dc_orden_id`),
  KEY `dc_ordenes_compra_coti_dc_orden_coti_id_foreign` (`dc_orden_coti_id`),
  CONSTRAINT `dc_ordenes_compra_coti_dc_orden_coti_id_foreign` FOREIGN KEY (`dc_orden_coti_id`) REFERENCES `dc_ordenes` (`id`),
  CONSTRAINT `dc_ordenes_compra_coti_dc_orden_id_foreign` FOREIGN KEY (`dc_orden_id`) REFERENCES `dc_ordenes` (`id`)
) ENGINE=InnoDB DEFAULT CHARSET=utf8mb4 COLLATE=utf8mb4_unicode_ci;

--
-- Dumping data for table `dc_ordenes_compra_coti`
--


--
-- Table structure for table `dc_ordenes_compra_req`
--

CREATE TABLE `dc_ordenes_compra_req` (
  `id` int(10) unsigned NOT NULL AUTO_INCREMENT,
  `user_id` int(10) unsigned DEFAULT NULL,
  `dc_orden_id` bigint(20) unsigned NOT NULL,
  `dc_orden_detail_id` bigint(20) unsigned NOT NULL,
  `dc_orden_req_id` bigint(20) unsigned NOT NULL,
  `dc_orden_req_detail_id` bigint(20) unsigned NOT NULL,
  `created_at` timestamp NULL DEFAULT NULL,
  `updated_at` timestamp NULL DEFAULT NULL,
  `deleted_at` timestamp NULL DEFAULT NULL,
  PRIMARY KEY (`id`),
  KEY `dc_ordenes_compra_req_dc_orden_id_foreign` (`dc_orden_id`),
  KEY `dc_ordenes_compra_req_dc_orden_detail_id_foreign` (`dc_orden_detail_id`),
  KEY `dc_ordenes_compra_req_dc_orden_req_id_foreign` (`dc_orden_req_id`),
  KEY `dc_ordenes_compra_req_dc_orden_req_detail_id_foreign` (`dc_orden_req_detail_id`),
  CONSTRAINT `dc_ordenes_compra_req_dc_orden_detail_id_foreign` FOREIGN KEY (`dc_orden_detail_id`) REFERENCES `dc_ordenes_details` (`id`),
  CONSTRAINT `dc_ordenes_compra_req_dc_orden_id_foreign` FOREIGN KEY (`dc_orden_id`) REFERENCES `dc_ordenes` (`id`),
  CONSTRAINT `dc_ordenes_compra_req_dc_orden_req_detail_id_foreign` FOREIGN KEY (`dc_orden_req_detail_id`) REFERENCES `dc_ordenes_details` (`id`),
  CONSTRAINT `dc_ordenes_compra_req_dc_orden_req_id_foreign` FOREIGN KEY (`dc_orden_req_id`) REFERENCES `dc_ordenes` (`id`)
) ENGINE=InnoDB DEFAULT CHARSET=utf8mb4 COLLATE=utf8mb4_unicode_ci;

--
-- Dumping data for table `dc_ordenes_compra_req`
--


--
-- Table structure for table `dc_ordenes_cotizacion_req`
--

CREATE TABLE `dc_ordenes_cotizacion_req` (
  `id` int(10) unsigned NOT NULL AUTO_INCREMENT,
  `user_id` int(10) unsigned DEFAULT NULL,
  `dc_orden_id` bigint(20) unsigned NOT NULL,
  `dc_orden_detail_id` bigint(20) unsigned NOT NULL,
  `dc_orden_req_id` bigint(20) unsigned NOT NULL,
  `dc_orden_req_detail_id` bigint(20) unsigned NOT NULL,
  `created_at` timestamp NULL DEFAULT NULL,
  `updated_at` timestamp NULL DEFAULT NULL,
  `deleted_at` timestamp NULL DEFAULT NULL,
  PRIMARY KEY (`id`),
  KEY `dc_ordenes_cotizacion_req_dc_orden_id_foreign` (`dc_orden_id`),
  KEY `dc_ordenes_cotizacion_req_dc_orden_detail_id_foreign` (`dc_orden_detail_id`),
  KEY `dc_ordenes_cotizacion_req_dc_orden_req_id_foreign` (`dc_orden_req_id`),
  KEY `dc_ordenes_cotizacion_req_dc_orden_req_detail_id_foreign` (`dc_orden_req_detail_id`),
  CONSTRAINT `dc_ordenes_cotizacion_req_dc_orden_detail_id_foreign` FOREIGN KEY (`dc_orden_detail_id`) REFERENCES `dc_ordenes_details` (`id`),
  CONSTRAINT `dc_ordenes_cotizacion_req_dc_orden_id_foreign` FOREIGN KEY (`dc_orden_id`) REFERENCES `dc_ordenes` (`id`),
  CONSTRAINT `dc_ordenes_cotizacion_req_dc_orden_req_detail_id_foreign` FOREIGN KEY (`dc_orden_req_detail_id`) REFERENCES `dc_ordenes_details` (`id`),
  CONSTRAINT `dc_ordenes_cotizacion_req_dc_orden_req_id_foreign` FOREIGN KEY (`dc_orden_req_id`) REFERENCES `dc_ordenes` (`id`)
) ENGINE=InnoDB DEFAULT CHARSET=utf8mb4 COLLATE=utf8mb4_unicode_ci;

--
-- Dumping data for table `dc_ordenes_cotizacion_req`
--


--
-- Table structure for table `dc_ordenes_details`
--

CREATE TABLE `dc_ordenes_details` (
  `id` bigint(20) unsigned NOT NULL AUTO_INCREMENT,
  `user_id` int(10) unsigned DEFAULT NULL,
  `dc_orden_id` bigint(20) unsigned NOT NULL,
  `dc_orden_origen_destino_id` bigint(20) unsigned DEFAULT NULL,
  `origendestinoable_id` int(10) unsigned DEFAULT NULL,
  `origendestinoable_type` text COLLATE utf8mb4_unicode_ci,
  `cantidades` decimal(16,2) NOT NULL,
  `inv_deposito_id` bigint(20) unsigned DEFAULT NULL,
  `inv_producto_id` bigint(20) unsigned DEFAULT NULL,
  `inv_producto_id_destino` bigint(20) unsigned DEFAULT NULL,
  `prod_variant_id` bigint(20) unsigned DEFAULT NULL,
  `inv_deposito_id_destino` bigint(20) unsigned DEFAULT NULL,
  `descripcion` varchar(191) COLLATE utf8mb4_unicode_ci DEFAULT NULL,
  `neto` decimal(16,2) NOT NULL,
  `desc_porc` decimal(16,2) DEFAULT NULL,
  `descuento` decimal(16,2) DEFAULT NULL,
  `system_tax_id` int(10) unsigned NOT NULL,
  `iva` decimal(16,2) NOT NULL,
  `subtotal` decimal(16,2) NOT NULL,
  `created_at` timestamp NULL DEFAULT NULL,
  `updated_at` timestamp NULL DEFAULT NULL,
  `deleted_at` timestamp NULL DEFAULT NULL,
  PRIMARY KEY (`id`),
  KEY `dc_ordenes_details_dc_orden_id_foreign` (`dc_orden_id`),
  KEY `dc_ordenes_details_inv_producto_id_foreign` (`inv_producto_id`),
  KEY `dc_ordenes_details_system_tax_id_foreign` (`system_tax_id`),
  KEY `dc_ordenes_details_inv_producto_id_destino_foreign` (`inv_producto_id_destino`),
  KEY `dc_ordenes_details_dc_orden_origen_destino_id_foreign` (`dc_orden_origen_destino_id`),
  KEY `dc_ordenes_details_inv_deposito_id_foreign` (`inv_deposito_id`),
  KEY `dc_ordenes_details_inv_deposito_id_destino_foreign` (`inv_deposito_id_destino`),
  KEY `dc_ordenes_details_prod_variant_id_foreign` (`prod_variant_id`),
  CONSTRAINT `dc_ordenes_details_dc_orden_id_foreign` FOREIGN KEY (`dc_orden_id`) REFERENCES `dc_ordenes` (`id`),
  CONSTRAINT `dc_ordenes_details_dc_orden_origen_destino_id_foreign` FOREIGN KEY (`dc_orden_origen_destino_id`) REFERENCES `dc_ordenes_origen_destino` (`id`),
  CONSTRAINT `dc_ordenes_details_inv_deposito_id_destino_foreign` FOREIGN KEY (`inv_deposito_id_destino`) REFERENCES `inv_depositos` (`id`),
  CONSTRAINT `dc_ordenes_details_inv_deposito_id_foreign` FOREIGN KEY (`inv_deposito_id`) REFERENCES `inv_depositos` (`id`),
  CONSTRAINT `dc_ordenes_details_inv_producto_id_destino_foreign` FOREIGN KEY (`inv_producto_id_destino`) REFERENCES `inv_productos` (`id`),
  CONSTRAINT `dc_ordenes_details_inv_producto_id_foreign` FOREIGN KEY (`inv_producto_id`) REFERENCES `inv_productos` (`id`),
  CONSTRAINT `dc_ordenes_details_prod_variant_id_foreign` FOREIGN KEY (`prod_variant_id`) REFERENCES `prod_variants` (`id`) ON DELETE SET NULL,
  CONSTRAINT `dc_ordenes_details_system_tax_id_foreign` FOREIGN KEY (`system_tax_id`) REFERENCES `system_taxes` (`id`)
) ENGINE=InnoDB DEFAULT CHARSET=utf8mb4 COLLATE=utf8mb4_unicode_ci;

--
-- Dumping data for table `dc_ordenes_details`
--


--
-- Table structure for table `dc_ordenes_facturada`
--

CREATE TABLE `dc_ordenes_facturada` (
  `id` bigint(20) unsigned NOT NULL AUTO_INCREMENT,
  `user_id` int(10) unsigned DEFAULT NULL,
  `person_id` int(10) unsigned NOT NULL,
  `dc_orden_id` bigint(20) unsigned DEFAULT NULL,
  `fact_elec_receipt_id` int(11) DEFAULT NULL,
  `receipt_id` int(10) unsigned DEFAULT NULL,
  `created_at` timestamp NULL DEFAULT NULL,
  `updated_at` timestamp NULL DEFAULT NULL,
  `deleted_at` timestamp NULL DEFAULT NULL,
  PRIMARY KEY (`id`),
  KEY `dc_ordenes_facturada_person_id_foreign` (`person_id`),
  KEY `dc_ordenes_facturada_dc_orden_id_foreign` (`dc_orden_id`),
  KEY `dc_ordenes_facturada_fact_elec_receipt_id_foreign` (`fact_elec_receipt_id`),
  KEY `dc_ordenes_facturada_receipt_id_foreign` (`receipt_id`),
  CONSTRAINT `dc_ordenes_facturada_dc_orden_id_foreign` FOREIGN KEY (`dc_orden_id`) REFERENCES `dc_ordenes` (`id`),
  CONSTRAINT `dc_ordenes_facturada_person_id_foreign` FOREIGN KEY (`person_id`) REFERENCES `persons` (`id`),
  CONSTRAINT `dc_ordenes_facturada_receipt_id_foreign` FOREIGN KEY (`receipt_id`) REFERENCES `receipts` (`id`)
) ENGINE=InnoDB DEFAULT CHARSET=utf8mb4 COLLATE=utf8mb4_unicode_ci;

--
-- Dumping data for table `dc_ordenes_facturada`
--


--
-- Table structure for table `dc_ordenes_ingreso_compra`
--

CREATE TABLE `dc_ordenes_ingreso_compra` (
  `id` int(10) unsigned NOT NULL AUTO_INCREMENT,
  `user_id` int(10) unsigned DEFAULT NULL,
  `dc_orden_id` bigint(20) unsigned NOT NULL,
  `dc_orden_detail_id` bigint(20) unsigned NOT NULL,
  `dc_orden_compra_id` bigint(20) unsigned NOT NULL,
  `dc_orden_compra_detail_id` bigint(20) unsigned NOT NULL,
  `created_at` timestamp NULL DEFAULT NULL,
  `updated_at` timestamp NULL DEFAULT NULL,
  `deleted_at` timestamp NULL DEFAULT NULL,
  PRIMARY KEY (`id`),
  KEY `dc_ordenes_ingreso_compra_dc_orden_id_foreign` (`dc_orden_id`),
  KEY `dc_ordenes_ingreso_compra_dc_orden_detail_id_foreign` (`dc_orden_detail_id`),
  KEY `dc_ordenes_ingreso_compra_dc_orden_compra_id_foreign` (`dc_orden_compra_id`),
  KEY `dc_ordenes_ingreso_compra_dc_orden_compra_detail_id_foreign` (`dc_orden_compra_detail_id`),
  CONSTRAINT `dc_ordenes_ingreso_compra_dc_orden_compra_detail_id_foreign` FOREIGN KEY (`dc_orden_compra_detail_id`) REFERENCES `dc_ordenes_details` (`id`),
  CONSTRAINT `dc_ordenes_ingreso_compra_dc_orden_compra_id_foreign` FOREIGN KEY (`dc_orden_compra_id`) REFERENCES `dc_ordenes` (`id`),
  CONSTRAINT `dc_ordenes_ingreso_compra_dc_orden_detail_id_foreign` FOREIGN KEY (`dc_orden_detail_id`) REFERENCES `dc_ordenes_details` (`id`),
  CONSTRAINT `dc_ordenes_ingreso_compra_dc_orden_id_foreign` FOREIGN KEY (`dc_orden_id`) REFERENCES `dc_ordenes` (`id`)
) ENGINE=InnoDB DEFAULT CHARSET=utf8mb4 COLLATE=utf8mb4_unicode_ci;

--
-- Dumping data for table `dc_ordenes_ingreso_compra`
--


--
-- Table structure for table `dc_ordenes_ingxdev_rem_egr`
--

CREATE TABLE `dc_ordenes_ingxdev_rem_egr` (
  `id` int(10) unsigned NOT NULL AUTO_INCREMENT,
  `user_id` int(10) unsigned DEFAULT NULL,
  `dc_orden_id` bigint(20) unsigned NOT NULL,
  `dc_orden_detail_id` bigint(20) unsigned NOT NULL,
  `dc_orden_rem_egr_id` bigint(20) unsigned NOT NULL,
  `dc_orden_rem_egr_detail_id` bigint(20) unsigned NOT NULL,
  `created_at` timestamp NULL DEFAULT NULL,
  `updated_at` timestamp NULL DEFAULT NULL,
  `deleted_at` timestamp NULL DEFAULT NULL,
  PRIMARY KEY (`id`),
  KEY `dc_ordenes_ingxdev_rem_egr_dc_orden_id_foreign` (`dc_orden_id`),
  KEY `dc_ordenes_ingxdev_rem_egr_dc_orden_detail_id_foreign` (`dc_orden_detail_id`),
  KEY `dc_ordenes_ingxdev_rem_egr_dc_orden_rem_egr_id_foreign` (`dc_orden_rem_egr_id`),
  KEY `dc_ordenes_ingxdev_rem_egr_dc_orden_rem_egr_detail_id_foreign` (`dc_orden_rem_egr_detail_id`),
  CONSTRAINT `dc_ordenes_ingxdev_rem_egr_dc_orden_detail_id_foreign` FOREIGN KEY (`dc_orden_detail_id`) REFERENCES `dc_ordenes_details` (`id`),
  CONSTRAINT `dc_ordenes_ingxdev_rem_egr_dc_orden_id_foreign` FOREIGN KEY (`dc_orden_id`) REFERENCES `dc_ordenes` (`id`),
  CONSTRAINT `dc_ordenes_ingxdev_rem_egr_dc_orden_rem_egr_detail_id_foreign` FOREIGN KEY (`dc_orden_rem_egr_detail_id`) REFERENCES `dc_ordenes_details` (`id`),
  CONSTRAINT `dc_ordenes_ingxdev_rem_egr_dc_orden_rem_egr_id_foreign` FOREIGN KEY (`dc_orden_rem_egr_id`) REFERENCES `dc_ordenes` (`id`)
) ENGINE=InnoDB DEFAULT CHARSET=utf8mb4 COLLATE=utf8mb4_unicode_ci;

--
-- Dumping data for table `dc_ordenes_ingxdev_rem_egr`
--


--
-- Table structure for table `dc_ordenes_logs`
--

CREATE TABLE `dc_ordenes_logs` (
  `id` bigint(20) unsigned NOT NULL AUTO_INCREMENT,
  `user_id` bigint(20) unsigned DEFAULT NULL,
  `loggable_type` varchar(191) COLLATE utf8mb4_unicode_ci NOT NULL,
  `loggable_id` bigint(20) unsigned NOT NULL,
  `related_id` bigint(20) unsigned DEFAULT NULL,
  `related_type` varchar(191) COLLATE utf8mb4_unicode_ci DEFAULT NULL,
  `comentario` text COLLATE utf8mb4_unicode_ci,
  `created_at` timestamp NULL DEFAULT NULL,
  `updated_at` timestamp NULL DEFAULT NULL,
  `deleted_at` timestamp NULL DEFAULT NULL,
  PRIMARY KEY (`id`),
  KEY `dc_ordenes_logs_loggable_type_loggable_id_index` (`loggable_type`,`loggable_id`)
) ENGINE=InnoDB DEFAULT CHARSET=utf8mb4 COLLATE=utf8mb4_unicode_ci;

--
-- Dumping data for table `dc_ordenes_logs`
--


--
-- Table structure for table `dc_ordenes_origen_destino`
--

CREATE TABLE `dc_ordenes_origen_destino` (
  `id` bigint(20) unsigned NOT NULL AUTO_INCREMENT,
  `user_id` int(10) unsigned DEFAULT NULL,
  `descripcion` text COLLATE utf8mb4_unicode_ci NOT NULL,
  `modelo` text COLLATE utf8mb4_unicode_ci NOT NULL,
  `is_deposito` tinyint(1) NOT NULL DEFAULT '0',
  `habilitado` tinyint(1) NOT NULL DEFAULT '1',
  `created_at` timestamp NULL DEFAULT NULL,
  `updated_at` timestamp NULL DEFAULT NULL,
  `deleted_at` timestamp NULL DEFAULT NULL,
  PRIMARY KEY (`id`)
) ENGINE=InnoDB AUTO_INCREMENT=5 DEFAULT CHARSET=utf8mb4 COLLATE=utf8mb4_unicode_ci;

--
-- Dumping data for table `dc_ordenes_origen_destino`
--

INSERT INTO `dc_ordenes_origen_destino` VALUES (1,NULL,'Orden de Trabajo','App\\Models\\Inventario\\InvOrdenTrabajo',0,1,NULL,NULL,NULL),(2,NULL,'Centro de Costos','App\\Models\\Inventario\\InvOrdenTrabajoHorasTipo',0,1,NULL,'2023-09-12 22:30:38',NULL),(3,NULL,'Deposito','App\\Models\\Inventario\\InvDeposito',1,1,NULL,'2024-05-07 20:10:56',NULL),(4,NULL,'Empleado','App\\Models\\SyJEmpleado',0,0,NULL,'2023-07-03 22:13:30',NULL);

--
-- Table structure for table `dc_ordenes_pdf_templates`
--

CREATE TABLE `dc_ordenes_pdf_templates` (
  `id` bigint(20) unsigned NOT NULL AUTO_INCREMENT,
  `user_id` int(10) unsigned DEFAULT NULL,
  `person_id` int(10) unsigned NOT NULL,
  `dc_orden_tipo_id` bigint(20) unsigned NOT NULL,
  `nombre` varchar(191) COLLATE utf8mb4_unicode_ci NOT NULL,
  `vista_blade` text COLLATE utf8mb4_unicode_ci,
  `pdf_base_path` varchar(191) COLLATE utf8mb4_unicode_ci DEFAULT NULL,
  `tipo_plantilla` enum('blade','pdf_base') COLLATE utf8mb4_unicode_ci NOT NULL DEFAULT 'blade',
  `configuracion` json DEFAULT NULL,
  `habilitado` tinyint(1) NOT NULL DEFAULT '1',
  `created_at` timestamp NULL DEFAULT NULL,
  `updated_at` timestamp NULL DEFAULT NULL,
  `deleted_at` timestamp NULL DEFAULT NULL,
  PRIMARY KEY (`id`),
  UNIQUE KEY `unique_person_tipo_template` (`person_id`,`dc_orden_tipo_id`),
  KEY `dc_ordenes_pdf_templates_dc_orden_tipo_id_foreign` (`dc_orden_tipo_id`),
  CONSTRAINT `dc_ordenes_pdf_templates_dc_orden_tipo_id_foreign` FOREIGN KEY (`dc_orden_tipo_id`) REFERENCES `dc_ordenes_tipos` (`id`),
  CONSTRAINT `dc_ordenes_pdf_templates_person_id_foreign` FOREIGN KEY (`person_id`) REFERENCES `persons` (`id`)
) ENGINE=InnoDB DEFAULT CHARSET=utf8mb4 COLLATE=utf8mb4_unicode_ci;

--
-- Dumping data for table `dc_ordenes_pdf_templates`
--


--
-- Table structure for table `dc_ordenes_revocadas`
--

CREATE TABLE `dc_ordenes_revocadas` (
  `id` bigint(20) unsigned NOT NULL AUTO_INCREMENT,
  `user_id` int(10) unsigned DEFAULT NULL,
  `dc_orden_id` bigint(20) unsigned NOT NULL,
  `comentario` longtext COLLATE utf8mb4_unicode_ci,
  `created_at` timestamp NULL DEFAULT NULL,
  `updated_at` timestamp NULL DEFAULT NULL,
  `deleted_at` timestamp NULL DEFAULT NULL,
  PRIMARY KEY (`id`),
  KEY `dc_ordenes_revocadas_dc_orden_id_foreign` (`dc_orden_id`),
  CONSTRAINT `dc_ordenes_revocadas_dc_orden_id_foreign` FOREIGN KEY (`dc_orden_id`) REFERENCES `dc_ordenes` (`id`)
) ENGINE=InnoDB DEFAULT CHARSET=utf8mb4 COLLATE=utf8mb4_unicode_ci;

--
-- Dumping data for table `dc_ordenes_revocadas`
--


--
-- Table structure for table `dc_ordenes_servicio_compra`
--

CREATE TABLE `dc_ordenes_servicio_compra` (
  `id` int(10) unsigned NOT NULL AUTO_INCREMENT,
  `user_id` int(10) unsigned DEFAULT NULL,
  `dc_orden_id` bigint(20) unsigned NOT NULL,
  `dc_orden_detail_id` bigint(20) unsigned NOT NULL,
  `dc_orden_compra_id` bigint(20) unsigned NOT NULL,
  `dc_orden_compra_detail_id` bigint(20) unsigned NOT NULL,
  `created_at` timestamp NULL DEFAULT NULL,
  `updated_at` timestamp NULL DEFAULT NULL,
  `deleted_at` timestamp NULL DEFAULT NULL,
  PRIMARY KEY (`id`),
  KEY `dc_ordenes_servicio_compra_dc_orden_id_foreign` (`dc_orden_id`),
  KEY `dc_ordenes_servicio_compra_dc_orden_detail_id_foreign` (`dc_orden_detail_id`),
  KEY `dc_ordenes_servicio_compra_dc_orden_compra_id_foreign` (`dc_orden_compra_id`),
  KEY `dc_ordenes_servicio_compra_dc_orden_compra_detail_id_foreign` (`dc_orden_compra_detail_id`),
  CONSTRAINT `dc_ordenes_servicio_compra_dc_orden_compra_detail_id_foreign` FOREIGN KEY (`dc_orden_compra_detail_id`) REFERENCES `dc_ordenes_details` (`id`),
  CONSTRAINT `dc_ordenes_servicio_compra_dc_orden_compra_id_foreign` FOREIGN KEY (`dc_orden_compra_id`) REFERENCES `dc_ordenes` (`id`),
  CONSTRAINT `dc_ordenes_servicio_compra_dc_orden_detail_id_foreign` FOREIGN KEY (`dc_orden_detail_id`) REFERENCES `dc_ordenes_details` (`id`),
  CONSTRAINT `dc_ordenes_servicio_compra_dc_orden_id_foreign` FOREIGN KEY (`dc_orden_id`) REFERENCES `dc_ordenes` (`id`)
) ENGINE=InnoDB DEFAULT CHARSET=utf8mb4 COLLATE=utf8mb4_unicode_ci;

--
-- Dumping data for table `dc_ordenes_servicio_compra`
--


--
-- Table structure for table `dc_ordenes_tipos`
--

CREATE TABLE `dc_ordenes_tipos` (
  `id` bigint(20) unsigned NOT NULL AUTO_INCREMENT,
  `user_id` int(10) unsigned DEFAULT NULL,
  `descripcion` text COLLATE utf8mb4_unicode_ci NOT NULL,
  `usabilidad` longtext COLLATE utf8mb4_unicode_ci,
  `habilitado` tinyint(1) NOT NULL DEFAULT '1',
  `created_at` timestamp NULL DEFAULT NULL,
  `updated_at` timestamp NULL DEFAULT NULL,
  `deleted_at` timestamp NULL DEFAULT NULL,
  PRIMARY KEY (`id`)
) ENGINE=InnoDB AUTO_INCREMENT=23 DEFAULT CHARSET=utf8mb4 COLLATE=utf8mb4_unicode_ci;

--
-- Dumping data for table `dc_ordenes_tipos`
--

INSERT INTO `dc_ordenes_tipos` VALUES (1,NULL,'ORDEN DE COMPRAS',NULL,1,NULL,'2022-09-09 16:55:34',NULL),(2,NULL,'ORDEN DE VENTAS',NULL,1,NULL,'2022-09-09 16:55:34',NULL),(3,NULL,'PRESUPUESTO',NULL,1,NULL,NULL,NULL),(4,NULL,'REQUERIMIENTO',NULL,1,NULL,NULL,NULL),(5,NULL,'REMITO DE INGRESO',NULL,1,NULL,'2023-06-12 23:32:22',NULL),(6,NULL,'REMITO DE EGRESO',NULL,1,NULL,NULL,NULL),(7,NULL,'REMITO INTERNO',NULL,1,NULL,NULL,NULL),(8,NULL,'REMITO DE INGRESO','Es lo mismo que un remito de ingreso, \n        pero los productosa ingresar provienen de una Orden de Compra',1,NULL,NULL,NULL),(9,NULL,'REMITO DE SERVICIO','Es un remito de Ingreso de un servicio que se\n        asigna directo a una OT',1,NULL,NULL,NULL),(10,NULL,'ORDEN DE PAGO',NULL,1,'2023-09-28 16:38:50','2023-09-28 16:38:50',NULL),(11,NULL,'ANULACION REQUERIMIENTOS',NULL,1,'2024-04-02 23:31:25','2024-04-02 23:31:25',NULL),(12,NULL,'ANULACION COMPRAS PRODUCTOS',NULL,1,'2024-04-02 23:31:25','2024-04-02 23:31:25',NULL),(13,NULL,'ANULACION COMPRAS SERVICIOS',NULL,1,'2024-04-02 23:31:25','2024-04-02 23:31:25',NULL),(14,NULL,'REMITO DE GASTO',NULL,1,'2024-05-07 20:10:56','2024-05-07 20:10:56',NULL),(15,NULL,'COTIZACIONES',NULL,1,'2024-06-26 07:54:21','2024-06-26 07:54:21',NULL),(16,NULL,'REMITO INGRESO-DEVOLUCION',NULL,1,'2024-09-02 13:18:13','2024-09-02 13:18:13',NULL),(17,NULL,'REMITO EGRESO-DEVOLUCION',NULL,1,'2024-10-17 08:51:25','2024-10-17 08:51:25',NULL),(18,NULL,'REMITO','Es un remito de servicio, que no tiene ni ingreso ni egreso',1,'2024-12-03 21:47:18','2024-12-03 21:47:18',NULL),(19,NULL,'Remito de Cliente','Se usa en las Ordenes de Venta para demostrar que se entrego mercaderia al cliente',1,NULL,NULL,NULL),(20,NULL,'Orden de Compra de Cliente','Es la OC que envia el cliente para que se le haga el pedido',1,NULL,NULL,NULL),(21,NULL,'Solicitud de Facturacion','Es un documento que se usa para que se pueda facturar',1,NULL,NULL,NULL),(22,NULL,'Ordenes de Compra','Es una OC para Empresas',1,NULL,NULL,NULL);

--
-- Table structure for table `dc_ov_cta_cte_cliente`
--

CREATE TABLE `dc_ov_cta_cte_cliente` (
  `id` bigint(20) unsigned NOT NULL AUTO_INCREMENT,
  `user_id` int(10) unsigned DEFAULT NULL,
  `dc_orden_id` bigint(20) unsigned NOT NULL,
  `cta_cte_cliente_id` int(10) unsigned DEFAULT NULL,
  `created_at` timestamp NULL DEFAULT NULL,
  `updated_at` timestamp NULL DEFAULT NULL,
  `deleted_at` timestamp NULL DEFAULT NULL,
  PRIMARY KEY (`id`),
  KEY `dc_ov_cta_cte_cliente_dc_orden_id_foreign` (`dc_orden_id`),
  KEY `dc_ov_cta_cte_cliente_cta_cte_cliente_id_foreign` (`cta_cte_cliente_id`),
  CONSTRAINT `dc_ov_cta_cte_cliente_cta_cte_cliente_id_foreign` FOREIGN KEY (`cta_cte_cliente_id`) REFERENCES `cta_cte_cliente` (`id`),
  CONSTRAINT `dc_ov_cta_cte_cliente_dc_orden_id_foreign` FOREIGN KEY (`dc_orden_id`) REFERENCES `dc_ordenes` (`id`)
) ENGINE=InnoDB DEFAULT CHARSET=utf8mb4 COLLATE=utf8mb4_unicode_ci;

--
-- Dumping data for table `dc_ov_cta_cte_cliente`
--


--
-- Table structure for table `dc_ov_fact_electronicas`
--

CREATE TABLE `dc_ov_fact_electronicas` (
  `id` bigint(20) unsigned NOT NULL AUTO_INCREMENT,
  `user_id` int(10) unsigned DEFAULT NULL,
  `dc_orden_id` bigint(20) unsigned NOT NULL,
  `fact_elec_receipt_id` int(10) unsigned DEFAULT NULL,
  `created_at` timestamp NULL DEFAULT NULL,
  `updated_at` timestamp NULL DEFAULT NULL,
  `deleted_at` timestamp NULL DEFAULT NULL,
  PRIMARY KEY (`id`),
  KEY `dc_ov_fact_electronicas_dc_orden_id_foreign` (`dc_orden_id`),
  KEY `dc_ov_fact_electronicas_fact_elec_receipt_id_foreign` (`fact_elec_receipt_id`),
  CONSTRAINT `dc_ov_fact_electronicas_dc_orden_id_foreign` FOREIGN KEY (`dc_orden_id`) REFERENCES `dc_ordenes` (`id`),
  CONSTRAINT `dc_ov_fact_electronicas_fact_elec_receipt_id_foreign` FOREIGN KEY (`fact_elec_receipt_id`) REFERENCES `fact_elec_receipts` (`id`)
) ENGINE=InnoDB DEFAULT CHARSET=utf8mb4 COLLATE=utf8mb4_unicode_ci;

--
-- Dumping data for table `dc_ov_fact_electronicas`
--


--
-- Table structure for table `dc_ov_oc_presupuestos`
--

CREATE TABLE `dc_ov_oc_presupuestos` (
  `id` int(10) unsigned NOT NULL AUTO_INCREMENT,
  `user_id` int(10) unsigned DEFAULT NULL,
  `dc_orden_id` bigint(20) unsigned NOT NULL,
  `dc_orden_presupuesto_id` bigint(20) unsigned NOT NULL,
  `created_at` timestamp NULL DEFAULT NULL,
  `updated_at` timestamp NULL DEFAULT NULL,
  `deleted_at` timestamp NULL DEFAULT NULL,
  PRIMARY KEY (`id`),
  KEY `dc_ov_oc_presupuestos_dc_orden_id_foreign` (`dc_orden_id`),
  KEY `dc_ov_oc_presupuestos_dc_orden_presupuesto_id_foreign` (`dc_orden_presupuesto_id`),
  CONSTRAINT `dc_ov_oc_presupuestos_dc_orden_id_foreign` FOREIGN KEY (`dc_orden_id`) REFERENCES `dc_ordenes` (`id`),
  CONSTRAINT `dc_ov_oc_presupuestos_dc_orden_presupuesto_id_foreign` FOREIGN KEY (`dc_orden_presupuesto_id`) REFERENCES `dc_ordenes` (`id`)
) ENGINE=InnoDB DEFAULT CHARSET=utf8mb4 COLLATE=utf8mb4_unicode_ci;

--
-- Dumping data for table `dc_ov_oc_presupuestos`
--


--
-- Table structure for table `dc_ov_ocs`
--

CREATE TABLE `dc_ov_ocs` (
  `id` bigint(20) unsigned NOT NULL AUTO_INCREMENT,
  `user_id` int(10) unsigned DEFAULT NULL,
  `dc_orden_id` bigint(20) unsigned NOT NULL,
  `dc_orden_compra_id` bigint(20) unsigned NOT NULL,
  `created_at` timestamp NULL DEFAULT NULL,
  `updated_at` timestamp NULL DEFAULT NULL,
  `deleted_at` timestamp NULL DEFAULT NULL,
  PRIMARY KEY (`id`),
  KEY `dc_ov_ocs_dc_orden_id_foreign` (`dc_orden_id`),
  KEY `dc_ov_ocs_dc_orden_compra_id_foreign` (`dc_orden_compra_id`),
  CONSTRAINT `dc_ov_ocs_dc_orden_compra_id_foreign` FOREIGN KEY (`dc_orden_compra_id`) REFERENCES `dc_ordenes` (`id`),
  CONSTRAINT `dc_ov_ocs_dc_orden_id_foreign` FOREIGN KEY (`dc_orden_id`) REFERENCES `dc_ordenes` (`id`)
) ENGINE=InnoDB DEFAULT CHARSET=utf8mb4 COLLATE=utf8mb4_unicode_ci;

--
-- Dumping data for table `dc_ov_ocs`
--


--
-- Table structure for table `dc_ov_origenes`
--

CREATE TABLE `dc_ov_origenes` (
  `id` bigint(20) unsigned NOT NULL AUTO_INCREMENT,
  `user_id` int(10) unsigned DEFAULT NULL,
  `descripcion` varchar(191) COLLATE utf8mb4_unicode_ci NOT NULL,
  `habilitado` tinyint(1) NOT NULL DEFAULT '1',
  `created_at` timestamp NULL DEFAULT NULL,
  `updated_at` timestamp NULL DEFAULT NULL,
  `deleted_at` timestamp NULL DEFAULT NULL,
  PRIMARY KEY (`id`)
) ENGINE=InnoDB AUTO_INCREMENT=4 DEFAULT CHARSET=utf8mb4 COLLATE=utf8mb4_unicode_ci;

--
-- Dumping data for table `dc_ov_origenes`
--

INSERT INTO `dc_ov_origenes` VALUES (1,NULL,'Taller',1,NULL,NULL,NULL),(2,NULL,'Comercial',1,NULL,NULL,NULL),(3,NULL,'Repuestos',1,NULL,NULL,NULL);

--
-- Table structure for table `dc_ov_origenes_users`
--

CREATE TABLE `dc_ov_origenes_users` (
  `id` int(10) unsigned NOT NULL AUTO_INCREMENT,
  `dc_ov_origen_id` bigint(20) unsigned NOT NULL,
  `user_id` int(10) unsigned NOT NULL,
  `created_at` timestamp NULL DEFAULT NULL,
  `updated_at` timestamp NULL DEFAULT NULL,
  `deleted_at` timestamp NULL DEFAULT NULL,
  PRIMARY KEY (`id`),
  KEY `dc_ov_origenes_users_dc_ov_origen_id_foreign` (`dc_ov_origen_id`),
  CONSTRAINT `dc_ov_origenes_users_dc_ov_origen_id_foreign` FOREIGN KEY (`dc_ov_origen_id`) REFERENCES `dc_ov_origenes` (`id`) ON DELETE CASCADE
) ENGINE=InnoDB DEFAULT CHARSET=utf8mb4 COLLATE=utf8mb4_unicode_ci;

--
-- Dumping data for table `dc_ov_origenes_users`
--


--
-- Table structure for table `dc_ov_ots`
--

CREATE TABLE `dc_ov_ots` (
  `id` bigint(20) unsigned NOT NULL AUTO_INCREMENT,
  `user_id` int(10) unsigned DEFAULT NULL,
  `dc_orden_id` bigint(20) unsigned NOT NULL,
  `ot_id` bigint(20) unsigned NOT NULL,
  `created_at` timestamp NULL DEFAULT NULL,
  `updated_at` timestamp NULL DEFAULT NULL,
  `deleted_at` timestamp NULL DEFAULT NULL,
  PRIMARY KEY (`id`),
  KEY `dc_ov_ots_dc_orden_id_foreign` (`dc_orden_id`),
  KEY `dc_ov_ots_ot_id_foreign` (`ot_id`),
  CONSTRAINT `dc_ov_ots_dc_orden_id_foreign` FOREIGN KEY (`dc_orden_id`) REFERENCES `dc_ordenes` (`id`),
  CONSTRAINT `dc_ov_ots_ot_id_foreign` FOREIGN KEY (`ot_id`) REFERENCES `inv_orden_trabajos` (`id`)
) ENGINE=InnoDB DEFAULT CHARSET=utf8mb4 COLLATE=utf8mb4_unicode_ci;

--
-- Dumping data for table `dc_ov_ots`
--


--
-- Table structure for table `dc_ov_pres_clientes`
--

CREATE TABLE `dc_ov_pres_clientes` (
  `id` bigint(20) unsigned NOT NULL AUTO_INCREMENT,
  `user_id` int(10) unsigned DEFAULT NULL,
  `dc_orden_id` bigint(20) unsigned NOT NULL,
  `dc_orden_pres_id` bigint(20) unsigned NOT NULL,
  `created_at` timestamp NULL DEFAULT NULL,
  `updated_at` timestamp NULL DEFAULT NULL,
  `deleted_at` timestamp NULL DEFAULT NULL,
  PRIMARY KEY (`id`),
  KEY `dc_ov_pres_clientes_dc_orden_id_foreign` (`dc_orden_id`),
  KEY `dc_ov_pres_clientes_dc_orden_pres_id_foreign` (`dc_orden_pres_id`),
  CONSTRAINT `dc_ov_pres_clientes_dc_orden_id_foreign` FOREIGN KEY (`dc_orden_id`) REFERENCES `dc_ordenes` (`id`),
  CONSTRAINT `dc_ov_pres_clientes_dc_orden_pres_id_foreign` FOREIGN KEY (`dc_orden_pres_id`) REFERENCES `dc_ordenes` (`id`)
) ENGINE=InnoDB DEFAULT CHARSET=utf8mb4 COLLATE=utf8mb4_unicode_ci;

--
-- Dumping data for table `dc_ov_pres_clientes`
--


--
-- Table structure for table `dc_ov_rem_clientes`
--

CREATE TABLE `dc_ov_rem_clientes` (
  `id` bigint(20) unsigned NOT NULL AUTO_INCREMENT,
  `user_id` int(10) unsigned DEFAULT NULL,
  `dc_orden_id` bigint(20) unsigned NOT NULL,
  `dc_orden_rem_id` bigint(20) unsigned NOT NULL,
  `created_at` timestamp NULL DEFAULT NULL,
  `updated_at` timestamp NULL DEFAULT NULL,
  `deleted_at` timestamp NULL DEFAULT NULL,
  PRIMARY KEY (`id`),
  KEY `dc_ov_rem_clientes_dc_orden_id_foreign` (`dc_orden_id`),
  KEY `dc_ov_rem_clientes_dc_orden_rem_id_foreign` (`dc_orden_rem_id`),
  CONSTRAINT `dc_ov_rem_clientes_dc_orden_id_foreign` FOREIGN KEY (`dc_orden_id`) REFERENCES `dc_ordenes` (`id`),
  CONSTRAINT `dc_ov_rem_clientes_dc_orden_rem_id_foreign` FOREIGN KEY (`dc_orden_rem_id`) REFERENCES `dc_ordenes` (`id`)
) ENGINE=InnoDB DEFAULT CHARSET=utf8mb4 COLLATE=utf8mb4_unicode_ci;

--
-- Dumping data for table `dc_ov_rem_clientes`
--


--
-- Table structure for table `dc_ov_remc_occ`
--

CREATE TABLE `dc_ov_remc_occ` (
  `id` bigint(20) unsigned NOT NULL AUTO_INCREMENT,
  `dc_orden_id` bigint(20) unsigned DEFAULT NULL,
  `dc_orden_detail_id` bigint(20) unsigned DEFAULT NULL,
  `dc_occ_id` bigint(20) unsigned DEFAULT NULL,
  `dc_occ_detail_id` bigint(20) unsigned DEFAULT NULL,
  `user_id` bigint(20) unsigned DEFAULT NULL,
  `created_at` timestamp NULL DEFAULT NULL,
  `updated_at` timestamp NULL DEFAULT NULL,
  `deleted_at` timestamp NULL DEFAULT NULL,
  PRIMARY KEY (`id`),
  KEY `dc_ov_remc_occ_dc_orden_id_foreign` (`dc_orden_id`),
  KEY `dc_ov_remc_occ_dc_orden_detail_id_foreign` (`dc_orden_detail_id`),
  KEY `dc_ov_remc_occ_dc_occ_id_foreign` (`dc_occ_id`),
  KEY `dc_ov_remc_occ_dc_occ_detail_id_foreign` (`dc_occ_detail_id`),
  CONSTRAINT `dc_ov_remc_occ_dc_occ_detail_id_foreign` FOREIGN KEY (`dc_occ_detail_id`) REFERENCES `dc_ordenes_details` (`id`),
  CONSTRAINT `dc_ov_remc_occ_dc_occ_id_foreign` FOREIGN KEY (`dc_occ_id`) REFERENCES `dc_ordenes` (`id`),
  CONSTRAINT `dc_ov_remc_occ_dc_orden_detail_id_foreign` FOREIGN KEY (`dc_orden_detail_id`) REFERENCES `dc_ordenes_details` (`id`),
  CONSTRAINT `dc_ov_remc_occ_dc_orden_id_foreign` FOREIGN KEY (`dc_orden_id`) REFERENCES `dc_ordenes` (`id`)
) ENGINE=InnoDB DEFAULT CHARSET=utf8mb4 COLLATE=utf8mb4_unicode_ci;

--
-- Dumping data for table `dc_ov_remc_occ`
--


--
-- Table structure for table `dc_ov_sol_facturacion`
--

CREATE TABLE `dc_ov_sol_facturacion` (
  `id` bigint(20) unsigned NOT NULL AUTO_INCREMENT,
  `user_id` int(10) unsigned DEFAULT NULL,
  `dc_orden_id` bigint(20) unsigned NOT NULL,
  `dc_sol_facturacion_id` bigint(20) unsigned NOT NULL,
  `created_at` timestamp NULL DEFAULT NULL,
  `updated_at` timestamp NULL DEFAULT NULL,
  `deleted_at` timestamp NULL DEFAULT NULL,
  PRIMARY KEY (`id`),
  KEY `dc_ov_sol_facturacion_dc_orden_id_foreign` (`dc_orden_id`),
  KEY `dc_ov_sol_facturacion_dc_sol_facturacion_id_foreign` (`dc_sol_facturacion_id`),
  CONSTRAINT `dc_ov_sol_facturacion_dc_orden_id_foreign` FOREIGN KEY (`dc_orden_id`) REFERENCES `dc_ordenes` (`id`),
  CONSTRAINT `dc_ov_sol_facturacion_dc_sol_facturacion_id_foreign` FOREIGN KEY (`dc_sol_facturacion_id`) REFERENCES `dc_ordenes` (`id`)
) ENGINE=InnoDB DEFAULT CHARSET=utf8mb4 COLLATE=utf8mb4_unicode_ci;

--
-- Dumping data for table `dc_ov_sol_facturacion`
--


--
-- Table structure for table `dc_ov_status_cobranza`
--

CREATE TABLE `dc_ov_status_cobranza` (
  `id` bigint(20) unsigned NOT NULL AUTO_INCREMENT,
  `user_id` int(10) unsigned DEFAULT NULL,
  `descripcion` varchar(191) COLLATE utf8mb4_unicode_ci NOT NULL,
  `habilitado` tinyint(1) NOT NULL DEFAULT '1',
  `created_at` timestamp NULL DEFAULT NULL,
  `updated_at` timestamp NULL DEFAULT NULL,
  `deleted_at` timestamp NULL DEFAULT NULL,
  PRIMARY KEY (`id`)
) ENGINE=InnoDB AUTO_INCREMENT=4 DEFAULT CHARSET=utf8mb4 COLLATE=utf8mb4_unicode_ci;

--
-- Dumping data for table `dc_ov_status_cobranza`
--

INSERT INTO `dc_ov_status_cobranza` VALUES (1,NULL,'Pendiente',1,NULL,NULL,NULL),(2,NULL,'Parcial',1,NULL,NULL,NULL),(3,NULL,'Completa',1,NULL,NULL,NULL);

--
-- Table structure for table `dc_ov_status_entrega`
--

CREATE TABLE `dc_ov_status_entrega` (
  `id` bigint(20) unsigned NOT NULL AUTO_INCREMENT,
  `user_id` int(10) unsigned DEFAULT NULL,
  `descripcion` varchar(191) COLLATE utf8mb4_unicode_ci NOT NULL,
  `habilitado` tinyint(1) NOT NULL DEFAULT '1',
  `created_at` timestamp NULL DEFAULT NULL,
  `updated_at` timestamp NULL DEFAULT NULL,
  `deleted_at` timestamp NULL DEFAULT NULL,
  PRIMARY KEY (`id`)
) ENGINE=InnoDB AUTO_INCREMENT=4 DEFAULT CHARSET=utf8mb4 COLLATE=utf8mb4_unicode_ci;

--
-- Dumping data for table `dc_ov_status_entrega`
--

INSERT INTO `dc_ov_status_entrega` VALUES (1,NULL,'Pendiente',1,NULL,NULL,NULL),(2,NULL,'Parcial',1,NULL,NULL,NULL),(3,NULL,'Completa',1,NULL,NULL,NULL);

--
-- Table structure for table `dc_ov_status_factura`
--

CREATE TABLE `dc_ov_status_factura` (
  `id` bigint(20) unsigned NOT NULL AUTO_INCREMENT,
  `user_id` int(10) unsigned DEFAULT NULL,
  `descripcion` varchar(191) COLLATE utf8mb4_unicode_ci NOT NULL,
  `habilitado` tinyint(1) NOT NULL DEFAULT '1',
  `created_at` timestamp NULL DEFAULT NULL,
  `updated_at` timestamp NULL DEFAULT NULL,
  `deleted_at` timestamp NULL DEFAULT NULL,
  PRIMARY KEY (`id`)
) ENGINE=InnoDB AUTO_INCREMENT=5 DEFAULT CHARSET=utf8mb4 COLLATE=utf8mb4_unicode_ci;

--
-- Dumping data for table `dc_ov_status_factura`
--

INSERT INTO `dc_ov_status_factura` VALUES (1,NULL,'Pendiente',1,NULL,NULL,NULL),(2,NULL,'Facturable',1,NULL,NULL,NULL),(3,NULL,'Facturado Parcialmente',1,NULL,NULL,NULL),(4,NULL,'Facturado Totalmente',1,NULL,NULL,NULL);

--
-- Table structure for table `dc_ov_status_venta`
--

CREATE TABLE `dc_ov_status_venta` (
  `id` bigint(20) unsigned NOT NULL AUTO_INCREMENT,
  `user_id` int(10) unsigned DEFAULT NULL,
  `descripcion` varchar(191) COLLATE utf8mb4_unicode_ci NOT NULL,
  `habilitado` tinyint(1) NOT NULL DEFAULT '1',
  `created_at` timestamp NULL DEFAULT NULL,
  `updated_at` timestamp NULL DEFAULT NULL,
  `deleted_at` timestamp NULL DEFAULT NULL,
  PRIMARY KEY (`id`)
) ENGINE=InnoDB AUTO_INCREMENT=5 DEFAULT CHARSET=utf8mb4 COLLATE=utf8mb4_unicode_ci;

--
-- Dumping data for table `dc_ov_status_venta`
--

INSERT INTO `dc_ov_status_venta` VALUES (1,NULL,'Pendiente',1,NULL,NULL,NULL),(2,NULL,'Presupuesto',1,NULL,NULL,NULL),(3,NULL,'Venta',1,NULL,NULL,NULL),(4,NULL,'Rechazada',1,NULL,NULL,NULL);

--
-- Table structure for table `dc_sol_fac_occ`
--

CREATE TABLE `dc_sol_fac_occ` (
  `id` bigint(20) unsigned NOT NULL AUTO_INCREMENT,
  `user_id` int(10) unsigned DEFAULT NULL,
  `dc_orden_id` bigint(20) unsigned NOT NULL COMMENT 'Solicitud Facturación (tipo 21)',
  `dc_orden_detail_id` bigint(20) unsigned NOT NULL COMMENT 'Detalle de SF',
  `dc_occ_id` bigint(20) unsigned NOT NULL COMMENT 'OC Cliente (tipo 20)',
  `dc_occ_detail_id` bigint(20) unsigned NOT NULL COMMENT 'Detalle de OCC',
  `created_at` timestamp NULL DEFAULT NULL,
  `updated_at` timestamp NULL DEFAULT NULL,
  `deleted_at` timestamp NULL DEFAULT NULL,
  PRIMARY KEY (`id`),
  KEY `idx_sf` (`dc_orden_id`),
  KEY `idx_occ` (`dc_occ_id`),
  KEY `dc_sol_fac_occ_dc_orden_detail_id_foreign` (`dc_orden_detail_id`),
  KEY `dc_sol_fac_occ_dc_occ_detail_id_foreign` (`dc_occ_detail_id`),
  CONSTRAINT `dc_sol_fac_occ_dc_occ_detail_id_foreign` FOREIGN KEY (`dc_occ_detail_id`) REFERENCES `dc_ordenes_details` (`id`),
  CONSTRAINT `dc_sol_fac_occ_dc_occ_id_foreign` FOREIGN KEY (`dc_occ_id`) REFERENCES `dc_ordenes` (`id`),
  CONSTRAINT `dc_sol_fac_occ_dc_orden_detail_id_foreign` FOREIGN KEY (`dc_orden_detail_id`) REFERENCES `dc_ordenes_details` (`id`),
  CONSTRAINT `dc_sol_fac_occ_dc_orden_id_foreign` FOREIGN KEY (`dc_orden_id`) REFERENCES `dc_ordenes` (`id`)
) ENGINE=InnoDB DEFAULT CHARSET=utf8mb4 COLLATE=utf8mb4_unicode_ci;

--
-- Dumping data for table `dc_sol_fac_occ`
--


--
-- Table structure for table `despachos`
--

CREATE TABLE `despachos` (
  `id` bigint(20) unsigned NOT NULL AUTO_INCREMENT,
  `user_id` int(10) unsigned DEFAULT NULL,
  `person_id` int(10) unsigned NOT NULL,
  `person_id_relationed` int(10) unsigned NOT NULL,
  `moneda_id` int(10) unsigned NOT NULL,
  `fecha` datetime NOT NULL DEFAULT '2025-04-28 16:06:12',
  `is_ponderacion_autom` tinyint(1) NOT NULL DEFAULT '1',
  `is_garantia` tinyint(1) NOT NULL DEFAULT '0',
  `numero` int(10) unsigned DEFAULT NULL,
  `comentario` longtext COLLATE utf8mb4_unicode_ci,
  `total` decimal(16,2) NOT NULL DEFAULT '0.00',
  `total_parte_1` decimal(16,2) NOT NULL DEFAULT '0.00',
  `total_parte_2` decimal(16,2) NOT NULL DEFAULT '0.00',
  `total_parte_3` decimal(16,2) NOT NULL DEFAULT '0.00',
  `cotizacion` decimal(16,2) NOT NULL DEFAULT '0.00',
  `created_at` timestamp NULL DEFAULT NULL,
  `updated_at` timestamp NULL DEFAULT NULL,
  `deleted_at` timestamp NULL DEFAULT NULL,
  PRIMARY KEY (`id`),
  KEY `despachos_person_id_foreign` (`person_id`),
  KEY `despachos_person_id_relationed_foreign` (`person_id_relationed`),
  KEY `despachos_moneda_id_foreign` (`moneda_id`),
  CONSTRAINT `despachos_moneda_id_foreign` FOREIGN KEY (`moneda_id`) REFERENCES `monedas` (`id`),
  CONSTRAINT `despachos_person_id_foreign` FOREIGN KEY (`person_id`) REFERENCES `persons` (`id`),
  CONSTRAINT `despachos_person_id_relationed_foreign` FOREIGN KEY (`person_id_relationed`) REFERENCES `persons` (`id`)
) ENGINE=InnoDB DEFAULT CHARSET=utf8mb4 COLLATE=utf8mb4_unicode_ci;

--
-- Dumping data for table `despachos`
--


--
-- Table structure for table `despachos_cierres`
--

CREATE TABLE `despachos_cierres` (
  `id` bigint(20) unsigned NOT NULL AUTO_INCREMENT,
  `user_id` int(10) unsigned DEFAULT NULL,
  `despacho_id` bigint(20) unsigned NOT NULL,
  `receipt_id` int(10) unsigned DEFAULT NULL,
  `dc_orden_id` bigint(20) unsigned NOT NULL,
  `dc_orden_detail_id` bigint(20) unsigned NOT NULL,
  `inv_producto_id` bigint(20) unsigned DEFAULT NULL,
  `costo_antes` decimal(16,2) NOT NULL DEFAULT '0.00',
  `cantidades` decimal(16,2) DEFAULT '0.00',
  `precio_x_cantidad` decimal(16,2) DEFAULT '0.00',
  `ratio` decimal(16,4) NOT NULL DEFAULT '0.0000',
  `incremento` decimal(16,2) NOT NULL DEFAULT '0.00',
  `incremento_x_cantidad` decimal(16,2) DEFAULT '0.00',
  `costo_despues` decimal(16,2) NOT NULL DEFAULT '0.00',
  `created_at` timestamp NULL DEFAULT NULL,
  `updated_at` timestamp NULL DEFAULT NULL,
  `deleted_at` timestamp NULL DEFAULT NULL,
  PRIMARY KEY (`id`),
  KEY `despachos_cierres_despacho_id_foreign` (`despacho_id`),
  KEY `despachos_cierres_receipt_id_foreign` (`receipt_id`),
  KEY `despachos_cierres_dc_orden_id_foreign` (`dc_orden_id`),
  KEY `despachos_cierres_dc_orden_detail_id_foreign` (`dc_orden_detail_id`),
  KEY `despachos_cierres_inv_producto_id_foreign` (`inv_producto_id`),
  CONSTRAINT `despachos_cierres_dc_orden_detail_id_foreign` FOREIGN KEY (`dc_orden_detail_id`) REFERENCES `dc_ordenes_details` (`id`),
  CONSTRAINT `despachos_cierres_dc_orden_id_foreign` FOREIGN KEY (`dc_orden_id`) REFERENCES `dc_ordenes` (`id`),
  CONSTRAINT `despachos_cierres_despacho_id_foreign` FOREIGN KEY (`despacho_id`) REFERENCES `despachos` (`id`),
  CONSTRAINT `despachos_cierres_inv_producto_id_foreign` FOREIGN KEY (`inv_producto_id`) REFERENCES `inv_productos` (`id`),
  CONSTRAINT `despachos_cierres_receipt_id_foreign` FOREIGN KEY (`receipt_id`) REFERENCES `receipts` (`id`)
) ENGINE=InnoDB DEFAULT CHARSET=utf8mb4 COLLATE=utf8mb4_unicode_ci;

--
-- Dumping data for table `despachos_cierres`
--


--
-- Table structure for table `despachos_details`
--

CREATE TABLE `despachos_details` (
  `id` bigint(20) unsigned NOT NULL AUTO_INCREMENT,
  `user_id` int(10) unsigned DEFAULT NULL,
  `despacho_id` bigint(20) unsigned NOT NULL,
  `despacho_parte_id` bigint(20) unsigned NOT NULL,
  `receipt_id` int(10) unsigned DEFAULT NULL,
  `porcentaje_ponderacion` decimal(8,2) NOT NULL DEFAULT '0.00',
  `created_at` timestamp NULL DEFAULT NULL,
  `updated_at` timestamp NULL DEFAULT NULL,
  `deleted_at` timestamp NULL DEFAULT NULL,
  PRIMARY KEY (`id`),
  KEY `despachos_details_despacho_id_foreign` (`despacho_id`),
  KEY `despachos_details_despacho_parte_id_foreign` (`despacho_parte_id`),
  KEY `despachos_details_receipt_id_foreign` (`receipt_id`),
  CONSTRAINT `despachos_details_despacho_id_foreign` FOREIGN KEY (`despacho_id`) REFERENCES `despachos` (`id`),
  CONSTRAINT `despachos_details_despacho_parte_id_foreign` FOREIGN KEY (`despacho_parte_id`) REFERENCES `despachos_partes` (`id`),
  CONSTRAINT `despachos_details_receipt_id_foreign` FOREIGN KEY (`receipt_id`) REFERENCES `receipts` (`id`)
) ENGINE=InnoDB DEFAULT CHARSET=utf8mb4 COLLATE=utf8mb4_unicode_ci;

--
-- Dumping data for table `despachos_details`
--


--
-- Table structure for table `despachos_files`
--

CREATE TABLE `despachos_files` (
  `id` bigint(20) unsigned NOT NULL AUTO_INCREMENT,
  `user_id` int(10) unsigned DEFAULT NULL,
  `despacho_id` bigint(20) unsigned NOT NULL,
  `descripcion` varchar(255) COLLATE utf8mb4_unicode_ci DEFAULT NULL,
  `path` varchar(191) COLLATE utf8mb4_unicode_ci DEFAULT NULL,
  `name_original` varchar(191) COLLATE utf8mb4_unicode_ci DEFAULT NULL,
  `created_at` timestamp NULL DEFAULT NULL,
  `updated_at` timestamp NULL DEFAULT NULL,
  `deleted_at` timestamp NULL DEFAULT NULL,
  PRIMARY KEY (`id`),
  KEY `despachos_files_despacho_id_foreign` (`despacho_id`),
  CONSTRAINT `despachos_files_despacho_id_foreign` FOREIGN KEY (`despacho_id`) REFERENCES `despachos` (`id`)
) ENGINE=InnoDB DEFAULT CHARSET=utf8mb4 COLLATE=utf8mb4_unicode_ci;

--
-- Dumping data for table `despachos_files`
--


--
-- Table structure for table `despachos_partes`
--

CREATE TABLE `despachos_partes` (
  `id` bigint(20) unsigned NOT NULL AUTO_INCREMENT,
  `user_id` int(10) unsigned DEFAULT NULL,
  `descripcion` varchar(255) COLLATE utf8mb4_unicode_ci DEFAULT NULL,
  `habilitado` tinyint(1) NOT NULL DEFAULT '1',
  `created_at` timestamp NULL DEFAULT NULL,
  `updated_at` timestamp NULL DEFAULT NULL,
  `deleted_at` timestamp NULL DEFAULT NULL,
  PRIMARY KEY (`id`)
) ENGINE=InnoDB AUTO_INCREMENT=4 DEFAULT CHARSET=utf8mb4 COLLATE=utf8mb4_unicode_ci;

--
-- Dumping data for table `despachos_partes`
--

INSERT INTO `despachos_partes` VALUES (1,NULL,'Facturas del Proveedor',1,NULL,NULL,NULL),(2,NULL,'Despachos de Importacion',1,NULL,NULL,NULL),(3,NULL,'Facturas de Logistica',1,NULL,NULL,NULL);

--
-- Table structure for table `deudas_impositivas`
--

CREATE TABLE `deudas_impositivas` (
  `id` int(10) unsigned NOT NULL AUTO_INCREMENT,
  `user_id` int(10) unsigned DEFAULT NULL,
  `person_id` int(10) unsigned NOT NULL,
  `vto_impuesto_id` int(10) unsigned NOT NULL,
  `periodo_deuda` varchar(191) COLLATE utf8mb4_unicode_ci DEFAULT NULL,
  `concepto` varchar(191) COLLATE utf8mb4_unicode_ci DEFAULT NULL,
  `importe` decimal(16,2) NOT NULL DEFAULT '0.00',
  `created_at` timestamp NULL DEFAULT NULL,
  `updated_at` timestamp NULL DEFAULT NULL,
  `deleted_at` timestamp NULL DEFAULT NULL,
  PRIMARY KEY (`id`),
  KEY `deudas_impositivas_vto_impuesto_id_foreign` (`vto_impuesto_id`),
  KEY `deudas_impositivas_person_id_foreign` (`person_id`),
  CONSTRAINT `deudas_impositivas_person_id_foreign` FOREIGN KEY (`person_id`) REFERENCES `persons` (`id`),
  CONSTRAINT `deudas_impositivas_vto_impuesto_id_foreign` FOREIGN KEY (`vto_impuesto_id`) REFERENCES `vto_impuestos` (`id`)
) ENGINE=InnoDB DEFAULT CHARSET=utf8mb4 COLLATE=utf8mb4_unicode_ci;

--
-- Dumping data for table `deudas_impositivas`
--


--
-- Table structure for table `ejer_anteriores`
--

CREATE TABLE `ejer_anteriores` (
  `id` int(10) unsigned NOT NULL AUTO_INCREMENT,
  `user_id` int(10) unsigned DEFAULT NULL,
  `person_id` int(10) unsigned NOT NULL,
  `anio` int(11) NOT NULL,
  `ventas` decimal(16,2) DEFAULT NULL,
  `compras` decimal(16,2) DEFAULT NULL,
  `sueldos` decimal(16,2) DEFAULT NULL,
  `impuesto` decimal(16,2) DEFAULT NULL,
  `apagar` decimal(16,2) DEFAULT NULL,
  `afavor` decimal(16,2) DEFAULT NULL,
  `comentario` varchar(255) COLLATE utf8mb4_unicode_ci DEFAULT NULL,
  `created_at` timestamp NULL DEFAULT NULL,
  `updated_at` timestamp NULL DEFAULT NULL,
  `deleted_at` timestamp NULL DEFAULT NULL,
  PRIMARY KEY (`id`),
  KEY `ejer_anteriores_person_id_foreign` (`person_id`),
  CONSTRAINT `ejer_anteriores_person_id_foreign` FOREIGN KEY (`person_id`) REFERENCES `persons` (`id`)
) ENGINE=InnoDB AUTO_INCREMENT=2 DEFAULT CHARSET=utf8mb4 COLLATE=utf8mb4_unicode_ci;

--
-- Dumping data for table `ejer_anteriores`
--

INSERT INTO `ejer_anteriores` VALUES (1,7216,40734,2021,5713611.82,-5550190.17,0.00,0.00,0.00,0.00,NULL,'2023-06-22 11:41:11','2023-06-22 11:41:11',NULL);

--
-- Table structure for table `estado_civil`
--

CREATE TABLE `estado_civil` (
  `id` int(10) unsigned NOT NULL AUTO_INCREMENT,
  `user_id` int(10) unsigned DEFAULT NULL,
  `descripcion` varchar(191) COLLATE utf8mb4_unicode_ci NOT NULL,
  `habilitado` tinyint(1) NOT NULL DEFAULT '1',
  `created_at` timestamp NULL DEFAULT NULL,
  `updated_at` timestamp NULL DEFAULT NULL,
  `deleted_at` timestamp NULL DEFAULT NULL,
  PRIMARY KEY (`id`),
  UNIQUE KEY `estado_civil_descripcion_unique` (`descripcion`)
) ENGINE=InnoDB AUTO_INCREMENT=8 DEFAULT CHARSET=utf8mb4 COLLATE=utf8mb4_unicode_ci;

--
-- Dumping data for table `estado_civil`
--

INSERT INTO `estado_civil` VALUES (1,NULL,'Separado Legal',1,'2020-05-28 20:55:23','2020-05-28 20:55:23',NULL),(2,NULL,'Separado de Hecho',1,'2020-05-28 20:55:23','2020-05-28 20:55:23',NULL),(3,NULL,'Divorciado',1,'2020-05-28 20:55:23','2020-05-28 20:55:23',NULL),(4,NULL,'Convivencia',1,'2020-05-28 20:55:23','2020-05-28 20:55:23',NULL),(5,NULL,'Soltero',1,'2020-05-28 20:55:23','2020-05-28 20:55:23',NULL),(6,NULL,'Casado',1,'2020-05-28 20:55:23','2020-05-28 20:55:23',NULL),(7,NULL,'Viudo',1,'2020-05-28 20:55:23','2020-05-28 20:55:23',NULL);

--
-- Table structure for table `fa_masiva`
--

CREATE TABLE `fa_masiva` (
  `id` int(10) unsigned NOT NULL AUTO_INCREMENT,
  `person_id` int(11) NOT NULL,
  `user_id` int(11) NOT NULL,
  `created_at` timestamp NULL DEFAULT NULL,
  `updated_at` timestamp NULL DEFAULT NULL,
  `deleted_at` timestamp NULL DEFAULT NULL,
  PRIMARY KEY (`id`)
) ENGINE=InnoDB DEFAULT CHARSET=utf8mb4 COLLATE=utf8mb4_unicode_ci;

--
-- Dumping data for table `fa_masiva`
--


--
-- Table structure for table `fa_masiva_detalle`
--

CREATE TABLE `fa_masiva_detalle` (
  `id` int(10) unsigned NOT NULL AUTO_INCREMENT,
  `user_id` int(10) unsigned DEFAULT NULL,
  `fa_masiva_id` int(11) NOT NULL,
  `cliente_id` int(11) NOT NULL,
  `tipo_comprobante_id` int(10) unsigned NOT NULL DEFAULT '1',
  `zone_id` int(10) unsigned NOT NULL DEFAULT '22',
  `activity_id` int(10) unsigned NOT NULL DEFAULT '1',
  `cond_frente_iva_id` int(10) unsigned NOT NULL DEFAULT '1',
  `system_tax_id` int(10) unsigned NOT NULL DEFAULT '1',
  `concepto_id` int(10) unsigned NOT NULL DEFAULT '1',
  `taxable_iibb` int(10) unsigned NOT NULL DEFAULT '2',
  `renglon1` varchar(180) COLLATE utf8mb4_unicode_ci DEFAULT NULL,
  `importe1` decimal(20,2) DEFAULT NULL,
  `renglon2` varchar(180) COLLATE utf8mb4_unicode_ci DEFAULT NULL,
  `importe2` decimal(20,2) DEFAULT NULL,
  `renglon3` varchar(180) COLLATE utf8mb4_unicode_ci DEFAULT NULL,
  `importe3` decimal(20,2) DEFAULT NULL,
  `punto_venta_id` int(11) DEFAULT NULL,
  `fecha_comprobante` date DEFAULT NULL,
  `fecha_facturado_desde` date DEFAULT NULL,
  `fecha_facturado_hasta` date DEFAULT NULL,
  `fecha_vencimiento_pago` date DEFAULT NULL,
  `created_at` timestamp NULL DEFAULT NULL,
  `updated_at` timestamp NULL DEFAULT NULL,
  `deleted_at` timestamp NULL DEFAULT NULL,
  PRIMARY KEY (`id`),
  KEY `fa_masiva_detalle_concepto_id_foreign` (`concepto_id`),
  KEY `fa_masiva_detalle_system_tax_id_foreign` (`system_tax_id`),
  KEY `fa_masiva_detalle_cond_frente_iva_id_foreign` (`cond_frente_iva_id`),
  KEY `fa_masiva_detalle_zone_id_foreign` (`zone_id`),
  KEY `fa_masiva_detalle_tipo_comprobante_id_foreign` (`tipo_comprobante_id`),
  KEY `fa_masiva_detalle_activity_id_foreign` (`activity_id`),
  CONSTRAINT `fa_masiva_detalle_activity_id_foreign` FOREIGN KEY (`activity_id`) REFERENCES `activities` (`id`),
  CONSTRAINT `fa_masiva_detalle_concepto_id_foreign` FOREIGN KEY (`concepto_id`) REFERENCES `fact_elec_conceptos_afip` (`id`),
  CONSTRAINT `fa_masiva_detalle_cond_frente_iva_id_foreign` FOREIGN KEY (`cond_frente_iva_id`) REFERENCES `fac_elec_cond_frente_iva` (`id`),
  CONSTRAINT `fa_masiva_detalle_system_tax_id_foreign` FOREIGN KEY (`system_tax_id`) REFERENCES `system_taxes` (`id`),
  CONSTRAINT `fa_masiva_detalle_tipo_comprobante_id_foreign` FOREIGN KEY (`tipo_comprobante_id`) REFERENCES `receipt_types` (`id`),
  CONSTRAINT `fa_masiva_detalle_zone_id_foreign` FOREIGN KEY (`zone_id`) REFERENCES `zones` (`id`)
) ENGINE=InnoDB DEFAULT CHARSET=utf8mb4 COLLATE=utf8mb4_unicode_ci;

--
-- Dumping data for table `fa_masiva_detalle`
--


--
-- Table structure for table `fa_masiva_stock`
--

CREATE TABLE `fa_masiva_stock` (
  `id` bigint(20) unsigned NOT NULL AUTO_INCREMENT,
  `user_id` int(10) unsigned DEFAULT NULL,
  `person_id` int(10) unsigned NOT NULL,
  `person_id_relationed` int(10) unsigned NOT NULL,
  `data` longtext COLLATE utf8mb4_unicode_ci,
  `created_at` timestamp NULL DEFAULT NULL,
  `updated_at` timestamp NULL DEFAULT NULL,
  `deleted_at` timestamp NULL DEFAULT NULL,
  PRIMARY KEY (`id`),
  KEY `fa_masiva_stock_person_id_foreign` (`person_id`),
  KEY `fa_masiva_stock_person_id_relationed_foreign` (`person_id_relationed`),
  CONSTRAINT `fa_masiva_stock_person_id_foreign` FOREIGN KEY (`person_id`) REFERENCES `persons` (`id`),
  CONSTRAINT `fa_masiva_stock_person_id_relationed_foreign` FOREIGN KEY (`person_id_relationed`) REFERENCES `persons` (`id`)
) ENGINE=InnoDB DEFAULT CHARSET=utf8mb4 COLLATE=utf8mb4_unicode_ci;

--
-- Dumping data for table `fa_masiva_stock`
--


--
-- Table structure for table `fac_elec_cond_frente_iva`
--

CREATE TABLE `fac_elec_cond_frente_iva` (
  `id` int(10) unsigned NOT NULL AUTO_INCREMENT,
  `name` varchar(191) COLLATE utf8mb4_unicode_ci NOT NULL,
  `created_at` timestamp NULL DEFAULT NULL,
  `updated_at` timestamp NULL DEFAULT NULL,
  `deleted_at` timestamp NULL DEFAULT NULL,
  PRIMARY KEY (`id`),
  UNIQUE KEY `fac_elec_cond_frente_iva_name_unique` (`name`)
) ENGINE=InnoDB AUTO_INCREMENT=11 DEFAULT CHARSET=utf8mb4 COLLATE=utf8mb4_unicode_ci;

--
-- Dumping data for table `fac_elec_cond_frente_iva`
--

INSERT INTO `fac_elec_cond_frente_iva` VALUES (1,'IVA Responsable Inscripto','2019-07-15 18:37:39','2019-07-15 18:37:39',NULL),(2,'IVA Sujeto Exento','2019-07-15 18:37:39','2019-07-15 18:37:39',NULL),(3,'Consumidor Final','2019-07-15 18:37:39','2019-07-15 18:37:39',NULL),(4,'Responsable Monotributo','2019-07-15 18:37:39','2019-07-15 18:37:39',NULL),(5,'Proveedor del Exterior','2019-07-15 18:37:39','2019-07-15 18:37:39',NULL),(6,'Cliente del Exterior','2019-07-15 18:37:39','2019-07-15 18:37:39',NULL),(7,'IVA Liberado - Ley Nº 19.640','2019-07-15 18:37:39','2019-07-15 18:37:39',NULL),(8,'IVA Responsable Inscripto - Agente de Percepción','2019-07-15 18:37:39','2019-07-15 18:37:39',NULL),(9,'Monotributista Social','2019-07-15 18:37:39','2019-07-15 18:37:39',NULL),(10,'IVA No Alcanzado','2019-07-15 18:37:39','2019-07-15 18:37:39',NULL);

--
-- Table structure for table `fac_elec_unidad_medidas`
--

CREATE TABLE `fac_elec_unidad_medidas` (
  `id` int(10) unsigned NOT NULL AUTO_INCREMENT,
  `name` varchar(191) COLLATE utf8mb4_unicode_ci NOT NULL,
  `created_at` timestamp NULL DEFAULT NULL,
  `updated_at` timestamp NULL DEFAULT NULL,
  `deleted_at` timestamp NULL DEFAULT NULL,
  PRIMARY KEY (`id`),
  UNIQUE KEY `fac_elec_unidad_medidas_name_unique` (`name`)
) ENGINE=InnoDB AUTO_INCREMENT=19 DEFAULT CHARSET=utf8mb4 COLLATE=utf8mb4_unicode_ci;

--
-- Dumping data for table `fac_elec_unidad_medidas`
--

INSERT INTO `fac_elec_unidad_medidas` VALUES (1,'Grs','2019-07-15 18:37:39','2019-07-15 18:37:39',NULL),(2,'Kg','2019-07-15 18:37:39','2019-07-15 18:37:39',NULL),(3,'Mts','2019-07-15 18:37:39','2019-07-15 18:37:39',NULL),(4,'Mts2','2019-07-15 18:37:39','2019-07-15 18:37:39',NULL),(5,'Mts3','2019-07-15 18:37:39','2019-07-15 18:37:39',NULL),(6,'Lts','2019-07-15 18:37:39','2019-07-15 18:37:39',NULL),(7,'1000 Kwh','2019-07-15 18:37:39','2019-07-15 18:37:39',NULL),(8,'Unidades','2019-07-15 18:37:39','2019-07-15 18:37:39',NULL),(9,'Pares','2019-07-15 18:37:39','2019-07-15 18:37:39',NULL),(10,'Doc','2019-07-15 18:37:39','2019-07-15 18:37:39',NULL),(11,'Quilates','2019-07-15 18:37:39','2019-07-15 18:37:39',NULL),(12,'Millares','2019-07-15 18:37:39','2019-07-15 18:37:39',NULL),(13,'Milimetros','2019-07-15 18:37:39','2019-07-15 18:37:39',NULL),(14,'Mm 3','2019-07-15 18:37:39','2019-07-15 18:37:39',NULL),(15,'Km','2019-07-15 18:37:39','2019-07-15 18:37:39',NULL),(16,'Hectolitros','2019-07-15 18:37:39','2019-07-15 18:37:39',NULL),(17,'Cm','2019-07-15 18:37:39','2019-07-15 18:37:39',NULL),(18,'Cm 3','2019-07-15 18:37:39','2019-07-15 18:37:39',NULL);

--
-- Table structure for table `fact_elec_conceptos_afip`
--

CREATE TABLE `fact_elec_conceptos_afip` (
  `id` int(10) unsigned NOT NULL AUTO_INCREMENT,
  `afip_comprobante_id` int(10) unsigned NOT NULL,
  `descripcion` varchar(180) COLLATE utf8mb4_unicode_ci NOT NULL,
  `created_at` timestamp NULL DEFAULT NULL,
  `updated_at` timestamp NULL DEFAULT NULL,
  PRIMARY KEY (`id`)
) ENGINE=InnoDB AUTO_INCREMENT=4 DEFAULT CHARSET=utf8mb4 COLLATE=utf8mb4_unicode_ci;

--
-- Dumping data for table `fact_elec_conceptos_afip`
--

INSERT INTO `fact_elec_conceptos_afip` VALUES (1,1,'Producto','2019-03-13 13:29:34','2019-03-13 13:29:34'),(2,2,'Servicios','2019-03-13 13:29:34','2019-03-13 13:29:34'),(3,3,'Productos y Servicios','2019-03-13 13:29:34','2019-03-13 13:29:34');

--
-- Table structure for table `fact_elec_perc_ret`
--

CREATE TABLE `fact_elec_perc_ret` (
  `id` int(10) unsigned NOT NULL AUTO_INCREMENT,
  `user_id` int(10) unsigned DEFAULT NULL,
  `descripcion` varchar(191) COLLATE utf8mb4_unicode_ci NOT NULL,
  `codigo_afip` int(10) unsigned NOT NULL,
  `other_tax_id` int(10) unsigned NOT NULL,
  `habilitado` tinyint(1) NOT NULL DEFAULT '1',
  `created_at` timestamp NULL DEFAULT NULL,
  `updated_at` timestamp NULL DEFAULT NULL,
  `deleted_at` timestamp NULL DEFAULT NULL,
  PRIMARY KEY (`id`),
  KEY `fact_elec_perc_ret_other_tax_id_foreign` (`other_tax_id`),
  CONSTRAINT `fact_elec_perc_ret_other_tax_id_foreign` FOREIGN KEY (`other_tax_id`) REFERENCES `other_taxes` (`id`)
) ENGINE=InnoDB AUTO_INCREMENT=6 DEFAULT CHARSET=utf8mb4 COLLATE=utf8mb4_unicode_ci;

--
-- Dumping data for table `fact_elec_perc_ret`
--

INSERT INTO `fact_elec_perc_ret` VALUES (1,NULL,'Per./Ret de Imp. a las Ganancias',1,1032,1,NULL,NULL,NULL),(2,NULL,'Per./Ret de IVA',1,1000,1,NULL,NULL,NULL),(3,NULL,'Per./Ret de IIBB',2,1006,1,NULL,NULL,NULL),(4,NULL,'Impuestos Internos',4,1001,1,NULL,NULL,NULL),(5,NULL,'Impuestos Municipales',3,1031,1,NULL,NULL,NULL);

--
-- Table structure for table `fact_elec_perc_ret_details`
--

CREATE TABLE `fact_elec_perc_ret_details` (
  `id` bigint(20) unsigned NOT NULL AUTO_INCREMENT,
  `user_id` int(10) unsigned DEFAULT NULL,
  `fact_elec_perc_ret_id` int(10) unsigned NOT NULL,
  `person_id` int(10) unsigned NOT NULL,
  `fact_elec_receipt_id` int(10) unsigned NOT NULL,
  `detalle` varchar(191) COLLATE utf8mb4_unicode_ci DEFAULT NULL,
  `zone_id` int(10) unsigned DEFAULT NULL,
  `base_imponible` decimal(16,2) DEFAULT NULL,
  `alicuota` decimal(16,2) DEFAULT NULL,
  `importe` decimal(16,2) DEFAULT NULL,
  `created_at` timestamp NULL DEFAULT NULL,
  `updated_at` timestamp NULL DEFAULT NULL,
  `deleted_at` timestamp NULL DEFAULT NULL,
  PRIMARY KEY (`id`),
  KEY `fact_elec_perc_ret_details_fact_elec_perc_ret_id_foreign` (`fact_elec_perc_ret_id`),
  KEY `fact_elec_perc_ret_details_person_id_foreign` (`person_id`),
  KEY `fact_elec_perc_ret_details_fact_elec_receipt_id_foreign` (`fact_elec_receipt_id`),
  KEY `fact_elec_perc_ret_details_zone_id_foreign` (`zone_id`),
  CONSTRAINT `fact_elec_perc_ret_details_fact_elec_perc_ret_id_foreign` FOREIGN KEY (`fact_elec_perc_ret_id`) REFERENCES `fact_elec_perc_ret` (`id`),
  CONSTRAINT `fact_elec_perc_ret_details_fact_elec_receipt_id_foreign` FOREIGN KEY (`fact_elec_receipt_id`) REFERENCES `fact_elec_receipts` (`id`),
  CONSTRAINT `fact_elec_perc_ret_details_person_id_foreign` FOREIGN KEY (`person_id`) REFERENCES `persons` (`id`),
  CONSTRAINT `fact_elec_perc_ret_details_zone_id_foreign` FOREIGN KEY (`zone_id`) REFERENCES `zones` (`id`)
) ENGINE=InnoDB DEFAULT CHARSET=utf8mb4 COLLATE=utf8mb4_unicode_ci;

--
-- Dumping data for table `fact_elec_perc_ret_details`
--


--
-- Table structure for table `fact_elec_puntos_venta`
--

CREATE TABLE `fact_elec_puntos_venta` (
  `id` int(10) unsigned NOT NULL AUTO_INCREMENT,
  `user_id` int(10) unsigned DEFAULT NULL,
  `direccion` varchar(180) COLLATE utf8mb4_unicode_ci NOT NULL,
  `created_at` timestamp NULL DEFAULT NULL,
  `updated_at` timestamp NULL DEFAULT NULL,
  `person_id` int(10) unsigned NOT NULL,
  `codigo` varchar(255) COLLATE utf8mb4_unicode_ci DEFAULT '0000',
  `codigo_postal` varchar(20) COLLATE utf8mb4_unicode_ci DEFAULT NULL,
  `zone_id` int(11) DEFAULT NULL,
  `logo` varchar(191) COLLATE utf8mb4_unicode_ci DEFAULT NULL,
  `habilitado` tinyint(1) NOT NULL DEFAULT '1',
  `deleted_at` timestamp NULL DEFAULT NULL,
  PRIMARY KEY (`id`),
  KEY `fact_elec_puntos_venta_person_id_foreign` (`person_id`),
  CONSTRAINT `fact_elec_puntos_venta_person_id_foreign` FOREIGN KEY (`person_id`) REFERENCES `persons` (`id`)
) ENGINE=InnoDB AUTO_INCREMENT=4 DEFAULT CHARSET=utf8mb4 COLLATE=utf8mb4_unicode_ci;

--
-- Dumping data for table `fact_elec_puntos_venta`
--

INSERT INTO `fact_elec_puntos_venta` VALUES (1,7216,'Larrea 1266','2022-11-14 18:48:50','2022-11-17 18:32:04',40719,'5','8200',8,'img//20344224553/logo_punto_venta_0005.jpeg',1,NULL),(2,7216,'Bomberos Voluntarios 272','2022-11-23 10:49:54','2022-11-23 11:54:21',40719,'6','8200',8,'img//20344224553/logo_punto_venta_0006.png',1,NULL),(3,9183,'Ruta Nacional 152, Km 28,5','2024-06-14 11:49:56','2025-05-19 21:23:59',41466,'2','8200',8,'img//30718118170/logo_punto_venta_0002.jpg',1,NULL);

--
-- Table structure for table `fact_elec_receipt_details`
--

CREATE TABLE `fact_elec_receipt_details` (
  `id` int(10) unsigned NOT NULL AUTO_INCREMENT,
  `user_id` int(10) unsigned DEFAULT NULL,
  `fact_elec_receipt_id` int(10) unsigned NOT NULL,
  `descripcion` text COLLATE utf8mb4_unicode_ci NOT NULL,
  `cantidad` decimal(20,2) NOT NULL,
  `unidad_medida` text COLLATE utf8mb4_unicode_ci,
  `precio_unitario` decimal(20,2) NOT NULL,
  `neto_gravado` decimal(20,2) NOT NULL,
  `bonificacion_porcentaje` decimal(20,2) DEFAULT NULL,
  `bonificacion_monto` decimal(20,2) DEFAULT NULL,
  `bonificacion_subtotal` decimal(20,2) DEFAULT NULL,
  `system_tax_id` int(10) unsigned NOT NULL DEFAULT '1',
  `iva_monto` decimal(20,2) DEFAULT NULL,
  `iva_subtotal` decimal(20,2) DEFAULT NULL,
  `created_at` timestamp NULL DEFAULT NULL,
  `updated_at` timestamp NULL DEFAULT NULL,
  `codigo` varchar(100) COLLATE utf8mb4_unicode_ci DEFAULT NULL,
  `deleted_at` timestamp NULL DEFAULT NULL,
  PRIMARY KEY (`id`),
  KEY `fact_elec_receipt_details_fact_elec_receipt_id_foreign` (`fact_elec_receipt_id`),
  KEY `fact_elec_receipt_details_system_tax_id_foreign` (`system_tax_id`),
  CONSTRAINT `fact_elec_receipt_details_fact_elec_receipt_id_foreign` FOREIGN KEY (`fact_elec_receipt_id`) REFERENCES `fact_elec_receipts` (`id`),
  CONSTRAINT `fact_elec_receipt_details_system_tax_id_foreign` FOREIGN KEY (`system_tax_id`) REFERENCES `system_taxes` (`id`)
) ENGINE=InnoDB AUTO_INCREMENT=852 DEFAULT CHARSET=utf8mb4 COLLATE=utf8mb4_unicode_ci;

--
-- Dumping data for table `fact_elec_receipt_details`
--

INSERT INTO `fact_elec_receipt_details` VALUES (2,7216,2,'Servicios Contables',1.00,'8',150.00,150.00,0.00,0.00,0.00,7,0.00,150.00,'2022-11-23 11:56:25','2022-11-23 11:56:25','',NULL),(3,7216,3,'Servicios Contables',1.00,'8',150.00,150.00,0.00,0.00,0.00,7,0.00,150.00,'2022-11-23 12:14:23','2022-11-23 12:14:23','',NULL),(4,7216,4,'Servicios Contables',1.00,'8',200.00,200.00,0.00,0.00,0.00,7,0.00,200.00,'2022-11-23 12:19:36','2022-11-23 12:19:36','',NULL),(5,7216,5,'Servicios',1.00,'8',200.00,200.00,0.00,0.00,0.00,7,0.00,200.00,'2022-11-23 12:22:21','2022-11-23 12:22:21','',NULL),(6,7216,6,'Asesoramiento sobre registración y preparación de Estados Contables mes Octubre',1.00,'8',20000.00,20000.00,0.00,0.00,0.00,7,0.00,20000.00,'2022-11-24 11:00:20','2022-11-24 11:00:20','',NULL),(7,7216,6,'Asesoramiento sobre registración y preparación de Estados Contables mes Septiembre',1.00,'8',20000.00,20000.00,0.00,0.00,0.00,7,0.00,20000.00,'2022-11-24 11:00:20','2022-11-24 11:00:20','',NULL),(8,7216,6,' Liquidación Impuestos Anuales ',1.00,'8',25000.00,25000.00,0.00,0.00,0.00,7,0.00,25000.00,'2022-11-24 11:00:20','2022-11-24 11:00:20','',NULL),(10,7216,8,'Honorarios correspondiente al Mes de Diciembre del 2022',1.00,'8',200000.00,200000.00,0.00,0.00,0.00,7,0.00,200000.00,'2023-01-23 09:45:14','2023-01-23 09:45:14','',NULL),(11,7216,9,'Honorarios correspondiente al Mes de\nEnero del 2023',1.00,'8',200000.00,200000.00,0.00,0.00,0.00,7,0.00,200000.00,'2023-02-09 12:35:34','2023-02-09 12:35:34','',NULL),(12,7216,10,'Honorarios correspondiente al Mes de Febrero del 2023\n',1.00,'8',250000.00,250000.00,0.00,0.00,0.00,7,0.00,250000.00,'2023-03-21 13:24:47','2023-03-21 13:24:47','',NULL),(13,7216,11,'Honorarios correspondiente al Mes de\nMarzo del 2023',1.00,'8',250000.00,250000.00,0.00,0.00,0.00,7,0.00,250000.00,'2023-04-12 12:26:25','2023-04-12 12:26:25','',NULL),(14,7216,12,'Honorarios correspondiente al Mes de\nAbril del 2023\n',1.00,'8',250000.00,250000.00,0.00,0.00,0.00,7,0.00,250000.00,'2023-05-19 09:09:39','2023-05-19 09:09:39','',NULL),(15,7216,13,'Honorarios Profesionales  por regulación administrativa de la institución \"Automoto Club General Acha\" ',1.00,'8',100000.00,100000.00,0.00,0.00,0.00,7,0.00,100000.00,'2023-06-02 13:28:40','2023-06-02 13:28:40','',NULL),(16,7216,14,'Honorarios Contable Mes Mayo',1.00,'8',30000.00,30000.00,0.00,0.00,0.00,7,0.00,30000.00,'2023-06-21 10:23:59','2023-06-21 10:23:59','',NULL),(17,7216,15,'Honorarios Contable Mes Mayo',1.00,'8',30000.00,30000.00,0.00,0.00,0.00,7,0.00,30000.00,'2023-06-21 10:24:19','2023-06-21 10:24:19','',NULL),(18,7216,16,'Honorarios Contable Mes Mayo',1.00,'8',30000.00,30000.00,0.00,0.00,0.00,7,0.00,30000.00,'2023-06-21 10:24:54','2023-06-21 10:24:54','',NULL),(19,7216,17,'Honorarios Contable Mes Mayo',1.00,'8',30000.00,30000.00,0.00,0.00,0.00,7,0.00,30000.00,'2023-06-21 10:26:41','2023-06-21 10:26:41','',NULL),(20,7216,18,'Honorarios correspondiente al Mes de\nMayo del 2023',1.00,'8',250000.00,250000.00,0.00,0.00,0.00,7,0.00,250000.00,'2023-06-22 12:49:53','2023-06-22 12:49:53','',NULL),(21,7216,19,'Honorarios ',1.00,'8',118000.00,118000.00,0.00,0.00,0.00,7,0.00,118000.00,'2023-06-23 11:28:53','2023-06-23 11:28:53','',NULL),(24,7216,22,'Honorarios correspondiente al mes de Junio del 2023',1.00,'8',250000.00,250000.00,0.00,0.00,0.00,7,0.00,250000.00,'2023-07-07 09:21:29','2023-07-07 09:21:29','',NULL),(25,7216,23,'Honorarios ',1.00,'8',15000.00,15000.00,0.00,0.00,0.00,7,0.00,15000.00,'2023-07-26 10:48:19','2023-07-26 10:48:19','',NULL),(26,7216,24,'Honorarios contables',1.00,'8',5000.00,5000.00,0.00,0.00,0.00,7,0.00,5000.00,'2023-08-01 13:07:25','2023-08-01 13:07:25','',NULL),(36,7216,34,'Honorarios Contables correspondientes al mes de julio del 2023',1.00,'8',30000.00,30000.00,0.00,0.00,0.00,7,0.00,30000.00,'2023-08-01 19:46:58','2023-08-01 19:46:58','',NULL),(37,7216,35,'Honorarios Correspondientes a Julio del 2023',1.00,'8',250000.00,250000.00,0.00,0.00,0.00,7,0.00,250000.00,'2023-08-01 20:01:03','2023-08-01 20:01:03','',NULL);
INSERT INTO `fact_elec_receipt_details` VALUES (38,7216,36,'Honorarios Correspondientes al mes de Agosto',1.00,'8',250000.00,250000.00,0.00,0.00,0.00,7,0.00,250000.00,'2023-08-24 08:24:26','2023-08-24 08:24:26','',NULL),(39,7216,37,'Honorarios Profesionales prestados en Septiembre ',1.00,'8',250000.00,250000.00,0.00,0.00,0.00,7,0.00,250000.00,'2023-10-04 08:49:28','2023-10-04 08:49:28','',NULL),(40,7216,38,'Honorarios Profesionales ',1.00,'8',300000.00,300000.00,0.00,0.00,0.00,7,0.00,300000.00,'2023-10-19 11:55:29','2023-10-19 11:55:29','',NULL),(41,7216,39,'Honorarios contables ',1.00,'8',10000.00,10000.00,0.00,0.00,0.00,7,0.00,10000.00,'2023-11-06 08:33:44','2023-11-06 08:33:44','',NULL),(42,7216,40,'Honorarios profesionales correspondiente al mes de Octubre',1.00,'8',300000.00,300000.00,0.00,0.00,0.00,7,0.00,300000.00,'2023-11-06 08:46:28','2023-11-06 08:46:28','',NULL),(43,7216,41,'Servicios prestados durante el mes de diciembre',1.00,'8',350000.00,350000.00,0.00,0.00,0.00,7,0.00,350000.00,'2024-01-10 09:14:25','2024-01-10 09:14:25','',NULL),(44,7216,42,'Servicios contables prestados durante el mes de marzo 2024',1.00,'8',650000.00,650000.00,0.00,0.00,0.00,7,0.00,650000.00,'2024-03-26 10:08:31','2024-03-26 10:08:31','',NULL),(46,7216,44,'Honorarios profesionales prestados durante el mes de marzo/ abril',1.00,'8',800000.00,800000.00,0.00,0.00,0.00,7,0.00,800000.00,'2024-04-25 10:46:11','2024-04-25 10:46:11','',NULL),(47,7216,45,'Servicios profesionales ',1.00,'8',800000.00,800000.00,0.00,0.00,0.00,7,0.00,800000.00,'2024-05-06 18:58:29','2024-05-06 18:58:29','',NULL),(48,7216,46,'Honorarios contables correspondientes a los meses de Enero, Febrero, Marzo, Abril del 2024',4.00,'8',15000.00,60000.00,0.00,0.00,0.00,7,0.00,60000.00,'2024-05-27 21:53:21','2024-05-27 21:53:21','',NULL),(49,7216,47,'Honorarios profesionales prestados durante el mes de abril',1.00,'8',550000.00,550000.00,0.00,0.00,0.00,7,0.00,550000.00,'2024-06-07 10:42:54','2024-06-07 10:42:54','',NULL),(53,7216,51,'Aceite 10w 40',1.00,'8',1.00,1.00,0.00,0.00,0.00,2,0.21,1.21,'2024-06-14 12:08:09','2024-06-14 12:08:09','',NULL),(54,7216,53,'Honorarios contables prestados durante el mes de mayo',1.00,'8',10000.00,10000.00,0.00,0.00,0.00,7,0.00,10000.00,'2024-07-12 11:31:27','2024-07-12 11:31:27','',NULL),(55,7216,54,'Servicios Contables prestados ',1.00,'8',20000.00,20000.00,0.00,0.00,0.00,7,0.00,20000.00,'2024-07-12 12:14:43','2024-07-12 12:14:43','',NULL),(56,7216,55,'Servicios profesionales prestados durante el mes de mayo',1.00,'8',870000.00,870000.00,0.00,0.00,0.00,7,0.00,870000.00,'2024-07-18 10:17:35','2024-07-18 10:17:35','',NULL),(57,9183,56,'Kit Wega Amarok 2.0 180cv- Filtro aire - Filtro habitáculo - Filtro aceite.',1.00,'8',42455.37,42455.37,0.00,0.00,0.00,2,8915.63,51371.00,'2024-08-03 11:52:32','2024-08-03 11:52:32','',NULL),(58,9183,56,'Filtro combustible Fram',1.00,'8',50661.15,50661.15,0.00,0.00,0.00,2,10638.84,61299.99,'2024-08-03 11:52:32','2024-08-03 11:52:32','',NULL),(59,9183,56,'Aceite MOBIL 5w30 sintético ',8.00,'8',8300.00,66400.00,0.00,0.00,0.00,2,13944.00,80344.00,'2024-08-03 11:52:32','2024-08-03 11:52:32','',NULL),(60,9183,56,'Mano de obra',1.00,'8',24793.39,24793.39,0.00,0.00,0.00,2,5206.61,30000.00,'2024-08-03 11:52:32','2024-08-03 11:52:32','',NULL),(61,9183,56,'Control de neumáticos',1.00,'8',0.01,0.01,0.00,0.00,0.00,7,0.00,0.01,'2024-08-03 11:52:32','2024-08-03 11:52:32','',NULL),(62,9183,56,'Control líquido refrigerante',1.00,'8',0.01,0.01,0.00,0.00,0.00,7,0.00,0.01,'2024-08-03 11:52:32','2024-08-03 11:52:32','',NULL),(75,9183,61,'Cambio aceite Focus 1.8',1.00,'8',52314.05,52314.05,0.00,0.00,0.00,2,10985.95,63300.00,'2024-08-06 14:06:28','2024-08-06 14:06:28','',NULL),(76,9183,62,'foco marca osram h7 12v',2.00,'8',9200.00,18400.00,0.00,0.00,0.00,7,0.00,18400.00,'2024-08-14 10:59:12','2024-08-14 10:59:12','',NULL),(77,9183,63,'5 LITROS ACEITE 15W40',1.00,'8',16500.00,16500.00,0.00,0.00,0.00,7,0.00,16500.00,'2024-08-14 12:35:35','2024-08-14 12:35:35','',NULL);
INSERT INTO `fact_elec_receipt_details` VALUES (78,7216,64,'Servicios contables prestados ',1.00,'8',350000.00,350000.00,0.00,0.00,0.00,7,0.00,350000.00,'2024-08-15 11:58:01','2024-08-15 11:58:01','',NULL),(79,9183,65,'Aceite Puma 15w40',5.00,'8',2727.28,13636.40,0.00,0.00,0.00,2,2863.64,16500.04,'2024-08-21 13:55:07','2024-08-21 13:55:07','',NULL),(80,7216,66,'Servicios contables prestados durante el mes Julio',1.00,'8',15000.00,15000.00,0.00,0.00,0.00,7,0.00,15000.00,'2024-08-22 11:22:16','2024-08-22 11:22:16','',NULL),(81,7216,67,'Servicios contables prestados durante los mese de Mayo/Junio/Julio',3.00,'8',10000.00,30000.00,0.00,0.00,0.00,7,0.00,30000.00,'2024-08-22 11:34:29','2024-08-22 11:34:29','',NULL),(82,7216,68,'Neumatico 295/80r22.5',6.00,'8',886480.00,5318880.00,0.00,0.00,0.00,2,1116964.80,6435844.80,'2024-08-30 22:13:41','2024-08-30 22:13:41','',NULL),(83,7216,69,'Neumático 275/60R20',6.00,'8',712334.00,4274004.00,0.00,0.00,0.00,2,897540.84,5171544.84,'2024-08-30 22:19:28','2024-08-30 22:19:28','',NULL),(84,7216,70,'Aceite 205 Lt.  15w40',2.00,'8',945530.00,1891060.00,0.00,0.00,0.00,2,397122.60,2288182.60,'2024-08-30 22:42:08','2024-08-30 22:42:08','',NULL),(85,7216,70,'Aceite De Caja Hipoidal 75w80 Tambor De 200 Lt',1.00,'8',1958525.00,1958525.00,0.00,0.00,0.00,2,411290.25,2369815.25,'2024-08-30 22:42:08','2024-08-30 22:42:08','',NULL),(86,9183,71,'silicona',1.00,'8',11448.00,11448.00,0.00,0.00,0.00,2,2404.08,13852.08,'2024-09-09 21:05:55','2024-09-09 21:05:55','',NULL),(87,9183,72,'Aceite 5w30',1.00,'8',32338.88,32338.88,0.00,0.00,0.00,2,6791.16,39130.04,'2024-09-09 21:08:12','2024-09-09 21:08:12','',NULL),(88,7216,73,'Honorarios Contables prestados durante el mes de Agosto ',1.00,'8',350000.00,350000.00,0.00,0.00,0.00,7,0.00,350000.00,'2024-09-12 10:34:09','2024-09-12 10:34:09','',NULL),(89,7216,74,'Kit Filtros\nFiltro Aire - Filtro Aceite - Filtro Habitaculo',1.00,'8',23801.65,23801.65,0.00,0.00,0.00,2,4998.35,28800.00,'2024-09-19 11:09:24','2024-09-19 11:09:24','',NULL),(90,7216,74,'Aceite 5W 30 Shell Helix Ultra Sintetico - Recomendado Fabrica',4.00,'6',12868.10,51472.40,0.00,0.00,0.00,2,10809.20,62281.60,'2024-09-19 11:09:24','2024-09-19 11:09:24','',NULL),(91,7216,74,'Mano de Obra',1.00,'8',20661.16,20661.16,0.00,0.00,0.00,2,4338.84,25000.00,'2024-09-19 11:09:24','2024-09-19 11:09:24','',NULL),(92,9183,75,'KIT FILTROS AMAROK 2.0',1.00,'8',86280.99,86280.99,0.00,0.00,0.00,2,18119.01,104400.00,'2024-09-24 17:58:12','2024-09-24 17:58:12','',NULL),(93,9183,75,'ACEITE 5W30 MOBIL ',8.00,'8',8084.72,64677.76,0.00,0.00,0.00,2,13582.33,78260.09,'2024-09-24 17:58:12','2024-09-24 17:58:12','',NULL),(94,9183,76,'Neumatico 295/80 R22.5',4.00,'8',604132.23,2416528.92,0.00,0.00,0.00,2,507471.07,2923999.99,'2024-09-25 18:14:43','2024-09-25 18:14:43','',NULL),(95,9183,77,'Kit Filtros - Aire -  Aceite - Combustible - Habitaculo',1.00,'8',28429.75,28429.75,0.00,0.00,0.00,2,5970.25,34400.00,'2024-09-30 11:05:35','2024-09-30 11:05:35','',NULL),(96,9183,77,'Aceite 5W30 Movil Super 3000',4.00,'8',6859.51,27438.04,0.00,0.00,0.00,2,5761.99,33200.03,'2024-09-30 11:05:35','2024-09-30 11:05:35','',NULL),(97,9183,77,'Bujia Encendido - SAVEIRO 1.6',4.00,'8',7644.63,30578.52,0.00,0.00,0.00,2,6421.49,37000.01,'2024-09-30 11:05:35','2024-09-30 11:05:35','',NULL),(98,9183,77,'Mano de Obra',1.00,'8',20661.16,20661.16,0.00,0.00,0.00,2,4338.84,25000.00,'2024-09-30 11:05:35','2024-09-30 11:05:35','',NULL),(99,9183,78,'Servicio de Lavado -Chevrolet - Montana ',1.00,'8',15000.00,15000.00,0.00,0.00,0.00,2,3150.00,18150.00,'2024-09-30 11:10:54','2024-09-30 11:10:54','',NULL),(100,9183,79,'Servicio de Lavado - Toyota Hilux - Transito ',1.00,'8',15000.00,15000.00,0.00,0.00,0.00,2,3150.00,18150.00,'2024-09-30 11:23:44','2024-09-30 11:23:44','',NULL),(101,9183,80,'Servicio de Lavado - Toyota Hilux',1.00,'8',17000.00,17000.00,0.00,0.00,0.00,2,3570.00,20570.00,'2024-09-30 11:25:09','2024-09-30 11:25:09','',NULL);
INSERT INTO `fact_elec_receipt_details` VALUES (102,9183,81,'Servicio de Lavado - Toyota Hilux transito',1.00,'8',17000.00,17000.00,0.00,0.00,0.00,2,3570.00,20570.00,'2024-09-30 11:26:34','2024-09-30 11:26:34','',NULL),(103,9183,82,'1 SILICONA KANTON 260G \n1 PAÑO MICROFIBRA 40X80\n',1.00,'8',12975.00,12975.00,0.00,0.00,0.00,2,2724.75,15699.75,'2024-09-30 19:20:52','2024-09-30 19:20:52','',NULL),(104,7216,83,'Servicios Contables prestados ',1.00,'8',350000.00,350000.00,0.00,0.00,0.00,7,0.00,350000.00,'2024-10-09 10:43:53','2024-10-09 10:43:53','',NULL),(105,9183,84,'LAMPARA 24V H4',2.00,'8',10886.00,21772.00,0.00,0.00,0.00,2,4572.12,26344.12,'2024-10-17 11:31:37','2024-10-17 11:31:37','1',NULL),(106,9183,85,'SERVICE RANGER 2.2',1.00,'8',140165.28,140165.28,0.00,0.00,0.00,2,29434.71,169599.99,'2024-10-17 20:16:45','2024-10-17 20:16:45','',NULL),(107,9183,86,'Lavado Toyota Hilux - Transito ',2.00,'8',17000.00,34000.00,0.00,0.00,0.00,2,7140.00,41140.00,'2024-10-18 11:54:11','2024-10-18 11:54:11','',NULL),(108,9183,87,'EMULSION PERFUMADA GATILLON ',1.00,'8',7855.00,7855.00,0.00,0.00,0.00,2,1649.55,9504.55,'2024-10-19 11:52:52','2024-10-19 11:52:52','',NULL),(109,9183,88,'KIT FILTROS AMAROK 2.0 - AIRE - ACEITE - HABITACULO - COMBUSTIBLE',1.00,'8',88760.33,88760.33,0.00,0.00,0.00,2,18639.67,107400.00,'2024-10-21 16:33:13','2024-10-21 16:33:13','',NULL),(110,9183,88,'ACEITE 5W30 MOBIL SUPER 3.000',8.00,'8',6860.00,54880.00,0.00,0.00,0.00,2,11524.80,66404.80,'2024-10-21 16:33:13','2024-10-21 16:33:13','',NULL),(111,9183,88,'MANO DE OBRA',1.00,'8',24793.39,24793.39,0.00,0.00,0.00,2,5206.61,30000.00,'2024-10-21 16:33:13','2024-10-21 16:33:13','',NULL),(112,9183,89,'Service virtus 1.6',1.00,'8',119118.18,119118.18,0.00,0.00,0.00,2,25014.82,144133.00,'2024-10-23 14:47:21','2024-10-23 14:47:21','',NULL),(113,9183,90,'1 FILTRO COMBUSTIBLE MANN WK 1040',1.00,'8',43906.00,43906.00,0.00,0.00,0.00,2,9220.26,53126.26,'2024-10-31 16:41:48','2024-10-31 16:41:48','',NULL),(114,9183,91,'ACEITE HIDRAULICO ATF',1.00,'6',7686.00,7686.00,0.00,0.00,0.00,2,1614.06,9300.06,'2024-11-01 09:55:44','2024-11-01 09:55:44','',NULL),(115,9183,91,'ACEITE 15W40',10.50,'6',3305.79,34710.79,0.00,0.00,0.00,2,7289.27,42000.06,'2024-11-01 09:55:44','2024-11-01 09:55:44','',NULL),(116,9183,91,'AZUL 32 AXION',310.00,'6',991.73,307436.30,0.00,0.00,0.00,2,64561.62,371997.92,'2024-11-01 09:55:44','2024-11-01 09:55:44','',NULL),(117,9183,91,'SHAMPOO 500ML',1.00,'8',2728.88,2728.88,0.00,0.00,0.00,2,573.06,3301.94,'2024-11-01 09:55:44','2024-11-01 09:55:44','',NULL),(118,9183,91,'EMULSIÓN PERFUMADA 500CC',1.00,'8',6694.23,6694.23,0.00,0.00,0.00,2,1405.79,8100.02,'2024-11-01 09:55:44','2024-11-01 09:55:44','',NULL),(119,9183,92,'AZUL 32 AXION',138.00,'6',991.74,136860.12,0.00,0.00,0.00,2,28740.63,165600.75,'2024-11-01 10:36:18','2024-11-01 10:36:18','',NULL),(120,9183,92,'PERFUMINA 60ML',1.00,'8',2976.00,2976.00,0.00,0.00,0.00,2,624.96,3600.96,'2024-11-01 10:36:18','2024-11-01 10:36:18','',NULL),(121,9183,93,'Arreglo filtro aceite - Peugeot Expert',1.00,'8',33884.30,33884.30,0.00,0.00,0.00,2,7115.70,41000.00,'2024-11-05 11:00:23','2024-11-05 11:00:23','',NULL),(122,9183,94,'AXION 32',10.00,'8',992.00,9920.00,0.00,0.00,0.00,2,2083.20,12003.20,'2024-11-07 15:50:36','2024-11-07 15:50:36','',NULL),(123,9183,95,'LUBRICANTE MICHELIN 330 ML',1.00,'8',9500.00,9500.00,0.00,0.00,0.00,2,1995.00,11495.00,'2024-11-12 20:04:33','2024-11-12 20:04:33','',NULL),(124,9183,95,'KIT FUSIBLES ',1.00,'8',8017.00,8017.00,0.00,0.00,0.00,2,1683.57,9700.57,'2024-11-12 20:04:33','2024-11-12 20:04:33','',NULL),(125,9183,96,'1 FOCO OSRAM H7',1.00,'8',16529.00,16529.00,0.00,0.00,0.00,2,3471.09,20000.09,'2024-11-13 15:01:02','2024-11-13 15:01:02','',NULL),(126,9183,97,'CAMBIO FILTROS COMBUSTIBLE ',1.00,'8',8264.90,8264.90,0.00,0.00,0.00,2,1735.63,10000.53,'2024-11-14 19:20:15','2024-11-14 19:20:15','',NULL),(127,9183,97,'REFRIGERANTE ',2.00,'6',6000.00,12000.00,0.00,0.00,0.00,2,2520.00,14520.00,'2024-11-14 19:20:15','2024-11-14 19:20:15','',NULL);
INSERT INTO `fact_elec_receipt_details` VALUES (128,9183,97,'ACEITE 15W40 PUMA',2.00,'6',3500.00,7000.00,0.00,0.00,0.00,2,1470.00,8470.00,'2024-11-14 19:20:15','2024-11-14 19:20:15','',NULL),(129,9183,97,'ACEITE DIFERENCIAL',1.50,'6',3857.80,5786.70,0.00,0.00,0.00,2,1215.21,7001.91,'2024-11-14 19:20:15','2024-11-14 19:20:15','',NULL),(130,9183,98,'ACEITE 15W40 PUMA',3.00,'6',3306.00,9918.00,0.00,0.00,0.00,2,2082.78,12000.78,'2024-11-14 19:24:42','2024-11-14 19:24:42','',NULL),(131,9183,99,'FILTRO COMBUSTIBLE HILUX 2.8',1.00,'8',22580.00,22580.00,0.00,0.00,0.00,2,4741.80,27321.80,'2024-11-16 20:15:15','2024-11-16 20:15:15','',NULL),(132,9183,99,'MANO DE OBRA',1.00,'8',12400.00,12400.00,0.00,0.00,0.00,2,2604.00,15004.00,'2024-11-16 20:15:15','2024-11-16 20:15:15','',NULL),(133,9183,100,'1 LIQUIDO FRENO BARDHAL 350ML',1.00,'8',6777.00,6777.00,0.00,0.00,0.00,2,1423.17,8200.17,'2024-11-19 18:34:31','2024-11-19 18:34:31','',NULL),(134,9183,100,'1 CINTA AISLADORA',1.00,'8',2480.00,2480.00,0.00,0.00,0.00,2,520.80,3000.80,'2024-11-19 18:34:31','2024-11-19 18:34:31','',NULL),(135,9183,101,'REPUESTOS FORD \n-RANGER 2.8 2002',1.00,'8',937315.70,937315.70,0.00,0.00,0.00,2,196836.30,1134152.00,'2024-11-20 18:05:32','2024-11-20 18:05:32','',NULL),(136,9183,102,'1 FILTRO COMBUSTIBLE MANN FILTER  WK 1060/1',1.00,'8',66116.00,66116.00,0.00,0.00,0.00,2,13884.36,80000.36,'2024-11-21 11:51:33','2024-11-21 11:51:33','',NULL),(137,9183,102,'MANO DE OBRA',1.00,'8',20667.00,20667.00,0.00,0.00,0.00,2,4340.07,25007.07,'2024-11-21 11:51:33','2024-11-21 11:51:33','',NULL),(138,7216,103,'Servicios contables prestados durante el mes de septiembre 2024',1.00,'8',350000.00,350000.00,0.00,0.00,0.00,7,0.00,350000.00,'2024-11-27 13:37:12','2024-11-27 13:37:12','',NULL),(139,9183,104,'SERVICE AMAROK \nSERVICER CORSA 1.4',1.00,'8',236026.44,236026.44,0.00,0.00,0.00,2,49565.55,285591.99,'2024-11-27 14:35:39','2024-11-27 14:35:39','',NULL),(140,9183,105,'silicona para autos perfumada 400cc',1.00,'8',6281.00,6281.00,0.00,0.00,0.00,2,1319.01,7600.01,'2024-11-29 10:23:12','2024-11-29 10:23:12','',NULL),(141,9183,106,'TAPA FUGAS DE RADIADOR 160ML',2.00,'8',6488.00,12976.00,0.00,0.00,0.00,2,2724.96,15700.96,'2024-11-29 11:07:53','2024-11-29 11:07:53','',NULL),(142,9183,107,'LAVADO CAMIONETA TOYOTA',3.00,'8',20000.00,60000.00,0.00,0.00,0.00,8,0.00,60000.00,'2024-11-29 12:54:53','2024-11-29 12:54:53','',NULL),(143,9183,108,'ANULO FCT 37',3.00,'8',20000.00,60000.00,0.00,0.00,0.00,8,0.00,60000.00,'2024-11-29 18:41:53','2024-11-29 18:41:53','',NULL),(144,9183,109,'TRES LAVADOS CAMIONETA',3.00,'8',24200.00,72600.00,0.00,0.00,0.00,8,0.00,72600.00,'2024-11-29 18:44:26','2024-11-29 18:44:26','',NULL),(145,9183,110,'COMPRESOR AIRE TECTOR IVECO',1.00,'8',635557.00,635557.00,0.00,0.00,0.00,2,133466.97,769023.97,'2024-11-29 18:55:08','2024-11-29 18:55:08','',NULL),(146,9183,110,'BOMBA DE AGUA + JUNTA',1.00,'8',166763.00,166763.00,0.00,0.00,0.00,2,35020.23,201783.23,'2024-11-29 18:55:08','2024-11-29 18:55:08','',NULL),(147,9183,110,'AZUL 32 SHELL',115.00,'8',1145.45,131726.75,0.00,0.00,0.00,2,27662.62,159389.37,'2024-11-29 18:55:08','2024-11-29 18:55:08','',NULL),(148,9183,110,'REFRIGERANTE BERDAHL',15.00,'8',5410.00,81150.00,0.00,0.00,0.00,2,17041.50,98191.50,'2024-11-29 18:55:08','2024-11-29 18:55:08','',NULL),(149,9183,110,'PRECINTOS CROSSMASTER',1.00,'8',6570.00,6570.00,0.00,0.00,0.00,2,1379.70,7949.70,'2024-11-29 18:55:08','2024-11-29 18:55:08','',NULL),(150,9183,110,'ACEITE HIDRAULICO ATF MOBIL',1.00,'8',9300.00,9300.00,0.00,0.00,0.00,2,1953.00,11253.00,'2024-11-29 18:55:08','2024-11-29 18:55:08','',NULL),(151,9183,110,'MANO DE OBRA TAPON',1.00,'8',11958.88,11958.88,0.00,0.00,0.00,2,2511.36,14470.24,'2024-11-29 18:55:08','2024-11-29 18:55:08','',NULL),(152,9183,111,'KIT FILTROS RANGER 2.2 ',1.00,'8',46010.00,46010.00,0.00,0.00,0.00,2,9662.10,55672.10,'2024-12-02 17:06:49','2024-12-02 17:06:49','',NULL);
INSERT INTO `fact_elec_receipt_details` VALUES (153,9183,111,'ACEITE 5W30 MOBIL SUPER 3.000',8.00,'6',7355.40,58843.20,0.00,0.00,0.00,2,12357.07,71200.27,'2024-12-02 17:06:49','2024-12-02 17:06:49','',NULL),(154,9183,112,'UREA SHELL 362L NOVIEMBRE',362.00,'8',1145.45,414652.90,0.00,0.00,0.00,2,87077.11,501730.01,'2024-12-02 19:26:54','2024-12-02 19:26:54','',NULL),(155,9183,112,'ACEITE PUMA 15W40 4L',4.00,'8',3305.79,13223.16,0.00,0.00,0.00,2,2776.86,16000.02,'2024-12-02 19:26:54','2024-12-02 19:26:54','',NULL),(156,9183,112,'HIDRAULICO ATF MOBIL 2.25L',2.25,'8',9300.00,20925.00,0.00,0.00,0.00,7,0.00,20925.00,'2024-12-02 19:26:54','2024-12-02 19:26:54','',NULL),(157,9183,112,'PRECINTOS CROSSMASTER',1.00,'8',7355.37,7355.37,0.00,0.00,0.00,2,1544.63,8900.00,'2024-12-02 19:26:54','2024-12-02 19:26:54','',NULL),(158,9183,113,'ANULO FCT NRO 41',362.00,'8',1145.45,414652.90,0.00,0.00,0.00,2,87077.11,501730.01,'2024-12-02 19:47:00','2024-12-02 19:47:00','',NULL),(159,9183,113,'ANULO FCT NRO 41',4.00,'8',3305.79,13223.16,0.00,0.00,0.00,2,2776.86,16000.02,'2024-12-02 19:47:00','2024-12-02 19:47:00','',NULL),(160,9183,113,'ANULO FCT NRO 41',2.25,'8',9300.00,20925.00,0.00,0.00,0.00,7,0.00,20925.00,'2024-12-02 19:47:00','2024-12-02 19:47:00','',NULL),(161,9183,113,'ANULO FCT NRO 41',1.00,'8',7355.37,7355.37,0.00,0.00,0.00,2,1544.63,8900.00,'2024-12-02 19:47:00','2024-12-02 19:47:00','',NULL),(162,9183,114,'UREA SHELL 362L\nNOVIEMBRE',362.00,'8',1145.45,414652.90,0.00,0.00,0.00,2,87077.11,501730.01,'2024-12-02 19:54:46','2024-12-02 19:54:46','',NULL),(163,9183,114,'ACEITE PUMA 15W40 4L',4.00,'8',3305.79,13223.16,0.00,0.00,0.00,2,2776.86,16000.02,'2024-12-02 19:54:46','2024-12-02 19:54:46','',NULL),(164,9183,114,'HIDRAULICO ATF MOBIL\n2.25L',2.25,'8',7685.95,17293.39,0.00,0.00,0.00,2,3631.61,20925.00,'2024-12-02 19:54:46','2024-12-02 19:54:46','',NULL),(165,9183,114,'PRECINTOS\nCROSSMASTER',1.00,'8',7355.37,7355.37,0.00,0.00,0.00,2,1544.63,8900.00,'2024-12-02 19:54:46','2024-12-02 19:54:46','',NULL),(166,9183,115,'UREA SHELL 220L',220.00,'8',1145.46,252001.20,0.00,0.00,0.00,2,52920.25,304921.45,'2024-12-02 20:10:29','2024-12-02 20:10:29','',NULL),(167,9183,115,'2KIT FUSIBLES',2.00,'8',2975.21,5950.42,0.00,0.00,0.00,2,1249.59,7200.01,'2024-12-02 20:10:29','2024-12-02 20:10:29','',NULL),(168,9183,115,'GAMUZA IAEL MICROFIBRA',1.00,'8',2892.00,2892.00,0.00,0.00,0.00,2,607.32,3499.32,'2024-12-02 20:10:29','2024-12-02 20:10:29','',NULL),(169,9183,115,'SILICONA KANTON',1.00,'8',6280.99,6280.99,0.00,0.00,0.00,2,1319.01,7600.00,'2024-12-02 20:10:29','2024-12-02 20:10:29','',NULL),(170,9183,115,'FOCOS W2W 10U',1.00,'8',12396.70,12396.70,0.00,0.00,0.00,2,2603.31,15000.01,'2024-12-02 20:10:29','2024-12-02 20:10:29','',NULL),(171,9183,116,'ACEITE 10W40 MOBIL DELVAC MODERN ',4.00,'6',8553.72,34214.88,0.00,0.00,0.00,2,7185.12,41400.00,'2024-12-02 20:31:04','2024-12-02 20:31:04','',NULL),(172,9183,117,'ACEITE 85W140 PUMA ',5.00,'6',4793.40,23967.00,0.00,0.00,0.00,2,5033.07,29000.07,'2024-12-04 18:39:46','2024-12-04 18:39:46','',NULL),(173,9183,118,'CORREA 13A1575',2.00,'8',27438.02,54876.04,0.00,0.00,0.00,2,11523.97,66400.01,'2024-12-14 08:45:48','2024-12-14 08:45:48','',NULL),(174,9183,119,'TAPA FUGAS RADIADOR',4.00,'8',6694.27,26777.08,0.00,0.00,0.00,2,5623.19,32400.27,'2024-12-15 12:36:41','2024-12-15 12:36:41','',NULL),(175,9183,120,'ENGRASE AF 223 EJ',1.00,'8',20661.16,20661.16,0.00,0.00,0.00,2,4338.84,25000.00,'2024-12-16 19:29:57','2024-12-16 19:29:57','',NULL),(176,9183,121,'FARO OSRAM H7 24V',2.00,'8',15250.00,30500.00,0.00,0.00,0.00,2,6405.00,36905.00,'2024-12-16 20:32:06','2024-12-16 20:32:06','',NULL),(177,9183,122,'ADITIVO LIQUI MOLY SUPER DIESEL ADDITIVE ',1.00,'8',19422.00,19422.00,0.00,0.00,0.00,2,4078.62,23500.62,'2024-12-19 11:17:50','2024-12-19 11:17:50','',NULL),(178,9183,122,'LIMPIA INYECTORES DIESEL PITTS 1L ',1.00,'8',27288.30,27288.30,0.00,0.00,0.00,2,5730.54,33018.84,'2024-12-19 11:17:50','2024-12-19 11:17:50','',NULL);
INSERT INTO `fact_elec_receipt_details` VALUES (179,9183,123,'FILTRO AIRE MAHLE LX2532',1.00,'8',22900.00,22900.00,0.00,0.00,0.00,2,4809.00,27709.00,'2024-12-23 12:03:39','2024-12-23 12:03:39','',NULL),(180,9183,123,'FILTRO ACEITE MAHLE OC613',1.00,'8',23900.00,23900.00,0.00,0.00,0.00,2,5019.00,28919.00,'2024-12-23 12:03:39','2024-12-23 12:03:39','',NULL),(181,9183,123,'FILTRO COMBUSTIBLE FCD2096',1.00,'8',31600.00,31600.00,0.00,0.00,0.00,2,6636.00,38236.00,'2024-12-23 12:03:39','2024-12-23 12:03:39','',NULL),(182,9183,124,'ACEITE 10w40 SHELL',8.00,'8',5500.00,44000.00,0.00,0.00,0.00,2,9240.00,53240.00,'2024-12-23 18:50:20','2024-12-23 18:50:20','',NULL),(183,9183,124,'FILTROS BOSCH',1.00,'8',40000.00,40000.00,0.00,0.00,0.00,2,8400.00,48400.00,'2024-12-23 18:50:20','2024-12-23 18:50:20','',NULL),(184,9183,125,'ACEITE DE CAJA 80W90',5.00,'8',5702.40,28512.00,0.00,0.00,0.00,2,5987.52,34499.52,'2024-12-23 19:01:31','2024-12-23 19:01:31','',NULL),(185,9183,126,'ACEITE SHELL RIMULA R4 PLUS 20L',2.00,'8',119840.00,239680.00,0.00,0.00,0.00,2,50332.80,290012.80,'2024-12-26 09:20:37','2024-12-26 09:20:37','',NULL),(186,9183,126,'CAMBIO DE ACEITE Y FILTROS',1.00,'8',49600.00,49600.00,0.00,0.00,0.00,2,10416.00,60016.00,'2024-12-26 09:20:37','2024-12-26 09:20:37','',NULL),(187,9183,127,'LIMPIA MOTORES LIQUI MOLY',1.00,'8',21600.00,21600.00,0.00,0.00,0.00,2,4536.00,26136.00,'2024-12-26 13:27:53','2024-12-26 13:27:53','',NULL),(188,9183,127,'ACEITE 10W40 CASTROL 4L',1.00,'8',39300.00,39300.00,0.00,0.00,0.00,2,8253.00,47553.00,'2024-12-26 13:27:53','2024-12-26 13:27:53','',NULL),(189,9183,127,'FILTRO ACEITE GOL TREND',1.00,'8',8530.00,8530.00,0.00,0.00,0.00,2,1791.30,10321.30,'2024-12-26 13:27:53','2024-12-26 13:27:53','',NULL),(190,9183,128,'ACOMPLE RAPIDO AIRE',1.00,'8',6199.00,6199.00,0.00,0.00,0.00,2,1301.79,7500.79,'2024-12-27 09:55:53','2024-12-27 09:55:53','',NULL),(191,9183,129,'SERVICIO LAVADO VEHICULO CAMIONETA ORDEN N°44693',3.00,'8',24200.00,72600.00,0.00,0.00,0.00,8,0.00,72600.00,'2024-12-30 10:07:59','2024-12-30 10:07:59','',NULL),(192,9183,130,'SERVICIO DE LAVADO CAMIONETA ORDEN N°44659',1.00,'8',24200.00,24200.00,0.00,0.00,0.00,8,0.00,24200.00,'2024-12-30 10:26:09','2024-12-30 10:26:09','',NULL),(193,9183,131,'CAMBIO AMORTIGUADORES DELANTEROS Y TRASEROS AMAROK',1.00,'8',123967.00,123967.00,0.00,0.00,0.00,2,26033.07,150000.07,'2024-12-30 13:25:18','2024-12-30 13:25:18','',NULL),(194,9183,131,'REVITALIZADOR SILICONA',1.00,'8',6447.00,6447.00,0.00,0.00,0.00,2,1353.87,7800.87,'2024-12-30 13:25:18','2024-12-30 13:25:18','',NULL),(195,9183,131,'PAÑO MICROFIBRA',1.00,'8',2173.59,2173.59,0.00,0.00,0.00,2,456.45,2630.04,'2024-12-30 13:25:18','2024-12-30 13:25:18','',NULL),(196,9183,132,'Neumático',1.00,'8',1034000.00,1034000.00,0.00,0.00,0.00,2,217140.00,1251140.00,'2024-12-31 11:50:07','2024-12-31 11:50:07','',NULL),(197,9183,133,'UREA',304.00,'8',1145.45,348216.80,0.00,0.00,0.00,2,73125.53,421342.33,'2025-01-02 19:49:30','2025-01-02 19:49:30','',NULL),(198,9183,133,'1 CHALECO',1.00,'8',7851.24,7851.24,0.00,0.00,0.00,2,1648.76,9500.00,'2025-01-02 19:49:30','2025-01-02 19:49:30','',NULL),(199,9183,133,'ENGRASE 1/2KG',1.00,'8',24793.39,24793.39,0.00,0.00,0.00,2,5206.61,30000.00,'2025-01-02 19:49:30','2025-01-02 19:49:30','',NULL),(200,9183,133,'ACEITE PUMA 15W40',3.00,'8',3471.08,10413.24,0.00,0.00,0.00,2,2186.78,12600.02,'2025-01-02 19:49:30','2025-01-02 19:49:30','',NULL),(201,9183,134,'UREA SHELL DICIEMBRE',85.00,'8',1145.46,97364.10,0.00,0.00,0.00,2,20446.46,117810.56,'2025-01-02 20:01:04','2025-01-02 20:01:04','',NULL),(202,9183,135,'LAMPARA H7 24V OSRAM',2.00,'8',14711.99,29423.98,0.00,0.00,0.00,2,6179.04,35603.02,'2025-01-02 21:50:42','2025-01-02 21:50:42','',NULL),(203,9183,136,'REFRIGERANTE TOTAL 1L',3.00,'8',9500.99,28502.97,0.00,0.00,0.00,2,5985.62,34488.59,'2025-01-03 09:16:05','2025-01-03 09:16:05','',NULL),(204,9183,136,'AGUA DESTILADA 5L',4.00,'8',4149.00,16596.00,0.00,0.00,0.00,2,3485.16,20081.16,'2025-01-03 09:16:05','2025-01-03 09:16:05','',NULL);
INSERT INTO `fact_elec_receipt_details` VALUES (205,9183,137,'LAMPARA H1 70 24V',2.00,'8',10743.80,21487.60,0.00,0.00,0.00,2,4512.40,26000.00,'2025-01-03 20:12:15','2025-01-03 20:12:15','',NULL),(206,9183,138,'KIT FILTROS DUTY',1.00,'8',114090.91,114090.91,0.00,0.00,0.00,2,23959.09,138050.00,'2025-01-03 21:17:22','2025-01-03 21:17:22','',NULL),(207,9183,138,'ACEITE CASTROL 15W40',4.50,'8',5483.47,24675.62,0.00,0.00,0.00,2,5181.88,29857.50,'2025-01-03 21:17:22','2025-01-03 21:17:22','',NULL),(208,9183,138,'MANO DE OBRA SERVICE',1.00,'8',28925.62,28925.62,0.00,0.00,0.00,2,6074.38,35000.00,'2025-01-03 21:17:22','2025-01-03 21:17:22','',NULL),(209,9183,139,'ACEITE PUMA 85W140',8.00,'8',6833.67,54669.36,0.00,0.00,0.00,2,11480.57,66149.93,'2025-01-06 10:28:32','2025-01-06 10:28:32','',NULL),(210,9183,139,'MANO DE OBRA',1.00,'8',16528.93,16528.93,0.00,0.00,0.00,2,3471.08,20000.01,'2025-01-06 10:28:32','2025-01-06 10:28:32','',NULL),(211,9183,140,'aceite 85w140',0.50,'8',4959.00,2479.50,0.00,0.00,0.00,2,520.70,3000.20,'2025-01-06 10:55:31','2025-01-06 10:55:31','',NULL),(212,9183,141,'UREA SHELL',130.00,'8',1145.45,148908.50,0.00,0.00,0.00,2,31270.78,180179.28,'2025-01-06 19:52:10','2025-01-06 19:52:10','',NULL),(213,9183,141,'10 FOCOS COMUN',1.00,'8',14049.59,14049.59,0.00,0.00,0.00,2,2950.41,17000.00,'2025-01-06 19:52:10','2025-01-06 19:52:10','',NULL),(214,9183,141,'3 FOCOS H7',1.00,'8',23739.67,23739.67,0.00,0.00,0.00,2,4985.33,28725.00,'2025-01-06 19:52:10','2025-01-06 19:52:10','',NULL),(215,9183,141,'FILTRO DE AIRE IVECO',1.00,'8',36776.86,36776.86,0.00,0.00,0.00,2,7723.14,44500.00,'2025-01-06 19:52:10','2025-01-06 19:52:10','',NULL),(216,9183,141,'FILTRO HABITÁCULO IVECO',1.00,'8',28713.22,28713.22,0.00,0.00,0.00,2,6029.78,34743.00,'2025-01-06 19:52:10','2025-01-06 19:52:10','',NULL),(217,9183,141,'1.5L REFRIGERANTE',1.00,'8',8115.70,8115.70,0.00,0.00,0.00,2,1704.30,9820.00,'2025-01-06 19:52:10','2025-01-06 19:52:10','',NULL),(218,9183,141,'ACCESORIOS CAMION',1.00,'8',36421.49,36421.49,0.00,0.00,0.00,2,7648.51,44070.00,'2025-01-06 19:52:10','2025-01-06 19:52:10','',NULL),(219,9183,142,'5L 15W40 CASTROL',5.00,'8',5483.47,27417.35,0.00,0.00,0.00,2,5757.64,33174.99,'2025-01-07 10:25:41','2025-01-07 10:25:41','',NULL),(220,9183,143,'BATERIA 45 BOSCH',1.00,'8',123966.94,123966.94,0.00,0.00,0.00,2,26033.06,150000.00,'2025-01-07 20:53:26','2025-01-07 20:53:26','',NULL),(221,9183,143,'PASTILLA DE FRENOS ',1.00,'8',16528.92,16528.92,0.00,0.00,0.00,2,3471.07,19999.99,'2025-01-07 20:53:26','2025-01-07 20:53:26','',NULL),(222,9183,143,'CAMBIO PASTILLAS DE FRENO Y DISCOS',1.00,'8',24793.38,24793.38,0.00,0.00,0.00,2,5206.61,29999.99,'2025-01-07 20:53:26','2025-01-07 20:53:26','',NULL),(223,9183,143,'DISCOS DE FRENO',1.00,'8',89586.77,89586.77,0.00,0.00,0.00,2,18813.22,108399.99,'2025-01-07 20:53:26','2025-01-07 20:53:26','',NULL),(224,9183,144,'PULVERIZADOR',1.00,'8',2892.56,2892.56,0.00,0.00,0.00,2,607.44,3500.00,'2025-01-09 11:43:00','2025-01-09 11:43:00','',NULL),(225,9183,145,'FILTRO ACEITE PEUGEOT',1.00,'8',10368.51,10368.51,0.00,0.00,0.00,2,2177.39,12545.90,'2025-01-09 20:48:37','2025-01-09 20:48:37','',NULL),(226,9183,145,'ACEITE CASTROL 5W40 MAGNATEC 4L',1.00,'8',62804.95,62804.95,0.00,0.00,0.00,2,13189.04,75993.99,'2025-01-09 20:48:37','2025-01-09 20:48:37','',NULL),(227,9183,146,'SERVICIO DE LAVADO EQUIPO COMPLETO',1.00,'8',60000.00,60000.00,0.00,0.00,0.00,2,12600.00,72600.00,'2025-01-10 16:27:26','2025-01-10 16:27:26','',NULL),(228,9183,147,'RIMULA R4 20L',1.00,'8',105785.12,105785.12,0.00,0.00,0.00,2,22214.88,128000.00,'2025-01-14 10:57:30','2025-01-14 10:57:30','',NULL),(229,9183,148,'GRASA SHELL',2.00,'8',17268.59,34537.18,0.00,0.00,0.00,2,7252.81,41789.99,'2025-01-14 19:49:38','2025-01-14 19:49:38','',NULL),(230,9183,149,'SERVICIO LAVADO EQUIPO COMPLETO',1.00,'8',60000.00,60000.00,0.00,0.00,0.00,2,12600.00,72600.00,'2025-01-15 10:27:40','2025-01-15 10:27:40','',NULL);
INSERT INTO `fact_elec_receipt_details` VALUES (231,9183,150,'LAVA PARABRISAS BARDHAL',1.00,'8',4628.09,4628.09,0.00,0.00,0.00,2,971.90,5599.99,'2025-01-16 19:13:43','2025-01-16 19:13:43','',NULL),(232,9183,151,'LAMPARA H7 24V',2.00,'8',16528.93,33057.86,0.00,0.00,0.00,2,6942.15,40000.01,'2025-01-19 13:52:35','2025-01-19 13:52:35','',NULL),(233,9183,152,'KIT FILTROS AMAROK 2.0 ',1.00,'8',89157.03,89157.03,0.00,0.00,0.00,2,18722.98,107880.01,'2025-01-20 16:33:40','2025-01-20 16:33:40','',NULL),(234,9183,152,'ACEITE 5W30 SHELL HELIX',8.00,'6',12210.75,97686.00,0.00,0.00,0.00,2,20514.06,118200.06,'2025-01-20 16:33:40','2025-01-20 16:33:40','',NULL),(235,9183,152,'MANO DE OBRA SERVICE ',1.00,'8',24793.39,24793.39,0.00,0.00,0.00,2,5206.61,30000.00,'2025-01-20 16:33:40','2025-01-20 16:33:40','',NULL),(236,9183,153,'SERVICE CAMIONETA PATENTE: AG314AT',1.00,'8',28925.62,28925.62,0.00,0.00,0.00,2,6074.38,35000.00,'2025-01-21 10:28:30','2025-01-21 10:28:30','',NULL),(237,9183,153,'KIT FILTROS',1.00,'8',65619.84,65619.84,0.00,0.00,0.00,2,13780.17,79400.01,'2025-01-21 10:28:30','2025-01-21 10:28:30','',NULL),(238,9183,153,'ACEITE 5W30 SHELL HELIX',8.00,'8',12210.75,97686.00,0.00,0.00,0.00,2,20514.06,118200.06,'2025-01-21 10:28:30','2025-01-21 10:28:30','',NULL),(239,9183,154,'RIMULA R4 20L',1.00,'8',105785.12,105785.12,0.00,0.00,0.00,2,22214.88,128000.00,'2025-01-21 16:15:50','2025-01-21 16:15:50','',NULL),(240,9183,155,'FILTRO HABITACULO HILUX',1.00,'8',9090.91,9090.91,0.00,0.00,0.00,2,1909.09,11000.00,'2025-01-21 18:26:42','2025-01-21 18:26:42','',NULL),(241,9183,155,'ACEITE 10W40 MOBIL SUPER 2.000',5.00,'8',5801.66,29008.30,0.00,0.00,0.00,2,6091.74,35100.04,'2025-01-21 18:26:42','2025-01-21 18:26:42','',NULL),(242,9183,156,'BOLILLERO + CORREA',1.00,'8',53719.10,53719.10,0.00,0.00,0.00,2,11281.01,65000.11,'2025-01-22 20:57:16','2025-01-22 20:57:16','',NULL),(243,9183,156,'TENSOR SKF ',1.00,'8',61983.48,61983.48,0.00,0.00,0.00,2,13016.53,75000.01,'2025-01-22 20:57:16','2025-01-22 20:57:16','',NULL),(244,9183,156,'ZAPATAS',4.00,'8',27892.00,111568.00,0.00,0.00,0.00,2,23429.28,134997.28,'2025-01-22 20:57:16','2025-01-22 20:57:16','',NULL),(245,9183,156,'RECTIFICACION',2.00,'8',22827.28,45654.56,0.00,0.00,0.00,2,9587.46,55242.02,'2025-01-22 20:57:16','2025-01-22 20:57:16','',NULL),(246,9183,156,'MANO DE OBRA',1.00,'8',70247.94,70247.94,0.00,0.00,0.00,2,14752.07,85000.01,'2025-01-22 20:57:16','2025-01-22 20:57:16','',NULL),(247,9183,157,'ACEITE SHELL SINTETICO 5W30',8.00,'8',8016.59,64132.72,0.00,0.00,0.00,2,13467.87,77600.59,'2025-01-22 21:17:16','2025-01-22 21:17:16','',NULL),(248,9183,157,'KIT DE FILTROS \n-COMBUSTIBLE\n-ACEITE\n-HABITACULO\n-AIRE',1.00,'8',128462.81,128462.81,0.00,0.00,0.00,2,26977.19,155440.00,'2025-01-22 21:17:16','2025-01-22 21:17:16','',NULL),(249,9183,157,'MANO DE OBRA',1.00,'8',24793.39,24793.39,0.00,0.00,0.00,2,5206.61,30000.00,'2025-01-22 21:17:16','2025-01-22 21:17:16','',NULL),(250,9183,158,'GRASA SHELL V220AD 2',1.00,'8',20661.16,20661.16,0.00,0.00,0.00,2,4338.84,25000.00,'2025-01-24 18:55:10','2025-01-24 18:55:10','',NULL),(251,9183,158,'-ACEITE CASTROL 15W40 \n-FILTRO COMBUSTIBLE BOSCH\n',1.00,'8',63314.05,63314.05,0.00,0.00,0.00,2,13295.95,76610.00,'2025-01-24 18:55:10','2025-01-24 18:55:10','',NULL),(252,9183,159,'aceite hidraulico 68',5.00,'8',5289.26,26446.30,0.00,0.00,0.00,2,5553.72,32000.02,'2025-01-27 09:43:07','2025-01-27 09:43:07','',NULL),(253,9183,160,'FILTRO ACEITE MAHLE KC 214',1.00,'8',25161.98,25161.98,0.00,0.00,0.00,2,5284.02,30446.00,'2025-01-27 11:54:24','2025-01-27 11:54:24','',NULL),(254,9183,160,'ACEITE 15W40 CASTROL ',4.00,'8',5454.55,21818.20,0.00,0.00,0.00,2,4581.82,26400.02,'2025-01-27 11:54:24','2025-01-27 11:54:24','',NULL),(255,9183,161,'CROSSMASTER CABALLETE 3.000KG',1.00,'8',48000.00,48000.00,0.00,0.00,0.00,2,10080.00,58080.00,'2025-01-28 21:15:47','2025-01-28 21:15:47','',NULL),(256,9183,161,'CROSSMASTER CALIBRE DIGITAL CARBONO',1.00,'8',15000.00,15000.00,0.00,0.00,0.00,2,3150.00,18150.00,'2025-01-28 21:15:47','2025-01-28 21:15:47','',NULL);
INSERT INTO `fact_elec_receipt_details` VALUES (257,9183,162,'KIT FILTROS AMAROK 2.0',1.00,'8',94214.88,94214.88,0.00,0.00,0.00,2,19785.12,114000.00,'2025-01-30 12:21:55','2025-01-30 12:21:55','',NULL),(258,9183,162,'ACEITE 5W30 SHELLL HELIX 8L',1.00,'8',76694.22,76694.22,0.00,0.00,0.00,2,16105.79,92800.01,'2025-01-30 12:21:55','2025-01-30 12:21:55','',NULL),(259,9183,162,'MANO DE OBRA SERVICE CAMIONETA AMAROK PATENTE : POV460  ',1.00,'8',24793.39,24793.39,0.00,0.00,0.00,2,5206.61,30000.00,'2025-01-30 12:21:55','2025-01-30 12:21:55','',NULL),(260,9183,163,'SERVICIO LAVADO EQUIPO COMPLETO',2.00,'8',60000.00,120000.00,0.00,0.00,0.00,2,25200.00,145200.00,'2025-01-30 20:21:17','2025-01-30 20:21:17','',NULL),(261,9183,164,'AGUA DESTILADA 15L',1.00,'8',12396.70,12396.70,0.00,0.00,0.00,2,2603.31,15000.01,'2025-01-31 17:06:46','2025-01-31 17:06:46','',NULL),(262,9183,164,'REFRIGERANTE TOTAL 1L',1.00,'8',8264.46,8264.46,0.00,0.00,0.00,2,1735.54,10000.00,'2025-01-31 17:06:46','2025-01-31 17:06:46','',NULL),(263,9183,165,'1 LAMPARA H7 OSRAM',1.00,'8',19421.49,19421.49,0.00,0.00,0.00,2,4078.51,23500.00,'2025-02-04 12:24:39','2025-02-04 12:24:39','',NULL),(264,9183,166,'CORREA DISTRIBUCION + TENSORES SKF/GATES',1.00,'8',251023.96,251023.96,0.00,0.00,0.00,2,52715.03,303738.99,'2025-02-04 21:25:13','2025-02-04 21:25:13','',NULL),(265,9183,166,'AGUA DESTILADA + REFRIGERANTE TOTAL',1.00,'8',18388.42,18388.42,0.00,0.00,0.00,2,3861.57,22249.99,'2025-02-04 21:25:13','2025-02-04 21:25:13','',NULL),(266,9183,166,'ACEITE SHELL SINTETICO 5W30',8.00,'8',9586.78,76694.24,0.00,0.00,0.00,2,16105.79,92800.03,'2025-02-04 21:25:13','2025-02-04 21:25:13','',NULL),(267,9183,166,'KIT FILTROS',1.00,'8',96859.51,96859.51,0.00,0.00,0.00,2,20340.50,117200.01,'2025-02-04 21:25:13','2025-02-04 21:25:13','',NULL),(268,9183,166,'CAMBIO CORREA DISTRIBUCIÓN + TENSORES + SERVICE COMPLETO ',1.00,'8',206611.57,206611.57,0.00,0.00,0.00,2,43388.43,250000.00,'2025-02-04 21:25:13','2025-02-04 21:25:13','',NULL),(269,9183,167,'UREA SHELL',191.00,'8',1001.65,191315.15,0.00,0.00,0.00,2,40176.18,231491.33,'2025-02-04 21:41:49','2025-02-04 21:41:49','',NULL),(270,9183,167,'ENGRASE',1.00,'8',16528.93,16528.93,0.00,0.00,0.00,2,3471.08,20000.01,'2025-02-04 21:41:49','2025-02-04 21:41:49','',NULL),(271,9183,167,'ACEITE 15W40 3.5l',1.00,'8',12148.76,12148.76,0.00,0.00,0.00,2,2551.24,14700.00,'2025-02-04 21:41:49','2025-02-04 21:41:49','',NULL),(272,9183,167,'2U/ H7 FOCO',2.00,'8',16457.02,32914.04,0.00,0.00,0.00,2,6911.95,39825.99,'2025-02-04 21:41:49','2025-02-04 21:41:49','',NULL),(273,9183,167,'2 FOCOS COMUNES',2.00,'8',1900.83,3801.66,0.00,0.00,0.00,2,798.35,4600.01,'2025-02-04 21:41:49','2025-02-04 21:41:49','',NULL),(274,9183,167,'2U PINOS',2.00,'8',1322.32,2644.64,0.00,0.00,0.00,2,555.37,3200.01,'2025-02-04 21:41:49','2025-02-04 21:41:49','',NULL),(275,9183,168,'UREA SHELL ',70.00,'8',1001.66,70116.20,0.00,0.00,0.00,2,14724.40,84840.60,'2025-02-04 21:48:12','2025-02-04 21:48:12','',NULL),(276,9183,169,'FILTRO ACEITE MAHLE OC 303',1.00,'8',27024.79,27024.79,0.00,0.00,0.00,2,5675.21,32700.00,'2025-02-05 12:14:41','2025-02-05 12:14:41','',NULL),(277,9183,170,'tapa fugas radiador',1.00,'8',6446.29,6446.29,0.00,0.00,0.00,2,1353.72,7800.01,'2025-02-07 08:53:28','2025-02-07 08:53:28','',NULL),(278,9183,170,'liquido hidraulico',1.00,'8',8677.69,8677.69,0.00,0.00,0.00,2,1822.31,10500.00,'2025-02-07 08:53:28','2025-02-07 08:53:28','',NULL),(279,9183,170,'agua destilada',2.00,'8',4132.24,8264.48,0.00,0.00,0.00,2,1735.54,10000.02,'2025-02-07 08:53:28','2025-02-07 08:53:28','',NULL),(280,9183,171,'ACEITE 85W140 PUMA 6L',1.00,'8',28760.40,28760.40,0.00,0.00,0.00,2,6039.68,34800.08,'2025-02-08 09:54:39','2025-02-08 09:54:39','',NULL),(281,9183,172,'CINTA AISLADORA + PRECINTOS',1.00,'8',2892.56,2892.56,0.00,0.00,0.00,2,607.44,3500.00,'2025-02-08 13:27:38','2025-02-08 13:27:38','',NULL),(282,9183,173,'ACEITE 15W40 PUMA',2.00,'8',3471.08,6942.16,0.00,0.00,0.00,2,1457.85,8400.01,'2025-02-10 18:25:53','2025-02-10 18:25:53','',NULL);
INSERT INTO `fact_elec_receipt_details` VALUES (283,9183,174,'ACEITE RIMULA R4 20L',1.00,'8',105785.12,105785.12,0.00,0.00,0.00,2,22214.88,128000.00,'2025-02-11 09:56:17','2025-02-11 09:56:17','',NULL),(284,9183,175,'ACEITE MOTOR 10W40 8L',1.00,'8',56160.00,56160.00,0.00,0.00,0.00,8,0.00,56160.00,'2025-02-12 17:09:45','2025-02-12 17:09:45','',NULL),(285,9183,175,'KIT FILTROS (HABITACULO-ACEITE-AIRE-COMBUSTIBLE)',1.00,'8',56120.00,56120.00,0.00,0.00,0.00,7,0.00,56120.00,'2025-02-12 17:09:45','2025-02-12 17:09:45','',NULL),(286,9183,175,'MANO DE OBRA',1.00,'8',30000.00,30000.00,0.00,0.00,0.00,7,0.00,30000.00,'2025-02-12 17:09:45','2025-02-12 17:09:45','',NULL),(287,9183,176,'SERVICIO DE LAVADO COMPLETO',1.00,'8',24200.00,24200.00,0.00,0.00,0.00,7,0.00,24200.00,'2025-02-12 19:24:04','2025-02-12 19:24:04','',NULL),(288,9183,177,'REPARACION SAVEIRO 1.6',1.00,'8',61002.48,61002.48,0.00,0.00,0.00,2,12810.52,73813.00,'2025-02-14 19:00:01','2025-02-14 19:00:01','',NULL),(289,9183,177,'REPARACION SURAN AIRE+SERVICE+CORREA',1.00,'8',231177.69,231177.69,0.00,0.00,0.00,2,48547.31,279725.00,'2025-02-14 19:00:01','2025-02-14 19:00:01','',NULL),(290,9183,178,'ARREGLO JAULA + BOLILLERO',1.00,'8',57024.80,57024.80,0.00,0.00,0.00,2,11975.21,69000.01,'2025-02-17 20:12:40','2025-02-17 20:12:40','',NULL),(291,9183,179,'TAMBOR 1000L',1.00,'8',99173.55,99173.55,0.00,0.00,0.00,2,20826.45,120000.00,'2025-02-17 20:15:36','2025-02-17 20:15:36','',NULL),(292,9183,180,'ACEITE MOBIL 10W40',1.00,'8',32975.21,32975.21,0.00,0.00,0.00,2,6924.79,39900.00,'2025-02-18 19:37:23','2025-02-18 19:37:23','',NULL),(293,9183,181,'BATERIA AMAROK ACDELCO',1.00,'8',153707.43,153707.43,0.00,0.00,0.00,2,32278.56,185985.99,'2025-02-18 19:41:53','2025-02-18 19:41:53','',NULL),(294,9183,182,'SERVICE CHEVROLET S10\n-FILTROS (HABITACULO-AIRE-COMBUSTIBLE-ACEITE)',1.00,'8',62958.68,62958.68,0.00,0.00,0.00,2,13221.32,76180.00,'2025-02-18 20:50:10','2025-02-18 20:50:10','',NULL),(295,9183,182,'ACEITE CASTROL 10W40 SINTETICO ',8.00,'8',10311.98,82495.84,0.00,0.00,0.00,2,17324.13,99819.97,'2025-02-18 20:50:10','2025-02-18 20:50:10','',NULL),(296,9183,182,'MANO DE OBRA + SCANNER',1.00,'8',66115.70,66115.70,0.00,0.00,0.00,2,13884.30,80000.00,'2025-02-18 20:50:10','2025-02-18 20:50:10','',NULL),(297,9183,183,'ARREGLO AMAROK PICO DE COMBUSTIBLE',1.00,'8',20661.16,20661.16,0.00,0.00,0.00,2,4338.84,25000.00,'2025-02-18 20:54:49','2025-02-18 20:54:49','',NULL),(298,9183,183,'PICO DE COMBUSTIBLE A FILTRO',1.00,'8',15876.03,15876.03,0.00,0.00,0.00,2,3333.97,19210.00,'2025-02-18 20:54:49','2025-02-18 20:54:49','',NULL),(299,9183,184,'SERVICIO DE LAVADO COMPLETO',2.00,'8',24200.00,48400.00,0.00,0.00,0.00,7,0.00,48400.00,'2025-02-19 21:14:34','2025-02-19 21:14:34','',NULL),(300,9183,185,'ACEITE MOBIL SINTETICO 10W40',7.00,'8',7451.00,52157.00,0.00,0.00,0.00,7,0.00,52157.00,'2025-02-21 19:22:11','2025-02-21 19:22:11','',NULL),(301,9183,185,'CAMBIO DE ACEITE + CONTROL DE LIQUIDOS',1.00,'8',30000.00,30000.00,0.00,0.00,0.00,7,0.00,30000.00,'2025-02-21 19:22:11','2025-02-21 19:22:11','',NULL),(302,9183,185,'SERVICIO DE LAVADO COMPLETO',1.00,'8',24200.00,24200.00,0.00,0.00,0.00,7,0.00,24200.00,'2025-02-21 19:22:11','2025-02-21 19:22:11','',NULL),(303,9183,185,'KIT DE FILTROS BOSCH (HABITACULO-AIRE-ACEITE-COMBUSTIBLE)',1.00,'8',56120.00,56120.00,0.00,0.00,0.00,7,0.00,56120.00,'2025-02-21 19:22:11','2025-02-21 19:22:11','',NULL),(304,9183,186,'SERVICIO DE CAMBIOO DE ACEITE',1.00,'8',28925.62,28925.62,0.00,0.00,0.00,2,6074.38,35000.00,'2025-02-22 11:07:52','2025-02-22 11:07:52','',NULL),(305,9183,186,'ACEITE SHEL SINTETICO HILUX',8.00,'8',9586.78,76694.24,0.00,0.00,0.00,2,16105.79,92800.03,'2025-02-22 11:07:52','2025-02-22 11:07:52','',NULL),(306,9183,187,'FILTRO COMBUSTIBLE BOSCH',1.00,'8',30909.09,30909.09,0.00,0.00,0.00,2,6490.91,37400.00,'2025-02-24 15:32:27','2025-02-24 15:32:27','',NULL),(307,9183,188,'ENGRASE COMPLETO ',1.00,'8',25042.00,25042.00,0.00,0.00,0.00,2,5258.82,30300.82,'2025-02-24 19:54:55','2025-02-24 19:54:55','',NULL);
INSERT INTO `fact_elec_receipt_details` VALUES (308,9183,189,'LINGA 4X4',1.00,'8',24049.59,24049.59,0.00,0.00,0.00,2,5050.41,29100.00,'2025-02-24 20:27:22','2025-02-24 20:27:22','',NULL),(309,9183,190,'LAVADO CAMIONETA PERIODO ENERO/FEBRERO',5.00,'8',20000.00,100000.00,0.00,0.00,0.00,2,21000.00,121000.00,'2025-02-25 18:37:48','2025-02-25 18:37:48','',NULL),(310,9183,190,'LAVADO AUTO CARLOS ALANIS PERIODO ENERO/FEBRERO',3.00,'8',15000.00,45000.00,0.00,0.00,0.00,2,9450.00,54450.00,'2025-02-25 18:37:48','2025-02-25 18:37:48','',NULL),(311,9183,191,'ANULO LAVADO FACTURA N°13',1.00,'8',24200.00,24200.00,0.00,0.00,0.00,8,0.00,24200.00,'2025-02-26 08:50:35','2025-02-26 08:50:35','',NULL),(312,9183,192,'ACEITE CASTROL ',1.00,'8',31628.10,31628.10,0.00,0.00,0.00,2,6641.90,38270.00,'2025-02-27 10:43:17','2025-02-27 10:43:17','',NULL),(313,9183,192,'GUANTES ',1.00,'8',2727.27,2727.27,0.00,0.00,0.00,2,572.73,3300.00,'2025-02-27 10:43:17','2025-02-27 10:43:17','',NULL),(314,9183,193,'PASTILLAS DE FRENO MAZFREN DELANTERAS',1.00,'8',49418.00,49418.00,0.00,0.00,0.00,2,10377.78,59795.78,'2025-02-27 11:35:13','2025-02-27 11:35:13','',NULL),(315,9183,193,'PASTILLAS DE FRENO MAZFREN TRASERAS',1.00,'8',54322.17,54322.17,0.00,0.00,0.00,2,11407.66,65729.83,'2025-02-27 11:35:13','2025-02-27 11:35:13','',NULL),(316,9183,193,'CAMBIO PASTILLAS DE FRENO AMAROK V6 AG1880X KM: 111.167',1.00,'8',33057.85,33057.85,0.00,0.00,0.00,2,6942.15,40000.00,'2025-02-27 11:35:13','2025-02-27 11:35:13','',NULL),(317,9183,194,'LAVADO CAMIONETA ',2.00,'8',20000.00,40000.00,0.00,0.00,0.00,2,8400.00,48400.00,'2025-02-27 13:03:41','2025-02-27 13:03:41','',NULL),(318,9183,194,'LAVADO CHASIS CAMION ',1.00,'8',35000.00,35000.00,0.00,0.00,0.00,2,7350.00,42350.00,'2025-02-27 13:03:41','2025-02-27 13:03:41','',NULL),(319,9183,194,'LAVADO AUTO',1.00,'8',15000.00,15000.00,0.00,0.00,0.00,2,3150.00,18150.00,'2025-02-27 13:03:41','2025-02-27 13:03:41','',NULL),(320,9183,195,'FILTRO DE COMBUSTIBLE RENAULT',1.00,'8',43548.70,43548.70,0.00,0.00,0.00,2,9145.23,52693.93,'2025-02-27 20:47:18','2025-02-27 20:47:18','',NULL),(321,9183,195,'CAMBIO DE FILTROS',1.00,'8',28925.62,28925.62,0.00,0.00,0.00,2,6074.38,35000.00,'2025-02-27 20:47:18','2025-02-27 20:47:18','',NULL),(322,9183,196,'UREA 10L',1.00,'8',9917.40,9917.40,0.00,0.00,0.00,2,2082.65,12000.05,'2025-03-05 15:56:27','2025-03-05 15:56:27','',NULL),(323,9183,197,'ACEITE 85w90 CASTROL',1.00,'8',98462.81,98462.81,0.00,0.00,0.00,2,20677.19,119140.00,'2025-03-06 18:12:30','2025-03-06 18:12:30','',NULL),(324,9183,198,'SERVICIO LAVADO CAMIONETA ',1.00,'8',20000.00,20000.00,0.00,0.00,0.00,7,0.00,20000.00,'2025-03-06 18:15:19','2025-03-06 18:15:19','',NULL),(325,9183,199,'SERVICIO LAVADO EQUIPO COMPLETO',3.00,'8',75000.00,225000.00,0.00,0.00,0.00,2,47250.00,272250.00,'2025-03-06 19:51:50','2025-03-06 19:51:50','',NULL),(326,9183,200,'SERVICIO LAVADO CAMIONETA ',5.00,'8',22000.00,110000.00,0.00,0.00,0.00,2,23100.00,133100.00,'2025-03-06 19:54:08','2025-03-06 19:54:08','',NULL),(327,9183,201,'UREA SHELL 128L FEBRERO',128.00,'8',1001.65,128211.20,0.00,0.00,0.00,2,26924.35,155135.55,'2025-03-06 20:21:56','2025-03-06 20:21:56','',NULL),(328,9183,201,'ACEITE PUMA 15W40 5L',5.00,'8',3471.08,17355.40,0.00,0.00,0.00,2,3644.63,21000.03,'2025-03-06 20:21:56','2025-03-06 20:21:56','',NULL),(329,9183,201,'FOCO OSRAM X 3',3.00,'8',1157.03,3471.09,0.00,0.00,0.00,2,728.93,4200.02,'2025-03-06 20:21:56','2025-03-06 20:21:56','',NULL),(330,9183,201,'ENGRASE EQUIPO COMPLETO',1.00,'8',24793.39,24793.39,0.00,0.00,0.00,2,5206.61,30000.00,'2025-03-06 20:21:56','2025-03-06 20:21:56','',NULL),(331,9183,202,'UREA SHELL 155L',155.00,'8',1001.65,155255.75,0.00,0.00,0.00,2,32603.71,187859.46,'2025-03-06 21:38:54','2025-03-06 21:38:54','',NULL),(332,9183,202,'PINOS AROMATIZANTE',3.00,'8',1289.26,3867.78,0.00,0.00,0.00,2,812.23,4680.01,'2025-03-06 21:38:54','2025-03-06 21:38:54','',NULL),(333,9183,202,'LIQ FRENO DOT 4 ',1.00,'8',8099.17,8099.17,0.00,0.00,0.00,2,1700.83,9800.00,'2025-03-06 21:38:54','2025-03-06 21:38:54','',NULL);
INSERT INTO `fact_elec_receipt_details` VALUES (334,9183,203,'ZAPATAS DE FRENO',1.00,'8',148760.33,148760.33,0.00,0.00,0.00,2,31239.67,180000.00,'2025-03-06 21:53:35','2025-03-06 21:53:35','',NULL),(335,9183,203,'CAMBIO FRENOS HILUX',1.00,'8',24793.39,24793.39,0.00,0.00,0.00,2,5206.61,30000.00,'2025-03-06 21:53:35','2025-03-06 21:53:35','',NULL),(336,9183,203,'UX (AIRE- HABIKIT DE FILTROS HILTACULO-ACEITE-COMBUSTIBLE)',1.00,'8',39908.27,39908.27,0.00,0.00,0.00,2,8380.74,48289.01,'2025-03-06 21:53:35','2025-03-06 21:53:35','',NULL),(337,9183,203,'ACEITE 5W30 SHELL HELIX',8.00,'8',9586.78,76694.24,0.00,0.00,0.00,2,16105.79,92800.03,'2025-03-06 21:53:35','2025-03-06 21:53:35','',NULL),(338,9183,203,'MANO DE OBRA CAMBIO DE ACEITE',1.00,'8',20661.16,20661.16,0.00,0.00,0.00,2,4338.84,25000.00,'2025-03-06 21:53:35','2025-03-06 21:53:35','',NULL),(339,9183,204,'ACEITE 10W40 MOBIL 2L',1.00,'8',11571.00,11571.00,0.00,0.00,0.00,2,2429.91,14000.91,'2025-03-11 09:41:08','2025-03-11 09:41:08','',NULL),(340,9183,205,'SERVICIO LAVADO EQUIPO COMPLETO',1.00,'8',60000.00,60000.00,0.00,0.00,0.00,2,12600.00,72600.00,'2025-03-11 11:48:13','2025-03-11 11:48:13','',NULL),(341,9183,206,'KIT DE FILTROS (HABITACULO-ACEITE-AIRE-COMBUSTIBLE)',1.00,'8',100624.79,100624.79,0.00,0.00,0.00,2,21131.21,121756.00,'2025-03-13 12:09:34','2025-03-13 12:09:34','',NULL),(342,9183,206,'ACEITE 5W30 SHELL SINTETICO 8L',8.00,'8',9586.78,76694.24,0.00,0.00,0.00,2,16105.79,92800.03,'2025-03-13 12:09:34','2025-03-13 12:09:34','',NULL),(343,9183,206,'SERVICE DE ACEITE MELLER GUSTAVO',1.00,'8',24793.39,24793.39,0.00,0.00,0.00,2,5206.61,30000.00,'2025-03-13 12:09:34','2025-03-13 12:09:34','',NULL),(344,9183,207,'KIT DE FILTROS (HABITACULO-AIRE-ACEITE-COMBUSTIBLE)',1.00,'8',100624.79,100624.79,0.00,0.00,0.00,2,21131.21,121756.00,'2025-03-13 15:04:37','2025-03-13 15:04:37','',NULL),(345,9183,207,'ACEITE 5W30 SHELL SINTETICO',8.00,'8',9586.78,76694.24,0.00,0.00,0.00,2,16105.79,92800.03,'2025-03-13 15:04:37','2025-03-13 15:04:37','',NULL),(346,9183,207,'SERVICE DE ACEITE, DIGNOSTICO Y ARREGLO SENSOR ',1.00,'8',66115.70,66115.70,0.00,0.00,0.00,2,13884.30,80000.00,'2025-03-13 15:04:37','2025-03-13 15:04:37','',NULL),(347,9183,208,'ACEITE 15W40 CASTROL',5.00,'8',5483.47,27417.35,0.00,0.00,0.00,2,5757.64,33174.99,'2025-03-13 19:27:01','2025-03-13 19:27:01','',NULL),(348,9183,208,'FILTRO DE ACEITE MAHLE 147',1.00,'8',8495.00,8495.00,0.00,0.00,0.00,2,1783.95,10278.95,'2025-03-13 19:27:01','2025-03-13 19:27:01','',NULL),(349,9183,208,'ACEITE ATF 3309',1.00,'8',20158.70,20158.70,0.00,0.00,0.00,2,4233.33,24392.03,'2025-03-13 19:27:01','2025-03-13 19:27:01','',NULL),(350,9183,208,'DESENGRASANTE + EMULSION',1.00,'8',9854.70,9854.70,0.00,0.00,0.00,2,2069.49,11924.19,'2025-03-13 19:27:01','2025-03-13 19:27:01','',NULL),(351,9183,208,'BUJÍA NGK',1.00,'8',6000.00,6000.00,0.00,0.00,0.00,2,1260.00,7260.00,'2025-03-13 19:27:01','2025-03-13 19:27:01','',NULL),(352,9183,209,'SERVICIO DE LAVADO COMPLETO',1.00,'8',20000.00,20000.00,0.00,0.00,0.00,2,4200.00,24200.00,'2025-03-13 19:38:29','2025-03-13 19:38:29','',NULL),(353,9183,210,'SERVICIO DE ACEITE',1.00,'8',28925.62,28925.62,0.00,0.00,0.00,2,6074.38,35000.00,'2025-03-13 19:53:19','2025-03-13 19:53:19','',NULL),(354,9183,211,'SERVICIO LAVADO CAMION  COMPLETO',1.00,'8',50000.00,50000.00,0.00,0.00,0.00,2,10500.00,60500.00,'2025-03-14 15:47:18','2025-03-14 15:47:18','',NULL),(355,9183,212,'FILTRO COMBUSTIBLE FORD CARGO',1.00,'8',31405.00,31405.00,0.00,0.00,0.00,2,6595.05,38000.05,'2025-03-14 16:01:27','2025-03-14 16:01:27','',NULL),(356,9183,213,'KIT FILTROS HILUX 2.4',1.00,'8',57852.00,57852.00,0.00,0.00,0.00,2,12148.92,70000.92,'2025-03-15 12:38:25','2025-03-15 12:38:25','',NULL),(357,9183,213,'MANO OBRA SERVICE ',1.00,'8',28926.00,28926.00,0.00,0.00,0.00,2,6074.46,35000.46,'2025-03-15 12:38:25','2025-03-15 12:38:25','',NULL),(358,9183,214,'ACEITE 25W60 CASTROL ',12.00,'8',6363.64,76363.68,0.00,0.00,0.00,2,16036.37,92400.05,'2025-03-17 10:29:41','2025-03-17 10:29:41','',NULL);
INSERT INTO `fact_elec_receipt_details` VALUES (359,9183,215,'KIT FILTROS (HABITACULO-AIRE-COMUSTIBLE-ACEITE)',1.00,'8',66080.99,66080.99,0.00,0.00,0.00,2,13877.01,79958.00,'2025-03-18 07:41:04','2025-03-18 07:41:04','',NULL),(360,9183,215,'ACEITE SHELL HELIX 10W40 ENVASADO 4L X 2UNIDADES',8.00,'8',7983.48,63867.84,0.00,0.00,0.00,2,13412.25,77280.09,'2025-03-18 07:41:04','2025-03-18 07:41:04','',NULL),(361,9183,215,'SERVICE ACEITE COMPLETO + ENGRASE',1.00,'8',24793.39,24793.39,0.00,0.00,0.00,2,5206.61,30000.00,'2025-03-18 07:41:04','2025-03-18 07:41:04','',NULL),(362,9183,216,'AMORTIGUADOR DELANTERO IVECO TECTOR',1.00,'8',541000.00,541000.00,0.00,0.00,0.00,2,113610.00,654610.00,'2025-03-18 07:44:17','2025-03-18 07:44:17','',NULL),(363,9183,216,'RADIADOR REFRIGERANTE IVACO TECTOR',1.00,'8',784514.78,784514.78,0.00,0.00,0.00,2,164748.10,949262.88,'2025-03-18 07:44:17','2025-03-18 07:44:17','',NULL),(364,9183,216,'CORREA MICRO V GATES',1.00,'8',68250.51,68250.51,0.00,0.00,0.00,2,14332.61,82583.12,'2025-03-18 07:44:17','2025-03-18 07:44:17','',NULL),(365,9183,217,'ACEITE CASTROL 25W60',30.00,'8',6115.71,183471.30,0.00,0.00,0.00,2,38528.97,222000.27,'2025-03-19 17:44:04','2025-03-19 17:44:04','',NULL),(366,9183,218,'FILTROS COMBUSTIBLE CAMION MERCEDES BENZ 34',1.00,'8',63149.00,63149.00,0.00,0.00,0.00,2,13261.29,76410.29,'2025-03-20 13:50:16','2025-03-20 13:50:16','',NULL),(367,9183,219,'SERVICIO LAVADO EQUIPO COMPLETO ',1.00,'8',50000.00,50000.00,0.00,0.00,0.00,2,10500.00,60500.00,'2025-03-21 12:25:26','2025-03-21 12:25:26','',NULL),(368,9183,220,'SELLA JUNTAS',1.00,'8',6694.21,6694.21,0.00,0.00,0.00,2,1405.78,8099.99,'2025-03-24 20:15:53','2025-03-24 20:15:53','',NULL),(369,9183,220,'GUSNTES DE TELA X2',2.00,'8',2727.27,5454.54,0.00,0.00,0.00,2,1145.45,6599.99,'2025-03-24 20:15:53','2025-03-24 20:15:53','',NULL),(370,9183,220,'ACEITE DIFERENCIAL 85W140 PUMA 5L',5.00,'8',5355.37,26776.85,0.00,0.00,0.00,2,5623.14,32399.99,'2025-03-24 20:15:53','2025-03-24 20:15:53','',NULL),(371,9183,220,'ACEITE MOTOR 15W40 PUMA 4L',4.00,'8',3801.66,15206.64,0.00,0.00,0.00,2,3193.39,18400.03,'2025-03-24 20:15:53','2025-03-24 20:15:53','',NULL),(372,9183,221,'KIT FILTROS HILUX 2.8',1.00,'8',45810.00,45810.00,0.00,0.00,0.00,2,9620.10,55430.10,'2025-03-28 17:50:04','2025-03-28 17:50:04','',NULL),(373,9183,221,'ACEITE 5W30 SHELL HELIX',1.00,'8',104033.90,104033.90,0.00,0.00,0.00,2,21847.12,125881.02,'2025-03-28 17:50:04','2025-03-28 17:50:04','',NULL),(374,9183,222,'ACERO LIQUIDO SILOC',1.00,'8',8264.46,8264.46,0.00,0.00,0.00,2,1735.54,10000.00,'2025-03-31 20:10:43','2025-03-31 20:10:43','',NULL),(375,9183,222,'ARREGLO TAPA DE VALVULA',1.00,'8',61983.47,61983.47,0.00,0.00,0.00,2,13016.53,75000.00,'2025-03-31 20:10:43','2025-03-31 20:10:43','',NULL),(376,9183,223,'BATERÍA ACDELCO S10',1.00,'8',153719.00,153719.00,0.00,0.00,0.00,2,32280.99,185999.99,'2025-04-02 17:29:37','2025-04-02 17:29:37','',NULL),(377,9183,223,'REPUSTO EMBRAGUE + PLACA + DISCO + GRAPODINA',1.00,'8',653719.01,653719.01,0.00,0.00,0.00,2,137280.99,791000.00,'2025-04-02 17:29:37','2025-04-02 17:29:37','',NULL),(378,9183,223,'VOLANTE BIMASA  GM (ORIGINAL)',1.00,'8',1183231.41,1183231.41,0.00,0.00,0.00,2,248478.60,1431710.01,'2025-04-02 17:29:37','2025-04-02 17:29:37','',NULL),(379,9183,223,'MANO DE OBRA CAMBIO CAMBIO BIMASA- PLACA - DISCO- GRAPODINA',1.00,'8',471074.38,471074.38,0.00,0.00,0.00,2,98925.62,570000.00,'2025-04-02 17:29:37','2025-04-02 17:29:37','',NULL),(380,9183,223,'KIT FILTROS (AIRE-COMBUSTIBLE- HABITACULO-ACEITE)',1.00,'8',68876.03,68876.03,0.00,0.00,0.00,2,14463.97,83340.00,'2025-04-02 17:29:37','2025-04-02 17:29:37','',NULL),(381,9183,223,'ACEITE SHELL 5W30',1.00,'8',81295.87,81295.87,0.00,0.00,0.00,2,17072.13,98368.00,'2025-04-02 17:29:37','2025-04-02 17:29:37','',NULL),(382,9183,223,'MANO DE OBRA SERVICE DE ACEITE',1.00,'8',24793.39,24793.39,0.00,0.00,0.00,2,5206.61,30000.00,'2025-04-02 17:29:37','2025-04-02 17:29:37','',NULL);
INSERT INTO `fact_elec_receipt_details` VALUES (383,9183,224,'ACEITE 15W40 CASTROL 5L',1.00,'8',29200.00,29200.00,0.00,0.00,0.00,2,6132.00,35332.00,'2025-04-03 17:43:20','2025-04-03 17:43:20','',NULL),(384,9183,224,'FILTRO ACEITE ACDELCO 19347733',1.00,'8',4900.00,4900.00,0.00,0.00,0.00,2,1029.00,5929.00,'2025-04-03 17:43:20','2025-04-03 17:43:20','',NULL),(385,9183,225,'ACEITE 15W40 CASTROL',5.00,'8',6380.99,31904.95,0.00,0.00,0.00,2,6700.04,38604.99,'2025-04-04 15:39:00','2025-04-04 15:39:00','',NULL),(386,9183,226,'ENGRASE',1.00,'8',24793.39,24793.39,0.00,0.00,0.00,2,5206.61,30000.00,'2025-04-07 14:43:51','2025-04-07 14:43:51','',NULL),(387,9183,226,'DESENGRASANTE ',1.00,'8',6198.35,6198.35,0.00,0.00,0.00,2,1301.65,7500.00,'2025-04-07 14:43:51','2025-04-07 14:43:51','',NULL),(388,9183,226,'ACEITE PUMA 15W40',8.00,'8',4356.37,34850.96,0.00,0.00,0.00,2,7318.70,42169.66,'2025-04-07 14:43:51','2025-04-07 14:43:51','',NULL),(389,9183,227,'LIMPIAPARABRISAS EUROREPAR',1.00,'8',4978.51,4978.51,0.00,0.00,0.00,2,1045.49,6024.00,'2025-04-07 14:53:43','2025-04-07 14:53:43','',NULL),(390,9183,227,'AGUA DESTILADA X5 LITROS',1.00,'8',4132.23,4132.23,0.00,0.00,0.00,2,867.77,5000.00,'2025-04-07 14:53:43','2025-04-07 14:53:43','',NULL),(391,9183,227,'AROMATIZANTE',1.00,'8',3719.01,3719.01,0.00,0.00,0.00,2,780.99,4500.00,'2025-04-07 14:53:43','2025-04-07 14:53:43','',NULL),(392,9183,227,'UREA SHELL MARZO',74.00,'8',1001.65,74122.10,0.00,0.00,0.00,2,15565.64,89687.74,'2025-04-07 14:53:43','2025-04-07 14:53:43','',NULL),(393,9183,228,'KIT FILTROS AMAROK V6 (AIRE-HABITACULO-ACEITE-COMBUSTIBLE)',1.00,'8',119731.41,119731.41,0.00,0.00,0.00,2,25143.60,144875.01,'2025-04-07 15:00:37','2025-04-07 15:00:37','',NULL),(394,9183,228,'ACEITE CASTROL SINTETICO 5W30',1.00,'8',144573.55,144573.55,0.00,0.00,0.00,2,30360.45,174934.00,'2025-04-07 15:00:37','2025-04-07 15:00:37','',NULL),(395,9183,228,'MANO DE OBRA SERVICE DE ACEITE DOMINIO AF036ZP CON 170.572KM',1.00,'8',24793.39,24793.39,0.00,0.00,0.00,2,5206.61,30000.00,'2025-04-07 15:00:37','2025-04-07 15:00:37','',NULL),(396,9183,229,'LAVADO CAMIONETA',1.00,'8',25000.00,25000.00,0.00,0.00,0.00,2,5250.00,30250.00,'2025-04-08 18:37:19','2025-04-08 18:37:19','',NULL),(397,9183,229,'LIMPIAPARABRISAS BOSCH ',1.00,'8',4876.03,4876.03,0.00,0.00,0.00,2,1023.97,5900.00,'2025-04-08 18:37:19','2025-04-08 18:37:19','',NULL),(398,9183,230,'SERVICIO DE LAVADO EQUIPO COMPLETO',1.00,'8',121000.00,121000.00,0.00,0.00,0.00,7,0.00,121000.00,'2025-04-09 19:22:31','2025-04-09 19:22:31','',NULL),(399,9183,231,'filtro combustible scania 340 bosch',1.00,'8',37200.00,37200.00,0.00,0.00,0.00,2,7812.00,45012.00,'2025-04-10 14:11:09','2025-04-10 14:11:09','',NULL),(400,9183,232,'1 SHELL RIMULA R4 20L',1.00,'8',140496.00,140496.00,0.00,0.00,0.00,2,29504.16,170000.16,'2025-04-11 11:14:35','2025-04-11 11:14:35','',NULL),(401,9183,232,'REJILLA ',1.00,'8',1653.00,1653.00,0.00,0.00,0.00,2,347.13,2000.13,'2025-04-11 11:14:35','2025-04-11 11:14:35','',NULL),(402,9183,233,'-SERVICE COMPLETO DE ACEITE (FILTRO AIRE-COMBUSTIBLE-HABITACULO-ACEITE)\n- ACEITE SHELL SINTETICO 8L',1.00,'8',207438.02,207438.02,0.00,0.00,0.00,2,43561.98,251000.00,'2025-04-14 19:43:17','2025-04-14 19:43:17','',NULL),(403,9183,234,'LAVADO CAMIONETA',1.00,'8',20000.00,20000.00,0.00,0.00,0.00,2,4200.00,24200.00,'2025-04-15 10:24:36','2025-04-15 10:24:36','',NULL),(404,9183,235,'2 LIQUIDO DE FRENO BARDAHL..............$19.600\n\n\n\n1L 15W40 PUMA.........................................$4.600\n\n\n\n80W90 ACEITE 1/2 L...................................$3.500\n\n\n\nENGRASE....................................................$15.000\n\n',1.00,'8',35289.26,35289.26,0.00,0.00,0.00,2,7410.74,42700.00,'2025-04-17 18:23:39','2025-04-17 18:23:39','',NULL),(405,9183,236,'ACEITE SHELL 5W30',8.00,'8',11150.00,89200.00,0.00,0.00,0.00,2,18732.00,107932.00,'2025-04-17 19:47:19','2025-04-17 19:47:19','',NULL);
INSERT INTO `fact_elec_receipt_details` VALUES (406,9183,236,'ACEITE DE CAJA CASTROL TINTETICO',1.00,'8',4545.10,4545.10,0.00,0.00,0.00,2,954.47,5499.57,'2025-04-17 19:47:19','2025-04-17 19:47:19','',NULL),(407,9183,237,'SERVICIO DE EQUIPO LAVADO COMPLETO + ENGRASE',1.00,'8',80000.00,80000.00,0.00,0.00,0.00,2,16800.00,96800.00,'2025-04-19 19:38:40','2025-04-19 19:38:40','',NULL),(408,9183,238,'FILTROS COMBUSTIBLE VOLVO 340',2.00,'8',36901.00,73802.00,0.00,0.00,0.00,2,15498.42,89300.42,'2025-04-22 10:26:07','2025-04-22 10:26:07','',NULL),(409,9183,239,'KIT DE FILTROS HILUX ',1.00,'8',35004.50,35004.50,0.00,0.00,0.00,2,7350.94,42355.44,'2025-04-22 20:36:36','2025-04-22 20:36:36','',NULL),(410,9183,239,'ACEITE SHELL SINTETICO 8L',8.00,'8',7800.00,62400.00,0.00,0.00,0.00,2,13104.00,75504.00,'2025-04-22 20:36:36','2025-04-22 20:36:36','',NULL),(411,9183,239,'SERVICE HILUX 2.4',1.00,'8',16285.58,16285.58,0.00,0.00,0.00,2,3419.97,19705.55,'2025-04-22 20:36:36','2025-04-22 20:36:36','',NULL),(412,9183,240,'ACEITE SINTETICO 5W30 MOBIL',1.00,'8',150000.00,150000.00,0.00,0.00,0.00,2,31500.00,181500.00,'2025-04-23 09:18:18','2025-04-23 09:18:18','',NULL),(413,9183,240,'ACEITE RIMULA R4 20L',1.00,'8',116530.00,116530.00,0.00,0.00,0.00,2,24471.30,141001.30,'2025-04-23 09:18:18','2025-04-23 09:18:18','',NULL),(414,9183,241,'LAVADO VIRTUS 8/3',1.00,'8',26250.00,26250.00,0.00,0.00,0.00,2,5512.50,31762.50,'2025-04-23 14:09:07','2025-04-23 14:09:07','',NULL),(415,9183,241,'LAVADO AMAROK NESTOR 12/3-16/4',2.00,'8',26250.00,52500.00,0.00,0.00,0.00,2,11025.00,63525.00,'2025-04-23 14:09:07','2025-04-23 14:09:07','',NULL),(416,9183,241,'LAVADO AMAROK GERMAN 8/4-23/4',2.00,'8',26250.00,52500.00,0.00,0.00,0.00,2,11025.00,63525.00,'2025-04-23 14:09:07','2025-04-23 14:09:07','',NULL),(417,9183,241,'LAVADO IVECO AD761JM 10/4',1.00,'8',26250.00,26250.00,0.00,0.00,0.00,2,5512.50,31762.50,'2025-04-23 14:09:07','2025-04-23 14:09:07','',NULL),(418,9183,241,'LAVADO AMAROK GABRIELA 11/4',1.00,'8',26250.00,26250.00,0.00,0.00,0.00,2,5512.50,31762.50,'2025-04-23 14:09:07','2025-04-23 14:09:07','',NULL),(419,9183,242,'LAVADO TOYOTA TERRANI DOMINIO(LOL282) 21/3',1.00,'8',25200.00,25200.00,0.00,0.00,0.00,7,0.00,25200.00,'2025-04-23 14:13:12','2025-04-23 14:13:12','',NULL),(420,9183,242,'LAVADO S10 DOMINIO AA666XN',1.00,'8',36300.00,36300.00,0.00,0.00,0.00,7,0.00,36300.00,'2025-04-23 14:13:12','2025-04-23 14:13:12','',NULL),(421,9183,243,'LAVADO POR DOS CAMIONETAS',2.00,'8',26250.00,52500.00,0.00,0.00,0.00,2,11025.00,63525.00,'2025-04-23 14:17:29','2025-04-23 14:17:29','',NULL),(422,9183,244,'SERVICIO DE LAVADO MAS ENGRASE',1.00,'8',84000.00,84000.00,0.00,0.00,0.00,2,17640.00,101640.00,'2025-04-23 14:24:30','2025-04-23 14:24:30','',NULL),(423,9183,244,'PINOS AROMATIZANTE',3.00,'8',1280.99,3842.97,0.00,0.00,0.00,2,807.02,4649.99,'2025-04-23 14:24:30','2025-04-23 14:24:30','',NULL),(424,9183,245,'SERVICIO DE LAVADO CAMIONETA',5.00,'8',26250.00,131250.00,0.00,0.00,0.00,2,27562.50,158812.50,'2025-04-23 14:34:57','2025-04-23 14:34:57','',NULL),(425,9183,246,'SERVICIO DE LAVADO COMPLETO CAMIONETA',1.00,'8',26250.00,26250.00,0.00,0.00,0.00,2,5512.50,31762.50,'2025-04-23 14:36:27','2025-04-23 14:36:27','',NULL),(426,9183,247,'SERVICIO DE LAVADO CAMIONETA',2.00,'8',21000.00,42000.00,0.00,0.00,0.00,2,8820.00,50820.00,'2025-04-23 14:41:41','2025-04-23 14:41:41','',NULL),(427,9183,247,'SERVICIO DE LAVADO AUTO',2.00,'8',15750.00,31500.00,0.00,0.00,0.00,2,6615.00,38115.00,'2025-04-23 14:41:42','2025-04-23 14:41:42','',NULL),(428,9183,248,'AERVICIO DE LAVADO CAMIONETA',2.00,'8',26250.00,52500.00,0.00,0.00,0.00,2,11025.00,63525.00,'2025-04-23 14:43:37','2025-04-23 14:43:37','',NULL),(429,9183,248,'SERVICIO DE LAVADO AUTO',1.00,'8',15750.00,15750.00,0.00,0.00,0.00,2,3307.50,19057.50,'2025-04-23 14:43:37','2025-04-23 14:43:37','',NULL),(430,9183,248,'SERVICIO DE LAVADO CAMION ',1.00,'8',42000.00,42000.00,0.00,0.00,0.00,2,8820.00,50820.00,'2025-04-23 14:43:37','2025-04-23 14:43:37','',NULL);
INSERT INTO `fact_elec_receipt_details` VALUES (431,9183,249,'SERVICIO LAVADO EQUIPO COMPLETO ',1.00,'8',63000.00,63000.00,0.00,0.00,0.00,2,13230.00,76230.00,'2025-04-23 16:56:12','2025-04-23 16:56:12','',NULL),(432,9183,250,'ACEITE 80W90 10L',1.00,'8',50420.00,50420.00,0.00,0.00,0.00,2,10588.20,61008.20,'2025-04-24 15:37:14','2025-04-24 15:37:14','',NULL),(433,9183,251,'LAVADO CAMIONETA',1.00,'8',26250.00,26250.00,0.00,0.00,0.00,2,5512.50,31762.50,'2025-04-24 17:06:07','2025-04-24 17:06:07','',NULL),(434,9183,252,'ACEITE 10W40 CASTROL',1.00,'8',24174.00,24174.00,0.00,0.00,0.00,2,5076.54,29250.54,'2025-04-25 10:36:42','2025-04-25 10:36:42','',NULL),(435,9183,253,'FILTROS MAHLE (HABITACULO-ACEITE-AIRE-COMBUSTIBLE)',1.00,'8',120224.58,120224.58,0.00,0.00,0.00,2,25247.16,145471.74,'2025-04-25 12:43:23','2025-04-25 12:43:23','',NULL),(436,9183,253,'ACEITE CASTRIL SINTETICO 5W40 9L',9.00,'8',16140.06,145260.54,0.00,0.00,0.00,2,30504.71,175765.25,'2025-04-25 12:43:23','2025-04-25 12:43:23','',NULL),(437,9183,253,'ESCOBILLAS 22\" X2',1.00,'8',21894.21,21894.21,0.00,0.00,0.00,2,4597.78,26491.99,'2025-04-25 12:43:23','2025-04-25 12:43:23','',NULL),(438,9183,253,'SERVICIO DE CAMBIO DE ACEITE AMAROK V6 GERMAN',1.00,'8',24793.39,24793.39,0.00,0.00,0.00,2,5206.61,30000.00,'2025-04-25 12:43:23','2025-04-25 12:43:23','',NULL),(439,9183,254,'CAMPANAS TRASERAS S10 KM 241.482 DOMINIO AA782QT',1.00,'8',275619.84,275619.84,0.00,0.00,0.00,2,57880.17,333500.01,'2025-04-25 12:53:04','2025-04-25 12:53:04','',NULL),(440,9183,254,'ZAPATAS TRASERAS S10',1.00,'8',104545.46,104545.46,0.00,0.00,0.00,2,21954.55,126500.01,'2025-04-25 12:53:04','2025-04-25 12:53:04','',NULL),(441,9183,254,'CAMBIO SISTEMA DE FRENOS TRASERO CHEVROLET S10',1.00,'8',82644.63,82644.63,0.00,0.00,0.00,2,17355.37,100000.00,'2025-04-25 12:53:04','2025-04-25 12:53:04','',NULL),(442,9183,254,'LIQUIDO DE FRENOS DOT 4',1.00,'8',7603.30,7603.30,0.00,0.00,0.00,2,1596.69,9199.99,'2025-04-25 12:53:04','2025-04-25 12:53:04','',NULL),(443,9183,255,'DISTRIBUCIÓN (CORREA GATES-RODAMIENTOS SKF) ',1.00,'8',346657.60,346657.60,0.00,0.00,0.00,2,72798.10,419455.70,'2025-04-25 12:56:35','2025-04-25 12:56:35','',NULL),(444,9183,255,'SERVICIO DE DISTRIBUCIÓN AMAROK KM 91000 NAHUEL RUIZ',1.00,'8',206611.57,206611.57,0.00,0.00,0.00,2,43388.43,250000.00,'2025-04-25 12:56:35','2025-04-25 12:56:35','',NULL),(445,9183,256,'KIT DE FILTROS (HABITACULO-AIRE-ACEITE-COMBUSTIBLE)',1.00,'8',65756.24,65756.24,0.00,0.00,0.00,7,0.00,65756.24,'2025-04-25 13:00:14','2025-04-25 13:00:14','',NULL),(446,9183,256,'ACEITE MOBIL 10W40 SEMISINTETICO 8L',8.00,'8',8424.00,67392.00,0.00,0.00,0.00,7,0.00,67392.00,'2025-04-25 13:00:14','2025-04-25 13:00:14','',NULL),(447,9183,256,'SERVICIO CAMBIO DE ACEITE HILUX ',1.00,'8',30000.00,30000.00,0.00,0.00,0.00,7,0.00,30000.00,'2025-04-25 13:00:14','2025-04-25 13:00:14','',NULL),(448,9183,257,'ANULO COMPROBANTE 163',1.00,'8',26250.00,26250.00,0.00,0.00,0.00,2,5512.50,31762.50,'2025-04-25 13:03:52','2025-04-25 13:03:52','',NULL),(449,9183,258,'LAVADO COMPLETO CAMIONETA',1.00,'8',31762.50,31762.50,0.00,0.00,0.00,8,0.00,31762.50,'2025-04-25 13:08:08','2025-04-25 13:08:08','',NULL),(450,9183,259,'FOCO H7 24V',1.00,'8',9920.00,9920.00,0.00,0.00,0.00,2,2083.20,12003.20,'2025-04-26 10:37:17','2025-04-26 10:37:17','',NULL),(451,9183,260,'SERVICIO LAVADO EQUIPO COMPLETO',1.00,'8',52500.00,52500.00,0.00,0.00,0.00,2,11025.00,63525.00,'2025-04-26 13:39:59','2025-04-26 13:39:59','',NULL),(452,9183,261,'SERVICIO DE LAVADO EQUIPO COMPLETO',1.00,'8',52500.00,52500.00,0.00,0.00,0.00,2,11025.00,63525.00,'2025-04-26 19:20:26','2025-04-26 19:20:26','',NULL),(453,9183,262,'ANULO FACTURA POR ERROR',1.00,'8',52500.00,52500.00,0.00,0.00,0.00,2,11025.00,63525.00,'2025-04-26 19:24:31','2025-04-26 19:24:31','',NULL),(454,9183,263,'LAVADO CAMIONETA CHEVROLET DOMINIO AC968PZ',1.00,'8',30000.00,30000.00,0.00,0.00,0.00,7,0.00,30000.00,'2025-04-27 21:10:19','2025-04-27 21:10:19','',NULL);
INSERT INTO `fact_elec_receipt_details` VALUES (455,9183,264,'ACEITE 5W30 SHELL',1.00,'8',100000.00,100000.00,0.00,0.00,0.00,2,21000.00,121000.00,'2025-04-28 10:19:26','2025-04-28 10:19:26','',NULL),(456,9183,264,'KIT FILTROS HILUX',1.00,'8',53000.00,53000.00,0.00,0.00,0.00,2,11130.00,64130.00,'2025-04-28 10:19:26','2025-04-28 10:19:26','',NULL),(457,9183,265,'FILTROS COMBUSTIBLE ',1.00,'8',72000.00,72000.00,0.00,0.00,0.00,2,15120.00,87120.00,'2025-04-28 10:40:15','2025-04-28 10:40:15','',NULL),(458,9183,265,'ACEITE 15W40 PUMA',1.00,'8',15500.00,15500.00,0.00,0.00,0.00,2,3255.00,18755.00,'2025-04-28 10:40:16','2025-04-28 10:40:16','',NULL),(459,9183,266,'ACEITE SHELL 5W30 SINTETICO',8.00,'8',11157.03,89256.24,0.00,0.00,0.00,2,18743.81,108000.05,'2025-04-29 19:31:25','2025-04-29 19:31:25','',NULL),(460,9183,266,'KIT DE FILTROS (HABITACULO-AIRE-ACEITE-COMBUSTIBLE)',1.00,'8',110809.92,110809.92,0.00,0.00,0.00,2,23270.08,134080.00,'2025-04-29 19:31:25','2025-04-29 19:31:25','',NULL),(461,9183,266,'SERVICE AMAROK  DOMINIO (AE005QV) KM195607',1.00,'8',24793.39,24793.39,0.00,0.00,0.00,2,5206.61,30000.00,'2025-04-29 19:31:25','2025-04-29 19:31:25','',NULL),(462,9183,267,'SERVICE FORD DEUTZ',1.00,'8',233847.11,233847.11,0.00,0.00,0.00,2,49107.89,282955.00,'2025-04-29 19:44:32','2025-04-29 19:44:32','',NULL),(463,9183,267,'SERVICE FORD DUTY',1.00,'8',237328.92,237328.92,0.00,0.00,0.00,2,49839.07,287167.99,'2025-04-29 19:44:32','2025-04-29 19:44:32','',NULL),(464,9183,267,'SERVICE F100',1.00,'8',28925.62,28925.62,0.00,0.00,0.00,2,6074.38,35000.00,'2025-04-29 19:44:32','2025-04-29 19:44:32','',NULL),(465,9183,268,'ANULO FACTURA NRO 164',1.00,'8',73500.00,73500.00,0.00,0.00,0.00,2,15435.00,88935.00,'2025-04-29 19:53:03','2025-04-29 19:53:03','',NULL),(466,9183,269,'SERVICIO DE LAVADO PICK-UP',3.00,'8',25000.00,75000.00,0.00,0.00,0.00,2,15750.00,90750.00,'2025-04-29 19:55:25','2025-04-29 19:55:25','',NULL),(467,9183,270,'ANULO FACTURA NRO 16',1.00,'8',61500.00,61500.00,0.00,0.00,0.00,7,0.00,61500.00,'2025-04-29 20:00:10','2025-04-29 20:00:10','',NULL),(468,9183,271,'ANULO FACTURA NRO 18',1.00,'8',163148.24,163148.24,0.00,0.00,0.00,7,0.00,163148.24,'2025-04-29 20:03:34','2025-04-29 20:03:34','',NULL),(469,9183,272,'KIT DE FILTROS (HABITACULO-AIRE-ACEITE-COMBUSTIBLE)',1.00,'8',65756.24,65756.24,0.00,0.00,0.00,7,0.00,65756.24,'2025-04-30 15:33:47','2025-04-30 15:33:47','',NULL),(470,9183,272,'ACEITE MOBIL 10W40 SEMISINTETICO 8L',8.00,'8',8424.00,67392.00,0.00,0.00,0.00,7,0.00,67392.00,'2025-04-30 15:33:47','2025-04-30 15:33:47','',NULL),(471,9183,272,'SERVICIO DE CAMBIO DE ACEITE Y FILTROS HILUX',1.00,'8',30000.00,30000.00,0.00,0.00,0.00,7,0.00,30000.00,'2025-04-30 15:33:47','2025-04-30 15:33:47','',NULL),(472,9183,273,'LAVADO TOYOTA TERRANI DOMINIO (LOL282)',1.00,'8',25200.00,25200.00,0.00,0.00,0.00,7,0.00,25200.00,'2025-04-30 15:36:14','2025-04-30 15:36:14','',NULL),(473,9183,273,'LAVADO S10 DOMINIO (AA666XN)',1.00,'8',36300.00,36300.00,0.00,0.00,0.00,7,0.00,36300.00,'2025-04-30 15:36:14','2025-04-30 15:36:14','',NULL),(474,9183,274,'SERVICIO LAVADO EQUIPO COMPLETO ',1.00,'8',63000.00,63000.00,0.00,0.00,0.00,2,13230.00,76230.00,'2025-04-30 18:02:28','2025-04-30 18:02:28','',NULL),(475,9183,274,'LUBRICANTE BARDHAL ',1.00,'8',7439.00,7439.00,0.00,0.00,0.00,2,1562.19,9001.19,'2025-04-30 18:02:28','2025-04-30 18:02:28','',NULL),(476,9183,274,'PRESINTOS ',1.00,'8',700.00,700.00,0.00,0.00,0.00,2,147.00,847.00,'2025-04-30 18:02:28','2025-04-30 18:02:28','',NULL),(477,9183,275,'ACEITE PUMA 15W40 10L',10.00,'8',4181.84,41818.40,0.00,0.00,0.00,2,8781.86,50600.26,'2025-04-30 19:47:18','2025-04-30 19:47:18','',NULL),(478,9183,276,'-PAÑO MICROFIBRA\n-CEPILLO MADERA\n-CAJA LUZ OSRAM\n-FILTRO WAP384, -FILTRO BOSCH\n-FILTRO MAHLE ',1.00,'8',127261.52,127261.52,0.00,0.00,0.00,2,26724.92,153986.44,'2025-05-01 12:28:29','2025-05-01 12:28:29','',NULL),(479,9183,277,'UREA SHELL 140L',140.00,'8',1001.65,140231.00,0.00,0.00,0.00,2,29448.51,169679.51,'2025-05-03 12:49:20','2025-05-03 12:49:20','',NULL);
INSERT INTO `fact_elec_receipt_details` VALUES (480,9183,277,'LAMPARA H7 X2 ',1.00,'8',34361.98,34361.98,0.00,0.00,0.00,2,7216.02,41578.00,'2025-05-03 12:49:20','2025-05-03 12:49:20','',NULL),(481,9183,277,'PINO AROMATIXANTE GEL',1.00,'8',10776.86,10776.86,0.00,0.00,0.00,2,2263.14,13040.00,'2025-05-03 12:49:20','2025-05-03 12:49:20','',NULL),(482,9183,278,'SERVICE DE ACEITE FORD RANGER',1.00,'8',137219.01,137219.01,0.00,0.00,0.00,2,28815.99,166035.00,'2025-05-05 20:13:58','2025-05-05 20:13:58','',NULL),(483,9183,279,'FILTRO DE COMBUSTIBLE TECTOR',1.00,'8',34380.99,34380.99,0.00,0.00,0.00,2,7220.01,41601.00,'2025-05-05 21:20:59','2025-05-05 21:20:59','',NULL),(484,9183,279,'TACHO K78 AZUL',1.00,'8',5844.63,5844.63,0.00,0.00,0.00,2,1227.37,7072.00,'2025-05-05 21:20:59','2025-05-05 21:20:59','',NULL),(485,9183,279,'SILICONA KANTON',1.00,'8',6082.65,6082.65,0.00,0.00,0.00,2,1277.36,7360.01,'2025-05-05 21:20:59','2025-05-05 21:20:59','',NULL),(486,9183,279,'PAÑO MICROFIBRA ESPECIAL 40X60',1.00,'8',15000.00,15000.00,0.00,0.00,0.00,2,3150.00,18150.00,'2025-05-05 21:20:59','2025-05-05 21:20:59','',NULL),(487,9183,280,'ACEITE SHELL RIMULA R4 15W40',1.00,'8',119000.00,119000.00,0.00,0.00,0.00,2,24990.00,143990.00,'2025-05-06 19:56:57','2025-05-06 19:56:57','',NULL),(488,9183,281,'KIT DE FILTROS MAHLE',1.00,'8',98250.00,98250.00,0.00,0.00,0.00,7,0.00,98250.00,'2025-05-06 20:17:51','2025-05-06 20:17:51','',NULL),(489,9183,281,'ACEITE10W40 MOBIL SUPER 2000',1.00,'8',67350.00,67350.00,0.00,0.00,0.00,7,0.00,67350.00,'2025-05-06 20:17:51','2025-05-06 20:17:51','',NULL),(490,9183,281,'SERVICIO DE ACEITE MASTER RENAULT',1.00,'8',30000.00,30000.00,0.00,0.00,0.00,7,0.00,30000.00,'2025-05-06 20:17:51','2025-05-06 20:17:51','',NULL),(491,9183,281,'SERVICIO DE LAVADO COMPLETO',1.00,'8',63525.00,63525.00,0.00,0.00,0.00,7,0.00,63525.00,'2025-05-06 20:17:51','2025-05-06 20:17:51','',NULL),(492,9183,282,'AGUA DESTILADA 5L X3',3.00,'8',5000.00,15000.00,0.00,0.00,0.00,7,0.00,15000.00,'2025-05-07 19:56:19','2025-05-07 19:56:19','',NULL),(493,9183,282,'LIQUIDO REFRIGERANTE TOTAL GLASELF',1.00,'8',15250.00,15250.00,0.00,0.00,0.00,7,0.00,15250.00,'2025-05-07 19:56:19','2025-05-07 19:56:19','',NULL),(494,9183,282,'-CAMBIO TANQUE REFRIGERANTE \n-LIMPIEZA CIRCUITO REFRIGERANTE',1.00,'8',38500.00,38500.00,0.00,0.00,0.00,7,0.00,38500.00,'2025-05-07 19:56:19','2025-05-07 19:56:19','',NULL),(495,9183,283,'SERVICIO LAVADO DE CAMIONETA',1.00,'8',26250.00,26250.00,0.00,0.00,0.00,2,5512.50,31762.50,'2025-05-08 09:54:52','2025-05-08 09:54:52','',NULL),(496,9183,284,'SERVICIO LAVADO COMPLETO CAMIONETA',1.00,'8',36750.00,36750.00,0.00,0.00,0.00,2,7717.50,44467.50,'2025-05-09 19:18:31','2025-05-09 19:18:31','',NULL),(497,9183,285,'SERVICIO DE LAVADO COMPLETO KANGOO',1.00,'8',20800.00,20800.00,0.00,0.00,0.00,2,4368.00,25168.00,'2025-05-10 12:37:53','2025-05-10 12:37:53','',NULL),(498,9183,286,'SERVICIO LAVADO CAMIONETA ',1.00,'8',21000.00,21000.00,0.00,0.00,0.00,2,4410.00,25410.00,'2025-05-12 16:52:42','2025-05-12 16:52:42','',NULL),(499,9183,287,'CINTA DE AMARRE CROSSMASTER',1.00,'8',42586.80,42586.80,0.00,0.00,0.00,2,8943.23,51530.03,'2025-05-12 17:17:46','2025-05-12 17:17:46','',NULL),(500,9183,288,'BALDE GRASA SHELL GADUS V220 2 ',1.00,'8',147370.21,147370.21,0.00,0.00,0.00,2,30947.74,178317.95,'2025-05-12 20:10:37','2025-05-12 20:10:37','',NULL),(501,9183,288,'ACEITE PUMA 80W90 20L',1.00,'8',99338.84,99338.84,0.00,0.00,0.00,2,20861.16,120200.00,'2025-05-12 20:10:37','2025-05-12 20:10:37','',NULL),(502,9183,288,'ACEITE PUMA ATF 20L',1.00,'8',92975.21,92975.21,0.00,0.00,0.00,2,19524.79,112500.00,'2025-05-12 20:10:37','2025-05-12 20:10:37','',NULL),(503,9183,289,'SERVICIO EQUIPO LAVADO COMPLETO',1.00,'8',63000.00,63000.00,0.00,0.00,0.00,2,13230.00,76230.00,'2025-05-13 11:34:56','2025-05-13 11:34:56','',NULL),(504,9183,290,'LAVADO CAMIONETA',1.00,'8',26250.00,26250.00,0.00,0.00,0.00,2,5512.50,31762.50,'2025-05-13 17:48:52','2025-05-13 17:48:52','',NULL);
INSERT INTO `fact_elec_receipt_details` VALUES (505,9183,291,'BALDE SHELL RIMULA R4 20L',1.00,'8',112462.81,112462.81,0.00,0.00,0.00,2,23617.19,136080.00,'2025-05-14 20:40:37','2025-05-14 20:40:37','',NULL),(506,9183,291,'FILTRO DE ACEITE BOSCH/ FILTRO DE GAS OIL',1.00,'8',31157.03,31157.03,0.00,0.00,0.00,2,6542.98,37700.01,'2025-05-14 20:40:37','2025-05-14 20:40:37','',NULL),(507,9183,291,'ACEITE PUMA 80W90 3lTS',3.00,'8',4966.94,14900.82,0.00,0.00,0.00,2,3129.17,18029.99,'2025-05-14 20:40:37','2025-05-14 20:40:37','',NULL),(508,9183,292,'CAMBIO MOTOR DE VENTILACIÓN HILUX ',1.00,'8',85000.00,85000.00,0.00,0.00,0.00,7,0.00,85000.00,'2025-05-14 20:56:47','2025-05-14 20:56:47','',NULL),(509,9183,292,'FORZADOR SOPLADOR DE VENTILACIÓN HILUX 2006',1.00,'8',151200.00,151200.00,0.00,0.00,0.00,7,0.00,151200.00,'2025-05-14 20:56:47','2025-05-14 20:56:47','',NULL),(510,9183,292,'RESISTENCIA DE VELOCIDADES',1.00,'8',25000.00,25000.00,0.00,0.00,0.00,7,0.00,25000.00,'2025-05-14 20:56:47','2025-05-14 20:56:47','',NULL),(511,9183,293,'CORREA MICRO V 8PK1230',1.00,'8',30579.00,30579.00,0.00,0.00,0.00,2,6421.59,37000.59,'2025-05-15 15:52:02','2025-05-15 15:52:02','',NULL),(512,9183,294,'KIT DE FILTROS NISSAN',1.00,'8',58000.00,58000.00,0.00,0.00,0.00,7,0.00,58000.00,'2025-05-16 14:59:18','2025-05-16 14:59:18','',NULL),(513,9183,294,'ACEITE SEMISINTETICO 2000 10W40',1.00,'8',36275.00,36275.00,0.00,0.00,0.00,7,0.00,36275.00,'2025-05-16 14:59:18','2025-05-16 14:59:18','',NULL),(514,9183,294,'CORREAS MICRO-V X2',1.00,'8',47150.00,47150.00,0.00,0.00,0.00,7,0.00,47150.00,'2025-05-16 14:59:18','2025-05-16 14:59:18','',NULL),(515,9183,294,'-SERVICIO CAMBIO DE ACEITE Y FILTROS\n-CAMBIO CORREAS MICRO-V',1.00,'8',63000.00,63000.00,0.00,0.00,0.00,7,0.00,63000.00,'2025-05-16 14:59:18','2025-05-16 14:59:18','',NULL),(516,9183,295,'-CAMBIO RETÉN DE DIFERENCIAL \n-CAMBIO ACEITE DIFERENCIAL',1.00,'8',75000.00,75000.00,0.00,0.00,0.00,2,15750.00,90750.00,'2025-05-16 15:06:05','2025-05-16 15:06:05','',NULL),(517,9183,295,'RETEN DIFERENCIAL AMAROK V6',1.00,'8',65000.00,65000.00,0.00,0.00,0.00,2,13650.00,78650.00,'2025-05-16 15:06:05','2025-05-16 15:06:05','',NULL),(518,9183,295,'ACEITE DIFERENCIAL AMAROK V6 80W90 X3L',3.00,'8',4966.95,14900.85,0.00,0.00,0.00,2,3129.18,18030.03,'2025-05-16 15:06:05','2025-05-16 15:06:05','',NULL),(519,9183,296,'AMORTIGUADORES DELANTEROS X2',1.00,'8',156859.50,156859.50,0.00,0.00,0.00,2,32940.50,189800.00,'2025-05-16 17:43:29','2025-05-16 17:43:29','',NULL),(520,9183,296,'KIT DE FILTROS BOSCH',1.00,'8',33413.22,33413.22,0.00,0.00,0.00,2,7016.78,40430.00,'2025-05-16 17:43:29','2025-05-16 17:43:29','',NULL),(521,9183,296,'ACEITE MOBIL SUPER 2.000 10W40',1.00,'8',26981.82,26981.82,0.00,0.00,0.00,2,5666.18,32648.00,'2025-05-16 17:43:29','2025-05-16 17:43:29','',NULL),(522,9183,296,'AGUA + REFRIGERANTE TOTAL GLASELF',1.00,'8',16735.54,16735.54,0.00,0.00,0.00,2,3514.46,20250.00,'2025-05-16 17:43:29','2025-05-16 17:43:29','',NULL),(523,9183,296,'TACHO DE AGUA',1.00,'8',16528.93,16528.93,0.00,0.00,0.00,2,3471.08,20000.01,'2025-05-16 17:43:29','2025-05-16 17:43:29','',NULL),(524,9183,296,'TERMOSTATO ',1.00,'8',12396.70,12396.70,0.00,0.00,0.00,2,2603.31,15000.01,'2025-05-16 17:43:29','2025-05-16 17:43:29','',NULL),(525,9183,296,'-CAMBIO AMORTIGUADORES\n\n-SERVICIO DE ACEITE\n\n-CAMBIO REFRIGERANTE\n\n-CAMBIO TACHO Y TERMOSTATO',1.00,'8',130578.51,130578.51,0.00,0.00,0.00,2,27421.49,158000.00,'2025-05-16 17:43:29','2025-05-16 17:43:29','',NULL),(526,9183,297,'LAMPARA H7 DURER',1.00,'8',9917.36,9917.36,0.00,0.00,0.00,2,2082.65,12000.01,'2025-05-18 18:39:52','2025-05-18 18:39:52','',NULL),(527,9183,298,'LAVADO UTILITARIO ',1.00,'8',25410.00,25410.00,0.00,0.00,0.00,7,0.00,25410.00,'2025-05-19 12:15:39','2025-05-19 12:15:39','',NULL),(528,9183,298,'LAVADO PICK-UP ',1.00,'8',31762.00,31762.00,0.00,0.00,0.00,7,0.00,31762.00,'2025-05-19 12:15:39','2025-05-19 12:15:39','',NULL);
INSERT INTO `fact_elec_receipt_details` VALUES (529,9183,299,'SERVICIO LAVADO EQUIPO COMPLETO DOMINIO: HBW947 ',1.00,'8',63000.00,63000.00,0.00,0.00,0.00,2,13230.00,76230.00,'2025-05-19 12:34:28','2025-05-19 12:34:28','',NULL),(530,9183,300,'SERVICIO LAVADO EQUIPO COMPLETO',1.00,'8',63000.00,63000.00,0.00,0.00,0.00,2,13230.00,76230.00,'2025-05-19 18:35:48','2025-05-19 18:35:48','',NULL),(531,9183,300,'SERVICIO ENGRASE EQUIPO COMPLETO ',1.00,'8',20000.00,20000.00,0.00,0.00,0.00,2,4200.00,24200.00,'2025-05-19 18:35:48','2025-05-19 18:35:48','',NULL),(532,9183,301,'limpia inyectores diesel ',1.00,'8',51085.20,51085.20,0.00,0.00,0.00,2,10727.89,61813.09,'2025-05-20 12:30:04','2025-05-20 12:30:04','',NULL),(533,9183,302,'SILICONA KANTON ',1.00,'8',6033.10,6033.10,0.00,0.00,0.00,2,1266.95,7300.05,'2025-05-21 11:20:40','2025-05-21 11:20:40','',NULL),(534,9183,303,'FILTRO DE AIRE ',1.00,'8',13801.65,13801.65,0.00,0.00,0.00,2,2898.35,16700.00,'2025-05-21 19:45:32','2025-05-21 19:45:32','',NULL),(535,9183,303,'FILTRO DE ACEITE MAHLE',1.00,'8',9669.42,9669.42,0.00,0.00,0.00,2,2030.58,11700.00,'2025-05-21 19:45:32','2025-05-21 19:45:32','',NULL),(536,9183,303,'FILTRO DE COMBUSTIBLE X2',1.00,'8',40357.02,40357.02,0.00,0.00,0.00,2,8474.97,48831.99,'2025-05-21 19:45:32','2025-05-21 19:45:32','',NULL),(537,9183,303,'FILTRO HABITACULO',1.00,'8',9917.36,9917.36,0.00,0.00,0.00,2,2082.65,12000.01,'2025-05-21 19:45:32','2025-05-21 19:45:32','',NULL),(538,9183,303,'ACEITE 10W40 CASTROL CERRADO  X2',1.00,'8',81338.00,81338.00,0.00,0.00,0.00,2,17080.98,98418.98,'2025-05-21 19:45:32','2025-05-21 19:45:32','',NULL),(539,9183,303,'-SERVICE DE ACEITE Y FILTROS\n-REPARACION DE CAMPANAS\n-SOLDADURA CABLE LUZ TRASERA\n-DIAGNOSTICO COMPUTALIZADO',1.00,'8',115702.48,115702.48,0.00,0.00,0.00,2,24297.52,140000.00,'2025-05-21 19:45:32','2025-05-21 19:45:32','',NULL),(540,9183,304,'LAMPARA W5W X2 OSRAM',1.00,'8',2279.34,2279.34,0.00,0.00,0.00,2,478.66,2758.00,'2025-05-21 19:58:22','2025-05-21 19:58:22','',NULL),(541,9183,304,'CORREA MICRO V GM ORIGINAL',1.00,'8',40261.15,40261.15,0.00,0.00,0.00,2,8454.84,48715.99,'2025-05-21 19:58:22','2025-05-21 19:58:22','',NULL),(542,9183,304,'TENSORES MICRO-V BTP X3',1.00,'8',119774.38,119774.38,0.00,0.00,0.00,2,25152.62,144927.00,'2025-05-21 19:58:22','2025-05-21 19:58:22','',NULL),(543,9183,304,'BOMBA DE AGUA GM ORIGINAL',1.00,'8',144049.59,144049.59,0.00,0.00,0.00,2,30250.41,174300.00,'2025-05-21 19:58:22','2025-05-21 19:58:22','',NULL),(544,9183,304,'-CORREA DISTRIBUCION GATES\n-TENSOR DE DISTRIBUCIÓN',1.00,'8',174580.16,174580.16,0.00,0.00,0.00,2,36661.83,211241.99,'2025-05-21 19:58:22','2025-05-21 19:58:22','',NULL),(545,9183,304,'REFRIGERANTE TOTAL GLASELF',1.00,'8',12548.00,12548.00,0.00,0.00,0.00,2,2635.08,15183.08,'2025-05-21 19:58:22','2025-05-21 19:58:22','',NULL),(546,9183,304,'AGUA DESTILADA 5L',1.00,'8',4200.00,4200.00,0.00,0.00,0.00,2,882.00,5082.00,'2025-05-21 19:58:22','2025-05-21 19:58:22','',NULL),(547,9183,304,'ACEITE CASTROL 10W40 CERRADO X2',1.00,'8',81338.00,81338.00,0.00,0.00,0.00,2,17080.98,98418.98,'2025-05-21 19:58:22','2025-05-21 19:58:22','',NULL),(548,9183,304,'KIT DE FILTROS CHEVROLET S10',1.00,'8',73745.45,73745.45,0.00,0.00,0.00,2,15486.54,89231.99,'2025-05-21 19:58:22','2025-05-21 19:58:22','',NULL),(549,9183,304,'-SERVICE CAMBIO ACEITE Y FILTROS\n-CAMBIO DE DISTRIBUCIÓN + BOMBA DE AGUA + CAMBIO DE TENSORES\n-CAMBIO TENSORES MICRO-V\n-DISGNOSTICO COMPUTALIZAO\n-REGULACION FRENO TRASERO',1.00,'8',297520.66,297520.66,0.00,0.00,0.00,2,62479.34,360000.00,'2025-05-21 19:58:22','2025-05-21 19:58:22','',NULL),(550,9183,305,'ACEITE 85W140 X12L',1.00,'8',76200.00,76200.00,0.00,0.00,0.00,2,16002.00,92202.00,'2025-05-23 19:34:46','2025-05-23 19:34:46','',NULL),(551,9183,306,'AGUA DESTILADA FACTORY X2',2.00,'8',4132.23,8264.46,0.00,0.00,0.00,2,1735.54,10000.00,'2025-05-24 19:31:28','2025-05-24 19:31:28','',NULL);
INSERT INTO `fact_elec_receipt_details` VALUES (552,9183,306,'REFRIGERANTE  CONCENTRADO VMG 5L',1.00,'8',32479.34,32479.34,0.00,0.00,0.00,2,6820.66,39300.00,'2025-05-24 19:31:28','2025-05-24 19:31:28','',NULL),(553,9183,307,'LIMPIA INYECTORES BARDAHL',1.00,'8',6272.73,6272.73,0.00,0.00,0.00,2,1317.27,7590.00,'2025-05-26 07:15:22','2025-05-26 07:15:22','',NULL),(554,9183,307,'ACEITE SINTETICO SHELL 5W40 1L',1.00,'8',23644.63,23644.63,0.00,0.00,0.00,2,4965.37,28610.00,'2025-05-26 07:15:22','2025-05-26 07:15:22','',NULL),(555,9183,307,'ADITIVO LIMPIA CATALIZADOR LIQUI MOLLY',1.00,'8',27711.18,27711.18,0.00,0.00,0.00,2,5819.35,33530.53,'2025-05-26 07:15:22','2025-05-26 07:15:22','',NULL),(556,9183,308,'LAVADO CAMIONETA ',1.00,'8',26250.00,26250.00,0.00,0.00,0.00,2,5512.50,31762.50,'2025-05-26 07:19:31','2025-05-26 07:19:31','',NULL),(557,9183,309,'RIMULA R4 20L',1.00,'8',112463.00,112463.00,0.00,0.00,0.00,2,23617.23,136080.23,'2025-05-26 11:09:03','2025-05-26 11:09:03','',NULL),(558,9183,310,'CAMBIO DE ACEITE Y FILTROS  ',1.00,'8',100860.00,100860.00,0.00,0.00,0.00,2,21180.60,122040.60,'2025-05-28 18:54:52','2025-05-28 18:54:52','',NULL),(559,9183,311,'FCD2045  ZANELLO',1.00,'8',11542.14,11542.14,0.00,0.00,0.00,2,2423.85,13965.99,'2025-05-28 20:09:51','2025-05-28 20:09:51','',NULL),(560,9183,311,'WO711 ZANELLO',1.00,'8',59504.13,59504.13,0.00,0.00,0.00,2,12495.87,72000.00,'2025-05-28 20:09:51','2025-05-28 20:09:51','',NULL),(561,9183,311,'BOSCH 0986450582 ZANELLO',1.00,'8',23547.00,23547.00,0.00,0.00,0.00,2,4944.87,28491.87,'2025-05-28 20:09:51','2025-05-28 20:09:51','',NULL),(562,9183,311,'FILTRO DE COMBUSTIBLE BOSCH TOYOTA BLANCA ',1.00,'8',32525.62,32525.62,0.00,0.00,0.00,2,6830.38,39356.00,'2025-05-28 20:09:51','2025-05-28 20:09:51','',NULL),(563,9183,312,'KIT FILTROS HILUX 2015',1.00,'8',56611.57,56611.57,0.00,0.00,0.00,2,11888.43,68500.00,'2025-05-28 20:32:46','2025-05-28 20:32:46','',NULL),(564,9183,312,'ACEITE 10W40 CASTROL 8L',1.00,'8',83057.85,83057.85,0.00,0.00,0.00,2,17442.15,100500.00,'2025-05-28 20:32:46','2025-05-28 20:32:46','',NULL),(565,9183,312,'CAMBIO DE ACEITE Y FILTROS',1.00,'8',28925.62,28925.62,0.00,0.00,0.00,2,6074.38,35000.00,'2025-05-28 20:32:46','2025-05-28 20:32:46','',NULL),(566,9183,312,'LAVADO CAMIONETA',1.00,'8',12396.70,12396.70,0.00,0.00,0.00,2,2603.31,15000.01,'2025-05-28 20:32:46','2025-05-28 20:32:46','',NULL),(567,9183,313,'KIT DE FILTROS ',1.00,'8',46471.08,46471.08,0.00,0.00,0.00,2,9758.93,56230.01,'2025-05-29 20:03:51','2025-05-29 20:03:51','',NULL),(568,9183,313,'CAMBIO DE ACEITE HILUX ',1.00,'8',33057.85,33057.85,0.00,0.00,0.00,2,6942.15,40000.00,'2025-05-29 20:03:51','2025-05-29 20:03:51','',NULL),(569,9183,313,'FILTRO DE COMBUSTIBLE HILUX',1.00,'8',25000.00,25000.00,0.00,0.00,0.00,2,5250.00,30250.00,'2025-05-29 20:03:51','2025-05-29 20:03:51','',NULL),(570,9183,314,'MANGUERAS DE AGUA x4',1.00,'8',66700.00,66700.00,0.00,0.00,0.00,7,0.00,66700.00,'2025-05-30 14:24:23','2025-05-30 14:24:23','',NULL),(571,9183,314,'ABRAZADERAS ACERO INOX.',1.00,'8',23230.00,23230.00,0.00,0.00,0.00,7,0.00,23230.00,'2025-05-30 14:24:23','2025-05-30 14:24:23','',NULL),(572,9183,314,'-AGUA DESTILADA FACTORY \n-REFRIGERANTE 2L TOTAL GLASELF',1.00,'8',25630.00,25630.00,0.00,0.00,0.00,7,0.00,25630.00,'2025-05-30 14:24:23','2025-05-30 14:24:23','',NULL),(573,9183,314,'TAPAFUGAS PARA RADIADOR PITSS.',1.00,'8',8500.00,8500.00,0.00,0.00,0.00,7,0.00,8500.00,'2025-05-30 14:24:23','2025-05-30 14:24:23','',NULL),(574,9183,314,'-CAMBIO DE MANGUERAS\n-LIMPIEZA CIRCUITO DE AGUA\n-PURGADO CIRCUITO DE AGUA',1.00,'8',85000.00,85000.00,0.00,0.00,0.00,7,0.00,85000.00,'2025-05-30 14:24:23','2025-05-30 14:24:23','',NULL),(575,9183,315,'FILTRO DE AIRE MAHLE ',1.00,'8',39718.14,39718.14,0.00,0.00,0.00,2,8340.81,48058.95,'2025-05-30 20:15:14','2025-05-30 20:15:14','',NULL),(576,9183,316,'-SERVICE DE ACEITE \n-CAMBIO LIQUIDO REFRIGERANTE',1.00,'8',28925.62,28925.62,0.00,0.00,0.00,2,6074.38,35000.00,'2025-06-02 19:35:55','2025-06-02 19:35:55','',NULL);
INSERT INTO `fact_elec_receipt_details` VALUES (577,9183,316,'REFRIGERANTE VMG CONCENTRADO',1.00,'8',13323.11,13323.11,0.00,0.00,0.00,2,2797.85,16120.96,'2025-06-02 19:35:55','2025-06-02 19:35:55','',NULL),(578,9183,316,'AGUA DESTILADA',1.00,'8',5024.00,5024.00,0.00,0.00,0.00,2,1055.04,6079.04,'2025-06-02 19:35:55','2025-06-02 19:35:55','',NULL),(579,9183,317,'ACEITE HIDRAULICO ',1.00,'8',14290.00,14290.00,0.00,0.00,0.00,2,3000.90,17290.90,'2025-06-03 11:36:34','2025-06-03 11:36:34','',NULL),(580,9183,318,'SERVICIO DE LAVADO CAMIONETA ',1.00,'8',26000.00,26000.00,0.00,0.00,0.00,2,5460.00,31460.00,'2025-06-03 18:09:40','2025-06-03 18:09:40','',NULL),(581,9183,319,'ACEITE CASTROL 15W40\nACEITE 80W140',1.00,'8',56363.64,56363.64,0.00,0.00,0.00,2,11836.36,68200.00,'2025-06-03 19:49:34','2025-06-03 19:49:34','',NULL),(582,9183,320,'FILTRO COMBUSTIBLE MAHLE',1.00,'8',30867.77,30867.77,0.00,0.00,0.00,2,6482.23,37350.00,'2025-06-03 20:00:06','2025-06-03 20:00:06','',NULL),(583,9183,320,'FILTRO ACEITE MAHLE',1.00,'8',44892.56,44892.56,0.00,0.00,0.00,2,9427.44,54320.00,'2025-06-03 20:00:06','2025-06-03 20:00:06','',NULL),(584,9183,320,'ACEITE RIMULA R4 20L',2.00,'8',112462.81,224925.62,0.00,0.00,0.00,2,47234.38,272160.00,'2025-06-03 20:00:06','2025-06-03 20:00:06','',NULL),(585,9183,320,'SERVICIO CAMBIO DE ACEITE Y FILTROS',1.00,'8',37190.08,37190.08,0.00,0.00,0.00,2,7809.92,45000.00,'2025-06-03 20:00:06','2025-06-03 20:00:06','',NULL),(586,9183,321,'SILICONA KANTON AEROOSOL',1.00,'8',6404.96,6404.96,0.00,0.00,0.00,2,1345.04,7750.00,'2025-06-03 21:19:31','2025-06-03 21:19:31','',NULL),(587,9183,321,'PAÑO MICROFIBRA 40X40',1.00,'8',6000.00,6000.00,0.00,0.00,0.00,2,1260.00,7260.00,'2025-06-03 21:19:31','2025-06-03 21:19:31','',NULL),(588,9183,321,'PEFRUMINA GRANDE',1.00,'8',7450.00,7450.00,0.00,0.00,0.00,2,1564.50,9014.50,'2025-06-03 21:19:31','2025-06-03 21:19:31','',NULL),(589,9183,321,'2 H7 24V OSRAM X2',1.00,'8',30467.77,30467.77,0.00,0.00,0.00,2,6398.23,36866.00,'2025-06-03 21:19:31','2025-06-03 21:19:31','',NULL),(590,9183,321,'10 R5W 24V OSRAM X10',1.00,'8',12231.41,12231.41,0.00,0.00,0.00,2,2568.60,14800.01,'2025-06-03 21:19:31','2025-06-03 21:19:31','',NULL),(591,9183,322,'SERVICE DE ACEITE AMAROK 2.0',1.00,'8',250933.89,250933.89,0.00,0.00,0.00,2,52696.12,303630.01,'2025-06-04 19:21:21','2025-06-04 19:21:21','',NULL),(592,9183,323,'-ARREGLO CAJA 4X4 TOYOTA HILUX',1.00,'8',155000.00,155000.00,0.00,0.00,0.00,7,0.00,155000.00,'2025-06-05 14:56:29','2025-06-05 14:56:29','',NULL),(593,9183,323,'ADHESIVO CAJA 4X4',1.00,'8',8500.00,8500.00,0.00,0.00,0.00,7,0.00,8500.00,'2025-06-05 14:56:29','2025-06-05 14:56:29','',NULL),(594,9183,323,'-JUEGO DE PERILLAS ',1.00,'8',38158.00,38158.00,0.00,0.00,0.00,7,0.00,38158.00,'2025-06-05 14:56:29','2025-06-05 14:56:29','',NULL),(595,9183,324,'FILTRO DE AIRE WEGA',1.00,'8',15867.77,15867.77,0.00,0.00,0.00,2,3332.23,19200.00,'2025-06-05 14:59:26','2025-06-05 14:59:26','',NULL),(596,9183,325,'SERVICIO LAVADO EQUIPO COMPLETO',1.00,'8',63000.00,63000.00,0.00,0.00,0.00,2,13230.00,76230.00,'2025-06-05 15:10:03','2025-06-05 15:10:03','',NULL),(597,9183,326,'ATF PUMA 20L',1.00,'8',92975.21,92975.21,0.00,0.00,0.00,2,19524.79,112500.00,'2025-06-05 20:08:55','2025-06-05 20:08:55','',NULL),(598,9183,327,'5L REFRIGERANTE ORGANICO',1.00,'8',32232.00,32232.00,0.00,0.00,0.00,2,6768.72,39000.72,'2025-06-06 09:03:13','2025-06-06 09:03:13','',NULL),(599,9183,327,'ACEITE 15W40 CASTROL ',1.00,'8',23108.00,23108.00,0.00,0.00,0.00,2,4852.68,27960.68,'2025-06-06 09:03:13','2025-06-06 09:03:13','',NULL),(600,9183,328,'ACEITE CASTROL ',1.00,'8',43000.00,43000.00,0.00,0.00,0.00,2,9030.00,52030.00,'2025-06-06 09:20:15','2025-06-06 09:20:15','',NULL),(601,9183,328,'FILTRO AIRE - FILTRO COMBUSTIBLE ',1.00,'8',42025.00,42025.00,0.00,0.00,0.00,2,8825.25,50850.25,'2025-06-06 09:20:15','2025-06-06 09:20:15','',NULL),(602,9183,329,'SERVICIO LAVADO EQUIPO COMPLETO',1.00,'8',63000.00,63000.00,0.00,0.00,0.00,2,13230.00,76230.00,'2025-06-06 18:14:22','2025-06-06 18:14:22','',NULL);
INSERT INTO `fact_elec_receipt_details` VALUES (603,9183,330,'FILTRO ACEITE SCANIA ',1.00,'8',7273.00,7273.00,0.00,0.00,0.00,2,1527.33,8800.33,'2025-06-07 10:26:29','2025-06-07 10:26:29','',NULL),(604,9183,331,'EMBRAGUE INA AMAROK ',1.00,'8',2458451.23,2458451.23,0.00,0.00,0.00,2,516274.76,2974725.99,'2025-06-07 10:49:39','2025-06-07 10:49:39','',NULL),(605,9183,331,'BIMASA INA AMAROK',1.00,'8',2245784.51,2245784.51,0.00,0.00,0.00,2,471614.75,2717399.26,'2025-06-07 10:49:39','2025-06-07 10:49:39','',NULL),(606,9183,331,'FILTROS MAHLE AMAROK ',1.00,'8',375458.62,375458.62,0.00,0.00,0.00,2,78846.31,454304.93,'2025-06-07 10:49:39','2025-06-07 10:49:39','',NULL),(607,9183,331,'DISCOS DE FRENO TRW ',2.00,'8',175000.00,350000.00,0.00,0.00,0.00,2,73500.00,423500.00,'2025-06-07 10:49:39','2025-06-07 10:49:39','',NULL),(608,9183,331,'PASTILLAS DE FRENO DULOCK',2.00,'8',142545.14,285090.28,0.00,0.00,0.00,2,59868.96,344959.24,'2025-06-07 10:49:39','2025-06-07 10:49:39','',NULL),(609,9183,331,'ACEITE 5W30 CASTROL 4L',2.00,'8',78519.84,157039.68,0.00,0.00,0.00,2,32978.33,190018.01,'2025-06-07 10:49:39','2025-06-07 10:49:39','',NULL),(610,9183,332,'EMBRAGUE TOYOTA  SKF',1.00,'8',2457789.51,2457789.51,0.00,0.00,0.00,2,516135.80,2973925.31,'2025-06-07 10:58:23','2025-06-07 10:58:23','',NULL),(611,9183,332,'BIMASA TOYOTA SKF',1.00,'8',2548954.13,2548954.13,0.00,0.00,0.00,2,535280.37,3084234.50,'2025-06-07 10:58:23','2025-06-07 10:58:23','',NULL),(612,9183,332,'FILTROS MAHLE TOYOTA NUEVA',1.00,'8',348795.42,348795.42,0.00,0.00,0.00,2,73247.04,422042.46,'2025-06-07 10:58:23','2025-06-07 10:58:23','',NULL),(613,9183,332,'ACEITE CASTROL 10W40 4L',2.00,'8',81578.95,163157.90,0.00,0.00,0.00,2,34263.16,197421.06,'2025-06-07 10:58:23','2025-06-07 10:58:23','',NULL),(614,9183,333,'-KIT FILTROS AMAROK V6\n(ACEITE-HABITACULO-AIRE-COMBUSTIBLE)',1.00,'8',109917.36,109917.36,0.00,0.00,0.00,2,23082.65,133000.01,'2025-06-09 16:19:03','2025-06-09 16:19:03','',NULL),(615,9183,333,'ACEITE 5W30 CASTROL SELLADO  8L',1.00,'8',129421.42,129421.42,0.00,0.00,0.00,2,27178.50,156599.92,'2025-06-09 16:19:03','2025-06-09 16:19:03','',NULL),(616,9183,333,'-SERVICIO DE ACEITE Y FILTROS\n-DISGNOSTICO COMPUTALIZADO',1.00,'8',49586.79,49586.79,0.00,0.00,0.00,2,10413.23,60000.02,'2025-06-09 16:19:03','2025-06-09 16:19:03','',NULL),(617,9183,334,'FILTRO AIRE ',1.00,'8',83000.00,83000.00,0.00,0.00,0.00,2,17430.00,100430.00,'2025-06-10 17:24:16','2025-06-10 17:24:16','',NULL),(618,9183,334,'REFRIGERANTE 5L',1.00,'8',35166.20,35166.20,0.00,0.00,0.00,2,7384.90,42551.10,'2025-06-10 17:24:16','2025-06-10 17:24:16','',NULL),(619,9183,335,'FOCO H7',1.00,'8',15703.00,15703.00,0.00,0.00,0.00,2,3297.63,19000.63,'2025-06-10 18:16:57','2025-06-10 18:16:57','',NULL),(620,9183,336,'LAVADO VIRTUS 30/4 - 21/5 - 4/6',3.00,'8',20800.00,62400.00,0.00,0.00,0.00,2,13104.00,75504.00,'2025-06-10 18:31:14','2025-06-10 18:31:14','',NULL),(621,9183,336,'LAVADO AMAROK NESTOR 17/5',1.00,'8',26000.00,26000.00,0.00,0.00,0.00,2,5460.00,31460.00,'2025-06-10 18:31:14','2025-06-10 18:31:14','',NULL),(622,9183,336,'LAVADO AMAROK GERMAN 27/5',1.00,'8',26000.00,26000.00,0.00,0.00,0.00,2,5460.00,31460.00,'2025-06-10 18:31:14','2025-06-10 18:31:14','',NULL),(623,9183,336,'LAVADO AMAROK GONZALEZ 16/5',1.00,'8',26000.00,26000.00,0.00,0.00,0.00,2,5460.00,31460.00,'2025-06-10 18:31:14','2025-06-10 18:31:14','',NULL),(624,9183,337,'LAVADO EQUIPO COMPLETO CAMION ',1.00,'8',73500.00,73500.00,0.00,0.00,0.00,2,15435.00,88935.00,'2025-06-10 18:34:47','2025-06-10 18:34:47','',NULL),(625,9183,337,'LAVADO CAMIONETA',1.00,'8',26250.00,26250.00,0.00,0.00,0.00,2,5512.50,31762.50,'2025-06-10 18:34:47','2025-06-10 18:34:47','',NULL),(626,9183,338,'CREMALLERA PEUGEOT 207 2011',1.00,'8',374218.55,374218.55,0.00,0.00,0.00,2,78585.90,452804.45,'2025-06-12 10:19:45','2025-06-12 10:19:45','',NULL),(627,9183,338,'ACEITE ATF HIDRAULICO',1.00,'8',15958.68,15958.68,0.00,0.00,0.00,2,3351.32,19310.00,'2025-06-12 10:19:45','2025-06-12 10:19:45','',NULL);
INSERT INTO `fact_elec_receipt_details` VALUES (628,9183,338,'-CAMBIO DE CREMALLERA \n-ALINEACIÓN ',1.00,'8',157024.79,157024.79,0.00,0.00,0.00,2,32975.21,190000.00,'2025-06-12 10:19:45','2025-06-12 10:19:45','',NULL),(629,9183,338,'KIT DE FILTROS PEUGEOT 207',1.00,'8',29752.07,29752.07,0.00,0.00,0.00,2,6247.93,36000.00,'2025-06-12 10:19:45','2025-06-12 10:19:45','',NULL),(630,9183,338,'ACEITE SEMISINTETICO 4L',1.00,'8',18743.80,18743.80,0.00,0.00,0.00,2,3936.20,22680.00,'2025-06-12 10:19:45','2025-06-12 10:19:45','',NULL),(631,9183,338,'-CAMBIO DE ACEITE\n-LIMPIEZA DE CIRCUITO REFRIGERANTE\n-PURGADO REFRIGERANTE',1.00,'8',41322.31,41322.31,0.00,0.00,0.00,2,8677.69,50000.00,'2025-06-12 10:19:45','2025-06-12 10:19:45','',NULL),(632,9183,338,'ANTICONGELANTE VMG 2LAGUS DESTILADA ',1.00,'8',12396.70,12396.70,0.00,0.00,0.00,2,2603.31,15000.01,'2025-06-12 10:19:45','2025-06-12 10:19:45','',NULL),(633,9183,339,'TENSOR CORREA MICRO V GM (ORIGINAL)',1.00,'8',153000.00,153000.00,0.00,0.00,0.00,2,32130.00,185130.00,'2025-06-12 10:27:50','2025-06-12 10:27:50','',NULL),(634,9183,339,'CABLE FRENO DE MANO TRASERO',1.00,'8',56818.18,56818.18,0.00,0.00,0.00,2,11931.82,68750.00,'2025-06-12 10:27:50','2025-06-12 10:27:50','',NULL),(635,9183,339,'-CAMBIO TENSOR MICRO V\n-CAMBIO SISTEMA FRENO DE MANO \n-REGULACION DE FRENOS',1.00,'8',157024.79,157024.79,0.00,0.00,0.00,2,32975.21,190000.00,'2025-06-12 10:27:50','2025-06-12 10:27:50','',NULL),(636,9183,340,'ACEITE PUMA',1.00,'8',114880.00,114880.00,0.00,0.00,0.00,2,24124.80,139004.80,'2025-06-12 10:30:57','2025-06-12 10:30:57','',NULL),(637,9183,340,'LLAVE CRUZ ',1.00,'8',21490.00,21490.00,0.00,0.00,0.00,2,4512.90,26002.90,'2025-06-12 10:30:57','2025-06-12 10:30:57','',NULL),(638,9183,340,'1 ANTICONGELANTE ',1.00,'8',7940.00,7940.00,0.00,0.00,0.00,2,1667.40,9607.40,'2025-06-12 10:30:57','2025-06-12 10:30:57','',NULL),(639,9183,341,'KIT DE FILTROS HILUX ',1.00,'8',59768.60,59768.60,0.00,0.00,0.00,2,12551.41,72320.01,'2025-06-12 10:50:32','2025-06-12 10:50:32','',NULL),(640,9183,341,'ACEITE SINTETICO CASTROL TURBO DIESEL 5W30 8L',2.00,'8',60000.00,120000.00,0.00,0.00,0.00,2,25200.00,145200.00,'2025-06-12 10:50:32','2025-06-12 10:50:32','',NULL),(641,9183,341,'-SERVICE CAMBIO DE ACEITE Y FILTROS\n-AGREGADO DE ACEITE DIFERENCIAL\n-CONTROL DE ACEITE CAJA',1.00,'8',28925.62,28925.62,0.00,0.00,0.00,2,6074.38,35000.00,'2025-06-12 10:50:32','2025-06-12 10:50:32','',NULL),(642,9183,341,'ACEITE DIFERENCIAL 1/2 L',1.00,'8',3415.00,3415.00,0.00,0.00,0.00,2,717.15,4132.15,'2025-06-12 10:50:32','2025-06-12 10:50:32','',NULL),(643,9183,342,'KIT DE FILTROS (AIRE-ACEITE-COMBUSTIBLE-HABITACULO)',1.00,'8',56120.00,56120.00,0.00,0.00,0.00,7,0.00,56120.00,'2025-06-13 07:21:46','2025-06-13 07:21:46','',NULL),(644,9183,342,'ACEITE 10W40 SUPER 2000 SEMISINTETICO',1.00,'8',58040.00,58040.00,0.00,0.00,0.00,7,0.00,58040.00,'2025-06-13 07:21:46','2025-06-13 07:21:46','',NULL),(645,9183,342,'CAMBIO DE ACEITE, FILTROS, ACEITE DIFERENCIAL Y CAJA',1.00,'8',65000.00,65000.00,0.00,0.00,0.00,7,0.00,65000.00,'2025-06-13 07:21:46','2025-06-13 07:21:46','',NULL),(646,9183,342,'ACEITE DE CAJA 75W90',1.00,'8',83000.00,83000.00,0.00,0.00,0.00,7,0.00,83000.00,'2025-06-13 07:21:46','2025-06-13 07:21:46','',NULL),(647,9183,342,'ACEITE DIFERENCIAL 80W90',1.00,'8',24200.00,24200.00,0.00,0.00,0.00,7,0.00,24200.00,'2025-06-13 07:21:46','2025-06-13 07:21:46','',NULL),(648,9183,343,'FILTRO SCANIA P340',1.00,'8',35380.80,35380.80,0.00,0.00,0.00,2,7429.97,42810.77,'2025-06-13 20:35:17','2025-06-13 20:35:17','',NULL),(649,9183,344,'FILTRO COMBUSTIBLE CUMMINS',1.00,'8',22442.45,22442.45,0.00,0.00,0.00,2,4712.91,27155.36,'2025-06-16 09:40:01','2025-06-16 09:40:01','',NULL),(650,9183,344,'LIQUIDO REFRIGERANTE 1L CONCENTRADO',3.00,'8',8795.00,26385.00,0.00,0.00,0.00,2,5540.85,31925.85,'2025-06-16 09:40:02','2025-06-16 09:40:02','',NULL),(651,9183,345,'ANULO FACTURA NRO 31',1.00,'8',286360.00,286360.00,0.00,0.00,0.00,7,0.00,286360.00,'2025-06-17 10:04:10','2025-06-17 10:04:10','',NULL);
INSERT INTO `fact_elec_receipt_details` VALUES (652,9183,346,'KIT DE FILTROS (AIRE-ACEITE-COMBUSTIBLE-HABITACULO)',1.00,'8',56120.00,56120.00,0.00,0.00,0.00,7,0.00,56120.00,'2025-06-17 10:14:45','2025-06-17 10:14:45','',NULL),(653,9183,346,'ACEITE 10W40 SUPER 2000 SEMISINTETICO',1.00,'8',58040.00,58040.00,0.00,0.00,0.00,7,0.00,58040.00,'2025-06-17 10:14:45','2025-06-17 10:14:45','',NULL),(654,9183,346,'CAMBIO DE ACEITE, FILTROS, ACEITE DIFERENCIAL Y CAJA\nTOYOTA DOMINIO (OAO647)',1.00,'8',65000.00,65000.00,0.00,0.00,0.00,7,0.00,65000.00,'2025-06-17 10:14:45','2025-06-17 10:14:45','',NULL),(655,9183,346,'ACEITE DE CAJA 75W90',1.00,'8',83000.00,83000.00,0.00,0.00,0.00,7,0.00,83000.00,'2025-06-17 10:14:45','2025-06-17 10:14:45','',NULL),(656,9183,346,'ACEITE DIFERENCIAL 80W90',1.00,'8',24200.00,24200.00,0.00,0.00,0.00,7,0.00,24200.00,'2025-06-17 10:14:45','2025-06-17 10:14:45','',NULL),(657,9183,347,'SERVICIO EQUIPO LAVADO COMPLETO',1.00,'8',63000.00,63000.00,0.00,0.00,0.00,2,13230.00,76230.00,'2025-06-17 12:43:22','2025-06-17 12:43:22','',NULL),(658,9183,348,'SERVICIO CAMBIOACEITE Y FILTROS DOMINIO (AC080KN) LEGAJO 3558 ',1.00,'8',35000.00,35000.00,0.00,0.00,0.00,7,0.00,35000.00,'2025-06-18 12:32:24','2025-06-18 12:32:24','',NULL),(659,9183,348,'-KIT DE FILTROS\n-ACEITE 10W40 CASTROL 8L',1.00,'8',155460.00,155460.00,0.00,0.00,0.00,7,0.00,155460.00,'2025-06-18 12:32:24','2025-06-18 12:32:24','',NULL),(660,9183,349,'KIT DE FILTROS ',1.00,'8',56120.00,56120.00,0.00,0.00,0.00,7,0.00,56120.00,'2025-06-18 21:36:22','2025-06-18 21:36:22','',NULL),(661,9183,349,'ACEITE 10W40 MOBIL SUOER 2000 SEMISINTETICO 8L',1.00,'8',58040.00,58040.00,0.00,0.00,0.00,7,0.00,58040.00,'2025-06-18 21:36:22','2025-06-18 21:36:22','',NULL),(662,9183,349,'ACEITE CAJA 75W90 CASTROL',1.00,'8',83000.00,83000.00,0.00,0.00,0.00,7,0.00,83000.00,'2025-06-18 21:36:22','2025-06-18 21:36:22','',NULL),(663,9183,349,'ACEITE DIFERENCIAL ',1.00,'8',24200.00,24200.00,0.00,0.00,0.00,7,0.00,24200.00,'2025-06-18 21:36:22','2025-06-18 21:36:22','',NULL),(664,9183,349,'-ANTICONGELANTE\n-AGUA DESTILADA',1.00,'8',26400.00,26400.00,0.00,0.00,0.00,7,0.00,26400.00,'2025-06-18 21:36:22','2025-06-18 21:36:22','',NULL),(665,9183,349,'SERVICIO CAMBIO DE ACEITE Y FILTROS CAMBIO ACEITE CAJA Y DIFERENCIALCAMBIO LIQUIDO SISTEMA REFRIGERANTE  TOYOTA DOMINIO (LOL282)',1.00,'8',85000.00,85000.00,0.00,0.00,0.00,7,0.00,85000.00,'2025-06-18 21:36:22','2025-06-18 21:36:22','',NULL),(666,9183,350,'ANULO FACTURA 33',1.00,'8',190460.00,190460.00,0.00,0.00,0.00,7,0.00,190460.00,'2025-06-18 21:43:26','2025-06-18 21:43:26','',NULL),(667,9183,351,'SERCICIO CAMBIO DE ACEITE Y FILTROS DOMINIO (AC080KN) LEGAJO 3558',1.00,'8',25000.00,25000.00,0.00,0.00,0.00,7,0.00,25000.00,'2025-06-18 21:46:10','2025-06-18 21:46:10','',NULL),(668,9183,351,'-KIT DE FILTROS \n-ACEITE 10W40 CASTROL 8L',1.00,'8',155000.00,155000.00,0.00,0.00,0.00,7,0.00,155000.00,'2025-06-18 21:46:10','2025-06-18 21:46:10','',NULL),(669,9183,352,'SERVICIO DE LAVADO EQUIPO COMPETO',1.00,'8',72800.00,72800.00,0.00,0.00,0.00,2,15288.00,88088.00,'2025-06-19 20:11:44','2025-06-19 20:11:44','',NULL),(670,9183,353,'10L UREA SHELL',1.00,'8',10016.53,10016.53,0.00,0.00,0.00,2,2103.47,12120.00,'2025-06-20 10:20:09','2025-06-20 10:20:09','',NULL),(671,9183,354,'SERVICIO LAVADO EQUIPO COMPLETO',1.00,'8',57750.00,57750.00,0.00,0.00,0.00,2,12127.50,69877.50,'2025-06-20 17:20:17','2025-06-20 17:20:17','',NULL),(672,9183,355,'ACEITE CASTROL 20L',1.00,'8',96033.70,96033.70,0.00,0.00,0.00,2,20167.08,116200.78,'2025-06-24 10:22:22','2025-06-24 10:22:22','',NULL),(673,9183,355,'ACEITE ATF 2L',1.00,'8',9297.60,9297.60,0.00,0.00,0.00,2,1952.50,11250.10,'2025-06-24 10:22:22','2025-06-24 10:22:22','',NULL),(674,9183,356,'ACEITE CASTROL ',1.00,'8',74200.00,74200.00,0.00,0.00,0.00,2,15582.00,89782.00,'2025-06-25 10:16:26','2025-06-25 10:16:26','',NULL),(675,9183,356,'GRASA SHELL 1KG',1.00,'8',27198.40,27198.40,0.00,0.00,0.00,2,5711.66,32910.06,'2025-06-25 10:16:26','2025-06-25 10:16:26','',NULL);
INSERT INTO `fact_elec_receipt_details` VALUES (676,9183,357,'ACEITE HIDAULICO 68',1.00,'8',17396.70,17396.70,0.00,0.00,0.00,2,3653.31,21050.01,'2025-06-25 11:50:35','2025-06-25 11:50:35','',NULL),(677,9183,358,'FILTRO COMBUSTIBLE ',1.00,'8',37000.00,37000.00,0.00,0.00,0.00,2,7770.00,44770.00,'2025-06-25 12:00:49','2025-06-25 12:00:49','',NULL),(678,9183,358,'SERVICIO AUXILIO ',1.00,'8',30768.60,30768.60,0.00,0.00,0.00,2,6461.41,37230.01,'2025-06-25 12:00:49','2025-06-25 12:00:49','',NULL),(679,9183,359,'LAMPARA H7 24 X2',1.00,'8',33057.85,33057.85,0.00,0.00,0.00,2,6942.15,40000.00,'2025-06-25 16:39:59','2025-06-25 16:39:59','',NULL),(680,9183,360,'KIT DE FILTROS',1.00,'8',87061.98,87061.98,0.00,0.00,0.00,2,18283.02,105345.00,'2025-06-25 19:48:01','2025-06-25 19:48:01','',NULL),(681,9183,360,'ACEITE 5W30 SHELL',1.00,'8',90446.28,90446.28,0.00,0.00,0.00,2,18993.72,109440.00,'2025-06-25 19:48:01','2025-06-25 19:48:01','',NULL),(682,9183,360,'SERVICIO CAMBIO DE ACEITE Y FILTROS AMAROK CARLOS ALANIS',1.00,'8',28925.62,28925.62,0.00,0.00,0.00,2,6074.38,35000.00,'2025-06-25 19:48:01','2025-06-25 19:48:01','',NULL),(683,9183,361,'ZAPATAS DE FRENOS TRASERAS',1.00,'8',330000.00,330000.00,0.00,0.00,0.00,8,0.00,330000.00,'2025-06-25 19:58:42','2025-06-25 19:58:42','',NULL),(684,9183,361,'CAMPANAS DE FRENO TRASERAS',1.00,'8',350000.00,350000.00,0.00,0.00,0.00,7,0.00,350000.00,'2025-06-25 19:58:42','2025-06-25 19:58:42','',NULL),(685,9183,361,'BOMBIN DE FRENO TRASERO',1.00,'8',45500.00,45500.00,0.00,0.00,0.00,7,0.00,45500.00,'2025-06-25 19:58:42','2025-06-25 19:58:42','',NULL),(686,9183,361,'ACEITE DIFERENCIAL CASTROL',1.00,'8',24200.00,24200.00,0.00,0.00,0.00,7,0.00,24200.00,'2025-06-25 19:58:42','2025-06-25 19:58:42','',NULL),(687,9183,361,'ACEITE DE CAJA CASTROL',1.00,'8',83000.00,83000.00,0.00,0.00,0.00,7,0.00,83000.00,'2025-06-25 19:58:42','2025-06-25 19:58:42','',NULL),(688,9183,361,'SERVICIO CAMBIO DE FRENOS TRASERO COMPLETO + REGULACION DE FRENOS + CAMBIO ACEITE DIFERENCIAL Y CAJA',1.00,'8',220000.00,220000.00,0.00,0.00,0.00,7,0.00,220000.00,'2025-06-25 19:58:42','2025-06-25 19:58:42','',NULL),(689,9183,362,'FILTRO COMBUSTIBLE ',1.00,'8',23966.94,23966.94,0.00,0.00,0.00,2,5033.06,29000.00,'2025-06-26 08:38:33','2025-06-26 08:38:33','',NULL),(690,9183,363,'CORREA MICRO V SCANIA ',1.00,'8',73554.00,73554.00,0.00,0.00,0.00,2,15446.34,89000.34,'2025-06-26 10:26:42','2025-06-26 10:26:42','',NULL),(691,9183,364,'ANTICONGELANTE 10L ',1.00,'8',62595.04,62595.04,0.00,0.00,0.00,2,13144.96,75740.00,'2025-06-27 18:15:00','2025-06-27 18:15:00','',NULL),(692,9183,365,'ACEITE PUMA 15W40',2.00,'8',5119.84,10239.68,0.00,0.00,0.00,2,2150.33,12390.01,'2025-06-28 10:41:33','2025-06-28 10:41:33','',NULL),(693,9183,366,'GRASA SHELL S2 V220 2 1KG',1.00,'8',19315.37,19315.37,0.00,0.00,0.00,2,4056.23,23371.60,'2025-06-28 12:29:01','2025-06-28 12:29:01','',NULL),(694,9183,367,'ANTICONGELANTE 10L',1.00,'8',60000.00,60000.00,0.00,0.00,0.00,2,12600.00,72600.00,'2025-06-30 12:29:31','2025-06-30 12:29:31','',NULL),(695,9183,367,'LUBRICANTE ',1.00,'8',21355.37,21355.37,0.00,0.00,0.00,2,4484.63,25840.00,'2025-06-30 12:29:31','2025-06-30 12:29:31','',NULL),(696,9183,368,'ANTICONGELANTE 6L',1.00,'8',40305.79,40305.79,0.00,0.00,0.00,2,8464.22,48770.01,'2025-06-30 15:12:56','2025-06-30 15:12:56','',NULL),(697,9183,369,'ASESORAMIENTO ',1.00,'8',420356.00,420356.00,0.00,0.00,0.00,2,88274.76,508630.76,'2025-07-01 07:24:37','2025-07-01 07:24:37','',NULL),(698,9183,370,'ACEITE 80W90 4L',1.00,'8',32195.10,32195.10,0.00,0.00,0.00,2,6760.97,38956.07,'2025-07-01 11:03:40','2025-07-01 11:03:40','',NULL),(699,9183,371,'ACEITE 80W90 4L',1.00,'8',26245.00,26245.00,0.00,0.00,0.00,2,5511.45,31756.45,'2025-07-01 11:05:35','2025-07-01 11:05:35','',NULL),(700,9183,372,'ACEITE ATF 1L',1.00,'8',4648.80,4648.80,0.00,0.00,0.00,2,976.25,5625.05,'2025-07-02 11:25:37','2025-07-02 11:25:37','',NULL);
INSERT INTO `fact_elec_receipt_details` VALUES (701,9183,373,'-KIT DISTRIBUCIÓN INA AMAROK 2.0\n-BOMBA DE AGUA',1.00,'8',360380.58,360380.58,0.00,0.00,0.00,2,75679.92,436060.50,'2025-07-02 11:51:05','2025-07-02 11:51:05','',NULL),(702,9183,373,'ACEITE SINTETICO 5W30 SHELL 8L',1.00,'8',94545.46,94545.46,0.00,0.00,0.00,2,19854.55,114400.01,'2025-07-02 11:51:05','2025-07-02 11:51:05','',NULL),(703,9183,373,'KIT DE FILTROS (AIRE-HABITACULO-ACEITE-COMBUSTIBLE)',1.00,'8',95788.12,95788.12,0.00,0.00,0.00,2,20115.51,115903.63,'2025-07-02 11:51:05','2025-07-02 11:51:05','',NULL),(704,9183,373,'CAMBIO DE DISTRIBUCIÓN, BOMBA DE AGUA, PUESTA APUNTO Y SERVICE DE ACEITE Y FILTROS AMAROK 2.0 GUSTAVO MELLER',1.00,'8',260000.00,260000.00,0.00,0.00,0.00,2,54600.00,314600.00,'2025-07-02 11:51:05','2025-07-02 11:51:05','',NULL),(705,9183,374,'RULEMAN GUIAS',1.00,'8',75000.00,75000.00,0.00,0.00,0.00,7,0.00,75000.00,'2025-07-02 12:10:00','2025-07-02 12:10:00','',NULL),(706,9183,374,'BUJE DE TEFLON ',1.00,'8',83000.00,83000.00,0.00,0.00,0.00,7,0.00,83000.00,'2025-07-02 12:10:00','2025-07-02 12:10:00','',NULL),(707,9183,374,'DESARME Y ARMADO DE VOLANTE',1.00,'8',25000.00,25000.00,0.00,0.00,0.00,7,0.00,25000.00,'2025-07-02 12:10:00','2025-07-02 12:10:00','',NULL),(708,9183,374,'DESARME Y ARMADO DE VENTANAS + MOLDE PARA VIDRIO',1.00,'8',185000.00,185000.00,0.00,0.00,0.00,7,0.00,185000.00,'2025-07-02 12:10:00','2025-07-02 12:10:00','',NULL),(709,9183,374,'CAMBIAR RIEL DE PORTON, CAMBIO DE RULEMANES, CAMBIO DE BUJES, REGULACION Y ENGRASE',1.00,'8',250000.00,250000.00,0.00,0.00,0.00,7,0.00,250000.00,'2025-07-02 12:10:00','2025-07-02 12:10:00','',NULL),(710,9183,375,'lubricante ',1.00,'8',7305.79,7305.79,0.00,0.00,0.00,2,1534.22,8840.01,'2025-07-02 18:54:51','2025-07-02 18:54:51','',NULL),(711,9183,376,'anticongelante ',1.00,'8',56115.70,56115.70,0.00,0.00,0.00,2,11784.30,67900.00,'2025-07-03 16:22:01','2025-07-03 16:22:01','',NULL),(712,9183,377,'BATERIA BOSCH 100',1.00,'8',313571.90,313571.90,0.00,0.00,0.00,2,65850.10,379422.00,'2025-07-05 11:00:09','2025-07-05 11:00:09','',NULL),(713,9183,378,'AGUA DESTILADA ',1.00,'8',24793.40,24793.40,0.00,0.00,0.00,2,5206.61,30000.01,'2025-07-05 11:34:11','2025-07-05 11:34:11','',NULL),(714,9183,378,'ANTICONGELANTE ',1.00,'8',31297.52,31297.52,0.00,0.00,0.00,2,6572.48,37870.00,'2025-07-05 11:34:11','2025-07-05 11:34:11','',NULL),(715,9183,379,'REGULADOR ALTERNADOR Y CARBONES',1.00,'8',48000.00,48000.00,0.00,0.00,0.00,7,0.00,48000.00,'2025-07-05 12:29:34','2025-07-05 12:29:34','',NULL),(716,9183,379,'BULON Y TUERCA',1.00,'8',17000.00,17000.00,0.00,0.00,0.00,7,0.00,17000.00,'2025-07-05 12:29:34','2025-07-05 12:29:34','',NULL),(717,9183,379,'DESARME, CAMBIO DE REGULADOR, ENGRASE, ARMADO ALTERNADOR, DESARME RAMAL  CABLEADO, SOLDADURA Y EMPALME RAMAL',1.00,'8',240000.00,240000.00,0.00,0.00,0.00,7,0.00,240000.00,'2025-07-05 12:29:34','2025-07-05 12:29:34','',NULL),(718,9183,380,'-2 LAMPARAS H7 \n-ESTOPA\n-PERFUMINA\n-20 AGUJEROS DE COPA 63MM \n-1 LIQUIDO LIMPIAPARABRISAS\n-2 LAMPARAS H1 24V OSRAM',1.00,'8',101178.04,101178.04,0.00,0.00,0.00,2,21247.39,122425.43,'2025-07-05 12:57:48','2025-07-05 12:57:48','',NULL),(719,9183,381,'-ACEITE 5L \n-ANTICONGELANTE DE 10L\n-AGUA DESTILADA 10L\n-CAMBIO DE AGUA + REFRIGERANTE\n-2 LAMPARAS H1 24V\n- 2 LAMPARAS H7 BOSCH\n-1 PERFUMINA',1.00,'8',182941.90,182941.90,0.00,0.00,0.00,2,38417.80,221359.70,'2025-07-05 13:03:44','2025-07-05 13:03:44','',NULL),(720,9183,382,'6 GEL AROMATIZANTE ',1.00,'8',24297.52,24297.52,0.00,0.00,0.00,2,5102.48,29400.00,'2025-07-05 13:10:21','2025-07-05 13:10:21','',NULL),(721,9183,382,'3 LAMPARAS H7 CAMIONETA ,MELLER',1.00,'8',27272.73,27272.73,0.00,0.00,0.00,2,5727.27,33000.00,'2025-07-05 13:10:21','2025-07-05 13:10:21','',NULL),(722,9183,382,'LIMPIA INYECTORES MELLER',1.00,'8',24589.45,24589.45,0.00,0.00,0.00,2,5163.78,29753.23,'2025-07-05 13:10:21','2025-07-05 13:10:21','',NULL);
INSERT INTO `fact_elec_receipt_details` VALUES (723,9183,383,'UREA 50 LITROS',50.00,'8',1115.70,55785.00,0.00,0.00,0.00,2,11714.85,67499.85,'2025-07-05 13:17:26','2025-07-05 13:17:26','',NULL),(724,9183,383,'EMBUDO',1.00,'8',6794.21,6794.21,0.00,0.00,0.00,2,1426.78,8220.99,'2025-07-05 13:17:26','2025-07-05 13:17:26','',NULL),(725,9183,383,'TRAPO MICROFIBRA',1.00,'8',3347.15,3347.15,0.00,0.00,0.00,2,702.90,4050.05,'2025-07-05 13:17:26','2025-07-05 13:17:26','',NULL),(726,9183,383,'5 TRAPOS MICROFIBRA 30X30',1.00,'8',12750.00,12750.00,0.00,0.00,0.00,2,2677.50,15427.50,'2025-07-05 13:17:26','2025-07-05 13:17:26','',NULL),(727,9183,384,'SERVICIO LAVADO EQUIPO COMPLETO ',1.00,'8',63000.00,63000.00,0.00,0.00,0.00,2,13230.00,76230.00,'2025-07-05 14:18:46','2025-07-05 14:18:46','',NULL),(728,9183,385,'FILTRO COMBUSTIBLE PRIMARIO SCANIA ',1.00,'8',30578.51,30578.51,0.00,0.00,0.00,2,6421.49,37000.00,'2025-07-07 18:28:31','2025-07-07 18:28:31','',NULL),(729,9183,385,'FILTRO COMBUSTIBLE SECUNDARIO ',1.00,'8',31239.67,31239.67,0.00,0.00,0.00,2,6560.33,37800.00,'2025-07-07 18:28:31','2025-07-07 18:28:31','',NULL),(730,9183,385,'CAMBIO DE FILTROS DE COMBUSTIBLE ',1.00,'8',40000.00,40000.00,0.00,0.00,0.00,2,8400.00,48400.00,'2025-07-07 18:28:31','2025-07-07 18:28:31','',NULL),(731,9183,386,'ACEITE SINTETICO CASTROL 5W30 ',1.00,'8',220000.00,220000.00,0.00,0.00,0.00,2,46200.00,266200.00,'2025-07-08 15:39:18','2025-07-08 15:39:18','',NULL),(732,9183,386,'FILTROS VARIOS ',1.00,'8',200000.00,200000.00,0.00,0.00,0.00,2,42000.00,242000.00,'2025-07-08 15:39:18','2025-07-08 15:39:18','',NULL),(733,9183,386,'ADITIVO LIMPIA INYECTORES ',1.00,'8',42180.16,42180.16,0.00,0.00,0.00,2,8857.83,51037.99,'2025-07-08 15:39:18','2025-07-08 15:39:18','',NULL),(734,9183,387,'FOCO H4 24',1.00,'8',19834.71,19834.71,0.00,0.00,0.00,2,4165.29,24000.00,'2025-07-09 19:26:06','2025-07-09 19:26:06','',NULL),(735,9183,388,'5l anticongelante drive',1.00,'8',30057.85,30057.85,0.00,0.00,0.00,2,6312.15,36370.00,'2025-07-10 16:27:52','2025-07-10 16:27:52','',NULL),(736,9183,389,'engrase ',1.00,'8',20661.16,20661.16,0.00,0.00,0.00,2,4338.84,25000.00,'2025-07-10 18:19:06','2025-07-10 18:19:06','',NULL),(737,9183,390,'CASTROL CRB 15W40 20L',1.00,'8',96033.06,96033.06,0.00,0.00,0.00,2,20166.94,116200.00,'2025-07-11 17:19:44','2025-07-11 17:19:44','',NULL),(738,9183,391,'FILTRO COMBUSTIBLE MAHLE ',1.00,'8',17603.31,17603.31,0.00,0.00,0.00,2,3696.70,21300.01,'2025-07-14 10:43:47','2025-07-14 10:43:47','',NULL),(739,9183,392,'ESCOBILLAS HELLA PARA HILUX 2.5',1.00,'8',9090.91,9090.91,0.00,0.00,0.00,2,1909.09,11000.00,'2025-07-14 10:48:40','2025-07-14 10:48:40','',NULL),(740,9183,393,'ACEITE 5W30SHELL 8L',1.00,'8',94550.00,94550.00,0.00,0.00,0.00,2,19855.50,114405.50,'2025-07-14 13:44:57','2025-07-14 13:44:57','',NULL),(741,9183,393,'KIT DE FILTROS AMAROK 2.0',1.00,'8',98800.00,98800.00,0.00,0.00,0.00,2,20748.00,119548.00,'2025-07-14 13:44:57','2025-07-14 13:44:57','',NULL),(742,9183,393,'SERVICE DE ACEITE Y FILTROS AMAROK FRANCO GONZALEZ DOMINIO AE926VW',1.00,'8',29000.00,29000.00,0.00,0.00,0.00,2,6090.00,35090.00,'2025-07-14 13:44:57','2025-07-14 13:44:57','',NULL),(743,9183,394,'ACEITE SHELL 5W30 8L',1.00,'8',94550.00,94550.00,0.00,0.00,0.00,2,19855.50,114405.50,'2025-07-14 13:50:25','2025-07-14 13:50:25','',NULL),(744,9183,394,'KIT DE FILTROS AMAROK 2.0',1.00,'8',98800.00,98800.00,0.00,0.00,0.00,2,20748.00,119548.00,'2025-07-14 13:50:25','2025-07-14 13:50:25','',NULL),(745,9183,394,'SERVICE DE ACEITE AMAROK EMILIANO TUÑON -CAMBIO DE ESCOBILLAS DOMINIO AE005QV KM204.906',1.00,'8',29000.00,29000.00,0.00,0.00,0.00,2,6090.00,35090.00,'2025-07-14 13:50:25','2025-07-14 13:50:25','',NULL),(746,9183,394,'ESCOBILLAS AMAROK HELLA X2',1.00,'8',21500.00,21500.00,0.00,0.00,0.00,2,4515.00,26015.00,'2025-07-14 13:50:25','2025-07-14 13:50:25','',NULL),(747,9183,395,'ACEITE SHELL 5W30 8L',1.00,'8',94550.00,94550.00,0.00,0.00,0.00,2,19855.50,114405.50,'2025-07-14 13:54:25','2025-07-14 13:54:25','',NULL);
INSERT INTO `fact_elec_receipt_details` VALUES (748,9183,395,'FILTROS MAHLE S10',1.00,'8',60300.00,60300.00,0.00,0.00,0.00,2,12663.00,72963.00,'2025-07-14 13:54:25','2025-07-14 13:54:25','',NULL),(749,9183,395,'SERVICE DE ACEITE S10 DIEGO MARQUE DOMINIO AA782QT KM 247.270',1.00,'8',29000.00,29000.00,0.00,0.00,0.00,2,6090.00,35090.00,'2025-07-14 13:54:25','2025-07-14 13:54:25','',NULL),(750,9183,396,'ACEITE 15W40 CASTROL ',1.00,'8',28884.30,28884.30,0.00,0.00,0.00,2,6065.70,34950.00,'2025-07-14 16:32:14','2025-07-14 16:32:14','',NULL),(751,9183,397,'JUEGO DE ZAPATAS DE FRENO HILUX ',1.00,'8',330000.00,330000.00,0.00,0.00,0.00,7,0.00,330000.00,'2025-07-14 17:00:50','2025-07-14 17:00:50','',NULL),(752,9183,397,'LIQUIDO DE FRENO',1.00,'8',7200.00,7200.00,0.00,0.00,0.00,7,0.00,7200.00,'2025-07-14 17:00:50','2025-07-14 17:00:50','',NULL),(753,9183,397,'RESISTENCIA DE CALEFACCION ',1.00,'8',45500.00,45500.00,0.00,0.00,0.00,7,0.00,45500.00,'2025-07-14 17:00:50','2025-07-14 17:00:50','',NULL),(754,9183,397,'RETIFICACIÓN CAMPANA DE FRENO ',1.00,'8',97500.00,97500.00,0.00,0.00,0.00,7,0.00,97500.00,'2025-07-14 17:00:50','2025-07-14 17:00:50','',NULL),(755,9183,397,'CAMBIO ZAPATAS, DISCO, RESISTENCIA Y PURGADO TOYOTA HILUX DOMINIO LOL282 ',1.00,'8',220000.00,220000.00,0.00,0.00,0.00,7,0.00,220000.00,'2025-07-14 17:00:50','2025-07-14 17:00:50','',NULL),(756,9183,398,'ACEITE 15W40 CASTROL ',1.00,'8',28884.30,28884.30,0.00,0.00,0.00,2,6065.70,34950.00,'2025-07-14 17:44:31','2025-07-14 17:44:31','',NULL),(757,9183,399,'ACEITE 15W40 CASTROL ',1.00,'8',28925.62,28925.62,0.00,0.00,0.00,2,6074.38,35000.00,'2025-07-14 18:43:01','2025-07-14 18:43:01','',NULL),(758,9183,400,'SERVICE VEHÍCULO DOMINIO (NIQ012)',1.00,'8',100082.65,100082.65,0.00,0.00,0.00,2,21017.36,121100.01,'2025-07-16 19:43:32','2025-07-16 19:43:32','',NULL),(759,9183,401,'BATERIA BOSCH',1.00,'8',100000.00,100000.00,0.00,0.00,0.00,2,21000.00,121000.00,'2025-07-17 10:33:25','2025-07-17 10:33:25','',NULL),(760,9183,402,'SERVICIO LAVADO CAMIONETA ',2.00,'8',26250.00,52500.00,0.00,0.00,0.00,2,11025.00,63525.00,'2025-07-17 17:58:38','2025-07-17 17:58:38','',NULL),(761,9183,402,'SERVICIO LAVADO AUTO ',1.00,'8',21000.00,21000.00,0.00,0.00,0.00,2,4410.00,25410.00,'2025-07-17 17:58:38','2025-07-17 17:58:38','',NULL),(762,9183,402,'SERVICIO LAVADO CAMION ',1.00,'8',36750.00,36750.00,0.00,0.00,0.00,2,7717.50,44467.50,'2025-07-17 17:58:38','2025-07-17 17:58:38','',NULL),(763,9183,403,'servicio de lavado equipo completo unidad n°T296',1.00,'8',73500.00,73500.00,0.00,0.00,0.00,2,15435.00,88935.00,'2025-07-18 19:04:58','2025-07-18 19:04:58','',NULL),(764,9183,403,'servicio de lavado equipo completo unidad n° T343',1.00,'8',73500.00,73500.00,0.00,0.00,0.00,2,15435.00,88935.00,'2025-07-18 19:04:58','2025-07-18 19:04:58','',NULL),(765,9183,403,'servicio de lavado equipo completo unidad n° T300',1.00,'8',73500.00,73500.00,0.00,0.00,0.00,2,15435.00,88935.00,'2025-07-18 19:04:58','2025-07-18 19:04:58','',NULL),(766,9183,403,'servicio lavado equipo completo unidad n° T323',1.00,'8',73500.00,73500.00,0.00,0.00,0.00,2,15435.00,88935.00,'2025-07-18 19:04:58','2025-07-18 19:04:58','',NULL),(767,9183,403,'servicio de lavado equipo completo unidad n° T411',1.00,'8',73500.00,73500.00,0.00,0.00,0.00,2,15435.00,88935.00,'2025-07-18 19:04:58','2025-07-18 19:04:58','',NULL),(768,9183,403,'servicio de lavado equipo completo unidad n° T360',1.00,'8',73500.00,73500.00,0.00,0.00,0.00,2,15435.00,88935.00,'2025-07-18 19:04:58','2025-07-18 19:04:58','',NULL),(769,9183,403,'servicio de lavado equipo completo unidad n° T357',1.00,'8',73500.00,73500.00,0.00,0.00,0.00,2,15435.00,88935.00,'2025-07-18 19:04:58','2025-07-18 19:04:58','',NULL),(770,9183,403,'servicio de lavado equipo completo unidad n° T311',1.00,'8',73500.00,73500.00,0.00,0.00,0.00,2,15435.00,88935.00,'2025-07-18 19:04:58','2025-07-18 19:04:58','',NULL);
INSERT INTO `fact_elec_receipt_details` VALUES (771,9183,403,'servicio de lavado equipo completo unidad n° T355',1.00,'8',73500.00,73500.00,0.00,0.00,0.00,2,15435.00,88935.00,'2025-07-18 19:04:58','2025-07-18 19:04:58','',NULL),(772,9183,404,'agua destilada ',1.00,'8',16528.93,16528.93,0.00,0.00,0.00,2,3471.08,20000.01,'2025-07-19 09:20:09','2025-07-19 09:20:09','',NULL),(773,9183,404,'aceite atf puma',1.00,'8',4648.76,4648.76,0.00,0.00,0.00,2,976.24,5625.00,'2025-07-19 09:20:09','2025-07-19 09:20:09','',NULL),(774,9183,404,'anticongelante ',1.00,'8',9008.27,9008.27,0.00,0.00,0.00,2,1891.74,10900.01,'2025-07-19 09:20:09','2025-07-19 09:20:09','',NULL),(775,9183,404,'perfumina ',1.00,'8',661.15,661.15,0.00,0.00,0.00,2,138.84,799.99,'2025-07-19 09:20:09','2025-07-19 09:20:09','',NULL),(776,9183,405,'H7 12V BOSCH ',1.00,'8',3966.94,3966.94,0.00,0.00,0.00,2,833.06,4800.00,'2025-07-19 11:33:05','2025-07-19 11:33:05','',NULL),(777,9183,406,'MANGUERAS DE AGUA X4',1.00,'8',66700.00,66700.00,0.00,0.00,0.00,7,0.00,66700.00,'2025-07-21 09:44:09','2025-07-21 09:44:09','',NULL),(778,9183,406,'AGUA DESTILADA Y REFRIGERANTE, 2LTS ANTICONGELANTE Y LTS AGUA DESTILADA',1.00,'8',25630.00,25630.00,0.00,0.00,0.00,7,0.00,25630.00,'2025-07-21 09:44:09','2025-07-21 09:44:09','',NULL),(779,9183,406,'TAPA FUGAS DE RADIADOR',1.00,'8',8500.00,8500.00,0.00,0.00,0.00,7,0.00,8500.00,'2025-07-21 09:44:09','2025-07-21 09:44:09','',NULL),(780,9183,406,'CAMBIO DE MANGUERAS, PURGADO CIRCUITO DE AGUA',1.00,'8',85000.00,85000.00,0.00,0.00,0.00,7,0.00,85000.00,'2025-07-21 09:44:09','2025-07-21 09:44:09','',NULL),(781,9183,406,'ABRAZADERAS',1.00,'8',23230.00,23230.00,0.00,0.00,0.00,7,0.00,23230.00,'2025-07-21 09:44:09','2025-07-21 09:44:09','',NULL),(782,9183,407,'ANULO FACT 29',1.00,'8',209060.00,209060.00,0.00,0.00,0.00,7,0.00,209060.00,'2025-07-21 09:46:47','2025-07-21 09:46:47','',NULL),(783,9183,408,'SCANNER Y SOLDADURA DE CABLE AMAROK GUSTAVO MELLER ',1.00,'8',50000.00,50000.00,0.00,0.00,0.00,2,10500.00,60500.00,'2025-07-21 15:15:09','2025-07-21 15:15:09','',NULL),(784,9183,409,'servicio lavado camionetas ',5.00,'8',26250.00,131250.00,0.00,0.00,0.00,2,27562.50,158812.50,'2025-07-21 19:01:29','2025-07-21 19:01:29','',NULL),(785,9183,410,'VOLANTE DAEWO ',1.00,'8',172548.00,172548.00,0.00,0.00,0.00,7,0.00,172548.00,'2025-07-21 20:23:47','2025-07-21 20:23:47','',NULL),(786,9183,410,'BUJE SELECTORA',1.00,'8',94850.00,94850.00,0.00,0.00,0.00,7,0.00,94850.00,'2025-07-21 20:23:47','2025-07-21 20:23:47','',NULL),(787,9183,410,'ARREGLO SELECTORA Y CA,BIO DE BUJES',1.00,'8',268150.00,268150.00,0.00,0.00,0.00,7,0.00,268150.00,'2025-07-21 20:23:47','2025-07-21 20:23:47','',NULL),(788,9183,411,'ACEITE SHELL R4 15W40 20L',1.00,'8',112462.81,112462.81,0.00,0.00,0.00,2,23617.19,136080.00,'2025-07-21 20:29:30','2025-07-21 20:29:30','',NULL),(789,9183,411,'FILTROS IVECO DAILY',1.00,'8',82552.91,82552.91,0.00,0.00,0.00,2,17336.11,99889.02,'2025-07-21 20:29:30','2025-07-21 20:29:30','',NULL),(790,9183,412,'ACEITE  SINTETICO SHELL 5W30 8L',1.00,'8',94600.00,94600.00,0.00,0.00,0.00,2,19866.00,114466.00,'2025-07-21 20:40:07','2025-07-21 20:40:07','',NULL),(791,9183,412,'FILTROS MAHLE AMAROK V6 ',1.00,'8',126528.92,126528.92,0.00,0.00,0.00,2,26571.07,153099.99,'2025-07-21 20:40:07','2025-07-21 20:40:07','',NULL),(792,9183,412,'SCANNER Y ARREGLO CABLE ABS',1.00,'8',50000.00,50000.00,0.00,0.00,0.00,2,10500.00,60500.00,'2025-07-21 20:40:07','2025-07-21 20:40:07','',NULL),(793,9183,412,'CAMBIO Y SERVICE AMAROK GERMAN SCHEFER DOMINIO AG188OX KM',1.00,'8',35000.00,35000.00,0.00,0.00,0.00,2,7350.00,42350.00,'2025-07-21 20:40:07','2025-07-21 20:40:07','',NULL),(794,9183,413,'LAVADO AG455XC FECHA 12/05/2025',1.00,'8',31500.00,31500.00,0.00,0.00,0.00,2,6615.00,38115.00,'2025-07-21 20:49:11','2025-07-21 20:49:11','',NULL),(795,9183,413,'LAVADO AG455XC FECHA 21/7/2025',1.00,'8',31500.00,31500.00,0.00,0.00,0.00,2,6615.00,38115.00,'2025-07-21 20:49:11','2025-07-21 20:49:11','',NULL);
INSERT INTO `fact_elec_receipt_details` VALUES (796,9183,414,'3l 15w40 puma ',1.00,'8',15359.50,15359.50,0.00,0.00,0.00,2,3225.49,18584.99,'2025-07-22 10:50:58','2025-07-22 10:50:58','',NULL),(797,9183,415,'2 focos h4 osram 24v',1.00,'8',21487.60,21487.60,0.00,0.00,0.00,2,4512.40,26000.00,'2025-07-22 18:23:44','2025-07-22 18:23:44','',NULL),(798,9183,416,'servicio lavado camioneta dominio NTY 078 Chevrolet S10',1.00,'8',25000.00,25000.00,0.00,0.00,0.00,7,0.00,25000.00,'2025-07-23 11:03:17','2025-07-23 11:03:17','',NULL),(799,9183,417,'KIT DE FILTROS ',1.00,'8',46021.00,46021.00,0.00,0.00,0.00,2,9664.41,55685.41,'2025-07-23 11:23:28','2025-07-23 11:23:28','',NULL),(800,9183,417,'SERVICIO CAMBIO FILTROS Y ACEITE ',1.00,'8',28925.62,28925.62,0.00,0.00,0.00,2,6074.38,35000.00,'2025-07-23 11:23:28','2025-07-23 11:23:28','',NULL),(801,9183,418,'ACEITE PUMA 80W90 40L',40.00,'8',6561.15,262446.00,0.00,0.00,0.00,2,55113.66,317559.66,'2025-07-23 19:40:31','2025-07-23 19:40:31','',NULL),(802,9183,419,'ACEITE 15W40 MODERN',1.00,'8',117355.37,117355.37,0.00,0.00,0.00,2,24644.63,142000.00,'2025-07-24 18:52:49','2025-07-24 18:52:49','',NULL),(803,9183,420,'FILTRO ACEITE OX370',1.00,'8',49338.84,49338.84,0.00,0.00,0.00,2,10361.16,59700.00,'2025-07-24 20:23:57','2025-07-24 20:23:57','',NULL),(804,9183,421,'FILTRO DE COMBUSTIBLE MAHLE OX370',1.00,'8',49338.84,49338.84,0.00,0.00,0.00,2,10361.16,59700.00,'2025-07-25 12:25:42','2025-07-25 12:25:42','',NULL),(805,9183,422,'FILTROS COMBUSTIBLE ',1.00,'8',93966.94,93966.94,0.00,0.00,0.00,2,19733.06,113700.00,'2025-07-26 12:08:41','2025-07-26 12:08:41','',NULL),(806,9183,423,'1 FOCO H7 24V',1.00,'8',13223.14,13223.14,0.00,0.00,0.00,2,2776.86,16000.00,'2025-07-27 18:25:33','2025-07-27 18:25:33','',NULL),(807,9183,424,'SERVICIO DE LAVADO EQUIPO COMPLETO UNIDAD N° 307',1.00,'8',73500.00,73500.00,0.00,0.00,0.00,2,15435.00,88935.00,'2025-07-28 09:56:20','2025-07-28 09:56:20','',NULL),(808,9183,424,'SERVICIO DE LAVADO EQUIPO COMPLETO UNIDAD N° 305',1.00,'8',73500.00,73500.00,0.00,0.00,0.00,2,15435.00,88935.00,'2025-07-28 09:56:20','2025-07-28 09:56:20','',NULL),(809,9183,424,'SERVICIO DE LAVADO EQUIPO COMPLETO UNIDAD N° T 370',1.00,'8',73500.00,73500.00,0.00,0.00,0.00,2,15435.00,88935.00,'2025-07-28 09:56:20','2025-07-28 09:56:20','',NULL),(810,9183,425,'1 foco h7 24v bosch ',1.00,'8',13223.14,13223.14,0.00,0.00,0.00,2,2776.86,16000.00,'2025-07-30 08:32:14','2025-07-30 08:32:14','',NULL),(811,9183,426,'KIT DE FILTROS HILUX 3.0',1.00,'8',61322.31,61322.31,0.00,0.00,0.00,2,12877.69,74200.00,'2025-07-31 18:11:42','2025-07-31 18:11:42','',NULL),(812,9183,426,'ACEITE 10W40 SHELL HELIX 8L',1.00,'8',74809.92,74809.92,0.00,0.00,0.00,2,15710.08,90520.00,'2025-07-31 18:11:42','2025-07-31 18:11:42','',NULL),(813,9183,427,'SERVICIO LAVADO CAMIONETA ',1.00,'8',31760.00,31760.00,0.00,0.00,0.00,7,0.00,31760.00,'2025-07-31 19:23:52','2025-07-31 19:23:52','',NULL),(814,9183,428,'UREA 29/7',1.00,'8',24528.93,24528.93,0.00,0.00,0.00,2,5151.08,29680.01,'2025-08-01 15:15:18','2025-08-01 15:15:18','',NULL),(815,9183,428,'UREA 31/7',1.00,'8',49057.85,49057.85,0.00,0.00,0.00,2,10302.15,59360.00,'2025-08-01 15:15:18','2025-08-01 15:15:18','',NULL),(816,9183,429,'-CAMBIO DE DIFERENCIAL\n-ACEITE DIFERENCIAL HILUX',1.00,'8',474237.19,474237.19,0.00,0.00,0.00,2,99589.81,573827.00,'2025-08-01 15:21:27','2025-08-01 15:21:27','',NULL),(817,9183,430,'-10l ACEITE CASTROL 15W40\n-5L ACEITE CAJA PUMA\n',1.00,'8',85247.93,85247.93,0.00,0.00,0.00,2,17902.07,103150.00,'2025-08-01 16:29:40','2025-08-01 16:29:40','',NULL),(818,9183,431,'TAMBOR ACEITE SHELL RIMULA R4 15W40',1.00,'8',823140.50,823140.50,0.00,0.00,0.00,2,172859.51,996000.01,'2025-08-01 16:43:33','2025-08-01 16:43:33','',NULL),(819,9183,432,'ACEITE SHELL 15W40 5L',1.00,'8',28884.30,28884.30,0.00,0.00,0.00,2,6065.70,34950.00,'2025-08-02 12:03:34','2025-08-02 12:03:34','',NULL),(820,9183,433,'LAMPARA X2 H7\nLAMPARA H1\nLAMPARA H3',1.00,'8',38512.40,38512.40,0.00,0.00,0.00,2,8087.60,46600.00,'2025-08-02 12:54:31','2025-08-02 12:54:31','',NULL);
INSERT INTO `fact_elec_receipt_details` VALUES (821,9183,433,'CONTROL ACEITE DE CAJA',1.00,'8',6000.00,6000.00,0.00,0.00,0.00,2,1260.00,7260.00,'2025-08-02 12:54:31','2025-08-02 12:54:31','',NULL),(822,9183,434,'ACEITE CASTROL ',1.00,'8',96033.06,96033.06,0.00,0.00,0.00,2,20166.94,116200.00,'2025-08-03 10:09:37','2025-08-03 10:09:37','',NULL),(823,9183,435,'KIT FILTROS HILUX KOV794',1.00,'8',62809.92,62809.92,0.00,0.00,0.00,2,13190.08,76000.00,'2025-08-04 11:24:10','2025-08-04 11:24:10','',NULL),(824,9183,435,'ACEITE SHELL HELIX 10W40 8L',1.00,'8',86776.86,86776.86,0.00,0.00,0.00,2,18223.14,105000.00,'2025-08-04 11:24:10','2025-08-04 11:24:10','',NULL),(825,9183,435,'SERVICIO CAMBIO DE FILTROS Y ACEITE ',1.00,'8',33057.85,33057.85,0.00,0.00,0.00,2,6942.15,40000.00,'2025-08-04 11:24:10','2025-08-04 11:24:10','',NULL),(826,9183,436,'KIT DE FILTROS ',1.00,'8',105693.39,105693.39,0.00,0.00,0.00,2,22195.61,127889.00,'2025-08-04 17:57:44','2025-08-04 17:57:44','',NULL),(827,9183,436,'ACEITE 5W30 SHELL HELIX ',1.00,'8',94545.46,94545.46,0.00,0.00,0.00,2,19854.55,114400.01,'2025-08-04 17:57:44','2025-08-04 17:57:44','',NULL),(828,9183,436,'SERVICIO CAMBIO DE FILTROS Y ACEITE ',1.00,'8',24793.39,24793.39,0.00,0.00,0.00,2,5206.61,30000.00,'2025-08-04 17:57:44','2025-08-04 17:57:44','',NULL),(829,9183,437,'11/6 S10 BERNASCONI',1.00,'8',26000.00,26000.00,0.00,0.00,0.00,2,5460.00,31460.00,'2025-08-04 22:38:54','2025-08-04 22:38:54','',NULL),(830,9183,437,'18/6 AMAROK NESTOR',1.00,'8',26000.00,26000.00,0.00,0.00,0.00,2,5460.00,31460.00,'2025-08-04 22:38:54','2025-08-04 22:38:54','',NULL),(831,9183,437,'20/6 VIRTUS ALANIS',1.00,'8',20800.00,20800.00,0.00,0.00,0.00,2,4368.00,25168.00,'2025-08-04 22:38:54','2025-08-04 22:38:54','',NULL),(832,9183,437,'10/7 AMAROK EMILIANO TUÑON',1.00,'8',26000.00,26000.00,0.00,0.00,0.00,2,5460.00,31460.00,'2025-08-04 22:38:54','2025-08-04 22:38:54','',NULL),(833,9183,437,'12/7 S10 BERNASCONI',1.00,'8',26000.00,26000.00,0.00,0.00,0.00,2,5460.00,31460.00,'2025-08-04 22:38:54','2025-08-04 22:38:54','',NULL),(834,9183,437,'14/7 S10 VICTOR PROMENCIO',1.00,'8',26000.00,26000.00,0.00,0.00,0.00,2,5460.00,31460.00,'2025-08-04 22:38:54','2025-08-04 22:38:54','',NULL),(835,9183,438,'23/7 TOYOTA TITO ',1.00,'8',26000.00,26000.00,0.00,0.00,0.00,2,5460.00,31460.00,'2025-08-04 22:53:45','2025-08-04 22:53:45','',NULL),(836,9183,438,'30/7 MERCEDES MARTIN DALGALARRONDO',1.00,'8',46800.00,46800.00,0.00,0.00,0.00,2,9828.00,56628.00,'2025-08-04 22:53:45','2025-08-04 22:53:45','',NULL),(837,9183,438,'24/7 40L UREA MERCEDES',1.00,'8',49057.85,49057.85,0.00,0.00,0.00,2,10302.15,59360.00,'2025-08-04 22:53:45','2025-08-04 22:53:45','',NULL),(838,9183,438,'30/7 15L UREA MERCEDES',1.00,'8',18396.70,18396.70,0.00,0.00,0.00,2,3863.31,22260.01,'2025-08-04 22:53:45','2025-08-04 22:53:45','',NULL),(839,9183,438,'1/8 LAMPARA 1 POLO 12V',1.00,'8',6783.47,6783.47,0.00,0.00,0.00,2,1424.53,8208.00,'2025-08-04 22:53:45','2025-08-04 22:53:45','',NULL),(840,9183,438,'1/8 4 LAMPARA 2 POLO 12V',1.00,'8',6049.58,6049.58,0.00,0.00,0.00,2,1270.41,7319.99,'2025-08-04 22:53:45','2025-08-04 22:53:45','',NULL),(841,9183,438,'2/8 5L DESENGRASANTE RETIRO DAMIAN ',1.00,'8',30986.73,30986.73,0.00,0.00,0.00,2,6507.21,37493.94,'2025-08-04 22:53:45','2025-08-04 22:53:45','',NULL),(842,9183,439,'servicio de lavado equipo completo unidad n°T 362',1.00,'8',73500.00,73500.00,0.00,0.00,0.00,2,15435.00,88935.00,'2025-08-05 12:16:24','2025-08-05 12:16:24','',NULL),(843,9183,439,'servicio de lavado equipo completo unidad n° T311',1.00,'8',73500.00,73500.00,0.00,0.00,0.00,2,15435.00,88935.00,'2025-08-05 12:16:24','2025-08-05 12:16:24','',NULL),(844,9183,439,'servicio de lavado equipo completo n° T357',1.00,'8',73500.00,73500.00,0.00,0.00,0.00,2,15435.00,88935.00,'2025-08-05 12:16:24','2025-08-05 12:16:24','',NULL),(845,9183,439,'servicio de lavado equipo completo unidad n° T347',1.00,'8',73500.00,73500.00,0.00,0.00,0.00,2,15435.00,88935.00,'2025-08-05 12:16:24','2025-08-05 12:16:24','',NULL);
INSERT INTO `fact_elec_receipt_details` VALUES (846,9183,439,'servicio de lavado equipo completo n° T358',1.00,'8',73500.00,73500.00,0.00,0.00,0.00,2,15435.00,88935.00,'2025-08-05 12:16:24','2025-08-05 12:16:24','',NULL),(847,9183,439,'servicio de lavado equipo completo uniodad n° T335',1.00,'8',73500.00,73500.00,0.00,0.00,0.00,2,15435.00,88935.00,'2025-08-05 12:16:24','2025-08-05 12:16:24','',NULL),(848,9183,440,'KIT DISTRIBUCIÓN AMAROK 2.0 INA',1.00,'8',318181.82,318181.82,0.00,0.00,0.00,2,66818.18,385000.00,'2025-08-06 18:30:48','2025-08-06 18:30:48','',NULL),(849,9183,441,'lavado semi ',1.00,'8',47250.00,47250.00,0.00,0.00,0.00,2,9922.50,57172.50,'2025-08-07 17:52:44','2025-08-07 17:52:44','',NULL),(850,9183,442,'ASESORAMIENTO ',1.00,'8',40104.02,40104.02,0.00,0.00,0.00,2,8421.84,48525.86,'2025-08-08 16:15:56','2025-08-08 16:15:56','',NULL),(851,9183,443,'LAMPARA H7 24V BOSCH ',1.00,'8',27221.48,27221.48,0.00,0.00,0.00,2,5716.51,32937.99,'2025-08-13 16:48:41','2025-08-13 16:48:41','',NULL);

--
