"Imp. Municipales\\\";s:7:\\\"section\\\";s:3:\\\"gas\\\";s:11:\\\"percent_tax\\\";s:4:\\\"0.00\\\";s:7:\\\"zone_id\\\";N;s:7:\\\"aliases\\\";N;s:12:\\\"section_name\\\";s:17:\\\"Imp. Combustibles\\\";s:14:\\\"plan_cuenta_id\\\";i:215;s:24:\\\"plan_cuenta_id_efectuada\\\";i:1431;}s:11:\\\"\\u0000*\\u0000original\\\";a:11:{s:2:\\\"id\\\";i:1031;s:10:\\\"created_at\\\";s:19:\\\"2022-09-09 07:50:01\\\";s:10:\\\"updated_at\\\";s:19:\\\"2024-05-28 23:58:22\\\";s:4:\\\"name\\\";s:16:\\\"Imp. Municipales\\\";s:7:\\\"section\\\";s:3:\\\"gas\\\";s:11:\\\"percent_tax\\\";s:4:\\\"0.00\\\";s:7:\\\"zone_id\\\";N;s:7:\\\"aliases\\\";N;s:12:\\\"section_name\\\";s:17:\\\"Imp. Combustibles\\\";s:14:\\\"plan_cuenta_id\\\";i:215;s:24:\\\"plan_cuenta_id_efectuada\\\";i:1431;}s:10:\\\"\\u0000*\\u0000changes\\\";a:0:{}s:8:\\\"\\u0000*\\u0000casts\\\";a:0:{}s:17:\\\"\\u0000*\\u0000classCastCache\\\";a:0:{}s:21:\\\"\\u0000*\\u0000attributeCastCache\\\";a:0:{}s:8:\\\"\\u0000*\\u0000dates\\\";a:0:{}s:13:\\\"\\u0000*\\u0000dateFormat\\\";N;s:10:\\\"\\u0000*\\u0000appends\\\";a:0:{}s:19:\\\"\\u0000*\\u0000dispatchesEvents\\\";a:0:{}s:14:\\\"\\u0000*\\u0000observables\\\";a:0:{}s:12:\\\"\\u0000*\\u0000relations\\\";a:0:{}s:10:\\\"\\u0000*\\u0000touches\\\";a:0:{}s:10:\\\"timestamps\\\";b:1;s:9:\\\"\\u0000*\\u0000hidden\\\";a:0:{}s:10:\\\"\\u0000*\\u0000visible\\\";a:0:{}s:11:\\\"\\u0000*\\u0000fillable\\\";a:0:{}s:10:\\\"\\u0000*\\u0000guarded\\\";a:0:{}}i:32;O:19:\\\"App\\\\Models\\\\OtherTax\\\":30:{s:13:\\\"\\u0000*\\u0000connection\\\";s:7:\\\"finance\\\";s:8:\\\"\\u0000*\\u0000table\\\";s:11:\\\"other_taxes\\\";s:13:\\\"\\u0000*\\u0000primaryKey\\\";s:2:\\\"id\\\";s:10:\\\"\\u0000*\\u0000keyType\\\";s:3:\\\"int\\\";s:12:\\\"incrementing\\\";b:1;s:7:\\\"\\u0000*\\u0000with\\\";a:0:{}s:12:\\\"\\u0000*\\u0000withCount\\\";a:0:{}s:19:\\\"preventsLazyLoading\\\";b:0;s:10:\\\"\\u0000*\\u0000perPage\\\";i:15;s:6:\\\"exists\\\";b:1;s:18:\\\"wasRecentlyCreated\\\";b:0;s:28:\\\"\\u0000*\\u0000escapeWhenCastingToString\\\";b:0;s:13:\\\"\\u0000*\\u0000attributes\\\";a:11:{s:2:\\\"id\\\";i:1032;s:10:\\\"created_at\\\";s:19:\\\"2022-09-09 07:50:01\\\";s:10:\\\"updated_at\\\";s:19:\\\"2024-05-28 23:58:22\\\";s:4:\\\"name\\\";s:24:\\\"Perc\\/Ret. Imp. Ganancias\\\";s:7:\\\"section\\\";s:3:\\\"gas\\\";s:11:\\\"percent_tax\\\";s:4:\\\"0.00\\\";s:7:\\\"zone_id\\\";N;s:7:\\\"aliases\\\";N;s:12:\\\"section_name\\\";s:17:\\\"Imp. Combustibles\\\";s:14:\\\"plan_cuenta_id\\\";i:216;s:24:\\\"plan_cuenta_id_efectuada\\\";i:1432;}s:11:\\\"\\u0000*\\u0000original\\\";a:11:{s:2:\\\"id\\\";i:1032;s:10:\\\"created_at\\\";s:19:\\\"2022-09-09 07:50:01\\\";s:10:\\\"updated_at\\\";s:19:\\\"2024-05-28 23:58:22\\\";s:4:\\\"name\\\";s:24:\\\"Perc\\/Ret. Imp. Ganancias\\\";s:7:\\\"section\\\";s:3:\\\"gas\\\";s:11:\\\"percent_tax\\\";s:4:\\\"0.00\\\";s:7:\\\"zone_id\\\";N;s:7:\\\"aliases\\\";N;s:12:\\\"section_name\\\";s:17:\\\"Imp. Combustibles\\\";s:14:\\\"plan_cuenta_id\\\";i:216;s:24:\\\"plan_cuenta_id_efectuada\\\";i:1432;}s:10:\\\"\\u0000*\\u0000changes\\\";a:0:{}s:8:\\\"\\u0000*\\u0000casts\\\";a:0:{}s:17:\\\"\\u0000*\\u0000classCastCache\\\";a:0:{}s:21:\\\"\\u0000*\\u0000attributeCastCache\\\";a:0:{}s:8:\\\"\\u0000*\\u0000dates\\\";a:0:{}s:13:\\\"\\u0000*\\u0000dateFormat\\\";N;s:10:\\\"\\u0000*\\u0000appends\\\";a:0:{}s:19:\\\"\\u0000*\\u0000dispatchesEvents\\\";a:0:{}s:14:\\\"\\u0000*\\u0000observables\\\";a:0:{}s:12:\\\"\\u0000*\\u0000relations\\\";a:0:{}s:10:\\\"\\u0000*\\u0000touches\\\";a:0:{}s:10:\\\"timestamps\\\";b:1;s:9:\\\"\\u0000*\\u0000hidden\\\";a:0:{}s:10:\\\"\\u0000*\\u0000visible\\\";a:0:{}s:11:\\\"\\u0000*\\u0000fillable\\\";a:0:{}s:10:\\\"\\u0000*\\u0000guarded\\\";a:0:{}}i:33;O:19:\\\"App\\\\Models\\\\OtherTax\\\":30:{s:13:\\\"\\u0000*\\u0000connection\\\";s:7:\\\"finance\\\";s:8:\\\"\\u0000*\\u0000table\\\";s:11:\\\"other_taxes\\\";s:13:\\\"\\u0000*\\u0000primaryKey\\\";s:2:\\\"id\\\";s:10:\\\"\\u0000*\\u0000keyType\\\";s:3:\\\"int\\\";s:12:\\\"incrementing\\\";b:1;s:7:\\\"\\u0000*\\u0000with\\\";a:0:{}s:12:\\\"\\u0000*\\u0000withCount\\\";a:0:{}s:19:\\\"preventsLazyLoading\\\";b:0;s:10:\\\"\\u0000*\\u0000perPage\\\";i:15;s:6:\\\"exists\\\";b:1;s:18:\\\"wasRecentlyCreated\\\";b:0;s:28:\\\"\\u0000*\\u0000escapeWhenCastingToString\\\";b:0;s:13:\\\"\\u0000*\\u0000attributes\\\";a:11:{s:2:\\\"id\\\";i:1033;s:10:\\\"created_at\\\";s:19:\\\"2023-10-12 07:54:14\\\";s:10:\\\"updated_at\\\";s:19:\\\"2024-05-28 23:58:22\\\";s:4:\\\"name\\\";s:8:\\\"Redondeo\\\";s:7:\\\"section\\\";s:8:\\\"redondeo\\\";s:11:\\\"percent_tax\\\";s:4:\\\"0.00\\\";s:7:\\\"zone_id\\\";N;s:7:\\\"aliases\\\";N;s:12:\\\"section_name\\\";s:8:\\\"Redondeo\\\";s:14:\\\"plan_cuenta_id\\\";i:136;s:24:\\\"plan_cuenta_id_efectuada\\\";i:136;}s:11:\\\"\\u0000*\\u0000original\\\";a:11:{s:2:\\\"id\\\";i:1033;s:10:\\\"created_at\\\";s:19:\\\"2023-10-12 07:54:14\\\";s:10:\\\"updated_at\\\";s:19:\\\"2024-05-28 23:58:22\\\";s:4:\\\"name\\\";s:8:\\\"Redondeo\\\";s:7:\\\"section\\\";s:8:\\\"redondeo\\\";s:11:\\\"percent_tax\\\";s:4:\\\"0.00\\\";s:7:\\\"zone_id\\\";N;s:7:\\\"aliases\\\";N;s:12:\\\"section_name\\\";s:8:\\\"Redondeo\\\";s:14:\\\"plan_cuenta_id\\\";i:136;s:24:\\\"plan_cuenta_id_efectuada\\\";i:136;}s:10:\\\"\\u0000*\\u0000changes\\\";a:0:{}s:8:\\\"\\u0000*\\u0000casts\\\";a:0:{}s:17:\\\"\\u0000*\\u0000classCastCache\\\";a:0:{}s:21:\\\"\\u0000*\\u0000attributeCastCache\\\";a:0:{}s:8:\\\"\\u0000*\\u0000dates\\\";a:0:{}s:13:\\\"\\u0000*\\u0000dateFormat\\\";N;s:10:\\\"\\u0000*\\u0000appends\\\";a:0:{}s:19:\\\"\\u0000*\\u0000dispatchesEvents\\\";a:0:{}s:14:\\\"\\u0000*\\u0000observables\\\";a:0:{}s:12:\\\"\\u0000*\\u0000relations\\\";a:0:{}s:10:\\\"\\u0000*\\u0000touches\\\";a:0:{}s:10:\\\"timestamps\\\";b:1;s:9:\\\"\\u0000*\\u0000hidden\\\";a:0:{}s:10:\\\"\\u0000*\\u0000visible\\\";a:0:{}s:11:\\\"\\u0000*\\u0000fillable\\\";a:0:{}s:10:\\\"\\u0000*\\u0000guarded\\\";a:0:{}}}s:28:\\\"\\u0000*\\u0000escapeWhenCastingToString\\\";b:0;}s:9:\\\"operacion\\\";s:1:\\\"1\\\";s:7:\\\"periodo\\\";O:17:\\\"App\\\\Models\\\\Period\\\":30:{s:13:\\\"\\u0000*\\u0000connection\\\";s:7:\\\"finance\\\";s:8:\\\"\\u0000*\\u0000table\\\";s:7:\\\"periods\\\";s:13:\\\"\\u0000*\\u0000primaryKey\\\";s:2:\\\"id\\\";s:10:\\\"\\u0000*\\u0000keyType\\\";s:3:\\\"int\\\";s:12:\\\"incrementing\\\";b:1;s:7:\\\"\\u0000*\\u0000with\\\";a:0:{}s:12:\\\"\\u0000*\\u0000withCount\\\";a:0:{}s:19:\\\"preventsLazyLoading\\\";b:0;s:10:\\\"\\u0000*\\u0000perPage\\\";i:15;s:6:\\\"exists\\\";b:1;s:18:\\\"wasRecentlyCreated\\\";b:0;s:28:\\\"\\u0000*\\u0000escapeWhenCastingToString\\\";b:0;s:13:\\\"\\u0000*\\u0000attributes\\\";a:16:{s:2:\\\"id\\\";i:60925;s:7:\\\"user_id\\\";i:822;s:4:\\\"code\\\";s:7:\\\"2024-08\\\";s:4:\\\"year\\\";i:2024;s:13:\\\"period_number\\\";i:8;s:9:\\\"date_from\\\";s:10:\\\"2024-08-01\\\";s:7:\\\"date_to\\\";s:10:\\\"2024-08-31\\\";s:10:\\\"created_at\\\";N;s:10:\\\"updated_at\\\";s:19:\\\"2024-09-03 14:51:25\\\";s:9:\\\"person_id\\\";i:46377;s:12:\\\"conta_status\\\";i:0;s:10:\\\"deleted_at\\\";N;s:21:\\\"syj_periods_status_id\\\";i:3;s:15:\\\"syj_sin_asiento\\\";i:1;s:22:\\\"syj_asiento_modificado\\\";i:0;s:29:\\\"syj_periods_status_emp_dom_id\\\";i:1;}s:11:\\\"\\u0000*\\u0000original\\\";a:16:{s:2:\\\"id\\\";i:60925;s:7:\\\"user_id\\\";i:822;s:4:\\\"code\\\";s:7:\\\"2024-08\\\";s:4:\\\"year\\\";i:2024;s:13:\\\"period_number\\\";i:8;s:9:\\\"date_from\\\";s:10:\\\"2024-08-01\\\";s:7:\\\"date_to\\\";s:10:\\\"2024-08-31\\\";s:10:\\\"created_at\\\";N;s:10:\\\"updated_at\\\";s:19:\\\"2024-09-03 14:51:25\\\";s:9:\\\"person_id\\\";i:46377;s:12:\\\"conta_status\\\";i:0;s:10:\\\"deleted_at\\\";N;s:21:\\\"syj_periods_status_id\\\";i:3;s:15:\\\"syj_sin_asiento\\\";i:1;s:22:\\\"syj_asiento_modificado\\\";i:0;s:29:\\\"syj_periods_status_emp_dom_id\\\";i:1;}s:10:\\\"\\u0000*\\u0000changes\\\";a:0:{}s:8:\\\"\\u0000*\\u0000casts\\\";a:0:{}s:17:\\\"\\u0000*\\u0000classCastCache\\\";a:0:{}s:21:\\\"\\u0000*\\u0000attributeCastCache\\\";a:0:{}s:8:\\\"\\u0000*\\u0000dates\\\";a:0:{}s:13:\\\"\\u0000*\\u0000dateFormat\\\";N;s:10:\\\"\\u0000*\\u0000appends\\\";a:0:{}s:19:\\\"\\u0000*\\u0000dispatchesEvents\\\";a:0:{}s:14:\\\"\\u0000*\\u0000observables\\\";a:0:{}s:12:\\\"\\u0000*\\u0000relations\\\";a:0:{}s:10:\\\"\\u0000*\\u0000touches\\\";a:0:{}s:10:\\\"timestamps\\\";b:1;s:9:\\\"\\u0000*\\u0000hidden\\\";a:0:{}s:10:\\\"\\u0000*\\u0000visible\\\";a:0:{}s:11:\\\"\\u0000*\\u0000fillable\\\";a:0:{}s:10:\\\"\\u0000*\\u0000guarded\\\";a:0:{}}s:6:\\\"person\\\";O:17:\\\"App\\\\Models\\\\Person\\\":30:{s:13:\\\"\\u0000*\\u0000connection\\\";s:7:\\\"finance\\\";s:8:\\\"\\u0000*\\u0000table\\\";s:7:\\\"persons\\\";s:13:\\\"\\u0000*\\u0000primaryKey\\\";s:2:\\\"id\\\";s:10:\\\"\\u0000*\\u0000keyType\\\";s:3:\\\"int\\\";s:12:\\\"incrementing\\\";b:1;s:7:\\\"\\u0000*\\u0000with\\\";a:0:{}s:12:\\\"\\u0000*\\u0000withCount\\\";a:0:{}s:19:\\\"preventsLazyLoading\\\";b:0;s:10:\\\"\\u0000*\\u0000perPage\\\";i:15;s:6:\\\"exists\\\";b:1;s:18:\\\"wasRecentlyCreated\\\";b:0;s:28:\\\"\\u0000*\\u0000escapeWhenCastingToString\\\";b:0;s:13:\\\"\\u0000*\\u0000attributes\\\";a:27:{s:2:\\\"id\\\";i:46377;s:7:\\\"user_id\\\";i:822;s:11:\\\"field_name1\\\";s:21:\\\"COMPANY MOTORS S.A.S.\\\";s:12:\\\"fantasy_name\\\";N;s:6:\\\"codigo\\\";s:5:\\\"46377\\\";s:11:\\\"field_name2\\\";N;s:13:\\\"document_type\\\";s:4:\\\"cuit\\\";s:8:\\\"document\\\";s:13:\\\"30-71741453-1\\\";s:21:\\\"cond_frente_al_iva_id\\\";N;s:10:\\\"country_id\\\";N;s:8:\\\"state_id\\\";N;s:7:\\\"zone_id\\\";N;s:14:\\\"plan_cuenta_id\\\";N;s:20:\\\"iva_creditos_tipo_id\\\";N;s:10:\\\"created_at\\\";s:19:\\\"2022-07-07 17:16:02\\\";s:10:\\\"updated_at\\\";s:19:\\\"2022-07-07 17:16:02\\\";s:11:\\\"activity_id\\\";N;s:7:\\\"address\\\";N;s:12:\\\"localidad_id\\\";N;s:14:\\\"person_type_id\\\";i:2;s:19:\\\"fa_iva_condition_id\\\";N;s:16:\\\"fa_codigo_postal\\\";N;s:10:\\\"comentario\\\";N;s:5:\\\"email\\\";N;s:18:\\\"iva_per_regimen_id\\\";N;s:18:\\\"iva_ret_regimen_id\\\";N;s:10:\\\"deleted_at\\\";N;}s:11:\\\"\\u0000*\\u0000original\\\";a:27:{s:2:\\\"id\\\";i:46377;s:7:\\\"user_id\\\";i:822;s:11:\\\"field_name1\\\";s:21:\\\"COMPANY MOTORS S.A.S.\\\";s:12:\\\"fantasy_name\\\";N;s:6:\\\"codigo\\\";s:5:\\\"46377\\\";s:11:\\\"field_name2\\\";N;s:13:\\\"document_type\\\";s:4:\\\"cuit\\\";s:8:\\\"document\\\";s:13:\\\"30-71741453-1\\\";s:21:\\\"cond_frente_al_iva_id\\\";N;s:10:\\\"country_id\\\";N;s:8:\\\"state_id\\\";N;s:7:\\\"zone_id\\\";N;s:14:\\\"plan_cuenta_id\\\";N;s:20:\\\"iva_creditos_tipo_id\\\";N;s:10:\\\"created_at\\\";s:19:\\\"2022-07-07 17:16:02\\\";s:10:\\\"updated_at\\\";s:19:\\\"2022-07-07 17:16:02\\\";s:11:\\\"activity_id\\\";N;s:7:\\\"address\\\";N;s:12:\\\"localidad_id\\\";N;s:14:\\\"person_type_id\\\";i:2;s:19:\\\"fa_iva_condition_id\\\";N;s:16:\\\"fa_codigo_postal\\\";N;s:10:\\\"comentario\\\";N;s:5:\\\"email\\\";N;s:18:\\\"iva_per_regimen_id\\\";N;s:18:\\\"iva_ret_regimen_id\\\";N;s:10:\\\"deleted_at\\\";N;}s:10:\\\"\\u0000*\\u0000changes\\\";a:0:{}s:8:\\\"\\u0000*\\u0000casts\\\";a:0:{}s:17:\\\"\\u0000*\\u0000classCastCache\\\";a:0:{}s:21:\\\"\\u0000*\\u0000attributeCastCache\\\";a:0:{}s:8:\\\"\\u0000*\\u0000dates\\\";a:0:{}s:13:\\\"\\u0000*\\u0000dateFormat\\\";N;s:10:\\\"\\u0000*\\u0000appends\\\";a:0:{}s:19:\\\"\\u0000*\\u0000dispatchesEvents\\\";a:0:{}s:14:\\\"\\u0000*\\u0000observables\\\";a:0:{}s:12:\\\"\\u0000*\\u0000relations\\\";a:0:{}s:10:\\\"\\u0000*\\u0000touches\\\";a:0:{}s:10:\\\"timestamps\\\";b:1;s:9:\\\"\\u0000*\\u0000hidden\\\";a:0:{}s:10:\\\"\\u0000*\\u0000visible\\\";a:0:{}s:11:\\\"\\u0000*\\u0000fillable\\\";a:0:{}s:10:\\\"\\u0000*\\u0000guarded\\\";a:0:{}}s:7:\\\"request\\\";a:6:{s:9:\\\"person_id\\\";s:5:\\\"46377\\\";s:9:\\\"period_id\\\";s:5:\\\"60925\\\";s:12:\\\"period_query\\\";s:7:\\\"2024-08\\\";s:12:\\\"actividad_id\\\";s:3:\\\"580\\\";s:9:\\\"operacion\\\";s:1:\\\"1\\\";s:7:\\\"zone_id\\\";s:1:\\\"1\\\";}s:15:\\\"person_id_owner\\\";s:5:\\\"46377\\\";s:9:\\\"period_id\\\";s:5:\\\"60925\\\";s:7:\\\"zone_id\\\";s:1:\\\"1\\\";s:12:\\\"actividad_id\\\";s:3:\\\"580\\\";s:23:\\\"queue_proceso_resultado\\\";O:32:\\\"App\\\\Models\\\\QueueProcesoResultado\\\":31:{s:13:\\\"\\u0000*\\u0000connection\\\";s:7:\\\"finance\\\";s:8:\\\"\\u0000*\\u0000table\\\";s:23:\\\"queue_proceso_resultado\\\";s:13:\\\"\\u0000*\\u0000primaryKey\\\";s:2:\\\"id\\\";s:10:\\\"\\u0000*\\u0000keyType\\\";s:3:\\\"int\\\";s:12:\\\"incrementing\\\";b:1;s:7:\\\"\\u0000*\\u0000with\\\";a:0:{}s:12:\\\"\\u0000*\\u0000withCount\\\";a:0:{}s:19:\\\"preventsLazyLoading\\\";b:0;s:10:\\\"\\u0000*\\u0000perPage\\\";i:15;s:6:\\\"exists\\\";b:1;s:18:\\\"wasRecentlyCreated\\\";b:1;s:28:\\\"\\u0000*\\u0000escapeWhenCastingToString\\\";b:0;s:13:\\\"\\u0000*\\u0000attributes\\\";a:5:{s:7:\\\"user_id\\\";i:822;s:16:\\\"queue_proceso_id\\\";i:3;s:10:\\\"updated_at\\\";s:19:\\\"2024-09-12 01:17:18\\\";s:10:\\\"created_at\\\";s:19:\\\"2024-09-12 01:17:18\\\";s:2:\\\"id\\\";i:295;}s:11:\\\"\\u0000*\\u0000original\\\";a:5:{s:7:\\\"user_id\\\";i:822;s:16:\\\"queue_proceso_id\\\";i:3;s:10:\\\"updated_at\\\";s:19:\\\"2024-09-12 01:17:18\\\";s:10:\\\"created_at\\\";s:19:\\\"2024-09-12 01:17:18\\\";s:2:\\\"id\\\";i:295;}s:10:\\\"\\u0000*\\u0000changes\\\";a:0:{}s:8:\\\"\\u0000*\\u0000casts\\\";a:1:{s:10:\\\"deleted_at\\\";s:8:\\\"datetime\\\";}s:17:\\\"\\u0000*\\u0000classCastCache\\\";a:0:{}s:21:\\\"\\u0000*\\u0000attributeCastCache\\\";a:0:{}s:8:\\\"\\u0000*\\u0000dates\\\";a:0:{}s:13:\\\"\\u0000*\\u0000dateFormat\\\";N;s:10:\\\"\\u0000*\\u0000appends\\\";a:0:{}s:19:\\\"\\u0000*\\u0000dispatchesEvents\\\";a:0:{}s:14:\\\"\\u0000*\\u0000observables\\\";a:0:{}s:12:\\\"\\u0000*\\u0000relations\\\";a:0:{}s:10:\\\"\\u0000*\\u0000touches\\\";a:0:{}s:10:\\\"timestamps\\\";b:1;s:9:\\\"\\u0000*\\u0000hidden\\\";a:0:{}s:10:\\\"\\u0000*\\u0000visible\\\";a:0:{}s:11:\\\"\\u0000*\\u0000fillable\\\";a:0:{}s:10:\\\"\\u0000*\\u0000guarded\\\";a:0:{}s:16:\\\"\\u0000*\\u0000forceDeleting\\\";b:0;}}}s:5:\\\"queue\\\";s:7:\\\"finance\\\";}\"}}','Illuminate\\Queue\\MaxAttemptsExceededException: App\\Jobs\\QueueGenerica has been attempted too many times or run too long. The job may have previously timed out. in /home/forge/taxes.com.ar/vendor/laravel/framework/src/Illuminate/Queue/Worker.php:746\nStack trace:\n#0 /home/forge/taxes.com.ar/vendor/laravel/framework/src/Illuminate/Queue/Worker.php(505): Illuminate\\Queue\\Worker->maxAttemptsExceededException()\n#1 /home/forge/taxes.com.ar/vendor/laravel/framework/src/Illuminate/Queue/Worker.php(414): Illuminate\\Queue\\Worker->markJobAsFailedIfAlreadyExceedsMaxAttempts()\n#2 /home/forge/taxes.com.ar/vendor/laravel/framework/src/Illuminate/Queue/Worker.php(375): Illuminate\\Queue\\Worker->process()\n#3 /home/forge/taxes.com.ar/vendor/laravel/framework/src/Illuminate/Queue/Worker.php(173): Illuminate\\Queue\\Worker->runJob()\n#4 /home/forge/taxes.com.ar/vendor/laravel/framework/src/Illuminate/Queue/Console/WorkCommand.php(147): Illuminate\\Queue\\Worker->daemon()\n#5 /home/forge/taxes.com.ar/vendor/laravel/framework/src/Illuminate/Queue/Console/WorkCommand.php(130): Illuminate\\Queue\\Console\\WorkCommand->runWorker()\n#6 /home/forge/taxes.com.ar/vendor/laravel/framework/src/Illuminate/Container/BoundMethod.php(36): Illuminate\\Queue\\Console\\WorkCommand->handle()\n#7 /home/forge/taxes.com.ar/vendor/laravel/framework/src/Illuminate/Container/Util.php(41): Illuminate\\Container\\BoundMethod::Illuminate\\Container\\{closure}()\n#8 /home/forge/taxes.com.ar/vendor/laravel/framework/src/Illuminate/Container/BoundMethod.php(93): Illuminate\\Container\\Util::unwrapIfClosure()\n#9 /home/forge/taxes.com.ar/vendor/laravel/framework/src/Illuminate/Container/BoundMethod.php(35): Illuminate\\Container\\BoundMethod::callBoundMethod()\n#10 /home/forge/taxes.com.ar/vendor/laravel/framework/src/Illuminate/Container/Container.php(661): Illuminate\\Container\\BoundMethod::call()\n#11 /home/forge/taxes.com.ar/vendor/laravel/framework/src/Illuminate/Console/Command.php(183): Illuminate\\Container\\Container->call()\n#12 /home/forge/taxes.com.ar/vendor/symfony/console/Command/Command.php(326): Illuminate\\Console\\Command->execute()\n#13 /home/forge/taxes.com.ar/vendor/laravel/framework/src/Illuminate/Console/Command.php(152): Symfony\\Component\\Console\\Command\\Command->run()\n#14 /home/forge/taxes.com.ar/vendor/symfony/console/Application.php(1078): Illuminate\\Console\\Command->run()\n#15 /home/forge/taxes.com.ar/vendor/symfony/console/Application.php(324): Symfony\\Component\\Console\\Application->doRunCommand()\n#16 /home/forge/taxes.com.ar/vendor/symfony/console/Application.php(175): Symfony\\Component\\Console\\Application->doRun()\n#17 /home/forge/taxes.com.ar/vendor/laravel/framework/src/Illuminate/Console/Application.php(102): Symfony\\Component\\Console\\Application->run()\n#18 /home/forge/taxes.com.ar/vendor/laravel/framework/src/Illuminate/Foundation/Console/Kernel.php(155): Illuminate\\Console\\Application->run()\n#19 /home/forge/taxes.com.ar/artisan(33): Illuminate\\Foundation\\Console\\Kernel->handle()\n#20 {main}','2024-09-12 01:18:48',NULL);
INSERT INTO `failed_jobs` VALUES (8,NULL,'database','finance','{\"uuid\":\"7bf7216f-4238-40bd-9464-9c7a382337c7\",\"displayName\":\"App\\\\Jobs\\\\QueueGenerica\",\"job\":\"Illuminate\\\\Queue\\\\CallQueuedHandler@call\",\"maxTries\":null,\"maxExceptions\":null,\"failOnTimeout\":false,\"backoff\":null,\"timeout\":null,\"retryUntil\":null,\"data\":{\"commandName\":\"App\\\\Jobs\\\\QueueGenerica\",\"command\":\"O:22:\\\"App\\\\Jobs\\\\QueueGenerica\\\":2:{s:28:\\\"\\u0000App\\\\Jobs\\\\QueueGenerica\\u0000data\\\";O:29:\\\"Illuminate\\\\Support\\\\Collection\\\":5:{s:8:\\\"\\u0000*\\u0000items\\\";a:0:{}s:28:\\\"\\u0000*\\u0000escapeWhenCastingToString\\\";b:0;s:11:\\\"controlador\\\";s:50:\\\"\\\\App\\\\Http\\\\Controllers\\\\Sueldo\\\\SyJCalcularController\\\";s:6:\\\"metodo\\\";s:26:\\\"execute_liquidacion_masiva\\\";s:9:\\\"variables\\\";O:29:\\\"Illuminate\\\\Support\\\\Collection\\\":4:{s:8:\\\"\\u0000*\\u0000items\\\";a:0:{}s:28:\\\"\\u0000*\\u0000escapeWhenCastingToString\\\";b:0;s:9:\\\"registros\\\";a:17:{i:0;s:4:\\\"4700\\\";i:1;s:4:\\\"4701\\\";i:2;s:4:\\\"4702\\\";i:3;s:4:\\\"4703\\\";i:4;s:4:\\\"4704\\\";i:5;s:4:\\\"4705\\\";i:6;s:4:\\\"4707\\\";i:7;s:4:\\\"4708\\\";i:8;s:4:\\\"4709\\\";i:9;s:4:\\\"4711\\\";i:10;s:4:\\\"4712\\\";i:11;s:4:\\\"4713\\\";i:12;s:4:\\\"4714\\\";i:13;s:4:\\\"4720\\\";i:14;s:4:\\\"4721\\\";i:15;s:4:\\\"4722\\\";i:16;s:4:\\\"4723\\\";}s:5:\\\"queue\\\";b:1;}}s:5:\\\"queue\\\";s:7:\\\"finance\\\";}\"}}','Illuminate\\Queue\\MaxAttemptsExceededException: App\\Jobs\\QueueGenerica has been attempted too many times or run too long. The job may have previously timed out. in /home/forge/taxes.com.ar/vendor/laravel/framework/src/Illuminate/Queue/Worker.php:746\nStack trace:\n#0 /home/forge/taxes.com.ar/vendor/laravel/framework/src/Illuminate/Queue/Worker.php(505): Illuminate\\Queue\\Worker->maxAttemptsExceededException()\n#1 /home/forge/taxes.com.ar/vendor/laravel/framework/src/Illuminate/Queue/Worker.php(414): Illuminate\\Queue\\Worker->markJobAsFailedIfAlreadyExceedsMaxAttempts()\n#2 /home/forge/taxes.com.ar/vendor/laravel/framework/src/Illuminate/Queue/Worker.php(375): Illuminate\\Queue\\Worker->process()\n#3 /home/forge/taxes.com.ar/vendor/laravel/framework/src/Illuminate/Queue/Worker.php(173): Illuminate\\Queue\\Worker->runJob()\n#4 /home/forge/taxes.com.ar/vendor/laravel/framework/src/Illuminate/Queue/Console/WorkCommand.php(147): Illuminate\\Queue\\Worker->daemon()\n#5 /home/forge/taxes.com.ar/vendor/laravel/framework/src/Illuminate/Queue/Console/WorkCommand.php(130): Illuminate\\Queue\\Console\\WorkCommand->runWorker()\n#6 /home/forge/taxes.com.ar/vendor/laravel/framework/src/Illuminate/Container/BoundMethod.php(36): Illuminate\\Queue\\Console\\WorkCommand->handle()\n#7 /home/forge/taxes.com.ar/vendor/laravel/framework/src/Illuminate/Container/Util.php(41): Illuminate\\Container\\BoundMethod::Illuminate\\Container\\{closure}()\n#8 /home/forge/taxes.com.ar/vendor/laravel/framework/src/Illuminate/Container/BoundMethod.php(93): Illuminate\\Container\\Util::unwrapIfClosure()\n#9 /home/forge/taxes.com.ar/vendor/laravel/framework/src/Illuminate/Container/BoundMethod.php(35): Illuminate\\Container\\BoundMethod::callBoundMethod()\n#10 /home/forge/taxes.com.ar/vendor/laravel/framework/src/Illuminate/Container/Container.php(661): Illuminate\\Container\\BoundMethod::call()\n#11 /home/forge/taxes.com.ar/vendor/laravel/framework/src/Illuminate/Console/Command.php(183): Illuminate\\Container\\Container->call()\n#12 /home/forge/taxes.com.ar/vendor/symfony/console/Command/Command.php(326): Illuminate\\Console\\Command->execute()\n#13 /home/forge/taxes.com.ar/vendor/laravel/framework/src/Illuminate/Console/Command.php(152): Symfony\\Component\\Console\\Command\\Command->run()\n#14 /home/forge/taxes.com.ar/vendor/symfony/console/Application.php(1078): Illuminate\\Console\\Command->run()\n#15 /home/forge/taxes.com.ar/vendor/symfony/console/Application.php(324): Symfony\\Component\\Console\\Application->doRunCommand()\n#16 /home/forge/taxes.com.ar/vendor/symfony/console/Application.php(175): Symfony\\Component\\Console\\Application->doRun()\n#17 /home/forge/taxes.com.ar/vendor/laravel/framework/src/Illuminate/Console/Application.php(102): Symfony\\Component\\Console\\Application->run()\n#18 /home/forge/taxes.com.ar/vendor/laravel/framework/src/Illuminate/Foundation/Console/Kernel.php(155): Illuminate\\Console\\Application->run()\n#19 /home/forge/taxes.com.ar/artisan(33): Illuminate\\Foundation\\Console\\Kernel->handle()\n#20 {main}','2024-10-02 07:52:33',NULL);
INSERT INTO `failed_jobs` VALUES (9,NULL,'database','finance','{\"uuid\":\"c4d01a6c-b2a2-4f8c-a740-471205d9fd8d\",\"displayName\":\"App\\\\Jobs\\\\QueueGenerica\",\"job\":\"Illuminate\\\\Queue\\\\CallQueuedHandler@call\",\"maxTries\":null,\"maxExceptions\":null,\"failOnTimeout\":false,\"backoff\":null,\"timeout\":null,\"retryUntil\":null,\"data\":{\"commandName\":\"App\\\\Jobs\\\\QueueGenerica\",\"command\":\"O:22:\\\"App\\\\Jobs\\\\QueueGenerica\\\":2:{s:28:\\\"\\u0000App\\\\Jobs\\\\QueueGenerica\\u0000data\\\";O:29:\\\"Illuminate\\\\Support\\\\Collection\\\":5:{s:8:\\\"\\u0000*\\u0000items\\\";a:0:{}s:28:\\\"\\u0000*\\u0000escapeWhenCastingToString\\\";b:0;s:11:\\\"controlador\\\";s:50:\\\"\\\\App\\\\Http\\\\Controllers\\\\Sueldo\\\\SyJCalcularController\\\";s:6:\\\"metodo\\\";s:26:\\\"execute_liquidacion_masiva\\\";s:9:\\\"variables\\\";O:29:\\\"Illuminate\\\\Support\\\\Collection\\\":4:{s:8:\\\"\\u0000*\\u0000items\\\";a:0:{}s:28:\\\"\\u0000*\\u0000escapeWhenCastingToString\\\";b:0;s:9:\\\"registros\\\";a:18:{i:0;s:4:\\\"4700\\\";i:1;s:4:\\\"4701\\\";i:2;s:4:\\\"4702\\\";i:3;s:4:\\\"4703\\\";i:4;s:4:\\\"4704\\\";i:5;s:4:\\\"4705\\\";i:6;s:4:\\\"4707\\\";i:7;s:4:\\\"4708\\\";i:8;s:4:\\\"4709\\\";i:9;s:4:\\\"4711\\\";i:10;s:4:\\\"4712\\\";i:11;s:4:\\\"4713\\\";i:12;s:4:\\\"4714\\\";i:13;s:4:\\\"4719\\\";i:14;s:4:\\\"4720\\\";i:15;s:4:\\\"4721\\\";i:16;s:4:\\\"4722\\\";i:17;s:4:\\\"4723\\\";}s:5:\\\"queue\\\";b:1;}}s:5:\\\"queue\\\";s:7:\\\"finance\\\";}\"}}','Illuminate\\Queue\\MaxAttemptsExceededException: App\\Jobs\\QueueGenerica has been attempted too many times or run too long. The job may have previously timed out. in /home/forge/taxes.com.ar/vendor/laravel/framework/src/Illuminate/Queue/Worker.php:746\nStack trace:\n#0 /home/forge/taxes.com.ar/vendor/laravel/framework/src/Illuminate/Queue/Worker.php(505): Illuminate\\Queue\\Worker->maxAttemptsExceededException()\n#1 /home/forge/taxes.com.ar/vendor/laravel/framework/src/Illuminate/Queue/Worker.php(414): Illuminate\\Queue\\Worker->markJobAsFailedIfAlreadyExceedsMaxAttempts()\n#2 /home/forge/taxes.com.ar/vendor/laravel/framework/src/Illuminate/Queue/Worker.php(375): Illuminate\\Queue\\Worker->process()\n#3 /home/forge/taxes.com.ar/vendor/laravel/framework/src/Illuminate/Queue/Worker.php(173): Illuminate\\Queue\\Worker->runJob()\n#4 /home/forge/taxes.com.ar/vendor/laravel/framework/src/Illuminate/Queue/Console/WorkCommand.php(147): Illuminate\\Queue\\Worker->daemon()\n#5 /home/forge/taxes.com.ar/vendor/laravel/framework/src/Illuminate/Queue/Console/WorkCommand.php(130): Illuminate\\Queue\\Console\\WorkCommand->runWorker()\n#6 /home/forge/taxes.com.ar/vendor/laravel/framework/src/Illuminate/Container/BoundMethod.php(36): Illuminate\\Queue\\Console\\WorkCommand->handle()\n#7 /home/forge/taxes.com.ar/vendor/laravel/framework/src/Illuminate/Container/Util.php(41): Illuminate\\Container\\BoundMethod::Illuminate\\Container\\{closure}()\n#8 /home/forge/taxes.com.ar/vendor/laravel/framework/src/Illuminate/Container/BoundMethod.php(93): Illuminate\\Container\\Util::unwrapIfClosure()\n#9 /home/forge/taxes.com.ar/vendor/laravel/framework/src/Illuminate/Container/BoundMethod.php(35): Illuminate\\Container\\BoundMethod::callBoundMethod()\n#10 /home/forge/taxes.com.ar/vendor/laravel/framework/src/Illuminate/Container/Container.php(661): Illuminate\\Container\\BoundMethod::call()\n#11 /home/forge/taxes.com.ar/vendor/laravel/framework/src/Illuminate/Console/Command.php(183): Illuminate\\Container\\Container->call()\n#12 /home/forge/taxes.com.ar/vendor/symfony/console/Command/Command.php(326): Illuminate\\Console\\Command->execute()\n#13 /home/forge/taxes.com.ar/vendor/laravel/framework/src/Illuminate/Console/Command.php(152): Symfony\\Component\\Console\\Command\\Command->run()\n#14 /home/forge/taxes.com.ar/vendor/symfony/console/Application.php(1078): Illuminate\\Console\\Command->run()\n#15 /home/forge/taxes.com.ar/vendor/symfony/console/Application.php(324): Symfony\\Component\\Console\\Application->doRunCommand()\n#16 /home/forge/taxes.com.ar/vendor/symfony/console/Application.php(175): Symfony\\Component\\Console\\Application->doRun()\n#17 /home/forge/taxes.com.ar/vendor/laravel/framework/src/Illuminate/Console/Application.php(102): Symfony\\Component\\Console\\Application->run()\n#18 /home/forge/taxes.com.ar/vendor/laravel/framework/src/Illuminate/Foundation/Console/Kernel.php(155): Illuminate\\Console\\Application->run()\n#19 /home/forge/taxes.com.ar/artisan(33): Illuminate\\Foundation\\Console\\Kernel->handle()\n#20 {main}','2024-10-02 08:11:58',NULL);
INSERT INTO `failed_jobs` VALUES (12,NULL,'database','finance','{\"uuid\":\"041402f0-501a-42bb-bbd1-5ae3eae61ac8\",\"displayName\":\"App\\\\Jobs\\\\QueueGenerica\",\"job\":\"Illuminate\\\\Queue\\\\CallQueuedHandler@call\",\"maxTries\":null,\"maxExceptions\":null,\"failOnTimeout\":false,\"backoff\":null,\"timeout\":null,\"retryUntil\":null,\"data\":{\"commandName\":\"App\\\\Jobs\\\\QueueGenerica\",\"command\":\"O:22:\\\"App\\\\Jobs\\\\QueueGenerica\\\":2:{s:28:\\\"\\u0000App\\\\Jobs\\\\QueueGenerica\\u0000data\\\";O:29:\\\"Illuminate\\\\Support\\\\Collection\\\":5:{s:8:\\\"\\u0000*\\u0000items\\\";a:0:{}s:28:\\\"\\u0000*\\u0000escapeWhenCastingToString\\\";b:0;s:11:\\\"controlador\\\";s:69:\\\"\\\\App\\\\Http\\\\Controllers\\\\FacturaElectronica\\\\FacturaElectronicaController\\\";s:6:\\\"metodo\\\";s:22:\\\"iterando_para_facturar\\\";s:9:\\\"variables\\\";O:29:\\\"Illuminate\\\\Support\\\\Collection\\\":10:{s:8:\\\"\\u0000*\\u0000items\\\";a:0:{}s:28:\\\"\\u0000*\\u0000escapeWhenCastingToString\\\";b:0;s:7:\\\"request\\\";a:27:{s:11:\\\"enviar_mail\\\";a:78:{i:0;N;i:1;N;i:2;N;i:3;N;i:4;N;i:5;N;i:6;N;i:7;N;i:8;N;i:9;N;i:10;N;i:11;N;i:12;N;i:13;N;i:14;N;i:15;N;i:16;N;i:17;N;i:18;N;i:19;N;i:20;N;i:21;N;i:22;N;i:23;N;i:24;N;i:25;N;i:26;N;i:27;N;i:28;N;i:29;N;i:30;N;i:31;N;i:32;N;i:33;N;i:34;N;i:35;N;i:36;N;i:37;N;i:38;N;i:39;N;i:40;N;i:41;N;i:42;N;i:43;N;i:44;N;i:45;N;i:46;N;i:47;N;i:48;N;i:49;N;i:50;N;i:51;N;i:52;N;i:53;N;i:54;N;i:55;N;i:56;N;i:57;N;i:58;N;i:59;N;i:60;N;i:61;N;i:62;N;i:63;N;i:64;N;i:65;N;i:66;N;i:67;N;i:68;N;i:69;N;i:70;N;i:71;N;i:72;N;i:73;N;i:74;N;i:75;N;i:76;N;i:77;N;}s:10:\\\"show_stock\\\";a:78:{i:0;b:0;i:1;b:0;i:2;b:0;i:3;b:0;i:4;b:0;i:5;b:0;i:6;b:0;i:7;b:0;i:8;b:0;i:9;b:0;i:10;b:0;i:11;b:0;i:12;b:0;i:13;b:0;i:14;b:0;i:15;b:0;i:16;b:0;i:17;b:0;i:18;b:0;i:19;b:0;i:20;b:0;i:21;b:0;i:22;b:0;i:23;b:0;i:24;b:0;i:25;b:0;i:26;b:0;i:27;b:0;i:28;b:0;i:29;b:0;i:30;b:0;i:31;b:0;i:32;b:0;i:33;b:0;i:34;b:0;i:35;b:0;i:36;b:0;i:37;b:0;i:38;b:0;i:39;b:0;i:40;b:0;i:41;b:0;i:42;b:0;i:43;b:0;i:44;b:0;i:45;b:0;i:46;b:0;i:47;b:0;i:48;b:0;i:49;b:0;i:50;b:0;i:51;b:0;i:52;b:0;i:53;b:0;i:54;b:0;i:55;b:0;i:56;b:0;i:57;b:0;i:58;b:0;i:59;b:0;i:60;b:0;i:61;b:0;i:62;b:0;i:63;b:0;i:64;b:0;i:65;b:0;i:66;b:0;i:67;b:0;i:68;b:0;i:69;b:0;i:70;b:0;i:71;b:0;i:72;b:0;i:73;b:0;i:74;b:0;i:75;b:0;i:76;b:0;i:77;b:0;}s:9:\\\"productos\\\";a:78:{i:0;b:0;i:1;b:0;i:2;b:0;i:3;b:0;i:4;b:0;i:5;b:0;i:6;b:0;i:7;b:0;i:8;b:0;i:9;b:0;i:10;b:0;i:11;b:0;i:12;b:0;i:13;b:0;i:14;b:0;i:15;b:0;i:16;b:0;i:17;b:0;i:18;b:0;i:19;b:0;i:20;b:0;i:21;b:0;i:22;b:0;i:23;b:0;i:24;b:0;i:25;b:0;i:26;b:0;i:27;b:0;i:28;b:0;i:29;b:0;i:30;b:0;i:31;b:0;i:32;b:0;i:33;b:0;i:34;b:0;i:35;b:0;i:36;b:0;i:37;b:0;i:38;b:0;i:39;b:0;i:40;b:0;i:41;b:0;i:42;b:0;i:43;b:0;i:44;b:0;i:45;b:0;i:46;b:0;i:47;b:0;i:48;b:0;i:49;b:0;i:50;b:0;i:51;b:0;i:52;b:0;i:53;b:0;i:54;b:0;i:55;b:0;i:56;b:0;i:57;b:0;i:58;b:0;i:59;b:0;i:60;b:0;i:61;b:0;i:62;b:0;i:63;b:0;i:64;b:0;i:65;b:0;i:66;b:0;i:67;b:0;i:68;b:0;i:69;b:0;i:70;b:0;i:71;b:0;i:72;b:0;i:73;b:0;i:74;b:0;i:75;b:0;i:76;b:0;i:77;b:0;}s:15:\\\"type_receipt_id\\\";a:78:{i:0;i:4;i:1;i:4;i:2;i:4;i:3;i:4;i:4;i:4;i:5;i:4;i:6;i:4;i:7;i:4;i:8;i:4;i:9;i:4;i:10;i:4;i:11;i:4;i:12;i:4;i:13;i:4;i:14;i:4;i:15;i:4;i:16;i:4;i:17;i:4;i:18;i:4;i:19;i:4;i:20;i:4;i:21;i:4;i:22;i:4;i:23;i:4;i:24;i:4;i:25;i:4;i:26;i:4;i:27;i:4;i:28;i:4;i:29;i:4;i:30;i:4;i:31;i:4;i:32;i:4;i:33;i:4;i:34;i:4;i:35;i:4;i:36;i:4;i:37;i:4;i:38;i:4;i:39;i:4;i:40;i:4;i:41;i:4;i:42;i:4;i:43;i:4;i:44;i:4;i:45;i:4;i:46;i:4;i:47;i:4;i:48;i:4;i:49;i:4;i:50;i:4;i:51;i:4;i:52;i:4;i:53;i:4;i:54;i:4;i:55;i:4;i:56;i:4;i:57;i:4;i:58;i:4;i:59;i:4;i:60;i:4;i:61;i:4;i:62;i:4;i:63;i:4;i:64;i:4;i:65;i:4;i:66;i:4;i:67;i:4;i:68;i:4;i:69;i:4;i:70;i:4;i:71;i:4;i:72;i:4;i:73;i:4;i:74;i:4;i:75;i:4;i:76;i:4;i:77;i:4;}s:15:\\\"cond_frente_iva\\\";a:78:{i:0;i:5;i:1;i:5;i:2;i:5;i:3;i:5;i:4;i:5;i:5;i:5;i:6;i:5;i:7;i:5;i:8;i:5;i:9;i:5;i:10;i:5;i:11;i:5;i:12;i:5;i:13;i:5;i:14;i:5;i:15;i:5;i:16;i:5;i:17;i:5;i:18;i:5;i:19;i:5;i:20;i:5;i:21;i:5;i:22;i:5;i:23;i:5;i:24;i:5;i:25;i:5;i:26;i:5;i:27;i:5;i:28;i:5;i:29;i:5;i:30;i:5;i:31;i:5;i:32;i:5;i:33;i:5;i:34;i:5;i:35;i:5;i:36;i:5;i:37;i:5;i:38;i:5;i:39;i:5;i:40;i:5;i:41;i:5;i:42;i:5;i:43;i:5;i:44;i:5;i:45;i:5;i:46;i:5;i:47;i:5;i:48;i:5;i:49;i:5;i:50;i:5;i:51;i:5;i:52;i:5;i:53;i:5;i:54;i:5;i:55;i:5;i:56;i:5;i:57;i:5;i:58;i:5;i:59;i:5;i:60;i:5;i:61;i:5;i:62;i:5;i:63;i:5;i:64;i:5;i:65;i:5;i:66;i:5;i:67;i:5;i:68;i:5;i:69;i:5;i:70;i:5;i:71;i:5;i:72;i:5;i:73;i:5;i:74;i:5;i:75;i:5;i:76;i:5;i:77;i:5;}s:12:\\\"taxable_iibb\\\";a:78:{i:0;i:2;i:1;i:2;i:2;i:2;i:3;i:2;i:4;i:2;i:5;i:2;i:6;i:2;i:7;i:2;i:8;i:2;i:9;i:2;i:10;i:2;i:11;i:2;i:12;i:2;i:13;i:2;i:14;i:2;i:15;i:2;i:16;i:2;i:17;i:2;i:18;i:2;i:19;i:2;i:20;i:2;i:21;i:2;i:22;i:2;i:23;i:2;i:24;i:2;i:25;i:2;i:26;i:2;i:27;i:2;i:28;i:2;i:29;i:2;i:30;i:2;i:31;i:2;i:32;i:2;i:33;i:2;i:34;i:2;i:35;i:2;i:36;i:2;i:37;i:2;i:38;i:2;i:39;i:2;i:40;i:2;i:41;i:2;i:42;i:2;i:43;i:2;i:44;i:2;i:45;i:2;i:46;i:2;i:47;i:2;i:48;i:2;i:49;i:2;i:50;i:2;i:51;i:2;i:52;i:2;i:53;i:2;i:54;i:2;i:55;i:2;i:56;i:2;i:57;i:2;i:58;i:2;i:59;i:2;i:60;i:2;i:61;i:2;i:62;i:2;i:63;i:2;i:64;i:2;i:65;i:2;i:66;i:2;i:67;i:2;i:68;i:2;i:69;i:2;i:70;i:2;i:71;i:2;i:72;i:2;i:73;i:2;i:74;i:2;i:75;i:2;i:76;i:2;i:77;i:2;}s:15:\\\"descripcionItem\\\";a:78:{i:0;s:12:\\\"Indumentaria\\\";i:1;s:12:\\\"Indumentaria\\\";i:2;s:12:\\\"Indumentaria\\\";i:3;s:12:\\\"Indumentaria\\\";i:4;s:12:\\\"Indumentaria\\\";i:5;s:12:\\\"Indumentaria\\\";i:6;s:12:\\\"Indumentaria\\\";i:7;s:12:\\\"Indumentaria\\\";i:8;s:12:\\\"Indumentaria\\\";i:9;s:12:\\\"Indumentaria\\\";i:10;s:12:\\\"Indumentaria\\\";i:11;s:12:\\\"Indumentaria\\\";i:12;s:12:\\\"Indumentaria\\\";i:13;s:12:\\\"Indumentaria\\\";i:14;s:12:\\\"Indumentaria\\\";i:15;s:12:\\\"Indumentaria\\\";i:16;s:12:\\\"Indumentaria\\\";i:17;s:12:\\\"Indumentaria\\\";i:18;s:12:\\\"Indumentaria\\\";i:19;s:12:\\\"Indumentaria\\\";i:20;s:12:\\\"Indumentaria\\\";i:21;s:12:\\\"Indumentaria\\\";i:22;s:12:\\\"Indumentaria\\\";i:23;s:12:\\\"Indumentaria\\\";i:24;s:12:\\\"Indumentaria\\\";i:25;s:12:\\\"Indumentaria\\\";i:26;s:12:\\\"Indumentaria\\\";i:27;s:12:\\\"Indumentaria\\\";i:28;s:12:\\\"Indumentaria\\\";i:29;s:12:\\\"Indumentaria\\\";i:30;s:12:\\\"Indumentaria\\\";i:31;s:12:\\\"Indumentaria\\\";i:32;s:12:\\\"Indumentaria\\\";i:33;s:12:\\\"Indumentaria\\\";i:34;s:12:\\\"Indumentaria\\\";i:35;s:12:\\\"Indumentaria\\\";i:36;s:12:\\\"Indumentaria\\\";i:37;s:12:\\\"Indumentaria\\\";i:38;s:12:\\\"Indumentaria\\\";i:39;s:12:\\\"Indumentaria\\\";i:40;s:12:\\\"Indumentaria\\\";i:41;s:12:\\\"Indumentaria\\\";i:42;s:12:\\\"Indumentaria\\\";i:43;s:12:\\\"Indumentaria\\\";i:44;s:12:\\\"Indumentaria\\\";i:45;s:12:\\\"Indumentaria\\\";i:46;s:12:\\\"Indumentaria\\\";i:47;s:12:\\\"Indumentaria\\\";i:48;s:12:\\\"Indumentaria\\\";i:49;s:12:\\\"Indumentaria\\\";i:50;s:12:\\\"Indumentaria\\\";i:51;s:12:\\\"Indumentaria\\\";i:52;s:12:\\\"Indumentaria\\\";i:53;s:12:\\\"Indumentaria\\\";i:54;s:12:\\\"Indumentaria\\\";i:55;s:12:\\\"Indumentaria\\\";i:56;s:12:\\\"Indumentaria\\\";i:57;s:12:\\\"Indumentaria\\\";i:58;s:12:\\\"Indumentaria\\\";i:59;s:12:\\\"Indumentaria\\\";i:60;s:12:\\\"Indumentaria\\\";i:61;s:12:\\\"Indumentaria\\\";i:62;s:12:\\\"Indumentaria\\\";i:63;s:12:\\\"Indumentaria\\\";i:64;s:12:\\\"Indumentaria\\\";i:65;s:12:\\\"Indumentaria\\\";i:66;s:12:\\\"Indumentaria\\\";i:67;s:12:\\\"Indumentaria\\\";i:68;s:12:\\\"Indumentaria\\\";i:69;s:12:\\\"Indumentaria\\\";i:70;s:12:\\\"Indumentaria\\\";i:71;s:12:\\\"Indumentaria\\\";i:72;s:12:\\\"Indumentaria\\\";i:73;s:12:\\\"Indumentaria\\\";i:74;s:12:\\\"Indumentaria\\\";i:75;s:12:\\\"Indumentaria\\\";i:76;s:12:\\\"Indumentaria\\\";i:77;s:12:\\\"Indumentaria\\\";}s:9:\\\"body_mail\\\";a:78:{i:0;N;i:1;N;i:2;N;i:3;N;i:4;N;i:5;N;i:6;N;i:7;N;i:8;N;i:9;N;i:10;N;i:11;N;i:12;N;i:13;N;i:14;N;i:15;N;i:16;N;i:17;N;i:18;N;i:19;N;i:20;N;i:21;N;i:22;N;i:23;N;i:24;N;i:25;N;i:26;N;i:27;N;i:28;N;i:29;N;i:30;N;i:31;N;i:32;N;i:33;N;i:34;N;i:35;N;i:36;N;i:37;N;i:38;N;i:39;N;i:40;N;i:41;N;i:42;N;i:43;N;i:44;N;i:45;N;i:46;N;i:47;N;i:48;N;i:49;N;i:50;N;i:51;N;i:52;N;i:53;N;i:54;N;i:55;N;i:56;N;i:57;N;i:58;N;i:59;N;i:60;N;i:61;N;i:62;N;i:63;N;i:64;N;i:65;N;i:66;N;i:67;N;i:68;N;i:69;N;i:70;N;i:71;N;i:72;N;i:73;N;i:74;N;i:75;N;i:76;N;i:77;N;}s:14:\\\"subtotalPUItem\\\";a:78:{i:0;d:123966.94;i:1;d:123966.94;i:2;d:123966.94;i:3;d:123966.94;i:4;d:123966.94;i:5;d:123966.94;i:6;d:123966.94;i:7;d:123966.94;i:8;d:123966.94;i:9;d:123966.94;i:10;d:123966.94;i:11;d:123966.94;i:12;d:123966.94;i:13;d:123966.94;i:14;d:123966.94;i:15;d:123966.94;i:16;d:123966.94;i:17;d:123966.94;i:18;d:123966.94;i:19;d:123966.94;i:20;d:123966.94;i:21;d:123966.94;i:22;d:123966.94;i:23;d:123966.94;i:24;d:123966.94;i:25;d:123966.94;i:26;d:123966.94;i:27;d:123966.94;i:28;d:123966.94;i:29;d:123966.94;i:30;d:123966.94;i:31;d:123966.94;i:32;d:123966.94;i:33;d:123966.94;i:34;d:123966.94;i:35;d:123966.94;i:36;d:123966.94;i:37;d:123966.94;i:38;d:123966.94;i:39;d:123966.94;i:40;d:123966.94;i:41;d:123966.94;i:42;d:123966.94;i:43;d:123966.94;i:44;d:123966.94;i:45;d:123966.94;i:46;d:123966.94;i:47;d:123966.94;i:48;d:21796.49;i:49;d:123966.94;i:50;d:123966.94;i:51;d:123966.94;i:52;d:123966.94;i:53;d:123966.94;i:54;d:123966.94;i:55;d:123966.94;i:56;d:123966.94;i:57;d:123966.94;i:58;d:123966.94;i:59;d:123966.94;i:60;d:123966.94;i:61;d:123966.94;i:62;d:123966.94;i:63;d:123966.94;i:64;d:123966.94;i:65;d:123966.94;i:66;d:123966.94;i:67;d:123966.94;i:68;d:123966.94;i:69;d:123966.94;i:70;d:123966.94;i:71;d:123966.94;i:72;d:123966.94;i:73;d:123966.94;i:74;d:123966.94;i:75;d:123966.94;i:76;d:123966.94;i:77;d:36413.86;}s:15:\\\"ivaAlicuotaItem\\\";a:78:{i:0;i:2;i:1;i:2;i:2;i:2;i:3;i:2;i:4;i:2;i:5;i:2;i:6;i:2;i:7;i:2;i:8;i:2;i:9;i:2;i:10;i:2;i:11;i:2;i:12;i:2;i:13;i:2;i:14;i:2;i:15;i:2;i:16;i:2;i:17;i:2;i:18;i:2;i:19;i:2;i:20;i:2;i:21;i:2;i:22;i:2;i:23;i:2;i:24;i:2;i:25;i:2;i:26;i:2;i:27;i:2;i:28;i:2;i:29;i:2;i:30;i:2;i:31;i:2;i:32;i:2;i:33;i:2;i:34;i:2;i:35;i:2;i:36;i:2;i:37;i:2;i:38;i:2;i:39;i:2;i:40;i:2;i:41;i:2;i:42;i:2;i:43;i:2;i:44;i:2;i:45;i:2;i:46;i:2;i:47;i:2;i:48;i:2;i:49;i:2;i:50;i:2;i:51;i:2;i:52;i:2;i:53;i:2;i:54;i:2;i:55;i:2;i:56;i:2;i:57;i:2;i:58;i:2;i:59;i:2;i:60;i:2;i:61;i:2;i:62;i:2;i:63;i:2;i:64;i:2;i:65;i:2;i:66;i:2;i:67;i:2;i:68;i:2;i:69;i:2;i:70;i:2;i:71;i:2;i:72;i:2;i:73;i:2;i:74;i:2;i:75;i:2;i:76;i:2;i:77;i:2;}s:10:\\\"cliente_id\\\";a:78:{i:0;i:40814;i:1;i:40814;i:2;i:40814;i:3;i:40814;i:4;i:40814;i:5;i:40814;i:6;i:40814;i:7;i:40814;i:8;i:40814;i:9;i:40814;i:10;i:40814;i:11;i:40814;i:12;i:40814;i:13;i:40814;i:14;i:40814;i:15;i:40814;i:16;i:40814;i:17;i:40814;i:18;i:40814;i:19;i:40814;i:20;i:40814;i:21;i:40814;i:22;i:40814;i:23;i:40814;i:24;i:40814;i:25;i:40814;i:26;i:40814;i:27;i:40814;i:28;i:40814;i:29;i:40814;i:30;i:40814;i:31;i:40814;i:32;i:40814;i:33;i:40814;i:34;i:40814;i:35;i:40814;i:36;i:40814;i:37;i:40814;i:38;i:40814;i:39;i:40814;i:40;i:40814;i:41;i:40814;i:42;i:40814;i:43;i:40814;i:44;i:40814;i:45;i:40814;i:46;i:40814;i:47;i:40814;i:48;i:40814;i:49;i:40814;i:50;i:40814;i:51;i:40814;i:52;i:40814;i:53;i:40814;i:54;i:40814;i:55;i:40814;i:56;i:40814;i:57;i:40814;i:58;i:40814;i:59;i:40814;i:60;i:40814;i:61;i:40814;i:62;i:40814;i:63;i:40814;i:64;i:40814;i:65;i:40814;i:66;i:40814;i:67;i:40814;i:68;i:40814;i:69;i:40814;i:70;i:40814;i:71;i:40814;i:72;i:40814;i:73;i:40814;i:74;i:40814;i:75;i:40814;i:76;i:40814;i:77;i:40814;}s:7:\\\"zone_id\\\";a:78:{i:0;i:22;i:1;i:22;i:2;i:22;i:3;i:22;i:4;i:22;i:5;i:22;i:6;i:22;i:7;i:22;i:8;i:22;i:9;i:22;i:10;i:22;i:11;i:22;i:12;i:22;i:13;i:22;i:14;i:22;i:15;i:22;i:16;i:22;i:17;i:22;i:18;i:22;i:19;i:22;i:20;i:22;i:21;i:22;i:22;i:22;i:23;i:22;i:24;i:22;i:25;i:22;i:26;i:22;i:27;i:22;i:28;i:22;i:29;i:22;i:30;i:22;i:31;i:22;i:32;i:22;i:33;i:22;i:34;i:22;i:35;i:22;i:36;i:22;i:37;i:22;i:38;i:22;i:39;i:22;i:40;i:22;i:41;i:22;i:42;i:22;i:43;i:22;i:44;i:22;i:45;i:22;i:46;i:22;i:47;i:22;i:48;i:22;i:49;i:23;i:50;i:23;i:51;i:23;i:52;i:23;i:53;i:23;i:54;i:23;i:55;i:23;i:56;i:23;i:57;i:23;i:58;i:23;i:59;i:23;i:60;i:23;i:61;i:23;i:62;i:23;i:63;i:23;i:64;i:23;i:65;i:23;i:66;i:23;i:67;i:23;i:68;i:23;i:69;i:23;i:70;i:23;i:71;i:23;i:72;i:23;i:73;i:23;i:74;i:23;i:75;i:23;i:76;i:23;i:77;i:23;}s:11:\\\"activity_id\\\";a:78:{i:0;i:614;i:1;i:614;i:2;i:614;i:3;i:614;i:4;i:614;i:5;i:614;i:6;i:614;i:7;i:614;i:8;i:614;i:9;i:614;i:10;i:614;i:11;i:614;i:12;i:614;i:13;i:614;i:14;i:614;i:15;i:614;i:16;i:614;i:17;i:614;i:18;i:614;i:19;i:614;i:20;i:614;i:21;i:614;i:22;i:614;i:23;i:614;i:24;i:614;i:25;i:614;i:26;i:614;i:27;i:614;i:28;i:614;i:29;i:614;i:30;i:614;i:31;i:614;i:32;i:614;i:33;i:614;i:34;i:614;i:35;i:614;i:36;i:614;i:37;i:614;i:38;i:614;i:39;i:614;i:40;i:614;i:41;i:614;i:42;i:614;i:43;i:614;i:44;i:614;i:45;i:614;i:46;i:614;i:47;i:614;i:48;i:614;i:49;i:614;i:50;i:614;i:51;i:614;i:52;i:614;i:53;i:614;i:54;i:614;i:55;i:614;i:56;i:614;i:57;i:614;i:58;i:614;i:59;i:614;i:60;i:614;i:61;i:614;i:62;i:614;i:63;i:614;i:64;i:614;i:65;i:614;i:66;i:614;i:67;i:614;i:68;i:614;i:69;i:614;i:70;i:614;i:71;i:614;i:72;i:614;i:73;i:614;i:74;i:614;i:75;i:614;i:76;i:614;i:77;i:614;}s:11:\\\"concepto_id\\\";a:78:{i:0;i:1;i:1;i:1;i:2;i:1;i:3;i:1;i:4;i:1;i:5;i:1;i:6;i:1;i:7;i:1;i:8;i:1;i:9;i:1;i:10;i:1;i:11;i:1;i:12;i:1;i:13;i:1;i:14;i:1;i:15;i:1;i:16;i:1;i:17;i:1;i:18;i:1;i:19;i:1;i:20;i:1;i:21;i:1;i:22;i:1;i:23;i:1;i:24;i:1;i:25;i:1;i:26;i:1;i:27;i:1;i:28;i:1;i:29;i:1;i:30;i:1;i:31;i:1;i:32;i:1;i:33;i:1;i:34;i:1;i:35;i:1;i:36;i:1;i:37;i:1;i:38;i:1;i:39;i:1;i:40;i:1;i:41;i:1;i:42;i:1;i:43;i:1;i:44;i:1;i:45;i:1;i:46;i:1;i:47;i:1;i:48;i:1;i:49;i:1;i:50;i:1;i:51;i:1;i:52;i:1;i:53;i:1;i:54;i:1;i:55;i:1;i:56;i:1;i:57;i:1;i:58;i:1;i:59;i:1;i:60;i:1;i:61;i:1;i:62;i:1;i:63;i:1;i:64;i:1;i:65;i:1;i:66;i:1;i:67;i:1;i:68;i:1;i:69;i:1;i:70;i:1;i:71;i:1;i:72;i:1;i:73;i:1;i:74;i:1;i:75;i:1;i:76;i:1;i:77;i:1;}s:14:\\\"punto_venta_id\\\";a:78:{i:0;i:8;i:1;i:8;i:2;i:8;i:3;i:8;i:4;i:8;i:5;i:8;i:6;i:8;i:7;i:8;i:8;i:8;i:9;i:8;i:10;i:8;i:11;i:8;i:12;i:8;i:13;i:8;i:14;i:8;i:15;i:8;i:16;i:8;i:17;i:8;i:18;i:8;i:19;i:8;i:20;i:8;i:21;i:8;i:22;i:8;i:23;i:8;i:24;i:8;i:25;i:8;i:26;i:8;i:27;i:8;i:28;i:8;i:29;i:8;i:30;i:8;i:31;i:8;i:32;i:8;i:33;i:8;i:34;i:8;i:35;i:8;i:36;i:8;i:37;i:8;i:38;i:8;i:39;i:8;i:40;i:8;i:41;i:8;i:42;i:8;i:43;i:8;i:44;i:8;i:45;i:8;i:46;i:8;i:47;i:8;i:48;i:8;i:49;i:8;i:50;i:8;i:51;i:8;i:52;i:8;i:53;i:8;i:54;i:8;i:55;i:8;i:56;i:8;i:57;i:8;i:58;i:8;i:59;i:8;i:60;i:8;i:61;i:8;i:62;i:8;i:63;i:8;i:64;i:8;i:65;i:8;i:66;i:8;i:67;i:8;i:68;i:8;i:69;i:8;i:70;i:8;i:71;i:8;i:72;i:8;i:73;i:8;i:74;i:8;i:75;i:8;i:76;i:8;i:77;i:8;}s:10:\\\"cond_venta\\\";a:78:{i:0;i:4;i:1;i:4;i:2;i:4;i:3;i:4;i:4;i:4;i:5;i:4;i:6;i:4;i:7;i:4;i:8;i:4;i:9;i:4;i:10;i:4;i:11;i:4;i:12;i:4;i:13;i:4;i:14;i:4;i:15;i:4;i:16;i:4;i:17;i:4;i:18;i:4;i:19;i:4;i:20;i:4;i:21;i:4;i:22;i:4;i:23;i:4;i:24;i:4;i:25;i:4;i:26;i:4;i:27;i:4;i:28;i:4;i:29;i:4;i:30;i:4;i:31;i:4;i:32;i:4;i:33;i:4;i:34;i:4;i:35;i:4;i:36;i:4;i:37;i:4;i:38;i:4;i:39;i:4;i:40;i:4;i:41;i:4;i:42;i:4;i:43;i:4;i:44;i:4;i:45;i:4;i:46;i:4;i:47;i:4;i:48;i:4;i:49;i:4;i:50;i:4;i:51;i:4;i:52;i:4;i:53;i:4;i:54;i:4;i:55;i:4;i:56;i:4;i:57;i:4;i:58;i:4;i:59;i:4;i:60;i:4;i:61;i:4;i:62;i:4;i:63;i:4;i:64;i:4;i:65;i:4;i:66;i:4;i:67;i:4;i:68;i:4;i:69;i:4;i:70;i:4;i:71;i:4;i:72;i:4;i:73;i:4;i:74;i:4;i:75;i:4;i:76;i:4;i:77;i:4;}s:17:\\\"fecha_comprobante\\\";a:78:{i:0;s:10:\\\"10-31-2024\\\";i:1;s:10:\\\"10-31-2024\\\";i:2;s:10:\\\"10-31-2024\\\";i:3;s:10:\\\"10-31-2024\\\";i:4;s:10:\\\"10-31-2024\\\";i:5;s:10:\\\"10-31-2024\\\";i:6;s:10:\\\"10-31-2024\\\";i:7;s:10:\\\"10-31-2024\\\";i:8;s:10:\\\"10-31-2024\\\";i:9;s:10:\\\"10-31-2024\\\";i:10;s:10:\\\"10-31-2024\\\";i:11;s:10:\\\"10-31-2024\\\";i:12;s:10:\\\"10-31-2024\\\";i:13;s:10:\\\"10-31-2024\\\";i:14;s:10:\\\"10-31-2024\\\";i:15;s:10:\\\"10-31-2024\\\";i:16;s:10:\\\"10-31-2024\\\";i:17;s:10:\\\"10-31-2024\\\";i:18;s:10:\\\"10-31-2024\\\";i:19;s:10:\\\"10-31-2024\\\";i:20;s:10:\\\"10-31-2024\\\";i:21;s:10:\\\"10-31-2024\\\";i:22;s:10:\\\"10-31-2024\\\";i:23;s:10:\\\"10-31-2024\\\";i:24;s:10:\\\"10-31-2024\\\";i:25;s:10:\\\"10-31-2024\\\";i:26;s:10:\\\"10-31-2024\\\";i:27;s:10:\\\"10-31-2024\\\";i:28;s:10:\\\"10-31-2024\\\";i:29;s:10:\\\"10-31-2024\\\";i:30;s:10:\\\"10-31-2024\\\";i:31;s:10:\\\"10-31-2024\\\";i:32;s:10:\\\"10-31-2024\\\";i:33;s:10:\\\"10-31-2024\\\";i:34;s:10:\\\"10-31-2024\\\";i:35;s:10:\\\"10-31-2024\\\";i:36;s:10:\\\"10-31-2024\\\";i:37;s:10:\\\"10-31-2024\\\";i:38;s:10:\\\"10-31-2024\\\";i:39;s:10:\\\"10-31-2024\\\";i:40;s:10:\\\"10-31-2024\\\";i:41;s:10:\\\"10-31-2024\\\";i:42;s:10:\\\"10-31-2024\\\";i:43;s:10:\\\"10-31-2024\\\";i:44;s:10:\\\"10-31-2024\\\";i:45;s:10:\\\"10-31-2024\\\";i:46;s:10:\\\"10-31-2024\\\";i:47;s:10:\\\"10-31-2024\\\";i:48;s:10:\\\"10-31-2024\\\";i:49;s:10:\\\"10-31-2024\\\";i:50;s:10:\\\"10-31-2024\\\";i:51;s:10:\\\"10-31-2024\\\";i:52;s:10:\\\"10-31-2024\\\";i:53;s:10:\\\"10-31-2024\\\";i:54;s:10:\\\"10-31-2024\\\";i:55;s:10:\\\"10-31-2024\\\";i:56;s:10:\\\"10-31-2024\\\";i:57;s:10:\\\"10-31-2024\\\";i:58;s:10:\\\"10-31-2024\\\";i:59;s:10:\\\"10-31-2024\\\";i:60;s:10:\\\"10-31-2024\\\";i:61;s:10:\\\"10-31-2024\\\";i:62;s:10:\\\"10-31-2024\\\";i:63;s:10:\\\"10-31-2024\\\";i:64;s:10:\\\"10-31-2024\\\";i:65;s:10:\\\"10-31-2024\\\";i:66;s:10:\\\"10-31-2024\\\";i:67;s:10:\\\"10-31-2024\\\";i:68;s:10:\\\"10-31-2024\\\";i:69;s:10:\\\"10-31-2024\\\";i:70;s:10:\\\"10-31-2024\\\";i:71;s:10:\\\"10-31-2024\\\";i:72;s:10:\\\"10-31-2024\\\";i:73;s:10:\\\"10-31-2024\\\";i:74;s:10:\\\"10-31-2024\\\";i:75;s:10:\\\"10-31-2024\\\";i:76;s:10:\\\"10-31-2024\\\";i:77;s:10:\\\"10-31-2024\\\";}s:21:\\\"fecha_facturado_desde\\\";a:78:{i:0;s:10:\\\"10-01-2024\\\";i:1;s:10:\\\"10-01-2024\\\";i:2;s:10:\\\"10-01-2024\\\";i:3;s:10:\\\"10-01-2024\\\";i:4;s:10:\\\"10-01-2024\\\";i:5;s:10:\\\"10-01-2024\\\";i:6;s:10:\\\"10-01-2024\\\";i:7;s:10:\\\"10-01-2024\\\";i:8;s:10:\\\"10-01-2024\\\";i:9;s:10:\\\"10-01-2024\\\";i:10;s:10:\\\"10-01-2024\\\";i:11;s:10:\\\"10-01-2024\\\";i:12;s:10:\\\"10-01-2024\\\";i:13;s:10:\\\"10-01-2024\\\";i:14;s:10:\\\"10-01-2024\\\";i:15;s:10:\\\"10-01-2024\\\";i:16;s:10:\\\"10-01-2024\\\";i:17;s:10:\\\"10-01-2024\\\";i:18;s:10:\\\"10-01-2024\\\";i:19;s:10:\\\"10-01-2024\\\";i:20;s:10:\\\"10-01-2024\\\";i:21;s:10:\\\"10-01-2024\\\";i:22;s:10:\\\"10-01-2024\\\";i:23;s:10:\\\"10-01-2024\\\";i:24;s:10:\\\"10-01-2024\\\";i:25;s:10:\\\"10-01-2024\\\";i:26;s:10:\\\"10-01-2024\\\";i:27;s:10:\\\"10-01-2024\\\";i:28;s:10:\\\"10-01-2024\\\";i:29;s:10:\\\"10-01-2024\\\";i:30;s:10:\\\"10-01-2024\\\";i:31;s:10:\\\"10-01-2024\\\";i:32;s:10:\\\"10-01-2024\\\";i:33;s:10:\\\"10-01-2024\\\";i:34;s:10:\\\"10-01-2024\\\";i:35;s:10:\\\"10-01-2024\\\";i:36;s:10:\\\"10-01-2024\\\";i:37;s:10:\\\"10-01-2024\\\";i:38;s:10:\\\"10-01-2024\\\";i:39;s:10:\\\"10-01-2024\\\";i:40;s:10:\\\"10-01-2024\\\";i:41;s:10:\\\"10-01-2024\\\";i:42;s:10:\\\"10-01-2024\\\";i:43;s:10:\\\"10-01-2024\\\";i:44;s:10:\\\"10-01-2024\\\";i:45;s:10:\\\"10-01-2024\\\";i:46;s:10:\\\"10-01-2024\\\";i:47;s:10:\\\"10-01-2024\\\";i:48;s:10:\\\"10-01-2024\\\";i:49;s:10:\\\"10-01-2024\\\";i:50;s:10:\\\"10-01-2024\\\";i:51;s:10:\\\"10-01-2024\\\";i:52;s:10:\\\"10-01-2024\\\";i:53;s:10:\\\"10-01-2024\\\";i:54;s:10:\\\"10-01-2024\\\";i:55;s:10:\\\"10-01-2024\\\";i:56;s:10:\\\"10-01-2024\\\";i:57;s:10:\\\"10-01-2024\\\";i:58;s:10:\\\"10-01-2024\\\";i:59;s:10:\\\"10-01-2024\\\";i:60;s:10:\\\"10-01-2024\\\";i:61;s:10:\\\"10-01-2024\\\";i:62;s:10:\\\"10-01-2024\\\";i:63;s:10:\\\"10-01-2024\\\";i:64;s:10:\\\"10-01-2024\\\";i:65;s:10:\\\"10-01-2024\\\";i:66;s:10:\\\"10-01-2024\\\";i:67;s:10:\\\"10-01-2024\\\";i:68;s:10:\\\"10-01-2024\\\";i:69;s:10:\\\"10-01-2024\\\";i:70;s:10:\\\"10-01-2024\\\";i:71;s:10:\\\"10-01-2024\\\";i:72;s:10:\\\"10-01-2024\\\";i:73;s:10:\\\"10-01-2024\\\";i:74;s:10:\\\"10-01-2024\\\";i:75;s:10:\\\"10-01-2024\\\";i:76;s:10:\\\"10-01-2024\\\";i:77;s:10:\\\"10-01-2024\\\";}s:21:\\\"fecha_facturado_hasta\\\";a:78:{i:0;s:10:\\\"10-31-2024\\\";i:1;s:10:\\\"10-31-2024\\\";i:2;s:10:\\\"10-31-2024\\\";i:3;s:10:\\\"10-31-2024\\\";i:4;s:10:\\\"10-31-2024\\\";i:5;s:10:\\\"10-31-2024\\\";i:6;s:10:\\\"10-31-2024\\\";i:7;s:10:\\\"10-31-2024\\\";i:8;s:10:\\\"10-31-2024\\\";i:9;s:10:\\\"10-31-2024\\\";i:10;s:10:\\\"10-31-2024\\\";i:11;s:10:\\\"10-31-2024\\\";i:12;s:10:\\\"10-31-2024\\\";i:13;s:10:\\\"10-31-2024\\\";i:14;s:10:\\\"10-31-2024\\\";i:15;s:10:\\\"10-31-2024\\\";i:16;s:10:\\\"10-31-2024\\\";i:17;s:10:\\\"10-31-2024\\\";i:18;s:10:\\\"10-31-2024\\\";i:19;s:10:\\\"10-31-2024\\\";i:20;s:10:\\\"10-31-2024\\\";i:21;s:10:\\\"10-31-2024\\\";i:22;s:10:\\\"10-31-2024\\\";i:23;s:10:\\\"10-31-2024\\\";i:24;s:10:\\\"10-31-2024\\\";i:25;s:10:\\\"10-31-2024\\\";i:26;s:10:\\\"10-31-2024\\\";i:27;s:10:\\\"10-31-2024\\\";i:28;s:10:\\\"10-31-2024\\\";i:29;s:10:\\\"10-31-2024\\\";i:30;s:10:\\\"10-31-2024\\\";i:31;s:10:\\\"10-31-2024\\\";i:32;s:10:\\\"10-31-2024\\\";i:33;s:10:\\\"10-31-2024\\\";i:34;s:10:\\\"10-31-2024\\\";i:35;s:10:\\\"10-31-2024\\\";i:36;s:10:\\\"10-31-2024\\\";i:37;s:10:\\\"10-31-2024\\\";i:38;s:10:\\\"10-31-2024\\\";i:39;s:10:\\\"10-31-2024\\\";i:40;s:10:\\\"10-31-2024\\\";i:41;s:10:\\\"10-31-2024\\\";i:42;s:10:\\\"10-31-2024\\\";i:43;s:10:\\\"10-31-2024\\\";i:44;s:10:\\\"10-31-2024\\\";i:45;s:10:\\\"10-31-2024\\\";i:46;s:10:\\\"10-31-2024\\\";i:47;s:10:\\\"10-31-2024\\\";i:48;s:10:\\\"10-31-2024\\\";i:49;s:10:\\\"10-31-2024\\\";i:50;s:10:\\\"10-31-2024\\\";i:51;s:10:\\\"10-31-2024\\\";i:52;s:10:\\\"10-31-2024\\\";i:53;s:10:\\\"10-31-2024\\\";i:54;s:10:\\\"10-31-2024\\\";i:55;s:10:\\\"10-31-2024\\\";i:56;s:10:\\\"10-31-2024\\\";i:57;s:10:\\\"10-31-2024\\\";i:58;s:10:\\\"10-31-2024\\\";i:59;s:10:\\\"10-31-2024\\\";i:60;s:10:\\\"10-31-2024\\\";i:61;s:10:\\\"10-31-2024\\\";i:62;s:10:\\\"10-31-2024\\\";i:63;s:10:\\\"10-31-2024\\\";i:64;s:10:\\\"10-31-2024\\\";i:65;s:10:\\\"10-31-2024\\\";i:66;s:10:\\\"10-31-2024\\\";i:67;s:10:\\\"10-31-2024\\\";i:68;s:10:\\\"10-31-2024\\\";i:69;s:10:\\\"10-31-2024\\\";i:70;s:10:\\\"10-31-2024\\\";i:71;s:10:\\\"10-31-2024\\\";i:72;s:10:\\\"10-31-2024\\\";i:73;s:10:\\\"10-31-2024\\\";i:74;s:10:\\\"10-31-2024\\\";i:75;s:10:\\\"10-31-2024\\\";i:76;s:10:\\\"10-31-2024\\\";i:77;s:10:\\\"10-31-2024\\\";}s:22:\\\"fecha_vencimiento_pago\\\";a:78:{i:0;s:10:\\\"11-03-2024\\\";i:1;s:10:\\\"11-03-2024\\\";i:2;s:10:\\\"11-03-2024\\\";i:3;s:10:\\\"11-03-2024\\\";i:4;s:10:\\\"11-03-2024\\\";i:5;s:10:\\\"11-03-2024\\\";i:6;s:10:\\\"11-03-2024\\\";i:7;s:10:\\\"11-03-2024\\\";i:8;s:10:\\\"11-03-2024\\\";i:9;s:10:\\\"11-03-2024\\\";i:10;s:10:\\\"11-03-2024\\\";i:11;s:10:\\\"11-03-2024\\\";i:12;s:10:\\\"11-03-2024\\\";i:13;s:10:\\\"11-03-2024\\\";i:14;s:10:\\\"11-03-2024\\\";i:15;s:10:\\\"11-03-2024\\\";i:16;s:10:\\\"11-03-2024\\\";i:17;s:10:\\\"11-03-2024\\\";i:18;s:10:\\\"11-03-2024\\\";i:19;s:10:\\\"11-03-2024\\\";i:20;s:10:\\\"11-03-2024\\\";i:21;s:10:\\\"11-03-2024\\\";i:22;s:10:\\\"11-03-2024\\\";i:23;s:10:\\\"11-03-2024\\\";i:24;s:10:\\\"11-03-2024\\\";i:25;s:10:\\\"11-03-2024\\\";i:26;s:10:\\\"11-03-2024\\\";i:27;s:10:\\\"11-03-2024\\\";i:28;s:10:\\\"11-03-2024\\\";i:29;s:10:\\\"11-03-2024\\\";i:30;s:10:\\\"11-03-2024\\\";i:31;s:10:\\\"11-03-2024\\\";i:32;s:10:\\\"11-03-2024\\\";i:33;s:10:\\\"11-03-2024\\\";i:34;s:10:\\\"11-03-2024\\\";i:35;s:10:\\\"11-03-2024\\\";i:36;s:10:\\\"11-03-2024\\\";i:37;s:10:\\\"11-03-2024\\\";i:38;s:10:\\\"11-03-2024\\\";i:39;s:10:\\\"11-03-2024\\\";i:40;s:10:\\\"11-03-2024\\\";i:41;s:10:\\\"11-03-2024\\\";i:42;s:10:\\\"11-03-2024\\\";i:43;s:10:\\\"11-03-2024\\\";i:44;s:10:\\\"11-03-2024\\\";i:45;s:10:\\\"11-03-2024\\\";i:46;s:10:\\\"11-03-2024\\\";i:47;s:10:\\\"11-03-2024\\\";i:48;s:10:\\\"11-03-2024\\\";i:49;s:10:\\\"11-03-2024\\\";i:50;s:10:\\\"11-03-2024\\\";i:51;s:10:\\\"11-03-2024\\\";i:52;s:10:\\\"11-03-2024\\\";i:53;s:10:\\\"11-03-2024\\\";i:54;s:10:\\\"11-03-2024\\\";i:55;s:10:\\\"11-03-2024\\\";i:56;s:10:\\\"11-03-2024\\\";i:57;s:10:\\\"11-03-2024\\\";i:58;s:10:\\\"11-03-2024\\\";i:59;s:10:\\\"11-03-2024\\\";i:60;s:10:\\\"11-03-2024\\\";i:61;s:10:\\\"11-03-2024\\\";i:62;s:10:\\\"11-03-2024\\\";i:63;s:10:\\\"11-03-2024\\\";i:64;s:10:\\\"11-03-2024\\\";i:65;s:10:\\\"11-03-2024\\\";i:66;s:10:\\\"11-03-2024\\\";i:67;s:10:\\\"11-03-2024\\\";i:68;s:10:\\\"11-03-2024\\\";i:69;s:10:\\\"11-03-2024\\\";i:70;s:10:\\\"11-03-2024\\\";i:71;s:10:\\\"11-03-2024\\\";i:72;s:10:\\\"11-03-2024\\\";i:73;s:10:\\\"11-03-2024\\\";i:74;s:10:\\\"11-03-2024\\\";i:75;s:10:\\\"11-03-2024\\\";i:76;s:10:\\\"11-03-2024\\\";i:77;s:10:\\\"11-03-2024\\\";}s:10:\\\"codigoItem\\\";a:78:{i:0;N;i:1;N;i:2;N;i:3;N;i:4;N;i:5;N;i:6;N;i:7;N;i:8;N;i:9;N;i:10;N;i:11;N;i:12;N;i:13;N;i:14;N;i:15;N;i:16;N;i:17;N;i:18;N;i:19;N;i:20;N;i:21;N;i:22;N;i:23;N;i:24;N;i:25;N;i:26;N;i:27;N;i:28;N;i:29;N;i:30;N;i:31;N;i:32;N;i:33;N;i:34;N;i:35;N;i:36;N;i:37;N;i:38;N;i:39;N;i:40;N;i:41;N;i:42;N;i:43;N;i:44;N;i:45;N;i:46;N;i:47;N;i:48;N;i:49;N;i:50;N;i:51;N;i:52;N;i:53;N;i:54;N;i:55;N;i:56;N;i:57;N;i:58;N;i:59;N;i:60;N;i:61;N;i:62;N;i:63;N;i:64;N;i:65;N;i:66;N;i:67;N;i:68;N;i:69;N;i:70;N;i:71;N;i:72;N;i:73;N;i:74;N;i:75;N;i:76;N;i:77;N;}s:16:\\\"unidadMedidaItem\\\";a:78:{i:0;i:8;i:1;i:8;i:2;i:8;i:3;i:8;i:4;i:8;i:5;i:8;i:6;i:8;i:7;i:8;i:8;i:8;i:9;i:8;i:10;i:8;i:11;i:8;i:12;i:8;i:13;i:8;i:14;i:8;i:15;i:8;i:16;i:8;i:17;i:8;i:18;i:8;i:19;i:8;i:20;i:8;i:21;i:8;i:22;i:8;i:23;i:8;i:24;i:8;i:25;i:8;i:26;i:8;i:27;i:8;i:28;i:8;i:29;i:8;i:30;i:8;i:31;i:8;i:32;i:8;i:33;i:8;i:34;i:8;i:35;i:8;i:36;i:8;i:37;i:8;i:38;i:8;i:39;i:8;i:40;i:8;i:41;i:8;i:42;i:8;i:43;i:8;i:44;i:8;i:45;i:8;i:46;i:8;i:47;i:8;i:48;i:8;i:49;i:8;i:50;i:8;i:51;i:8;i:52;i:8;i:53;i:8;i:54;i:8;i:55;i:8;i:56;i:8;i:57;i:8;i:58;i:8;i:59;i:8;i:60;i:8;i:61;i:8;i:62;i:8;i:63;i:8;i:64;i:8;i:65;i:8;i:66;i:8;i:67;i:8;i:68;i:8;i:69;i:8;i:70;i:8;i:71;i:8;i:72;i:8;i:73;i:8;i:74;i:8;i:75;i:8;i:76;i:8;i:77;i:8;}s:12:\\\"cantidadItem\\\";a:78:{i:0;i:1;i:1;i:1;i:2;i:1;i:3;i:1;i:4;i:1;i:5;i:1;i:6;i:1;i:7;i:1;i:8;i:1;i:9;i:1;i:10;i:1;i:11;i:1;i:12;i:1;i:13;i:1;i:14;i:1;i:15;i:1;i:16;i:1;i:17;i:1;i:18;i:1;i:19;i:1;i:20;i:1;i:21;i:1;i:22;i:1;i:23;i:1;i:24;i:1;i:25;i:1;i:26;i:1;i:27;i:1;i:28;i:1;i:29;i:1;i:30;i:1;i:31;i:1;i:32;i:1;i:33;i:1;i:34;i:1;i:35;i:1;i:36;i:1;i:37;i:1;i:38;i:1;i:39;i:1;i:40;i:1;i:41;i:1;i:42;i:1;i:43;i:1;i:44;i:1;i:45;i:1;i:46;i:1;i:47;i:1;i:48;i:1;i:49;i:1;i:50;i:1;i:51;i:1;i:52;i:1;i:53;i:1;i:54;i:1;i:55;i:1;i:56;i:1;i:57;i:1;i:58;i:1;i:59;i:1;i:60;i:1;i:61;i:1;i:62;i:1;i:63;i:1;i:64;i:1;i:65;i:1;i:66;i:1;i:67;i:1;i:68;i:1;i:69;i:1;i:70;i:1;i:71;i:1;i:72;i:1;i:73;i:1;i:74;i:1;i:75;i:1;i:76;i:1;i:77;i:1;}s:18:\\\"precioUnitarioItem\\\";a:78:{i:0;d:123966.94;i:1;d:123966.94;i:2;d:123966.94;i:3;d:123966.94;i:4;d:123966.94;i:5;d:123966.94;i:6;d:123966.94;i:7;d:123966.94;i:8;d:123966.94;i:9;d:123966.94;i:10;d:123966.94;i:11;d:123966.94;i:12;d:123966.94;i:13;d:123966.94;i:14;d:123966.94;i:15;d:123966.94;i:16;d:123966.94;i:17;d:123966.94;i:18;d:123966.94;i:19;d:123966.94;i:20;d:123966.94;i:21;d:123966.94;i:22;d:123966.94;i:23;d:123966.94;i:24;d:123966.94;i:25;d:123966.94;i:26;d:123966.94;i:27;d:123966.94;i:28;d:123966.94;i:29;d:123966.94;i:30;d:123966.94;i:31;d:123966.94;i:32;d:123966.94;i:33;d:123966.94;i:34;d:123966.94;i:35;d:123966.94;i:36;d:123966.94;i:37;d:123966.94;i:38;d:123966.94;i:39;d:123966.94;i:40;d:123966.94;i:41;d:123966.94;i:42;d:123966.94;i:43;d:123966.94;i:44;d:123966.94;i:45;d:123966.94;i:46;d:123966.94;i:47;d:123966.94;i:48;d:21796.49;i:49;d:123966.94;i:50;d:123966.94;i:51;d:123966.94;i:52;d:123966.94;i:53;d:123966.94;i:54;d:123966.94;i:55;d:123966.94;i:56;d:123966.94;i:57;d:123966.94;i:58;d:123966.94;i:59;d:123966.94;i:60;d:123966.94;i:61;d:123966.94;i:62;d:123966.94;i:63;d:123966.94;i:64;d:123966.94;i:65;d:123966.94;i:66;d:123966.94;i:67;d:123966.94;i:68;d:123966.94;i:69;d:123966.94;i:70;d:123966.94;i:71;d:123966.94;i:72;d:123966.94;i:73;d:123966.94;i:74;d:123966.94;i:75;d:123966.94;i:76;d:123966.94;i:77;d:36413.86;}s:23:\\\"porcentajeDescuentoItem\\\";a:78:{i:0;i:0;i:1;i:0;i:2;i:0;i:3;i:0;i:4;i:0;i:5;i:0;i:6;i:0;i:7;i:0;i:8;i:0;i:9;i:0;i:10;i:0;i:11;i:0;i:12;i:0;i:13;i:0;i:14;i:0;i:15;i:0;i:16;i:0;i:17;i:0;i:18;i:0;i:19;i:0;i:20;i:0;i:21;i:0;i:22;i:0;i:23;i:0;i:24;i:0;i:25;i:0;i:26;i:0;i:27;i:0;i:28;i:0;i:29;i:0;i:30;i:0;i:31;i:0;i:32;i:0;i:33;i:0;i:34;i:0;i:35;i:0;i:36;i:0;i:37;i:0;i:38;i:0;i:39;i:0;i:40;i:0;i:41;i:0;i:42;i:0;i:43;i:0;i:44;i:0;i:45;i:0;i:46;i:0;i:47;i:0;i:48;i:0;i:49;i:0;i:50;i:0;i:51;i:0;i:52;i:0;i:53;i:0;i:54;i:0;i:55;i:0;i:56;i:0;i:57;i:0;i:58;i:0;i:59;i:0;i:60;i:0;i:61;i:0;i:62;i:0;i:63;i:0;i:64;i:0;i:65;i:0;i:66;i:0;i:67;i:0;i:68;i:0;i:69;i:0;i:70;i:0;i:71;i:0;i:72;i:0;i:73;i:0;i:74;i:0;i:75;i:0;i:76;i:0;i:77;i:0;}s:13:\\\"descuentoItem\\\";a:78:{i:0;i:0;i:1;i:0;i:2;i:0;i:3;i:0;i:4;i:0;i:5;i:0;i:6;i:0;i:7;i:0;i:8;i:0;i:9;i:0;i:10;i:0;i:11;i:0;i:12;i:0;i:13;i:0;i:14;i:0;i:15;i:0;i:16;i:0;i:17;i:0;i:18;i:0;i:19;i:0;i:20;i:0;i:21;i:0;i:22;i:0;i:23;i:0;i:24;i:0;i:25;i:0;i:26;i:0;i:27;i:0;i:28;i:0;i:29;i:0;i:30;i:0;i:31;i:0;i:32;i:0;i:33;i:0;i:34;i:0;i:35;i:0;i:36;i:0;i:37;i:0;i:38;i:0;i:39;i:0;i:40;i:0;i:41;i:0;i:42;i:0;i:43;i:0;i:44;i:0;i:45;i:0;i:46;i:0;i:47;i:0;i:48;i:0;i:49;i:0;i:50;i:0;i:51;i:0;i:52;i:0;i:53;i:0;i:54;i:0;i:55;i:0;i:56;i:0;i:57;i:0;i:58;i:0;i:59;i:0;i:60;i:0;i:61;i:0;i:62;i:0;i:63;i:0;i:64;i:0;i:65;i:0;i:66;i:0;i:67;i:0;i:68;i:0;i:69;i:0;i:70;i:0;i:71;i:0;i:72;i:0;i:73;i:0;i:74;i:0;i:75;i:0;i:76;i:0;i:77;i:0;}s:14:\\\"subtotalIAItem\\\";a:78:{i:0;s:8:\\\"26033.06\\\";i:1;s:8:\\\"26033.06\\\";i:2;s:8:\\\"26033.06\\\";i:3;s:8:\\\"26033.06\\\";i:4;s:8:\\\"26033.06\\\";i:5;s:8:\\\"26033.06\\\";i:6;s:8:\\\"26033.06\\\";i:7;s:8:\\\"26033.06\\\";i:8;s:8:\\\"26033.06\\\";i:9;s:8:\\\"26033.06\\\";i:10;s:8:\\\"26033.06\\\";i:11;s:8:\\\"26033.06\\\";i:12;s:8:\\\"26033.06\\\";i:13;s:8:\\\"26033.06\\\";i:14;s:8:\\\"26033.06\\\";i:15;s:8:\\\"26033.06\\\";i:16;s:8:\\\"26033.06\\\";i:17;s:8:\\\"26033.06\\\";i:18;s:8:\\\"26033.06\\\";i:19;s:8:\\\"26033.06\\\";i:20;s:8:\\\"26033.06\\\";i:21;s:8:\\\"26033.06\\\";i:22;s:8:\\\"26033.06\\\";i:23;s:8:\\\"26033.06\\\";i:24;s:8:\\\"26033.06\\\";i:25;s:8:\\\"26033.06\\\";i:26;s:8:\\\"26033.06\\\";i:27;s:8:\\\"26033.06\\\";i:28;s:8:\\\"26033.06\\\";i:29;s:8:\\\"26033.06\\\";i:30;s:8:\\\"26033.06\\\";i:31;s:8:\\\"26033.06\\\";i:32;s:8:\\\"26033.06\\\";i:33;s:8:\\\"26033.06\\\";i:34;s:8:\\\"26033.06\\\";i:35;s:8:\\\"26033.06\\\";i:36;s:8:\\\"26033.06\\\";i:37;s:8:\\\"26033.06\\\";i:38;s:8:\\\"26033.06\\\";i:39;s:8:\\\"26033.06\\\";i:40;s:8:\\\"26033.06\\\";i:41;s:8:\\\"26033.06\\\";i:42;s:8:\\\"26033.06\\\";i:43;s:8:\\\"26033.06\\\";i:44;s:8:\\\"26033.06\\\";i:45;s:8:\\\"26033.06\\\";i:46;s:8:\\\"26033.06\\\";i:47;s:8:\\\"26033.06\\\";i:48;s:7:\\\"4577.26\\\";i:49;s:8:\\\"26033.06\\\";i:50;s:8:\\\"26033.06\\\";i:51;s:8:\\\"26033.06\\\";i:52;s:8:\\\"26033.06\\\";i:53;s:8:\\\"26033.06\\\";i:54;s:8:\\\"26033.06\\\";i:55;s:8:\\\"26033.06\\\";i:56;s:8:\\\"26033.06\\\";i:57;s:8:\\\"26033.06\\\";i:58;s:8:\\\"26033.06\\\";i:59;s:8:\\\"26033.06\\\";i:60;s:8:\\\"26033.06\\\";i:61;s:8:\\\"26033.06\\\";i:62;s:8:\\\"26033.06\\\";i:63;s:8:\\\"26033.06\\\";i:64;s:8:\\\"26033.06\\\";i:65;s:8:\\\"26033.06\\\";i:66;s:8:\\\"26033.06\\\";i:67;s:8:\\\"26033.06\\\";i:68;s:8:\\\"26033.06\\\";i:69;s:8:\\\"26033.06\\\";i:70;s:8:\\\"26033.06\\\";i:71;s:8:\\\"26033.06\\\";i:72;s:8:\\\"26033.06\\\";i:73;s:8:\\\"26033.06\\\";i:74;s:8:\\\"26033.06\\\";i:75;s:8:\\\"26033.06\\\";i:76;s:8:\\\"26033.06\\\";i:77;s:7:\\\"7646.91\\\";}}s:4:\\\"afip\\\";O:24:\\\"App\\\\Services\\\\Afip\\\\MiAfip\\\":10:{s:9:\\\"WSAA_WSDL\\\";s:61:\\\"\\/home\\/forge\\/taxes.com.ar\\/app\\/Services\\/Afip\\/Afip_res\\/wsaa.wsdl\\\";s:8:\\\"WSAA_URL\\\";s:45:\\\"https:\\/\\/wsaa.afip.gov.ar\\/ws\\/services\\/LoginCms\\\";s:4:\\\"CERT\\\";s:71:\\\"\\/home\\/forge\\/taxes.com.ar\\/storage\\/afip\\/claves\\/30716251248\\/2024\\/taxes.crt\\\";s:10:\\\"PRIVATEKEY\\\";s:71:\\\"\\/home\\/forge\\/taxes.com.ar\\/storage\\/afip\\/claves\\/30716251248\\/2024\\/taxes.key\\\";s:10:\\\"PASSPHRASE\\\";s:5:\\\"xxxxx\\\";s:10:\\\"RES_FOLDER\\\";s:38:\\\"\\/home\\/forge\\/taxes.com.ar\\/storage\\/afip\\/\\\";s:9:\\\"TA_FOLDER\\\";s:50:\\\"\\/home\\/forge\\/taxes.com.ar\\/storage\\/afip\\/xmlgenerados\\\";s:4:\\\"CUIT\\\";s:11:\\\"30718652908\\\";s:14:\\\"implemented_ws\\\";a:5:{i:0;s:17:\\\"ElectronicBilling\\\";i:1;s:17:\\\"RegisterScopeFour\\\";i:2;s:17:\\\"RegisterScopeFive\\\";i:3;s:16:\\\"RegisterScopeTen\\\";i:4;s:21:\\\"VentanillaElectronica\\\";}s:7:\\\"options\\\";a:7:{s:4:\\\"CUIT\\\";s:11:\\\"30718652908\\\";s:10:\\\"res_folder\\\";s:38:\\\"\\/home\\/forge\\/taxes.com.ar\\/storage\\/afip\\/\\\";s:9:\\\"ta_folder\\\";s:50:\\\"\\/home\\/forge\\/taxes.com.ar\\/storage\\/afip\\/xmlgenerados\\\";s:4:\\\"cert\\\";s:33:\\\"claves\\/30716251248\\/2024\\/taxes.crt\\\";s:3:\\\"key\\\";s:33:\\\"claves\\/30716251248\\/2024\\/taxes.key\\\";s:10:\\\"production\\\";b:1;s:10:\\\"passphrase\\\";s:5:\\\"xxxxx\\\";}}s:6:\\\"person\\\";O:17:\\\"App\\\\Models\\\\Person\\\":30:{s:13:\\\"\\u0000*\\u0000connection\\\";s:7:\\\"finance\\\";s:8:\\\"\\u0000*\\u0000table\\\";s:7:\\\"persons\\\";s:13:\\\"\\u0000*\\u0000primaryKey\\\";s:2:\\\"id\\\";s:10:\\\"\\u0000*\\u0000keyType\\\";s:3:\\\"int\\\";s:12:\\\"incrementing\\\";b:1;s:7:\\\"\\u0000*\\u0000with\\\";a:0:{}s:12:\\\"\\u0000*\\u0000withCount\\\";a:0:{}s:19:\\\"preventsLazyLoading\\\";b:0;s:10:\\\"\\u0000*\\u0000perPage\\\";i:15;s:6:\\\"exists\\\";b:1;s:18:\\\"wasRecentlyCreated\\\";b:0;s:28:\\\"\\u0000*\\u0000escapeWhenCastingToString\\\";b:0;s:13:\\\"\\u0000*\\u0000attributes\\\";a:27:{s:2:\\\"id\\\";i:40863;s:7:\\\"user_id\\\";i:8704;s:11:\\\"field_name1\\\";s:13:\\\"MAIKSTORE SRL\\\";s:12:\\\"fantasy_name\\\";N;s:6:\\\"codigo\\\";N;s:11:\\\"field_name2\\\";N;s:13:\\\"document_type\\\";s:4:\\\"cuit\\\";s:8:\\\"document\\\";s:13:\\\"30-71865290-8\\\";s:21:\\\"cond_frente_al_iva_id\\\";N;s:10:\\\"country_id\\\";N;s:8:\\\"state_id\\\";N;s:7:\\\"zone_id\\\";N;s:14:\\\"plan_cuenta_id\\\";N;s:20:\\\"iva_creditos_tipo_id\\\";N;s:10:\\\"created_at\\\";s:19:\\\"2024-09-09 15:43:11\\\";s:10:\\\"updated_at\\\";s:19:\\\"2024-09-09 15:43:11\\\";s:11:\\\"activity_id\\\";N;s:7:\\\"address\\\";s:28:\\\"Ramon Falcon 6835, 4B, CABA.\\\";s:12:\\\"localidad_id\\\";N;s:14:\\\"person_type_id\\\";i:2;s:19:\\\"fa_iva_condition_id\\\";N;s:16:\\\"fa_codigo_postal\\\";N;s:10:\\\"comentario\\\";N;s:5:\\\"email\\\";N;s:18:\\\"iva_per_regimen_id\\\";N;s:18:\\\"iva_ret_regimen_id\\\";N;s:10:\\\"deleted_at\\\";N;}s:11:\\\"\\u0000*\\u0000original\\\";a:27:{s:2:\\\"id\\\";i:40863;s:7:\\\"user_id\\\";i:8704;s:11:\\\"field_name1\\\";s:13:\\\"MAIKSTORE SRL\\\";s:12:\\\"fantasy_name\\\";N;s:6:\\\"codigo\\\";N;s:11:\\\"field_name2\\\";N;s:13:\\\"document_type\\\";s:4:\\\"cuit\\\";s:8:\\\"document\\\";s:13:\\\"30-71865290-8\\\";s:21:\\\"cond_frente_al_iva_id\\\";N;s:10:\\\"country_id\\\";N;s:8:\\\"state_id\\\";N;s:7:\\\"zone_id\\\";N;s:14:\\\"plan_cuenta_id\\\";N;s:20:\\\"iva_creditos_tipo_id\\\";N;s:10:\\\"created_at\\\";s:19:\\\"2024-09-09 15:43:11\\\";s:10:\\\"updated_at\\\";s:19:\\\"2024-09-09 15:43:11\\\";s:11:\\\"activity_id\\\";N;s:7:\\\"address\\\";s:28:\\\"Ramon Falcon 6835, 4B, CABA.\\\";s:12:\\\"localidad_id\\\";N;s:14:\\\"person_type_id\\\";i:2;s:19:\\\"fa_iva_condition_id\\\";N;s:16:\\\"fa_codigo_postal\\\";N;s:10:\\\"comentario\\\";N;s:5:\\\"email\\\";N;s:18:\\\"iva_per_regimen_id\\\";N;s:18:\\\"iva_ret_regimen_id\\\";N;s:10:\\\"deleted_at\\\";N;}s:10:\\\"\\u0000*\\u0000changes\\\";a:0:{}s:8:\\\"\\u0000*\\u0000casts\\\";a:0:{}s:17:\\\"\\u0000*\\u0000classCastCache\\\";a:0:{}s:21:\\\"\\u0000*\\u0000attributeCastCache\\\";a:0:{}s:8:\\\"\\u0000*\\u0000dates\\\";a:0:{}s:13:\\\"\\u0000*\\u0000dateFormat\\\";N;s:10:\\\"\\u0000*\\u0000appends\\\";a:0:{}s:19:\\\"\\u0000*\\u0000dispatchesEvents\\\";a:0:{}s:14:\\\"\\u0000*\\u0000observables\\\";a:0:{}s:12:\\\"\\u0000*\\u0000relations\\\";a:0:{}s:10:\\\"\\u0000*\\u0000touches\\\";a:0:{}s:10:\\\"timestamps\\\";b:1;s:9:\\\"\\u0000*\\u0000hidden\\\";a:0:{}s:10:\\\"\\u0000*\\u0000visible\\\";a:0:{}s:11:\\\"\\u0000*\\u0000fillable\\\";a:0:{}s:10:\\\"\\u0000*\\u0000guarded\\\";a:0:{}}s:12:\\\"puntosVentas\\\";O:39:\\\"Illuminate\\\\Database\\\\Eloquent\\\\Collection\\\":2:{s:8:\\\"\\u0000*\\u0000items\\\";a:1:{i:0;O:24:\\\"App\\\\Models\\\\FAPuntosVenta\\\":30:{s:13:\\\"\\u0000*\\u0000connection\\\";s:7:\\\"finance\\\";s:8:\\\"\\u0000*\\u0000table\\\";s:22:\\\"fact_elec_puntos_venta\\\";s:13:\\\"\\u0000*\\u0000primaryKey\\\";s:2:\\\"id\\\";s:10:\\\"\\u0000*\\u0000keyType\\\";s:3:\\\"int\\\";s:12:\\\"incrementing\\\";b:1;s:7:\\\"\\u0000*\\u0000with\\\";a:0:{}s:12:\\\"\\u0000*\\u0000withCount\\\";a:0:{}s:19:\\\"preventsLazyLoading\\\";b:0;s:10:\\\"\\u0000*\\u0000perPage\\\";i:15;s:6:\\\"exists\\\";b:1;s:18:\\\"wasRecentlyCreated\\\";b:0;s:28:\\\"\\u0000*\\u0000escapeWhenCastingToString\\\";b:0;s:13:\\\"\\u0000*\\u0000attributes\\\";a:12:{s:2:\\\"id\\\";i:8;s:7:\\\"user_id\\\";i:8704;s:9:\\\"direccion\\\";s:24:\\\"FALCON RAMON L CNEL 6835\\\";s:10:\\\"created_at\\\";s:19:\\\"2024-11-02 15:42:08\\\";s:10:\\\"updated_at\\\";s:19:\\\"2024-11-02 15:42:23\\\";s:9:\\\"person_id\\\";i:40863;s:6:\\\"codigo\\\";s:1:\\\"1\\\";s:13:\\\"codigo_postal\\\";s:4:\\\"1408\\\";s:7:\\\"zone_id\\\";i:22;s:4:\\\"logo\\\";N;s:10:\\\"habilitado\\\";i:1;s:10:\\\"deleted_at\\\";N;}s:11:\\\"\\u0000*\\u0000original\\\";a:12:{s:2:\\\"id\\\";i:8;s:7:\\\"user_id\\\";i:8704;s:9:\\\"direccion\\\";s:24:\\\"FALCON RAMON L CNEL 6835\\\";s:10:\\\"created_at\\\";s:19:\\\"2024-11-02 15:42:08\\\";s:10:\\\"updated_at\\\";s:19:\\\"2024-11-02 15:42:23\\\";s:9:\\\"person_id\\\";i:40863;s:6:\\\"codigo\\\";s:1:\\\"1\\\";s:13:\\\"codigo_postal\\\";s:4:\\\"1408\\\";s:7:\\\"zone_id\\\";i:22;s:4:\\\"logo\\\";N;s:10:\\\"habilitado\\\";i:1;s:10:\\\"deleted_at\\\";N;}s:10:\\\"\\u0000*\\u0000changes\\\";a:0:{}s:8:\\\"\\u0000*\\u0000casts\\\";a:0:{}s:17:\\\"\\u0000*\\u0000classCastCache\\\";a:0:{}s:21:\\\"\\u0000*\\u0000attributeCastCache\\\";a:0:{}s:8:\\\"\\u0000*\\u0000dates\\\";a:0:{}s:13:\\\"\\u0000*\\u0000dateFormat\\\";N;s:10:\\\"\\u0000*\\u0000appends\\\";a:0:{}s:19:\\\"\\u0000*\\u0000dispatchesEvents\\\";a:0:{}s:14:\\\"\\u0000*\\u0000observables\\\";a:0:{}s:12:\\\"\\u0000*\\u0000relations\\\";a:0:{}s:10:\\\"\\u0000*\\u0000touches\\\";a:0:{}s:10:\\\"timestamps\\\";b:1;s:9:\\\"\\u0000*\\u0000hidden\\\";a:0:{}s:10:\\\"\\u0000*\\u0000visible\\\";a:0:{}s:11:\\\"\\u0000*\\u0000fillable\\\";a:0:{}s:10:\\\"\\u0000*\\u0000guarded\\\";a:0:{}}}s:28:\\\"\\u0000*\\u0000escapeWhenCastingToString\\\";b:0;}s:10:\\\"mailDetail\\\";N;s:4:\\\"user\\\";O:8:\\\"App\\\\User\\\":31:{s:13:\\\"\\u0000*\\u0000connection\\\";s:9:\\\"seguridad\\\";s:8:\\\"\\u0000*\\u0000table\\\";s:6:\\\"tusers\\\";s:13:\\\"\\u0000*\\u0000primaryKey\\\";s:6:\\\"idUser\\\";s:10:\\\"\\u0000*\\u0000keyType\\\";s:3:\\\"int\\\";s:12:\\\"incrementing\\\";b:1;s:7:\\\"\\u0000*\\u0000with\\\";a:0:{}s:12:\\\"\\u0000*\\u0000withCount\\\";a:0:{}s:19:\\\"preventsLazyLoading\\\";b:0;s:10:\\\"\\u0000*\\u0000perPage\\\";i:15;s:6:\\\"exists\\\";b:1;s:18:\\\"wasRecentlyCreated\\\";b:0;s:28:\\\"\\u0000*\\u0000escapeWhenCastingToString\\\";b:0;s:13:\\\"\\u0000*\\u0000attributes\\\";a:18:{s:6:\\\"idUser\\\";i:8704;s:6:\\\"nombre\\\";s:17:\\\"Gian Luca Soriano\\\";s:9:\\\"loginUser\\\";s:22:\\\"giaansoriano@gmail.com\\\";s:9:\\\"emailUser\\\";s:22:\\\"giaansoriano@gmail.com\\\";s:5:\\\"clave\\\";s:11:\\\"20426628342\\\";s:9:\\\"claveUser\\\";s:60:\\\"$2y$10$7hFr8606oSAa91c1hV7s0u.NijE0S4VmN8i.hpCMDe0aVUrwzxy4q\\\";s:5:\\\"firma\\\";N;s:6:\\\"avatar\\\";N;s:10:\\\"statusUser\\\";i:1;s:9:\\\"api_token\\\";N;s:14:\\\"remember_token\\\";s:60:\\\"gpRCEwaYEWCl9c8fwQyKhGIPRawuV0lMmswUfd8xqDahZ66A5yl86f0O1YqU\\\";s:10:\\\"created_at\\\";s:19:\\\"2023-03-20 23:06:07\\\";s:10:\\\"updated_at\\\";s:19:\\\"2023-03-20 23:06:48\\\";s:12:\\\"user_type_id\\\";i:1;s:18:\\\"es_empresa_externa\\\";i:0;s:15:\\\"suscrip_plan_id\\\";i:6;s:11:\\\"hidden_menu\\\";i:0;s:7:\\\"importe\\\";s:4:\\\"0.01\\\";}s:11:\\\"\\u0000*\\u0000original\\\";a:18:{s:6:\\\"idUser\\\";i:8704;s:6:\\\"nombre\\\";s:17:\\\"Gian Luca Soriano\\\";s:9:\\\"loginUser\\\";s:22:\\\"giaansoriano@gmail.com\\\";s:9:\\\"emailUser\\\";s:22:\\\"giaansoriano@gmail.com\\\";s:5:\\\"clave\\\";s:11:\\\"20426628342\\\";s:9:\\\"claveUser\\\";s:60:\\\"$2y$10$7hFr8606oSAa91c1hV7s0u.NijE0S4VmN8i.hpCMDe0aVUrwzxy4q\\\";s:5:\\\"firma\\\";N;s:6:\\\"avatar\\\";N;s:10:\\\"statusUser\\\";i:1;s:9:\\\"api_token\\\";N;s:14:\\\"remember_token\\\";s:60:\\\"gpRCEwaYEWCl9c8fwQyKhGIPRawuV0lMmswUfd8xqDahZ66A5yl86f0O1YqU\\\";s:10:\\\"created_at\\\";s:19:\\\"2023-03-20 23:06:07\\\";s:10:\\\"updated_at\\\";s:19:\\\"2023-03-20 23:06:48\\\";s:12:\\\"user_type_id\\\";i:1;s:18:\\\"es_empresa_externa\\\";i:0;s:15:\\\"suscrip_plan_id\\\";i:6;s:11:\\\"hidden_menu\\\";i:0;s:7:\\\"importe\\\";s:4:\\\"0.01\\\";}s:10:\\\"\\u0000*\\u0000changes\\\";a:0:{}s:8:\\\"\\u0000*\\u0000casts\\\";a:0:{}s:17:\\\"\\u0000*\\u0000classCastCache\\\";a:0:{}s:21:\\\"\\u0000*\\u0000attributeCastCache\\\";a:0:{}s:8:\\\"\\u0000*\\u0000dates\\\";a:0:{}s:13:\\\"\\u0000*\\u0000dateFormat\\\";N;s:10:\\\"\\u0000*\\u0000appends\\\";a:1:{i:0;s:24:\\\"usuario_madre_habilitado\\\";}s:19:\\\"\\u0000*\\u0000dispatchesEvents\\\";a:0:{}s:14:\\\"\\u0000*\\u0000observables\\\";a:0:{}s:12:\\\"\\u0000*\\u0000relations\\\";a:0:{}s:10:\\\"\\u0000*\\u0000touches\\\";a:0:{}s:10:\\\"timestamps\\\";b:1;s:9:\\\"\\u0000*\\u0000hidden\\\";a:4:{i:0;s:8:\\\"password\\\";i:1;s:14:\\\"remember_token\\\";i:2;s:9:\\\"claveUser\\\";i:3;s:5:\\\"clave\\\";}s:10:\\\"\\u0000*\\u0000visible\\\";a:0:{}s:11:\\\"\\u0000*\\u0000fillable\\\";a:12:{i:0;s:6:\\\"nombre\\\";i:1;s:9:\\\"loginUser\\\";i:2;s:9:\\\"emailUser\\\";i:3;s:5:\\\"clave\\\";i:4;s:9:\\\"claveUser\\\";i:5;s:10:\\\"statusUser\\\";i:6;s:12:\\\"user_type_id\\\";i:7;s:5:\\\"firma\\\";i:8;s:15:\\\"suscrip_plan_id\\\";i:9;s:7:\\\"importe\\\";i:10;s:6:\\\"avatar\\\";i:11;s:18:\\\"es_empresa_externa\\\";}s:10:\\\"\\u0000*\\u0000guarded\\\";a:1:{i:0;s:1:\\\"*\\\";}s:20:\\\"\\u0000*\\u0000rememberTokenName\\\";s:14:\\\"remember_token\\\";}s:12:\\\"enviar_email\\\";b:1;s:5:\\\"email\\\";O:29:\\\"Illuminate\\\\Support\\\\Collection\\\":10:{s:8:\\\"\\u0000*\\u0000items\\\";a:0:{}s:28:\\\"\\u0000*\\u0000escapeWhenCastingToString\\\";b:0;s:4:\\\"from\\\";s:24:\\\"informacion@taxes.com.ar\\\";s:2:\\\"to\\\";s:22:\\\"giaansoriano@gmail.com\\\";s:4:\\\"name\\\";s:14:\\\"Taxes Software\\\";s:5:\\\"vista\\\";s:23:\\\"emails.mail_fin_proceso\\\";s:7:\\\"subject\\\";s:39:\\\"Facturacion Masiva - Proceso Finalizado\\\";s:7:\\\"empresa\\\";s:13:\\\"MAIKSTORE SRL\\\";s:7:\\\"proceso\\\";s:18:\\\"Facturacion Masiva\\\";s:5:\\\"notas\\\";s:41:\\\"Controlar las facturas que se realizaron!\\\";}}}s:5:\\\"queue\\\";s:7:\\\"finance\\\";}\"}}','Illuminate\\Queue\\MaxAttemptsExceededException: App\\Jobs\\QueueGenerica has been attempted too many times or run too long. The job may have previously timed out. in /home/forge/taxes.com.ar/vendor/laravel/framework/src/Illuminate/Queue/Worker.php:746\nStack trace:\n#0 /home/forge/taxes.com.ar/vendor/laravel/framework/src/Illuminate/Queue/Worker.php(505): Illuminate\\Queue\\Worker->maxAttemptsExceededException()\n#1 /home/forge/taxes.com.ar/vendor/laravel/framework/src/Illuminate/Queue/Worker.php(414): Illuminate\\Queue\\Worker->markJobAsFailedIfAlreadyExceedsMaxAttempts()\n#2 /home/forge/taxes.com.ar/vendor/laravel/framework/src/Illuminate/Queue/Worker.php(375): Illuminate\\Queue\\Worker->process()\n#3 /home/forge/taxes.com.ar/vendor/laravel/framework/src/Illuminate/Queue/Worker.php(173): Illuminate\\Queue\\Worker->runJob()\n#4 /home/forge/taxes.com.ar/vendor/laravel/framework/src/Illuminate/Queue/Console/WorkCommand.php(147): Illuminate\\Queue\\Worker->daemon()\n#5 /home/forge/taxes.com.ar/vendor/laravel/framework/src/Illuminate/Queue/Console/WorkCommand.php(130): Illuminate\\Queue\\Console\\WorkCommand->runWorker()\n#6 /home/forge/taxes.com.ar/vendor/laravel/framework/src/Illuminate/Container/BoundMethod.php(36): Illuminate\\Queue\\Console\\WorkCommand->handle()\n#7 /home/forge/taxes.com.ar/vendor/laravel/framework/src/Illuminate/Container/Util.php(41): Illuminate\\Container\\BoundMethod::Illuminate\\Container\\{closure}()\n#8 /home/forge/taxes.com.ar/vendor/laravel/framework/src/Illuminate/Container/BoundMethod.php(93): Illuminate\\Container\\Util::unwrapIfClosure()\n#9 /home/forge/taxes.com.ar/vendor/laravel/framework/src/Illuminate/Container/BoundMethod.php(35): Illuminate\\Container\\BoundMethod::callBoundMethod()\n#10 /home/forge/taxes.com.ar/vendor/laravel/framework/src/Illuminate/Container/Container.php(661): Illuminate\\Container\\BoundMethod::call()\n#11 /home/forge/taxes.com.ar/vendor/laravel/framework/src/Illuminate/Console/Command.php(183): Illuminate\\Container\\Container->call()\n#12 /home/forge/taxes.com.ar/vendor/symfony/console/Command/Command.php(326): Illuminate\\Console\\Command->execute()\n#13 /home/forge/taxes.com.ar/vendor/laravel/framework/src/Illuminate/Console/Command.php(152): Symfony\\Component\\Console\\Command\\Command->run()\n#14 /home/forge/taxes.com.ar/vendor/symfony/console/Application.php(1078): Illuminate\\Console\\Command->run()\n#15 /home/forge/taxes.com.ar/vendor/symfony/console/Application.php(324): Symfony\\Component\\Console\\Application->doRunCommand()\n#16 /home/forge/taxes.com.ar/vendor/symfony/console/Application.php(175): Symfony\\Component\\Console\\Application->doRun()\n#17 /home/forge/taxes.com.ar/vendor/laravel/framework/src/Illuminate/Console/Application.php(102): Symfony\\Component\\Console\\Application->run()\n#18 /home/forge/taxes.com.ar/vendor/laravel/framework/src/Illuminate/Foundation/Console/Kernel.php(155): Illuminate\\Console\\Application->run()\n#19 /home/forge/taxes.com.ar/artisan(33): Illuminate\\Foundation\\Console\\Kernel->handle()\n#20 {main}','2024-11-03 19:37:37',NULL);
INSERT INTO `failed_jobs` VALUES (13,NULL,'database','finance','{\"uuid\":\"2e8f9784-0c1b-437f-b04f-f50705a56d53\",\"displayName\":\"App\\\\Jobs\\\\QueueGenerica\",\"job\":\"Illuminate\\\\Queue\\\\CallQueuedHandler@call\",\"maxTries\":null,\"maxExceptions\":null,\"failOnTimeout\":false,\"backoff\":null,\"timeout\":null,\"retryUntil\":null,\"data\":{\"commandName\":\"App\\\\Jobs\\\\QueueGenerica\",\"command\":\"O:22:\\\"App\\\\Jobs\\\\QueueGenerica\\\":2:{s:28:\\\"\\u0000App\\\\Jobs\\\\QueueGenerica\\u0000data\\\";O:29:\\\"Illuminate\\\\Support\\\\Collection\\\":6:{s:8:\\\"\\u0000*\\u0000items\\\";a:0:{}s:28:\\\"\\u0000*\\u0000escapeWhenCastingToString\\\";b:0;s:11:\\\"controlador\\\";s:72:\\\"\\\\App\\\\Http\\\\Controllers\\\\Personalizables\\\\Hugo\\\\AdminTableroControlController\\\";s:6:\\\"metodo\\\";s:15:\\\"execute_generar\\\";s:12:\\\"metodo_error\\\";s:18:\\\"error_queue_buscar\\\";s:9:\\\"variables\\\";O:29:\\\"Illuminate\\\\Support\\\\Collection\\\":6:{s:8:\\\"\\u0000*\\u0000items\\\";a:0:{}s:28:\\\"\\u0000*\\u0000escapeWhenCastingToString\\\";b:0;s:4:\\\"user\\\";O:8:\\\"App\\\\User\\\":31:{s:13:\\\"\\u0000*\\u0000connection\\\";s:9:\\\"seguridad\\\";s:8:\\\"\\u0000*\\u0000table\\\";s:6:\\\"tusers\\\";s:13:\\\"\\u0000*\\u0000primaryKey\\\";s:6:\\\"idUser\\\";s:10:\\\"\\u0000*\\u0000keyType\\\";s:3:\\\"int\\\";s:12:\\\"incrementing\\\";b:1;s:7:\\\"\\u0000*\\u0000with\\\";a:0:{}s:12:\\\"\\u0000*\\u0000withCount\\\";a:0:{}s:19:\\\"preventsLazyLoading\\\";b:0;s:10:\\\"\\u0000*\\u0000perPage\\\";i:15;s:6:\\\"exists\\\";b:1;s:18:\\\"wasRecentlyCreated\\\";b:0;s:28:\\\"\\u0000*\\u0000escapeWhenCastingToString\\\";b:0;s:13:\\\"\\u0000*\\u0000attributes\\\";a:18:{s:6:\\\"idUser\\\";i:10300;s:6:\\\"nombre\\\";s:20:\\\"Contenedores Hugo SA\\\";s:9:\\\"loginUser\\\";s:28:\\\"hugo@contenedoreshugo.com.ar\\\";s:9:\\\"emailUser\\\";s:28:\\\"hugo@contenedoreshugo.com.ar\\\";s:5:\\\"clave\\\";s:11:\\\"30689674751\\\";s:9:\\\"claveUser\\\";s:60:\\\"$2y$10$eZIwZNggdMeP9nHEr9Rzd.fgK1HQUPc08O\\/JwDLQU\\/ngiVhBfW.HW\\\";s:5:\\\"firma\\\";N;s:6:\\\"avatar\\\";s:34:\\\"users\\/\\/10300\\/avatar_user_10300.png\\\";s:10:\\\"statusUser\\\";i:1;s:9:\\\"api_token\\\";s:60:\\\"tJNaknH7hTpFsWNSiOYLJa6nqHwcCWAplw2O5IHkepkei7oaGhD76a7VOu7w\\\";s:14:\\\"remember_token\\\";s:60:\\\"rvoocI3PP6bZB3VCCA8CGglmha2K1HbegqXSVPbTLMXaB5Ktd8nVwg7fBnk4\\\";s:10:\\\"created_at\\\";s:19:\\\"2024-03-30 07:31:44\\\";s:10:\\\"updated_at\\\";s:19:\\\"2024-04-02 18:22:14\\\";s:12:\\\"user_type_id\\\";i:1;s:18:\\\"es_empresa_externa\\\";i:0;s:15:\\\"suscrip_plan_id\\\";i:8;s:11:\\\"hidden_menu\\\";i:0;s:7:\\\"importe\\\";s:4:\\\"0.01\\\";}s:11:\\\"\\u0000*\\u0000original\\\";a:18:{s:6:\\\"idUser\\\";i:10300;s:6:\\\"nombre\\\";s:20:\\\"Contenedores Hugo SA\\\";s:9:\\\"loginUser\\\";s:28:\\\"hugo@contenedoreshugo.com.ar\\\";s:9:\\\"emailUser\\\";s:28:\\\"hugo@contenedoreshugo.com.ar\\\";s:5:\\\"clave\\\";s:11:\\\"30689674751\\\";s:9:\\\"claveUser\\\";s:60:\\\"$2y$10$eZIwZNggdMeP9nHEr9Rzd.fgK1HQUPc08O\\/JwDLQU\\/ngiVhBfW.HW\\\";s:5:\\\"firma\\\";N;s:6:\\\"avatar\\\";s:34:\\\"users\\/\\/10300\\/avatar_user_10300.png\\\";s:10:\\\"statusUser\\\";i:1;s:9:\\\"api_token\\\";s:60:\\\"tJNaknH7hTpFsWNSiOYLJa6nqHwcCWAplw2O5IHkepkei7oaGhD76a7VOu7w\\\";s:14:\\\"remember_token\\\";s:60:\\\"rvoocI3PP6bZB3VCCA8CGglmha2K1HbegqXSVPbTLMXaB5Ktd8nVwg7fBnk4\\\";s:10:\\\"created_at\\\";s:19:\\\"2024-03-30 07:31:44\\\";s:10:\\\"updated_at\\\";s:19:\\\"2024-04-02 18:22:14\\\";s:12:\\\"user_type_id\\\";i:1;s:18:\\\"es_empresa_externa\\\";i:0;s:15:\\\"suscrip_plan_id\\\";i:8;s:11:\\\"hidden_menu\\\";i:0;s:7:\\\"importe\\\";s:4:\\\"0.01\\\";}s:10:\\\"\\u0000*\\u0000changes\\\";a:0:{}s:8:\\\"\\u0000*\\u0000casts\\\";a:0:{}s:17:\\\"\\u0000*\\u0000classCastCache\\\";a:0:{}s:21:\\\"\\u0000*\\u0000attributeCastCache\\\";a:0:{}s:8:\\\"\\u0000*\\u0000dates\\\";a:0:{}s:13:\\\"\\u0000*\\u0000dateFormat\\\";N;s:10:\\\"\\u0000*\\u0000appends\\\";a:1:{i:0;s:24:\\\"usuario_madre_habilitado\\\";}s:19:\\\"\\u0000*\\u0000dispatchesEvents\\\";a:0:{}s:14:\\\"\\u0000*\\u0000observables\\\";a:0:{}s:12:\\\"\\u0000*\\u0000relations\\\";a:0:{}s:10:\\\"\\u0000*\\u0000touches\\\";a:0:{}s:10:\\\"timestamps\\\";b:1;s:9:\\\"\\u0000*\\u0000hidden\\\";a:4:{i:0;s:8:\\\"password\\\";i:1;s:14:\\\"remember_token\\\";i:2;s:9:\\\"claveUser\\\";i:3;s:5:\\\"clave\\\";}s:10:\\\"\\u0000*\\u0000visible\\\";a:0:{}s:11:\\\"\\u0000*\\u0000fillable\\\";a:12:{i:0;s:6:\\\"nombre\\\";i:1;s:9:\\\"loginUser\\\";i:2;s:9:\\\"emailUser\\\";i:3;s:5:\\\"clave\\\";i:4;s:9:\\\"claveUser\\\";i:5;s:10:\\\"statusUser\\\";i:6;s:12:\\\"user_type_id\\\";i:7;s:5:\\\"firma\\\";i:8;s:15:\\\"suscrip_plan_id\\\";i:9;s:7:\\\"importe\\\";i:10;s:6:\\\"avatar\\\";i:11;s:18:\\\"es_empresa_externa\\\";}s:10:\\\"\\u0000*\\u0000guarded\\\";a:1:{i:0;s:1:\\\"*\\\";}s:20:\\\"\\u0000*\\u0000rememberTokenName\\\";s:14:\\\"remember_token\\\";}s:9:\\\"person_id\\\";s:5:\\\"40817\\\";s:4:\\\"year\\\";s:4:\\\"2024\\\";s:12:\\\"consulta_aux\\\";O:22:\\\"App\\\\Models\\\\ConsultaAux\\\":30:{s:13:\\\"\\u0000*\\u0000connection\\\";s:7:\\\"finance\\\";s:8:\\\"\\u0000*\\u0000table\\\";s:13:\\\"consultas_aux\\\";s:13:\\\"\\u0000*\\u0000primaryKey\\\";s:2:\\\"id\\\";s:10:\\\"\\u0000*\\u0000keyType\\\";s:3:\\\"int\\\";s:12:\\\"incrementing\\\";b:1;s:7:\\\"\\u0000*\\u0000with\\\";a:0:{}s:12:\\\"\\u0000*\\u0000withCount\\\";a:0:{}s:19:\\\"preventsLazyLoading\\\";b:0;s:10:\\\"\\u0000*\\u0000perPage\\\";i:15;s:6:\\\"exists\\\";b:1;s:18:\\\"wasRecentlyCreated\\\";b:1;s:28:\\\"\\u0000*\\u0000escapeWhenCastingToString\\\";b:0;s:13:\\\"\\u0000*\\u0000attributes\\\";a:7:{s:9:\\\"person_id\\\";s:5:\\\"40817\\\";s:11:\\\"consulta_id\\\";i:4;s:6:\\\"estado\\\";i:0;s:7:\\\"user_id\\\";i:10300;s:10:\\\"updated_at\\\";s:19:\\\"2024-11-03 23:59:29\\\";s:10:\\\"created_at\\\";s:19:\\\"2024-11-03 23:59:29\\\";s:2:\\\"id\\\";i:6;}s:11:\\\"\\u0000*\\u0000original\\\";a:7:{s:9:\\\"person_id\\\";s:5:\\\"40817\\\";s:11:\\\"consulta_id\\\";i:4;s:6:\\\"estado\\\";i:0;s:7:\\\"user_id\\\";i:10300;s:10:\\\"updated_at\\\";s:19:\\\"2024-11-03 23:59:29\\\";s:10:\\\"created_at\\\";s:19:\\\"2024-11-03 23:59:29\\\";s:2:\\\"id\\\";i:6;}s:10:\\\"\\u0000*\\u0000changes\\\";a:0:{}s:8:\\\"\\u0000*\\u0000casts\\\";a:0:{}s:17:\\\"\\u0000*\\u0000classCastCache\\\";a:0:{}s:21:\\\"\\u0000*\\u0000attributeCastCache\\\";a:0:{}s:8:\\\"\\u0000*\\u0000dates\\\";a:0:{}s:13:\\\"\\u0000*\\u0000dateFormat\\\";N;s:10:\\\"\\u0000*\\u0000appends\\\";a:0:{}s:19:\\\"\\u0000*\\u0000dispatchesEvents\\\";a:0:{}s:14:\\\"\\u0000*\\u0000observables\\\";a:0:{}s:12:\\\"\\u0000*\\u0000relations\\\";a:0:{}s:10:\\\"\\u0000*\\u0000touches\\\";a:0:{}s:10:\\\"timestamps\\\";b:1;s:9:\\\"\\u0000*\\u0000hidden\\\";a:0:{}s:10:\\\"\\u0000*\\u0000visible\\\";a:0:{}s:11:\\\"\\u0000*\\u0000fillable\\\";a:0:{}s:10:\\\"\\u0000*\\u0000guarded\\\";a:0:{}}}}s:5:\\\"queue\\\";s:7:\\\"finance\\\";}\"}}','Illuminate\\Queue\\MaxAttemptsExceededException: App\\Jobs\\QueueGenerica has been attempted too many times or run too long. The job may have previously timed out. in /home/forge/taxes.com.ar/vendor/laravel/framework/src/Illuminate/Queue/Worker.php:746\nStack trace:\n#0 /home/forge/taxes.com.ar/vendor/laravel/framework/src/Illuminate/Queue/Worker.php(505): Illuminate\\Queue\\Worker->maxAttemptsExceededException()\n#1 /home/forge/taxes.com.ar/vendor/laravel/framework/src/Illuminate/Queue/Worker.php(414): Illuminate\\Queue\\Worker->markJobAsFailedIfAlreadyExceedsMaxAttempts()\n#2 /home/forge/taxes.com.ar/vendor/laravel/framework/src/Illuminate/Queue/Worker.php(375): Illuminate\\Queue\\Worker->process()\n#3 /home/forge/taxes.com.ar/vendor/laravel/framework/src/Illuminate/Queue/Worker.php(173): Illuminate\\Queue\\Worker->runJob()\n#4 /home/forge/taxes.com.ar/vendor/laravel/framework/src/Illuminate/Queue/Console/WorkCommand.php(147): Illuminate\\Queue\\Worker->daemon()\n#5 /home/forge/taxes.com.ar/vendor/laravel/framework/src/Illuminate/Queue/Console/WorkCommand.php(130): Illuminate\\Queue\\Console\\WorkCommand->runWorker()\n#6 /home/forge/taxes.com.ar/vendor/laravel/framework/src/Illuminate/Container/BoundMethod.php(36): Illuminate\\Queue\\Console\\WorkCommand->handle()\n#7 /home/forge/taxes.com.ar/vendor/laravel/framework/src/Illuminate/Container/Util.php(41): Illuminate\\Container\\BoundMethod::Illuminate\\Container\\{closure}()\n#8 /home/forge/taxes.com.ar/vendor/laravel/framework/src/Illuminate/Container/BoundMethod.php(93): Illuminate\\Container\\Util::unwrapIfClosure()\n#9 /home/forge/taxes.com.ar/vendor/laravel/framework/src/Illuminate/Container/BoundMethod.php(35): Illuminate\\Container\\BoundMethod::callBoundMethod()\n#10 /home/forge/taxes.com.ar/vendor/laravel/framework/src/Illuminate/Container/Container.php(661): Illuminate\\Container\\BoundMethod::call()\n#11 /home/forge/taxes.com.ar/vendor/laravel/framework/src/Illuminate/Console/Command.php(183): Illuminate\\Container\\Container->call()\n#12 /home/forge/taxes.com.ar/vendor/symfony/console/Command/Command.php(326): Illuminate\\Console\\Command->execute()\n#13 /home/forge/taxes.com.ar/vendor/laravel/framework/src/Illuminate/Console/Command.php(152): Symfony\\Component\\Console\\Command\\Command->run()\n#14 /home/forge/taxes.com.ar/vendor/symfony/console/Application.php(1078): Illuminate\\Console\\Command->run()\n#15 /home/forge/taxes.com.ar/vendor/symfony/console/Application.php(324): Symfony\\Component\\Console\\Application->doRunCommand()\n#16 /home/forge/taxes.com.ar/vendor/symfony/console/Application.php(175): Symfony\\Component\\Console\\Application->doRun()\n#17 /home/forge/taxes.com.ar/vendor/laravel/framework/src/Illuminate/Console/Application.php(102): Symfony\\Component\\Console\\Application->run()\n#18 /home/forge/taxes.com.ar/vendor/laravel/framework/src/Illuminate/Foundation/Console/Kernel.php(155): Illuminate\\Console\\Application->run()\n#19 /home/forge/taxes.com.ar/artisan(33): Illuminate\\Foundation\\Console\\Kernel->handle()\n#20 {main}','2024-11-04 00:00:59',NULL);
INSERT INTO `failed_jobs` VALUES (14,NULL,'database','finance','{\"uuid\":\"d369bebe-7e36-41ab-9ab7-8599850e38fa\",\"displayName\":\"App\\\\Jobs\\\\QueueGenerica\",\"job\":\"Illuminate\\\\Queue\\\\CallQueuedHandler@call\",\"maxTries\":null,\"maxExceptions\":null,\"failOnTimeout\":false,\"backoff\":null,\"timeout\":null,\"retryUntil\":null,\"data\":{\"commandName\":\"App\\\\Jobs\\\\QueueGenerica\",\"command\":\"O:22:\\\"App\\\\Jobs\\\\QueueGenerica\\\":2:{s:28:\\\"\\u0000App\\\\Jobs\\\\QueueGenerica\\u0000data\\\";O:29:\\\"Illuminate\\\\Support\\\\Collection\\\":5:{s:8:\\\"\\u0000*\\u0000items\\\";a:0:{}s:28:\\\"\\u0000*\\u0000escapeWhenCastingToString\\\";b:0;s:11:\\\"controlador\\\";s:69:\\\"\\\\App\\\\Http\\\\Controllers\\\\FacturaElectronica\\\\FacturaElectronicaController\\\";s:6:\\\"metodo\\\";s:22:\\\"iterando_para_facturar\\\";s:9:\\\"variables\\\";O:29:\\\"Illuminate\\\\Support\\\\Collection\\\":10:{s:8:\\\"\\u0000*\\u0000items\\\";a:0:{}s:28:\\\"\\u0000*\\u0000escapeWhenCastingToString\\\";b:0;s:7:\\\"request\\\";a:27:{s:11:\\\"enviar_mail\\\";a:13:{i:0;N;i:1;N;i:2;N;i:3;N;i:4;N;i:5;N;i:6;N;i:7;N;i:8;N;i:9;N;i:10;N;i:11;N;i:12;N;}s:10:\\\"show_stock\\\";a:13:{i:0;b:0;i:1;b:0;i:2;b:0;i:3;b:0;i:4;b:0;i:5;b:0;i:6;b:0;i:7;b:0;i:8;b:0;i:9;b:0;i:10;b:0;i:11;b:0;i:12;b:0;}s:9:\\\"productos\\\";a:13:{i:0;b:0;i:1;b:0;i:2;b:0;i:3;b:0;i:4;b:0;i:5;b:0;i:6;b:0;i:7;b:0;i:8;b:0;i:9;b:0;i:10;b:0;i:11;b:0;i:12;b:0;}s:15:\\\"type_receipt_id\\\";a:13:{i:0;i:1;i:1;i:4;i:2;i:4;i:3;i:4;i:4;i:4;i:5;i:4;i:6;i:4;i:7;i:4;i:8;i:4;i:9;i:4;i:10;i:4;i:11;i:4;i:12;i:4;}s:15:\\\"cond_frente_iva\\\";a:13:{i:0;i:1;i:1;i:5;i:2;i:5;i:3;i:5;i:4;i:5;i:5;i:5;i:6;i:5;i:7;i:5;i:8;i:5;i:9;i:5;i:10;i:5;i:11;i:5;i:12;i:5;}s:12:\\\"taxable_iibb\\\";a:13:{i:0;i:2;i:1;i:2;i:2;i:2;i:3;i:2;i:4;i:2;i:5;i:2;i:6;i:2;i:7;i:2;i:8;i:2;i:9;i:2;i:10;i:2;i:11;i:2;i:12;i:2;}s:15:\\\"descripcionItem\\\";a:13:{i:0;s:48:\\\"LOTE DE CARGADORES PARA CELULARES MODELOS VARIOS\\\";i:1;s:40:\\\"LOTE DE ACCESORIOS PARA CELULARES VARIOS\\\";i:2;s:48:\\\"LOTE DE CARGADORES PARA CELULARES MODELOS VARIOS\\\";i:3;s:40:\\\"LOTE DE ACCESORIOS PARA CELULARES VARIOS\\\";i:4;s:48:\\\"LOTE DE CARGADORES PARA CELULARES MODELOS VARIOS\\\";i:5;s:40:\\\"LOTE DE ACCESORIOS PARA CELULARES VARIOS\\\";i:6;s:48:\\\"LOTE DE CARGADORES PARA CELULARES MODELOS VARIOS\\\";i:7;s:40:\\\"LOTE DE ACCESORIOS PARA CELULARES VARIOS\\\";i:8;s:48:\\\"LOTE DE CARGADORES PARA CELULARES MODELOS VARIOS\\\";i:9;s:40:\\\"LOTE DE ACCESORIOS PARA CELULARES VARIOS\\\";i:10;s:48:\\\"LOTE DE CARGADORES PARA CELULARES MODELOS VARIOS\\\";i:11;s:40:\\\"LOTE DE ACCESORIOS PARA CELULARES VARIOS\\\";i:12;s:48:\\\"LOTE DE CARGADORES PARA CELULARES MODELOS VARIOS\\\";}s:9:\\\"body_mail\\\";a:13:{i:0;N;i:1;N;i:2;N;i:3;N;i:4;N;i:5;N;i:6;N;i:7;N;i:8;N;i:9;N;i:10;N;i:11;N;i:12;N;}s:14:\\\"subtotalPUItem\\\";a:13:{i:0;s:9:\\\"980995.48\\\";i:1;s:8:\\\"11945.70\\\";i:2;s:8:\\\"13755.66\\\";i:3;s:7:\\\"9755.66\\\";i:4;s:8:\\\"12941.18\\\";i:5;s:8:\\\"40090.50\\\";i:6;s:8:\\\"14208.14\\\";i:7;s:8:\\\"10316.74\\\";i:8;s:7:\\\"4343.89\\\";i:9;s:7:\\\"4524.89\\\";i:10;s:8:\\\"67873.30\\\";i:11;s:8:\\\"69683.26\\\";i:12;s:8:\\\"18099.55\\\";}s:15:\\\"ivaAlicuotaItem\\\";a:13:{i:0;i:1;i:1;i:1;i:2;i:1;i:3;i:1;i:4;i:1;i:5;i:1;i:6;i:1;i:7;i:1;i:8;i:1;i:9;i:1;i:10;i:1;i:11;i:1;i:12;i:1;}s:10:\\\"cliente_id\\\";a:13:{i:0;i:377189;i:1;i:377190;i:2;i:377191;i:3;i:377192;i:4;i:377193;i:5;i:299247;i:6;i:377194;i:7;i:377195;i:8;i:377196;i:9;i:377197;i:10;i:377198;i:11;i:377199;i:12;i:377200;}s:7:\\\"zone_id\\\";a:13:{i:0;i:22;i:1;i:22;i:2;i:22;i:3;i:22;i:4;i:22;i:5;i:22;i:6;i:22;i:7;i:22;i:8;i:22;i:9;i:22;i:10;i:22;i:11;i:22;i:12;i:22;}s:11:\\\"activity_id\\\";a:13:{i:0;i:565;i:1;i:565;i:2;i:565;i:3;i:565;i:4;i:565;i:5;i:565;i:6;i:565;i:7;i:565;i:8;i:565;i:9;i:565;i:10;i:565;i:11;i:565;i:12;i:565;}s:11:\\\"concepto_id\\\";a:13:{i:0;i:1;i:1;i:1;i:2;i:1;i:3;i:1;i:4;i:1;i:5;i:1;i:6;i:1;i:7;i:1;i:8;i:1;i:9;i:1;i:10;i:1;i:11;i:1;i:12;i:1;}s:14:\\\"punto_venta_id\\\";a:13:{i:0;i:285;i:1;i:285;i:2;i:285;i:3;i:285;i:4;i:285;i:5;i:285;i:6;i:285;i:7;i:285;i:8;i:285;i:9;i:285;i:10;i:285;i:11;i:285;i:12;i:285;}s:10:\\\"cond_venta\\\";a:13:{i:0;i:4;i:1;i:4;i:2;i:4;i:3;i:4;i:4;i:4;i:5;i:4;i:6;i:4;i:7;i:4;i:8;i:4;i:9;i:4;i:10;i:4;i:11;i:4;i:12;i:4;}s:17:\\\"fecha_comprobante\\\";a:13:{i:0;s:10:\\\"02-28-2025\\\";i:1;s:10:\\\"02-28-2025\\\";i:2;s:10:\\\"02-28-2025\\\";i:3;s:10:\\\"02-28-2025\\\";i:4;s:10:\\\"02-28-2025\\\";i:5;s:10:\\\"02-28-2025\\\";i:6;s:10:\\\"02-28-2025\\\";i:7;s:10:\\\"02-28-2025\\\";i:8;s:10:\\\"02-28-2025\\\";i:9;s:10:\\\"02-28-2025\\\";i:10;s:10:\\\"02-28-2025\\\";i:11;s:10:\\\"02-28-2025\\\";i:12;s:10:\\\"02-28-2025\\\";}s:21:\\\"fecha_facturado_desde\\\";a:13:{i:0;s:10:\\\"02-28-2025\\\";i:1;s:10:\\\"02-28-2025\\\";i:2;s:10:\\\"02-28-2025\\\";i:3;s:10:\\\"02-28-2025\\\";i:4;s:10:\\\"02-28-2025\\\";i:5;s:10:\\\"02-28-2025\\\";i:6;s:10:\\\"02-28-2025\\\";i:7;s:10:\\\"02-28-2025\\\";i:8;s:10:\\\"02-28-2025\\\";i:9;s:10:\\\"02-28-2025\\\";i:10;s:10:\\\"02-28-2025\\\";i:11;s:10:\\\"02-28-2025\\\";i:12;s:10:\\\"02-28-2025\\\";}s:21:\\\"fecha_facturado_hasta\\\";a:13:{i:0;s:10:\\\"02-28-2025\\\";i:1;s:10:\\\"02-28-2025\\\";i:2;s:10:\\\"02-28-2025\\\";i:3;s:10:\\\"02-28-2025\\\";i:4;s:10:\\\"02-28-2025\\\";i:5;s:10:\\\"02-28-2025\\\";i:6;s:10:\\\"02-28-2025\\\";i:7;s:10:\\\"02-28-2025\\\";i:8;s:10:\\\"02-28-2025\\\";i:9;s:10:\\\"02-28-2025\\\";i:10;s:10:\\\"02-28-2025\\\";i:11;s:10:\\\"02-28-2025\\\";i:12;s:10:\\\"02-28-2025\\\";}s:22:\\\"fecha_vencimiento_pago\\\";a:13:{i:0;s:10:\\\"02-28-2025\\\";i:1;s:10:\\\"02-28-2025\\\";i:2;s:10:\\\"02-28-2025\\\";i:3;s:10:\\\"02-28-2025\\\";i:4;s:10:\\\"02-28-2025\\\";i:5;s:10:\\\"02-28-2025\\\";i:6;s:10:\\\"02-28-2025\\\";i:7;s:10:\\\"02-28-2025\\\";i:8;s:10:\\\"02-28-2025\\\";i:9;s:10:\\\"02-28-2025\\\";i:10;s:10:\\\"02-28-2025\\\";i:11;s:10:\\\"02-28-2025\\\";i:12;s:10:\\\"02-28-2025\\\";}s:10:\\\"codigoItem\\\";a:13:{i:0;N;i:1;N;i:2;N;i:3;N;i:4;N;i:5;N;i:6;N;i:7;N;i:8;N;i:9;N;i:10;N;i:11;N;i:12;N;}s:16:\\\"unidadMedidaItem\\\";a:13:{i:0;i:8;i:1;i:8;i:2;i:8;i:3;i:8;i:4;i:8;i:5;i:8;i:6;i:8;i:7;i:8;i:8;i:8;i:9;i:8;i:10;i:8;i:11;i:8;i:12;i:8;}s:12:\\\"cantidadItem\\\";a:13:{i:0;i:1;i:1;i:1;i:2;i:1;i:3;i:1;i:4;i:1;i:5;i:1;i:6;i:1;i:7;i:1;i:8;i:1;i:9;i:1;i:10;i:1;i:11;i:1;i:12;i:1;}s:18:\\\"precioUnitarioItem\\\";a:13:{i:0;s:9:\\\"980995.48\\\";i:1;s:8:\\\"11945.70\\\";i:2;s:8:\\\"13755.66\\\";i:3;s:7:\\\"9755.66\\\";i:4;s:8:\\\"12941.18\\\";i:5;s:8:\\\"40090.50\\\";i:6;s:8:\\\"14208.14\\\";i:7;s:8:\\\"10316.74\\\";i:8;s:7:\\\"4343.89\\\";i:9;s:7:\\\"4524.89\\\";i:10;s:8:\\\"67873.30\\\";i:11;s:8:\\\"69683.26\\\";i:12;s:8:\\\"18099.55\\\";}s:23:\\\"porcentajeDescuentoItem\\\";a:13:{i:0;i:0;i:1;i:0;i:2;i:0;i:3;i:0;i:4;i:0;i:5;i:0;i:6;i:0;i:7;i:0;i:8;i:0;i:9;i:0;i:10;i:0;i:11;i:0;i:12;i:0;}s:13:\\\"descuentoItem\\\";a:13:{i:0;i:0;i:1;i:0;i:2;i:0;i:3;i:0;i:4;i:0;i:5;i:0;i:6;i:0;i:7;i:0;i:8;i:0;i:9;i:0;i:10;i:0;i:11;i:0;i:12;i:0;}s:14:\\\"subtotalIAItem\\\";a:13:{i:0;s:9:\\\"103004.53\\\";i:1;s:7:\\\"1254.30\\\";i:2;s:7:\\\"1444.34\\\";i:3;s:7:\\\"1024.34\\\";i:4;s:7:\\\"1358.82\\\";i:5;s:7:\\\"4209.50\\\";i:6;s:7:\\\"1491.85\\\";i:7;s:7:\\\"1083.26\\\";i:8;s:6:\\\"456.11\\\";i:9;s:6:\\\"475.11\\\";i:10;s:7:\\\"7126.70\\\";i:11;s:7:\\\"7316.74\\\";i:12;s:7:\\\"1900.45\\\";}}s:4:\\\"afip\\\";O:24:\\\"App\\\\Services\\\\Afip\\\\MiAfip\\\":12:{s:18:\\\"sdk_version_number\\\";s:5:\\\"1.1.4\\\";s:9:\\\"WSAA_WSDL\\\";s:61:\\\"\\/home\\/forge\\/taxes.com.ar\\/app\\/Services\\/Afip\\/Afip_res\\/wsaa.wsdl\\\";s:8:\\\"WSAA_URL\\\";s:45:\\\"https:\\/\\/wsaa.afip.gov.ar\\/ws\\/services\\/LoginCms\\\";s:4:\\\"CERT\\\";s:71:\\\"\\/home\\/forge\\/taxes.com.ar\\/storage\\/afip\\/claves\\/30716251248\\/2024\\/taxes.crt\\\";s:10:\\\"PRIVATEKEY\\\";s:71:\\\"\\/home\\/forge\\/taxes.com.ar\\/storage\\/afip\\/claves\\/30716251248\\/2024\\/taxes.key\\\";s:10:\\\"PASSPHRASE\\\";s:5:\\\"xxxxx\\\";s:10:\\\"RES_FOLDER\\\";s:38:\\\"\\/home\\/forge\\/taxes.com.ar\\/storage\\/afip\\/\\\";s:9:\\\"TA_FOLDER\\\";s:50:\\\"\\/home\\/forge\\/taxes.com.ar\\/storage\\/afip\\/xmlgenerados\\\";s:4:\\\"CUIT\\\";s:11:\\\"30718766393\\\";s:14:\\\"implemented_ws\\\";a:6:{i:0;s:17:\\\"ElectronicBilling\\\";i:1;s:17:\\\"RegisterScopeFour\\\";i:2;s:17:\\\"RegisterScopeFive\\\";i:3;s:24:\\\"RegisterInscriptionProof\\\";i:4;s:16:\\\"RegisterScopeTen\\\";i:5;s:21:\\\"RegisterScopeThirteen\\\";}s:7:\\\"service\\\";N;s:7:\\\"options\\\";a:7:{s:4:\\\"CUIT\\\";s:11:\\\"30718766393\\\";s:10:\\\"res_folder\\\";s:38:\\\"\\/home\\/forge\\/taxes.com.ar\\/storage\\/afip\\/\\\";s:9:\\\"ta_folder\\\";s:50:\\\"\\/home\\/forge\\/taxes.com.ar\\/storage\\/afip\\/xmlgenerados\\\";s:4:\\\"cert\\\";s:33:\\\"claves\\/30716251248\\/2024\\/taxes.crt\\\";s:3:\\\"key\\\";s:33:\\\"claves\\/30716251248\\/2024\\/taxes.key\\\";s:10:\\\"production\\\";b:1;s:10:\\\"passphrase\\\";s:5:\\\"xxxxx\\\";}}s:6:\\\"person\\\";O:17:\\\"App\\\\Models\\\\Person\\\":30:{s:13:\\\"\\u0000*\\u0000connection\\\";s:7:\\\"finance\\\";s:8:\\\"\\u0000*\\u0000table\\\";s:7:\\\"persons\\\";s:13:\\\"\\u0000*\\u0000primaryKey\\\";s:2:\\\"id\\\";s:10:\\\"\\u0000*\\u0000keyType\\\";s:3:\\\"int\\\";s:12:\\\"incrementing\\\";b:1;s:7:\\\"\\u0000*\\u0000with\\\";a:0:{}s:12:\\\"\\u0000*\\u0000withCount\\\";a:0:{}s:19:\\\"preventsLazyLoading\\\";b:0;s:10:\\\"\\u0000*\\u0000perPage\\\";i:15;s:6:\\\"exists\\\";b:1;s:18:\\\"wasRecentlyCreated\\\";b:0;s:28:\\\"\\u0000*\\u0000escapeWhenCastingToString\\\";b:0;s:13:\\\"\\u0000*\\u0000attributes\\\";a:28:{s:2:\\\"id\\\";i:366028;s:7:\\\"user_id\\\";i:89;s:11:\\\"field_name1\\\";s:32:\\\"ALFA ACCESORIOS DE CELULARES SAS\\\";s:12:\\\"fantasy_name\\\";N;s:6:\\\"codigo\\\";N;s:11:\\\"field_name2\\\";N;s:13:\\\"document_type\\\";s:4:\\\"cuit\\\";s:8:\\\"document\\\";s:13:\\\"30-71876639-3\\\";s:21:\\\"cond_frente_al_iva_id\\\";N;s:10:\\\"country_id\\\";N;s:8:\\\"state_id\\\";N;s:7:\\\"zone_id\\\";N;s:14:\\\"plan_cuenta_id\\\";N;s:20:\\\"iva_creditos_tipo_id\\\";N;s:10:\\\"created_at\\\";s:19:\\\"2024-11-22 14:38:33\\\";s:10:\\\"updated_at\\\";s:19:\\\"2024-11-22 14:38:33\\\";s:11:\\\"activity_id\\\";N;s:7:\\\"address\\\";N;s:12:\\\"localidad_id\\\";N;s:14:\\\"person_type_id\\\";i:2;s:19:\\\"fa_iva_condition_id\\\";N;s:16:\\\"fa_codigo_postal\\\";N;s:10:\\\"comentario\\\";N;s:5:\\\"email\\\";N;s:18:\\\"iva_per_regimen_id\\\";N;s:18:\\\"iva_ret_regimen_id\\\";N;s:15:\\\"obligation_iibb\\\";N;s:10:\\\"deleted_at\\\";N;}s:11:\\\"\\u0000*\\u0000original\\\";a:28:{s:2:\\\"id\\\";i:366028;s:7:\\\"user_id\\\";i:89;s:11:\\\"field_name1\\\";s:32:\\\"ALFA ACCESORIOS DE CELULARES SAS\\\";s:12:\\\"fantasy_name\\\";N;s:6:\\\"codigo\\\";N;s:11:\\\"field_name2\\\";N;s:13:\\\"document_type\\\";s:4:\\\"cuit\\\";s:8:\\\"document\\\";s:13:\\\"30-71876639-3\\\";s:21:\\\"cond_frente_al_iva_id\\\";N;s:10:\\\"country_id\\\";N;s:8:\\\"state_id\\\";N;s:7:\\\"zone_id\\\";N;s:14:\\\"plan_cuenta_id\\\";N;s:20:\\\"iva_creditos_tipo_id\\\";N;s:10:\\\"created_at\\\";s:19:\\\"2024-11-22 14:38:33\\\";s:10:\\\"updated_at\\\";s:19:\\\"2024-11-22 14:38:33\\\";s:11:\\\"activity_id\\\";N;s:7:\\\"address\\\";N;s:12:\\\"localidad_id\\\";N;s:14:\\\"person_type_id\\\";i:2;s:19:\\\"fa_iva_condition_id\\\";N;s:16:\\\"fa_codigo_postal\\\";N;s:10:\\\"comentario\\\";N;s:5:\\\"email\\\";N;s:18:\\\"iva_per_regimen_id\\\";N;s:18:\\\"iva_ret_regimen_id\\\";N;s:15:\\\"obligation_iibb\\\";N;s:10:\\\"deleted_at\\\";N;}s:10:\\\"\\u0000*\\u0000changes\\\";a:0:{}s:8:\\\"\\u0000*\\u0000casts\\\";a:0:{}s:17:\\\"\\u0000*\\u0000classCastCache\\\";a:0:{}s:21:\\\"\\u0000*\\u0000attributeCastCache\\\";a:0:{}s:13:\\\"\\u0000*\\u0000dateFormat\\\";N;s:10:\\\"\\u0000*\\u0000appends\\\";a:0:{}s:19:\\\"\\u0000*\\u0000dispatchesEvents\\\";a:0:{}s:14:\\\"\\u0000*\\u0000observables\\\";a:0:{}s:12:\\\"\\u0000*\\u0000relations\\\";a:0:{}s:10:\\\"\\u0000*\\u0000touches\\\";a:0:{}s:10:\\\"timestamps\\\";b:1;s:13:\\\"usesUniqueIds\\\";b:0;s:9:\\\"\\u0000*\\u0000hidden\\\";a:0:{}s:10:\\\"\\u0000*\\u0000visible\\\";a:0:{}s:11:\\\"\\u0000*\\u0000fillable\\\";a:0:{}s:10:\\\"\\u0000*\\u0000guarded\\\";a:0:{}}s:12:\\\"puntosVentas\\\";O:39:\\\"Illuminate\\\\Database\\\\Eloquent\\\\Collection\\\":2:{s:8:\\\"\\u0000*\\u0000items\\\";a:1:{i:0;O:24:\\\"App\\\\Models\\\\FAPuntosVenta\\\":30:{s:13:\\\"\\u0000*\\u0000connection\\\";s:7:\\\"finance\\\";s:8:\\\"\\u0000*\\u0000table\\\";s:22:\\\"fact_elec_puntos_venta\\\";s:13:\\\"\\u0000*\\u0000primaryKey\\\";s:2:\\\"id\\\";s:10:\\\"\\u0000*\\u0000keyType\\\";s:3:\\\"int\\\";s:12:\\\"incrementing\\\";b:1;s:7:\\\"\\u0000*\\u0000with\\\";a:0:{}s:12:\\\"\\u0000*\\u0000withCount\\\";a:0:{}s:19:\\\"preventsLazyLoading\\\";b:0;s:10:\\\"\\u0000*\\u0000perPage\\\";i:15;s:6:\\\"exists\\\";b:1;s:18:\\\"wasRecentlyCreated\\\";b:0;s:28:\\\"\\u0000*\\u0000escapeWhenCastingToString\\\";b:0;s:13:\\\"\\u0000*\\u0000attributes\\\";a:12:{s:2:\\\"id\\\";i:285;s:7:\\\"user_id\\\";i:89;s:9:\\\"direccion\\\";s:10:\\\"Larrea 173\\\";s:10:\\\"created_at\\\";s:19:\\\"2024-11-22 14:39:31\\\";s:10:\\\"updated_at\\\";s:19:\\\"2024-11-22 14:41:34\\\";s:9:\\\"person_id\\\";i:366028;s:6:\\\"codigo\\\";s:1:\\\"2\\\";s:13:\\\"codigo_postal\\\";s:4:\\\"1030\\\";s:7:\\\"zone_id\\\";i:22;s:4:\\\"logo\\\";N;s:10:\\\"habilitado\\\";i:1;s:10:\\\"deleted_at\\\";N;}s:11:\\\"\\u0000*\\u0000original\\\";a:12:{s:2:\\\"id\\\";i:285;s:7:\\\"user_id\\\";i:89;s:9:\\\"direccion\\\";s:10:\\\"Larrea 173\\\";s:10:\\\"created_at\\\";s:19:\\\"2024-11-22 14:39:31\\\";s:10:\\\"updated_at\\\";s:19:\\\"2024-11-22 14:41:34\\\";s:9:\\\"person_id\\\";i:366028;s:6:\\\"codigo\\\";s:1:\\\"2\\\";s:13:\\\"codigo_postal\\\";s:4:\\\"1030\\\";s:7:\\\"zone_id\\\";i:22;s:4:\\\"logo\\\";N;s:10:\\\"habilitado\\\";i:1;s:10:\\\"deleted_at\\\";N;}s:10:\\\"\\u0000*\\u0000changes\\\";a:0:{}s:8:\\\"\\u0000*\\u0000casts\\\";a:0:{}s:17:\\\"\\u0000*\\u0000classCastCache\\\";a:0:{}s:21:\\\"\\u0000*\\u0000attributeCastCache\\\";a:0:{}s:13:\\\"\\u0000*\\u0000dateFormat\\\";N;s:10:\\\"\\u0000*\\u0000appends\\\";a:0:{}s:19:\\\"\\u0000*\\u0000dispatchesEvents\\\";a:0:{}s:14:\\\"\\u0000*\\u0000observables\\\";a:0:{}s:12:\\\"\\u0000*\\u0000relations\\\";a:0:{}s:10:\\\"\\u0000*\\u0000touches\\\";a:0:{}s:10:\\\"timestamps\\\";b:1;s:13:\\\"usesUniqueIds\\\";b:0;s:9:\\\"\\u0000*\\u0000hidden\\\";a:0:{}s:10:\\\"\\u0000*\\u0000visible\\\";a:0:{}s:11:\\\"\\u0000*\\u0000fillable\\\";a:0:{}s:10:\\\"\\u0000*\\u0000guarded\\\";a:0:{}}}s:28:\\\"\\u0000*\\u0000escapeWhenCastingToString\\\";b:0;}s:10:\\\"mailDetail\\\";O:21:\\\"App\\\\Models\\\\MailDetail\\\":30:{s:13:\\\"\\u0000*\\u0000connection\\\";s:7:\\\"finance\\\";s:8:\\\"\\u0000*\\u0000table\\\";s:13:\\\"mails_details\\\";s:13:\\\"\\u0000*\\u0000primaryKey\\\";s:2:\\\"id\\\";s:10:\\\"\\u0000*\\u0000keyType\\\";s:3:\\\"int\\\";s:12:\\\"incrementing\\\";b:1;s:7:\\\"\\u0000*\\u0000with\\\";a:0:{}s:12:\\\"\\u0000*\\u0000withCount\\\";a:0:{}s:19:\\\"preventsLazyLoading\\\";b:0;s:10:\\\"\\u0000*\\u0000perPage\\\";i:15;s:6:\\\"exists\\\";b:1;s:18:\\\"wasRecentlyCreated\\\";b:0;s:28:\\\"\\u0000*\\u0000escapeWhenCastingToString\\\";b:0;s:13:\\\"\\u0000*\\u0000attributes\\\";a:11:{s:2:\\\"id\\\";i:36440;s:7:\\\"user_id\\\";i:89;s:4:\\\"mail\\\";s:26:\\\"efraindiazrodas2@gmail.com\\\";s:8:\\\"telefono\\\";N;s:10:\\\"comentario\\\";s:0:\\\"\\\";s:7:\\\"mail_id\\\";i:1;s:9:\\\"person_id\\\";i:366028;s:6:\\\"status\\\";i:1;s:10:\\\"created_at\\\";s:19:\\\"2024-11-22 14:39:01\\\";s:10:\\\"updated_at\\\";s:19:\\\"2024-11-22 14:39:01\\\";s:10:\\\"deleted_at\\\";N;}s:11:\\\"\\u0000*\\u0000original\\\";a:11:{s:2:\\\"id\\\";i:36440;s:7:\\\"user_id\\\";i:89;s:4:\\\"mail\\\";s:26:\\\"efraindiazrodas2@gmail.com\\\";s:8:\\\"telefono\\\";N;s:10:\\\"comentario\\\";s:0:\\\"\\\";s:7:\\\"mail_id\\\";i:1;s:9:\\\"person_id\\\";i:366028;s:6:\\\"status\\\";i:1;s:10:\\\"created_at\\\";s:19:\\\"2024-11-22 14:39:01\\\";s:10:\\\"updated_at\\\";s:19:\\\"2024-11-22 14:39:01\\\";s:10:\\\"deleted_at\\\";N;}s:10:\\\"\\u0000*\\u0000changes\\\";a:0:{}s:8:\\\"\\u0000*\\u0000casts\\\";a:0:{}s:17:\\\"\\u0000*\\u0000classCastCache\\\";a:0:{}s:21:\\\"\\u0000*\\u0000attributeCastCache\\\";a:0:{}s:13:\\\"\\u0000*\\u0000dateFormat\\\";N;s:10:\\\"\\u0000*\\u0000appends\\\";a:0:{}s:19:\\\"\\u0000*\\u0000dispatchesEvents\\\";a:0:{}s:14:\\\"\\u0000*\\u0000observables\\\";a:0:{}s:12:\\\"\\u0000*\\u0000relations\\\";a:0:{}s:10:\\\"\\u0000*\\u0000touches\\\";a:0:{}s:10:\\\"timestamps\\\";b:1;s:13:\\\"usesUniqueIds\\\";b:0;s:9:\\\"\\u0000*\\u0000hidden\\\";a:0:{}s:10:\\\"\\u0000*\\u0000visible\\\";a:0:{}s:11:\\\"\\u0000*\\u0000fillable\\\";a:0:{}s:10:\\\"\\u0000*\\u0000guarded\\\";a:0:{}}s:4:\\\"user\\\";O:8:\\\"App\\\\User\\\":31:{s:13:\\\"\\u0000*\\u0000connection\\\";s:9:\\\"seguridad\\\";s:8:\\\"\\u0000*\\u0000table\\\";s:6:\\\"tusers\\\";s:13:\\\"\\u0000*\\u0000primaryKey\\\";s:6:\\\"idUser\\\";s:10:\\\"\\u0000*\\u0000keyType\\\";s:3:\\\"int\\\";s:12:\\\"incrementing\\\";b:1;s:7:\\\"\\u0000*\\u0000with\\\";a:0:{}s:12:\\\"\\u0000*\\u0000withCount\\\";a:0:{}s:19:\\\"preventsLazyLoading\\\";b:0;s:10:\\\"\\u0000*\\u0000perPage\\\";i:15;s:6:\\\"exists\\\";b:1;s:18:\\\"wasRecentlyCreated\\\";b:0;s:28:\\\"\\u0000*\\u0000escapeWhenCastingToString\\\";b:0;s:13:\\\"\\u0000*\\u0000attributes\\\";a:18:{s:6:\\\"idUser\\\";i:7327;s:6:\\\"nombre\\\";s:17:\\\"DIAZ RODAS EFRAIN\\\";s:9:\\\"loginUser\\\";s:26:\\\"efraindiazrodas2@gmail.com\\\";s:9:\\\"emailUser\\\";s:26:\\\"efraindiazrodas2@gmail.com\\\";s:5:\\\"clave\\\";s:6:\\\"123456\\\";s:9:\\\"claveUser\\\";s:60:\\\"$2y$10$lSQ3UAZ7hG8c6dNg5xQXMuyrFru6\\/9u5W0MbmlZ3soshGOMbBYkEy\\\";s:5:\\\"firma\\\";N;s:6:\\\"avatar\\\";N;s:10:\\\"statusUser\\\";i:1;s:9:\\\"api_token\\\";N;s:14:\\\"remember_token\\\";s:60:\\\"NpPlEPeJ5ulm7dkSZpoVjBnbldNR3nXzobOLgs8xKADtu96t7uNQJkheKWoi\\\";s:10:\\\"created_at\\\";s:19:\\\"2022-06-10 13:46:35\\\";s:10:\\\"updated_at\\\";s:19:\\\"2022-06-10 13:46:35\\\";s:12:\\\"user_type_id\\\";i:2;s:18:\\\"es_empresa_externa\\\";i:0;s:15:\\\"suscrip_plan_id\\\";N;s:11:\\\"hidden_menu\\\";i:0;s:7:\\\"importe\\\";N;}s:11:\\\"\\u0000*\\u0000original\\\";a:18:{s:6:\\\"idUser\\\";i:7327;s:6:\\\"nombre\\\";s:17:\\\"DIAZ RODAS EFRAIN\\\";s:9:\\\"loginUser\\\";s:26:\\\"efraindiazrodas2@gmail.com\\\";s:9:\\\"emailUser\\\";s:26:\\\"efraindiazrodas2@gmail.com\\\";s:5:\\\"clave\\\";s:6:\\\"123456\\\";s:9:\\\"claveUser\\\";s:60:\\\"$2y$10$lSQ3UAZ7hG8c6dNg5xQXMuyrFru6\\/9u5W0MbmlZ3soshGOMbBYkEy\\\";s:5:\\\"firma\\\";N;s:6:\\\"avatar\\\";N;s:10:\\\"statusUser\\\";i:1;s:9:\\\"api_token\\\";N;s:14:\\\"remember_token\\\";s:60:\\\"NpPlEPeJ5ulm7dkSZpoVjBnbldNR3nXzobOLgs8xKADtu96t7uNQJkheKWoi\\\";s:10:\\\"created_at\\\";s:19:\\\"2022-06-10 13:46:35\\\";s:10:\\\"updated_at\\\";s:19:\\\"2022-06-10 13:46:35\\\";s:12:\\\"user_type_id\\\";i:2;s:18:\\\"es_empresa_externa\\\";i:0;s:15:\\\"suscrip_plan_id\\\";N;s:11:\\\"hidden_menu\\\";i:0;s:7:\\\"importe\\\";N;}s:10:\\\"\\u0000*\\u0000changes\\\";a:0:{}s:8:\\\"\\u0000*\\u0000casts\\\";a:0:{}s:17:\\\"\\u0000*\\u0000classCastCache\\\";a:0:{}s:21:\\\"\\u0000*\\u0000attributeCastCache\\\";a:0:{}s:13:\\\"\\u0000*\\u0000dateFormat\\\";N;s:10:\\\"\\u0000*\\u0000appends\\\";a:1:{i:0;s:24:\\\"usuario_madre_habilitado\\\";}s:19:\\\"\\u0000*\\u0000dispatchesEvents\\\";a:0:{}s:14:\\\"\\u0000*\\u0000observables\\\";a:0:{}s:12:\\\"\\u0000*\\u0000relations\\\";a:0:{}s:10:\\\"\\u0000*\\u0000touches\\\";a:0:{}s:10:\\\"timestamps\\\";b:1;s:13:\\\"usesUniqueIds\\\";b:0;s:9:\\\"\\u0000*\\u0000hidden\\\";a:4:{i:0;s:8:\\\"password\\\";i:1;s:14:\\\"remember_token\\\";i:2;s:9:\\\"claveUser\\\";i:3;s:5:\\\"clave\\\";}s:10:\\\"\\u0000*\\u0000visible\\\";a:0:{}s:11:\\\"\\u0000*\\u0000fillable\\\";a:12:{i:0;s:6:\\\"nombre\\\";i:1;s:9:\\\"loginUser\\\";i:2;s:9:\\\"emailUser\\\";i:3;s:5:\\\"clave\\\";i:4;s:9:\\\"claveUser\\\";i:5;s:10:\\\"statusUser\\\";i:6;s:12:\\\"user_type_id\\\";i:7;s:5:\\\"firma\\\";i:8;s:15:\\\"suscrip_plan_id\\\";i:9;s:7:\\\"importe\\\";i:10;s:6:\\\"avatar\\\";i:11;s:18:\\\"es_empresa_externa\\\";}s:10:\\\"\\u0000*\\u0000guarded\\\";a:1:{i:0;s:1:\\\"*\\\";}s:20:\\\"\\u0000*\\u0000rememberTokenName\\\";s:14:\\\"remember_token\\\";}s:12:\\\"enviar_email\\\";b:1;s:5:\\\"email\\\";O:29:\\\"Illuminate\\\\Support\\\\Collection\\\":10:{s:8:\\\"\\u0000*\\u0000items\\\";a:0:{}s:28:\\\"\\u0000*\\u0000escapeWhenCastingToString\\\";b:0;s:4:\\\"from\\\";s:24:\\\"informacion@taxes.com.ar\\\";s:2:\\\"to\\\";s:26:\\\"efraindiazrodas2@gmail.com\\\";s:4:\\\"name\\\";s:14:\\\"Taxes Software\\\";s:5:\\\"vista\\\";s:23:\\\"emails.mail_fin_proceso\\\";s:7:\\\"subject\\\";s:39:\\\"Facturacion Masiva - Proceso Finalizado\\\";s:7:\\\"empresa\\\";s:32:\\\"ALFA ACCESORIOS DE CELULARES SAS\\\";s:7:\\\"proceso\\\";s:18:\\\"Facturacion Masiva\\\";s:5:\\\"notas\\\";s:41:\\\"Controlar las facturas que se realizaron!\\\";}}}s:5:\\\"queue\\\";s:7:\\\"finance\\\";}\"}}','Illuminate\\Queue\\MaxAttemptsExceededException: App\\Jobs\\QueueGenerica has been attempted too many times. in /home/forge/taxes.com.ar/vendor/laravel/framework/src/Illuminate/Queue/MaxAttemptsExceededException.php:24\nStack trace:\n#0 /home/forge/taxes.com.ar/vendor/laravel/framework/src/Illuminate/Queue/Worker.php(785): Illuminate\\Queue\\MaxAttemptsExceededException::forJob()\n#1 /home/forge/taxes.com.ar/vendor/laravel/framework/src/Illuminate/Queue/Worker.php(519): Illuminate\\Queue\\Worker->maxAttemptsExceededException()\n#2 /home/forge/taxes.com.ar/vendor/laravel/framework/src/Illuminate/Queue/Worker.php(428): Illuminate\\Queue\\Worker->markJobAsFailedIfAlreadyExceedsMaxAttempts()\n#3 /home/forge/taxes.com.ar/vendor/laravel/framework/src/Illuminate/Queue/Worker.php(389): Illuminate\\Queue\\Worker->process()\n#4 /home/forge/taxes.com.ar/vendor/laravel/framework/src/Illuminate/Queue/Worker.php(176): Illuminate\\Queue\\Worker->runJob()\n#5 /home/forge/taxes.com.ar/vendor/laravel/framework/src/Illuminate/Queue/Console/WorkCommand.php(137): Illuminate\\Queue\\Worker->daemon()\n#6 /home/forge/taxes.com.ar/vendor/laravel/framework/src/Illuminate/Queue/Console/WorkCommand.php(120): Illuminate\\Queue\\Console\\WorkCommand->runWorker()\n#7 /home/forge/taxes.com.ar/vendor/laravel/framework/src/Illuminate/Container/BoundMethod.php(36): Illuminate\\Queue\\Console\\WorkCommand->handle()\n#8 /home/forge/taxes.com.ar/vendor/laravel/framework/src/Illuminate/Container/Util.php(41): Illuminate\\Container\\BoundMethod::Illuminate\\Container\\{closure}()\n#9 /home/forge/taxes.com.ar/vendor/laravel/framework/src/Illuminate/Container/BoundMethod.php(93): Illuminate\\Container\\Util::unwrapIfClosure()\n#10 /home/forge/taxes.com.ar/vendor/laravel/framework/src/Illuminate/Container/BoundMethod.php(35): Illuminate\\Container\\BoundMethod::callBoundMethod()\n#11 /home/forge/taxes.com.ar/vendor/laravel/framework/src/Illuminate/Container/Container.php(662): Illuminate\\Container\\BoundMethod::call()\n#12 /home/forge/taxes.com.ar/vendor/laravel/framework/src/Illuminate/Console/Command.php(211): Illuminate\\Container\\Container->call()\n#13 /home/forge/taxes.com.ar/vendor/symfony/console/Command/Command.php(326): Illuminate\\Console\\Command->execute()\n#14 /home/forge/taxes.com.ar/vendor/laravel/framework/src/Illuminate/Console/Command.php(180): Symfony\\Component\\Console\\Command\\Command->run()\n#15 /home/forge/taxes.com.ar/vendor/symfony/console/Application.php(1096): Illuminate\\Console\\Command->run()\n#16 /home/forge/taxes.com.ar/vendor/symfony/console/Application.php(324): Symfony\\Component\\Console\\Application->doRunCommand()\n#17 /home/forge/taxes.com.ar/vendor/symfony/console/Application.php(175): Symfony\\Component\\Console\\Application->doRun()\n#18 /home/forge/taxes.com.ar/vendor/laravel/framework/src/Illuminate/Foundation/Console/Kernel.php(201): Symfony\\Component\\Console\\Application->run()\n#19 /home/forge/taxes.com.ar/artisan(33): Illuminate\\Foundation\\Console\\Kernel->handle()\n#20 {main}','2025-03-04 16:28:19',NULL);
INSERT INTO `failed_jobs` VALUES (15,NULL,'database','finance','{\"uuid\":\"dd936c6b-36d2-4c5a-a8d2-9a6176ecf74e\",\"displayName\":\"App\\\\Jobs\\\\QueueGenerica\",\"job\":\"Illuminate\\\\Queue\\\\CallQueuedHandler@call\",\"maxTries\":null,\"maxExceptions\":null,\"failOnTimeout\":false,\"backoff\":null,\"timeout\":null,\"retryUntil\":null,\"data\":{\"commandName\":\"App\\\\Jobs\\\\QueueGenerica\",\"command\":\"O:22:\\\"App\\\\Jobs\\\\QueueGenerica\\\":2:{s:28:\\\"\\u0000App\\\\Jobs\\\\QueueGenerica\\u0000data\\\";O:29:\\\"Illuminate\\\\Support\\\\Collection\\\":5:{s:8:\\\"\\u0000*\\u0000items\\\";a:0:{}s:28:\\\"\\u0000*\\u0000escapeWhenCastingToString\\\";b:0;s:11:\\\"controlador\\\";s:50:\\\"\\\\App\\\\Http\\\\Controllers\\\\Sueldo\\\\SyJCalcularController\\\";s:6:\\\"metodo\\\";s:26:\\\"execute_liquidacion_masiva\\\";s:9:\\\"variables\\\";O:29:\\\"Illuminate\\\\Support\\\\Collection\\\":4:{s:8:\\\"\\u0000*\\u0000items\\\";a:0:{}s:28:\\\"\\u0000*\\u0000escapeWhenCastingToString\\\";b:0;s:9:\\\"registros\\\";a:1:{i:0;s:5:\\\"13870\\\";}s:5:\\\"queue\\\";b:1;}}s:5:\\\"queue\\\";s:7:\\\"finance\\\";}\"}}','Illuminate\\Queue\\MaxAttemptsExceededException: App\\Jobs\\QueueGenerica has been attempted too many times. in /home/forge/taxes.com.ar/vendor/laravel/framework/src/Illuminate/Queue/MaxAttemptsExceededException.php:24\nStack trace:\n#0 /home/forge/taxes.com.ar/vendor/laravel/framework/src/Illuminate/Queue/Worker.php(785): Illuminate\\Queue\\MaxAttemptsExceededException::forJob()\n#1 /home/forge/taxes.com.ar/vendor/laravel/framework/src/Illuminate/Queue/Worker.php(519): Illuminate\\Queue\\Worker->maxAttemptsExceededException()\n#2 /home/forge/taxes.com.ar/vendor/laravel/framework/src/Illuminate/Queue/Worker.php(428): Illuminate\\Queue\\Worker->markJobAsFailedIfAlreadyExceedsMaxAttempts()\n#3 /home/forge/taxes.com.ar/vendor/laravel/framework/src/Illuminate/Queue/Worker.php(389): Illuminate\\Queue\\Worker->process()\n#4 /home/forge/taxes.com.ar/vendor/laravel/framework/src/Illuminate/Queue/Worker.php(176): Illuminate\\Queue\\Worker->runJob()\n#5 /home/forge/taxes.com.ar/vendor/laravel/framework/src/Illuminate/Queue/Console/WorkCommand.php(137): Illuminate\\Queue\\Worker->daemon()\n#6 /home/forge/taxes.com.ar/vendor/laravel/framework/src/Illuminate/Queue/Console/WorkCommand.php(120): Illuminate\\Queue\\Console\\WorkCommand->runWorker()\n#7 /home/forge/taxes.com.ar/vendor/laravel/framework/src/Illuminate/Container/BoundMethod.php(36): Illuminate\\Queue\\Console\\WorkCommand->handle()\n#8 /home/forge/taxes.com.ar/vendor/laravel/framework/src/Illuminate/Container/Util.php(41): Illuminate\\Container\\BoundMethod::Illuminate\\Container\\{closure}()\n#9 /home/forge/taxes.com.ar/vendor/laravel/framework/src/Illuminate/Container/BoundMethod.php(93): Illuminate\\Container\\Util::unwrapIfClosure()\n#10 /home/forge/taxes.com.ar/vendor/laravel/framework/src/Illuminate/Container/BoundMethod.php(35): Illuminate\\Container\\BoundMethod::callBoundMethod()\n#11 /home/forge/taxes.com.ar/vendor/laravel/framework/src/Illuminate/Container/Container.php(662): Illuminate\\Container\\BoundMethod::call()\n#12 /home/forge/taxes.com.ar/vendor/laravel/framework/src/Illuminate/Console/Command.php(211): Illuminate\\Container\\Container->call()\n#13 /home/forge/taxes.com.ar/vendor/symfony/console/Command/Command.php(326): Illuminate\\Console\\Command->execute()\n#14 /home/forge/taxes.com.ar/vendor/laravel/framework/src/Illuminate/Console/Command.php(180): Symfony\\Component\\Console\\Command\\Command->run()\n#15 /home/forge/taxes.com.ar/vendor/symfony/console/Application.php(1096): Illuminate\\Console\\Command->run()\n#16 /home/forge/taxes.com.ar/vendor/symfony/console/Application.php(324): Symfony\\Component\\Console\\Application->doRunCommand()\n#17 /home/forge/taxes.com.ar/vendor/symfony/console/Application.php(175): Symfony\\Component\\Console\\Application->doRun()\n#18 /home/forge/taxes.com.ar/vendor/laravel/framework/src/Illuminate/Foundation/Console/Kernel.php(201): Symfony\\Component\\Console\\Application->run()\n#19 /home/forge/taxes.com.ar/artisan(33): Illuminate\\Foundation\\Console\\Kernel->handle()\n#20 {main}','2025-04-06 15:19:39',NULL);
INSERT INTO `failed_jobs` VALUES (16,NULL,'database','finance','{\"uuid\":\"bd9c92fd-3074-4b01-b509-070e223352bf\",\"displayName\":\"App\\\\Jobs\\\\QueueGenerica\",\"job\":\"Illuminate\\\\Queue\\\\CallQueuedHandler@call\",\"maxTries\":null,\"maxExceptions\":null,\"failOnTimeout\":false,\"backoff\":null,\"timeout\":null,\"retryUntil\":null,\"data\":{\"commandName\":\"App\\\\Jobs\\\\QueueGenerica\",\"command\":\"O:22:\\\"App\\\\Jobs\\\\QueueGenerica\\\":2:{s:28:\\\"\\u0000App\\\\Jobs\\\\QueueGenerica\\u0000data\\\";O:29:\\\"Illuminate\\\\Support\\\\Collection\\\":5:{s:8:\\\"\\u0000*\\u0000items\\\";a:0:{}s:28:\\\"\\u0000*\\u0000escapeWhenCastingToString\\\";b:0;s:11:\\\"controlador\\\";s:50:\\\"\\\\App\\\\Http\\\\Controllers\\\\Sueldo\\\\SyJCalcularController\\\";s:6:\\\"metodo\\\";s:26:\\\"execute_liquidacion_masiva\\\";s:9:\\\"variables\\\";O:29:\\\"Illuminate\\\\Support\\\\Collection\\\":4:{s:8:\\\"\\u0000*\\u0000items\\\";a:0:{}s:28:\\\"\\u0000*\\u0000escapeWhenCastingToString\\\";b:0;s:9:\\\"registros\\\";a:2:{i:0;s:5:\\\"13842\\\";i:1;s:5:\\\"13870\\\";}s:5:\\\"queue\\\";b:1;}}s:5:\\\"queue\\\";s:7:\\\"finance\\\";}\"}}','Illuminate\\Queue\\MaxAttemptsExceededException: App\\Jobs\\QueueGenerica has been attempted too many times. in /home/forge/taxes.com.ar/vendor/laravel/framework/src/Illuminate/Queue/MaxAttemptsExceededException.php:24\nStack trace:\n#0 /home/forge/taxes.com.ar/vendor/laravel/framework/src/Illuminate/Queue/Worker.php(785): Illuminate\\Queue\\MaxAttemptsExceededException::forJob()\n#1 /home/forge/taxes.com.ar/vendor/laravel/framework/src/Illuminate/Queue/Worker.php(519): Illuminate\\Queue\\Worker->maxAttemptsExceededException()\n#2 /home/forge/taxes.com.ar/vendor/laravel/framework/src/Illuminate/Queue/Worker.php(428): Illuminate\\Queue\\Worker->markJobAsFailedIfAlreadyExceedsMaxAttempts()\n#3 /home/forge/taxes.com.ar/vendor/laravel/framework/src/Illuminate/Queue/Worker.php(389): Illuminate\\Queue\\Worker->process()\n#4 /home/forge/taxes.com.ar/vendor/laravel/framework/src/Illuminate/Queue/Worker.php(176): Illuminate\\Queue\\Worker->runJob()\n#5 /home/forge/taxes.com.ar/vendor/laravel/framework/src/Illuminate/Queue/Console/WorkCommand.php(137): Illuminate\\Queue\\Worker->daemon()\n#6 /home/forge/taxes.com.ar/vendor/laravel/framework/src/Illuminate/Queue/Console/WorkCommand.php(120): Illuminate\\Queue\\Console\\WorkCommand->runWorker()\n#7 /home/forge/taxes.com.ar/vendor/laravel/framework/src/Illuminate/Container/BoundMethod.php(36): Illuminate\\Queue\\Console\\WorkCommand->handle()\n#8 /home/forge/taxes.com.ar/vendor/laravel/framework/src/Illuminate/Container/Util.php(41): Illuminate\\Container\\BoundMethod::Illuminate\\Container\\{closure}()\n#9 /home/forge/taxes.com.ar/vendor/laravel/framework/src/Illuminate/Container/BoundMethod.php(93): Illuminate\\Container\\Util::unwrapIfClosure()\n#10 /home/forge/taxes.com.ar/vendor/laravel/framework/src/Illuminate/Container/BoundMethod.php(35): Illuminate\\Container\\BoundMethod::callBoundMethod()\n#11 /home/forge/taxes.com.ar/vendor/laravel/framework/src/Illuminate/Container/Container.php(662): Illuminate\\Container\\BoundMethod::call()\n#12 /home/forge/taxes.com.ar/vendor/laravel/framework/src/Illuminate/Console/Command.php(211): Illuminate\\Container\\Container->call()\n#13 /home/forge/taxes.com.ar/vendor/symfony/console/Command/Command.php(326): Illuminate\\Console\\Command->execute()\n#14 /home/forge/taxes.com.ar/vendor/laravel/framework/src/Illuminate/Console/Command.php(180): Symfony\\Component\\Console\\Command\\Command->run()\n#15 /home/forge/taxes.com.ar/vendor/symfony/console/Application.php(1096): Illuminate\\Console\\Command->run()\n#16 /home/forge/taxes.com.ar/vendor/symfony/console/Application.php(324): Symfony\\Component\\Console\\Application->doRunCommand()\n#17 /home/forge/taxes.com.ar/vendor/symfony/console/Application.php(175): Symfony\\Component\\Console\\Application->doRun()\n#18 /home/forge/taxes.com.ar/vendor/laravel/framework/src/Illuminate/Foundation/Console/Kernel.php(201): Symfony\\Component\\Console\\Application->run()\n#19 /home/forge/taxes.com.ar/artisan(33): Illuminate\\Foundation\\Console\\Kernel->handle()\n#20 {main}','2025-04-06 15:23:48',NULL);
INSERT INTO `failed_jobs` VALUES (17,NULL,'database','finance','{\"uuid\":\"58a223f8-a110-4ca5-9dad-31c47587453d\",\"displayName\":\"App\\\\Jobs\\\\QueueGenerica\",\"job\":\"Illuminate\\\\Queue\\\\CallQueuedHandler@call\",\"maxTries\":null,\"maxExceptions\":null,\"failOnTimeout\":false,\"backoff\":null,\"timeout\":null,\"retryUntil\":null,\"data\":{\"commandName\":\"App\\\\Jobs\\\\QueueGenerica\",\"command\":\"O:22:\\\"App\\\\Jobs\\\\QueueGenerica\\\":2:{s:28:\\\"\\u0000App\\\\Jobs\\\\QueueGenerica\\u0000data\\\";O:29:\\\"Illuminate\\\\Support\\\\Collection\\\":5:{s:8:\\\"\\u0000*\\u0000items\\\";a:0:{}s:28:\\\"\\u0000*\\u0000escapeWhenCastingToString\\\";b:0;s:11:\\\"controlador\\\";s:61:\\\"\\\\App\\\\Http\\\\Controllers\\\\Sueldo\\\\LSDExportarLiquidacionController\\\";s:6:\\\"metodo\\\";s:32:\\\"execute_exportar_liquidacion_TXT\\\";s:9:\\\"variables\\\";O:29:\\\"Illuminate\\\\Support\\\\Collection\\\":5:{s:8:\\\"\\u0000*\\u0000items\\\";a:0:{}s:28:\\\"\\u0000*\\u0000escapeWhenCastingToString\\\";b:0;s:7:\\\"request\\\";a:4:{s:14:\\\"liquidacion_id\\\";s:4:\\\"7370\\\";s:9:\\\"person_id\\\";s:5:\\\"56788\\\";s:7:\\\"periodo\\\";s:6:\\\"2025-9\\\";s:18:\\\"numero_liquidacion\\\";s:1:\\\"1\\\";}s:4:\\\"user\\\";O:8:\\\"App\\\\User\\\":31:{s:13:\\\"\\u0000*\\u0000connection\\\";s:9:\\\"seguridad\\\";s:8:\\\"\\u0000*\\u0000table\\\";s:6:\\\"tusers\\\";s:13:\\\"\\u0000*\\u0000primaryKey\\\";s:6:\\\"idUser\\\";s:10:\\\"\\u0000*\\u0000keyType\\\";s:3:\\\"int\\\";s:12:\\\"incrementing\\\";b:1;s:7:\\\"\\u0000*\\u0000with\\\";a:0:{}s:12:\\\"\\u0000*\\u0000withCount\\\";a:0:{}s:19:\\\"preventsLazyLoading\\\";b:0;s:10:\\\"\\u0000*\\u0000perPage\\\";i:15;s:6:\\\"exists\\\";b:1;s:18:\\\"wasRecentlyCreated\\\";b:0;s:28:\\\"\\u0000*\\u0000escapeWhenCastingToString\\\";b:0;s:13:\\\"\\u0000*\\u0000attributes\\\";a:18:{s:6:\\\"idUser\\\";i:2352;s:6:\\\"nombre\\\";s:6:\\\"JIMENA\\\";s:9:\\\"loginUser\\\";s:24:\\\"jimenabuzachut@gmail.com\\\";s:9:\\\"emailUser\\\";s:24:\\\"jimenabuzachut@gmail.com\\\";s:5:\\\"clave\\\";s:9:\\\"Taxes2021\\\";s:9:\\\"claveUser\\\";s:60:\\\"$2y$10$9FGrum0hIYOy\\/MdJSyLF.esi343jiw6lDIf5jCytTLwYn17DvJifi\\\";s:5:\\\"firma\\\";N;s:6:\\\"avatar\\\";N;s:10:\\\"statusUser\\\";i:1;s:9:\\\"api_token\\\";N;s:14:\\\"remember_token\\\";N;s:10:\\\"created_at\\\";s:19:\\\"2021-01-19 10:49:33\\\";s:10:\\\"updated_at\\\";s:19:\\\"2021-01-19 16:02:16\\\";s:12:\\\"user_type_id\\\";i:3;s:18:\\\"es_empresa_externa\\\";i:0;s:15:\\\"suscrip_plan_id\\\";N;s:11:\\\"hidden_menu\\\";i:0;s:7:\\\"importe\\\";N;}s:11:\\\"\\u0000*\\u0000original\\\";a:18:{s:6:\\\"idUser\\\";i:2352;s:6:\\\"nombre\\\";s:6:\\\"JIMENA\\\";s:9:\\\"loginUser\\\";s:24:\\\"jimenabuzachut@gmail.com\\\";s:9:\\\"emailUser\\\";s:24:\\\"jimenabuzachut@gmail.com\\\";s:5:\\\"clave\\\";s:9:\\\"Taxes2021\\\";s:9:\\\"claveUser\\\";s:60:\\\"$2y$10$9FGrum0hIYOy\\/MdJSyLF.esi343jiw6lDIf5jCytTLwYn17DvJifi\\\";s:5:\\\"firma\\\";N;s:6:\\\"avatar\\\";N;s:10:\\\"statusUser\\\";i:1;s:9:\\\"api_token\\\";N;s:14:\\\"remember_token\\\";N;s:10:\\\"created_at\\\";s:19:\\\"2021-01-19 10:49:33\\\";s:10:\\\"updated_at\\\";s:19:\\\"2021-01-19 16:02:16\\\";s:12:\\\"user_type_id\\\";i:3;s:18:\\\"es_empresa_externa\\\";i:0;s:15:\\\"suscrip_plan_id\\\";N;s:11:\\\"hidden_menu\\\";i:0;s:7:\\\"importe\\\";N;}s:10:\\\"\\u0000*\\u0000changes\\\";a:0:{}s:8:\\\"\\u0000*\\u0000casts\\\";a:0:{}s:17:\\\"\\u0000*\\u0000classCastCache\\\";a:0:{}s:21:\\\"\\u0000*\\u0000attributeCastCache\\\";a:0:{}s:13:\\\"\\u0000*\\u0000dateFormat\\\";N;s:10:\\\"\\u0000*\\u0000appends\\\";a:1:{i:0;s:24:\\\"usuario_madre_habilitado\\\";}s:19:\\\"\\u0000*\\u0000dispatchesEvents\\\";a:0:{}s:14:\\\"\\u0000*\\u0000observables\\\";a:0:{}s:12:\\\"\\u0000*\\u0000relations\\\";a:0:{}s:10:\\\"\\u0000*\\u0000touches\\\";a:0:{}s:10:\\\"timestamps\\\";b:1;s:13:\\\"usesUniqueIds\\\";b:0;s:9:\\\"\\u0000*\\u0000hidden\\\";a:4:{i:0;s:8:\\\"password\\\";i:1;s:14:\\\"remember_token\\\";i:2;s:9:\\\"claveUser\\\";i:3;s:5:\\\"clave\\\";}s:10:\\\"\\u0000*\\u0000visible\\\";a:0:{}s:11:\\\"\\u0000*\\u0000fillable\\\";a:12:{i:0;s:6:\\\"nombre\\\";i:1;s:9:\\\"loginUser\\\";i:2;s:9:\\\"emailUser\\\";i:3;s:5:\\\"clave\\\";i:4;s:9:\\\"claveUser\\\";i:5;s:10:\\\"statusUser\\\";i:6;s:12:\\\"user_type_id\\\";i:7;s:5:\\\"firma\\\";i:8;s:15:\\\"suscrip_plan_id\\\";i:9;s:7:\\\"importe\\\";i:10;s:6:\\\"avatar\\\";i:11;s:18:\\\"es_empresa_externa\\\";}s:10:\\\"\\u0000*\\u0000guarded\\\";a:1:{i:0;s:1:\\\"*\\\";}s:20:\\\"\\u0000*\\u0000rememberTokenName\\\";s:14:\\\"remember_token\\\";}s:12:\\\"path_of_file\\\";O:21:\\\"App\\\\Models\\\\PathOfFile\\\":31:{s:13:\\\"\\u0000*\\u0000connection\\\";s:7:\\\"finance\\\";s:8:\\\"\\u0000*\\u0000table\\\";s:12:\\\"path_of_file\\\";s:13:\\\"\\u0000*\\u0000primaryKey\\\";s:2:\\\"id\\\";s:10:\\\"\\u0000*\\u0000keyType\\\";s:3:\\\"int\\\";s:12:\\\"incrementing\\\";b:1;s:7:\\\"\\u0000*\\u0000with\\\";a:0:{}s:12:\\\"\\u0000*\\u0000withCount\\\";a:0:{}s:19:\\\"preventsLazyLoading\\\";b:0;s:10:\\\"\\u0000*\\u0000perPage\\\";i:15;s:6:\\\"exists\\\";b:1;s:18:\\\"wasRecentlyCreated\\\";b:1;s:28:\\\"\\u0000*\\u0000escapeWhenCastingToString\\\";b:0;s:13:\\\"\\u0000*\\u0000attributes\\\";a:6:{s:9:\\\"person_id\\\";i:56788;s:7:\\\"user_id\\\";i:2352;s:20:\\\"path_of_file_name_id\\\";i:14;s:10:\\\"updated_at\\\";s:19:\\\"2025-10-01 16:32:44\\\";s:10:\\\"created_at\\\";s:19:\\\"2025-10-01 16:32:44\\\";s:2:\\\"id\\\";i:5593;}s:11:\\\"\\u0000*\\u0000original\\\";a:6:{s:9:\\\"person_id\\\";i:56788;s:7:\\\"user_id\\\";i:2352;s:20:\\\"path_of_file_name_id\\\";i:14;s:10:\\\"updated_at\\\";s:19:\\\"2025-10-01 16:32:44\\\";s:10:\\\"created_at\\\";s:19:\\\"2025-10-01 16:32:44\\\";s:2:\\\"id\\\";i:5593;}s:10:\\\"\\u0000*\\u0000changes\\\";a:0:{}s:8:\\\"\\u0000*\\u0000casts\\\";a:1:{s:10:\\\"deleted_at\\\";s:8:\\\"datetime\\\";}s:17:\\\"\\u0000*\\u0000classCastCache\\\";a:0:{}s:21:\\\"\\u0000*\\u0000attributeCastCache\\\";a:0:{}s:13:\\\"\\u0000*\\u0000dateFormat\\\";N;s:10:\\\"\\u0000*\\u0000appends\\\";a:0:{}s:19:\\\"\\u0000*\\u0000dispatchesEvents\\\";a:0:{}s:14:\\\"\\u0000*\\u0000observables\\\";a:0:{}s:12:\\\"\\u0000*\\u0000relations\\\";a:0:{}s:10:\\\"\\u0000*\\u0000touches\\\";a:0:{}s:10:\\\"timestamps\\\";b:1;s:13:\\\"usesUniqueIds\\\";b:0;s:9:\\\"\\u0000*\\u0000hidden\\\";a:0:{}s:10:\\\"\\u0000*\\u0000visible\\\";a:0:{}s:11:\\\"\\u0000*\\u0000fillable\\\";a:0:{}s:10:\\\"\\u0000*\\u0000guarded\\\";a:0:{}s:16:\\\"\\u0000*\\u0000forceDeleting\\\";b:0;}}}s:5:\\\"queue\\\";s:7:\\\"finance\\\";}\"}}','Illuminate\\Queue\\MaxAttemptsExceededException: App\\Jobs\\QueueGenerica has been attempted too many times. in /home/forge/taxes.com.ar/vendor/laravel/framework/src/Illuminate/Queue/MaxAttemptsExceededException.php:24\nStack trace:\n#0 /home/forge/taxes.com.ar/vendor/laravel/framework/src/Illuminate/Queue/Worker.php(785): Illuminate\\Queue\\MaxAttemptsExceededException::forJob()\n#1 /home/forge/taxes.com.ar/vendor/laravel/framework/src/Illuminate/Queue/Worker.php(519): Illuminate\\Queue\\Worker->maxAttemptsExceededException()\n#2 /home/forge/taxes.com.ar/vendor/laravel/framework/src/Illuminate/Queue/Worker.php(428): Illuminate\\Queue\\Worker->markJobAsFailedIfAlreadyExceedsMaxAttempts()\n#3 /home/forge/taxes.com.ar/vendor/laravel/framework/src/Illuminate/Queue/Worker.php(389): Illuminate\\Queue\\Worker->process()\n#4 /home/forge/taxes.com.ar/vendor/laravel/framework/src/Illuminate/Queue/Worker.php(176): Illuminate\\Queue\\Worker->runJob()\n#5 /home/forge/taxes.com.ar/vendor/laravel/framework/src/Illuminate/Queue/Console/WorkCommand.php(137): Illuminate\\Queue\\Worker->daemon()\n#6 /home/forge/taxes.com.ar/vendor/laravel/framework/src/Illuminate/Queue/Console/WorkCommand.php(120): Illuminate\\Queue\\Console\\WorkCommand->runWorker()\n#7 /home/forge/taxes.com.ar/vendor/laravel/framework/src/Illuminate/Container/BoundMethod.php(36): Illuminate\\Queue\\Console\\WorkCommand->handle()\n#8 /home/forge/taxes.com.ar/vendor/laravel/framework/src/Illuminate/Container/Util.php(41): Illuminate\\Container\\BoundMethod::Illuminate\\Container\\{closure}()\n#9 /home/forge/taxes.com.ar/vendor/laravel/framework/src/Illuminate/Container/BoundMethod.php(93): Illuminate\\Container\\Util::unwrapIfClosure()\n#10 /home/forge/taxes.com.ar/vendor/laravel/framework/src/Illuminate/Container/BoundMethod.php(35): Illuminate\\Container\\BoundMethod::callBoundMethod()\n#11 /home/forge/taxes.com.ar/vendor/laravel/framework/src/Illuminate/Container/Container.php(662): Illuminate\\Container\\BoundMethod::call()\n#12 /home/forge/taxes.com.ar/vendor/laravel/framework/src/Illuminate/Console/Command.php(211): Illuminate\\Container\\Container->call()\n#13 /home/forge/taxes.com.ar/vendor/symfony/console/Command/Command.php(326): Illuminate\\Console\\Command->execute()\n#14 /home/forge/taxes.com.ar/vendor/laravel/framework/src/Illuminate/Console/Command.php(180): Symfony\\Component\\Console\\Command\\Command->run()\n#15 /home/forge/taxes.com.ar/vendor/symfony/console/Application.php(1096): Illuminate\\Console\\Command->run()\n#16 /home/forge/taxes.com.ar/vendor/symfony/console/Application.php(324): Symfony\\Component\\Console\\Application->doRunCommand()\n#17 /home/forge/taxes.com.ar/vendor/symfony/console/Application.php(175): Symfony\\Component\\Console\\Application->doRun()\n#18 /home/forge/taxes.com.ar/vendor/laravel/framework/src/Illuminate/Foundation/Console/Kernel.php(201): Symfony\\Component\\Console\\Application->run()\n#19 /home/forge/taxes.com.ar/artisan(33): Illuminate\\Foundation\\Console\\Kernel->handle()\n#20 {main}','2025-10-01 16:34:16',NULL);

--
-- Table structure for table `faq`
--

CREATE TABLE `faq` (
  `id` int(10) unsigned NOT NULL AUTO_INCREMENT,
  `pregunta` longtext COLLATE utf8mb4_unicode_ci NOT NULL,
  `respuesta` longtext COLLATE utf8mb4_unicode_ci NOT NULL,
  `habilitado` tinyint(1) NOT NULL DEFAULT '1',
  `created_at` timestamp NULL DEFAULT NULL,
  `updated_at` timestamp NULL DEFAULT NULL,
  `deleted_at` timestamp NULL DEFAULT NULL,
  PRIMARY KEY (`id`)
) ENGINE=InnoDB DEFAULT CHARSET=utf8mb4 COLLATE=utf8mb4_unicode_ci;

--
-- Dumping data for table `faq`
--


--
-- Table structure for table `file_upload_details`
--

CREATE TABLE `file_upload_details` (
  `id` int(10) unsigned NOT NULL AUTO_INCREMENT,
  `file_upload_id` int(10) unsigned NOT NULL,
  `detail` longtext COLLATE utf8mb4_unicode_ci NOT NULL,
  `created_at` timestamp NULL DEFAULT NULL,
  `updated_at` timestamp NULL DEFAULT NULL,
  PRIMARY KEY (`id`),
  KEY `file_upload_details_file_upload_id_foreign` (`file_upload_id`),
  CONSTRAINT `file_upload_details_file_upload_id_foreign` FOREIGN KEY (`file_upload_id`) REFERENCES `file_uploads` (`id`)
) ENGINE=InnoDB DEFAULT CHARSET=utf8mb4 COLLATE=utf8mb4_unicode_ci;

--
-- Dumping data for table `file_upload_details`
--


--
-- Table structure for table `file_uploads`
--

CREATE TABLE `file_uploads` (
  `id` int(10) unsigned NOT NULL AUTO_INCREMENT,
  `data_type_id` int(10) unsigned NOT NULL,
  `user_id` int(10) unsigned NOT NULL,
  `person_id` int(10) unsigned NOT NULL,
  `period_id` int(10) unsigned DEFAULT NULL,
  `path` varchar(255) COLLATE utf8mb4_unicode_ci NOT NULL,
  `status` int(10) unsigned NOT NULL DEFAULT '1',
  `created_at` timestamp NULL DEFAULT NULL,
  `updated_at` timestamp NULL DEFAULT NULL,
  PRIMARY KEY (`id`),
  KEY `file_uploads_data_type_id_foreign` (`data_type_id`),
  KEY `file_uploads_user_id_foreign` (`user_id`),
  KEY `file_uploads_person_id_foreign` (`person_id`),
  KEY `file_uploads_period_id_foreign` (`period_id`),
  CONSTRAINT `file_uploads_data_type_id_foreign` FOREIGN KEY (`data_type_id`) REFERENCES `data_types` (`id`),
  CONSTRAINT `file_uploads_period_id_foreign` FOREIGN KEY (`period_id`) REFERENCES `periods` (`id`),
  CONSTRAINT `file_uploads_person_id_foreign` FOREIGN KEY (`person_id`) REFERENCES `persons` (`id`),
  CONSTRAINT `file_uploads_user_id_foreign` FOREIGN KEY (`user_id`) REFERENCES `tusers` (`idUser`)
) ENGINE=InnoDB DEFAULT CHARSET=utf8mb4 COLLATE=utf8mb4_unicode_ci;

--
-- Dumping data for table `file_uploads`
--


--
-- Table structure for table `forma_de_entrega`
--

CREATE TABLE `forma_de_entrega` (
  `id` bigint(20) unsigned NOT NULL AUTO_INCREMENT,
  `user_id` int(10) unsigned DEFAULT NULL,
  `person_id` int(10) unsigned NOT NULL,
  `descripcion` text COLLATE utf8mb4_unicode_ci NOT NULL,
  `detalle` longtext COLLATE utf8mb4_unicode_ci,
  `habilitado` tinyint(1) NOT NULL DEFAULT '1',
  `created_at` timestamp NULL DEFAULT NULL,
  `updated_at` timestamp NULL DEFAULT NULL,
  `deleted_at` timestamp NULL DEFAULT NULL,
  PRIMARY KEY (`id`),
  KEY `forma_de_entrega_person_id_foreign` (`person_id`),
  CONSTRAINT `forma_de_entrega_person_id_foreign` FOREIGN KEY (`person_id`) REFERENCES `persons` (`id`)
) ENGINE=InnoDB DEFAULT CHARSET=utf8mb4 COLLATE=utf8mb4_unicode_ci;

--
-- Dumping data for table `forma_de_entrega`
--


--
-- Table structure for table `ganan_art_90`
--

CREATE TABLE `ganan_art_90` (
  `id` int(10) unsigned NOT NULL AUTO_INCREMENT,
  `anio` int(10) unsigned NOT NULL,
  `desde` decimal(16,2) NOT NULL DEFAULT '0.00',
  `hasta` decimal(16,2) NOT NULL DEFAULT '0.00',
  `impuesto` decimal(16,2) NOT NULL DEFAULT '0.00',
  `mas_porcentaje` decimal(16,2) NOT NULL DEFAULT '0.00',
  `excedente` decimal(16,2) NOT NULL DEFAULT '0.00',
  `created_at` timestamp NULL DEFAULT NULL,
  `updated_at` timestamp NULL DEFAULT NULL,
  `deleted_at` timestamp NULL DEFAULT NULL,
  PRIMARY KEY (`id`)
) ENGINE=InnoDB AUTO_INCREMENT=91 DEFAULT CHARSET=utf8mb4 COLLATE=utf8mb4_unicode_ci;

--
-- Dumping data for table `ganan_art_90`
--

INSERT INTO `ganan_art_90` VALUES (1,2017,0.00,20000.00,0.00,0.05,0.00,'2019-11-15 13:24:27','2019-11-15 13:24:27',NULL),(2,2017,20000.00,40000.00,1000.00,0.09,20000.00,'2019-11-15 13:24:27','2019-11-15 13:24:27',NULL),(3,2017,40000.00,60000.00,2800.00,0.12,40000.00,'2019-11-15 13:24:27','2019-11-15 13:24:27',NULL),(4,2017,60000.00,80000.00,5200.00,0.15,60000.00,'2019-11-15 13:24:27','2019-11-15 13:24:27',NULL),(5,2017,80000.00,120000.00,8200.00,0.19,80000.00,'2019-11-15 13:24:27','2019-11-15 13:24:27',NULL),(6,2017,120000.00,160000.00,15800.00,0.23,120000.00,'2019-11-15 13:24:27','2019-11-15 13:24:27',NULL),(7,2017,160000.00,240000.00,25000.00,0.27,160000.00,'2019-11-15 13:24:27','2019-11-15 13:24:27',NULL),(8,2017,240000.00,320000.00,46600.00,0.31,240000.00,'2019-11-15 13:24:27','2019-11-15 13:24:27',NULL),(9,2017,320000.00,999999999.99,71400.00,0.35,320000.00,'2019-11-15 13:24:27','2019-11-15 13:24:27',NULL),(10,2018,0.00,25754.00,0.00,0.05,0.00,'2019-11-15 13:24:27','2019-11-15 13:24:27',NULL),(11,2018,25754.00,51508.00,1287.70,0.09,25754.00,'2019-11-15 13:24:27','2019-11-15 13:24:27',NULL),(12,2018,51508.00,77262.00,3605.56,0.12,51508.00,'2019-11-15 13:24:27','2019-11-15 13:24:27',NULL),(13,2018,77262.00,103016.00,6696.04,0.15,77262.00,'2019-11-15 13:24:27','2019-11-15 13:24:27',NULL),(14,2018,103016.00,154524.00,10559.14,0.19,103016.00,'2019-11-15 13:24:27','2019-11-15 13:24:27',NULL),(15,2018,154524.00,206032.00,20345.66,0.23,154524.00,'2019-11-15 13:24:27','2019-11-15 13:24:27',NULL),(16,2018,206032.00,309048.00,32192.50,0.27,206032.00,'2019-11-15 13:24:27','2019-11-15 13:24:27',NULL),(17,2018,309048.00,412064.00,60006.82,0.31,309048.00,'2019-11-15 13:24:27','2019-11-15 13:24:27',NULL),(18,2018,412064.00,999999999.99,91941.78,0.35,412064.00,'2019-11-15 13:24:27','2019-11-15 13:24:27',NULL),(19,2019,0.00,33039.81,0.00,0.05,0.00,'2019-11-15 13:24:27','2019-11-15 13:24:27',NULL),(20,2019,33039.81,66079.61,1651.99,0.09,33039.81,'2019-11-15 13:24:27','2019-11-15 13:24:27',NULL),(21,2019,66079.61,99119.42,4625.57,0.12,66079.61,'2019-11-15 13:24:27','2019-11-15 13:24:27',NULL),(22,2019,99119.42,132159.23,8590.35,0.15,99119.42,'2019-11-15 13:24:27','2019-11-15 13:24:27',NULL),(23,2019,132159.23,198238.84,13546.32,0.19,132159.23,'2019-11-15 13:24:27','2019-11-15 13:24:27',NULL),(24,2019,198238.84,264318.45,26101.45,0.23,198238.84,'2019-11-15 13:24:27','2019-11-15 13:24:27',NULL),(25,2019,264318.45,396477.68,41299.76,0.27,264318.45,'2019-11-15 13:24:27','2019-11-15 13:24:27',NULL),(26,2019,396477.68,528636.91,76982.75,0.31,396477.68,'2019-11-15 13:24:27','2019-11-15 13:24:27',NULL),(27,2019,528636.91,999999999.99,117952.11,0.35,528636.91,'2019-11-15 13:24:27','2019-11-15 13:24:27',NULL),(28,2016,0.00,10000.00,0.00,0.09,0.00,'2020-01-28 13:48:34','2020-02-27 02:59:44',NULL),(29,2016,10000.00,20000.00,900.00,0.14,10000.00,'2020-01-28 13:48:34','2020-02-27 02:59:44',NULL),(30,2016,20000.00,30000.00,2300.00,0.19,20000.00,'2020-01-28 13:48:34','2020-02-27 02:59:44',NULL),(31,2016,30000.00,60000.00,4200.00,0.23,30000.00,'2020-01-28 13:48:34','2020-02-27 02:59:44',NULL),(32,2016,60000.00,90000.00,11100.00,0.27,60000.00,'2020-01-28 13:48:34','2020-02-27 02:59:44',NULL),(33,2016,90000.00,120000.00,19200.00,0.31,90000.00,'2020-01-28 13:48:34','2020-02-27 02:59:44',NULL),(34,2016,120000.00,999999999.00,28500.00,0.35,120000.00,'2020-01-28 13:48:34','2020-02-27 02:59:44',NULL),(37,2020,0.00,47669.16,0.00,0.05,0.00,'2020-01-28 14:17:39','2020-01-28 14:17:39',NULL),(38,2020,47669.16,95338.32,2383.46,0.09,47669.16,'2020-01-28 14:17:39','2020-01-28 14:17:39',NULL),(39,2020,95338.32,143007.48,6673.68,0.12,95338.32,'2020-01-28 14:17:39','2020-01-28 14:17:39',NULL),(40,2020,143007.48,190676.65,12393.98,0.15,143007.48,'2020-01-28 14:17:39','2020-01-28 14:17:39',NULL),(41,2020,190676.65,286014.96,19544.36,0.19,190676.65,'2020-01-28 14:17:39','2023-02-16 08:52:54',NULL),(42,2020,286014.96,381353.28,37658.64,0.23,286014.96,'2020-01-28 14:17:39','2020-01-28 14:17:39',NULL);
INSERT INTO `ganan_art_90` VALUES (43,2020,381353.28,572029.92,59586.45,0.27,381353.28,'2020-01-28 14:17:39','2020-01-28 14:17:39',NULL),(44,2020,572029.92,762706.57,111069.14,0.31,572029.92,'2020-01-28 14:17:39','2020-01-28 14:17:39',NULL),(45,2020,762706.57,999999999.99,170178.90,0.35,762706.57,'2020-01-28 14:17:39','2020-01-28 14:17:39',NULL),(46,2021,0.00,64532.64,0.00,0.05,0.00,'2023-02-16 08:52:55','2023-02-16 08:52:55',NULL),(47,2021,64532.64,129065.29,3226.63,0.09,64532.64,'2023-02-16 08:52:55','2023-02-16 08:52:55',NULL),(48,2021,129065.29,193597.93,9034.57,0.12,129065.29,'2023-02-16 08:52:55','2023-02-16 08:52:55',NULL),(49,2021,193597.93,258130.58,16778.49,0.15,193597.93,'2023-02-16 08:52:55','2023-02-16 08:52:55',NULL),(50,2021,258130.58,387195.86,26458.39,0.19,258130.58,'2023-02-16 08:52:55','2023-02-16 08:52:55',NULL),(51,2021,387195.86,516261.14,50980.79,0.23,387195.86,'2023-02-16 08:52:55','2023-02-16 08:53:02',NULL),(52,2021,516261.14,774391.71,80665.80,0.27,516261.14,'2023-02-16 08:52:55','2023-02-16 08:52:55',NULL),(53,2021,774391.71,1032522.30,150361.06,0.31,774391.71,'2023-02-16 08:52:55','2023-02-16 08:52:55',NULL),(54,2021,1032522.30,999999999.99,230381.54,0.35,1032522.30,'2023-02-16 08:52:55','2023-02-16 08:52:55',NULL),(55,2022,0.00,97201.99,0.00,0.05,0.00,'2023-02-16 08:52:58','2023-02-16 08:52:59',NULL),(56,2022,97201.99,194404.01,4860.10,0.09,97201.99,'2023-02-16 08:52:58','2023-02-16 08:52:58',NULL),(57,2022,194404.01,291606.01,13608.29,0.12,194404.01,'2023-02-16 08:52:58','2023-02-16 08:52:58',NULL),(58,2022,291606.01,388808.02,25272.52,0.15,291606.01,'2023-02-16 08:52:58','2023-02-16 08:52:58',NULL),(59,2022,388808.02,583212.02,39852.82,0.19,388808.02,'2023-02-16 08:52:58','2023-02-16 08:52:58',NULL),(60,2022,583212.02,777616.02,76789.59,0.23,583212.02,'2023-02-16 08:52:58','2023-02-16 08:52:58',NULL),(61,2022,777616.02,1166424.03,121502.49,0.27,777616.02,'2023-02-16 08:52:58','2023-02-16 08:52:58',NULL),(62,2022,1166424.03,1555232.07,226480.67,0.31,1166424.03,'2023-02-16 08:52:58','2023-02-16 08:52:58',NULL),(63,2022,1555232.07,999999999.99,347011.15,0.35,1555232.07,'2023-02-16 08:52:58','2023-06-27 11:03:46',NULL),(64,2023,0.00,1400000.00,0.00,0.00,0.00,'2023-02-16 08:53:04','2023-09-25 22:22:01',NULL),(65,2023,1400000.00,1526000.00,0.00,0.09,1400000.00,'2023-02-16 08:53:04','2023-09-25 22:22:01',NULL),(66,2023,1526000.00,1648080.00,11340.00,0.12,1526000.00,'2023-02-16 08:53:04','2023-09-25 22:22:01',NULL),(67,2023,1648080.00,1763445.60,25989.60,0.15,1648080.00,'2023-02-16 08:53:04','2023-09-25 22:22:01',NULL),(68,2023,1763445.60,1869252.34,43294.44,0.19,1763445.60,'2023-02-16 08:53:04','2023-09-25 22:22:01',NULL),(69,2023,1869252.34,1962714.95,63397.72,0.23,1869252.34,'2023-02-16 08:53:04','2023-09-25 22:22:01',NULL),(70,2023,1962714.95,2041223.55,84894.12,0.27,1962714.95,'2023-02-16 08:53:04','2023-09-25 22:22:01',NULL),(71,2023,2041223.55,2102460.26,106091.44,0.31,2041223.55,'2023-02-16 08:53:04','2023-09-25 22:22:01',NULL),(72,2023,2102460.26,999999999.00,125074.82,0.35,2102460.26,'2023-02-16 08:53:04','2023-09-25 22:22:01',NULL),(73,2024,0.00,1360200.00,0.00,0.05,0.00,NULL,NULL,NULL),(74,2024,1360200.00,2720400.00,68010.00,0.09,1360200.00,NULL,NULL,NULL),(75,2024,2720400.00,4080600.00,190428.00,0.12,2720400.00,NULL,NULL,NULL),(76,2024,4080600.00,6120900.00,353652.00,0.15,4080600.00,NULL,NULL,NULL),(77,2024,6120900.00,12241800.00,659697.00,0.19,6120900.00,NULL,NULL,NULL),(78,2024,12241800.00,18362700.00,1822668.00,0.23,12241800.00,NULL,NULL,NULL),(79,2024,18362700.00,27544050.00,3230475.00,0.27,18362700.00,NULL,NULL,NULL),(80,2024,27544050.00,41316075.00,5709439.50,0.31,27544050.00,NULL,NULL,NULL),(81,2024,41316075.00,9999999999.00,9978767.25,0.35,41316075.00,NULL,NULL,NULL),(82,2025,0.00,1520371.67,0.00,0.05,0.00,NULL,NULL,NULL),(83,2025,1520371.67,3040743.34,76018.58,0.09,1520371.67,NULL,NULL,NULL),(84,2025,3040743.34,4561115.01,212852.03,0.12,3040743.34,NULL,NULL,NULL);
INSERT INTO `ganan_art_90` VALUES (85,2025,4561115.01,6841672.52,395296.63,0.15,4561115.01,NULL,NULL,NULL),(86,2025,6841672.52,13683345.04,737380.26,0.19,6841672.52,NULL,NULL,NULL),(87,2025,13683345.04,20525017.56,2037298.04,0.23,13683345.04,NULL,NULL,NULL),(88,2025,20525017.56,30787526.34,3610882.72,0.27,20525017.56,NULL,NULL,NULL),(89,2025,30787526.34,46181289.52,6381760.09,0.31,30787526.34,NULL,NULL,NULL),(90,2025,46181289.52,999999999999.00,11153826.67,0.35,46181289.52,NULL,NULL,NULL);

--
-- Table structure for table `ganan_categorias`
--

CREATE TABLE `ganan_categorias` (
  `id` int(10) unsigned NOT NULL AUTO_INCREMENT,
  `nombre` varchar(191) COLLATE utf8mb4_unicode_ci NOT NULL,
  `status` tinyint(1) NOT NULL DEFAULT '1',
  `created_at` timestamp NULL DEFAULT NULL,
  `updated_at` timestamp NULL DEFAULT NULL,
  `deleted_at` timestamp NULL DEFAULT NULL,
  PRIMARY KEY (`id`)
) ENGINE=InnoDB AUTO_INCREMENT=5 DEFAULT CHARSET=utf8mb4 COLLATE=utf8mb4_unicode_ci;

--
-- Dumping data for table `ganan_categorias`
--

INSERT INTO `ganan_categorias` VALUES (1,'Primera',1,'2019-11-15 13:24:28','2019-11-15 13:24:28',NULL),(2,'Segunda',1,'2019-11-15 13:24:28','2019-11-15 13:24:28',NULL),(3,'Tercera',1,'2019-11-15 13:24:28','2019-11-15 13:24:28',NULL),(4,'Cuarta',1,'2019-11-15 13:24:28','2019-11-15 13:24:28',NULL);

--
-- Table structure for table `ganan_conceptos_anticipos`
--

CREATE TABLE `ganan_conceptos_anticipos` (
  `id` int(10) unsigned NOT NULL AUTO_INCREMENT,
  `user_id` int(10) unsigned DEFAULT NULL,
  `nombre` varchar(191) COLLATE utf8mb4_unicode_ci NOT NULL,
  `status` tinyint(1) NOT NULL DEFAULT '1',
  `created_at` timestamp NULL DEFAULT NULL,
  `updated_at` timestamp NULL DEFAULT NULL,
  `deleted_at` timestamp NULL DEFAULT NULL,
  PRIMARY KEY (`id`),
  UNIQUE KEY `ganan_conceptos_anticipos_nombre_unique` (`nombre`)
) ENGINE=InnoDB AUTO_INCREMENT=4 DEFAULT CHARSET=utf8mb4 COLLATE=utf8mb4_unicode_ci;

--
-- Dumping data for table `ganan_conceptos_anticipos`
--

INSERT INTO `ganan_conceptos_anticipos` VALUES (1,NULL,'Anticipos',1,'2019-11-15 13:24:27','2019-11-15 13:24:27',NULL),(2,NULL,'Retenciones y Percepciones',1,'2019-11-15 13:24:27','2019-11-15 13:24:27',NULL),(3,NULL,'Saldo a Favor Anterior',1,'2019-11-15 13:24:27','2019-11-15 13:24:27',NULL);

--
-- Table structure for table `ganan_ddjj_detail_anticipos`
--

CREATE TABLE `ganan_ddjj_detail_anticipos` (
  `id` int(10) unsigned NOT NULL AUTO_INCREMENT,
  `user_id` int(10) unsigned DEFAULT NULL,
  `ganan_ddjj_id` int(10) unsigned NOT NULL,
  `person_id` int(10) unsigned NOT NULL,
  `ganan_concepto_anticipo_id` int(10) unsigned NOT NULL,
  `importe` decimal(16,2) NOT NULL DEFAULT '0.00',
  `created_at` timestamp NULL DEFAULT NULL,
  `updated_at` timestamp NULL DEFAULT NULL,
  `deleted_at` timestamp NULL DEFAULT NULL,
  PRIMARY KEY (`id`),
  KEY `ganan_ddjj_detail_anticipos_ganan_ddjj_id_foreign` (`ganan_ddjj_id`),
  KEY `ganan_ddjj_detail_anticipos_person_id_foreign` (`person_id`),
  KEY `ganan_ddjj_detail_anticipos_ganan_concepto_anticipo_id_foreign` (`ganan_concepto_anticipo_id`),
  CONSTRAINT `ganan_ddjj_detail_anticipos_ganan_concepto_anticipo_id_foreign` FOREIGN KEY (`ganan_concepto_anticipo_id`) REFERENCES `ganan_conceptos_anticipos` (`id`),
  CONSTRAINT `ganan_ddjj_detail_anticipos_ganan_ddjj_id_foreign` FOREIGN KEY (`ganan_ddjj_id`) REFERENCES `ganan_ddjjs` (`id`),
  CONSTRAINT `ganan_ddjj_detail_anticipos_person_id_foreign` FOREIGN KEY (`person_id`) REFERENCES `persons` (`id`)
) ENGINE=InnoDB AUTO_INCREMENT=7 DEFAULT CHARSET=utf8mb4 COLLATE=utf8mb4_unicode_ci;

--
-- Dumping data for table `ganan_ddjj_detail_anticipos`
--

INSERT INTO `ganan_ddjj_detail_anticipos` VALUES (1,8522,1,40718,1,0.00,'2023-03-01 22:21:44','2023-03-01 22:21:44',NULL),(2,8522,1,40718,2,0.00,'2023-03-01 22:21:44','2023-03-01 22:21:44',NULL),(3,8522,1,40718,3,0.00,'2023-03-01 22:21:44','2023-03-01 22:21:44',NULL),(4,8779,2,40815,1,0.00,'2025-02-17 22:19:45','2025-02-17 22:19:45',NULL),(5,8779,2,40815,2,0.00,'2025-02-17 22:19:45','2025-02-17 22:19:45',NULL),(6,8779,2,40815,3,0.00,'2025-02-17 22:19:45','2025-02-17 22:19:45',NULL);

--
-- Table structure for table `ganan_ddjj_detail_deducciones`
--

CREATE TABLE `ganan_ddjj_detail_deducciones` (
  `id` int(10) unsigned NOT NULL AUTO_INCREMENT,
  `user_id` int(10) unsigned DEFAULT NULL,
  `ganan_ddjj_id` int(10) unsigned NOT NULL,
  `person_id` int(10) unsigned NOT NULL,
  `ganan_deduccion_id` int(10) unsigned NOT NULL,
  `importe` decimal(16,2) NOT NULL DEFAULT '0.00',
  `comentario` varchar(191) COLLATE utf8mb4_unicode_ci DEFAULT NULL,
  `created_at` timestamp NULL DEFAULT NULL,
  `updated_at` timestamp NULL DEFAULT NULL,
  `deleted_at` timestamp NULL DEFAULT NULL,
  PRIMARY KEY (`id`),
  KEY `ganan_ddjj_detail_deducciones_ganan_ddjj_id_foreign` (`ganan_ddjj_id`),
  KEY `ganan_ddjj_detail_deducciones_person_id_foreign` (`person_id`),
  KEY `ganan_ddjj_detail_deducciones_ganan_deduccion_id_foreign` (`ganan_deduccion_id`),
  CONSTRAINT `ganan_ddjj_detail_deducciones_ganan_ddjj_id_foreign` FOREIGN KEY (`ganan_ddjj_id`) REFERENCES `ganan_ddjjs` (`id`),
  CONSTRAINT `ganan_ddjj_detail_deducciones_ganan_deduccion_id_foreign` FOREIGN KEY (`ganan_deduccion_id`) REFERENCES `ganan_deducciones` (`id`),
  CONSTRAINT `ganan_ddjj_detail_deducciones_person_id_foreign` FOREIGN KEY (`person_id`) REFERENCES `persons` (`id`)
) ENGINE=InnoDB AUTO_INCREMENT=39 DEFAULT CHARSET=utf8mb4 COLLATE=utf8mb4_unicode_ci;

--
-- Dumping data for table `ganan_ddjj_detail_deducciones`
--

INSERT INTO `ganan_ddjj_detail_deducciones` VALUES (1,8522,1,40718,110,323232.32,NULL,'2023-03-01 22:21:44','2023-03-01 22:21:44',NULL),(2,8522,1,40718,111,0.00,NULL,'2023-03-01 22:21:44','2023-03-01 22:21:44',NULL),(3,8522,1,40718,112,0.00,NULL,'2023-03-01 22:21:44','2023-03-01 22:21:44',NULL),(4,8522,1,40718,113,0.00,NULL,'2023-03-01 22:21:44','2023-03-01 22:21:44',NULL),(5,8522,1,40718,114,0.00,NULL,'2023-03-01 22:21:44','2023-03-01 22:21:44',NULL),(6,8522,1,40718,115,0.00,NULL,'2023-03-01 22:21:44','2023-03-01 22:21:44',NULL),(7,8522,1,40718,116,0.00,NULL,'2023-03-01 22:21:44','2023-03-01 22:21:44',NULL),(8,8522,1,40718,117,0.00,NULL,'2023-03-01 22:21:44','2023-03-01 22:21:44',NULL),(9,8522,1,40718,118,0.00,NULL,'2023-03-01 22:21:44','2023-03-01 22:21:44',NULL),(10,8522,1,40718,119,0.00,NULL,'2023-03-01 22:21:44','2023-03-01 22:21:44',NULL),(11,8522,1,40718,120,0.00,NULL,'2023-03-01 22:21:44','2023-03-01 22:21:44',NULL),(12,8522,1,40718,121,0.00,NULL,'2023-03-01 22:21:44','2023-03-01 22:21:44',NULL),(13,8522,1,40718,122,0.00,NULL,'2023-03-01 22:21:44','2023-03-01 22:21:44',NULL),(14,8522,1,40718,123,0.00,NULL,'2023-03-01 22:21:44','2023-03-01 22:21:44',NULL),(15,8522,1,40718,124,0.00,NULL,'2023-03-01 22:21:44','2023-03-01 22:21:44',NULL),(16,8522,1,40718,125,0.00,NULL,'2023-03-01 22:21:44','2023-03-01 22:21:44',NULL),(17,8522,1,40718,126,0.00,NULL,'2023-03-01 22:21:44','2023-03-01 22:21:44',NULL),(18,8522,1,40718,127,0.00,NULL,'2023-03-01 22:21:44','2023-03-01 22:21:44',NULL),(19,8522,1,40718,150,0.00,NULL,'2023-03-01 22:21:44','2023-03-01 22:21:44',NULL),(20,8779,2,40815,110,0.00,NULL,'2025-02-17 22:19:45','2025-02-17 22:19:45',NULL),(21,8779,2,40815,111,0.00,NULL,'2025-02-17 22:19:45','2025-02-17 22:19:45',NULL),(22,8779,2,40815,112,0.00,NULL,'2025-02-17 22:19:45','2025-02-17 22:19:45',NULL),(23,8779,2,40815,113,0.00,NULL,'2025-02-17 22:19:45','2025-02-17 22:19:45',NULL),(24,8779,2,40815,114,0.00,NULL,'2025-02-17 22:19:45','2025-02-17 22:19:45',NULL),(25,8779,2,40815,115,0.00,NULL,'2025-02-17 22:19:45','2025-02-17 22:19:45',NULL),(26,8779,2,40815,116,0.00,NULL,'2025-02-17 22:19:45','2025-02-17 22:19:45',NULL),(27,8779,2,40815,117,0.00,NULL,'2025-02-17 22:19:45','2025-02-17 22:19:45',NULL),(28,8779,2,40815,118,0.00,NULL,'2025-02-17 22:19:45','2025-02-17 22:19:45',NULL),(29,8779,2,40815,119,0.00,NULL,'2025-02-17 22:19:45','2025-02-17 22:19:45',NULL),(30,8779,2,40815,120,0.00,NULL,'2025-02-17 22:19:45','2025-02-17 22:19:45',NULL),(31,8779,2,40815,121,0.00,NULL,'2025-02-17 22:19:45','2025-02-17 22:19:45',NULL),(32,8779,2,40815,122,0.00,NULL,'2025-02-17 22:19:45','2025-02-17 22:19:45',NULL),(33,8779,2,40815,123,0.00,NULL,'2025-02-17 22:19:45','2025-02-17 22:19:45',NULL),(34,8779,2,40815,124,0.00,NULL,'2025-02-17 22:19:45','2025-02-17 22:19:45',NULL),(35,8779,2,40815,125,0.00,NULL,'2025-02-17 22:19:45','2025-02-17 22:19:45',NULL),(36,8779,2,40815,126,0.00,NULL,'2025-02-17 22:19:45','2025-02-17 22:19:45',NULL),(37,8779,2,40815,127,0.00,NULL,'2025-02-17 22:19:45','2025-02-17 22:19:45',NULL),(38,8779,2,40815,150,0.00,NULL,'2025-02-17 22:19:45','2025-02-17 22:19:45',NULL);

--
-- Table structure for table `ganan_ddjj_detail_ing_egr`
--

CREATE TABLE `ganan_ddjj_detail_ing_egr` (
  `id` int(10) unsigned NOT NULL AUTO_INCREMENT,
  `user_id` int(10) unsigned DEFAULT NULL,
  `ganan_ddjj_id` int(10) unsigned NOT NULL,
  `person_id` int(10) unsigned NOT NULL,
  `conta_tipo_asiento_id` int(10) unsigned NOT NULL,
  `ganan_categoria_id` int(10) unsigned NOT NULL,
  `ganan_tipo_op_id` int(10) unsigned NOT NULL,
  `importe` decimal(16,2) NOT NULL DEFAULT '0.00',
  `comentario` varchar(191) COLLATE utf8mb4_unicode_ci DEFAULT NULL,
  `created_at` timestamp NULL DEFAULT NULL,
  `updated_at` timestamp NULL DEFAULT NULL,
  `deleted_at` timestamp NULL DEFAULT NULL,
  PRIMARY KEY (`id`),
  KEY `ganan_ddjj_detail_ing_egr_ganan_ddjj_id_foreign` (`ganan_ddjj_id`),
  KEY `ganan_ddjj_detail_ing_egr_person_id_foreign` (`person_id`),
  KEY `ganan_ddjj_detail_ing_egr_conta_tipo_asiento_id_foreign` (`conta_tipo_asiento_id`),
  KEY `ganan_ddjj_detail_ing_egr_ganan_categoria_id_foreign` (`ganan_categoria_id`),
  KEY `ganan_ddjj_detail_ing_egr_ganan_tipo_op_id_foreign` (`ganan_tipo_op_id`),
  CONSTRAINT `ganan_ddjj_detail_ing_egr_conta_tipo_asiento_id_foreign` FOREIGN KEY (`conta_tipo_asiento_id`) REFERENCES `conta_tipo_asientos` (`id`),
  CONSTRAINT `ganan_ddjj_detail_ing_egr_ganan_categoria_id_foreign` FOREIGN KEY (`ganan_categoria_id`) REFERENCES `ganan_categorias` (`id`),
  CONSTRAINT `ganan_ddjj_detail_ing_egr_ganan_ddjj_id_foreign` FOREIGN KEY (`ganan_ddjj_id`) REFERENCES `ganan_ddjjs` (`id`),
  CONSTRAINT `ganan_ddjj_detail_ing_egr_ganan_tipo_op_id_foreign` FOREIGN KEY (`ganan_tipo_op_id`) REFERENCES `ganan_tipos_op` (`id`),
  CONSTRAINT `ganan_ddjj_detail_ing_egr_person_id_foreign` FOREIGN KEY (`person_id`) REFERENCES `persons` (`id`)
) ENGINE=InnoDB AUTO_INCREMENT=33 DEFAULT CHARSET=utf8mb4 COLLATE=utf8mb4_unicode_ci;

--
-- Dumping data for table `ganan_ddjj_detail_ing_egr`
--

INSERT INTO `ganan_ddjj_detail_ing_egr` VALUES (1,8522,1,40718,2,1,1,11111111.11,NULL,'2023-03-01 22:21:44','2023-03-01 22:21:44',NULL),(2,8522,1,40718,2,2,1,0.00,NULL,'2023-03-01 22:21:44','2023-03-01 22:21:44',NULL),(3,8522,1,40718,2,3,1,0.00,NULL,'2023-03-01 22:21:44','2023-03-01 22:21:44',NULL),(4,8522,1,40718,2,4,1,0.00,NULL,'2023-03-01 22:21:44','2023-03-01 22:21:44',NULL),(5,8522,1,40718,2,1,2,0.00,NULL,'2023-03-01 22:21:44','2023-03-01 22:21:44',NULL),(6,8522,1,40718,2,2,2,0.00,NULL,'2023-03-01 22:21:44','2023-03-01 22:21:44',NULL),(7,8522,1,40718,2,3,2,0.00,NULL,'2023-03-01 22:21:44','2023-03-01 22:21:44',NULL),(8,8522,1,40718,2,4,2,0.00,NULL,'2023-03-01 22:21:44','2023-03-01 22:21:44',NULL),(9,8522,1,40718,3,1,1,0.00,NULL,'2023-03-01 22:21:44','2023-03-01 22:21:44',NULL),(10,8522,1,40718,3,2,1,0.00,NULL,'2023-03-01 22:21:44','2023-03-01 22:21:44',NULL),(11,8522,1,40718,3,3,1,0.00,NULL,'2023-03-01 22:21:44','2023-03-01 22:21:44',NULL),(12,8522,1,40718,3,4,1,0.00,NULL,'2023-03-01 22:21:44','2023-03-01 22:21:44',NULL),(13,8522,1,40718,3,1,2,0.00,NULL,'2023-03-01 22:21:44','2023-03-01 22:21:44',NULL),(14,8522,1,40718,3,2,2,0.00,NULL,'2023-03-01 22:21:44','2023-03-01 22:21:44',NULL),(15,8522,1,40718,3,3,2,0.00,NULL,'2023-03-01 22:21:44','2023-03-01 22:21:44',NULL),(16,8522,1,40718,3,4,2,0.00,NULL,'2023-03-01 22:21:44','2023-03-01 22:21:44',NULL),(17,8779,2,40815,2,1,1,0.00,NULL,'2025-02-17 22:19:45','2025-02-17 22:19:45',NULL),(18,8779,2,40815,2,2,1,0.00,NULL,'2025-02-17 22:19:45','2025-02-17 22:19:45',NULL),(19,8779,2,40815,2,3,1,0.00,NULL,'2025-02-17 22:19:45','2025-02-17 22:19:45',NULL),(20,8779,2,40815,2,4,1,0.00,NULL,'2025-02-17 22:19:45','2025-02-17 22:19:45',NULL),(21,8779,2,40815,2,1,2,0.00,NULL,'2025-02-17 22:19:45','2025-02-17 22:19:45',NULL),(22,8779,2,40815,2,2,2,0.00,NULL,'2025-02-17 22:19:45','2025-02-17 22:19:45',NULL),(23,8779,2,40815,2,3,2,0.00,NULL,'2025-02-17 22:19:45','2025-02-17 22:19:45',NULL),(24,8779,2,40815,2,4,2,0.00,NULL,'2025-02-17 22:19:45','2025-02-17 22:19:45',NULL),(25,8779,2,40815,3,1,1,0.00,NULL,'2025-02-17 22:19:45','2025-02-17 22:19:45',NULL),(26,8779,2,40815,3,2,1,0.00,NULL,'2025-02-17 22:19:45','2025-02-17 22:19:45',NULL),(27,8779,2,40815,3,3,1,0.00,NULL,'2025-02-17 22:19:45','2025-02-17 22:19:45',NULL),(28,8779,2,40815,3,4,1,0.00,NULL,'2025-02-17 22:19:45','2025-02-17 22:19:45',NULL),(29,8779,2,40815,3,1,2,0.00,NULL,'2025-02-17 22:19:45','2025-02-17 22:19:45',NULL),(30,8779,2,40815,3,2,2,0.00,NULL,'2025-02-17 22:19:45','2025-02-17 22:19:45',NULL),(31,8779,2,40815,3,3,2,0.00,NULL,'2025-02-17 22:19:45','2025-02-17 22:19:45',NULL),(32,8779,2,40815,3,4,2,0.00,NULL,'2025-02-17 22:19:45','2025-02-17 22:19:45',NULL);

--
-- Table structure for table `ganan_ddjjs`
--

CREATE TABLE `ganan_ddjjs` (
  `id` int(10) unsigned NOT NULL AUTO_INCREMENT,
  `user_id` int(10) unsigned DEFAULT NULL,
  `anio` int(10) unsigned NOT NULL,
  `person_id` int(10) unsigned NOT NULL,
  `ingresos_gravados` decimal(16,2) NOT NULL DEFAULT '0.00',
  `ingresos_exentos` decimal(16,2) NOT NULL DEFAULT '0.00',
  `egresos_gravados` decimal(16,2) NOT NULL DEFAULT '0.00',
  `egresos_exentos` decimal(16,2) NOT NULL DEFAULT '0.00',
  `deducciones_total` decimal(16,2) NOT NULL DEFAULT '0.00',
  `base_imponible` decimal(16,2) NOT NULL DEFAULT '0.00',
  `impuesto_determinado` decimal(16,2) NOT NULL DEFAULT '0.00',
  `saldo_a_pagar` decimal(16,2) NOT NULL DEFAULT '0.00',
  `saldo_a_favor` decimal(16,2) NOT NULL DEFAULT '0.00',
  `comentario` varchar(191) COLLATE utf8mb4_unicode_ci DEFAULT NULL,
  `created_at` timestamp NULL DEFAULT NULL,
  `updated_at` timestamp NULL DEFAULT NULL,
  `deleted_at` timestamp NULL DEFAULT NULL,
  PRIMARY KEY (`id`),
  KEY `ganan_ddjjs_person_id_foreign` (`person_id`),
  CONSTRAINT `ganan_ddjjs_person_id_foreign` FOREIGN KEY (`person_id`) REFERENCES `persons` (`id`)
) ENGINE=InnoDB AUTO_INCREMENT=3 DEFAULT CHARSET=utf8mb4 COLLATE=utf8mb4_unicode_ci;

--
-- Dumping data for table `ganan_ddjjs`
--

INSERT INTO `ganan_ddjjs` VALUES (1,8522,2021,40718,11111111.11,0.00,0.00,0.00,323232.32,10787878.79,3644756.31,3644756.31,0.00,NULL,'2023-03-01 22:21:44','2023-03-01 22:21:44',NULL),(2,8779,2021,40815,0.00,0.00,0.00,0.00,0.00,0.00,0.00,0.00,0.00,NULL,'2025-02-17 22:19:45','2025-02-17 22:19:45',NULL);

--
-- Table structure for table `ganan_deducciones`
--

CREATE TABLE `ganan_deducciones` (
  `id` int(10) unsigned NOT NULL AUTO_INCREMENT,
  `user_id` int(10) unsigned DEFAULT NULL,
  `anio` int(10) unsigned NOT NULL,
  `generales` tinyint(1) NOT NULL DEFAULT '0',
  `particulares` tinyint(1) NOT NULL DEFAULT '0',
  `nombre` varchar(191) COLLATE utf8mb4_unicode_ci NOT NULL,
  `importe` decimal(16,2) NOT NULL DEFAULT '0.00',
  `status` tinyint(1) NOT NULL DEFAULT '1',
  `created_at` timestamp NULL DEFAULT NULL,
  `updated_at` timestamp NULL DEFAULT NULL,
  `deleted_at` timestamp NULL DEFAULT NULL,
  PRIMARY KEY (`id`)
) ENGINE=InnoDB AUTO_INCREMENT=225 DEFAULT CHARSET=utf8mb4 COLLATE=utf8mb4_unicode_ci;

--
-- Dumping data for table `ganan_deducciones`
--

INSERT INTO `ganan_deducciones` VALUES (1,NULL,2017,1,0,'Primas de seguro para el caso de muerte',999.00,1,'2019-11-15 13:24:27','2019-11-15 13:24:27',NULL),(2,NULL,2017,1,0,'Gastos de Sepelio',999.00,1,'2019-11-15 13:24:27','2019-11-15 13:24:27',NULL),(3,NULL,2017,1,0,'Aportes a Obras Sociales',0.00,1,'2019-11-15 13:24:27','2019-11-15 13:24:27',NULL),(4,NULL,2017,1,0,'Aportes obligatorios a Fondos de jubilaciones, retiros, pensiones o subsidios a cajas nacionales, provinciales o municipales- incluidas las Cajas de Previsión para Profesionales.',0.00,1,'2019-11-15 13:24:27','2019-11-15 13:24:27',NULL),(5,NULL,2017,1,0,'Otras deducciones del Anexo III de la RG 2437: Aportes para fondos de Jubilación, Retiros, Pensiones o Subsidios destinados al ANSES',0.00,1,'2019-11-15 13:24:27','2019-11-15 13:24:27',NULL),(6,NULL,2017,1,0,'Aportes a Cajas Provinciales o Municipales o de Previsión para Profesionales',0.00,1,'2019-11-15 13:24:27','2019-11-15 13:24:27',NULL),(7,NULL,2017,1,0,'Pagos Régimen Nacional de Trabajadores Autónomos',0.00,1,'2019-11-15 13:24:27','2019-11-15 13:24:27',NULL),(8,NULL,2017,1,0,'Aportes a Cajas Complementarias de Previsión',0.00,1,'2019-11-15 13:24:27','2019-11-15 13:24:27',NULL),(9,NULL,2017,1,0,'Aportes a Fondos Compensadores de Previsión',0.00,1,'2019-11-15 13:24:27','2019-11-15 13:24:27',NULL),(10,NULL,2017,1,0,'Intereses Crédito Hipotecario',20000.00,1,'2019-11-15 13:24:27','2019-11-15 13:24:27',NULL),(11,NULL,2017,1,0,'Servicio Doméstico',51967.00,1,'2019-11-15 13:24:27','2019-11-15 13:24:27',NULL),(12,NULL,2017,1,0,'Donaciones',0.00,1,'2019-11-15 13:24:27','2019-11-15 13:24:27',NULL),(13,NULL,2017,1,0,'Cuota médico asistencial abonado por usted y por sus familiares a cargo',0.00,1,'2019-11-15 13:24:27','2019-11-15 13:24:27',NULL),(14,NULL,2017,1,0,'Honorarios Correspondientes a los Servicios de asistencia Sanitaria, Médica y Paramédica',0.00,1,'2019-11-15 13:24:28','2019-11-15 13:24:28',NULL),(15,NULL,2017,0,1,'Conyuge',48447.00,1,'2019-11-15 13:24:28','2019-11-15 13:24:28',NULL),(16,NULL,2017,0,1,'Hijo Incapacitado',24432.00,1,'2019-11-15 13:24:28','2019-11-15 13:24:28',NULL),(17,NULL,2017,0,1,'Hijo Menor 18 años',24432.00,1,'2019-11-15 13:24:28','2019-11-15 13:24:28',NULL),(18,NULL,2017,0,1,'Hijastro Incapacitado',24432.00,1,'2019-11-15 13:24:28','2019-11-15 13:24:28',NULL),(19,NULL,2017,0,1,'Hijastro Menor 18 Años',24432.00,1,'2019-11-15 13:24:28','2019-11-15 13:24:28',NULL),(20,NULL,2017,0,1,'Ganancia No Imponible',51967.00,1,'2019-11-15 13:24:28','2019-11-15 13:24:28',NULL),(21,NULL,2017,0,1,'Deduccion Especial',51967.00,1,'2019-11-15 13:24:28','2019-11-15 13:24:28',NULL),(22,NULL,2018,1,0,'Primas de seguro para el caso de muerte',12000.00,1,'2019-11-15 13:24:28','2019-11-15 13:24:28',NULL),(23,NULL,2018,1,0,'Gastos de Sepelio',999.00,1,'2019-11-15 13:24:28','2019-11-15 13:24:28',NULL),(24,NULL,2018,1,0,'Aportes a Obras Sociales',0.00,1,'2019-11-15 13:24:28','2019-11-15 13:24:28',NULL),(25,NULL,2018,1,0,'Aportes obligatorios a Fondos de jubilaciones, retiros, pensiones o subsidios a cajas nacionales, provinciales o municipales- incluidas las Cajas de Previsión para Profesionales.',0.00,1,'2019-11-15 13:24:28','2019-11-15 13:24:28',NULL),(26,NULL,2018,1,0,'Otras deducciones del Anexo III de la RG 2437: Aportes para fondos de Jubilación, Retiros, Pensiones o Subsidios destinados al ANSES',0.00,1,'2019-11-15 13:24:28','2019-11-15 13:24:28',NULL),(27,NULL,2018,1,0,'Aportes a Cajas Provinciales o Municipales o de Previsión para Profesionales',0.00,1,'2019-11-15 13:24:28','2019-11-15 13:24:28',NULL),(28,NULL,2018,1,0,'Pagos Régimen Nacional de Trabajadores Autónomos',0.00,1,'2019-11-15 13:24:28','2019-11-15 13:24:28',NULL),(29,NULL,2018,1,0,'Aportes a Cajas Complementarias de Previsión',0.00,1,'2019-11-15 13:24:28','2019-11-15 13:24:28',NULL),(30,NULL,2018,1,0,'Aportes a Fondos Compensadores de Previsión',0.00,1,'2019-11-15 13:24:28','2019-11-15 13:24:28',NULL);
INSERT INTO `ganan_deducciones` VALUES (31,NULL,2018,1,0,'Intereses Crédito Hipotecario',20000.00,1,'2019-11-15 13:24:28','2019-11-15 13:24:28',NULL),(32,NULL,2018,1,0,'Servicio Doméstico',66917.91,1,'2019-11-15 13:24:28','2019-11-15 13:24:28',NULL),(33,NULL,2018,1,0,'Donaciones',0.00,1,'2019-11-15 13:24:28','2019-11-15 13:24:28',NULL),(34,NULL,2018,1,0,'Cuota médico asistencial abonado por usted y por sus familiares a cargo',0.00,1,'2019-11-15 13:24:28','2019-11-15 13:24:28',NULL),(35,NULL,2018,1,0,'Honorarios Correspondientes a los Servicios de asistencia Sanitaria, Médica y Paramédica',0.00,1,'2019-11-15 13:24:28','2019-11-15 13:24:28',NULL),(36,NULL,2018,0,1,'Conyuge',66917.91,1,'2019-11-15 13:24:28','2019-11-15 13:24:28',NULL),(37,NULL,2018,0,1,'Hijo Incapacitado',31461.09,1,'2019-11-15 13:24:28','2019-11-15 13:24:28',NULL),(38,NULL,2018,0,1,'Hijo Menor 18 años',31461.09,1,'2019-11-15 13:24:28','2019-11-15 13:24:28',NULL),(39,NULL,2018,0,1,'Hijastro Incapacitado',31461.09,1,'2019-11-15 13:24:28','2019-11-15 13:24:28',NULL),(40,NULL,2018,0,1,'Hijastro Menor 18 Años',31461.09,1,'2019-11-15 13:24:28','2019-11-15 13:24:28',NULL),(41,NULL,2018,0,1,'Ganancia No Imponible',66917.91,1,'2019-11-15 13:24:28','2019-11-15 13:24:28',NULL),(42,NULL,2018,0,1,'Deduccion Especial',66917.91,1,'2019-11-15 13:24:28','2019-11-15 13:24:28',NULL),(43,NULL,2019,1,0,'Primas de seguro para el caso de muerte',18000.00,1,'2019-11-15 13:24:28','2019-11-15 13:24:28',NULL),(44,NULL,2019,1,0,'Gastos de Sepelio',999.00,1,'2019-11-15 13:24:28','2019-11-15 13:24:28',NULL),(45,NULL,2019,1,0,'Aportes a Obras Sociales',0.00,1,'2019-11-15 13:24:28','2019-11-15 13:24:28',NULL),(46,NULL,2019,1,0,'Aportes obligatorios a Fondos de jubilaciones, retiros, pensiones o subsidios a cajas nacionales, provinciales o municipales- incluidas las Cajas de Previsión para Profesionales.',0.00,1,'2019-11-15 13:24:28','2019-11-15 13:24:28',NULL),(47,NULL,2019,1,0,'Otras deducciones del Anexo III de la RG 2437: Aportes para fondos de Jubilación, Retiros, Pensiones o Subsidios destinados al ANSES',0.00,1,'2019-11-15 13:24:28','2019-11-15 13:24:28',NULL),(48,NULL,2019,1,0,'Aportes a Cajas Provinciales o Municipales o de Previsión para Profesionales',0.00,1,'2019-11-15 13:24:28','2019-11-15 13:24:28',NULL),(49,NULL,2019,1,0,'Pagos Régimen Nacional de Trabajadores Autónomos',0.00,1,'2019-11-15 13:24:28','2019-11-15 13:24:28',NULL),(50,NULL,2019,1,0,'Aportes a Cajas Complementarias de Previsión',0.00,1,'2019-11-15 13:24:28','2019-11-15 13:24:28',NULL),(51,NULL,2019,1,0,'Aportes a Fondos Compensadores de Previsión',0.00,1,'2019-11-15 13:24:28','2019-11-15 13:24:28',NULL),(52,NULL,2019,1,0,'Intereses Crédito Hipotecario',20000.00,1,'2019-11-15 13:24:28','2019-11-15 13:24:28',NULL),(53,NULL,2019,1,0,'Servicio Doméstico',103018.79,1,'2019-11-15 13:24:28','2019-11-15 13:24:28',NULL),(54,NULL,2019,1,0,'Donaciones',0.00,1,'2019-11-15 13:24:28','2019-11-15 13:24:28',NULL),(55,NULL,2019,1,0,'Cuota médico asistencial abonado por usted y por sus familiares a cargo',0.00,1,'2019-11-15 13:24:28','2019-11-15 13:24:28',NULL),(56,NULL,2019,1,0,'Honorarios Correspondientes a los Servicios de asistencia Sanitaria, Médica y Paramédica',0.00,1,'2019-11-15 13:24:28','2019-11-15 13:24:28',NULL),(57,NULL,2019,0,1,'Conyuge',80033.97,1,'2019-11-15 13:24:28','2019-11-15 13:24:28',NULL),(58,NULL,2019,0,1,'Hijo Incapacitado',40361.43,1,'2019-11-15 13:24:28','2019-11-15 13:24:28',NULL),(59,NULL,2019,0,1,'Hijo Menor 18 años',206037.56,1,'2019-11-15 13:24:28','2019-11-15 13:24:28',NULL),(60,NULL,2019,0,1,'Hijastro Incapacitado',206037.56,1,'2019-11-15 13:24:28','2019-11-15 13:24:28',NULL),(61,NULL,2019,0,1,'Hijastro Menor 18 Años',0.00,1,'2019-11-15 13:24:28','2019-11-15 13:24:28',NULL),(62,NULL,2019,0,1,'Ganancia No Imponible',103018.79,1,'2019-11-15 13:24:28','2019-11-15 13:24:28',NULL),(63,NULL,2019,0,1,'Deduccion Especial',103018.79,1,'2019-11-15 13:24:28','2019-11-15 13:24:28',NULL);
INSERT INTO `ganan_deducciones` VALUES (64,NULL,2016,1,0,'Primas de seguro para el caso de muerte',999.00,1,'2020-01-28 13:48:34','2020-01-28 13:48:34',NULL),(65,NULL,2016,1,0,'Gastos de Sepelio',999.00,1,'2020-01-28 13:48:34','2020-01-28 13:48:34',NULL),(66,NULL,2016,1,0,'Aportes a Obras Sociales',0.00,1,'2020-01-28 13:48:34','2020-01-28 13:48:34',NULL),(67,NULL,2016,1,0,'Aportes obligatorios a Fondos de jubilaciones, retiros, pensiones o subsidios a cajas nacionales, provinciales o municipales- incluidas las Cajas de Previsión para Profesionales.',0.00,1,'2020-01-28 13:48:34','2020-01-28 13:48:34',NULL),(68,NULL,2016,1,0,'Otras deducciones del Anexo III de la RG 2437: Aportes para fondos de Jubilación, Retiros, Pensiones o Subsidios destinados al ANSES',0.00,1,'2020-01-28 13:48:34','2020-01-28 13:48:34',NULL),(69,NULL,2016,1,0,'Aportes a Cajas Provinciales o Municipales o de Previsión para Profesionales',0.00,1,'2020-01-28 13:48:34','2020-01-28 13:48:34',NULL),(70,NULL,2016,1,0,'Pagos Régimen Nacional de Trabajadores Autónomos',0.00,1,'2020-01-28 13:48:34','2020-01-28 13:48:34',NULL),(71,NULL,2016,1,0,'Aportes a Cajas Complementarias de Previsión',0.00,1,'2020-01-28 13:48:34','2020-01-28 13:48:34',NULL),(72,NULL,2016,1,0,'Aportes a Fondos Compensadores de Previsión',0.00,1,'2020-01-28 13:48:34','2020-01-28 13:48:34',NULL),(73,NULL,2016,1,0,'Intereses Crédito Hipotecario',20000.00,1,'2020-01-28 13:48:34','2020-01-28 13:48:34',NULL),(74,NULL,2016,1,0,'Servicio Doméstico',42318.00,1,'2020-01-28 13:48:34','2020-01-28 13:48:34',NULL),(75,NULL,2016,1,0,'Donaciones',0.00,1,'2020-01-28 13:48:34','2020-01-28 13:48:34',NULL),(76,NULL,2016,1,0,'Cuota médico asistencial abonado por usted y por sus familiares a cargo',0.00,1,'2020-01-28 13:48:34','2020-01-28 13:48:34',NULL),(77,NULL,2016,1,0,'Honorarios Correspondientes a los Servicios de asistencia Sanitaria, Médica y \n            Paramédica',0.00,1,'2020-01-28 13:48:34','2020-01-28 13:48:34',NULL),(78,NULL,2016,0,1,'Conyuge',39778.00,1,'2020-01-28 13:48:34','2020-01-28 13:48:34',NULL),(79,NULL,2016,0,1,'Hijo Incapacitado',19889.00,1,'2020-01-28 13:48:34','2020-01-28 13:48:34',NULL),(80,NULL,2016,0,1,'Hijo Menor 18 años',19889.00,1,'2020-01-28 13:48:34','2020-01-28 13:48:34',NULL),(81,NULL,2016,0,1,'Hijastro Incapacitado',19889.00,1,'2020-01-28 13:48:34','2020-01-28 13:48:34',NULL),(82,NULL,2016,0,1,'Hijastro Menor 18 Años',19889.00,1,'2020-01-28 13:48:34','2020-01-28 13:48:34',NULL),(83,NULL,2016,0,1,'Ganancia No Imponible',42318.00,1,'2020-01-28 13:48:34','2020-01-28 13:48:34',NULL),(84,NULL,2016,0,1,'Deduccion Especial',42318.00,1,'2020-01-28 13:48:34','2020-01-28 13:48:34',NULL),(85,NULL,2019,1,0,'Alquileres',103018.97,1,'2020-01-28 14:17:39','2020-01-28 14:17:39',NULL),(86,NULL,2020,1,0,'Alquileres',123861.17,1,'2020-01-28 14:17:39','2020-01-28 14:17:39',NULL),(87,NULL,2020,1,0,'Primas de seguro para el caso de muerte',18000.00,1,'2020-01-28 14:17:39','2020-01-28 14:17:39',NULL),(88,NULL,2020,1,0,'Gastos de Sepelio',999.00,1,'2020-01-28 14:17:39','2020-01-28 14:17:39',NULL),(89,NULL,2020,1,0,'Aportes a Obras Sociales',0.00,1,'2020-01-28 14:17:39','2020-01-28 14:17:39',NULL),(90,NULL,2020,1,0,'Aportes obligatorios a Fondos de jubilaciones, retiros, pensiones o subsidios a cajas nacionales, provinciales o municipales- incluidas las Cajas de Previsión para Profesionales.',0.00,1,'2020-01-28 14:17:39','2020-01-28 14:17:39',NULL),(91,NULL,2020,1,0,'Otras deducciones del Anexo III de la RG 2437: Aportes para fondos de Jubilación, Retiros, Pensiones o Subsidios destinados al ANSES',0.00,1,'2020-01-28 14:17:39','2020-01-28 14:17:39',NULL),(92,NULL,2020,1,0,'Aportes a Cajas Provinciales o Municipales o de Previsión para Profesionales',0.00,1,'2020-01-28 14:17:39','2020-01-28 14:17:39',NULL),(93,NULL,2020,1,0,'Pagos Régimen Nacional de Trabajadores Autónomos',0.00,1,'2020-01-28 14:17:39','2020-01-28 14:17:39',NULL);
INSERT INTO `ganan_deducciones` VALUES (94,NULL,2020,1,0,'Aportes a Cajas Complementarias de Previsión',0.00,1,'2020-01-28 14:17:39','2020-01-28 14:17:39',NULL),(95,NULL,2020,1,0,'Aportes a Fondos Compensadores de Previsión',0.00,1,'2020-01-28 14:17:39','2020-01-28 14:17:39',NULL),(96,NULL,2020,1,0,'Intereses Crédito Hipotecario',20000.00,1,'2020-01-28 14:17:39','2020-01-28 14:17:39',NULL),(97,NULL,2020,1,0,'Servicio Doméstico',123861.17,1,'2020-01-28 14:17:39','2020-01-28 14:17:39',NULL),(98,NULL,2020,1,0,'Donaciones',0.00,1,'2020-01-28 14:17:39','2020-01-28 14:17:39',NULL),(99,NULL,2020,1,0,'Cuota médico asistencial abonado por usted y por sus familiares a cargo',0.00,1,'2020-01-28 14:17:39','2020-01-28 14:17:39',NULL),(100,NULL,2020,1,0,'Honorarios Correspondientes a los Servicios de asistencia Sanitaria, Médica y Paramédica',0.00,1,'2020-01-28 14:17:39','2020-01-28 14:17:39',NULL),(101,NULL,2020,0,1,'Conyuge',115471.38,1,'2020-01-28 14:17:39','2020-01-28 14:17:39',NULL),(102,NULL,2020,0,1,'Hijo Incapacitado',58232.65,1,'2020-01-28 14:17:39','2020-01-28 14:17:39',NULL),(103,NULL,2020,0,1,'Hijo Menor 18 años',58232.65,1,'2020-01-28 14:17:39','2020-01-28 14:17:39',NULL),(104,NULL,2020,0,1,'Hijastro Incapacitado',58232.65,1,'2020-01-28 14:17:39','2020-01-28 14:17:39',NULL),(105,NULL,2020,0,1,'Hijastro Menor 18 Años',0.00,1,'2020-01-28 14:17:39','2020-01-28 14:17:39',NULL),(106,NULL,2020,0,1,'Ganancia No Imponible',123861.17,1,'2020-01-28 14:17:39','2020-01-28 14:17:39',NULL),(107,NULL,2020,0,1,'Deduccion Especial Art 30 Apartado 1',103018.79,1,'2020-01-28 14:17:39','2020-01-28 14:17:39',NULL),(108,NULL,2020,0,1,'Deduccion Especial Art 30 Apartado 1 \"Nuevos Profesionales / Emprendedores',309652.93,1,'2020-01-28 14:17:39','2020-01-28 14:17:39',NULL),(109,NULL,2020,0,1,'Deduccion Especial Art 30 Apartado 2',594533.62,1,'2020-01-28 14:17:39','2020-01-28 14:17:39',NULL),(110,NULL,2021,1,0,'Primas de seguro para el caso de muerte',24000.00,1,'2023-02-16 08:52:55','2023-02-16 08:52:55',NULL),(111,NULL,2021,1,0,'Gastos de Sepelio',996.23,1,'2023-02-16 08:52:55','2023-02-16 08:52:55',NULL),(112,NULL,2021,1,0,'Aportes a Obras Sociales',0.00,1,'2023-02-16 08:52:55','2023-02-16 08:52:55',NULL),(113,NULL,2021,1,0,'Aportes obligatorios a Fondos de jubilaciones, retiros, pensiones o subsidios a cajas nacionales, provinciales o municipales- incluidas las Cajas de Previsión para Profesionales.',0.00,1,'2023-02-16 08:52:55','2023-02-16 08:52:55',NULL),(114,NULL,2021,1,0,'Otras deducciones del Anexo III de la RG 2437: Aportes para fondos de Jubilación, Retiros, Pensiones o Subsidios destinados al ANSES',0.00,1,'2023-02-16 08:52:55','2023-02-16 08:52:55',NULL),(115,NULL,2021,1,0,'Aportes a Cajas Provinciales o Municipales o de Previsión para Profesionales',0.00,1,'2023-02-16 08:52:55','2023-02-16 08:52:55',NULL),(116,NULL,2021,1,0,'Pagos Régimen Nacional de Trabajadores Autónomos',0.00,1,'2023-02-16 08:52:55','2023-02-16 08:52:55',NULL),(117,NULL,2021,1,0,'Aportes a Cajas Complementarias de Previsión',0.00,1,'2023-02-16 08:52:55','2023-02-16 08:52:55',NULL),(118,NULL,2021,1,0,'Aportes a Fondos Compensadores de Previsión',0.00,1,'2023-02-16 08:52:55','2023-02-16 08:52:55',NULL),(119,NULL,2021,1,0,'Intereses Crédito Hipotecario',20000.00,1,'2023-02-16 08:52:55','2023-02-16 08:52:55',NULL),(120,NULL,2021,1,0,'Servicio Doméstico',167678.40,1,'2023-02-16 08:52:55','2023-02-16 08:52:55',NULL),(121,NULL,2021,1,0,'Donaciones',0.00,1,'2023-02-16 08:52:55','2023-02-16 08:52:55',NULL),(122,NULL,2021,1,0,'Cuota médico asistencial abonado por usted y por sus familiares a cargo',0.00,1,'2023-02-16 08:52:55','2023-02-16 08:52:55',NULL),(123,NULL,2021,1,0,'Honorarios Correspondientes a los Servicios de asistencia Sanitaria, Médica y Paramédica',0.00,1,'2023-02-16 08:52:55','2023-02-16 08:52:55',NULL),(124,NULL,2021,0,1,'Conyuge',156320.63,1,'2023-02-16 08:52:55','2023-02-16 08:52:55',NULL),(125,NULL,2021,0,1,'Hijo Menor 18 años',78833.08,1,'2023-02-16 08:52:55','2023-02-16 08:52:55',NULL);
INSERT INTO `ganan_deducciones` VALUES (126,NULL,2021,0,1,'Ganancia No Imponible',167678.40,1,'2023-02-16 08:52:55','2023-02-16 08:52:55',NULL),(127,NULL,2021,0,1,'Deduccion Especial',804856.34,1,'2023-02-16 08:52:55','2023-02-16 08:52:55',NULL),(128,NULL,2022,1,0,'Primas de seguro para el caso de muerte',24000.00,1,'2023-02-16 08:52:58','2023-02-16 08:52:58',NULL),(129,NULL,2022,1,0,'Gastos de Sepelio',996.23,1,'2023-02-16 08:52:58','2023-02-16 08:52:58',NULL),(130,NULL,2022,1,0,'Aportes a Obras Sociales',0.00,1,'2023-02-16 08:52:58','2023-02-16 08:52:58',NULL),(131,NULL,2022,1,0,'Aportes obligatorios a Fondos de jubilaciones, retiros, pensiones o subsidios a cajas nacionales, provinciales o municipales- incluidas las Cajas de Previsión para Profesionales.',0.00,1,'2023-02-16 08:52:58','2023-02-16 08:52:58',NULL),(132,NULL,2022,1,0,'Otras deducciones del Anexo III de la RG 2437: Aportes para fondos de Jubilación, Retiros, Pensiones o Subsidios destinados al ANSES',0.00,1,'2023-02-16 08:52:58','2023-02-16 08:52:58',NULL),(133,NULL,2022,1,0,'Aportes a Cajas Provinciales o Municipales o de Previsión para Profesionales',0.00,1,'2023-02-16 08:52:58','2023-02-16 08:52:58',NULL),(134,NULL,2022,1,0,'Pagos Régimen Nacional de Trabajadores Autónomos',0.00,1,'2023-02-16 08:52:58','2023-02-16 08:52:58',NULL),(135,NULL,2022,1,0,'Aportes a Cajas Complementarias de Previsión',0.00,1,'2023-02-16 08:52:58','2023-02-16 08:52:58',NULL),(136,NULL,2022,1,0,'Aportes a Fondos Compensadores de Previsión',0.00,1,'2023-02-16 08:52:58','2023-02-16 08:52:58',NULL),(137,NULL,2022,1,0,'Intereses Crédito Hipotecario',20000.00,1,'2023-02-16 08:52:58','2023-02-16 08:52:58',NULL),(138,NULL,2022,1,0,'Servicio Doméstico',252564.84,1,'2023-02-16 08:52:58','2023-02-16 08:52:58',NULL),(139,NULL,2022,1,0,'Donaciones',0.00,1,'2023-02-16 08:52:58','2023-02-16 08:52:58',NULL),(140,NULL,2022,1,0,'Cuota médico asistencial abonado por usted y por sus familiares a cargo',0.00,1,'2023-02-16 08:52:58','2023-02-16 08:52:58',NULL),(141,NULL,2022,1,0,'Honorarios Correspondientes a los Servicios de asistencia Sanitaria, Médica y Paramédica',0.00,1,'2023-02-16 08:52:58','2023-02-16 08:52:58',NULL),(142,NULL,2022,1,0,'Alquileres',252564.84,1,'2023-02-16 08:52:58','2023-02-16 08:52:58',NULL),(143,NULL,2022,0,1,'Conyuge',235457.25,1,'2023-02-16 08:52:58','2023-02-16 08:52:58',NULL),(144,NULL,2022,0,1,'Hijo Menor 18 años',118741.97,1,'2023-02-16 08:52:58','2023-02-16 08:52:58',NULL),(145,NULL,2022,0,1,'Ganancia No Imponible',252564.84,1,'2023-02-16 08:52:58','2023-02-16 08:52:58',NULL),(146,NULL,2022,0,1,'Deducción Especial [Artículo 30, inciso c), Apartado 2]',1212311.24,1,'2023-02-16 08:52:58','2023-02-16 08:52:58',NULL),(147,NULL,2022,0,1,'Deducción Especial [Artículo 30, inciso c), Apartado 1]',505129.68,1,'2023-02-16 08:52:58','2023-02-16 08:52:58',NULL),(148,NULL,2022,0,1,'Deducción Especial [Artículo 30, inciso c), Apartado 1 “nuevos profesionales/emprendedores”]',631412.10,1,'2023-02-16 08:52:58','2023-02-16 08:52:58',NULL),(149,NULL,2022,0,1,'Hijo Incapacitado',237483.94,1,'2023-02-16 08:52:58','2023-02-16 08:52:58',NULL),(150,NULL,2021,1,0,'Alquileres',167678.40,1,NULL,NULL,NULL),(151,NULL,2023,1,0,'Primas de seguro para el caso de muerte',24000.00,1,'2023-02-16 08:53:04','2023-02-16 08:53:04',NULL),(152,NULL,2023,1,0,'Aportes a Obras Sociales',0.00,1,'2023-02-16 08:53:04','2023-02-16 08:53:04',NULL),(153,NULL,2023,1,0,'Aportes obligatorios a Fondos de jubilaciones, retiros, pensiones o subsidios a cajas nacionales, provinciales o municipales- incluidas las Cajas de Previsión para Profesionales.',0.00,1,'2023-02-16 08:53:04','2023-02-16 08:53:04',NULL),(154,NULL,2023,1,0,'Gastos de Sepelio',996.23,1,'2023-02-16 08:53:04','2023-02-16 08:53:04',NULL),(155,NULL,2023,1,0,'Otras deducciones del Anexo III de la RG 2437: Aportes para fondos de Jubilación, Retiros, Pensiones o Subsidios destinados al ANSES',0.00,1,'2023-02-16 08:53:04','2023-02-16 08:53:04',NULL);
INSERT INTO `ganan_deducciones` VALUES (156,NULL,2023,1,0,'Aportes a Cajas Provinciales o Municipales o de Previsión para Profesionales',0.00,1,'2023-02-16 08:53:04','2023-02-16 08:53:04',NULL),(157,NULL,2023,1,0,'Pagos Régimen Nacional de Trabajadores Autónomos',0.00,1,'2023-02-16 08:53:04','2023-02-16 08:53:04',NULL),(158,NULL,2023,1,0,'Aportes a Cajas Complementarias de Previsión',0.00,1,'2023-02-16 08:53:04','2023-02-16 08:53:04',NULL),(159,NULL,2023,1,0,'Aportes a Fondos Compensadores de Previsión',0.00,1,'2023-02-16 08:53:04','2023-02-16 08:53:04',NULL),(160,NULL,2023,1,0,'Intereses Crédito Hipotecario',20000.00,1,'2023-02-16 08:53:04','2023-02-16 08:53:04',NULL),(161,NULL,2023,1,0,'Servicio Doméstico',451686.96,1,'2023-02-16 08:53:04','2023-02-16 08:53:04',NULL),(162,NULL,2023,1,0,'Donaciones',0.00,1,'2023-02-16 08:53:04','2023-02-16 08:53:04',NULL),(163,NULL,2023,1,0,'Cuota médico asistencial abonado por usted y por sus familiares a cargo',0.00,1,'2023-02-16 08:53:04','2023-02-16 08:53:04',NULL),(164,NULL,2023,1,0,'Honorarios Correspondientes a los Servicios de asistencia Sanitaria, Médica y Paramédica',0.00,1,'2023-02-16 08:53:04','2023-02-16 08:53:04',NULL),(165,NULL,2023,1,0,'Alquileres',451686.96,1,'2023-02-16 08:53:04','2023-02-16 08:53:04',NULL),(166,NULL,2023,0,1,'Ganancia No Imponible',451686.96,1,'2023-02-16 08:53:04','2023-02-16 08:53:04',NULL),(167,NULL,2023,0,1,'Conyuge',421091.75,1,'2023-02-16 08:53:04','2023-02-16 08:53:04',NULL),(168,NULL,2023,0,1,'Hijo Menor 18 años',212358.14,1,'2023-02-16 08:53:04','2023-02-16 08:53:04',NULL),(169,NULL,2023,0,1,'Hijo Incapacitado',424716.28,1,'2023-02-16 08:53:04','2023-02-16 08:53:04',NULL),(170,NULL,2023,0,1,'Deducción Especial [Artículo 30, inciso c), Apartado 1]',1580904.36,1,'2023-02-16 08:53:04','2023-02-16 08:53:04',NULL),(171,NULL,2023,0,1,'Deducción Especial [Artículo 30, inciso c), Apartado 1 “nuevos profesionales/emprendedores”]',1806747.84,1,'2023-02-16 08:53:04','2023-02-16 08:53:04',NULL),(172,NULL,2023,0,1,'Deducción Especial [Artículo 30, inciso c), Apartado 2]',2168097.42,1,'2023-02-16 08:53:04','2023-02-16 08:53:04',NULL),(173,NULL,2024,1,0,'Primas de seguro para el caso de muerte',195845.39,1,NULL,NULL,NULL),(174,NULL,2024,1,0,'Aportes a Obras Sociales',0.00,1,NULL,NULL,NULL),(175,NULL,2024,1,0,'Aportes obligatorios a Fondos de jubilaciones, retiros, pensiones o subsidios a cajas nacionales, provinciales o municipales- incluidas las Cajas de Previsión para Profesionales.',0.00,1,NULL,NULL,NULL),(176,NULL,2024,1,0,'Gastos de Sepelio',996.23,1,NULL,NULL,NULL),(177,NULL,2024,1,0,'Otras deducciones del Anexo III de la RG 2437: Aportes para fondos de Jubilación, Retiros, Pensiones o Subsidios destinados al ANSES',0.00,1,NULL,NULL,NULL),(178,NULL,2024,1,0,'Aportes a Cajas Provinciales o Municipales o de Previsión para Profesionales',0.00,1,NULL,NULL,NULL),(179,NULL,2024,1,0,'Pagos Régimen Nacional de Trabajadores Autónomos',0.00,1,NULL,NULL,NULL),(180,NULL,2024,1,0,'Aportes a Cajas Complementarias de Previsión',0.00,1,NULL,NULL,NULL),(181,NULL,2024,1,0,'Aportes a Fondos Compensadores de Previsión',0.00,1,NULL,NULL,NULL),(182,NULL,2024,1,0,'Intereses Crédito Hipotecario',20000.00,1,NULL,NULL,NULL),(183,NULL,2024,1,0,'Servicio Doméstico',3503688.17,1,NULL,NULL,NULL),(184,NULL,2024,1,0,'Donaciones',0.00,1,NULL,NULL,NULL),(185,NULL,2024,1,0,'Cuota médico asistencial abonado por usted y por sus familiares a cargo',0.00,1,NULL,NULL,NULL),(186,NULL,2024,1,0,'Honorarios Correspondientes a los Servicios de asistencia Sanitaria, Médica y Paramédica',0.00,1,NULL,NULL,NULL),(187,NULL,2024,1,0,'Alquileres',3503688.17,1,NULL,NULL,NULL),(188,NULL,2024,1,0,'Servicios o Herramientas con Fines Educativos',1401475.27,1,NULL,NULL,NULL),(189,NULL,2024,1,0,'Primas Riesgo de Muertes y Ahorros',195845.39,1,NULL,NULL,NULL),(190,NULL,2024,1,0,'Aportes Planes Seguro Retiro Privado',195845.39,1,NULL,NULL,NULL),(191,NULL,2024,1,0,'Aportes a Sociedades de Garantias Reciprocas',0.00,1,NULL,NULL,NULL);
INSERT INTO `ganan_deducciones` VALUES (192,NULL,2024,0,1,'Ganancia No Imponible',3503688.17,1,NULL,NULL,NULL),(193,NULL,2024,0,1,'Conyuge',3299771.52,1,NULL,NULL,NULL),(194,NULL,2024,0,1,'Hijo Menor 18 años',1664086.82,1,NULL,NULL,NULL),(195,NULL,2024,0,1,'Hijo Incapacitado',3328173.63,1,NULL,NULL,NULL),(196,NULL,2024,0,1,'Deducción Especial [Artículo 30, inciso c), Apartado 1]',12262908.60,1,NULL,NULL,NULL),(197,NULL,2024,0,1,'Deducción Especial [Artículo 30, inciso c), Apartado 1 “nuevos profesionales/emprendedores”]',14014752.69,1,NULL,NULL,NULL),(198,NULL,2024,0,1,'Deducción Especial [Artículo 30, inciso c), Apartado 2]',16817703.23,1,NULL,NULL,NULL),(199,NULL,2025,1,0,'Primas de seguro para el caso de muerte',195845.39,1,NULL,NULL,NULL),(200,NULL,2025,1,0,'Aportes a Obras Sociales',0.00,1,NULL,NULL,NULL),(201,NULL,2025,1,0,'Aportes obligatorios a Fondos de jubilaciones, retiros, pensiones o subsidios a cajas nacionales, provinciales o municipales- incluidas las Cajas de Previsión para Profesionales.',0.00,1,NULL,NULL,NULL),(202,NULL,2025,1,0,'Gastos de Sepelio',996.23,1,NULL,NULL,NULL),(203,NULL,2025,1,0,'Otras deducciones del Anexo III de la RG 2437: Aportes para fondos de Jubilación, Retiros, Pensiones o Subsidios destinados al ANSES',0.00,1,NULL,NULL,NULL),(204,NULL,2025,1,0,'Aportes a Cajas Provinciales o Municipales o de Previsión para Profesionales',0.00,1,NULL,NULL,NULL),(205,NULL,2025,1,0,'Pagos Régimen Nacional de Trabajadores Autónomos',0.00,1,NULL,NULL,NULL),(206,NULL,2025,1,0,'Aportes a Cajas Complementarias de Previsión',0.00,1,NULL,NULL,NULL),(207,NULL,2025,1,0,'Aportes a Fondos Compensadores de Previsión',0.00,1,NULL,NULL,NULL),(208,NULL,2025,1,0,'Intereses Crédito Hipotecario',20000.00,1,NULL,NULL,NULL),(209,NULL,2025,1,0,'Servicio Doméstico',3916268.37,1,NULL,NULL,NULL),(210,NULL,2025,1,0,'Donaciones',0.00,1,NULL,NULL,NULL),(211,NULL,2025,1,0,'Cuota médico asistencial abonado por usted y por sus familiares a cargo',0.00,1,NULL,NULL,NULL),(212,NULL,2025,1,0,'Honorarios Correspondientes a los Servicios de asistencia Sanitaria, Médica y Paramédica',0.00,1,NULL,NULL,NULL),(213,NULL,2025,1,0,'Alquileres',3916268.37,1,NULL,NULL,NULL),(214,NULL,2025,1,0,'Servicios o Herramientas con Fines Educativos',1566507.35,1,NULL,NULL,NULL),(215,NULL,2025,1,0,'Primas Riesgo de Muertes y Ahorros',195845.39,1,NULL,NULL,NULL),(216,NULL,2025,1,0,'Aportes Planes Seguro Retiro Privado',195845.39,1,NULL,NULL,NULL),(217,NULL,2025,1,0,'Aportes a Sociedades de Garantias Reciprocas',0.00,1,NULL,NULL,NULL),(218,NULL,2025,0,1,'Ganancia No Imponible',3916268.37,1,NULL,NULL,NULL),(219,NULL,2025,0,1,'Conyuge',3688339.32,1,NULL,NULL,NULL),(220,NULL,2025,0,1,'Hijo Menor 18 años',1860042.98,1,NULL,NULL,NULL),(221,NULL,2025,0,1,'Hijo Incapacitado',3720085.95,1,NULL,NULL,NULL),(222,NULL,2025,0,1,'Deducción Especial [Artículo 30, inciso c), Apartado 1]',13706939.31,1,NULL,NULL,NULL),(223,NULL,2025,0,1,'Deducción Especial [Artículo 30, inciso c), Apartado 1 “nuevos profesionales/emprendedores”]',15665073.50,1,NULL,NULL,NULL),(224,NULL,2025,0,1,'Deducción Especial [Artículo 30, inciso c), Apartado 2]',18798088.20,1,NULL,NULL,NULL);

--
-- Table structure for table `ganan_tipos_op`
--

CREATE TABLE `ganan_tipos_op` (
  `id` int(10) unsigned NOT NULL AUTO_INCREMENT,
  `user_id` int(10) unsigned DEFAULT NULL,
  `nombre` varchar(191) COLLATE utf8mb4_unicode_ci NOT NULL,
  `status` tinyint(1) NOT NULL DEFAULT '1',
  `created_at` timestamp NULL DEFAULT NULL,
  `updated_at` timestamp NULL DEFAULT NULL,
  `deleted_at` timestamp NULL DEFAULT NULL,
  PRIMARY KEY (`id`)
) ENGINE=InnoDB AUTO_INCREMENT=3 DEFAULT CHARSET=utf8mb4 COLLATE=utf8mb4_unicode_ci;

--
-- Dumping data for table `ganan_tipos_op`
--

INSERT INTO `ganan_tipos_op` VALUES (1,NULL,'Gravado',1,'2019-11-15 13:24:28','2019-11-15 13:24:28',NULL),(2,NULL,'Exento',1,'2019-11-15 13:24:28','2019-11-15 13:24:28',NULL);

--
-- Table structure for table `horas_calculadas`
--

CREATE TABLE `horas_calculadas` (
  `id` bigint(20) unsigned NOT NULL AUTO_INCREMENT,
  `user_id` int(10) unsigned DEFAULT NULL,
  `syj_empleado_id` int(10) unsigned NOT NULL,
  `fecha` date NOT NULL,
  `horas_fichaje` decimal(8,2) NOT NULL DEFAULT '0.00',
  `horas_normales` decimal(8,2) NOT NULL DEFAULT '0.00',
  `horas_50` decimal(8,2) NOT NULL DEFAULT '0.00',
  `horas_100` decimal(8,2) NOT NULL DEFAULT '0.00',
  `horas_prod` decimal(8,2) NOT NULL DEFAULT '0.00',
  `horas_improd` decimal(8,2) NOT NULL DEFAULT '0.00',
  `created_at` timestamp NULL DEFAULT NULL,
  `updated_at` timestamp NULL DEFAULT NULL,
  `deleted_at` timestamp NULL DEFAULT NULL,
  PRIMARY KEY (`id`),
  KEY `horas_calculadas_syj_empleado_id_foreign` (`syj_empleado_id`),
  CONSTRAINT `horas_calculadas_syj_empleado_id_foreign` FOREIGN KEY (`syj_empleado_id`) REFERENCES `syj_empleados` (`id`)
) ENGINE=InnoDB DEFAULT CHARSET=utf8mb4 COLLATE=utf8mb4_unicode_ci;

--
-- Dumping data for table `horas_calculadas`
--


--
-- Table structure for table `horas_calculadas_details`
--

CREATE TABLE `horas_calculadas_details` (
  `id` bigint(20) unsigned NOT NULL AUTO_INCREMENT,
  `user_id` int(10) unsigned DEFAULT NULL,
  `horas_calculada_id` bigint(20) unsigned NOT NULL,
  `inv_orden_trabajo_hora_id` bigint(20) unsigned DEFAULT NULL,
  `horas_productiva_id` bigint(20) unsigned NOT NULL,
  `horas_prod` decimal(16,2) NOT NULL,
  `created_at` timestamp NULL DEFAULT NULL,
  `updated_at` timestamp NULL DEFAULT NULL,
  `deleted_at` timestamp NULL DEFAULT NULL,
  PRIMARY KEY (`id`),
  KEY `horas_calculadas_details_horas_calculada_id_foreign` (`horas_calculada_id`),
  KEY `horas_calculadas_details_horas_productiva_id_foreign` (`horas_productiva_id`),
  KEY `horas_calculadas_details_inv_orden_trabajo_hora_id_foreign` (`inv_orden_trabajo_hora_id`),
  CONSTRAINT `horas_calculadas_details_horas_calculada_id_foreign` FOREIGN KEY (`horas_calculada_id`) REFERENCES `horas_calculadas` (`id`),
  CONSTRAINT `horas_calculadas_details_horas_productiva_id_foreign` FOREIGN KEY (`horas_productiva_id`) REFERENCES `horas_productivas` (`id`),
  CONSTRAINT `horas_calculadas_details_inv_orden_trabajo_hora_id_foreign` FOREIGN KEY (`inv_orden_trabajo_hora_id`) REFERENCES `inv_orden_trabajo_horas` (`id`)
) ENGINE=InnoDB DEFAULT CHARSET=utf8mb4 COLLATE=utf8mb4_unicode_ci;

--
-- Dumping data for table `horas_calculadas_details`
--


--
-- Table structure for table `horas_definicion`
--

CREATE TABLE `horas_definicion` (
  `id` bigint(20) unsigned NOT NULL AUTO_INCREMENT,
  `user_id` int(10) unsigned DEFAULT NULL,
  `person_id` int(10) unsigned NOT NULL,
  `fecha` date NOT NULL,
  `horas_normales_inicio` time DEFAULT NULL,
  `horas_normales_fin` time DEFAULT NULL,
  `horas_50_inicio` time DEFAULT NULL,
  `horas_50_fin` time DEFAULT NULL,
  `horas_100_inicio` time DEFAULT NULL,
  `horas_100_fin` time DEFAULT NULL,
  `created_at` timestamp NULL DEFAULT NULL,
  `updated_at` timestamp NULL DEFAULT NULL,
  `deleted_at` timestamp NULL DEFAULT NULL,
  PRIMARY KEY (`id`),
  KEY `horas_definicion_person_id_foreign` (`person_id`),
  CONSTRAINT `horas_definicion_person_id_foreign` FOREIGN KEY (`person_id`) REFERENCES `persons` (`id`) ON DELETE CASCADE
) ENGINE=InnoDB DEFAULT CHARSET=utf8mb4 COLLATE=utf8mb4_unicode_ci;

--
-- Dumping data for table `horas_definicion`
--


--
-- Table structure for table `horas_fichajes`
--

CREATE TABLE `horas_fichajes` (
  `id` bigint(20) unsigned NOT NULL AUTO_INCREMENT,
  `user_id` int(10) unsigned DEFAULT NULL,
  `person_id` int(10) unsigned NOT NULL,
  `syj_empleado_id` int(10) unsigned NOT NULL,
  `fecha` date NOT NULL,
  `fecha_y_hora` datetime DEFAULT NULL,
  `terminal` varchar(50) COLLATE utf8mb4_unicode_ci NOT NULL,
  `codigo` varchar(191) COLLATE utf8mb4_unicode_ci DEFAULT NULL,
  `estado` varchar(191) COLLATE utf8mb4_unicode_ci NOT NULL,
  `jornada` varchar(191) COLLATE utf8mb4_unicode_ci DEFAULT NULL,
  `retraso` time DEFAULT NULL,
  `hs_50` time DEFAULT NULL,
  `hs_100` time DEFAULT NULL,
  `feriados` time DEFAULT NULL,
  `comentario` text COLLATE utf8mb4_unicode_ci,
  `created_at` timestamp NULL DEFAULT NULL,
  `updated_at` timestamp NULL DEFAULT NULL,
  `deleted_at` timestamp NULL DEFAULT NULL,
  PRIMARY KEY (`id`),
  KEY `horas_fichajes_person_id_foreign` (`person_id`),
  KEY `horas_fichajes_syj_empleado_id_foreign` (`syj_empleado_id`),
  CONSTRAINT `horas_fichajes_person_id_foreign` FOREIGN KEY (`person_id`) REFERENCES `persons` (`id`),
  CONSTRAINT `horas_fichajes_syj_empleado_id_foreign` FOREIGN KEY (`syj_empleado_id`) REFERENCES `syj_empleados` (`id`)
) ENGINE=InnoDB DEFAULT CHARSET=utf8mb4 COLLATE=utf8mb4_unicode_ci;

--
-- Dumping data for table `horas_fichajes`
--


--
-- Table structure for table `horas_productivas`
--

CREATE TABLE `horas_productivas` (
  `id` bigint(20) unsigned NOT NULL AUTO_INCREMENT,
  `user_id` int(10) unsigned DEFAULT NULL,
  `ot_id` bigint(20) unsigned NOT NULL,
  `syj_empleado_id` int(10) unsigned NOT NULL,
  `fecha_y_hora` datetime NOT NULL,
  `fecha_hora_start` datetime NOT NULL,
  `fecha_hora_end` datetime DEFAULT NULL,
  `created_at` timestamp NULL DEFAULT NULL,
  `updated_at` timestamp NULL DEFAULT NULL,
  `deleted_at` timestamp NULL DEFAULT NULL,
  PRIMARY KEY (`id`),
  KEY `horas_productivas_syj_empleado_id_foreign` (`syj_empleado_id`),
  KEY `horas_productivas_ot_id_foreign` (`ot_id`),
  CONSTRAINT `horas_productivas_ot_id_foreign` FOREIGN KEY (`ot_id`) REFERENCES `inv_orden_trabajos` (`id`),
  CONSTRAINT `horas_productivas_syj_empleado_id_foreign` FOREIGN KEY (`syj_empleado_id`) REFERENCES `syj_empleados` (`id`)
) ENGINE=InnoDB DEFAULT CHARSET=utf8mb4 COLLATE=utf8mb4_unicode_ci;

--
-- Dumping data for table `horas_productivas`
--


--
-- Table structure for table `iibb_perceptions`
--

CREATE TABLE `iibb_perceptions` (
  `id` int(10) unsigned NOT NULL AUTO_INCREMENT,
  `user_id` int(10) unsigned DEFAULT NULL,
  `created_at` timestamp NULL DEFAULT NULL,
  `updated_at` timestamp NULL DEFAULT NULL,
  `name` varchar(255) COLLATE utf8mb4_unicode_ci NOT NULL,
  `code` varchar(255) COLLATE utf8mb4_unicode_ci NOT NULL,
  PRIMARY KEY (`id`)
) ENGINE=InnoDB AUTO_INCREMENT=10 DEFAULT CHARSET=utf8mb4 COLLATE=utf8mb4_unicode_ci;

--
-- Dumping data for table `iibb_perceptions`
--

INSERT INTO `iibb_perceptions` VALUES (1,NULL,NULL,NULL,'IIBB CABA','IIBBCABA'),(2,NULL,NULL,NULL,'IIBB Bs. As.','IIBBBSAS'),(3,NULL,NULL,NULL,'Percepcion IIBB Tucuman','IIBBTucuman'),(4,NULL,NULL,NULL,'Perc IIBB Misiones','IIBBMisiones'),(5,NULL,NULL,NULL,'Perc IIBB Cordoba','IIBBCba'),(6,NULL,NULL,NULL,'Pec IIBB La Pampa','IIBB La Pampa'),(7,NULL,NULL,NULL,'Perc IIBB Rio Negro','IIBB Rio Negro'),(8,NULL,NULL,NULL,'Perc IIBB Corrientes','IIIBB Corrientes'),(9,NULL,NULL,NULL,'Perc IIBB Santiago del Estero','IIBBSantiago');

--
-- Table structure for table `inv_combos`
--

CREATE TABLE `inv_combos` (
  `id` bigint(20) unsigned NOT NULL AUTO_INCREMENT,
  `inv_product_combo_id` bigint(20) unsigned NOT NULL,
  `inv_product_id` bigint(20) unsigned NOT NULL,
  `cantidades` int(11) NOT NULL,
  `codigo_interno` varchar(191) COLLATE utf8mb4_unicode_ci NOT NULL,
  `descripcion` varchar(191) COLLATE utf8mb4_unicode_ci NOT NULL,
  `created_at` timestamp NULL DEFAULT NULL,
  `updated_at` timestamp NULL DEFAULT NULL,
  `deleted_at` timestamp NULL DEFAULT NULL,
  PRIMARY KEY (`id`),
  KEY `inv_combos_inv_product_combo_id_foreign` (`inv_product_combo_id`),
  KEY `inv_combos_inv_product_id_foreign` (`inv_product_id`),
  CONSTRAINT `inv_combos_inv_product_combo_id_foreign` FOREIGN KEY (`inv_product_combo_id`) REFERENCES `inv_productos` (`id`),
  CONSTRAINT `inv_combos_inv_product_id_foreign` FOREIGN KEY (`inv_product_id`) REFERENCES `inv_productos` (`id`)
) ENGINE=InnoDB AUTO_INCREMENT=3 DEFAULT CHARSET=utf8mb4 COLLATE=utf8mb4_unicode_ci;

--
-- Dumping data for table `inv_combos`
--

INSERT INTO `inv_combos` VALUES (1,6,5,1,'25','Producto #1',NULL,NULL,NULL),(2,6,4,1,'101','Producto #2',NULL,NULL,NULL);

--
-- Table structure for table `inv_control_stock`
--

CREATE TABLE `inv_control_stock` (
  `id` bigint(20) unsigned NOT NULL AUTO_INCREMENT,
  `user_id` int(11) DEFAULT NULL,
  `person_id` int(10) unsigned NOT NULL,
  `created_at` timestamp NULL DEFAULT NULL,
  `updated_at` timestamp NULL DEFAULT NULL,
  `deleted_at` timestamp NULL DEFAULT NULL,
  PRIMARY KEY (`id`),
  KEY `inv_control_stock_person_id_foreign` (`person_id`),
  CONSTRAINT `inv_control_stock_person_id_foreign` FOREIGN KEY (`person_id`) REFERENCES `persons` (`id`)
) ENGINE=InnoDB AUTO_INCREMENT=2 DEFAULT CHARSET=utf8mb4 COLLATE=utf8mb4_unicode_ci;

--
-- Dumping data for table `inv_control_stock`
--

INSERT INTO `inv_control_stock` VALUES (1,8522,40718,'2023-03-01 11:49:38','2023-03-01 11:49:38',NULL);

--
-- Table structure for table `inv_control_stock_detail`
--

CREATE TABLE `inv_control_stock_detail` (
  `id` bigint(20) unsigned NOT NULL AUTO_INCREMENT,
  `user_id` int(11) DEFAULT NULL,
  `person_id` int(10) unsigned NOT NULL,
  `inv_control_stock_id` bigint(20) unsigned NOT NULL,
  `inv_product_id` bigint(20) unsigned NOT NULL,
  `inv_deposito_id` bigint(20) unsigned DEFAULT NULL,
  `stock_actual` decimal(16,2) NOT NULL DEFAULT '0.00',
  `stock_real` decimal(16,2) NOT NULL DEFAULT '0.00',
  `stock_diferencia` decimal(16,2) NOT NULL DEFAULT '0.00',
  `precio_costo` decimal(16,2) NOT NULL DEFAULT '0.00',
  `precio_diferencia` decimal(16,2) NOT NULL DEFAULT '0.00',
  `created_at` timestamp NULL DEFAULT NULL,
  `updated_at` timestamp NULL DEFAULT NULL,
  `deleted_at` timestamp NULL DEFAULT NULL,
  PRIMARY KEY (`id`),
  KEY `inv_control_stock_detail_person_id_foreign` (`person_id`),
  KEY `inv_control_stock_detail_inv_control_stock_id_foreign` (`inv_control_stock_id`),
  KEY `inv_control_stock_detail_inv_product_id_foreign` (`inv_product_id`),
  KEY `inv_control_stock_detail_inv_deposito_id_foreign` (`inv_deposito_id`),
  CONSTRAINT `inv_control_stock_detail_inv_control_stock_id_foreign` FOREIGN KEY (`inv_control_stock_id`) REFERENCES `inv_control_stock` (`id`),
  CONSTRAINT `inv_control_stock_detail_inv_deposito_id_foreign` FOREIGN KEY (`inv_deposito_id`) REFERENCES `inv_depositos` (`id`),
  CONSTRAINT `inv_control_stock_detail_inv_product_id_foreign` FOREIGN KEY (`inv_product_id`) REFERENCES `inv_productos` (`id`),
  CONSTRAINT `inv_control_stock_detail_person_id_foreign` FOREIGN KEY (`person_id`) REFERENCES `persons` (`id`)
) ENGINE=InnoDB AUTO_INCREMENT=2 DEFAULT CHARSET=utf8mb4 COLLATE=utf8mb4_unicode_ci;

--
-- Dumping data for table `inv_control_stock_detail`
--

INSERT INTO `inv_control_stock_detail` VALUES (1,8522,40718,1,4,1,325.00,295.00,-30.00,5000.00,-150000.00,'2023-03-01 11:49:38','2023-03-01 11:49:38',NULL);

--
-- Table structure for table `inv_depositos`
--

CREATE TABLE `inv_depositos` (
  `id` bigint(20) unsigned NOT NULL AUTO_INCREMENT,
  `user_id` int(10) unsigned DEFAULT NULL,
  `person_id` int(10) unsigned NOT NULL,
  `descripcion` text COLLATE utf8mb4_unicode_ci NOT NULL,
  `habilitado` tinyint(1) NOT NULL DEFAULT '1',
  `deleted_at` timestamp NULL DEFAULT NULL,
  `created_at` timestamp NULL DEFAULT NULL,
  `updated_at` timestamp NULL DEFAULT NULL,
  PRIMARY KEY (`id`),
  KEY `inv_depositos_person_id_foreign` (`person_id`),
  CONSTRAINT `inv_depositos_person_id_foreign` FOREIGN KEY (`person_id`) REFERENCES `persons` (`id`)
) ENGINE=InnoDB AUTO_INCREMENT=2 DEFAULT CHARSET=utf8mb4 COLLATE=utf8mb4_unicode_ci;

--
-- Dumping data for table `inv_depositos`
--

INSERT INTO `inv_depositos` VALUES (1,NULL,40718,'Deposito 1',1,NULL,NULL,NULL);

--
-- Table structure for table `inv_descarga_details`
--

CREATE TABLE `inv_descarga_details` (
  `id` bigint(20) unsigned NOT NULL AUTO_INCREMENT,
  `user_id` int(10) unsigned DEFAULT NULL,
  `person_id` int(10) unsigned NOT NULL,
  `inv_descarga_id` bigint(20) unsigned DEFAULT NULL,
  `inv_producto_id` bigint(20) unsigned DEFAULT NULL,
  `inv_deposito_id` bigint(20) unsigned DEFAULT NULL,
  `cantidades` decimal(16,2) NOT NULL DEFAULT '0.00',
  `created_at` timestamp NULL DEFAULT NULL,
  `updated_at` timestamp NULL DEFAULT NULL,
  `deleted_at` timestamp NULL DEFAULT NULL,
  PRIMARY KEY (`id`),
  KEY `inv_descarga_details_person_id_foreign` (`person_id`),
  KEY `inv_descarga_details_inv_producto_id_foreign` (`inv_producto_id`),
  KEY `inv_descarga_details_inv_descarga_id_foreign` (`inv_descarga_id`),
  KEY `inv_descarga_details_inv_deposito_id_foreign` (`inv_deposito_id`),
  CONSTRAINT `inv_descarga_details_inv_deposito_id_foreign` FOREIGN KEY (`inv_deposito_id`) REFERENCES `inv_depositos` (`id`),
  CONSTRAINT `inv_descarga_details_inv_descarga_id_foreign` FOREIGN KEY (`inv_descarga_id`) REFERENCES `inv_descargas` (`id`),
  CONSTRAINT `inv_descarga_details_inv_producto_id_foreign` FOREIGN KEY (`inv_producto_id`) REFERENCES `inv_productos` (`id`),
  CONSTRAINT `inv_descarga_details_person_id_foreign` FOREIGN KEY (`person_id`) REFERENCES `persons` (`id`)
) ENGINE=InnoDB DEFAULT CHARSET=utf8mb4 COLLATE=utf8mb4_unicode_ci;

--
-- Dumping data for table `inv_descarga_details`
--


--
-- Table structure for table `inv_descargas`
--

CREATE TABLE `inv_descargas` (
  `id` bigint(20) unsigned NOT NULL AUTO_INCREMENT,
  `user_id` int(10) unsigned DEFAULT NULL,
  `person_id` int(10) unsigned NOT NULL,
  `inv_orden_trabajo_gastos_tipo_id` bigint(20) unsigned DEFAULT NULL,
  `syj_empleado_id` int(10) unsigned DEFAULT NULL,
  `comentario` text COLLATE utf8mb4_unicode_ci,
  `fecha` datetime NOT NULL DEFAULT '2023-04-10 09:58:35',
  `created_at` timestamp NULL DEFAULT NULL,
  `updated_at` timestamp NULL DEFAULT NULL,
  `deleted_at` timestamp NULL DEFAULT NULL,
  PRIMARY KEY (`id`),
  KEY `inv_descargas_person_id_foreign` (`person_id`),
  KEY `inv_descargas_inv_orden_trabajo_gastos_tipo_id_foreign` (`inv_orden_trabajo_gastos_tipo_id`),
  KEY `inv_descargas_syj_empleado_id_foreign` (`syj_empleado_id`),
  CONSTRAINT `inv_descargas_inv_orden_trabajo_gastos_tipo_id_foreign` FOREIGN KEY (`inv_orden_trabajo_gastos_tipo_id`) REFERENCES `inv_orden_trabajo_gastos_tipos` (`id`),
  CONSTRAINT `inv_descargas_person_id_foreign` FOREIGN KEY (`person_id`) REFERENCES `persons` (`id`),
  CONSTRAINT `inv_descargas_syj_empleado_id_foreign` FOREIGN KEY (`syj_empleado_id`) REFERENCES `syj_empleados` (`id`)
) ENGINE=InnoDB DEFAULT CHARSET=utf8mb4 COLLATE=utf8mb4_unicode_ci;

--
-- Dumping data for table `inv_descargas`
--


--
-- Table structure for table `inv_indicadores`
--

CREATE TABLE `inv_indicadores` (
  `id` bigint(20) unsigned NOT NULL AUTO_INCREMENT,
  `user_id` int(10) unsigned DEFAULT NULL,
  `descripcion` varchar(191) COLLATE utf8mb4_unicode_ci NOT NULL,
  `metodo` varchar(191) COLLATE utf8mb4_unicode_ci NOT NULL,
  `tipo` varchar(191) COLLATE utf8mb4_unicode_ci NOT NULL,
  `orden` int(10) unsigned NOT NULL,
  `habilitado` tinyint(1) NOT NULL DEFAULT '1',
  `created_at` timestamp NULL DEFAULT NULL,
  `updated_at` timestamp NULL DEFAULT NULL,
  `deleted_at` timestamp NULL DEFAULT NULL,
  PRIMARY KEY (`id`)
) ENGINE=InnoDB AUTO_INCREMENT=11 DEFAULT CHARSET=utf8mb4 COLLATE=utf8mb4_unicode_ci;

--
-- Dumping data for table `inv_indicadores`
--

INSERT INTO `inv_indicadores` VALUES (1,NULL,'Datos Grales','datos_grales','card_info',5,1,NULL,'2023-02-16 08:53:02',NULL),(2,NULL,'Impuestos Asociados','impuestos_asociados','card_info',6,1,NULL,'2023-02-16 08:53:02',NULL),(3,NULL,'Informacion de Liquidacion','informacion_de_liquidacion','card_info',7,1,NULL,'2023-02-16 08:53:02',NULL),(4,NULL,'Cantidad Ventas del Mes','cantidad_ventas_del_mes','card',1,1,NULL,'2023-02-16 08:53:02',NULL),(5,NULL,'Total Facturado En El Mes','total_facturado_en_el_mes','card',2,1,NULL,'2023-02-16 08:53:02',NULL),(6,NULL,'Total Facturado En El Dia','total_facturado_en_el_dia','card',3,1,NULL,'2023-02-16 08:53:02',NULL),(7,NULL,'Total Facturado En El Año','total_facturado_en_el_anio','card',4,1,NULL,'2023-02-16 08:53:02',NULL),(8,NULL,'Facturacion Mensual','facturacion_mensual','grafico',8,1,NULL,'2023-02-16 08:53:02',NULL),(9,NULL,'Proyeccion de Ganancias','proyeccion_de_ganancias','tabla',9,1,NULL,'2023-02-16 08:53:02',NULL),(10,NULL,'Posicion IVA','posicion_de_iva','tabla',10,1,NULL,'2023-02-16 08:53:02',NULL);

--
-- Table structure for table `inv_indicadores_persons`
--

CREATE TABLE `inv_indicadores_persons` (
  `id` bigint(20) unsigned NOT NULL AUTO_INCREMENT,
  `user_id` int(10) unsigned DEFAULT NULL,
  `person_id` int(10) unsigned NOT NULL,
  `inv_indicador_id` bigint(20) unsigned NOT NULL,
  `objetivo` decimal(16,2) NOT NULL DEFAULT '0.00',
  `created_at` timestamp NULL DEFAULT NULL,
  `updated_at` timestamp NULL DEFAULT NULL,
  `deleted_at` timestamp NULL DEFAULT NULL,
  PRIMARY KEY (`id`),
  KEY `inv_indicadores_persons_person_id_foreign` (`person_id`),
  KEY `inv_indicadores_persons_inv_indicador_id_foreign` (`inv_indicador_id`),
  CONSTRAINT `inv_indicadores_persons_inv_indicador_id_foreign` FOREIGN KEY (`inv_indicador_id`) REFERENCES `inv_indicadores` (`id`),
  CONSTRAINT `inv_indicadores_persons_person_id_foreign` FOREIGN KEY (`person_id`) REFERENCES `persons` (`id`)
) ENGINE=InnoDB AUTO_INCREMENT=86 DEFAULT CHARSET=utf8mb4 COLLATE=utf8mb4_unicode_ci;

--
-- Dumping data for table `inv_indicadores_persons`
--

INSERT INTO `inv_indicadores_persons` VALUES (1,NULL,40719,1,0.00,NULL,NULL,NULL),(2,NULL,40718,1,0.00,NULL,'2023-03-01 16:20:46','2023-03-01 16:20:46'),(3,NULL,40718,1,0.00,NULL,'2023-03-01 16:20:49','2023-03-01 16:20:49'),(4,NULL,40718,2,0.00,NULL,'2023-03-01 16:20:49','2023-03-01 16:20:49'),(5,NULL,40718,1,0.00,NULL,NULL,NULL),(6,NULL,40718,2,0.00,NULL,NULL,NULL),(7,NULL,40718,3,0.00,NULL,NULL,NULL),(8,NULL,40815,7,0.00,NULL,'2023-11-19 18:40:14','2023-11-19 18:40:14'),(9,NULL,40816,4,0.00,NULL,NULL,NULL),(10,NULL,40815,6,0.00,NULL,'2023-11-19 18:40:36','2023-11-19 18:40:36'),(11,NULL,40815,4,0.00,NULL,'2023-11-19 18:40:39','2023-11-19 18:40:39'),(12,NULL,40815,6,0.00,NULL,'2023-11-19 18:40:39','2023-11-19 18:40:39'),(13,NULL,40815,6,0.00,NULL,'2023-11-19 18:40:40','2023-11-19 18:40:40'),(14,NULL,40815,5,0.00,NULL,NULL,NULL),(15,NULL,41021,4,0.00,NULL,'2024-08-16 10:05:16','2024-08-16 10:05:16'),(16,NULL,41021,10,0.00,NULL,'2024-08-16 15:29:50','2024-08-16 15:29:50'),(17,NULL,41021,5,0.00,NULL,'2024-08-17 16:54:11','2024-08-17 16:54:11'),(18,NULL,41021,5,0.00,NULL,'2024-08-17 16:54:20','2024-08-17 16:54:20'),(19,NULL,41021,5,0.00,NULL,'2024-08-17 16:54:24','2024-08-17 16:54:24'),(20,NULL,41021,7,0.00,NULL,'2024-08-17 16:54:24','2024-08-17 16:54:24'),(21,NULL,41021,5,0.00,NULL,'2024-08-17 16:54:28','2024-08-17 16:54:28'),(22,NULL,41021,1,0.00,NULL,'2024-08-17 16:54:29','2024-08-17 16:54:29'),(23,NULL,41021,1,0.00,NULL,'2024-08-17 16:54:36','2024-08-17 16:54:36'),(24,NULL,41021,5,0.00,NULL,'2024-08-17 16:54:36','2024-08-17 16:54:36'),(25,NULL,41021,1,0.00,NULL,'2024-08-17 16:54:59','2024-08-17 16:54:59'),(26,NULL,41021,5,0.00,NULL,'2024-08-17 16:54:59','2024-08-17 16:54:59'),(27,NULL,41021,8,0.00,NULL,'2024-08-17 16:54:59','2024-08-17 16:54:59'),(28,NULL,41021,5,0.00,NULL,'2024-08-17 16:55:01','2024-08-17 16:55:01'),(29,NULL,41021,8,0.00,NULL,'2024-08-17 16:55:01','2024-08-17 16:55:01'),(30,NULL,41021,8,0.00,NULL,'2024-08-17 16:55:03','2024-08-17 16:55:03'),(31,NULL,41021,8,0.00,NULL,'2025-11-06 16:38:49','2025-11-06 16:38:49'),(32,NULL,41021,4,0.00,NULL,'2025-11-06 16:38:56','2025-11-06 16:38:56'),(33,NULL,41021,8,0.00,NULL,'2025-11-06 16:38:56','2025-11-06 16:38:56'),(34,NULL,41021,4,0.00,NULL,'2025-11-06 16:38:59','2025-11-06 16:38:59'),(35,NULL,41021,5,0.00,NULL,'2025-11-06 16:38:59','2025-11-06 16:38:59'),(36,NULL,41021,8,0.00,NULL,'2025-11-06 16:38:59','2025-11-06 16:38:59'),(37,NULL,41021,4,0.00,NULL,'2025-11-06 16:39:00','2025-11-06 16:39:00'),(38,NULL,41021,5,0.00,NULL,'2025-11-06 16:39:00','2025-11-06 16:39:00'),(39,NULL,41021,6,0.00,NULL,'2025-11-06 16:39:00','2025-11-06 16:39:00'),(40,NULL,41021,8,0.00,NULL,'2025-11-06 16:39:00','2025-11-06 16:39:00'),(41,NULL,41021,4,0.00,NULL,'2025-11-06 16:39:01','2025-11-06 16:39:01'),(42,NULL,41021,5,0.00,NULL,'2025-11-06 16:39:01','2025-11-06 16:39:01'),(43,NULL,41021,6,0.00,NULL,'2025-11-06 16:39:01','2025-11-06 16:39:01'),(44,NULL,41021,7,0.00,NULL,'2025-11-06 16:39:01','2025-11-06 16:39:01'),(45,NULL,41021,8,0.00,NULL,'2025-11-06 16:39:01','2025-11-06 16:39:01'),(46,NULL,41021,1,0.00,NULL,'2025-11-06 16:39:03','2025-11-06 16:39:03'),(47,NULL,41021,4,0.00,NULL,'2025-11-06 16:39:03','2025-11-06 16:39:03'),(48,NULL,41021,5,0.00,NULL,'2025-11-06 16:39:03','2025-11-06 16:39:03'),(49,NULL,41021,6,0.00,NULL,'2025-11-06 16:39:03','2025-11-06 16:39:03'),(50,NULL,41021,7,0.00,NULL,'2025-11-06 16:39:03','2025-11-06 16:39:03'),(51,NULL,41021,8,0.00,NULL,'2025-11-06 16:39:03','2025-11-06 16:39:03'),(52,NULL,41021,1,0.00,NULL,'2025-11-06 16:39:05','2025-11-06 16:39:05'),(53,NULL,41021,2,0.00,NULL,'2025-11-06 16:39:05','2025-11-06 16:39:05'),(54,NULL,41021,4,0.00,NULL,'2025-11-06 16:39:05','2025-11-06 16:39:05'),(55,NULL,41021,5,0.00,NULL,'2025-11-06 16:39:05','2025-11-06 16:39:05'),(56,NULL,41021,6,0.00,NULL,'2025-11-06 16:39:05','2025-11-06 16:39:05'),(57,NULL,41021,7,0.00,NULL,'2025-11-06 16:39:05','2025-11-06 16:39:05'),(58,NULL,41021,8,0.00,NULL,'2025-11-06 16:39:05','2025-11-06 16:39:05');
INSERT INTO `inv_indicadores_persons` VALUES (59,NULL,41021,1,0.00,NULL,'2025-11-06 16:39:08','2025-11-06 16:39:08'),(60,NULL,41021,2,0.00,NULL,'2025-11-06 16:39:08','2025-11-06 16:39:08'),(61,NULL,41021,3,0.00,NULL,'2025-11-06 16:39:08','2025-11-06 16:39:08'),(62,NULL,41021,4,0.00,NULL,'2025-11-06 16:39:08','2025-11-06 16:39:08'),(63,NULL,41021,5,0.00,NULL,'2025-11-06 16:39:08','2025-11-06 16:39:08'),(64,NULL,41021,6,0.00,NULL,'2025-11-06 16:39:08','2025-11-06 16:39:08'),(65,NULL,41021,7,0.00,NULL,'2025-11-06 16:39:08','2025-11-06 16:39:08'),(66,NULL,41021,8,0.00,NULL,'2025-11-06 16:39:08','2025-11-06 16:39:08'),(67,NULL,41021,1,0.00,NULL,'2025-11-06 16:39:09','2025-11-06 16:39:09'),(68,NULL,41021,2,0.00,NULL,'2025-11-06 16:39:09','2025-11-06 16:39:09'),(69,NULL,41021,3,0.00,NULL,'2025-11-06 16:39:09','2025-11-06 16:39:09'),(70,NULL,41021,4,0.00,NULL,'2025-11-06 16:39:09','2025-11-06 16:39:09'),(71,NULL,41021,5,0.00,NULL,'2025-11-06 16:39:09','2025-11-06 16:39:09'),(72,NULL,41021,6,0.00,NULL,'2025-11-06 16:39:09','2025-11-06 16:39:09'),(73,NULL,41021,7,0.00,NULL,'2025-11-06 16:39:09','2025-11-06 16:39:09'),(74,NULL,41021,8,0.00,NULL,'2025-11-06 16:39:09','2025-11-06 16:39:09'),(75,NULL,41021,9,0.00,NULL,'2025-11-06 16:39:09','2025-11-06 16:39:09'),(76,NULL,41021,1,0.00,NULL,NULL,NULL),(77,NULL,41021,2,0.00,NULL,NULL,NULL),(78,NULL,41021,3,0.00,NULL,NULL,NULL),(79,NULL,41021,4,0.00,NULL,NULL,NULL),(80,NULL,41021,5,0.00,NULL,NULL,NULL),(81,NULL,41021,6,0.00,NULL,NULL,NULL),(82,NULL,41021,7,0.00,NULL,NULL,NULL),(83,NULL,41021,8,0.00,NULL,NULL,NULL),(84,NULL,41021,9,0.00,NULL,NULL,NULL),(85,NULL,41021,10,0.00,NULL,NULL,NULL);

--
-- Table structure for table `inv_ing_egr_stock`
--

CREATE TABLE `inv_ing_egr_stock` (
  `id` bigint(20) unsigned NOT NULL AUTO_INCREMENT,
  `user_id` int(11) DEFAULT NULL,
  `person_id` int(10) unsigned NOT NULL,
  `created_at` timestamp NULL DEFAULT NULL,
  `updated_at` timestamp NULL DEFAULT NULL,
  `deleted_at` timestamp NULL DEFAULT NULL,
  PRIMARY KEY (`id`),
  KEY `inv_ing_egr_stock_person_id_foreign` (`person_id`),
  CONSTRAINT `inv_ing_egr_stock_person_id_foreign` FOREIGN KEY (`person_id`) REFERENCES `persons` (`id`)
) ENGINE=InnoDB DEFAULT CHARSET=utf8mb4 COLLATE=utf8mb4_unicode_ci;

--
-- Dumping data for table `inv_ing_egr_stock`
--


--
-- Table structure for table `inv_ing_egr_stock_detail`
--

CREATE TABLE `inv_ing_egr_stock_detail` (
  `id` bigint(20) unsigned NOT NULL AUTO_INCREMENT,
  `user_id` int(11) DEFAULT NULL,
  `person_id` int(10) unsigned NOT NULL,
  `inv_ing_egr_stock_id` bigint(20) unsigned NOT NULL,
  `inv_product_id` bigint(20) unsigned NOT NULL,
  `prod_variant_id` bigint(20) unsigned DEFAULT NULL,
  `inv_deposito_id` bigint(20) unsigned DEFAULT NULL,
  `sumar1_restar0` tinyint(1) NOT NULL DEFAULT '1',
  `cantidades` decimal(16,2) NOT NULL DEFAULT '0.00',
  `created_at` timestamp NULL DEFAULT NULL,
  `updated_at` timestamp NULL DEFAULT NULL,
  `deleted_at` timestamp NULL DEFAULT NULL,
  PRIMARY KEY (`id`),
  KEY `inv_ing_egr_stock_detail_person_id_foreign` (`person_id`),
  KEY `inv_ing_egr_stock_detail_inv_ing_egr_stock_id_foreign` (`inv_ing_egr_stock_id`),
  KEY `inv_ing_egr_stock_detail_inv_product_id_foreign` (`inv_product_id`),
  KEY `inv_ing_egr_stock_detail_inv_deposito_id_foreign` (`inv_deposito_id`),
  KEY `inv_ing_egr_stock_detail_prod_variant_id_foreign` (`prod_variant_id`),
  CONSTRAINT `inv_ing_egr_stock_detail_inv_deposito_id_foreign` FOREIGN KEY (`inv_deposito_id`) REFERENCES `inv_depositos` (`id`),
  CONSTRAINT `inv_ing_egr_stock_detail_inv_ing_egr_stock_id_foreign` FOREIGN KEY (`inv_ing_egr_stock_id`) REFERENCES `inv_ing_egr_stock` (`id`),
  CONSTRAINT `inv_ing_egr_stock_detail_inv_product_id_foreign` FOREIGN KEY (`inv_product_id`) REFERENCES `inv_productos` (`id`),
  CONSTRAINT `inv_ing_egr_stock_detail_person_id_foreign` FOREIGN KEY (`person_id`) REFERENCES `persons` (`id`),
  CONSTRAINT `inv_ing_egr_stock_detail_prod_variant_id_foreign` FOREIGN KEY (`prod_variant_id`) REFERENCES `prod_variants` (`id`)
) ENGINE=InnoDB DEFAULT CHARSET=utf8mb4 COLLATE=utf8mb4_unicode_ci;

--
-- Dumping data for table `inv_ing_egr_stock_detail`
--


--
-- Table structure for table `inv_lista_de_precios`
--

CREATE TABLE `inv_lista_de_precios` (
  `id` bigint(20) unsigned NOT NULL AUTO_INCREMENT,
  `user_id` int(11) DEFAULT NULL,
  `person_id` int(10) unsigned NOT NULL,
  `descripcion` varchar(191) COLLATE utf8mb4_unicode_ci DEFAULT NULL,
  `cliente_id` int(10) unsigned DEFAULT NULL COMMENT 'Cliente específico al que aplica la lista (opcional)',
  `descuento_general` decimal(10,2) DEFAULT NULL COMMENT 'Porcentaje de descuento general para todos los productos',
  `incremento_general` decimal(10,2) DEFAULT NULL COMMENT 'Porcentaje de incremento general para todos los productos',
  `aplicar_redondeo` tinyint(1) NOT NULL DEFAULT '0' COMMENT 'Si se debe aplicar redondeo al precio calculado',
  `redondeo_a` decimal(10,2) DEFAULT NULL COMMENT 'Múltiplo al cual redondear el precio (ej: 10, 50, 100)',
  `fecha_desde` date DEFAULT NULL COMMENT 'Fecha de inicio de vigencia',
  `fecha_hasta` date DEFAULT NULL COMMENT 'Fecha de fin de vigencia',
  `habilitado` tinyint(1) NOT NULL DEFAULT '1',
  `created_at` timestamp NULL DEFAULT NULL,
  `updated_at` timestamp NULL DEFAULT NULL,
  `deleted_at` timestamp NULL DEFAULT NULL,
  PRIMARY KEY (`id`),
  KEY `inv_lista_de_precios_person_id_foreign` (`person_id`),
  KEY `inv_lista_de_precios_cliente_id_index` (`cliente_id`),
  KEY `inv_lista_de_precios_fecha_desde_index` (`fecha_desde`),
  KEY `inv_lista_de_precios_fecha_hasta_index` (`fecha_hasta`),
  CONSTRAINT `inv_lista_de_precios_cliente_id_foreign` FOREIGN KEY (`cliente_id`) REFERENCES `persons` (`id`) ON DELETE CASCADE,
  CONSTRAINT `inv_lista_de_precios_person_id_foreign` FOREIGN KEY (`person_id`) REFERENCES `persons` (`id`)
) ENGINE=InnoDB AUTO_INCREMENT=2 DEFAULT CHARSET=utf8mb4 COLLATE=utf8mb4_unicode_ci;

--
-- Dumping data for table `inv_lista_de_precios`
--

INSERT INTO `inv_lista_de_precios` VALUES (1,8522,40718,'Lista General',NULL,NULL,NULL,0,NULL,NULL,NULL,1,'2023-03-01 11:43:01','2023-03-01 11:43:01',NULL);

--
-- Table structure for table `inv_lista_de_precios_productos`
--

CREATE TABLE `inv_lista_de_precios_productos` (
  `id` bigint(20) unsigned NOT NULL AUTO_INCREMENT,
  `inv_lista_de_precio_id` bigint(20) unsigned NOT NULL,
  `inv_producto_id` bigint(20) unsigned NOT NULL,
  `precio_sin_iva` decimal(15,2) DEFAULT NULL COMMENT 'Override del precio sin IVA (si es null, se calcula desde precio base)',
  `precio_final` decimal(15,2) DEFAULT NULL COMMENT 'Override del precio final (si es null, se calcula desde precio base)',
  `descuento_porcentaje` decimal(10,2) DEFAULT NULL COMMENT 'Porcentaje de descuento sobre precio base del producto',
  `incremento_porcentaje` decimal(10,2) DEFAULT NULL COMMENT 'Porcentaje de incremento sobre precio base del producto',
  `margen` decimal(10,2) DEFAULT NULL COMMENT 'Override del margen para recalcular precio',
  `habilitado` tinyint(1) NOT NULL DEFAULT '1',
  `created_at` timestamp NULL DEFAULT NULL,
  `updated_at` timestamp NULL DEFAULT NULL,
  PRIMARY KEY (`id`),
  UNIQUE KEY `unique_lista_producto` (`inv_lista_de_precio_id`,`inv_producto_id`),
  KEY `inv_lista_de_precios_productos_habilitado_index` (`habilitado`),
  KEY `inv_lista_de_precios_productos_inv_producto_id_habilitado_index` (`inv_producto_id`,`habilitado`),
  CONSTRAINT `inv_lista_de_precios_productos_inv_lista_de_precio_id_foreign` FOREIGN KEY (`inv_lista_de_precio_id`) REFERENCES `inv_lista_de_precios` (`id`) ON DELETE CASCADE,
  CONSTRAINT `inv_lista_de_precios_productos_inv_producto_id_foreign` FOREIGN KEY (`inv_producto_id`) REFERENCES `inv_productos` (`id`) ON DELETE CASCADE
) ENGINE=InnoDB DEFAULT CHARSET=utf8mb4 COLLATE=utf8mb4_unicode_ci;

--
-- Dumping data for table `inv_lista_de_precios_productos`
--


--
-- Table structure for table `inv_orden_trabajo_clasificacion`
--

CREATE TABLE `inv_orden_trabajo_clasificacion` (
  `id` int(10) unsigned NOT NULL AUTO_INCREMENT,
  `user_id` int(10) unsigned DEFAULT NULL,
  `person_id` int(10) unsigned NOT NULL,
  `descripcion` text COLLATE utf8mb4_unicode_ci NOT NULL,
  `habilitado` tinyint(1) NOT NULL DEFAULT '1',
  `created_at` timestamp NULL DEFAULT NULL,
  `updated_at` timestamp NULL DEFAULT NULL,
  `deleted_at` timestamp NULL DEFAULT NULL,
  PRIMARY KEY (`id`),
  KEY `inv_orden_trabajo_clasificacion_person_id_foreign` (`person_id`),
  CONSTRAINT `inv_orden_trabajo_clasificacion_person_id_foreign` FOREIGN KEY (`person_id`) REFERENCES `persons` (`id`)
) ENGINE=InnoDB DEFAULT CHARSET=utf8mb4 COLLATE=utf8mb4_unicode_ci;

--
-- Dumping data for table `inv_orden_trabajo_clasificacion`
--


--
-- Table structure for table `inv_orden_trabajo_config_cc`
--

CREATE TABLE `inv_orden_trabajo_config_cc` (
  `id` bigint(20) unsigned NOT NULL AUTO_INCREMENT,
  `user_id` int(10) unsigned DEFAULT NULL,
  `person_id` int(10) unsigned NOT NULL,
  `horas_conta_plan_cuenta_id` int(10) unsigned NOT NULL,
  `horas_contra_conta_plan_cuenta_id` int(10) unsigned NOT NULL,
  `gastos_conta_plan_cuenta_id` int(10) unsigned NOT NULL,
  `gastos_contra_conta_plan_cuenta_id` int(10) unsigned NOT NULL,
  `productos_conta_plan_cuenta_id` int(10) unsigned NOT NULL,
  `productos_contra_conta_plan_cuenta_id` int(10) unsigned NOT NULL,
  `asiento_horas_cpc_id` int(10) unsigned NOT NULL DEFAULT '217',
  `asiento_contra_horas_cpc_id` int(10) unsigned NOT NULL DEFAULT '217',
  `asiento_gastos_cpc_id` int(10) unsigned NOT NULL DEFAULT '217',
  `asiento_contra_gastos_cpc_id` int(10) unsigned NOT NULL DEFAULT '217',
  `asiento_productos_cpc_id` int(10) unsigned NOT NULL DEFAULT '217',
  `asiento_contra_productos_cpc_id` int(10) unsigned NOT NULL DEFAULT '217',
  `created_at` timestamp NULL DEFAULT NULL,
  `updated_at` timestamp NULL DEFAULT NULL,
  `deleted_at` timestamp NULL DEFAULT NULL,
  PRIMARY KEY (`id`),
  KEY `inv_orden_trabajo_config_cc_person_id_foreign` (`person_id`),
  KEY `hcc_id_foreign` (`horas_conta_plan_cuenta_id`),
  KEY `gcc_id_foreign` (`gastos_conta_plan_cuenta_id`),
  KEY `pcc_id_foreign` (`productos_conta_plan_cuenta_id`),
  KEY `h_contra_cc_id_foreign` (`horas_contra_conta_plan_cuenta_id`),
  KEY `g_contra_cc_id_foreign` (`gastos_contra_conta_plan_cuenta_id`),
  KEY `p_contra_cc_id_foreign` (`productos_contra_conta_plan_cuenta_id`),
  KEY `ahcc_id_foreign` (`asiento_horas_cpc_id`),
  KEY `agcc_id_foreign` (`asiento_gastos_cpc_id`),
  KEY `apcc_id_foreign` (`asiento_productos_cpc_id`),
  KEY `ah_contra_cc_id_foreign` (`asiento_contra_horas_cpc_id`),
  KEY `ag_contra_cc_id_foreign` (`asiento_contra_gastos_cpc_id`),
  KEY `ap_contra_cc_id_foreign` (`asiento_contra_productos_cpc_id`),
  CONSTRAINT `ag_contra_cc_id_foreign` FOREIGN KEY (`asiento_contra_gastos_cpc_id`) REFERENCES `conta_plan_cuenta` (`id`),
  CONSTRAINT `agcc_id_foreign` FOREIGN KEY (`asiento_gastos_cpc_id`) REFERENCES `conta_plan_cuenta` (`id`),
  CONSTRAINT `ah_contra_cc_id_foreign` FOREIGN KEY (`asiento_contra_horas_cpc_id`) REFERENCES `conta_plan_cuenta` (`id`),
  CONSTRAINT `ahcc_id_foreign` FOREIGN KEY (`asiento_horas_cpc_id`) REFERENCES `conta_plan_cuenta` (`id`),
  CONSTRAINT `ap_contra_cc_id_foreign` FOREIGN KEY (`asiento_contra_productos_cpc_id`) REFERENCES `conta_plan_cuenta` (`id`),
  CONSTRAINT `apcc_id_foreign` FOREIGN KEY (`asiento_productos_cpc_id`) REFERENCES `conta_plan_cuenta` (`id`),
  CONSTRAINT `g_contra_cc_id_foreign` FOREIGN KEY (`gastos_contra_conta_plan_cuenta_id`) REFERENCES `conta_plan_cuenta` (`id`),
  CONSTRAINT `gcc_id_foreign` FOREIGN KEY (`gastos_conta_plan_cuenta_id`) REFERENCES `conta_plan_cuenta` (`id`),
  CONSTRAINT `h_contra_cc_id_foreign` FOREIGN KEY (`horas_contra_conta_plan_cuenta_id`) REFERENCES `conta_plan_cuenta` (`id`),
  CONSTRAINT `hcc_id_foreign` FOREIGN KEY (`horas_conta_plan_cuenta_id`) REFERENCES `conta_plan_cuenta` (`id`),
  CONSTRAINT `inv_orden_trabajo_config_cc_person_id_foreign` FOREIGN KEY (`person_id`) REFERENCES `persons` (`id`),
  CONSTRAINT `p_contra_cc_id_foreign` FOREIGN KEY (`productos_contra_conta_plan_cuenta_id`) REFERENCES `conta_plan_cuenta` (`id`),
  CONSTRAINT `pcc_id_foreign` FOREIGN KEY (`productos_conta_plan_cuenta_id`) REFERENCES `conta_plan_cuenta` (`id`)
) ENGINE=InnoDB DEFAULT CHARSET=utf8mb4 COLLATE=utf8mb4_unicode_ci;

--
-- Dumping data for table `inv_orden_trabajo_config_cc`
--


--
-- Table structure for table `inv_orden_trabajo_files`
--

CREATE TABLE `inv_orden_trabajo_files` (
  `id` bigint(20) unsigned NOT NULL AUTO_INCREMENT,
  `user_id` int(10) unsigned DEFAULT NULL,
  `inv_orden_trabajo_id` bigint(20) unsigned DEFAULT NULL,
  `path` text COLLATE utf8mb4_unicode_ci NOT NULL,
  `original_name` text COLLATE utf8mb4_unicode_ci NOT NULL,
  `created_at` timestamp NULL DEFAULT NULL,
  `updated_at` timestamp NULL DEFAULT NULL,
  `deleted_at` timestamp NULL DEFAULT NULL,
  PRIMARY KEY (`id`),
  KEY `inv_orden_trabajo_files_inv_orden_trabajo_id_foreign` (`inv_orden_trabajo_id`),
  CONSTRAINT `inv_orden_trabajo_files_inv_orden_trabajo_id_foreign` FOREIGN KEY (`inv_orden_trabajo_id`) REFERENCES `inv_orden_trabajos` (`id`)
) ENGINE=InnoDB DEFAULT CHARSET=utf8mb4 COLLATE=utf8mb4_unicode_ci;

--
-- Dumping data for table `inv_orden_trabajo_files`
--


--
-- Table structure for table `inv_orden_trabajo_gastos`
--

CREATE TABLE `inv_orden_trabajo_gastos` (
  `id` bigint(20) unsigned NOT NULL AUTO_INCREMENT,
  `user_id` int(10) unsigned DEFAULT NULL,
  `person_id` int(10) unsigned NOT NULL,
  `inv_orden_trabajo_id` bigint(20) unsigned DEFAULT NULL,
  `inv_orden_trabajo_gastos_tipo_id` bigint(20) unsigned DEFAULT NULL,
  `person_id_relationed` int(10) unsigned DEFAULT NULL,
  `receipt_id` int(10) unsigned DEFAULT NULL,
  `fecha` datetime NOT NULL DEFAULT '2023-02-16 08:52:59',
  `importe` decimal(16,2) NOT NULL DEFAULT '0.00',
  `total` decimal(16,2) NOT NULL DEFAULT '0.00',
  `comentario` text COLLATE utf8mb4_unicode_ci,
  `created_at` timestamp NULL DEFAULT NULL,
  `updated_at` timestamp NULL DEFAULT NULL,
  `deleted_at` timestamp NULL DEFAULT NULL,
  PRIMARY KEY (`id`),
  KEY `inv_orden_trabajo_gastos_person_id_foreign` (`person_id`),
  KEY `inv_orden_trabajo_gastos_person_id_relationed_foreign` (`person_id_relationed`),
  KEY `inv_orden_trabajo_gastos_receipt_id_foreign` (`receipt_id`),
  KEY `i_o_t_g_t_id_foreign` (`inv_orden_trabajo_gastos_tipo_id`),
  KEY `inv_orden_trabajo_gastos_inv_orden_trabajo_id_foreign` (`inv_orden_trabajo_id`),
  CONSTRAINT `i_o_t_g_t_id_foreign` FOREIGN KEY (`inv_orden_trabajo_gastos_tipo_id`) REFERENCES `inv_orden_trabajo_gastos_tipos` (`id`),
  CONSTRAINT `inv_orden_trabajo_gastos_inv_orden_trabajo_id_foreign` FOREIGN KEY (`inv_orden_trabajo_id`) REFERENCES `inv_orden_trabajos` (`id`),
  CONSTRAINT `inv_orden_trabajo_gastos_person_id_foreign` FOREIGN KEY (`person_id`) REFERENCES `persons` (`id`),
  CONSTRAINT `inv_orden_trabajo_gastos_person_id_relationed_foreign` FOREIGN KEY (`person_id_relationed`) REFERENCES `persons` (`id`),
  CONSTRAINT `inv_orden_trabajo_gastos_receipt_id_foreign` FOREIGN KEY (`receipt_id`) REFERENCES `receipts` (`id`)
) ENGINE=InnoDB DEFAULT CHARSET=utf8mb4 COLLATE=utf8mb4_unicode_ci;

--
-- Dumping data for table `inv_orden_trabajo_gastos`
--


--
-- Table structure for table `inv_orden_trabajo_gastos_tipos`
--

CREATE TABLE `inv_orden_trabajo_gastos_tipos` (
  `id` bigint(20) unsigned NOT NULL AUTO_INCREMENT,
  `user_id` int(10) unsigned DEFAULT NULL,
  `person_id` int(10) unsigned NOT NULL,
  `descripcion` text COLLATE utf8mb4_unicode_ci NOT NULL,
  `habilitado` tinyint(1) NOT NULL DEFAULT '1',
  `created_at` timestamp NULL DEFAULT NULL,
  `updated_at` timestamp NULL DEFAULT NULL,
  `deleted_at` timestamp NULL DEFAULT NULL,
  PRIMARY KEY (`id`),
  KEY `inv_orden_trabajo_gastos_tipos_person_id_foreign` (`person_id`),
  CONSTRAINT `inv_orden_trabajo_gastos_tipos_person_id_foreign` FOREIGN KEY (`person_id`) REFERENCES `persons` (`id`)
) ENGINE=InnoDB DEFAULT CHARSET=utf8mb4 COLLATE=utf8mb4_unicode_ci;

--
-- Dumping data for table `inv_orden_trabajo_gastos_tipos`
--


--
-- Table structure for table `inv_orden_trabajo_horas`
--

CREATE TABLE `inv_orden_trabajo_horas` (
  `id` bigint(20) unsigned NOT NULL AUTO_INCREMENT,
  `user_id` int(10) unsigned DEFAULT NULL,
  `fecha` datetime NOT NULL DEFAULT '2023-08-15 23:50:23',
  `person_id` int(10) unsigned NOT NULL,
  `inv_orden_trabajo_id` bigint(20) unsigned DEFAULT NULL,
  `inv_orden_trabajo_horas_tipo_id` bigint(20) unsigned DEFAULT NULL,
  `inv_ot_hora_disponible_id` bigint(20) unsigned NOT NULL,
  `cantidad` decimal(16,2) NOT NULL DEFAULT '0.00',
  `importe` decimal(16,2) NOT NULL DEFAULT '0.00',
  `total` decimal(16,2) NOT NULL DEFAULT '0.00',
  `comentario` text COLLATE utf8mb4_unicode_ci,
  `created_at` timestamp NULL DEFAULT NULL,
  `updated_at` timestamp NULL DEFAULT NULL,
  `deleted_at` timestamp NULL DEFAULT NULL,
  PRIMARY KEY (`id`),
  KEY `inv_orden_trabajo_horas_person_id_foreign` (`person_id`),
  KEY `inv_orden_trabajo_horas_inv_orden_trabajo_horas_tipo_id_foreign` (`inv_orden_trabajo_horas_tipo_id`),
  KEY `inv_orden_trabajo_horas_inv_orden_trabajo_id_foreign` (`inv_orden_trabajo_id`),
  KEY `inv_orden_trabajo_horas_inv_ot_hora_disponible_id_foreign` (`inv_ot_hora_disponible_id`),
  CONSTRAINT `inv_orden_trabajo_horas_inv_orden_trabajo_horas_tipo_id_foreign` FOREIGN KEY (`inv_orden_trabajo_horas_tipo_id`) REFERENCES `inv_orden_trabajo_horas_tipos` (`id`),
  CONSTRAINT `inv_orden_trabajo_horas_inv_orden_trabajo_id_foreign` FOREIGN KEY (`inv_orden_trabajo_id`) REFERENCES `inv_orden_trabajos` (`id`),
  CONSTRAINT `inv_orden_trabajo_horas_inv_ot_hora_disponible_id_foreign` FOREIGN KEY (`inv_ot_hora_disponible_id`) REFERENCES `inv_orden_trabajo_horas_disponibles` (`id`),
  CONSTRAINT `inv_orden_trabajo_horas_person_id_foreign` FOREIGN KEY (`person_id`) REFERENCES `persons` (`id`)
) ENGINE=InnoDB DEFAULT CHARSET=utf8mb4 COLLATE=utf8mb4_unicode_ci;

--
-- Dumping data for table `inv_orden_trabajo_horas`
--


--
-- Table structure for table `inv_orden_trabajo_horas_dispo`
--

CREATE TABLE `inv_orden_trabajo_horas_dispo` (
  `id` bigint(20) unsigned NOT NULL AUTO_INCREMENT,
  `user_id` int(10) unsigned DEFAULT NULL,
  `cargar_asignar` int(10) unsigned NOT NULL DEFAULT '1',
  `person_id` int(10) unsigned NOT NULL,
  `fecha` datetime NOT NULL DEFAULT '2023-08-22 22:02:50',
  `dc_estado_id` bigint(20) unsigned NOT NULL,
  `dc_firma_id` bigint(20) unsigned NOT NULL,
  `created_at` timestamp NULL DEFAULT NULL,
  `updated_at` timestamp NULL DEFAULT NULL,
  `deleted_at` timestamp NULL DEFAULT NULL,
  PRIMARY KEY (`id`),
  KEY `inv_orden_trabajo_horas_dispo_person_id_foreign` (`person_id`),
  KEY `inv_orden_trabajo_horas_dispo_dc_estado_id_foreign` (`dc_estado_id`),
  KEY `inv_orden_trabajo_horas_dispo_dc_firma_id_foreign` (`dc_firma_id`),
  CONSTRAINT `inv_orden_trabajo_horas_dispo_dc_estado_id_foreign` FOREIGN KEY (`dc_estado_id`) REFERENCES `dc_estados` (`id`),
  CONSTRAINT `inv_orden_trabajo_horas_dispo_dc_firma_id_foreign` FOREIGN KEY (`dc_firma_id`) REFERENCES `dc_firmas` (`id`),
  CONSTRAINT `inv_orden_trabajo_horas_dispo_person_id_foreign` FOREIGN KEY (`person_id`) REFERENCES `persons` (`id`)
) ENGINE=InnoDB DEFAULT CHARSET=utf8mb4 COLLATE=utf8mb4_unicode_ci;

--
-- Dumping data for table `inv_orden_trabajo_horas_dispo`
--


--
-- Table structure for table `inv_orden_trabajo_horas_disponibles`
--

CREATE TABLE `inv_orden_trabajo_horas_disponibles` (
  `id` bigint(20) unsigned NOT NULL AUTO_INCREMENT,
  `user_id` int(10) unsigned DEFAULT NULL,
  `person_id` int(10) unsigned NOT NULL,
  `inv_orden_trabajo_horas_dispo_id` bigint(20) unsigned NOT NULL,
  `inv_orden_trabajo_id` bigint(20) unsigned DEFAULT NULL,
  `fecha` datetime NOT NULL DEFAULT '2023-08-15 23:50:23',
  `inv_orden_trabajo_horas_tipo_id` bigint(20) unsigned DEFAULT NULL,
  `cantidad` decimal(16,2) NOT NULL DEFAULT '0.00',
  `comentario` text COLLATE utf8mb4_unicode_ci,
  `created_at` timestamp NULL DEFAULT NULL,
  `updated_at` timestamp NULL DEFAULT NULL,
  `deleted_at` timestamp NULL DEFAULT NULL,
  PRIMARY KEY (`id`),
  KEY `inv_orden_trabajo_horas_disponibles_person_id_foreign` (`person_id`),
  KEY `inv_orden_trabajo_horas_disponibles_inv_orden_trabajo_id_foreign` (`inv_orden_trabajo_id`),
  KEY `inv_ot_hs_tipo_dis` (`inv_orden_trabajo_horas_tipo_id`),
  KEY `inv_ot_horas_dispo_id` (`inv_orden_trabajo_horas_dispo_id`),
  CONSTRAINT `inv_orden_trabajo_horas_disponibles_inv_orden_trabajo_id_foreign` FOREIGN KEY (`inv_orden_trabajo_id`) REFERENCES `inv_orden_trabajos` (`id`),
  CONSTRAINT `inv_orden_trabajo_horas_disponibles_person_id_foreign` FOREIGN KEY (`person_id`) REFERENCES `persons` (`id`),
  CONSTRAINT `inv_ot_horas_dispo_id` FOREIGN KEY (`inv_orden_trabajo_horas_dispo_id`) REFERENCES `inv_orden_trabajo_horas_dispo` (`id`),
  CONSTRAINT `inv_ot_hs_tipo_dis` FOREIGN KEY (`inv_orden_trabajo_horas_tipo_id`) REFERENCES `inv_orden_trabajo_horas_tipos` (`id`)
) ENGINE=InnoDB DEFAULT CHARSET=utf8mb4 COLLATE=utf8mb4_unicode_ci;

--
-- Dumping data for table `inv_orden_trabajo_horas_disponibles`
--


--
-- Table structure for table `inv_orden_trabajo_horas_tipos`
--

CREATE TABLE `inv_orden_trabajo_horas_tipos` (
  `id` bigint(20) unsigned NOT NULL AUTO_INCREMENT,
  `user_id` int(10) unsigned DEFAULT NULL,
  `person_id` int(10) unsigned NOT NULL,
  `syj_centros_costo_id` int(10) unsigned NOT NULL,
  `valor` decimal(16,2) NOT NULL DEFAULT '1.00',
  `cantidad_disponible` decimal(16,2) NOT NULL DEFAULT '0.00',
  `importe_disponible` decimal(16,2) NOT NULL DEFAULT '0.00',
  `show_para_produccion` tinyint(1) NOT NULL DEFAULT '1',
  `show_para_horas` tinyint(1) NOT NULL DEFAULT '1',
  `habilitado` tinyint(1) NOT NULL DEFAULT '1',
  `created_at` timestamp NULL DEFAULT NULL,
  `updated_at` timestamp NULL DEFAULT NULL,
  `deleted_at` timestamp NULL DEFAULT NULL,
  PRIMARY KEY (`id`),
  KEY `inv_orden_trabajo_horas_tipos_person_id_foreign` (`person_id`),
  KEY `inv_orden_trabajo_horas_tipos_syj_centros_costo_id_foreign` (`syj_centros_costo_id`),
  CONSTRAINT `inv_orden_trabajo_horas_tipos_person_id_foreign` FOREIGN KEY (`person_id`) REFERENCES `persons` (`id`),
  CONSTRAINT `inv_orden_trabajo_horas_tipos_syj_centros_costo_id_foreign` FOREIGN KEY (`syj_centros_costo_id`) REFERENCES `syj_centros_costos` (`id`)
) ENGINE=InnoDB DEFAULT CHARSET=utf8mb4 COLLATE=utf8mb4_unicode_ci;

--
-- Dumping data for table `inv_orden_trabajo_horas_tipos`
--


--
-- Table structure for table `inv_orden_trabajo_productos`
--

CREATE TABLE `inv_orden_trabajo_productos` (
  `id` bigint(20) unsigned NOT NULL AUTO_INCREMENT,
  `user_id` int(10) unsigned DEFAULT NULL,
  `person_id` int(10) unsigned NOT NULL,
  `inv_orden_trabajo_id` bigint(20) unsigned DEFAULT NULL,
  `inv_producto_id` bigint(20) unsigned DEFAULT NULL,
  `moneda_id` int(10) unsigned NOT NULL DEFAULT '1',
  `cotizacion` decimal(16,2) NOT NULL DEFAULT '0.00',
  `dc_orden_id` bigint(20) unsigned DEFAULT NULL,
  `fecha` datetime NOT NULL DEFAULT '2023-02-16 08:53:00',
  `cantidades` decimal(16,2) NOT NULL DEFAULT '0.00',
  `importe` decimal(16,2) NOT NULL DEFAULT '1.00',
  `total` decimal(16,2) NOT NULL DEFAULT '1.00',
  `comentario` text COLLATE utf8mb4_unicode_ci,
  `created_at` timestamp NULL DEFAULT NULL,
  `updated_at` timestamp NULL DEFAULT NULL,
  `deleted_at` timestamp NULL DEFAULT NULL,
  PRIMARY KEY (`id`),
  KEY `inv_orden_trabajo_productos_person_id_foreign` (`person_id`),
  KEY `inv_orden_trabajo_productos_inv_orden_trabajo_id_foreign` (`inv_orden_trabajo_id`),
  KEY `inv_orden_trabajo_productos_inv_producto_id_foreign` (`inv_producto_id`),
  KEY `inv_orden_trabajo_productos_dc_orden_id_foreign` (`dc_orden_id`),
  KEY `inv_orden_trabajo_productos_moneda_id_foreign` (`moneda_id`),
  CONSTRAINT `inv_orden_trabajo_productos_dc_orden_id_foreign` FOREIGN KEY (`dc_orden_id`) REFERENCES `dc_ordenes` (`id`),
  CONSTRAINT `inv_orden_trabajo_productos_inv_orden_trabajo_id_foreign` FOREIGN KEY (`inv_orden_trabajo_id`) REFERENCES `inv_orden_trabajos` (`id`),
  CONSTRAINT `inv_orden_trabajo_productos_inv_producto_id_foreign` FOREIGN KEY (`inv_producto_id`) REFERENCES `inv_productos` (`id`),
  CONSTRAINT `inv_orden_trabajo_productos_moneda_id_foreign` FOREIGN KEY (`moneda_id`) REFERENCES `monedas` (`id`),
  CONSTRAINT `inv_orden_trabajo_productos_person_id_foreign` FOREIGN KEY (`person_id`) REFERENCES `persons` (`id`)
) ENGINE=InnoDB DEFAULT CHARSET=utf8mb4 COLLATE=utf8mb4_unicode_ci;

--
-- Dumping data for table `inv_orden_trabajo_productos`
--


--
-- Table structure for table `inv_orden_trabajo_servicios`
--

CREATE TABLE `inv_orden_trabajo_servicios` (
  `id` bigint(20) unsigned NOT NULL AUTO_INCREMENT,
  `user_id` int(10) unsigned DEFAULT NULL,
  `person_id` int(10) unsigned NOT NULL,
  `inv_orden_trabajo_id` bigint(20) unsigned DEFAULT NULL,
  `dc_orden_id` bigint(20) unsigned NOT NULL,
  `dc_orden_detail_id` bigint(20) unsigned NOT NULL,
  `fecha` datetime NOT NULL DEFAULT '2023-08-14 22:41:31',
  `created_at` timestamp NULL DEFAULT NULL,
  `updated_at` timestamp NULL DEFAULT NULL,
  `deleted_at` timestamp NULL DEFAULT NULL,
  PRIMARY KEY (`id`),
  KEY `inv_orden_trabajo_servicios_person_id_foreign` (`person_id`),
  KEY `inv_orden_trabajo_servicios_inv_orden_trabajo_id_foreign` (`inv_orden_trabajo_id`),
  KEY `inv_orden_trabajo_servicios_dc_orden_id_foreign` (`dc_orden_id`),
  KEY `inv_orden_trabajo_servicios_dc_orden_detail_id_foreign` (`dc_orden_detail_id`),
  CONSTRAINT `inv_orden_trabajo_servicios_dc_orden_detail_id_foreign` FOREIGN KEY (`dc_orden_detail_id`) REFERENCES `dc_ordenes_details` (`id`),
  CONSTRAINT `inv_orden_trabajo_servicios_dc_orden_id_foreign` FOREIGN KEY (`dc_orden_id`) REFERENCES `dc_ordenes` (`id`),
  CONSTRAINT `inv_orden_trabajo_servicios_inv_orden_trabajo_id_foreign` FOREIGN KEY (`inv_orden_trabajo_id`) REFERENCES `inv_orden_trabajos` (`id`),
  CONSTRAINT `inv_orden_trabajo_servicios_person_id_foreign` FOREIGN KEY (`person_id`) REFERENCES `persons` (`id`)
) ENGINE=InnoDB DEFAULT CHARSET=utf8mb4 COLLATE=utf8mb4_unicode_ci;

--
-- Dumping data for table `inv_orden_trabajo_servicios`
--


--
-- Table structure for table `inv_orden_trabajo_tareas`
--

CREATE TABLE `inv_orden_trabajo_tareas` (
  `id` bigint(20) unsigned NOT NULL AUTO_INCREMENT,
  `user_id` int(10) unsigned DEFAULT NULL,
  `fecha` datetime NOT NULL DEFAULT '2023-09-14 22:06:51',
  `person_id` int(10) unsigned NOT NULL,
  `inv_orden_trabajo_id` bigint(20) unsigned NOT NULL,
  `syj_centro_costo_id` int(10) unsigned NOT NULL,
  `syj_empleado_id` int(10) unsigned NOT NULL,
  `descripcion` longtext COLLATE utf8mb4_unicode_ci,
  `horas_estimadas` decimal(16,2) DEFAULT NULL,
  `is_terminada` tinyint(1) NOT NULL DEFAULT '0',
  `created_at` timestamp NULL DEFAULT NULL,
  `updated_at` timestamp NULL DEFAULT NULL,
  `deleted_at` timestamp NULL DEFAULT NULL,
  PRIMARY KEY (`id`),
  KEY `inv_orden_trabajo_tareas_person_id_foreign` (`person_id`),
  KEY `inv_orden_trabajo_tareas_inv_orden_trabajo_id_foreign` (`inv_orden_trabajo_id`),
  KEY `inv_orden_trabajo_tareas_syj_centro_costo_id_foreign` (`syj_centro_costo_id`),
  KEY `inv_orden_trabajo_tareas_syj_empleado_id_foreign` (`syj_empleado_id`),
  CONSTRAINT `inv_orden_trabajo_tareas_inv_orden_trabajo_id_foreign` FOREIGN KEY (`inv_orden_trabajo_id`) REFERENCES `inv_orden_trabajos` (`id`),
  CONSTRAINT `inv_orden_trabajo_tareas_person_id_foreign` FOREIGN KEY (`person_id`) REFERENCES `persons` (`id`),
  CONSTRAINT `inv_orden_trabajo_tareas_syj_centro_costo_id_foreign` FOREIGN KEY (`syj_centro_costo_id`) REFERENCES `syj_centros_costos` (`id`),
  CONSTRAINT `inv_orden_trabajo_tareas_syj_empleado_id_foreign` FOREIGN KEY (`syj_empleado_id`) REFERENCES `syj_empleados` (`id`)
) ENGINE=InnoDB DEFAULT CHARSET=utf8mb4 COLLATE=utf8mb4_unicode_ci;

--
-- Dumping data for table `inv_orden_trabajo_tareas`
--


--
-- Table structure for table `inv_orden_trabajos`
--

CREATE TABLE `inv_orden_trabajos` (
  `id` bigint(20) unsigned NOT NULL AUTO_INCREMENT,
  `user_id` int(10) unsigned DEFAULT NULL,
  `person_id` int(10) unsigned NOT NULL,
  `person_id_relationed` int(10) unsigned DEFAULT NULL,
  `inv_ot_clasificacion_id` int(10) unsigned DEFAULT NULL,
  `direccion` varchar(191) COLLATE utf8mb4_unicode_ci DEFAULT NULL,
  `latitud` varchar(191) COLLATE utf8mb4_unicode_ci DEFAULT NULL,
  `longitud` varchar(191) COLLATE utf8mb4_unicode_ci DEFAULT NULL,
  `patente` varchar(191) COLLATE utf8mb4_unicode_ci DEFAULT NULL,
  `rodado_id` bigint(20) unsigned DEFAULT NULL,
  `fecha` datetime NOT NULL DEFAULT '2023-02-16 08:52:59',
  `fecha_estimada` datetime DEFAULT NULL,
  `fecha_cierre` datetime DEFAULT NULL,
  `numero` int(10) unsigned NOT NULL,
  `responsable` text COLLATE utf8mb4_unicode_ci,
  `syj_empleado_id` int(10) unsigned DEFAULT NULL,
  `responsable_emp_id` int(10) unsigned DEFAULT NULL,
  `importe` decimal(16,2) NOT NULL DEFAULT '0.00',
  `titulo` text COLLATE utf8mb4_unicode_ci,
  `descripcion` longtext COLLATE utf8mb4_unicode_ci,
  `cerrada` tinyint(1) NOT NULL DEFAULT '0',
  `created_at` timestamp NULL DEFAULT NULL,
  `updated_at` timestamp NULL DEFAULT NULL,
  `deleted_at` timestamp NULL DEFAULT NULL,
  PRIMARY KEY (`id`),
  KEY `inv_orden_trabajos_person_id_foreign` (`person_id`),
  KEY `inv_orden_trabajos_person_id_relationed_foreign` (`person_id_relationed`),
  KEY `inv_orden_trabajos_inv_ot_clasificacion_id_foreign` (`inv_ot_clasificacion_id`),
  KEY `inv_orden_trabajos_rodado_id_foreign` (`rodado_id`),
  KEY `inv_orden_trabajos_syj_empleado_id_foreign` (`syj_empleado_id`),
  KEY `inv_orden_trabajos_responsable_emp_id_foreign` (`responsable_emp_id`),
  CONSTRAINT `inv_orden_trabajos_inv_ot_clasificacion_id_foreign` FOREIGN KEY (`inv_ot_clasificacion_id`) REFERENCES `inv_orden_trabajo_clasificacion` (`id`),
  CONSTRAINT `inv_orden_trabajos_person_id_foreign` FOREIGN KEY (`person_id`) REFERENCES `persons` (`id`),
  CONSTRAINT `inv_orden_trabajos_person_id_relationed_foreign` FOREIGN KEY (`person_id_relationed`) REFERENCES `persons` (`id`),
  CONSTRAINT `inv_orden_trabajos_responsable_emp_id_foreign` FOREIGN KEY (`responsable_emp_id`) REFERENCES `syj_empleados` (`id`),
  CONSTRAINT `inv_orden_trabajos_rodado_id_foreign` FOREIGN KEY (`rodado_id`) REFERENCES `rodados` (`id`),
  CONSTRAINT `inv_orden_trabajos_syj_empleado_id_foreign` FOREIGN KEY (`syj_empleado_id`) REFERENCES `syj_empleados` (`id`)
) ENGINE=InnoDB DEFAULT CHARSET=utf8mb4 COLLATE=utf8mb4_unicode_ci;

--
-- Dumping data for table `inv_orden_trabajos`
--


--
-- Table structure for table `inv_ot_devoluciones`
--

CREATE TABLE `inv_ot_devoluciones` (
  `id` bigint(20) unsigned NOT NULL AUTO_INCREMENT,
  `user_id` int(10) unsigned DEFAULT NULL,
  `person_id` int(10) unsigned NOT NULL,
  `inv_ot_id` bigint(20) unsigned NOT NULL,
  `fecha` datetime NOT NULL DEFAULT '2025-03-17 01:10:01',
  `descripcion` longtext COLLATE utf8mb4_unicode_ci,
  `estado` tinyint(1) NOT NULL DEFAULT '0',
  `firma` text COLLATE utf8mb4_unicode_ci,
  `created_at` timestamp NULL DEFAULT NULL,
  `updated_at` timestamp NULL DEFAULT NULL,
  `deleted_at` timestamp NULL DEFAULT NULL,
  PRIMARY KEY (`id`),
  KEY `inv_ot_devoluciones_person_id_foreign` (`person_id`),
  KEY `inv_ot_devoluciones_inv_ot_id_foreign` (`inv_ot_id`),
  CONSTRAINT `inv_ot_devoluciones_inv_ot_id_foreign` FOREIGN KEY (`inv_ot_id`) REFERENCES `inv_orden_trabajos` (`id`),
  CONSTRAINT `inv_ot_devoluciones_person_id_foreign` FOREIGN KEY (`person_id`) REFERENCES `persons` (`id`)
) ENGINE=InnoDB DEFAULT CHARSET=utf8mb4 COLLATE=utf8mb4_unicode_ci;

--
-- Dumping data for table `inv_ot_devoluciones`
--


--
-- Table structure for table `inv_ot_horas_importe_dispo`
--

CREATE TABLE `inv_ot_horas_importe_dispo` (
  `id` bigint(20) unsigned NOT NULL AUTO_INCREMENT,
  `user_id` int(10) unsigned DEFAULT NULL,
  `person_id` int(10) unsigned NOT NULL,
  `fecha` datetime NOT NULL DEFAULT '2023-09-12 22:38:03',
  `dc_estado_id` bigint(20) unsigned NOT NULL,
  `dc_firma_id` bigint(20) unsigned NOT NULL,
  `created_at` timestamp NULL DEFAULT NULL,
  `updated_at` timestamp NULL DEFAULT NULL,
  `deleted_at` timestamp NULL DEFAULT NULL,
  PRIMARY KEY (`id`),
  KEY `inv_ot_horas_importe_dispo_person_id_foreign` (`person_id`),
  KEY `inv_ot_horas_importe_dispo_dc_estado_id_foreign` (`dc_estado_id`),
  KEY `inv_ot_horas_importe_dispo_dc_firma_id_foreign` (`dc_firma_id`),
  CONSTRAINT `inv_ot_horas_importe_dispo_dc_estado_id_foreign` FOREIGN KEY (`dc_estado_id`) REFERENCES `dc_estados` (`id`),
  CONSTRAINT `inv_ot_horas_importe_dispo_dc_firma_id_foreign` FOREIGN KEY (`dc_firma_id`) REFERENCES `dc_firmas` (`id`),
  CONSTRAINT `inv_ot_horas_importe_dispo_person_id_foreign` FOREIGN KEY (`person_id`) REFERENCES `persons` (`id`)
) ENGINE=InnoDB DEFAULT CHARSET=utf8mb4 COLLATE=utf8mb4_unicode_ci;

--
-- Dumping data for table `inv_ot_horas_importe_dispo`
--


--
-- Table structure for table `inv_ot_horas_importe_disponible`
--

CREATE TABLE `inv_ot_horas_importe_disponible` (
  `id` int(10) unsigned NOT NULL AUTO_INCREMENT,
  `user_id` int(10) unsigned DEFAULT NULL,
  `inv_ot_horas_importe_dispo_id` bigint(20) unsigned NOT NULL,
  `inv_orden_trabajo_horas_tipo_id` bigint(20) unsigned NOT NULL,
  `transactionable_type` varchar(191) COLLATE utf8mb4_unicode_ci NOT NULL,
  `transactionable_id` int(10) unsigned DEFAULT NULL,
  `importe` decimal(16,2) NOT NULL DEFAULT '0.00',
  `created_at` timestamp NULL DEFAULT NULL,
  `updated_at` timestamp NULL DEFAULT NULL,
  `deleted_at` timestamp NULL DEFAULT NULL,
  PRIMARY KEY (`id`),
  KEY `inv_ot_h_imp_dispo_id` (`inv_ot_horas_importe_dispo_id`),
  KEY `inv_ot_h_tipo_id` (`inv_orden_trabajo_horas_tipo_id`),
  CONSTRAINT `inv_ot_h_imp_dispo_id` FOREIGN KEY (`inv_ot_horas_importe_dispo_id`) REFERENCES `inv_ot_horas_importe_dispo` (`id`),
  CONSTRAINT `inv_ot_h_tipo_id` FOREIGN KEY (`inv_orden_trabajo_horas_tipo_id`) REFERENCES `inv_orden_trabajo_horas_tipos` (`id`)
) ENGINE=InnoDB DEFAULT CHARSET=utf8mb4 COLLATE=utf8mb4_unicode_ci;

--
-- Dumping data for table `inv_ot_horas_importe_disponible`
--


--
-- Table structure for table `inv_ot_link`
--

CREATE TABLE `inv_ot_link` (
  `id` bigint(20) unsigned NOT NULL AUTO_INCREMENT,
  `user_id` int(10) unsigned DEFAULT NULL,
  `person_id` int(10) unsigned NOT NULL,
  `comentario` text COLLATE utf8mb4_unicode_ci,
  `fecha` datetime DEFAULT NULL,
  `created_at` timestamp NULL DEFAULT NULL,
  `updated_at` timestamp NULL DEFAULT NULL,
  `deleted_at` timestamp NULL DEFAULT NULL,
  PRIMARY KEY (`id`),
  KEY `inv_ot_link_person_id_foreign` (`person_id`),
  CONSTRAINT `inv_ot_link_person_id_foreign` FOREIGN KEY (`person_id`) REFERENCES `persons` (`id`)
) ENGINE=InnoDB DEFAULT CHARSET=utf8mb4 COLLATE=utf8mb4_unicode_ci;

--
-- Dumping data for table `inv_ot_link`
--


--
-- Table structure for table `inv_ot_link_facts`
--

CREATE TABLE `inv_ot_link_facts` (
  `id` bigint(20) unsigned NOT NULL AUTO_INCREMENT,
  `user_id` int(10) unsigned DEFAULT NULL,
  `inv_ot_link_id` bigint(20) unsigned NOT NULL,
  `fact_elec_receipt_id` int(10) unsigned NOT NULL,
  `created_at` timestamp NULL DEFAULT NULL,
  `updated_at` timestamp NULL DEFAULT NULL,
  `deleted_at` timestamp NULL DEFAULT NULL,
  PRIMARY KEY (`id`),
  KEY `inv_ot_link_facts_inv_ot_link_id_foreign` (`inv_ot_link_id`),
  KEY `inv_ot_link_facts_fact_elec_receipt_id_foreign` (`fact_elec_receipt_id`),
  CONSTRAINT `inv_ot_link_facts_fact_elec_receipt_id_foreign` FOREIGN KEY (`fact_elec_receipt_id`) REFERENCES `fact_elec_receipts` (`id`),
  CONSTRAINT `inv_ot_link_facts_inv_ot_link_id_foreign` FOREIGN KEY (`inv_ot_link_id`) REFERENCES `inv_ot_link` (`id`)
) ENGINE=InnoDB DEFAULT CHARSET=utf8mb4 COLLATE=utf8mb4_unicode_ci;

--
-- Dumping data for table `inv_ot_link_facts`
--


--
-- Table structure for table `inv_ot_link_ots`
--

CREATE TABLE `inv_ot_link_ots` (
  `id` bigint(20) unsigned NOT NULL AUTO_INCREMENT,
  `user_id` int(10) unsigned DEFAULT NULL,
  `inv_ot_link_id` bigint(20) unsigned NOT NULL,
  `inv_ot_id` bigint(20) unsigned NOT NULL,
  `created_at` timestamp NULL DEFAULT NULL,
  `updated_at` timestamp NULL DEFAULT NULL,
  `deleted_at` timestamp NULL DEFAULT NULL,
  PRIMARY KEY (`id`),
  KEY `inv_ot_link_ots_inv_ot_link_id_foreign` (`inv_ot_link_id`),
  KEY `inv_ot_link_ots_inv_ot_id_foreign` (`inv_ot_id`),
  CONSTRAINT `inv_ot_link_ots_inv_ot_id_foreign` FOREIGN KEY (`inv_ot_id`) REFERENCES `inv_orden_trabajos` (`id`),
  CONSTRAINT `inv_ot_link_ots_inv_ot_link_id_foreign` FOREIGN KEY (`inv_ot_link_id`) REFERENCES `inv_ot_link` (`id`)
) ENGINE=InnoDB DEFAULT CHARSET=utf8mb4 COLLATE=utf8mb4_unicode_ci;

--
-- Dumping data for table `inv_ot_link_ots`
--


--
-- Table structure for table `inv_ots_facturadas`
--

CREATE TABLE `inv_ots_facturadas` (
  `id` bigint(20) unsigned NOT NULL AUTO_INCREMENT,
  `user_id` int(10) unsigned DEFAULT NULL,
  `inv_ot_id` bigint(20) unsigned NOT NULL,
  `fact_elec_receipt_id` int(11) DEFAULT NULL,
  `receipt_id` int(10) unsigned DEFAULT NULL,
  `created_at` timestamp NULL DEFAULT NULL,
  `updated_at` timestamp NULL DEFAULT NULL,
  `deleted_at` timestamp NULL DEFAULT NULL,
  PRIMARY KEY (`id`),
  KEY `inv_ots_facturadas_inv_ot_id_foreign` (`inv_ot_id`),
  KEY `inv_ots_facturadas_fact_elec_receipt_id_foreign` (`fact_elec_receipt_id`),
  KEY `inv_ots_facturadas_receipt_id_foreign` (`receipt_id`),
  CONSTRAINT `inv_ots_facturadas_inv_ot_id_foreign` FOREIGN KEY (`inv_ot_id`) REFERENCES `inv_orden_trabajos` (`id`),
  CONSTRAINT `inv_ots_facturadas_receipt_id_foreign` FOREIGN KEY (`receipt_id`) REFERENCES `receipts` (`id`)
) ENGINE=InnoDB DEFAULT CHARSET=utf8mb4 COLLATE=utf8mb4_unicode_ci;

--
-- Dumping data for table `inv_ots_facturadas`
--


--
-- Table structure for table `inv_ots_presupuestos`
--

CREATE TABLE `inv_ots_presupuestos` (
  `id` bigint(20) unsigned NOT NULL AUTO_INCREMENT,
  `user_id` int(10) unsigned DEFAULT NULL,
  `inv_ot_id` bigint(20) unsigned NOT NULL,
  `dc_orden_id` bigint(20) unsigned NOT NULL,
  `created_at` timestamp NULL DEFAULT NULL,
  `updated_at` timestamp NULL DEFAULT NULL,
  `deleted_at` timestamp NULL DEFAULT NULL,
  PRIMARY KEY (`id`),
  KEY `inv_ots_presupuestos_inv_ot_id_foreign` (`inv_ot_id`),
  KEY `inv_ots_presupuestos_dc_orden_id_foreign` (`dc_orden_id`),
  CONSTRAINT `inv_ots_presupuestos_dc_orden_id_foreign` FOREIGN KEY (`dc_orden_id`) REFERENCES `dc_ordenes` (`id`),
  CONSTRAINT `inv_ots_presupuestos_inv_ot_id_foreign` FOREIGN KEY (`inv_ot_id`) REFERENCES `inv_orden_trabajos` (`id`)
) ENGINE=InnoDB DEFAULT CHARSET=utf8mb4 COLLATE=utf8mb4_unicode_ci;

--
-- Dumping data for table `inv_ots_presupuestos`
--


--
-- Table structure for table `inv_product_receipt`
--

CREATE TABLE `inv_product_receipt` (
  `id` bigint(20) unsigned NOT NULL AUTO_INCREMENT,
  `user_id` int(11) DEFAULT NULL,
  `type_id` int(10) unsigned NOT NULL,
  `person_id` int(10) unsigned NOT NULL,
  `inv_product_id` bigint(20) unsigned NOT NULL,
  `prod_variant_id` bigint(20) unsigned DEFAULT NULL,
  `inv_deposito_id` bigint(20) unsigned DEFAULT NULL,
  `receiptable_type` varchar(191) COLLATE utf8mb4_unicode_ci NOT NULL,
  `receiptable_id` int(10) unsigned NOT NULL,
  `cantidades` decimal(16,2) NOT NULL,
  `costo` decimal(16,2) NOT NULL DEFAULT '0.00',
  `precio_sin_iva` decimal(16,2) NOT NULL DEFAULT '0.00',
  `descuento` decimal(16,2) NOT NULL DEFAULT '0.00',
  `descuento_por1_imp0` tinyint(1) NOT NULL DEFAULT '1',
  `descuento_porcentaje` decimal(16,2) NOT NULL DEFAULT '0.00',
  `precio_con_descuento` decimal(16,2) NOT NULL DEFAULT '0.00',
  `precio_final` decimal(16,2) NOT NULL DEFAULT '0.00',
  `iva` decimal(16,2) NOT NULL DEFAULT '0.00',
  `created_at` timestamp NULL DEFAULT NULL,
  `updated_at` timestamp NULL DEFAULT NULL,
  `deleted_at` timestamp NULL DEFAULT NULL,
  PRIMARY KEY (`id`),
  KEY `inv_product_receipt_type_id_foreign` (`type_id`),
  KEY `inv_product_receipt_person_id_foreign` (`person_id`),
  KEY `inv_product_receipt_inv_product_id_foreign` (`inv_product_id`),
  KEY `inv_product_receipt_inv_deposito_id_foreign` (`inv_deposito_id`),
  KEY `inv_product_receipt_prod_variant_id_foreign` (`prod_variant_id`),
  CONSTRAINT `inv_product_receipt_inv_deposito_id_foreign` FOREIGN KEY (`inv_deposito_id`) REFERENCES `inv_depositos` (`id`),
  CONSTRAINT `inv_product_receipt_inv_product_id_foreign` FOREIGN KEY (`inv_product_id`) REFERENCES `inv_productos` (`id`),
  CONSTRAINT `inv_product_receipt_person_id_foreign` FOREIGN KEY (`person_id`) REFERENCES `persons` (`id`),
  CONSTRAINT `inv_product_receipt_prod_variant_id_foreign` FOREIGN KEY (`prod_variant_id`) REFERENCES `prod_variants` (`id`) ON DELETE CASCADE,
  CONSTRAINT `inv_product_receipt_type_id_foreign` FOREIGN KEY (`type_id`) REFERENCES `types` (`id`)
) ENGINE=InnoDB DEFAULT CHARSET=utf8mb4 COLLATE=utf8mb4_unicode_ci;

--
-- Dumping data for table `inv_product_receipt`
--


--
