-- Table structure for table `lpg_granos`
--

CREATE TABLE `lpg_granos` (
  `id` int(10) unsigned NOT NULL AUTO_INCREMENT,
  `user_id` int(10) unsigned NOT NULL,
  `descripcion` varchar(191) COLLATE utf8mb4_unicode_ci DEFAULT NULL,
  `codigo_afip` int(10) unsigned NOT NULL,
  `habilitado` tinyint(1) NOT NULL DEFAULT '1',
  `created_at` timestamp NULL DEFAULT NULL,
  `updated_at` timestamp NULL DEFAULT NULL,
  `deleted_at` timestamp NULL DEFAULT NULL,
  PRIMARY KEY (`id`)
) ENGINE=InnoDB AUTO_INCREMENT=40 DEFAULT CHARSET=utf8mb4 COLLATE=utf8mb4_unicode_ci;

--
-- Dumping data for table `lpg_granos`
--

INSERT INTO `lpg_granos` VALUES (1,0,'Lino',1,1,NULL,NULL,NULL),(2,0,'Girasol',2,1,NULL,NULL,NULL),(3,0,'Maní en caja',3,1,NULL,NULL,NULL),(4,0,'Girasol Descascarado',4,1,NULL,NULL,NULL),(5,0,'Maní para industria de selección',5,1,NULL,NULL,NULL),(6,0,'Maní para industria aceitera',6,1,NULL,NULL,NULL),(7,0,'Maní tipo confitería',7,1,NULL,NULL,NULL),(8,0,'Colza',8,1,NULL,NULL,NULL),(9,0,'Colza “00”/Canola',9,1,NULL,NULL,NULL),(10,0,'Trigo forrajero',10,1,NULL,NULL,NULL),(11,0,'Cebada forrajera',11,1,NULL,NULL,NULL),(12,0,'Cebada apta para maltería',12,1,NULL,NULL,NULL),(13,0,'Trigo candeal',14,1,NULL,NULL,NULL),(14,0,'Trigo pan',15,1,NULL,NULL,NULL),(15,0,'Avena',16,1,NULL,NULL,NULL),(16,0,'Cebada cervecera',17,1,NULL,NULL,NULL),(17,0,'Centeno',18,1,NULL,NULL,NULL),(18,0,'Maíz',19,1,NULL,NULL,NULL),(19,0,'Mijo',20,1,NULL,NULL,NULL),(20,0,'Arroz cáscara',21,1,NULL,NULL,NULL),(21,0,'Sorgo granífero',22,1,NULL,NULL,NULL),(22,0,'Soja',23,1,NULL,NULL,NULL),(23,0,'Trigo blando',24,1,NULL,NULL,NULL),(24,0,'Trigo plata',25,1,NULL,NULL,NULL),(25,0,'Maíz flynt o plata',26,1,NULL,NULL,NULL),(26,0,'Maíz pisingallo',27,1,NULL,NULL,NULL),(27,0,'Triticale',28,1,NULL,NULL,NULL),(28,0,'Alpiste',30,1,NULL,NULL,NULL),(29,0,'Algodón',31,1,NULL,NULL,NULL),(30,0,'Cártamo',32,1,NULL,NULL,NULL),(31,0,'Poroto blanco natural oval y alubia',33,1,NULL,NULL,NULL),(32,0,'Poroto distinto del blanco oval y alubia',34,1,NULL,NULL,NULL),(33,0,'Arroz',35,1,NULL,NULL,NULL),(34,0,'Lenteja',46,1,NULL,NULL,NULL),(35,0,'Arveja',47,1,NULL,NULL,NULL),(36,0,'Poroto blanco seleccionado oval y alubia',48,1,NULL,NULL,NULL),(37,0,'Otras legumbres',49,1,NULL,NULL,NULL),(38,0,'Otros granos',50,1,NULL,NULL,NULL),(39,0,'Garbanzo',59,1,NULL,NULL,NULL);

--
-- Table structure for table `lpg_receipt_detail`
--

CREATE TABLE `lpg_receipt_detail` (
  `id` int(10) unsigned NOT NULL AUTO_INCREMENT,
  `user_id` int(10) unsigned NOT NULL,
  `lpg_receipt_id` int(10) unsigned NOT NULL,
  `saldo_id` int(10) unsigned NOT NULL,
  `concepto` varchar(191) COLLATE utf8mb4_unicode_ci DEFAULT NULL,
  `lpg_grano_id` int(10) unsigned NOT NULL,
  `cantidad` decimal(16,2) NOT NULL DEFAULT '0.00',
  `fac_elec_unidad_medida_id` int(10) unsigned NOT NULL,
  `precio` decimal(16,2) NOT NULL DEFAULT '0.00',
  `subtotal` decimal(16,2) NOT NULL DEFAULT '0.00',
  `created_at` timestamp NULL DEFAULT NULL,
  `updated_at` timestamp NULL DEFAULT NULL,
  `deleted_at` timestamp NULL DEFAULT NULL,
  PRIMARY KEY (`id`),
  KEY `lpg_receipt_detail_lpg_receipt_id_foreign` (`lpg_receipt_id`),
  KEY `lpg_receipt_detail_saldo_id_foreign` (`saldo_id`),
  KEY `lpg_receipt_detail_lpg_grano_id_foreign` (`lpg_grano_id`),
  KEY `lpg_receipt_detail_fac_elec_unidad_medida_id_foreign` (`fac_elec_unidad_medida_id`),
  CONSTRAINT `lpg_receipt_detail_fac_elec_unidad_medida_id_foreign` FOREIGN KEY (`fac_elec_unidad_medida_id`) REFERENCES `fac_elec_unidad_medidas` (`id`),
  CONSTRAINT `lpg_receipt_detail_lpg_grano_id_foreign` FOREIGN KEY (`lpg_grano_id`) REFERENCES `lpg_granos` (`id`),
  CONSTRAINT `lpg_receipt_detail_lpg_receipt_id_foreign` FOREIGN KEY (`lpg_receipt_id`) REFERENCES `lpg_receipts` (`id`),
  CONSTRAINT `lpg_receipt_detail_saldo_id_foreign` FOREIGN KEY (`saldo_id`) REFERENCES `conta_tipo_saldos` (`id`)
) ENGINE=InnoDB DEFAULT CHARSET=utf8mb4 COLLATE=utf8mb4_unicode_ci;

--
-- Dumping data for table `lpg_receipt_detail`
--


--
-- Table structure for table `lpg_receipts`
--

CREATE TABLE `lpg_receipts` (
  `id` int(10) unsigned NOT NULL AUTO_INCREMENT,
  `user_id` int(10) unsigned NOT NULL,
  `person_id` int(10) unsigned NOT NULL,
  `receipt_id` int(10) unsigned DEFAULT NULL,
  `fecha` date DEFAULT NULL,
  `num_comprobante` varchar(191) COLLATE utf8mb4_unicode_ci DEFAULT NULL,
  `created_at` timestamp NULL DEFAULT NULL,
  `updated_at` timestamp NULL DEFAULT NULL,
  `deleted_at` timestamp NULL DEFAULT NULL,
  PRIMARY KEY (`id`),
  KEY `lpg_receipts_person_id_foreign` (`person_id`),
  KEY `lpg_receipts_receipt_id_foreign` (`receipt_id`),
  CONSTRAINT `lpg_receipts_person_id_foreign` FOREIGN KEY (`person_id`) REFERENCES `persons` (`id`),
  CONSTRAINT `lpg_receipts_receipt_id_foreign` FOREIGN KEY (`receipt_id`) REFERENCES `receipts` (`id`)
) ENGINE=InnoDB DEFAULT CHARSET=utf8mb4 COLLATE=utf8mb4_unicode_ci;

--
-- Dumping data for table `lpg_receipts`
--


--
-- Table structure for table `mails`
--

CREATE TABLE `mails` (
  `id` int(10) unsigned NOT NULL AUTO_INCREMENT,
  `user_id` int(10) unsigned DEFAULT NULL,
  `name` varchar(255) COLLATE utf8mb4_unicode_ci NOT NULL,
  `created_at` timestamp NULL DEFAULT NULL,
  `updated_at` timestamp NULL DEFAULT NULL,
  `deleted_at` timestamp NULL DEFAULT NULL,
  PRIMARY KEY (`id`)
) ENGINE=InnoDB AUTO_INCREMENT=12 DEFAULT CHARSET=utf8mb4 COLLATE=utf8mb4_unicode_ci;

--
-- Dumping data for table `mails`
--

INSERT INTO `mails` VALUES (1,NULL,'Principal',NULL,NULL,NULL),(2,NULL,'Segundo',NULL,NULL,NULL),(3,NULL,'Tercero',NULL,NULL,NULL),(4,NULL,'Cuarto',NULL,NULL,NULL),(5,NULL,'Quinto',NULL,NULL,NULL),(6,NULL,'Sexto',NULL,NULL,NULL),(7,NULL,'Septimo',NULL,NULL,NULL),(8,NULL,'Octavo',NULL,NULL,NULL),(9,NULL,'Noveno',NULL,NULL,NULL),(10,NULL,'Decimo',NULL,NULL,NULL),(11,NULL,'Otro',NULL,NULL,NULL);

--
-- Table structure for table `mails_details`
--

CREATE TABLE `mails_details` (
  `id` int(10) unsigned NOT NULL AUTO_INCREMENT,
  `user_id` int(10) unsigned DEFAULT NULL,
  `mail` varchar(255) COLLATE utf8mb4_unicode_ci DEFAULT NULL,
  `telefono` varchar(255) COLLATE utf8mb4_unicode_ci DEFAULT NULL,
  `comentario` varchar(255) COLLATE utf8mb4_unicode_ci DEFAULT NULL,
  `mail_id` int(10) unsigned NOT NULL,
  `person_id` int(10) unsigned NOT NULL,
  `status` int(10) unsigned NOT NULL DEFAULT '1',
  `created_at` timestamp NULL DEFAULT NULL,
  `updated_at` timestamp NULL DEFAULT NULL,
  `deleted_at` timestamp NULL DEFAULT NULL,
  PRIMARY KEY (`id`),
  KEY `mails_details_mail_id_foreign` (`mail_id`),
  KEY `mails_details_person_id_foreign` (`person_id`),
  CONSTRAINT `mails_details_mail_id_foreign` FOREIGN KEY (`mail_id`) REFERENCES `mails` (`id`),
  CONSTRAINT `mails_details_person_id_foreign` FOREIGN KEY (`person_id`) REFERENCES `persons` (`id`)
) ENGINE=InnoDB AUTO_INCREMENT=90 DEFAULT CHARSET=utf8mb4 COLLATE=utf8mb4_unicode_ci;

--
-- Dumping data for table `mails_details`
--

INSERT INTO `mails_details` VALUES (2,7280,'rupcic@hotmail.com',NULL,'',1,40724,1,'2022-06-07 11:33:15','2022-06-07 11:33:15',NULL),(3,7280,'rupcic@hotmail.com',NULL,'',1,40745,1,'2022-06-07 12:03:57','2022-06-07 12:03:57',NULL),(5,7280,'carlosignaciosavastano@gmail.com','3515425710','',1,40762,1,'2022-06-11 20:50:54','2022-06-11 20:50:54',NULL),(9,7280,'cristi_1727@hotmail.com',NULL,'',1,40766,1,'2022-06-11 21:31:39','2022-06-11 21:31:39',NULL),(10,7280,'cristi_1727@hotmail.com',NULL,'',1,40768,1,'2022-06-11 21:38:14','2022-06-11 21:38:14',NULL),(13,7280,'facundocastro91@gmail.com',NULL,'',1,40771,1,'2022-06-27 09:05:07','2022-06-27 09:05:07',NULL),(16,7280,'buses.andinos@gmail.com',NULL,'',1,40773,1,'2022-06-27 16:05:22','2022-06-27 16:05:22',NULL),(17,7280,'info@fernandoalamino.com.ar',NULL,'',1,40774,1,'2022-06-27 16:32:36','2022-06-27 16:32:36',NULL),(18,7280,'mcyanzon@gmail.com','2645724688','',1,40778,1,'2022-07-06 20:07:44','2022-07-06 20:07:44',NULL),(50,7320,'suautoventas@hotmail.com',NULL,'',1,40769,1,'2022-07-11 12:09:32','2022-07-11 12:09:32',NULL),(51,7280,'carlosignaciosavastano@gmail.com','3515425710','',1,40761,1,'2022-07-11 12:10:40','2022-07-11 12:10:40',NULL),(52,7320,'suautoventas@hotmail.com',NULL,'',1,40770,1,'2022-07-11 12:11:23','2022-07-11 12:11:23',NULL),(67,7320,'sg.luces@yahoo.com.ar',NULL,'',1,40780,1,'2022-07-11 13:27:01','2022-07-11 13:27:01',NULL),(68,7320,'patribtejada@gmail.com',NULL,'',2,40780,1,'2022-07-11 13:27:01','2022-07-11 13:27:01',NULL),(79,7308,'la.burguesia.delivery@gmail.com',NULL,'',1,40763,1,'2022-07-14 10:36:15','2022-07-14 10:36:15',NULL),(81,7308,'calderonrodrigoeduardo@hotmail.es','264586945',NULL,1,40719,1,'2022-07-14 10:50:39','2022-07-14 10:50:39',NULL),(82,7320,'juani_puig@hotmail.com',NULL,'',1,40839,1,'2022-07-15 17:48:59','2022-07-15 17:48:59',NULL),(83,7320,'euge.bunda52@gmail.com',NULL,'',1,40772,1,'2022-07-18 09:13:23','2022-07-18 09:13:23',NULL),(84,7320,'ajvivanco@hotmail.com',NULL,'',1,40765,1,'2022-07-18 11:04:33','2022-07-18 11:04:33',NULL),(88,7308,'info@fernandoalamino.com.ar',NULL,'',1,41007,1,'2022-07-21 13:02:24','2022-07-21 13:02:24',NULL),(89,7308,'supercongeladoslafabrica@gmail.com',NULL,'',1,40764,1,'2022-08-30 08:43:58','2022-08-30 08:43:58',NULL);
DELIMITER ;;
/*!50003 CREATE*/ /*!50017 DEFINER=`forge`@`%`*/ /*!50003 TRIGGER `MailsDetail_BD` BEFORE DELETE ON `mails_details` FOR EACH ROW insert into back_up_mails_details (mail,telefono,comentario,mail_id,person_id,modificado)
values(old.mail,old.telefono,old.comentario,old.mail_id,old.person_id,now()) */;;
DELIMITER ;

--
-- Table structure for table `migrations`
--

CREATE TABLE `migrations` (
  `id` int(10) unsigned NOT NULL AUTO_INCREMENT,
  `migration` varchar(255) COLLATE utf8mb4_unicode_ci NOT NULL,
  `batch` int(11) NOT NULL,
  PRIMARY KEY (`id`)
) ENGINE=InnoDB AUTO_INCREMENT=1007 DEFAULT CHARSET=utf8mb4 COLLATE=utf8mb4_unicode_ci;

--
-- Dumping data for table `migrations`
--

INSERT INTO `migrations` VALUES (1,'2014_10_12_000000_create_users_table',1),(2,'2014_10_12_100000_create_password_resets_table',1),(3,'2017_09_15_000000_CreateCountrysTable',1),(4,'2017_09_15_100000_CreateStatesTable',1),(5,'2017_09_15_221521_create_modules_table',1),(6,'2017_09_15_224048_create_usermodules_table',1),(7,'2017_12_04_172644_CreateTableActivitites',1),(8,'2017_12_04_181801_CreateTableReceiptTypes',1),(9,'2017_12_04_182416_CreateTableRetentionType',1),(10,'2017_12_04_190828_CreateTableTypes',1),(11,'2017_12_04_191413_CreateTableRetentions',1),(12,'2017_12_04_191537_CreateTableIIBBRetentions',1),(13,'2017_12_04_192126_CreateTableSystemTaxes',1),(14,'2017_12_04_202132_CreateTableZones',1),(15,'2017_12_04_210000_CreateTableOtherTaxes',1),(16,'2017_12_07_200000_CreateTableTaxAccounts',1),(17,'2017_12_07_202200_CreateTableStatus',1),(18,'2017_12_07_204438_CreateTablePersons',1),(19,'2017_12_07_204500_CreateTablePersonZones',1),(20,'2017_12_07_205029_CreateTablePeriods',1),(21,'2017_12_07_205700_CreateTableReceipts',1),(22,'2017_12_07_205819_CreateTableReceiptTaxes',1),(23,'2017_12_16_025744_CreateTableUserPersons',1),(24,'2018_02_01_205100_CreateTablePeriodLiquidation',1),(25,'2018_02_02_150420_ModPeriodLiq_CreateDetail',1),(26,'2018_02_06_162435_CreateTablePersonConfigurations',1),(27,'2018_03_07_162435_CreateTablesLiqIVA',1),(28,'2018_03_18_000010_IVAGroups',1),(29,'2018_03_20_000010_InsertsRT',1),(30,'2018_03_21_000010_UpdateRT',1),(31,'2018_03_26_232558_InsertsModules',1),(32,'2018_03_28_151014_CreateTablesBusinessModule',1),(33,'2018_04_11_124200_ModBusinessModule',1),(34,'2018_04_17_153900_ModBusinessModule2',1),(35,'2018_04_20_115000_TableBaseMonthsForPeriods',1),(36,'2018_04_24_155000_ModAddUsersBusiness',1),(37,'2018_04_27_162700_BusinessFieldsEmpresaMadre',1),(38,'2018_05_04_144100_BusinessViewValidateSave',1),(39,'2018_05_18_110400_FileUplodsBase_XLS',2),(40,'2018_05_30_183700_alter__system_taxes_to_system_taxese',3),(41,'2018_05_30_220512_alter__system_taxes__add__status',3),(42,'2018_05_31_221821_update_data_types',4),(43,'2018_06_03_1341_ProcedureAssingPeriodsTo',5),(44,'2018_06_04_001420_create_reportes_table',5),(45,'2018_06_04_2159_ProcedureReportesComprobantes',5),(46,'2018_06_05_104818_update_receipt_types__column__code',5),(47,'2018_06_05_171044_update__system__taxes__gravado0',5),(48,'2018_06_06_010459_create_procedure_creacion_empresa_usuario',5),(49,'2018_06_06_110700_UpdateReportesRutas',6),(50,'2018_06_07_011985_create_procedure_eliminasion_masiva_comprobantes',7),(51,'2018_06_09_141500_UpdateReportesRutasTableroAndModules',8),(52,'2018_06_10_203200_CreateViewReceiptsReports',9),(53,'2018_06_11_114580_UpdateTypesEliminacionMasiva',9),(54,'2018_06_19_110400_TableControlGeneral',10),(57,'2018_06_19_158985_InsertsModules_Control_General',11),(58,'2018_06_22_203200_CreateViewLiquidacionesIVA',12),(61,'2018_06_27_204440_alter_Table_Person_Configuration',13),(70,'2018_07_01_110401_InsertsModules_ClavesYMails',17),(71,'2018_07_01_110400_TableClavesYMails',18),(72,'2018_06_27_204436_CreateTableMails',19),(73,'2018_06_27_204437_CreateTableMailsDetails',19),(74,'2018_06_27_204438_CreateTableClaves',19),(75,'2018_06_27_204439_CreateTableClavesDetails',19),(76,'2018_07_07_011985_alter_procedure_eliminasion_masiva_comprobantes',20),(77,'2018_07_08_110400_UpdateTableClavesYMails',21),(78,'2018_07_11_011985_alter_procedure_eliminasion_masiva_comprobantes',22),(79,'2018_07_11_010459_alter_procedure_creacion_empresa_usuario',23),(80,'2018_07_15_110401_InsertsModules_Informacion',24),(81,'2018_07_17_110400_AddRegistroClavesYMails',25),(82,'2018_07_17_204439_CreateTableCharlasDetails',25),(83,'2018_07_11_011985_alter_procedure_eliminasion_masiva_comprobantes2',26),(90,'2018_07_18_110410_AddRegistroControlGeneral',26),(92,'2018_07_19_110404_SP_LiquidacionesHijas',26),(95,'2018_07_18_110400_TableVtoImpuestos',27),(96,'2018_07_18_110401_TableVtoFinCuit',27),(97,'2018_07_18_110402_TableImpuestoFinCuit',27);
INSERT INTO `migrations` VALUES (98,'2018_07_18_110403_TableVtoVencimiento',27),(99,'2018_07_18_110405_TableCategoriaImpuesto',27),(100,'2018_07_18_110409_TablePerson_Impuesto',27),(102,'2018_07_18_110412_CreateView_VencimientosAnuales',27),(103,'2018_07_18_110412_CreateView_liquidaciones_iibb',28),(104,'2018_07_18_110413_AddRegistroControlGeneral2',28),(105,'2018_07_18_110414_AddColumnTablePerson_Impuesto',28),(107,'2018_07_27_110400_InsertsModules_Impuestos',30),(115,'2018_07_29_110405_AddTypesAsientoSueldos',32),(116,'2018_07_29_110398_TableContaTipoCuentas',33),(117,'2018_07_29_110399_TableContaTipoSaldos',33),(118,'2018_07_29_110400_TableContaPlanCuenta',33),(119,'2018_07_29_110401_TableContaTipoDeAsientos',33),(126,'2018_08_06_110400_CreateTableEjerciciosAnteriores',36),(127,'2018_08_06_110400_AddTypesExportar',37),(128,'2018_08_12_110404_SP_LiquidacionesHijasActualizadas',38),(129,'2018_08_16_110400_AddReporteIVA',39),(130,'2018_08_16_110401_EditReporteLiquidacionesIIBB',39),(135,'2018_08_26_110400_InsertsModules_MonotributoIIBB',41),(136,'2018_08_66_110401_CreateTableCategoriasMonotributo',41),(139,'2018_08_22_093000_SP_LiquidacionesHijasFiltrosCorregidos',42),(140,'2018_08_30_110400_SP_DeleteLiquidationStatus1',43),(141,'2018_09_02_110400_SP_AsientoSueldo',44),(142,'2018_09_02_110401_SP_IIBBGasto',44),(143,'2018_09_02_110402_SP_ProyecGanancias',44),(144,'2018_09_02_110403_SP_RetencionesGanancias',44),(145,'2018_09_02_110404_SP_AnticiposGanancias',44),(146,'2018_09_03_110400_CreateViewLiquidacionesIVACorregida',45),(147,'2018_09_03_110401_CreateView_liquidaciones_iibbCorregida',45),(148,'2018_06_29_114600_CreateView_Proyeccion_Ganancias',46),(149,'2018_08_01_110401_CreateView_IIBB_Gasto',46),(150,'2018_08_05_110401_CreateView_AntGanan_SIRCREB_Compen',46),(151,'2018_08_01_110400_CreateView_Asientos',47),(152,'2018_08_05_110400_CreateView_RetencionesGanancias',47),(153,'2018_08_27_110400_CreateView_ProyecGananciasAll',48),(154,'2018_08_31_161300_TablesFacturaElectronica',49),(155,'2018_09_06_110400_InsertsModules_CtasCtes',50),(160,'2018_09_15_110400_AddColumnTablePersonConfiguration',50),(161,'2018_09_18_110400_InsertsModules_Bancos',50),(162,'2018_09_19_110400_SP_assingFromPeriodsPerson',51),(169,'2018_07_29_110402_TableContaAsientos',53),(170,'2018_07_29_110404_TableContaAsientosDetails',53),(171,'2018_09_10_110402_CreateView_CtaCteAsientos',53),(172,'2018_09_13_110400_AddColumnTableContaAsientos',53),(173,'2018_09_10_110400_CreateView_CtaCteSaldosCajas',54),(174,'2018_09_21_110400_AddColumnTableContaAsientosDebeHaber',54),(175,'2018_09_23_110400_InsertsModules_Gastos',54),(176,'2018_09_23_110401_TableCtaCteTiposDeGastos',54),(177,'2018_09_23_110402_TableCtaCteCuentaTipo',54),(178,'2018_09_23_110403_TableCtaCteCentrosCostos',54),(179,'2018_09_24_110400_TableCtaCteGastosMensuales',54),(180,'2018_09_27_110400_AddColumnTableContaAsientosPagado',54),(181,'2018_10_05_110400_InsertsModules_TableroControl',54),(183,'2018_10_09_110400_AddColumnTablePersonConfigurationBanco',56),(184,'2018_09_10_110401_CreateView_CtaCteClientes',57),(185,'2018_10_15_110400_TableCtaCteBancos',58),(186,'2018_10_15_110401_TableCtaCteCheques',58),(187,'2018_10_16_110400_CreateView_CtaCteCheques',58),(188,'2018_10_18_110400_CreateView_ConsultaComprobantes',59),(189,'2018_07_18_110411_CreateView_VencimientoImpuestos',60),(190,'2018_10_22_110400_TableCtaCteBancosDatos',61),(191,'2018_11_02_110400_AddColumnTableReceiptComprobanteAFIP',62),(192,'2018_11_04_110400_CreateTableClavesDetailsBackUp',62),(193,'2018_11_04_110401_CreateTableMailsDetailsBackUp',62),(194,'2018_11_04_110402_CreateTableCharlasDetailsBackUp',62),(195,'2018_11_04_110403_TriggerClaves',62),(196,'2018_11_04_110404_TriggerMails',62),(197,'2018_11_04_110405_TriggerCharla',62),(198,'2018_11_08_010400_modify_procedure_creacion_empresa_usuario',62),(199,'2018_11_10_110400_AddColumnTableChequesFoto',62),(200,'2018_11_19_110400_ModifyView_VencimientoImpuestos',62);
INSERT INTO `migrations` VALUES (201,'2018_11_23_110400_DeleteForeignKeyCtaCteCheques',62),(202,'2018_11_26_110400_AddColumnTableVto_categoria_imp',62),(203,'2018_11_26_110401_CreateSPMonotributistas',62),(204,'2018_11_28_110400_CreateTableCategoriasIIBB',62),(205,'2018_11_28_110401_UpdateTableVto_categoria_imp',62),(206,'2018_11_28_110402_CreateView_IIBBRegSimpl',62),(207,'2018_12_05_110400_CreateView_PDF_ConsultaComprobantes',62),(208,'2018_12_06_110400_Add_data_types_libros',62),(209,'2018_12_07_110400_ViewLiquidacionesIVALiquidador',62),(210,'2018_12_07_110401_View_liquidaciones_iibbLiquidador',62),(211,'2018_12_09_110400_AddColumnFileReceipts',62),(212,'2018_12_11_110400_InsertsModules_Contabilidad',62),(213,'2018_12_12_110400_TableBalanceLibro',62),(214,'2018_12_12_110401_TableBalanceLibroDetails',62),(215,'2018_12_12_110402_AddContaTipoDeAsientos',62),(216,'2018_12_13_110400_UpdateTableContaPlanCuenta',62),(217,'2018_12_26_110400_CreateSPAsientosContables',62),(218,'2019_01_01_110400_AddColumnContaPlanCuenta',62),(219,'2019_01_02_110400_InsertsModules_ContabilidadPlanCuenta',62),(220,'2019_01_02_110401_AddCuentasTableContaPlanCuenta',62),(221,'2019_01_02_110402_ModifyRubroContaPlanCuenta',62),(222,'2019_01_03_11040_ModifyVentasPlanCuenta',62),(223,'2019_01_03_11041_ModifyPlanCuentasNiveles',62),(224,'2019_01_04_110400_AddColumnContaPlanCuentaNoEditable',62),(225,'2019_01_04_110401_ModifyColumnBalanceLibro',62),(226,'2019_01_04_110402_ModifySPAsientosContables',62),(227,'2019_01_04_110403_ModifyPlanCuentasNiveles5',62),(228,'2019_01_04_110404_InsertsModules_ContabilidadReportes',62),(229,'2019_01_06_110400_ModifyTableCategoriasMonotributo',62),(230,'2019_01_06_110401_ModiyfyContaPlanCuentaNivel5',62),(231,'2019_01_06_110402_SPSumasYSaldos',62),(232,'2019_01_07_110400_ModifyView_CtaCteClientes',62),(233,'2019_01_08_110400_ModiyfyOtraVezContaPlanCuentaNivel5',62),(234,'2019_01_08_110401_ModifySPAsientosContablesV1',62),(235,'2019_01_08_110402_UpdateTableVtoVencimiento2019',62),(236,'2019_01_08_110403_UpdateTableCategoriasMonotributo',62),(237,'2019_01_08_1104043_UpdateTableCategoriasIIBB',62),(238,'2019_01_09_110400_AddColumnconta_tipo_asientosOrderBy',62),(239,'2019_01_09_110401_ModifySPAsientosContablesOrderBy',62),(240,'2019_01_09_110402_UpdateValores2019vto_categoria_imp',62),(241,'2019_01_09_135600_SPAsignacionPeriodosEntreFechas',62),(242,'2019_01_16_110400_ModifySPAsientosContablesV2',62),(243,'2019_01_17_110400_InsertsModules_ContabilidadLibros',62),(244,'2019_01_17_110401_Delete_data_types_libros',62),(245,'2019_01_18_110400_ModifySPAsientosContablesV3',62),(246,'2019_01_19_110400_ModifySPAsientosContablesMensuales',62),(247,'2019_01_20_110400_InsertsModules_Administracion',62),(248,'2019_01_21_110400_CreateTableDbAbuelas',62),(249,'2019_01_21_110400_SP_AsientoSueldoV1',62),(250,'2019_01_24_110400_ModifySPAsientosContablesMensualesV1',62),(251,'2019_01_24_110401_ModiyfyContaPlanCuentaNivelV1',62),(252,'2019_01_24_110402_Modify_CtaCteSaldosCajasV1',62),(253,'2019_02_08_110400_InsertsModules_Mails',62),(254,'2019_02_10_183012_create_jobs_table',62),(255,'2019_02_11_110400_AddColumnTdbAbuelasLocalidad',62),(256,'2019_02_11_110401_ModifyPlanCuentasNiveles6',62),(257,'2019_02_11_110401_SP_VtoImpuestosMail',62),(258,'2019_02_12_110400_UpdateValores2019vto_categoria_impV1',62),(259,'2019_02_12_110401_SP_VtoImpuestosMailV1',63),(260,'2019_02_12_110402_AddColumnTablePersonConfigurationEnviarMail',63),(261,'2019_02_15_011342_create_failed_jobs_table',63),(262,'2019_02_15_110400_AddHonorarioToTableVtoVencimiento',63),(263,'2019_02_17_110400_AddTypeUserOperador',63),(264,'2019_02_22_110400_CreateTableVto_person_impuestos_creados',63),(265,'2019_03_06_110400_UpdateTableCategoriasMonotributoV1',64),(266,'2018_09_17_115300_UpdateConDatosTablesFacturaElectronica',65),(267,'2018_09_21_110401_CreateView_CtaCteClientes',65),(268,'2018_09_27_154000_ModifyTablesFacturaElectronica',65),(269,'2019_01_12_090909_ModifyTablesFacturaElectronicaPuntoVenta',65);
INSERT INTO `migrations` VALUES (270,'2019_03_13_110400_CreateView_CtaCteClientesV2',66),(271,'2019_03_13_110401_AddColumnContaAsiento',67),(272,'2019_03_20_110400_UpdateValores2019vto_categoria_impAutonomosMarzo',68),(273,'2019_03_20_110400_UpdateValores2019vto_categoria_impAutonomosMarzoV1',69),(274,'2019_03_20_110401_CreateTablePruebaGratis',70),(275,'2019_03_27_110400_AddColumnTableBalanceLibro',71),(276,'2019_03_29_110400_SP_VtoImpuestosMailV2',72),(277,'2019_04_04_110400_ModifyPlanCuentasNiveles7',73),(278,'2019_04_09_110400_AddColumnPersonPlanCuentaId',74),(279,'2019_04_09_110401_AddColumnReceiptPlanCuentaId',74),(280,'2019_04_05_110400_AddColumnTableReceiptTypes',75),(281,'2019_04_14_110400_Insert_data_typesMisComprobantes',75),(282,'2019_04_28_110400_DeleteRegisterReportes',76),(283,'2019_04_30_110400_CorreccionTableVtoVencimiento2019',77),(284,'2019_04_22_110400_AddColumnAndUpdateCuenta_idInTablesImpuestos',78),(285,'2019_04_23_110400_AddRegisterTableSystemTaxes',78),(286,'2019_04_25_110400_AddColumnTableOtherTaxes',78),(287,'2019_05_02_110400_SPExportarComprobantes',78),(288,'2019_05_14_110400_AddRegisterReceiptTypes',79),(289,'2019_05_24_110400_UpdatePersons',80),(292,'2019_06_07_110400_AddColumnUser',81),(294,'2019_06_21_110400_TableActas',82),(295,'2019_06_27_110400_SPExportarComprobantes',83),(296,'2019_06_28_110400_AddRegisterTActas',84),(297,'2019_03_04_110400_UpdateSystemTaxesAfipAlicuota',85),(298,'2019_04_01_100000_ModificacionesFADetallesCondicionesVenta',85),(299,'2019_04_19_100000_TablasFacturaElectronicaMasiva',85),(300,'2019_06_27_110400_SPUpdateHonorario',86),(301,'2019_07_09_110400_AddColumnFacEleRecDetail',86),(302,'2019_07_10_110400_AddColumnPersonConfig',87),(303,'2019_07_11_110400_ModifySPproyecGanancias',87),(304,'2019_07_11_110401_ModifySPAsientoSueldo',87),(305,'2019_07_11_110402_ModifySPiibb_gasto',87),(306,'2019_07_11_110403_ModifySPRetenciones',87),(307,'2019_07_11_110404_ModifySPAnticipoGanancias',87),(308,'2019_07_11_110405_ModifySPIIBB_Gasto',88),(309,'2019_07_11_110406_SPLiquidacionesIVA',88),(310,'2019_07_11_110407_SPLiquidacionesIIBB',88),(311,'2019_07_11_110408_ModifySPMonotributistas',89),(312,'2019_07_11_110409_ModifySPIIBB_GastoV1',90),(313,'2019_07_11_110410_SPReceipts',91),(314,'2019_07_11_110411_SPReceiptsForExporTXT',92),(315,'2019_07_14_110400_TableFEUnidadMedida',93),(316,'2019_07_14_110401_TableCondicionFrenteIVA',93),(317,'2019_07_14_110402_AddColumnCondFrenteIVAFE',93),(318,'2019_07_15_110401_ModifySPMonotributistasV1',93),(319,'2019_07_215_110400_DeleteRegisterSystemTaxes',93),(320,'2019_07_18_110400_ModifySPIIBB_GastoV2',94),(321,'2019_07_18_110401_ModifySPLiquidacionesIIBB',94),(322,'2019_07_18_110403_ModifySPLiquidacionesIVA',94),(323,'2019_07_23_110400_AddColumnFEMasivaDetalle',95),(324,'2019_07_29_110400_AddColumnReceiptType_FE',96),(325,'2019_08_05_110400_DeleteForeingKeyTableReceiptFactElec',97),(327,'2019_08_07_110400_UpdateValores2019vto_categoria_impAutonomosJunio',98),(328,'2019_08_07_110401_InsertsModules_Configuracion',99),(329,'2019_08_11_110401_InsertsModules_CerrarPeriodosContabilidad',100),(330,'2019_08_20_110400_AddColumnFEPuntoVenta',101),(331,'2019_08_20_110401_AddModuleFEConfiguracion',101),(332,'2019_08_23_110400_DeleteCuentaPlanCuenta',102),(333,'2019_08_28_110400_ModifyActasModelos',103),(334,'2019_09_26_110400_ModifyView_IIBBRegSimpl',104),(335,'2019_10_01_110400_UpdateTableCategoriasIIBBV2',105),(336,'2019_10_01_110401_UpdateValores2019vto_categoria_impAutonomosSeptiembre',106),(337,'2019_09_17_110400_TableCtaCteClientes',107),(338,'2019_09_17_110401_AddModuleCtaCteCliente',107),(339,'2019_09_19_110400_SPCtaCteCliente',107),(340,'2019_09_22_110400_AddColumnBalanceLibroCtaCteCliente',107),(341,'2019_09_23_110400_ModifySPAsientosContablesV2',107),(342,'2019_09_24_110400_TableCtaCtePivotReceipt',107),(343,'2019_09_25_110400_ModifyCuentasContablesRetenciones',107),(344,'2019_09_2_110401_AddRegisterContaTipoAsientos',107);
INSERT INTO `migrations` VALUES (345,'2019_10_04_110398_AddColumnPlanCuenta',108),(346,'2019_10_04_110399_DeleteColumnBalanceLibro',108),(347,'2019_10_04_110400_TableCtaCteTesoreriaCuentas',108),(348,'2019_10_04_110401_TableCtaCteTesoreriaCtaCte',108),(349,'2019_10_04_110402_AddColumnBalanceLibroCtaCteTesoreria',108),(350,'2019_10_04_110404_ModifyTableCtaCteCheques',108),(351,'2019_10_05_110404_ModifyTableCtaCteCcliente',108),(352,'2019_10_06_110400_AddModuleTesoreria',108),(353,'2019_10_09_110400_SPCtaCteClienteUpdate',108),(354,'2019_10_16_11040_AddRegisterContaTipoAsientos22',108),(355,'2019_10_24_110400_AddModuleNoFiscal',109),(356,'2019_10_24_110401_TablesNoFiscal',109),(357,'2019_10_30_110400_ModifySPAsientosContablesV3',109),(358,'2019_29_10_110400_ModifyTablesNFRelashionship',109),(359,'2019_11_03_110400_AddFacturaElectronicaPyme',110),(360,'2019_11_08_110400_TablesGanancias',111),(361,'2019_11_08_110401_AddModuleGanancias',111),(362,'2019_11_18_110400_AddModuleBienesPersonales',112),(363,'2019_11_18_110400_TablesBienesPersonales',112),(364,'2019_11_20_110400_UpdateDataTypeLibroIvaDigital',113),(365,'2019_11_21_110400_AddColumnPersonConfFELeyenda',114),(366,'2019_11_24_110400_TablesAsientosModelos',115),(367,'2019_11_27_110400_TablesObligacionesAnuales',116),(368,'2019_11_27_110401_AddModuleObligacionesAnuales',116),(369,'2019_12_06_110400_UpdateDataTypeAFIP',117),(370,'2019_12_06_110401_AddModuleControlAfip',118),(371,'2019_12_06_110402_TableControlCuitsAfip',118),(372,'2019_12_08_110400_AddColumnJobs',118),(373,'2019_12_09_110401_TablesRecibos',119),(374,'2019_12_09_11040_AddModuleRecibo_Presupuesto',119),(375,'2019_12_14_110400_DeleteTableFE',120),(376,'2019_12_16_110400_TablesDeudasImpositivas',121),(377,'2019_12_16_110401_AddModuleDeudasImpositivas',121),(378,'2019_12_18_110400_AddUserFirma',121),(379,'2019_12_23_110400_TablesPresupuestos',122),(380,'2019_12_24_110400_UpdateTableBalanceAddUser',123),(381,'2020_01_07_110400_ModifyForeingConstrainBalanceLibro',124),(382,'2020_01_08_110400_AddIIBBCordoba',125),(383,'2020_01_09_110399_AddIIBBCordobaRegSimp',126),(384,'2020_01_09_110400_UpdateTableVtoVencimiento2020',126),(385,'2020_01_09_110401_UpdateTableCategoriasMonotributo2020',126),(386,'2020_01_09_110402_UpdateTableCategoriasIIBB2020',126),(387,'2020_01_09_110403_UpdateValores2020vto_categoria_imp',126),(388,'2020_01_09_110404_UpdateVencimientosPerson2020',126),(389,'2020_01_12_110400_ModifySPMonotributistasV2',127),(390,'2020_01_13_110400_AddSoftDeletePeriodLiquidations',128),(391,'2020_01_14_110400_SPExportarComprobantesV2',129),(392,'2020_01_14_110401_ModifySPRetencionesV1',129),(393,'2020_01_14_110402_ModifySPAnticipoGananciasV1',129),(394,'2020_01_16_110400_ModifySPMonotributistasV3',130),(395,'2020_01_16_110401_UpdateValores2020vto_categoria_impV1',131),(396,'2020_01_16_110402_UpdateVencimientosPerson2020V1',131),(397,'2020_01_15_110400_TableTUser_Persons',132),(398,'2020_01_15_110401_TablesNotificaciones',132),(399,'2020_01_27_110400_AddReceiptTypeCierreZ',133),(400,'2020_01_28_110400_TablesGananciasV1',134),(401,'2020_01_28_110401_TablesGanancias2020',135),(402,'2020_01_30_110400_DeleteRegisterNoFicalContabilidad',136),(403,'2020_01_30_110400_ModifySPAsientosContablesMensualesV2',137),(404,'2020_01_30_110401_ModifySPAsientosContablesV4',138),(405,'2020_01_30_110402_DeleteSPAsientosContablesMensuales',139),(406,'2020_01_31_110400_AddUserIdVariasTables',140),(407,'2020_01_29_110400_AddColumnCtasTesoreriaContaAsientos',141),(408,'2020_02_06_110400_View_CtaCteClientesV3',141),(409,'2020_02_06_110401_AddCuentasMiasTesoreria',141),(410,'2020_02_07_110400_AddColumnPersonConfigLiqEsp',142),(411,'2020_02_08_110400_AddColumnPersonConfigLiqEspV1',143),(412,'2020_02_08_110401_AddColumnCtaCteCuentasTesoreriaCtaCteGastos',144),(413,'2020_02_09_110400_DeleteColumnPlanCuenta',145),(414,'2020_02_10_110400_ModifySPAsientoSueldo2020',146),(415,'2020_02_11_110400_ModifyView_CtaCteChequesV1',147),(416,'2020_02_13_110400_SPSumasYSaldosV1',148);
INSERT INTO `migrations` VALUES (417,'2020_02_13_110401_AddSoftDeleteCtaCteCheques',149),(418,'2020_02_19_110400_AddReceiptTypeCompraBsUsados',150),(419,'2020_02_19_110401_AddColumnTusersTypesUsers',151),(420,'2020_02_19_110402_DeleteSPNoUsoMas',152),(421,'2020_02_20_110400_AddColumnReceiptToFacEleReceitp',153),(422,'2020_02_25_110400_DeleteSPNoUsoMasV2',154),(423,'2020_02_26_110400_AddMonotributoSocial',155),(424,'2020_02_26_110401_UpdateReceiptTypeLetra',155),(425,'2020_02_27_110400_UpdateGananciasArt90',156),(426,'2020_02_28_110400_TableAjPorInflacionIndices',157),(427,'2020_03_02_110400_AddColumnPersonConfigCtaCteTesCuenta',158),(428,'2020_03_08_110400_AddModuleVentanillaElect',159),(429,'2020_03_08_110400_TablesVentanillaElec',160),(430,'2020_03_20_110400_UpdateReceiptTiquetZ',161),(431,'2020_04_16_110400_UpdateSystemTaxes',162),(432,'2020_05_18_110400_View_PdfConsultaComprobantes',163),(433,'2020_05_24_110400_TablesRemitos',164),(434,'2020_05_27_110400_AddImpuestoSegHigiene',165),(435,'2019_08_12_110400_AddColumnsTModules',166),(436,'2019_08_13_110399_InsertsModulesSueldo',167),(437,'2019_08_13_110400_TableSueldosSyJTipoEmpleador',167),(438,'2019_08_13_110401_TableSueldosSyJAlicuotaAporteContribucion',167),(439,'2019_08_13_110402_TableSueldosSyJActividad',167),(440,'2019_08_13_110403_TableSueldosSyJObraSocial',167),(441,'2019_08_13_110404_TableSueldosSyJZonaGeografica',167),(442,'2019_08_13_110405_TableSueldosSyJTituloLey20744',167),(443,'2019_08_13_110406_TablePais',167),(444,'2019_08_13_110407_TableLocalidad',167),(445,'2019_08_13_110408_TableCalle',167),(446,'2019_08_13_110408_TableSueldosSyJEmpAfecta',167),(447,'2019_08_13_110409_TableSueldosSyJTipoLiquidacion',167),(448,'2019_08_13_110412_TableSueldosSyJEmpAlcance',167),(449,'2019_08_13_110413_TableSexo',167),(450,'2019_08_13_110414_TableNacionalidad',167),(451,'2019_08_13_110415_TableEstadoCivil',167),(452,'2019_08_13_110416_TableTipoDocumento',167),(453,'2019_08_13_110417_TableSyJEmpEstado',167),(454,'2019_08_13_110418_TableSyJObraSocPlanes',167),(455,'2019_08_13_110419_TableSyJFormaPago',167),(456,'2019_08_13_110421_TableSyJEmpSituacionRevista',167),(457,'2019_08_13_110422_TableSyJEmpCondicion',167),(458,'2019_08_13_110423_TableSyJEmpModalidadContratacion',167),(459,'2019_08_13_110424_TableSyJEmpCodSiniestro',167),(460,'2019_08_13_110425_TableSyJRegimen',167),(461,'2019_08_13_110426_TableSyJEmpParentesco',167),(462,'2019_08_13_110427_TableSyJConfig',167),(463,'2019_08_13_110428_TableSyJDomiclioExplotacion',167),(464,'2020_03_17_110399_TableSeccionesCargoCCosto',167),(465,'2020_03_17_110400_TableConvenios',167),(466,'2020_03_17_110401_TableReferencias',167),(467,'2020_03_17_110402_SYJFunciones',167),(468,'2020_03_17_110402_TableAntesConceptos',167),(469,'2020_03_17_110402_TableConceptos',167),(470,'2020_03_17_110402_TablePivotConceptoCategoria',167),(471,'2020_03_17_110402_TablePivotConceptoTipoLiquidaciones',167),(472,'2020_03_17_110410_TableEmpleados',167),(473,'2020_03_17_110411_TablePivotEmpleadoConcepto',167),(474,'2020_03_19_110400_SYJPeriods',167),(475,'2020_03_19_110401_SYJLiquidaciones',167),(476,'2020_03_29_110400_SYJLiquidacionEmpleado',167),(477,'2020_04_03_110400_TablePivotConceptoCantidadValor',167),(478,'2020_04_07_110400_TablePivotConceptoEscala',167),(479,'2020_04_19_110400_AddColumnConceptosFiltrosAsoc',167),(480,'2020_04_19_110401_TableSyJEmpleadoFamiliar',167),(481,'2020_04_19_110402_TableSyJEmpleadoVacaciones',167),(482,'2020_04_26_110400_TableSyJReportes',167),(483,'2020_04_26_110401_TableSyJTablasdelSistema',167),(484,'2020_04_27_110400_AddColumnEmpleados',167),(485,'2020_04_27_110401_AddColumnCodigosAfip',167),(486,'2020_04_28_110399_TableSICOSSFormatValor',167),(487,'2020_04_28_110400_TableSICOSS',167),(488,'2020_04_28_110401_TablePivotConvenioFormatoSicoss',167),(489,'2020_04_28_110402_AddColumnPivotFormatoSicossConv',167),(490,'2020_04_29_110400_AddColumnFormatoSicossDetalleV1',167),(491,'2020_04_29_110401_AddColumnFormatoSicossDetalle',167);
INSERT INTO `migrations` VALUES (492,'2020_04_30_110400_AddColumnDomicilios',167),(493,'2020_05_02_110400_AddColumnControlaTopes',167),(494,'2020_05_05_110400_TableSindicatos',167),(495,'2020_05_07_110400_SYJPeriodsAddColumn',167),(496,'2020_05_07_110401_AddColumnBalanceLibroSueldos',167),(497,'2020_05_10_110400_AddColumnTablasFunciones',167),(498,'2020_05_11_110400_AddColumnTablaMasterEmpDomestica',167),(499,'2020_05_19_110400_TablePivotEmpleadoExcluirConcepto',167),(500,'2020_05_22_110400_InsertsModulesBlog',167),(501,'2020_05_22_110400_SYJPeriodsEmpDomestica',167),(502,'2020_05_25_110399_AddImpuestoSegHigiene',167),(503,'2020_05_25_110400_AddColumnVtoImpuestos',167),(504,'2020_05_26_110400_AddColumnSyJLiquidaciones',167),(505,'2020_05_26_110402_AddColumnSyJFormatoSicossDetalle',167),(506,'2020_12_31_110400_CopyDatoFromDBTaxes',167),(507,'2020_05_31_110400_InsertsModulesConfigUser',168),(508,'2020_06_03_110400_UpdateVtoImpuestos',169),(509,'2020_01_04_110401_UpdateTableCategoriasIIBB2021',170),(510,'2020_06_07_110400_InsertsModulesConfigAltaAbuela',170),(511,'2020_06_09_110400_AlterTableSyJConfig',170),(512,'2020_06_09_110400_InsertTablaReferencia',170),(513,'2020_06_11_000000_create_blogs_table',170),(514,'2020_06_14_110400_TableContactos',170),(515,'2020_06_14_110400_TablePlanesSuscripcion',170),(516,'2020_06_14_110401_TablePlanesSuscripcionV1',170),(517,'2020_06_19_110400_TableAjPorInflacionIndicesV1',170),(518,'2020_06_22_110400_AddColumnUsers',170),(519,'2020_06_22_110401_TableUserCtaCte',170),(520,'2020_06_25_110400_TableSyJG4OtrosEmpleos',170),(521,'2020_06_25_110401_TableSyJG4Deducciones',170),(522,'2020_06_25_110402_TableSyJG4DeducPersonales',170),(523,'2020_06_25_110403_TableSyJG4Art90',170),(524,'2020_07_01_110400_AddColumnDeletedAtConceptoPivot',170),(525,'2020_07_02_110400_InsertsGravImpGcias',170),(526,'2020_07_02_110401_TableSyJG4Detail',170),(527,'2020_07_04_110402_AddColumnSyJG4TipoDeducPers',170),(528,'2020_07_05_110401_TableSyJG4F1357',170),(529,'2020_07_06_110400_AddReceiptTypeCuentaVenta',170),(530,'2020_07_07_110400_AddImpuestoIIBBCorrientes',170),(531,'2020_07_07_110400_InsertConceptoReferencia',170),(532,'2020_07_09_110400_AddColumnDeducGenerales',170),(533,'2020_07_10_110400_AddColumnDBAbuela',170),(534,'2020_07_12_110400_UpdateTableTesoreriaCtas',170),(535,'2020_07_13_110400_AddImpuestoIIBBSantaFe',170),(536,'2020_07_13_110401_AddImpuestoDREISantaFe',170),(537,'2020_07_14_110400_TablesLPG',170),(538,'2020_07_17_110400_AddColumnReceiptTypeLPG',170),(539,'2020_07_17_110401_AddColumnReceiptLPG',170),(540,'2020_07_19_110400_AddRegisterUserPersonDbAbuela',170),(541,'2020_07_20_110400_UpdateBsPersonales',170),(542,'2020_07_25_110400_AddReceiptTypeTiquet',170),(543,'2020_07_25_1104041_AddReceiptTypeColumnShowFromTotal',170),(544,'2020_07_31_110400_TablesAfipServicios',170),(545,'2020_08_06_1104001_UpdateImpuestosSegunTablas',170),(546,'2020_08_06_110400_UpdateAutonomos',170),(547,'2020_08_08_110400_UpdateConveniosEmpAfecta',170),(548,'2020_08_12_110400_TablesDebitosAutomaticos',170),(549,'2020_08_18_110400_AddReceiptTypeSectorPecuario',170),(550,'2020_08_19_110400_UpdateSectorPecuario',170),(551,'2020_08_23_110400_AddColumnReceiptIVAApertura',170),(552,'2020_08_24_110400_AddColumnLiqIvaDetail',170),(553,'2020_08_24_110401_TablesIVAAgrupacion',170),(554,'2020_08_24_110401_UpdateReceiptsCredit',170),(555,'2020_08_25_110400_AddColumnIVACreditosTipos',170),(556,'2020_08_26_110400_AddOperaciones',170),(557,'2020_08_27_110400_TableFaq',170),(558,'2020_08_27_110400_UpdateFuncionesCantidad',170),(559,'2020_08_29_110400_TableSyJRecibosModelo',170),(560,'2020_08_30_110400_UpdateReciboModelo',170),(561,'2020_08_30_110401_UpdatePeriodLiquidationDetail',170),(562,'2020_08_31_110400_UpdateOperacionesImporte',170),(563,'2020_09_01_110400_AddActivities',170),(564,'2020_09_01_110401_TableZoneActivities',170),(565,'2020_09_01_110402_AddColumnPeriodLiqDetail',170),(566,'2020_09_01_110403_TablePeriodLiquidationIIBB',170);
INSERT INTO `migrations` VALUES (567,'2020_09_05_110400_AddRecibosModelo',170),(568,'2020_09_06_110400_AddColumnPersonActivities',170),(569,'2020_09_06_110401_AddColumnFAMasivaActivity',170),(570,'2020_09_09_110400_UpdateRetenciones',170),(571,'2020_09_18_110402_AddSyJReciboModelo',170),(572,'2020_09_23_110400_AddColumnUserCtaCte',170),(573,'2020_09_24_110400_AddImpuestoIIBBEntreRios',170),(574,'2020_09_25_110400_AddColumnUserCtaCteIngEgr',170),(575,'2020_09_25_110400_AddImpuestoProfesionalesLiberalesEntreRios',170),(576,'2020_09_26_110400_AlterColumnFactElecReceipt',170),(577,'2020_09_27_110400_AddColumnMonth',170),(578,'2020_09_28_110400_AddColumnSyJConfig',170),(579,'2020_10_04_110400_CorrecionPersons',170),(580,'2020_10_05_110403_TableCursos',170),(581,'2020_10_05_110403_TableCursosDetail',170),(582,'2020_10_14_110400_AddReceiptTypeSectorPecuario2',170),(583,'2020_10_15_110400_AddFuncionesDeValor',170),(584,'2020_10_15_110401_UpdateReceiptsCredit2',170),(585,'2020_10_19_110400_TableSyJConceptosAfip',170),(586,'2020_10_19_110401_AddColumnSyJConceptos',170),(587,'2020_10_20_110400_TableSyJLsdImpConc',170),(588,'2020_10_20_110401_AddFuncionesFormatoSicoss',170),(589,'2020_10_20_110401_TableSyjLsdReg',170),(590,'2020_10_20_110402_AddFormatoSicoss',170),(591,'2020_10_23_110400_InsertsModulesContConfig',170),(592,'2020_10_27_110400_AddColumnConceptos',170),(593,'2020_10_27_110401_AddFuncionesDeCantidad1',170),(594,'2020_10_27_110401_AddFuncionesDeImporte1',170),(595,'2020_10_27_110401_AddFuncionesDeValor1',170),(596,'2020_11_02_110400_InsertTablaReferencia1',170),(597,'2020_11_03_110400_TableUsersPersonsBlock',170),(598,'2020_11_04_110400_ViewLiquidacionesIVA',170),(599,'2020_11_05_110400_AddReceiptType1',170),(600,'2020_11_11_110400_AddImpuestoIIBBRioNegro',170),(601,'2020_11_13_110400_AddColumnPersonConfigProIVA',170),(602,'2020_11_13_110400_AddImpuestoIIBBNeuquen',170),(603,'2020_11_19_110400_UpdateReceiptsType',170),(604,'2020_11_20_110400_AddIndicesAxI',170),(605,'2020_11_24_110400_AddColumnSyJFromatoSICOSS',170),(606,'2020_11_26_110400_ModifyConceptosAFIP',170),(607,'2020_11_28_110400_AddColumnCtaCteCliente',170),(608,'2020_12_02_110400_TableUsersLogged',170),(609,'2020_12_03_110399_UpdateTarjetaTaxes',170),(610,'2020_12_03_110400_TableTarjetaTXT',170),(611,'2020_12_04_110400_AddImpuestoIIBBCorrientes2',170),(612,'2020_12_04_110400_AddImpuestoManifestacionDeGanado',170),(613,'2020_12_07_110400_AddColumnSyjLiqEmpleado',170),(614,'2020_12_22_110400_UpdateArt90',170),(615,'2021_01_03_110400_UpdateTableVtoVencimiento2021',170),(616,'2021_01_04_110400_UpdateAutonomos2021',170),(617,'2021_01_04_110402_UpdateVencimientosPerson2021',170),(618,'2021_01_06_110400_ModifyIvaCredFiscal',170),(619,'2021_01_08_110400_CheckPeriods2021',170),(620,'2021_01_11_110404_UpdateTableVtoVencimiento2022V1',170),(621,'2021_01_14_110400_TableSyJG4Art902021',170),(622,'2021_01_14_110401_TableSyJG4Deducciones2021',170),(623,'2021_01_14_110402_TableSyJG4DeducPersonales2021',170),(624,'2021_01_14_110403_TablesGanancias2021',170),(625,'2021_01_28_110400_AddImpuestoUTEDYC',170),(626,'2021_02_01_110400_ModifyNameTableReferencia',170),(627,'2021_02_02_110400_AddColumnMaterialCurso',170),(628,'2021_02_03_110400_ChangeCampoAsientoModelo',170),(629,'2021_02_04_110400_UpdateTopesJubilatorios',170),(630,'2021_02_04_110401_AddTablaReferencia',170),(631,'2021_02_10_110400_AddColumnDelSistema',170),(632,'2021_02_11_110400_AddColumnLiqIVA',170),(633,'2021_02_11_110401_AddColumnLiqITCPersonConfig',170),(634,'2021_02_16_110400_AddColumnIsZonaPatagonica',170),(635,'2021_02_16_110401_AddColumnFactElecTotal',170),(636,'2021_02_17_110400_SPSumasYSaldosV2',170),(637,'2021_02_17_110401_AddContaPlanCuentaITC',170),(638,'2021_02_21_110400_ModuloConvenioMultilateral',170),(639,'2021_02_21_110401_AddColumnZoneCodCM',170),(640,'2021_02_23_110400_TableSolicitantesCertificado',170),(641,'2021_02_23_110401_AddColumnsCursos',170),(642,'2021_02_25_110400_UpdateTableVtoVencimiento2021V1',170);
INSERT INTO `migrations` VALUES (643,'2021_02_8_110400_AddImpuestoSIRADIG',170),(644,'2021_02_9_110400_AddImpuestoIIBBSantaFeRegSimplificado',170),(645,'2021_03_02_110400_TablePathOfFile',170),(646,'2021_03_03_110400_AddReceiptType2',170),(647,'2021_03_04_110400_AddColumnPeriodLiquidationIIBB',170),(648,'2021_03_05_110400_AddPathOfFileName',170),(649,'2021_03_15_110400_AddColumnPeriodLiquidationIVA',170),(650,'2021_03_15_110401_AddColumnFEReceiptCompAsoc',170),(651,'2021_03_17_110400_ChangeFEReceiptCAENull',170),(652,'2021_03_19_110400_TableTdbAbuelasEstados',170),(653,'2021_03_19_110401_AddColumnTdbAbuelasEstado',170),(654,'2021_03_19_110402_TableTdbAbuelasCharlas',170),(655,'2021_03_23_110400_ModifyReceiptTypeOtrosCompr',170),(656,'2021_03_24_110400_TDAbuelaHost',170),(657,'2021_03_26_110400_UpdateAutonomos2021Abril',170),(658,'2021_03_30_110400_UpdateTopesJubilatoriosMar2021',170),(659,'2021_04_06_110400_AddContaPlanCuenta',170),(660,'2021_04_09_110400_UpdateEstadosAbuelas',170),(661,'2021_04_14_110400_AddColumnEstadoId',170),(662,'2021_04_14_110400_AddColumnFEReceiptOp',170),(663,'2021_04_15_110400_UpdateEstadosAbuelasRollBack',170),(664,'2021_04_16_110400_UpdateEstadosAbuelasV1',170),(665,'2021_04_16_110401_UpdateEstadosAbuelasRollBackV1',170),(666,'2021_04_16_110402_UpdateEstadosAbuelasV2',170),(667,'2021_04_21_110400_TableQueueProcesos',170),(668,'2021_04_23_110400_TableReporteSUSS',170),(669,'2021_04_23_110400_UpdateEstadosAbuelasV3',170),(670,'2021_04_27_110400_AddFieldEscracharTdbabuela',170),(671,'2021_04_27_110400_UpdateArba2021',170),(672,'2021_04_30_110400_ModifyIvaCredFiscalV1',170),(673,'2021_05_14_110400_AddSyJReciboModeloV2',170),(674,'2021_05_17_110400_TableUsersEmpleados',170),(675,'2021_05_25_110400_TablesPortalEmpleados',170),(676,'2021_05_25_110401_TablesTaxesServicios',170),(677,'2021_05_25_110402_TablesEmpleadosFiles',170),(678,'2021_05_27_110400_AddColumnImagenUser',170),(679,'2021_05_27_110400_UpdateEstadosAbuelasV4',170),(680,'2021_05_29_110400_AddColumnTablesPortalEmpleados',170),(681,'2021_06_02_110400_AddColumnLiqEmpFirmado',170),(682,'2021_06_02_110401_AddColumnLiqEmpFirmadoFecha',170),(683,'2021_06_03_110400_UpdateEstadosAbuelasV5',170),(684,'2021_06_04_110401_UpdateMonotributos2021',170),(685,'2021_06_06_110401_TablesEmpleadosFilesMasivos',170),(686,'2021_06_06_11040_AddColumnEmpFile',170),(687,'2021_06_10_110401_UpdateConceptosAFIP',170),(688,'2021_06_14_110400_TablePLSubdomain',170),(689,'2021_06_15_110400_TablesBienesPersonalesV2021',170),(690,'2021_06_16_11040_AddRegistroPathOfFileName',170),(691,'2021_06_28_110400_UpdateTopesJubilatoriosJun2021',170),(692,'2021_06_30_110400_UpdatePerAlicuotas',170),(693,'2021_07_06_11040_AddColumnMetodoPago',170),(694,'2021_07_08_110400_UpdateAutonomos2021Julio',170),(695,'2021_07_09_110400_AddColumnPathFileName',170),(696,'2021_07_11_110400_TablesAuxiliar',170),(697,'2021_07_17_110400_ModuloPermisos',170),(698,'2021_07_18_110400_AddColumnPeriodLiquidation',170),(699,'2021_07_22_110400_AddColumnPeriodLiquidationAuxiliarId',170),(700,'2021_07_22_110401_AddColumnActividadCodigoCM',170),(701,'2021_07_22_110402_TablesCMArticulosRegimenes',170),(702,'2021_07_22_110403_AddColumnPersonActivitiesCMID',170),(703,'2021_07_26_110400_AddImpuestoIIBBLaRioja',170),(704,'2021_07_27_110400_AddColumnLiquidacionIIBB',170),(705,'2021_07_29_110400_AddColumnCMArticuloRegimen',170),(706,'2021_07_29_110401_UpdateMonotributos2021V2',170),(707,'2021_07_7_11040_AddRegistroPathOfFileNameV1',170),(708,'2021_08_08_11040_AddColumnReceiptHasta',170),(709,'2021_08_10_110400_FechasEnContabilidad',170),(710,'2021_08_14_11040_AddColumnFormatoSicoss',170),(711,'2021_08_18_110400_AddRegistroSyjActividad',170),(712,'2021_08_23_11040_AddColumnPersonsIVACreditoTipo',170),(713,'2021_09_08_11040_UpdateSituacionRevista',170),(714,'2021_09_09_11040_UpdateEmpleadoCondicion',170),(715,'2021_09_09_11040_UpdateModalidadContratacion',170),(716,'2021_09_14_11040_UpdateEstadoCompsM',170);
INSERT INTO `migrations` VALUES (717,'2021_09_16_110400_TablesTaxesAdminNotif',170),(718,'2021_09_16_110400_UpdateTopesJubilatoriosSept2021',170),(719,'2021_09_21_110400_UpdateModContratacion',170),(720,'2021_09_24_110400_AddColumnEmpleadoCBU',170),(721,'2021_09_24_110400_TableTaxesAdmTours',170),(722,'2021_09_24_110401_AddColumnEmpleadoDiasPropTope',170),(723,'2021_09_24_110402_AddRegistroFuncionesSicoss20210924',170),(724,'2021_09_26_110400_TablesConsultasAux',170),(725,'2021_10_18_110400_TablesEmpleadosEventuales',170),(726,'2021_10_18_110401_AddRegistrosLSDReg5',170),(727,'2021_10_18_110402_AddRegistroFuncionesSicoss',170),(728,'2021_10_18_110403_AddConvenioEventual',170),(729,'2021_10_18_110404_ModifyConvenioEventual',170),(730,'2021_10_31_110400_TablesPeriodLiquidationFiles',170),(731,'2021_12_03_110400_UpdateModContratacionV1',170),(732,'2021_12_09_110400_UpdateTopesJubilatoriosDic2021',170),(733,'2021_12_13_110400_UpdateAutonomosSept2021',170),(734,'2021_12_14_110400_AddColumnSyJReportes',170),(735,'2021_12_21_110400_AddFuncionesDeValorV2',170),(736,'2021_12_21_110400_AddTablaReferenciaV1',170),(737,'2021_12_29_110401_UpdateMonotributos2022',170),(738,'2022_01_05_110400_UpdateAutonomosDic2021',170),(739,'2022_01_05_110400_UpdateTableVtoVencimientoMonyAut2022',170),(740,'2022_01_11_110400_TableSyJG4Art902022',170),(741,'2022_01_11_110401_TableSyJG4DeduccionesGrales2022',170),(742,'2022_01_11_110402_TableSyJG4DeducPersonales2022',170),(743,'2022_01_11_110403_TablesGanancias2022',170),(744,'2022_01_17_110400_TablesInventarios',170),(745,'2022_01_24_110400_TableInvProductReceipt',170),(746,'2022_01_26_110400_AddTaxesServicios',170),(747,'2022_01_26_110401_TablesGestionDeEmpresa',170),(748,'2022_02_01_110400_TablesQuerys',170),(749,'2022_02_01_110400_UpdateVencimientosPerson2022',170),(750,'2022_02_06_110400_UpdateGananciasArt902022V1',170),(751,'2022_02_09_110400_TablesSicore',170),(752,'2022_02_09_110401_AddModuleSicore',170),(753,'2022_02_10_110400_AddColumnZoneCodigoAfip',170),(754,'2022_02_10_110400_UpdateTableVtoVencimiento2022V2',170),(755,'2022_02_11_110400_AddImpuestoIIBBSantaCruz',170),(756,'2022_02_12_110400_AddSyJOperacionesImporte',170),(757,'2022_02_15_110400_AddFieldEstadoOrden',170),(758,'2022_02_15_110400_AddReceiptTypeT',170),(759,'2022_02_15_110401_AddColumnQueryPersonID',170),(760,'2022_02_15_110402_TablesFEMasivaStock',170),(761,'2022_03_04_110400_AddFieldProximoContactoAbuela',170),(762,'2022_03_06_110400_AddFieldProductoCombo',170),(763,'2022_03_15_110400_AddRegisterQueePortalIVA',170),(764,'2022_03_17_110400_TablesCondicionFrenteIVA',170),(765,'2022_03_17_110401_AddRegisterIVAAgrupacionMonos',170),(766,'2022_03_21_110400_AddModuleMercadoLibre',170),(767,'2022_03_21_110401_TableMercadoLibre',170),(768,'2022_03_30_110400_AddFuncionesDeValorV3',170),(769,'2022_03_31_110400_UpdateTopesJubilatoriosMarzo2022',170),(770,'2022_04_02_110400_AddModuleOrdenDeTrabajo',170),(771,'2022_04_02_110401_TablesOrdenesDeTrabajo',170),(772,'2022_04_07_110400_AddImpuestoIIBBMendoza',170),(773,'2022_04_07_110401_UpdateImpuestoIIBBCorrientes',170),(774,'2022_04_12_110400_AddFieldPruebaGratisCursoId',170),(775,'2022_04_13_110400_AddFieldInvProductReceipt',170),(776,'2022_04_18_110400_TablesOrdenesDeTrabajoFacturadas',170),(777,'2022_04_22_110400_AddFAMasivaDetalleGravaIIBB',170),(778,'2022_04_22_110400_TablesContaCentroDeCostos',170),(779,'2022_04_22_110401_AddFieldReceiptCentroCosto',170),(780,'2022_04_24_110400_AddFieldSKU',170),(781,'2022_04_25_110400_UpdateTableAjPorInflacionIndices',170),(782,'2022_04_26_110400_AddFieldBalanceLibroInvOrdenId',170),(783,'2022_04_26_110400_TablesOrdenesTrabajoCC',170),(784,'2022_04_29_110400_AddFieldPuntoVentaFEHabilitado',170),(785,'2022_05_02_110400_AddModuleTicket',170),(786,'2022_05_02_110400_TablesTickets',170),(787,'2022_05_06_110400_AddFieldTicketsCaeVencimiento',170),(788,'2022_05_06_110401_AddFieldGestionDeEmpresa',170),(789,'2022_05_07_110400_TablesTaxesServiciosDetails',170);
INSERT INTO `migrations` VALUES (790,'2022_05_07_110400_UpdateAutonomosMarzo2022',170),(791,'2022_05_08_110400_RemoveTablesGestionEmpresa',170),(792,'2022_05_09_110400_AddFieldInvOrdenTrabajoConfigCc',170),(793,'2022_05_09_110401_AddFieldOrdenDeTrabajoStatus',170),(794,'2022_05_09_110402_MLSetFacturacion',170),(795,'2022_05_11_110400_TableMLOrdersFacturada',170),(796,'2022_05_11_110401_CorreccionCondicionFrenteAlIva',170),(797,'2022_05_12_110400_AddFieldInvRegistradoraUsaProductos',170),(798,'2022_05_13_110400_AddFieldTicketDetailPolimorfica',170),(799,'2022_05_15_110400_AddFieldInvProductReceiptPolimorfica',170),(800,'2022_05_16_110400_TableInvIndicadores',170),(801,'2022_05_17_110400_TablesBienesPersonalesV2022',170),(802,'2022_05_18_110400_AddIdFacturaEnviada',170),(803,'2022_05_19_110400_AddFieldInvIndicadoresOrder',170),(804,'2022_05_22_110400_TablesTaxesSubDomain',170),(805,'2022_05_24_110400_UpdateTopesJubilatoriosJunio2022',170),(806,'2022_05_30_110400_AddFieldSyJEmpleadosLiqEnCero',171),(807,'2022_05_28_110400_TableMLItemProducto',172),(808,'2022_06_06_110400_TableSyJUsarloComo',172),(809,'2022_06_06_110400_UpdateGananciasArt902022V2',173),(810,'2022_06_08_110400_AddTablaReferenciaV2',174),(811,'2022_06_08_110401_AddFieldTaxesServiciosDiasDePrueba',174),(812,'2022_06_08_110402_AddFieldContactanos',174),(813,'2022_06_12_110400_TableMonedas',174),(814,'2022_06_12_110401_TablesTaxesCotizaciones',174),(815,'2022_06_16_110401_UpdateTablesGanancias2021',175),(816,'2022_06_15_110400_AddModuleDocumentosComerciales',176),(817,'2022_06_15_110401_TablesDocumentosComerciales',176),(818,'2022_06_21_110400_AddFieldReceiptsDcOrdenId',176),(819,'2022_06_24_110400_UpdateOS3900',176),(820,'2022_06_24_110401_TablesNoFiscalInvoice',176),(821,'2022_07_01_110400_AddFieldCtaCteClientePivotReceiptImporte',177),(822,'2022_07_06_110401_UpdateFacturacionMonotributos072022',178),(823,'2022_07_07_110400_AddEmpresasToTaxesServiciosDetails',179),(824,'2022_07_07_110400_UpdateAutonomosJunio2022',179),(825,'2022_07_07_110401_AddModuleTaxesEmpresas',179),(826,'2022_07_07_110402_AddFieldTaxesServiciosDetails',179),(827,'2022_07_07_110403_AddFieldTUserCtasCtesPersonId',179),(828,'2022_07_08_110400_AddReceiptTypeVacunos',179),(829,'2022_07_10_110400_AddRegisterQueeArchivosPem',180),(830,'2022_07_11_110400_AddColumnBlog',181),(831,'2022_07_17_110400_AddReceiptTypeTiqueC',181),(832,'2022_07_19_110400_AddIsTaxesEmpresas',182),(833,'2022_08_10_110400_AddColumnClaveTipos',182),(834,'2022_08_16_110400_AddModuleAltas',183),(835,'2022_08_16_110401_AddModuleServicios',183),(836,'2022_08_17_110400_UpdateReceiptTypesCuentaDeVenta',183),(837,'2022_08_16_110400_AddInvHsTipos',184),(838,'2022_08_21_110400_AddModulosTMS',184),(839,'2022_08_30_110400_AddMoneda',185),(840,'2021_09_02_110400_UpdateTableVtoVencimientoIIBBRioNegro',186),(841,'2022_09_08_110400_AddRegisterOtherTaxes',187),(842,'2022_09_08_110401_TablesRetPercFE',187),(843,'2022_09_09_110400_AddOrdenTipo',188),(844,'2022_09_13_110400_TUsersTarjetas',189),(845,'2022_09_13_110400_UpdateImpuestoIIBBCorrientesV2',189),(846,'2022_09_16_110400_AddRegisterPathFileNameSicoss',189),(847,'2022_08_25_110400_TdbabuelaFacturacion',190),(848,'2022_09_27_110400_AddReceiptTypeTiqueNotadeDebitoA',190),(849,'2022_10_03_110400_UpdateAutonomosSept2022',190),(850,'2022_09_19_110000_TablesEncuestas',191),(851,'2022_10_13_110400_UpdateRegSimpAGIP2022',191),(852,'2022_10_13_110401_UpdateTopesJubilatoriosSept2022',191),(853,'2022_10_17_110400_UpdateCategoriasIIBB2022',191),(854,'2022_10_23_110400_AddModuleConfigTesoreria',191),(855,'2022_10_23_110401_TablePersonRelationeds',191),(856,'2022_10_19_110400_TablesEmpleadosPdfAuto',192),(857,'2022_10_25_110400_AddModuleCtaCteUnificadoTesoreria',192),(858,'2022_10_26_110400_TablesEmpleadosPdfAuto2',192),(859,'2022_11_14_110400_UpdateFacturacionMonoSocial',193),(860,'2022_11_17_11000_AddRegistroPathOfFileNameV2',194),(861,'2022_11_23_110400_TableTdbAbuelaEstadoLog',194);
INSERT INTO `migrations` VALUES (862,'2022_12_03_110400_ModulosMobile',194),(863,'2022_12_05_110400_TablesDcOrdenesFacturadas',194),(864,'2022_12_11_110400_ModulosMobileTableroDeControl',195),(865,'2022_12_13_110400_RemoveColumnTarjetaTdbabuela',195),(866,'2022_12_22_110400_TablesPersonsDatos',195),(867,'2022_12_22_110401_AddModuleConfigEmpresa',195),(868,'2022_12_22_110402_AddModuleEmpresaCertificados',195),(869,'2022_12_26_110400_UpdateModalidadContratacion22',196),(870,'2022_12_26_110401_TablesGanancias2023',196),(871,'2022_12_26_110402_TableSyJG4Art902023',196),(872,'2022_12_28_110401_TableSyJG4DeduccionesGrales2023',196),(873,'2022_12_28_110402_TableSyJG4DeducPersonales2023',196),(874,'2022_12_28_110403_UpdateTopesJubilatoriosDic2022',196),(875,'2022_01_03_110402_UpdateTableVtoVencimientoMonyAut2023',197),(876,'2023_01_03_110400_UpdateMonotributos2023',197),(877,'2023_01_03_110401_AddMonotributoCategorias',197),(878,'2023_01_04_110400_UpdateAutonomosDic2022',198),(879,'2023_01_04_110401_UpdateTableVtoVencimiento2023',198),(880,'2023_01_04_110402_AddVencimientosImpuestos',198),(881,'2023_01_04_110403_UpdateTableVtoVencimientoIIBB2023',198),(882,'2023_01_03_110402_AddModuleNovedades',199),(883,'2023_01_03_110403_TablesSyJNovedades',199),(884,'2023_01_18_110400_AddFieldTablesCurso',200),(885,'2023_01_18_110401_AddFieldTaxesServiciosDetailsFechaComentario',200),(886,'2023_01_20_110400_AddReceiptTypeTiqueNotaDeCreditoC',200),(887,'2023_01_23_110400_AddFieldFacturaElecReferencia',201),(888,'2023_01_25_110400_UpdateFacturacionMonoSocial2023',202),(889,'2023_01_27_110400_UpdateTableVtoVencimientoIIBBVarios',203),(890,'2023_02_03_110400_UpdateTableAjPorInflacionIndices',204),(891,'2023_02_03_110400_UpdateTableAjPorInflacionIndicesV20230208',205),(892,'2023_02_17_110400_AddFieldEmpleadoSueldoNetoPactado',206),(893,'2023_02_17_110401_AddModuleSueldoNetoPactado',206),(894,'2023_01_19_110400_RemoveEstadoColumnTdbabuelas',207),(895,'2023_01_24_110401_AddColumnTdbabuelasEstadosType',207),(896,'2023_01_24_110402_UpdateTdabuelasEstadosTable',207),(897,'2023_02_25_110402_AddModuleTAReportes',207),(898,'2023_03_06_110400_UpdateTableVtoVencimientoIIBBCorrientes',207),(899,'2023_03_08_110400_AddRegisterConsultas',208),(900,'2023_03_11_110400_AddFieldsCheques',208),(901,'2023_03_15_110400_MonedasHabilitadoId4',209),(902,'2023_03_13_110400_AddModulosTMS2',210),(903,'2023_03_14_110400_TableInvDescargas',210),(904,'2023_03_14_110401_TableInvDescargas2',210),(905,'2023_03_16_110400_AlterColumnPivotReceipt',211),(906,'2023_03_20_110400_ModifyRegisterTesoreriaCuentasV1',212),(907,'2023_03_22_110400_ModifyRegisterTesoreriaCuentasV2',213),(908,'2023_03_22_110401_TableChequesTransferEmitidas',213),(909,'2023_03_27_110400_AddModuleConciliaciones',214),(910,'2023_03_27_110401_AddColumnIsConciliadoCtaCteTesDetail',214),(911,'2023_03_28_110400_AddModuleCobranzas',214),(912,'2023_03_28_110401_AddModulePagos',214),(913,'2023_03_20_110400_TableCobradores',215),(914,'2023_03_20_110401_TablePersonCobrador',215),(915,'2023_03_20_110402_AddModuloCobrador',215),(916,'2023_03_20_110403_AddColumnHabilitadoCobradores',215),(917,'2023_04_10_110400_UpdateAutonomosMarzo2023',216),(918,'2023_04_10_110401_UpdateTopesJubilatoriosMarzo2023',216),(919,'2023_04_12_110400_CreatePersonsSicoreTable',217),(920,'2023_04_12_110401_UpdateTableSicoreDetails',217),(921,'2023_04_12_110402_RenameTableSicoreDetailsNetoGrav',217),(922,'2023_04_10_110400_AddDocumentoComercialRequerimiento',218),(923,'2023_04_11_110400_AddDCOrdenCompraRequerimiento',218),(924,'2023_04_14_110400_AddModulosTMS3',219),(925,'2023_04_15_11400_AddRegistroPathOfFileNameV3',219),(926,'2023_04_18_11400_ModifyColumnsMonedaCotizacion',220),(927,'2023_04_18_11401_ModifyColumnsMonedaCotizacionV2',220),(928,'2023_04_25_11400_AddColumnPersonConfigMultimoneda',220),(929,'2023_05_04_11400_AddColumnReceiptPendiente',221),(930,'2023_05_14_11400_AddColumnPeriodLiquidationIVAReducMonos',222);
INSERT INTO `migrations` VALUES (931,'2023_05_15_110400_AddFieldTaxesSubDomainEcommerce',223),(932,'2023_05_16_11400_AddColumnInvProductoDepositos',223),(933,'2023_05_17_110400_AddFieldTaxesSubDomainLayout',224),(934,'2023_05_21_11400_AddColumnPersonConfigAgPerRet',224),(935,'2023_05_22_11400_AddColumnInvProductoShowInCatalogo',224),(936,'2023_05_23_110400_TableInvProductoFotos',225),(937,'2023_05_30_110400_TablesBienesPersonalesV2023',226),(938,'2023_05_24_11400_AddColumnRetentions',227),(939,'2023_05_29_110400_AddModuleTesoreriaReportes',227),(940,'2023_05_30_110401_AddModulosTMSCobranzas',228),(941,'2023_06_01_11400_ModifyRegistersTesoreriaCuentas',228),(942,'2023_06_03_110400_AddDocumentoComercialRemito',229),(943,'2023_06_04_110400_ModifyColumnSubdomainIsCatalogo',229),(944,'2023_06_05_110400_AddModulosTaxesSubdomain',230),(945,'2023_06_08_110400_UpdateSicoreRegimenes',230),(946,'2023_06_08_110401_UpdateVencimientosPerson2023',230),(947,'2023_06_08_110400_AddModuleSubdominio',231),(948,'2023_06_08_110401_AddRegisterTaxesServicioLanding',231),(949,'2023_06_10_110400_TableDcOrdenOrigenDestino',231),(950,'2023_06_12_110400_AddDocumentoComercialRemitoEgreso',231),(951,'2023_06_12_110401_AddColumnInvOtProductoDcOrdenId',231),(952,'2023_06_15_110400_TableDcOrdenesFiles',232),(953,'2023_06_17_110400_AddColumnTdbAbuelaContactado',233),(954,'2023_06_21_110400_UpdateMonotributosJulio2023',233),(955,'2023_06_21_110401_AddDocumentoComercialRemitoInterno',234),(956,'2023_06_21_114002_AddColumnDcOrdenesDetailsInvProductoDestino',234),(957,'2023_06_21_11400_AddColumnInvProductoPrioridad',234),(958,'2023_06_25_110400_AddModulosTMSRemitos',235),(959,'2023_06_27_110402_UpdateGananciasArt90Tope',235),(960,'2023_06_27_114000_AddColumnInvOrdenTrabajosResponsable',235),(961,'2023_06_27_114001_AddColumnInvOrdenTrabajosFechaCierre',235),(962,'2023_06_21_110401_UpdatePlanesJulio2023',236),(963,'2023_06_29_114000_AddColumnTicketsClienteId',236),(964,'2023_06_30_110400_AddColumnDcOrdenIsCompletado',237),(965,'2023_07_01_110400_AddDCOrdenIngresoCompra',237),(966,'2023_07_02_110400_AddDocumentoComercialRemitoIngresoFromOc',237),(967,'2023_07_03_110400_ModifyRegisterDCOrdenesOrigenTipo',238),(968,'2023_07_03_114001_AddColumnDcOrdenesTitulo',238),(969,'2023_07_04_110400_AddImpuestoRegSimpNequen',239),(970,'2023_07_04_110401_AddImpuestoRegSimpRioNegro',239),(971,'2023_07_04_110402_AddReceiptTypeOtroCompA',239),(972,'2023_07_07_114000_AddColumnPersonFantasyName',240),(973,'2023_04_10_110401_UpdateTopesJubilatoriosJunio2023',241),(974,'2023_07_07_110400_UpdateAutonomosJunio2023',241),(975,'2023_07_09_110400_TableTaxesSubdomainTipos',241),(976,'2023_07_10_110402_AddReceiptTypeTiqueNotaDeCreditoA',241),(977,'2023_07_11_110400_UpdateImportePlanesJulio2023',241),(978,'2023_07_12_110400_AddColumnDcOrdenMoneda',242),(979,'2023_07_12_110401_AddMonedaEuro',242),(980,'2023_08_01_110400_TableDcOrdenesFirmas',243),(981,'2023_08_01_110401_AddModulosTMSFirmarRemitos',243),(982,'2023_08_05_110400_TableDcFirmasReglas',243),(983,'2023_08_05_110401_AddFieldsDcFirmas',243),(984,'2023_08_07_110400_AddModulosTMSFirmarOc',244),(985,'2023_08_08_110400_AddDcEstadoEliminado',244),(986,'2023_08_11_110400_AddModulosTMSProduccionReq',244),(987,'2023_08_13_110400_AddColumnStockMovimientoDetalle',244),(988,'2023_08_13_110401_TableInvOrdenTrabajoServicios',245),(989,'2023_08_13_110402_AddDCRemitoServicioOT',245),(990,'2023_08_13_110403_TableDCOrdenServicioCompra',245),(991,'2023_08_15_110400_CorreccionesTableInvHoras',246),(992,'2023_08_16_110400_AddColumnOTProductoImporte',247),(993,'2023_08_22_110400_AddColumnHorasDisponibles',247),(994,'2023_08_22_110401_AddModulosTMSFirmarHoras',247),(995,'2023_08_22_110402_AddColumnHorasDispoType',247),(996,'2023_08_24_110400_ModifyColumnDcOrdenNumeroATexto',248),(997,'2023_08_25_110400_AddColumnOtClasificacion',248),(998,'2023_08_27_110400_ModifyColumnDcOrdenNumeroANumero',248),(999,'2023_08_29_110400_AddColumnDcOrdenMultiplesOt',249);
INSERT INTO `migrations` VALUES (1000,'2023_08_31_110400_AddColumnNFCtaCteCompensado',249),(1001,'2023_09_01_110400_ModifyIOrigenDestinoHorasTipos',250),(1002,'2023_09_04_110400_AddModulosTMSFirmarProductos',250),(1003,'2023_09_11_110400_AddColumnHorasTiposImporte',250),(1004,'2023_09_12_110400_AddColumnOtClasificacion',250),(1005,'2023_09_12_110400_AddFirmarRemitosDeIngreso',250),(1006,'2023_09_12_110401_AddColumnInvOrdenTrabajoPatente',250);

--
-- Table structure for table `ml`
--

CREATE TABLE `ml` (
  `id` int(10) unsigned NOT NULL AUTO_INCREMENT,
  `user_id` int(10) unsigned DEFAULT NULL,
  `taxes_servicio_id` int(10) unsigned NOT NULL DEFAULT '5',
  `person_id` int(10) unsigned NOT NULL,
  `person_id_relationed` int(10) unsigned NOT NULL,
  `ml_user_id` varchar(191) COLLATE utf8mb4_unicode_ci DEFAULT NULL,
  `nick_name` varchar(191) COLLATE utf8mb4_unicode_ci DEFAULT NULL,
  `access_token` varchar(191) COLLATE utf8mb4_unicode_ci DEFAULT NULL,
  `code` varchar(191) COLLATE utf8mb4_unicode_ci DEFAULT NULL,
  `refresh_token` varchar(191) COLLATE utf8mb4_unicode_ci DEFAULT NULL,
  `comentario` varchar(191) COLLATE utf8mb4_unicode_ci DEFAULT NULL,
  `habilitado` tinyint(1) NOT NULL DEFAULT '1',
  `created_at` timestamp NULL DEFAULT NULL,
  `updated_at` timestamp NULL DEFAULT NULL,
  `deleted_at` timestamp NULL DEFAULT NULL,
  PRIMARY KEY (`id`),
  KEY `ml_person_id_foreign` (`person_id`),
  KEY `ml_person_id_relationed_foreign` (`person_id_relationed`),
  CONSTRAINT `ml_person_id_foreign` FOREIGN KEY (`person_id`) REFERENCES `persons` (`id`),
  CONSTRAINT `ml_person_id_relationed_foreign` FOREIGN KEY (`person_id_relationed`) REFERENCES `persons` (`id`)
) ENGINE=InnoDB DEFAULT CHARSET=utf8mb4 COLLATE=utf8mb4_unicode_ci;

--
-- Dumping data for table `ml`
--


--
-- Table structure for table `ml_item_producto`
--

CREATE TABLE `ml_item_producto` (
  `id` bigint(20) unsigned NOT NULL AUTO_INCREMENT,
  `person_id` int(10) unsigned NOT NULL,
  `ml_item_id` varchar(191) COLLATE utf8mb4_unicode_ci NOT NULL,
  `inv_producto_id` bigint(20) unsigned DEFAULT NULL,
  `created_at` timestamp NULL DEFAULT NULL,
  `updated_at` timestamp NULL DEFAULT NULL,
  `deleted_at` timestamp NULL DEFAULT NULL,
  PRIMARY KEY (`id`),
  KEY `ml_item_producto_person_id_foreign` (`person_id`),
  KEY `ml_item_producto_inv_producto_id_foreign` (`inv_producto_id`),
  CONSTRAINT `ml_item_producto_inv_producto_id_foreign` FOREIGN KEY (`inv_producto_id`) REFERENCES `inv_productos` (`id`),
  CONSTRAINT `ml_item_producto_person_id_foreign` FOREIGN KEY (`person_id`) REFERENCES `persons` (`id`)
) ENGINE=InnoDB DEFAULT CHARSET=utf8mb4 COLLATE=utf8mb4_unicode_ci;

--
-- Dumping data for table `ml_item_producto`
--


--
-- Table structure for table `ml_orders_facturadas`
--

CREATE TABLE `ml_orders_facturadas` (
  `id` bigint(20) unsigned NOT NULL AUTO_INCREMENT,
  `user_id` int(10) unsigned DEFAULT NULL,
  `person_id` int(10) unsigned NOT NULL,
  `order_id` varchar(191) COLLATE utf8mb4_unicode_ci NOT NULL,
  `fact_elec_receipt_id` int(10) unsigned DEFAULT NULL,
  `id_factura_ml` varchar(191) COLLATE utf8mb4_unicode_ci DEFAULT NULL,
  `created_at` timestamp NULL DEFAULT NULL,
  `updated_at` timestamp NULL DEFAULT NULL,
  `deleted_at` timestamp NULL DEFAULT NULL,
  PRIMARY KEY (`id`),
  KEY `ml_orders_facturadas_person_id_foreign` (`person_id`),
  KEY `ml_orders_facturadas_fact_elec_receipt_id_foreign` (`fact_elec_receipt_id`),
  CONSTRAINT `ml_orders_facturadas_fact_elec_receipt_id_foreign` FOREIGN KEY (`fact_elec_receipt_id`) REFERENCES `fact_elec_receipts` (`id`),
  CONSTRAINT `ml_orders_facturadas_person_id_foreign` FOREIGN KEY (`person_id`) REFERENCES `persons` (`id`)
) ENGINE=InnoDB DEFAULT CHARSET=utf8mb4 COLLATE=utf8mb4_unicode_ci;

--
-- Dumping data for table `ml_orders_facturadas`
--


--
-- Table structure for table `ml_set_facturacion`
--

CREATE TABLE `ml_set_facturacion` (
  `id` bigint(20) unsigned NOT NULL AUTO_INCREMENT,
  `user_id` int(10) unsigned DEFAULT NULL,
  `person_id` int(10) unsigned NOT NULL,
  `cliente_id` int(10) unsigned DEFAULT NULL,
  `taxable_iibb` int(11) NOT NULL DEFAULT '2',
  `type_receipt_id` int(10) unsigned DEFAULT NULL,
  `cond_frente_iva` int(10) unsigned DEFAULT NULL,
  `cond_venta` int(10) unsigned DEFAULT NULL,
  `zone_id` int(10) unsigned DEFAULT NULL,
  `activity_id` int(10) unsigned DEFAULT NULL,
  `punto_venta_id` int(10) unsigned DEFAULT NULL,
  `concepto_id` int(10) unsigned DEFAULT NULL,
  `system_tax_id` int(10) unsigned DEFAULT NULL,
  `habilitado` tinyint(1) NOT NULL DEFAULT '1',
  `created_at` timestamp NULL DEFAULT NULL,
  `updated_at` timestamp NULL DEFAULT NULL,
  `deleted_at` timestamp NULL DEFAULT NULL,
  PRIMARY KEY (`id`),
  KEY `ml_set_facturacion_person_id_foreign` (`person_id`),
  KEY `ml_set_facturacion_cliente_id_foreign` (`cliente_id`),
  KEY `ml_set_facturacion_type_receipt_id_foreign` (`type_receipt_id`),
  KEY `ml_set_facturacion_cond_frente_iva_foreign` (`cond_frente_iva`),
  KEY `ml_set_facturacion_cond_venta_foreign` (`cond_venta`),
  KEY `ml_set_facturacion_zone_id_foreign` (`zone_id`),
  KEY `ml_set_facturacion_activity_id_foreign` (`activity_id`),
  KEY `ml_set_facturacion_punto_venta_id_foreign` (`punto_venta_id`),
  KEY `ml_set_facturacion_concepto_id_foreign` (`concepto_id`),
  KEY `ml_set_facturacion_system_tax_id_foreign` (`system_tax_id`),
  CONSTRAINT `ml_set_facturacion_activity_id_foreign` FOREIGN KEY (`activity_id`) REFERENCES `activities` (`id`),
  CONSTRAINT `ml_set_facturacion_cliente_id_foreign` FOREIGN KEY (`cliente_id`) REFERENCES `persons` (`id`),
  CONSTRAINT `ml_set_facturacion_concepto_id_foreign` FOREIGN KEY (`concepto_id`) REFERENCES `fact_elec_conceptos_afip` (`id`),
  CONSTRAINT `ml_set_facturacion_cond_frente_iva_foreign` FOREIGN KEY (`cond_frente_iva`) REFERENCES `condicion_frente_al_iva` (`id`),
  CONSTRAINT `ml_set_facturacion_cond_venta_foreign` FOREIGN KEY (`cond_venta`) REFERENCES `condiciones_venta` (`id`),
  CONSTRAINT `ml_set_facturacion_person_id_foreign` FOREIGN KEY (`person_id`) REFERENCES `persons` (`id`),
  CONSTRAINT `ml_set_facturacion_punto_venta_id_foreign` FOREIGN KEY (`punto_venta_id`) REFERENCES `fact_elec_puntos_venta` (`id`),
  CONSTRAINT `ml_set_facturacion_system_tax_id_foreign` FOREIGN KEY (`system_tax_id`) REFERENCES `system_taxes` (`id`),
  CONSTRAINT `ml_set_facturacion_type_receipt_id_foreign` FOREIGN KEY (`type_receipt_id`) REFERENCES `receipt_types` (`id`),
  CONSTRAINT `ml_set_facturacion_zone_id_foreign` FOREIGN KEY (`zone_id`) REFERENCES `zones` (`id`)
) ENGINE=InnoDB DEFAULT CHARSET=utf8mb4 COLLATE=utf8mb4_unicode_ci;

--
-- Dumping data for table `ml_set_facturacion`
--


--
-- Table structure for table `monedas`
--

CREATE TABLE `monedas` (
  `id` int(10) unsigned NOT NULL AUTO_INCREMENT,
  `user_id` int(10) unsigned DEFAULT NULL,
  `moneda` text COLLATE utf8mb4_unicode_ci NOT NULL,
  `descripcion_afip` varchar(191) COLLATE utf8mb4_unicode_ci DEFAULT NULL,
  `codigo_afip` varchar(191) COLLATE utf8mb4_unicode_ci DEFAULT NULL,
  `is_default` tinyint(1) NOT NULL DEFAULT '0',
  `descripcion` varchar(191) COLLATE utf8mb4_unicode_ci NOT NULL,
  `simbolo` varchar(191) COLLATE utf8mb4_unicode_ci NOT NULL,
  `habilitado` tinyint(1) NOT NULL DEFAULT '1',
  `created_at` timestamp NULL DEFAULT NULL,
  `updated_at` timestamp NULL DEFAULT NULL,
  `deleted_at` timestamp NULL DEFAULT NULL,
  PRIMARY KEY (`id`)
) ENGINE=InnoDB AUTO_INCREMENT=6 DEFAULT CHARSET=utf8mb4 COLLATE=utf8mb4_unicode_ci;

--
-- Dumping data for table `monedas`
--

INSERT INTO `monedas` VALUES (1,NULL,'PESOS',NULL,'PES',1,'$ Pesos','$',1,'2022-06-12 23:22:50','2023-07-13 00:05:48',NULL),(2,NULL,'DOLARES','Dólar EstadoUnidense','DOL',0,'U$S Oficial Venta','USD',1,'2022-06-12 23:22:50','2023-07-13 00:05:48',NULL),(3,NULL,'DOLARES',NULL,NULL,0,'U$S Blue Venta','U$S',1,'2022-06-12 23:22:50','2023-07-13 00:05:48',NULL),(4,NULL,'DOLARES',NULL,NULL,0,'U$S Mayorista Venta','U$S',0,'2022-08-30 15:32:07','2023-07-13 00:05:48',NULL),(5,NULL,'EUROS','EURO','060',0,'Euro Oficial Venta','€',1,'2023-07-13 00:05:48','2023-07-13 00:05:48',NULL);

--
-- Table structure for table `months`
--

CREATE TABLE `months` (
  `id` int(11) NOT NULL AUTO_INCREMENT,
  `month` int(11) DEFAULT NULL,
  `date_to` varchar(6) DEFAULT NULL,
  `descripcion` varchar(191) NOT NULL,
  PRIMARY KEY (`id`)
) ENGINE=InnoDB AUTO_INCREMENT=13 DEFAULT CHARSET=latin1;

--
-- Dumping data for table `months`
--

INSERT INTO `months` VALUES (1,1,'-01-31','enero'),(2,2,'-02-28','febrero'),(3,3,'-03-31','marzo'),(4,4,'-04-30','abril'),(5,5,'-05-31','mayo'),(6,6,'-06-30','junio'),(7,7,'-07-31','julio'),(8,8,'-08-31','agosto'),(9,9,'-09-30','septiembre'),(10,10,'-10-31','octubre'),(11,11,'-11-30','noviembre'),(12,12,'-12-31','diciembre');

--
-- Table structure for table `nacionalidad`
--

CREATE TABLE `nacionalidad` (
  `id` int(10) unsigned NOT NULL AUTO_INCREMENT,
  `user_id` int(10) unsigned DEFAULT NULL,
  `descripcion` varchar(191) COLLATE utf8mb4_unicode_ci NOT NULL,
  `habilitado` tinyint(1) NOT NULL DEFAULT '1',
  `created_at` timestamp NULL DEFAULT NULL,
  `updated_at` timestamp NULL DEFAULT NULL,
  `deleted_at` timestamp NULL DEFAULT NULL,
  PRIMARY KEY (`id`),
  UNIQUE KEY `nacionalidad_descripcion_unique` (`descripcion`)
) ENGINE=InnoDB AUTO_INCREMENT=3 DEFAULT CHARSET=utf8mb4 COLLATE=utf8mb4_unicode_ci;

--
-- Dumping data for table `nacionalidad`
--

INSERT INTO `nacionalidad` VALUES (1,NULL,'Argentina',1,'2020-05-28 20:55:23','2020-05-28 20:55:23',NULL),(2,NULL,'Extranjero',1,'2020-05-28 20:55:23','2020-05-28 20:55:23',NULL);

--
-- Table structure for table `nf_cta_cte`
--

CREATE TABLE `nf_cta_cte` (
  `id` int(10) unsigned NOT NULL AUTO_INCREMENT,
  `user_id` int(10) unsigned DEFAULT NULL,
  `nf_receipt_id` int(10) unsigned DEFAULT NULL,
  `tipo_asiento_id` int(10) unsigned NOT NULL,
  `person_id` int(10) unsigned NOT NULL,
  `person_id_relationed` int(10) unsigned NOT NULL,
  `period_id` int(10) unsigned NOT NULL,
  `cta_cte_tesoreria_cuenta_id` int(10) unsigned NOT NULL,
  `saldo_id` int(10) unsigned NOT NULL,
  `compensado` tinyint(1) NOT NULL DEFAULT '0',
  `fecha` date DEFAULT NULL,
  `total` decimal(16,2) NOT NULL,
  `moneda_id` int(10) unsigned NOT NULL DEFAULT '1',
  `comentario` varchar(191) COLLATE utf8mb4_unicode_ci DEFAULT NULL,
  `file` varchar(191) COLLATE utf8mb4_unicode_ci DEFAULT NULL,
  `created_at` timestamp NULL DEFAULT NULL,
  `updated_at` timestamp NULL DEFAULT NULL,
  `deleted_at` timestamp NULL DEFAULT NULL,
  PRIMARY KEY (`id`),
  KEY `nf_cta_cte_nf_receipt_id_foreign` (`nf_receipt_id`),
  KEY `nf_cta_cte_person_id_foreign` (`person_id`),
  KEY `nf_cta_cte_person_id_relationed_foreign` (`person_id_relationed`),
  KEY `nf_cta_cte_period_id_foreign` (`period_id`),
  KEY `nf_cta_cte_cta_cte_tesoreria_cuenta_id_foreign` (`cta_cte_tesoreria_cuenta_id`),
  KEY `nf_cta_cte_saldo_id_foreign` (`saldo_id`),
  KEY `nf_cta_cte_tipo_asiento_id_foreign` (`tipo_asiento_id`),
  KEY `nf_cta_cte_moneda_id_foreign` (`moneda_id`),
  CONSTRAINT `nf_cta_cte_cta_cte_tesoreria_cuenta_id_foreign` FOREIGN KEY (`cta_cte_tesoreria_cuenta_id`) REFERENCES `cta_cte_tesoreria_cuentas` (`id`),
  CONSTRAINT `nf_cta_cte_moneda_id_foreign` FOREIGN KEY (`moneda_id`) REFERENCES `monedas` (`id`),
  CONSTRAINT `nf_cta_cte_nf_receipt_id_foreign` FOREIGN KEY (`nf_receipt_id`) REFERENCES `nf_receipts` (`id`),
  CONSTRAINT `nf_cta_cte_period_id_foreign` FOREIGN KEY (`period_id`) REFERENCES `periods` (`id`),
  CONSTRAINT `nf_cta_cte_person_id_foreign` FOREIGN KEY (`person_id`) REFERENCES `persons` (`id`),
  CONSTRAINT `nf_cta_cte_person_id_relationed_foreign` FOREIGN KEY (`person_id_relationed`) REFERENCES `persons` (`id`),
  CONSTRAINT `nf_cta_cte_saldo_id_foreign` FOREIGN KEY (`saldo_id`) REFERENCES `conta_tipo_saldos` (`id`),
  CONSTRAINT `nf_cta_cte_tipo_asiento_id_foreign` FOREIGN KEY (`tipo_asiento_id`) REFERENCES `conta_tipo_asientos` (`id`)
) ENGINE=InnoDB DEFAULT CHARSET=utf8mb4 COLLATE=utf8mb4_unicode_ci;

--
-- Dumping data for table `nf_cta_cte`
--


--
-- Table structure for table `nf_cta_cte_details`
--

CREATE TABLE `nf_cta_cte_details` (
  `id` int(10) unsigned NOT NULL AUTO_INCREMENT,
  `user_id` int(10) unsigned DEFAULT NULL,
  `nf_cta_cte_id` int(10) unsigned NOT NULL,
  `person_id` int(10) unsigned DEFAULT NULL,
  `person_id_relationed` int(10) unsigned DEFAULT NULL,
  `period_id` int(10) unsigned DEFAULT NULL,
  `tipo_asiento_id` int(10) unsigned NOT NULL,
  `cta_cte_tesoreria_cuenta_id` int(10) unsigned NOT NULL,
  `saldo_id` int(10) unsigned NOT NULL,
  `monto` decimal(16,2) NOT NULL,
  `created_at` timestamp NULL DEFAULT NULL,
  `updated_at` timestamp NULL DEFAULT NULL,
  `deleted_at` timestamp NULL DEFAULT NULL,
  PRIMARY KEY (`id`),
  KEY `nf_cta_cte_details_nf_cta_cte_id_foreign` (`nf_cta_cte_id`),
  KEY `nf_cta_cte_details_person_id_foreign` (`person_id`),
  KEY `nf_cta_cte_details_person_id_relationed_foreign` (`person_id_relationed`),
  KEY `nf_cta_cte_details_period_id_foreign` (`period_id`),
  KEY `nf_cta_cte_details_tipo_asiento_id_foreign` (`tipo_asiento_id`),
  KEY `nf_cta_cte_details_cta_cte_tesoreria_cuenta_id_foreign` (`cta_cte_tesoreria_cuenta_id`),
  KEY `nf_cta_cte_details_saldo_id_foreign` (`saldo_id`),
  CONSTRAINT `nf_cta_cte_details_cta_cte_tesoreria_cuenta_id_foreign` FOREIGN KEY (`cta_cte_tesoreria_cuenta_id`) REFERENCES `cta_cte_tesoreria_cuentas` (`id`),
  CONSTRAINT `nf_cta_cte_details_nf_cta_cte_id_foreign` FOREIGN KEY (`nf_cta_cte_id`) REFERENCES `nf_cta_cte` (`id`),
  CONSTRAINT `nf_cta_cte_details_period_id_foreign` FOREIGN KEY (`period_id`) REFERENCES `periods` (`id`),
  CONSTRAINT `nf_cta_cte_details_person_id_foreign` FOREIGN KEY (`person_id`) REFERENCES `persons` (`id`),
  CONSTRAINT `nf_cta_cte_details_person_id_relationed_foreign` FOREIGN KEY (`person_id_relationed`) REFERENCES `persons` (`id`),
  CONSTRAINT `nf_cta_cte_details_saldo_id_foreign` FOREIGN KEY (`saldo_id`) REFERENCES `conta_tipo_saldos` (`id`),
  CONSTRAINT `nf_cta_cte_details_tipo_asiento_id_foreign` FOREIGN KEY (`tipo_asiento_id`) REFERENCES `conta_tipo_asientos` (`id`)
) ENGINE=InnoDB DEFAULT CHARSET=utf8mb4 COLLATE=utf8mb4_unicode_ci;

--
-- Dumping data for table `nf_cta_cte_details`
--


--
-- Table structure for table `nf_invoices`
--

CREATE TABLE `nf_invoices` (
  `id` bigint(20) unsigned NOT NULL AUTO_INCREMENT,
  `user_id` int(10) unsigned DEFAULT NULL,
  `person_id` int(10) unsigned NOT NULL,
  `person_id_relationed` int(10) unsigned NOT NULL,
  `punto_vta_id` int(10) unsigned NOT NULL,
  `period_id` int(10) unsigned NOT NULL,
  `numero` int(11) NOT NULL,
  `fecha` date NOT NULL,
  `total` decimal(16,2) NOT NULL,
  `comentario` longtext COLLATE utf8mb4_unicode_ci NOT NULL,
  `created_at` timestamp NULL DEFAULT NULL,
  `updated_at` timestamp NULL DEFAULT NULL,
  `deleted_at` timestamp NULL DEFAULT NULL,
  PRIMARY KEY (`id`),
  KEY `nf_invoices_person_id_foreign` (`person_id`),
  KEY `nf_invoices_person_id_relationed_foreign` (`person_id_relationed`),
  KEY `nf_invoices_punto_vta_id_foreign` (`punto_vta_id`),
  KEY `nf_invoices_period_id_foreign` (`period_id`),
  CONSTRAINT `nf_invoices_period_id_foreign` FOREIGN KEY (`period_id`) REFERENCES `periods` (`id`),
  CONSTRAINT `nf_invoices_person_id_foreign` FOREIGN KEY (`person_id`) REFERENCES `persons` (`id`),
  CONSTRAINT `nf_invoices_person_id_relationed_foreign` FOREIGN KEY (`person_id_relationed`) REFERENCES `persons` (`id`),
  CONSTRAINT `nf_invoices_punto_vta_id_foreign` FOREIGN KEY (`punto_vta_id`) REFERENCES `fact_elec_puntos_venta` (`id`)
) ENGINE=InnoDB DEFAULT CHARSET=utf8mb4 COLLATE=utf8mb4_unicode_ci;

--
-- Dumping data for table `nf_invoices`
--


--
-- Table structure for table `nf_invoices_details`
--

CREATE TABLE `nf_invoices_details` (
  `id` bigint(20) unsigned NOT NULL AUTO_INCREMENT,
  `user_id` int(10) unsigned DEFAULT NULL,
  `nf_invoice_id` bigint(20) unsigned NOT NULL,
  `cantidades` decimal(16,2) NOT NULL,
  `inv_producto_id` bigint(20) unsigned DEFAULT NULL,
  `descripcion` varchar(191) COLLATE utf8mb4_unicode_ci DEFAULT NULL,
  `neto` decimal(16,2) NOT NULL,
  `desc_porc` decimal(16,2) DEFAULT NULL,
  `descuento` decimal(16,2) DEFAULT NULL,
  `subtotal` decimal(16,2) NOT NULL,
  `created_at` timestamp NULL DEFAULT NULL,
  `updated_at` timestamp NULL DEFAULT NULL,
  `deleted_at` timestamp NULL DEFAULT NULL,
  PRIMARY KEY (`id`),
  KEY `nf_invoices_details_nf_invoice_id_foreign` (`nf_invoice_id`),
  KEY `nf_invoices_details_inv_producto_id_foreign` (`inv_producto_id`),
  CONSTRAINT `nf_invoices_details_inv_producto_id_foreign` FOREIGN KEY (`inv_producto_id`) REFERENCES `inv_productos` (`id`),
  CONSTRAINT `nf_invoices_details_nf_invoice_id_foreign` FOREIGN KEY (`nf_invoice_id`) REFERENCES `nf_invoices` (`id`)
) ENGINE=InnoDB DEFAULT CHARSET=utf8mb4 COLLATE=utf8mb4_unicode_ci;

--
-- Dumping data for table `nf_invoices_details`
--


--
-- Table structure for table `nf_receipts`
--

CREATE TABLE `nf_receipts` (
  `id` int(10) unsigned NOT NULL AUTO_INCREMENT,
  `user_id` int(10) unsigned NOT NULL,
  `person_id` int(10) unsigned NOT NULL,
  `person_id_relationed` int(10) unsigned NOT NULL,
  `period_id` int(10) unsigned NOT NULL,
  `type_id` int(10) unsigned NOT NULL,
  `receipt_type_id` int(10) unsigned NOT NULL,
  `fecha` date DEFAULT NULL,
  `total` decimal(16,2) NOT NULL,
  `descripcion` varchar(191) COLLATE utf8mb4_unicode_ci DEFAULT NULL,
  `comentario` varchar(191) COLLATE utf8mb4_unicode_ci DEFAULT NULL,
  `file` varchar(191) COLLATE utf8mb4_unicode_ci DEFAULT NULL,
  `created_at` timestamp NULL DEFAULT NULL,
  `updated_at` timestamp NULL DEFAULT NULL,
  `deleted_at` timestamp NULL DEFAULT NULL,
  PRIMARY KEY (`id`),
  KEY `nf_receipts_person_id_foreign` (`person_id`),
  KEY `nf_receipts_person_id_relationed_foreign` (`person_id_relationed`),
  KEY `nf_receipts_period_id_foreign` (`period_id`),
  KEY `nf_receipts_type_id_foreign` (`type_id`),
  KEY `nf_receipts_receipt_type_id_foreign` (`receipt_type_id`),
  CONSTRAINT `nf_receipts_period_id_foreign` FOREIGN KEY (`period_id`) REFERENCES `periods` (`id`),
  CONSTRAINT `nf_receipts_person_id_foreign` FOREIGN KEY (`person_id`) REFERENCES `persons` (`id`),
  CONSTRAINT `nf_receipts_person_id_relationed_foreign` FOREIGN KEY (`person_id_relationed`) REFERENCES `persons` (`id`),
  CONSTRAINT `nf_receipts_receipt_type_id_foreign` FOREIGN KEY (`receipt_type_id`) REFERENCES `receipt_types` (`id`),
  CONSTRAINT `nf_receipts_type_id_foreign` FOREIGN KEY (`type_id`) REFERENCES `types` (`id`)
) ENGINE=InnoDB DEFAULT CHARSET=utf8mb4 COLLATE=utf8mb4_unicode_ci;

--
-- Dumping data for table `nf_receipts`
--


--
-- Table structure for table `notif`
--

CREATE TABLE `notif` (
  `id` int(10) unsigned NOT NULL AUTO_INCREMENT,
  `user_id` int(10) unsigned DEFAULT NULL,
  `send_notif_user_person_id` int(10) unsigned NOT NULL,
  `recept_notif_user_person_id` int(10) unsigned NOT NULL,
  `fecha` datetime NOT NULL DEFAULT '2020-01-23 18:56:25',
  `fecha_vto` datetime DEFAULT NULL,
  `leido` tinyint(1) NOT NULL DEFAULT '0',
  `pendiente` tinyint(1) NOT NULL DEFAULT '0',
  `asunto` varchar(191) COLLATE utf8mb4_unicode_ci DEFAULT NULL,
  `created_at` timestamp NULL DEFAULT NULL,
  `updated_at` timestamp NULL DEFAULT NULL,
  `deleted_at` timestamp NULL DEFAULT NULL,
  PRIMARY KEY (`id`),
  KEY `notif_send_notif_user_person_id_foreign` (`send_notif_user_person_id`),
  KEY `notif_recept_notif_user_person_id_foreign` (`recept_notif_user_person_id`),
  CONSTRAINT `notif_recept_notif_user_person_id_foreign` FOREIGN KEY (`recept_notif_user_person_id`) REFERENCES `notif_users_persons` (`id`),
  CONSTRAINT `notif_send_notif_user_person_id_foreign` FOREIGN KEY (`send_notif_user_person_id`) REFERENCES `notif_users_persons` (`id`)
) ENGINE=InnoDB DEFAULT CHARSET=utf8mb4 COLLATE=utf8mb4_unicode_ci;

--
-- Dumping data for table `notif`
--


--
-- Table structure for table `notif_detail`
--

CREATE TABLE `notif_detail` (
  `id` int(10) unsigned NOT NULL AUTO_INCREMENT,
  `user_id` int(10) unsigned DEFAULT NULL,
  `notificacion_id` int(10) unsigned NOT NULL,
  `notif_respuesta_id` int(10) unsigned DEFAULT NULL,
  `send_notif_user_person_id` int(10) unsigned NOT NULL,
  `recept_notif_user_person_id` int(10) unsigned NOT NULL,
  `fecha` datetime NOT NULL DEFAULT '2020-01-23 18:56:25',
  `body` text COLLATE utf8mb4_unicode_ci,
  `adjunto` text COLLATE utf8mb4_unicode_ci,
  `send_email` tinyint(1) NOT NULL DEFAULT '0',
  `is_respuesta` tinyint(1) NOT NULL DEFAULT '0',
  `created_at` timestamp NULL DEFAULT NULL,
  `updated_at` timestamp NULL DEFAULT NULL,
  `deleted_at` timestamp NULL DEFAULT NULL,
  PRIMARY KEY (`id`),
  KEY `notif_detail_send_notif_user_person_id_foreign` (`send_notif_user_person_id`),
  KEY `notif_detail_recept_notif_user_person_id_foreign` (`recept_notif_user_person_id`),
  KEY `notif_detail_notificacion_id_foreign` (`notificacion_id`),
  KEY `notif_detail_notif_respuesta_id_foreign` (`notif_respuesta_id`),
  CONSTRAINT `notif_detail_notif_respuesta_id_foreign` FOREIGN KEY (`notif_respuesta_id`) REFERENCES `notif_respuestas` (`id`),
  CONSTRAINT `notif_detail_notificacion_id_foreign` FOREIGN KEY (`notificacion_id`) REFERENCES `notif` (`id`),
  CONSTRAINT `notif_detail_recept_notif_user_person_id_foreign` FOREIGN KEY (`recept_notif_user_person_id`) REFERENCES `notif_users_persons` (`id`),
  CONSTRAINT `notif_detail_send_notif_user_person_id_foreign` FOREIGN KEY (`send_notif_user_person_id`) REFERENCES `notif_users_persons` (`id`)
) ENGINE=InnoDB DEFAULT CHARSET=utf8mb4 COLLATE=utf8mb4_unicode_ci;

--
-- Dumping data for table `notif_detail`
--


--
-- Table structure for table `notif_respuestas`
--

CREATE TABLE `notif_respuestas` (
  `id` int(10) unsigned NOT NULL AUTO_INCREMENT,
  `user_id` int(10) unsigned DEFAULT NULL,
  `send_notif_user_person_id` int(10) unsigned NOT NULL,
  `recept_notif_user_person_id` int(10) unsigned NOT NULL,
  `notif_id` int(10) unsigned DEFAULT NULL,
  `fecha` datetime NOT NULL DEFAULT '2020-01-23 18:56:25',
  `fecha_vto` datetime DEFAULT NULL,
  `leido` tinyint(1) NOT NULL DEFAULT '0',
  `asunto` varchar(191) COLLATE utf8mb4_unicode_ci DEFAULT NULL,
  `created_at` timestamp NULL DEFAULT NULL,
  `updated_at` timestamp NULL DEFAULT NULL,
  `deleted_at` timestamp NULL DEFAULT NULL,
  PRIMARY KEY (`id`),
  KEY `notif_respuestas_send_notif_user_person_id_foreign` (`send_notif_user_person_id`),
  KEY `notif_respuestas_recept_notif_user_person_id_foreign` (`recept_notif_user_person_id`),
  KEY `notif_respuestas_notif_id_foreign` (`notif_id`),
  CONSTRAINT `notif_respuestas_notif_id_foreign` FOREIGN KEY (`notif_id`) REFERENCES `notif` (`id`),
  CONSTRAINT `notif_respuestas_recept_notif_user_person_id_foreign` FOREIGN KEY (`recept_notif_user_person_id`) REFERENCES `notif_users_persons` (`id`),
  CONSTRAINT `notif_respuestas_send_notif_user_person_id_foreign` FOREIGN KEY (`send_notif_user_person_id`) REFERENCES `notif_users_persons` (`id`)
) ENGINE=InnoDB DEFAULT CHARSET=utf8mb4 COLLATE=utf8mb4_unicode_ci;

--
-- Dumping data for table `notif_respuestas`
--


--
-- Table structure for table `notif_users_persons`
--

CREATE TABLE `notif_users_persons` (
  `id` int(10) unsigned NOT NULL AUTO_INCREMENT,
  `user_id` int(10) unsigned NOT NULL,
  `person_id` int(10) unsigned NOT NULL,
  `parent_person_id` int(10) unsigned NOT NULL,
  `created_at` timestamp NULL DEFAULT NULL,
  `updated_at` timestamp NULL DEFAULT NULL,
  `deleted_at` timestamp NULL DEFAULT NULL,
  PRIMARY KEY (`id`),
  KEY `notif_users_persons_user_id_foreign` (`user_id`),
  KEY `notif_users_persons_person_id_foreign` (`person_id`),
  KEY `notif_users_persons_parent_person_id_foreign` (`parent_person_id`),
  CONSTRAINT `notif_users_persons_parent_person_id_foreign` FOREIGN KEY (`parent_person_id`) REFERENCES `persons` (`id`),
  CONSTRAINT `notif_users_persons_person_id_foreign` FOREIGN KEY (`person_id`) REFERENCES `persons` (`id`),
  CONSTRAINT `notif_users_persons_user_id_foreign` FOREIGN KEY (`user_id`) REFERENCES `tusers` (`idUser`)
) ENGINE=InnoDB DEFAULT CHARSET=utf8mb4 COLLATE=utf8mb4_unicode_ci;

--
-- Dumping data for table `notif_users_persons`
--


--
-- Table structure for table `obl_anual_conceptos`
--

CREATE TABLE `obl_anual_conceptos` (
  `id` int(10) unsigned NOT NULL AUTO_INCREMENT,
  `user_id` int(10) unsigned DEFAULT NULL,
  `nombre` varchar(191) COLLATE utf8mb4_unicode_ci NOT NULL,
  `created_at` timestamp NULL DEFAULT NULL,
  `updated_at` timestamp NULL DEFAULT NULL,
  `deleted_at` timestamp NULL DEFAULT NULL,
  PRIMARY KEY (`id`)
) ENGINE=InnoDB AUTO_INCREMENT=10 DEFAULT CHARSET=utf8mb4 COLLATE=utf8mb4_unicode_ci;

--
-- Dumping data for table `obl_anual_conceptos`
--

INSERT INTO `obl_anual_conceptos` VALUES (1,NULL,'Balance','2019-11-29 18:37:49','2019-11-29 18:37:49',NULL),(2,NULL,'Ganancias','2019-11-29 18:37:49','2019-11-29 18:37:49',NULL),(3,NULL,'Acc y Part Soc','2019-11-29 18:37:49','2019-11-29 18:37:49',NULL),(4,NULL,'Part Soc Informativa','2019-11-29 18:37:49','2019-11-29 18:37:49',NULL),(5,NULL,'IGJ Balance','2019-11-29 18:37:49','2019-11-29 18:37:49',NULL),(6,NULL,'TASAS IGJ','2019-11-29 18:37:49','2019-11-29 18:37:49',NULL),(7,NULL,'Auditoria','2019-11-29 18:37:49','2019-11-29 18:37:49',NULL),(8,NULL,'Libros Societarios','2019-11-29 18:37:49','2019-11-29 18:37:49',NULL),(9,NULL,'CM 05','2019-11-29 18:37:49','2019-11-29 18:37:49',NULL);

--
-- Table structure for table `obl_anual_registros`
--

CREATE TABLE `obl_anual_registros` (
  `id` int(10) unsigned NOT NULL AUTO_INCREMENT,
  `user_id` int(10) unsigned DEFAULT NULL,
  `anio` int(10) unsigned NOT NULL,
  `person_id` int(10) unsigned NOT NULL,
  `obl_anual_concepto_id` int(10) unsigned NOT NULL,
  `cumplido` tinyint(1) NOT NULL DEFAULT '0',
  `created_at` timestamp NULL DEFAULT NULL,
  `updated_at` timestamp NULL DEFAULT NULL,
  `deleted_at` timestamp NULL DEFAULT NULL,
  PRIMARY KEY (`id`),
  KEY `obl_anual_registros_person_id_foreign` (`person_id`),
  KEY `obl_anual_registros_obl_anual_concepto_id_foreign` (`obl_anual_concepto_id`),
  CONSTRAINT `obl_anual_registros_obl_anual_concepto_id_foreign` FOREIGN KEY (`obl_anual_concepto_id`) REFERENCES `obl_anual_conceptos` (`id`) ON DELETE CASCADE,
  CONSTRAINT `obl_anual_registros_person_id_foreign` FOREIGN KEY (`person_id`) REFERENCES `persons` (`id`)
) ENGINE=InnoDB AUTO_INCREMENT=127 DEFAULT CHARSET=utf8mb4 COLLATE=utf8mb4_unicode_ci;

--
-- Dumping data for table `obl_anual_registros`
--

INSERT INTO `obl_anual_registros` VALUES (1,7320,2022,40745,1,0,'2022-07-13 17:35:56','2022-07-13 17:35:56',NULL),(2,7320,2022,40745,2,0,'2022-07-13 17:35:56','2022-07-13 17:35:56',NULL),(3,7320,2022,40745,3,0,'2022-07-13 17:35:56','2022-07-13 17:35:56',NULL),(4,7320,2022,40745,4,0,'2022-07-13 17:35:56','2022-07-13 17:35:56',NULL),(5,7320,2022,40745,5,0,'2022-07-13 17:35:56','2022-07-13 17:35:56',NULL),(6,7320,2022,40745,6,0,'2022-07-13 17:35:56','2022-07-13 17:35:56',NULL),(7,7320,2022,40745,7,0,'2022-07-13 17:35:56','2022-07-13 17:35:56',NULL),(8,7320,2022,40745,8,0,'2022-07-13 17:35:56','2022-07-13 17:35:56',NULL),(9,7320,2022,40745,9,0,'2022-07-13 17:35:56','2022-07-13 17:35:56',NULL),(10,7320,2022,40761,1,0,'2022-07-13 17:35:56','2022-07-13 17:35:56',NULL),(11,7320,2022,40761,2,0,'2022-07-13 17:35:56','2022-07-13 17:35:56',NULL),(12,7320,2022,40761,3,0,'2022-07-13 17:35:56','2022-07-13 17:35:56',NULL),(13,7320,2022,40761,4,0,'2022-07-13 17:35:56','2022-07-13 17:35:56',NULL),(14,7320,2022,40761,5,0,'2022-07-13 17:35:56','2022-07-13 17:35:56',NULL),(15,7320,2022,40761,6,0,'2022-07-13 17:35:56','2022-07-13 17:35:56',NULL),(16,7320,2022,40761,7,0,'2022-07-13 17:35:56','2022-07-13 17:35:56',NULL),(17,7320,2022,40761,8,0,'2022-07-13 17:35:56','2022-07-13 17:35:56',NULL),(18,7320,2022,40761,9,0,'2022-07-13 17:35:56','2022-07-13 17:35:56',NULL),(19,7320,2022,40764,1,0,'2022-07-13 17:35:56','2022-07-13 17:35:56',NULL),(20,7320,2022,40764,2,0,'2022-07-13 17:35:56','2022-07-13 17:35:56',NULL),(21,7320,2022,40764,3,0,'2022-07-13 17:35:56','2022-07-13 17:35:56',NULL),(22,7320,2022,40764,4,0,'2022-07-13 17:35:56','2022-07-13 17:35:56',NULL),(23,7320,2022,40764,5,0,'2022-07-13 17:35:56','2022-07-13 17:35:56',NULL),(24,7320,2022,40764,6,0,'2022-07-13 17:35:56','2022-07-13 17:35:56',NULL),(25,7320,2022,40764,7,0,'2022-07-13 17:35:56','2022-07-13 17:35:56',NULL),(26,7320,2022,40764,8,0,'2022-07-13 17:35:56','2022-07-13 17:35:56',NULL),(27,7320,2022,40764,9,0,'2022-07-13 17:35:56','2022-07-13 17:35:56',NULL),(28,7320,2022,40765,1,0,'2022-07-13 17:35:56','2022-07-13 17:35:56',NULL),(29,7320,2022,40765,2,0,'2022-07-13 17:35:56','2022-07-13 17:35:56',NULL),(30,7320,2022,40765,3,0,'2022-07-13 17:35:56','2022-07-13 17:35:56',NULL),(31,7320,2022,40765,4,0,'2022-07-13 17:35:56','2022-07-13 17:35:56',NULL),(32,7320,2022,40765,5,0,'2022-07-13 17:35:56','2022-07-13 17:35:56',NULL),(33,7320,2022,40765,6,0,'2022-07-13 17:35:56','2022-07-13 17:35:56',NULL),(34,7320,2022,40765,7,0,'2022-07-13 17:35:56','2022-07-13 17:35:56',NULL),(35,7320,2022,40765,8,0,'2022-07-13 17:35:56','2022-07-13 17:35:56',NULL),(36,7320,2022,40765,9,0,'2022-07-13 17:35:56','2022-07-13 17:35:56',NULL),(37,7320,2022,40769,1,0,'2022-07-13 17:35:56','2022-07-13 17:35:56',NULL),(38,7320,2022,40769,2,0,'2022-07-13 17:35:56','2022-07-13 17:35:56',NULL),(39,7320,2022,40769,3,0,'2022-07-13 17:35:56','2022-07-13 17:35:56',NULL),(40,7320,2022,40769,4,0,'2022-07-13 17:35:56','2022-07-13 17:35:56',NULL),(41,7320,2022,40769,5,0,'2022-07-13 17:35:56','2022-07-13 17:35:56',NULL),(42,7320,2022,40769,6,0,'2022-07-13 17:35:56','2022-07-13 17:35:56',NULL),(43,7320,2022,40769,7,0,'2022-07-13 17:35:56','2022-07-13 17:35:56',NULL),(44,7320,2022,40769,8,0,'2022-07-13 17:35:56','2022-07-13 17:35:56',NULL),(45,7320,2022,40769,9,0,'2022-07-13 17:35:56','2022-07-13 17:35:56',NULL),(46,7320,2022,40771,1,0,'2022-07-13 17:35:56','2022-07-13 17:35:56',NULL),(47,7320,2022,40771,2,0,'2022-07-13 17:35:56','2022-07-13 17:35:56',NULL),(48,7320,2022,40771,3,0,'2022-07-13 17:35:56','2022-07-13 17:35:56',NULL),(49,7320,2022,40771,4,0,'2022-07-13 17:35:56','2022-07-13 17:35:56',NULL),(50,7320,2022,40771,5,0,'2022-07-13 17:35:56','2022-07-13 17:35:56',NULL),(51,7320,2022,40771,6,0,'2022-07-13 17:35:56','2022-07-13 17:35:56',NULL),(52,7320,2022,40771,7,0,'2022-07-13 17:35:56','2022-07-13 17:35:56',NULL),(53,7320,2022,40771,8,0,'2022-07-13 17:35:56','2022-07-13 17:35:56',NULL),(54,7320,2022,40771,9,0,'2022-07-13 17:35:56','2022-07-13 17:35:56',NULL);
INSERT INTO `obl_anual_registros` VALUES (55,7320,2022,40772,1,0,'2022-07-13 17:35:56','2022-07-13 17:35:56',NULL),(56,7320,2022,40772,2,0,'2022-07-13 17:35:56','2022-07-13 17:35:56',NULL),(57,7320,2022,40772,3,0,'2022-07-13 17:35:56','2022-07-13 17:35:56',NULL),(58,7320,2022,40772,4,0,'2022-07-13 17:35:56','2022-07-13 17:35:56',NULL),(59,7320,2022,40772,5,0,'2022-07-13 17:35:56','2022-07-13 17:35:56',NULL),(60,7320,2022,40772,6,0,'2022-07-13 17:35:56','2022-07-13 17:35:56',NULL),(61,7320,2022,40772,7,0,'2022-07-13 17:35:56','2022-07-13 17:35:56',NULL),(62,7320,2022,40772,8,0,'2022-07-13 17:35:56','2022-07-13 17:35:56',NULL),(63,7320,2022,40772,9,0,'2022-07-13 17:35:56','2022-07-13 17:35:56',NULL),(64,7320,2022,40773,1,0,'2022-07-13 17:35:56','2022-07-13 17:35:56',NULL),(65,7320,2022,40773,2,0,'2022-07-13 17:35:56','2022-07-13 17:35:56',NULL),(66,7320,2022,40773,3,0,'2022-07-13 17:35:56','2022-07-13 17:35:56',NULL),(67,7320,2022,40773,4,0,'2022-07-13 17:35:56','2022-07-13 17:35:56',NULL),(68,7320,2022,40773,5,0,'2022-07-13 17:35:56','2022-07-13 17:35:56',NULL),(69,7320,2022,40773,6,0,'2022-07-13 17:35:56','2022-07-13 17:35:56',NULL),(70,7320,2022,40773,7,0,'2022-07-13 17:35:56','2022-07-13 17:35:56',NULL),(71,7320,2022,40773,8,0,'2022-07-13 17:35:56','2022-07-13 17:35:56',NULL),(72,7320,2022,40773,9,0,'2022-07-13 17:35:56','2022-07-13 17:35:56',NULL),(73,7320,2022,40774,1,0,'2022-07-13 17:35:56','2022-07-13 17:35:56',NULL),(74,7320,2022,40774,2,0,'2022-07-13 17:35:56','2022-07-13 17:35:56',NULL),(75,7320,2022,40774,3,0,'2022-07-13 17:35:56','2022-07-13 17:35:56',NULL),(76,7320,2022,40774,4,0,'2022-07-13 17:35:56','2022-07-13 17:35:56',NULL),(77,7320,2022,40774,5,0,'2022-07-13 17:35:56','2022-07-13 17:35:56',NULL),(78,7320,2022,40774,6,0,'2022-07-13 17:35:56','2022-07-13 17:35:56',NULL),(79,7320,2022,40774,7,0,'2022-07-13 17:35:56','2022-07-13 17:35:56',NULL),(80,7320,2022,40774,8,0,'2022-07-13 17:35:56','2022-07-13 17:35:56',NULL),(81,7320,2022,40774,9,0,'2022-07-13 17:35:56','2022-07-13 17:35:56',NULL),(82,7320,2022,40775,1,0,'2022-07-13 17:35:56','2022-07-13 17:35:56',NULL),(83,7320,2022,40775,2,0,'2022-07-13 17:35:56','2022-07-13 17:35:56',NULL),(84,7320,2022,40775,3,0,'2022-07-13 17:35:56','2022-07-13 17:35:56',NULL),(85,7320,2022,40775,4,0,'2022-07-13 17:35:56','2022-07-13 17:35:56',NULL),(86,7320,2022,40775,5,0,'2022-07-13 17:35:56','2022-07-13 17:35:56',NULL),(87,7320,2022,40775,6,0,'2022-07-13 17:35:56','2022-07-13 17:35:56',NULL),(88,7320,2022,40775,7,0,'2022-07-13 17:35:56','2022-07-13 17:35:56',NULL),(89,7320,2022,40775,8,0,'2022-07-13 17:35:56','2022-07-13 17:35:56',NULL),(90,7320,2022,40775,9,0,'2022-07-13 17:35:56','2022-07-13 17:35:56',NULL),(91,7320,2022,40776,1,0,'2022-07-13 17:35:56','2022-07-13 17:35:56',NULL),(92,7320,2022,40776,2,0,'2022-07-13 17:35:56','2022-07-13 17:35:56',NULL),(93,7320,2022,40776,3,0,'2022-07-13 17:35:56','2022-07-13 17:35:56',NULL),(94,7320,2022,40776,4,0,'2022-07-13 17:35:56','2022-07-13 17:35:56',NULL),(95,7320,2022,40776,5,0,'2022-07-13 17:35:56','2022-07-13 17:35:56',NULL),(96,7320,2022,40776,6,0,'2022-07-13 17:35:56','2022-07-13 17:35:56',NULL),(97,7320,2022,40776,7,0,'2022-07-13 17:35:56','2022-07-13 17:35:56',NULL),(98,7320,2022,40776,8,0,'2022-07-13 17:35:56','2022-07-13 17:35:56',NULL),(99,7320,2022,40776,9,0,'2022-07-13 17:35:56','2022-07-13 17:35:56',NULL),(100,7320,2022,40777,1,0,'2022-07-13 17:35:56','2022-07-13 17:35:56',NULL),(101,7320,2022,40777,2,0,'2022-07-13 17:35:56','2022-07-13 17:35:56',NULL),(102,7320,2022,40777,3,0,'2022-07-13 17:35:56','2022-07-13 17:35:56',NULL),(103,7320,2022,40777,4,0,'2022-07-13 17:35:56','2022-07-13 17:35:56',NULL),(104,7320,2022,40777,5,0,'2022-07-13 17:35:56','2022-07-13 17:35:56',NULL),(105,7320,2022,40777,6,0,'2022-07-13 17:35:56','2022-07-13 17:35:56',NULL),(106,7320,2022,40777,7,0,'2022-07-13 17:35:56','2022-07-13 17:35:56',NULL),(107,7320,2022,40777,8,0,'2022-07-13 17:35:56','2022-07-13 17:35:56',NULL);
INSERT INTO `obl_anual_registros` VALUES (108,7320,2022,40777,9,0,'2022-07-13 17:35:56','2022-07-13 17:35:56',NULL),(109,7320,2022,40779,1,0,'2022-07-13 17:35:56','2022-07-13 17:35:56',NULL),(110,7320,2022,40779,2,0,'2022-07-13 17:35:56','2022-07-13 17:35:56',NULL),(111,7320,2022,40779,3,0,'2022-07-13 17:35:56','2022-07-13 17:35:56',NULL),(112,7320,2022,40779,4,0,'2022-07-13 17:35:56','2022-07-13 17:35:56',NULL),(113,7320,2022,40779,5,0,'2022-07-13 17:35:56','2022-07-13 17:35:56',NULL),(114,7320,2022,40779,6,0,'2022-07-13 17:35:56','2022-07-13 17:35:56',NULL),(115,7320,2022,40779,7,0,'2022-07-13 17:35:56','2022-07-13 17:35:56',NULL),(116,7320,2022,40779,8,0,'2022-07-13 17:35:56','2022-07-13 17:35:56',NULL),(117,7320,2022,40779,9,0,'2022-07-13 17:35:56','2022-07-13 17:35:56',NULL),(118,7320,2022,40780,1,0,'2022-07-13 17:35:56','2022-07-13 17:35:56',NULL),(119,7320,2022,40780,2,0,'2022-07-13 17:35:56','2022-07-13 17:35:56',NULL),(120,7320,2022,40780,3,0,'2022-07-13 17:35:56','2022-07-13 17:35:56',NULL),(121,7320,2022,40780,4,0,'2022-07-13 17:35:56','2022-07-13 17:35:56',NULL),(122,7320,2022,40780,5,0,'2022-07-13 17:35:56','2022-07-13 17:35:56',NULL),(123,7320,2022,40780,6,0,'2022-07-13 17:35:56','2022-07-13 17:35:56',NULL),(124,7320,2022,40780,7,0,'2022-07-13 17:35:56','2022-07-13 17:35:56',NULL),(125,7320,2022,40780,8,0,'2022-07-13 17:35:56','2022-07-13 17:35:56',NULL),(126,7320,2022,40780,9,0,'2022-07-13 17:35:56','2022-07-13 17:35:56',NULL);

--
-- Table structure for table `other_taxes`
--

CREATE TABLE `other_taxes` (
  `id` int(10) unsigned NOT NULL AUTO_INCREMENT,
  `created_at` timestamp NULL DEFAULT NULL,
  `updated_at` timestamp NULL DEFAULT NULL,
  `name` varchar(255) COLLATE utf8mb4_unicode_ci NOT NULL,
  `section` varchar(255) COLLATE utf8mb4_unicode_ci NOT NULL,
  `percent_tax` decimal(16,2) NOT NULL DEFAULT '0.00',
  `zone_id` int(10) unsigned DEFAULT NULL,
  `aliases` varchar(255) COLLATE utf8mb4_unicode_ci DEFAULT NULL,
  `section_name` varchar(255) COLLATE utf8mb4_unicode_ci DEFAULT NULL,
  `plan_cuenta_id` int(10) unsigned NOT NULL DEFAULT '1',
  PRIMARY KEY (`id`),
  KEY `other_taxes_plan_cuenta_id_foreign` (`plan_cuenta_id`),
  CONSTRAINT `other_taxes_plan_cuenta_id_foreign` FOREIGN KEY (`plan_cuenta_id`) REFERENCES `conta_plan_cuenta` (`id`)
) ENGINE=InnoDB AUTO_INCREMENT=1033 DEFAULT CHARSET=utf8mb4 COLLATE=utf8mb4_unicode_ci;

--
-- Dumping data for table `other_taxes`
--

INSERT INTO `other_taxes` VALUES (1000,NULL,NULL,'Perc IVA -RG3337','iva',0.00,NULL,NULL,'IVA',220),(1001,NULL,NULL,'Imps. Internos','gas',0.00,NULL,NULL,'Imp. Combustibles',221),(1002,NULL,NULL,'Imp. Gasoil','gas',0.00,NULL,NULL,'Imp. Combustibles',222),(1003,NULL,NULL,'Imp. Hídricos','gas',0.00,NULL,NULL,'Imp. Combustibles',223),(1004,NULL,NULL,'ITC','gas',0.00,NULL,NULL,'Imp. Combustibles',224),(1005,NULL,NULL,'Perc IIBB  Buenos Aires','iibb',0.00,23,NULL,'IIBB',225),(1006,NULL,NULL,'Perc IIBB  Capital Federal','iibb',0.00,22,NULL,'IIBB',226),(1007,NULL,NULL,'Perc IIBB  Catamarca','iibb',0.00,24,NULL,'IIBB',227),(1008,NULL,NULL,'Perc IIBB  Chaco','iibb',0.00,3,NULL,'IIBB',228),(1009,NULL,NULL,'Perc IIBB  Chubut','iibb',0.00,4,NULL,'IIBB',229),(1010,NULL,NULL,'Perc IIBB  Córdoba','iibb',0.00,1,NULL,'IIBB',230),(1011,NULL,NULL,'Perc IIBB  Corrientes','iibb',0.00,2,NULL,'IIBB',231),(1012,NULL,NULL,'Perc IIBB  Entre Ríos','iibb',0.00,5,NULL,'IIBB',232),(1013,NULL,NULL,'Perc IIBB  Formosa','iibb',0.00,6,NULL,'IIBB',233),(1014,NULL,NULL,'Perc IIBB  Jujuy','iibb',0.00,7,NULL,'IIBB',234),(1015,NULL,NULL,'Perc IIBB  La Pampa','iibb',0.00,8,NULL,'IIBB',235),(1016,NULL,NULL,'Perc IIBB  La Rioja','iibb',0.00,9,NULL,'IIBB',236),(1017,NULL,NULL,'Perc IIBB  Mendoza','iibb',0.00,10,NULL,'IIBB',237),(1018,NULL,NULL,'Perc IIBB  Misiones','iibb',0.00,11,NULL,'IIBB',238),(1019,NULL,NULL,'Perc IIBB  Neuquén','iibb',0.00,12,NULL,'IIBB',239),(1020,NULL,NULL,'Perc IIBB  Pascua Lama','iibb',0.00,25,NULL,'IIBB',240),(1021,NULL,NULL,'Perc IIBB  Río Negro','iibb',0.00,13,NULL,'IIBB',241),(1022,NULL,NULL,'Perc IIBB  Salta','iibb',0.00,14,NULL,'IIBB',242),(1023,NULL,NULL,'Perc IIBB  San Juan','iibb',0.00,15,NULL,'IIBB',243),(1024,NULL,NULL,'Perc IIBB  San Luis','iibb',0.00,16,NULL,'IIBB',244),(1025,NULL,NULL,'Perc IIBB  Santa Cruz','iibb',0.00,17,NULL,'IIBB',245),(1026,NULL,NULL,'Perc IIBB  Santa Fe','iibb',0.00,18,NULL,'IIBB',246),(1027,NULL,NULL,'Perc IIBB  Santiago del Estero','iibb',0.00,19,NULL,'IIBB',247),(1028,NULL,NULL,'Perc IIBB  Tierra del Fuego','iibb',0.00,20,NULL,'IIBB',248),(1029,NULL,NULL,'Perc IIBB  Tucuman','iibb',0.00,21,NULL,'IIBB',249),(1030,'2019-05-03 03:33:05','2019-05-03 03:33:05','CO2 - Imp. Al Carbono','gas',0.00,NULL,NULL,'Imp. Combustibles',478),(1031,'2022-09-09 07:58:12','2022-09-09 07:58:12','Imp. Municipales','gas',0.00,NULL,NULL,'Imp. Combustibles',215),(1032,'2022-09-09 07:58:12','2022-09-09 07:58:12','Perc/Ret. Imp. Ganancias','gas',0.00,NULL,NULL,'Imp. Combustibles',216);

--
-- Table structure for table `pais`
--

CREATE TABLE `pais` (
  `id` int(10) unsigned NOT NULL AUTO_INCREMENT,
  `user_id` int(10) unsigned DEFAULT NULL,
  `codigo` int(10) unsigned DEFAULT NULL,
  `descripcion` varchar(191) COLLATE utf8mb4_unicode_ci NOT NULL,
  `habilitado` tinyint(1) NOT NULL DEFAULT '1',
  `created_at` timestamp NULL DEFAULT NULL,
  `updated_at` timestamp NULL DEFAULT NULL,
  `deleted_at` timestamp NULL DEFAULT NULL,
  PRIMARY KEY (`id`),
  UNIQUE KEY `pais_descripcion_unique` (`descripcion`),
  UNIQUE KEY `pais_codigo_unique` (`codigo`)
) ENGINE=InnoDB AUTO_INCREMENT=249 DEFAULT CHARSET=utf8mb4 COLLATE=utf8mb4_unicode_ci;

--
-- Dumping data for table `pais`
--

INSERT INTO `pais` VALUES (1,NULL,NULL,'Argentina',1,'2020-05-28 20:55:22','2020-05-28 20:55:22',NULL),(2,NULL,NULL,'Afghanistan',1,'2020-05-28 20:55:22','2020-05-28 20:55:22',NULL),(3,NULL,NULL,'Albania',1,'2020-05-28 20:55:22','2020-05-28 20:55:22',NULL),(4,NULL,NULL,'Alemania',1,'2020-05-28 20:55:22','2020-05-28 20:55:22',NULL),(5,NULL,NULL,'Algeria',1,'2020-05-28 20:55:22','2020-05-28 20:55:22',NULL),(6,NULL,NULL,'Andorra',1,'2020-05-28 20:55:22','2020-05-28 20:55:22',NULL),(7,NULL,NULL,'Angola',1,'2020-05-28 20:55:22','2020-05-28 20:55:22',NULL),(8,NULL,NULL,'Anguila',1,'2020-05-28 20:55:22','2020-05-28 20:55:22',NULL),(9,NULL,NULL,'Antártida',1,'2020-05-28 20:55:22','2020-05-28 20:55:22',NULL),(10,NULL,NULL,'Antigua y Barbuda',1,'2020-05-28 20:55:22','2020-05-28 20:55:22',NULL),(11,NULL,NULL,'Arabia Saudita',1,'2020-05-28 20:55:22','2020-05-28 20:55:22',NULL),(12,NULL,NULL,'Armenia',1,'2020-05-28 20:55:22','2020-05-28 20:55:22',NULL),(13,NULL,NULL,'Aruba',1,'2020-05-28 20:55:22','2020-05-28 20:55:22',NULL),(14,NULL,NULL,'Australia',1,'2020-05-28 20:55:22','2020-05-28 20:55:22',NULL),(15,NULL,NULL,'Austria',1,'2020-05-28 20:55:22','2020-05-28 20:55:22',NULL),(16,NULL,NULL,'Azerbaiyán',1,'2020-05-28 20:55:22','2020-05-28 20:55:22',NULL),(17,NULL,NULL,'Bélgica',1,'2020-05-28 20:55:22','2020-05-28 20:55:22',NULL),(18,NULL,NULL,'Bahamas',1,'2020-05-28 20:55:22','2020-05-28 20:55:22',NULL),(19,NULL,NULL,'Bahrein',1,'2020-05-28 20:55:22','2020-05-28 20:55:22',NULL),(20,NULL,NULL,'Bangladesh',1,'2020-05-28 20:55:22','2020-05-28 20:55:22',NULL),(21,NULL,NULL,'Barbados',1,'2020-05-28 20:55:22','2020-05-28 20:55:22',NULL),(22,NULL,NULL,'Belice',1,'2020-05-28 20:55:22','2020-05-28 20:55:22',NULL),(23,NULL,NULL,'Benín',1,'2020-05-28 20:55:22','2020-05-28 20:55:22',NULL),(24,NULL,NULL,'Bhután',1,'2020-05-28 20:55:22','2020-05-28 20:55:22',NULL),(25,NULL,NULL,'Bielorrusia',1,'2020-05-28 20:55:22','2020-05-28 20:55:22',NULL),(26,NULL,NULL,'Birmania',1,'2020-05-28 20:55:22','2020-05-28 20:55:22',NULL),(27,NULL,NULL,'Bolivia',1,'2020-05-28 20:55:22','2020-05-28 20:55:22',NULL),(28,NULL,NULL,'Bosnia y Herzegovina',1,'2020-05-28 20:55:22','2020-05-28 20:55:22',NULL),(29,NULL,NULL,'Botsuana',1,'2020-05-28 20:55:22','2020-05-28 20:55:22',NULL),(30,NULL,NULL,'Brasil',1,'2020-05-28 20:55:22','2020-05-28 20:55:22',NULL),(31,NULL,NULL,'Brunéi',1,'2020-05-28 20:55:22','2020-05-28 20:55:22',NULL),(32,NULL,NULL,'Bulgaria',1,'2020-05-28 20:55:22','2020-05-28 20:55:22',NULL),(33,NULL,NULL,'Burkina Faso',1,'2020-05-28 20:55:22','2020-05-28 20:55:22',NULL),(34,NULL,NULL,'Burundi',1,'2020-05-28 20:55:22','2020-05-28 20:55:22',NULL),(35,NULL,NULL,'Cabo Verde',1,'2020-05-28 20:55:22','2020-05-28 20:55:22',NULL),(36,NULL,NULL,'Camboya',1,'2020-05-28 20:55:22','2020-05-28 20:55:22',NULL),(37,NULL,NULL,'Camerún',1,'2020-05-28 20:55:22','2020-05-28 20:55:22',NULL),(38,NULL,NULL,'Canadá',1,'2020-05-28 20:55:22','2020-05-28 20:55:22',NULL),(39,NULL,NULL,'Chad',1,'2020-05-28 20:55:22','2020-05-28 20:55:22',NULL),(40,NULL,NULL,'Chile',1,'2020-05-28 20:55:22','2020-05-28 20:55:22',NULL),(41,NULL,NULL,'China',1,'2020-05-28 20:55:22','2020-05-28 20:55:22',NULL),(42,NULL,NULL,'Chipre',1,'2020-05-28 20:55:22','2020-05-28 20:55:22',NULL),(43,NULL,NULL,'Ciudad del Vaticano',1,'2020-05-28 20:55:22','2020-05-28 20:55:22',NULL),(44,NULL,NULL,'Colombia',1,'2020-05-28 20:55:22','2020-05-28 20:55:22',NULL),(45,NULL,NULL,'Comoras',1,'2020-05-28 20:55:22','2020-05-28 20:55:22',NULL),(46,NULL,NULL,'República del Congo',1,'2020-05-28 20:55:22','2020-05-28 20:55:22',NULL),(47,NULL,NULL,'República Democrática del Congo',1,'2020-05-28 20:55:22','2020-05-28 20:55:22',NULL),(48,NULL,NULL,'Corea del Norte',1,'2020-05-28 20:55:22','2020-05-28 20:55:22',NULL),(49,NULL,NULL,'Corea del Sur',1,'2020-05-28 20:55:22','2020-05-28 20:55:22',NULL),(50,NULL,NULL,'Costa de Marfil',1,'2020-05-28 20:55:22','2020-05-28 20:55:22',NULL),(51,NULL,NULL,'Costa Rica',1,'2020-05-28 20:55:22','2020-05-28 20:55:22',NULL);
INSERT INTO `pais` VALUES (52,NULL,NULL,'Croacia',1,'2020-05-28 20:55:22','2020-05-28 20:55:22',NULL),(53,NULL,NULL,'Cuba',1,'2020-05-28 20:55:22','2020-05-28 20:55:22',NULL),(54,NULL,NULL,'Curazao',1,'2020-05-28 20:55:22','2020-05-28 20:55:22',NULL),(55,NULL,NULL,'Dinamarca',1,'2020-05-28 20:55:22','2020-05-28 20:55:22',NULL),(56,NULL,NULL,'Dominica',1,'2020-05-28 20:55:22','2020-05-28 20:55:22',NULL),(57,NULL,NULL,'Ecuador',1,'2020-05-28 20:55:22','2020-05-28 20:55:22',NULL),(58,NULL,NULL,'Egipto',1,'2020-05-28 20:55:22','2020-05-28 20:55:22',NULL),(59,NULL,NULL,'El Salvador',1,'2020-05-28 20:55:22','2020-05-28 20:55:22',NULL),(60,NULL,NULL,'Emiratos Árabes Unidos',1,'2020-05-28 20:55:22','2020-05-28 20:55:22',NULL),(61,NULL,NULL,'Eritrea',1,'2020-05-28 20:55:22','2020-05-28 20:55:22',NULL),(62,NULL,NULL,'Eslovaquia',1,'2020-05-28 20:55:22','2020-05-28 20:55:22',NULL),(63,NULL,NULL,'Eslovenia',1,'2020-05-28 20:55:22','2020-05-28 20:55:22',NULL),(64,NULL,NULL,'España',1,'2020-05-28 20:55:22','2020-05-28 20:55:22',NULL),(65,NULL,NULL,'Estados Unidos de América',1,'2020-05-28 20:55:22','2020-05-28 20:55:22',NULL),(66,NULL,NULL,'Estonia',1,'2020-05-28 20:55:22','2020-05-28 20:55:22',NULL),(67,NULL,NULL,'Etiopía',1,'2020-05-28 20:55:22','2020-05-28 20:55:22',NULL),(68,NULL,NULL,'Filipinas',1,'2020-05-28 20:55:22','2020-05-28 20:55:22',NULL),(69,NULL,NULL,'Finlandia',1,'2020-05-28 20:55:22','2020-05-28 20:55:22',NULL),(70,NULL,NULL,'Fiyi',1,'2020-05-28 20:55:22','2020-05-28 20:55:22',NULL),(71,NULL,NULL,'Francia',1,'2020-05-28 20:55:22','2020-05-28 20:55:22',NULL),(72,NULL,NULL,'Gabón',1,'2020-05-28 20:55:22','2020-05-28 20:55:22',NULL),(73,NULL,NULL,'Gambia',1,'2020-05-28 20:55:22','2020-05-28 20:55:22',NULL),(74,NULL,NULL,'Georgia',1,'2020-05-28 20:55:22','2020-05-28 20:55:22',NULL),(75,NULL,NULL,'Ghana',1,'2020-05-28 20:55:22','2020-05-28 20:55:22',NULL),(76,NULL,NULL,'Gibraltar',1,'2020-05-28 20:55:22','2020-05-28 20:55:22',NULL),(77,NULL,NULL,'Granada',1,'2020-05-28 20:55:22','2020-05-28 20:55:22',NULL),(78,NULL,NULL,'Grecia',1,'2020-05-28 20:55:22','2020-05-28 20:55:22',NULL),(79,NULL,NULL,'Groenlandia',1,'2020-05-28 20:55:22','2020-05-28 20:55:22',NULL),(80,NULL,NULL,'Guadalupe',1,'2020-05-28 20:55:22','2020-05-28 20:55:22',NULL),(81,NULL,NULL,'Guam',1,'2020-05-28 20:55:22','2020-05-28 20:55:22',NULL),(82,NULL,NULL,'Guatemala',1,'2020-05-28 20:55:22','2020-05-28 20:55:22',NULL),(83,NULL,NULL,'Guayana Francesa',1,'2020-05-28 20:55:22','2020-05-28 20:55:22',NULL),(84,NULL,NULL,'Guernsey',1,'2020-05-28 20:55:22','2020-05-28 20:55:22',NULL),(85,NULL,NULL,'Guinea',1,'2020-05-28 20:55:22','2020-05-28 20:55:22',NULL),(86,NULL,NULL,'Guinea Ecuatorial',1,'2020-05-28 20:55:22','2020-05-28 20:55:22',NULL),(87,NULL,NULL,'Guinea-Bissau',1,'2020-05-28 20:55:22','2020-05-28 20:55:22',NULL),(88,NULL,NULL,'Guyana',1,'2020-05-28 20:55:22','2020-05-28 20:55:22',NULL),(89,NULL,NULL,'Haití',1,'2020-05-28 20:55:22','2020-05-28 20:55:22',NULL),(90,NULL,NULL,'Honduras',1,'2020-05-28 20:55:22','2020-05-28 20:55:22',NULL),(91,NULL,NULL,'Hong kong',1,'2020-05-28 20:55:23','2020-05-28 20:55:23',NULL),(92,NULL,NULL,'Hungría',1,'2020-05-28 20:55:23','2020-05-28 20:55:23',NULL),(93,NULL,NULL,'India',1,'2020-05-28 20:55:23','2020-05-28 20:55:23',NULL),(94,NULL,NULL,'Indonesia',1,'2020-05-28 20:55:23','2020-05-28 20:55:23',NULL),(95,NULL,NULL,'Irán',1,'2020-05-28 20:55:23','2020-05-28 20:55:23',NULL),(96,NULL,NULL,'Irak',1,'2020-05-28 20:55:23','2020-05-28 20:55:23',NULL),(97,NULL,NULL,'Irlanda',1,'2020-05-28 20:55:23','2020-05-28 20:55:23',NULL),(98,NULL,NULL,'Isla Bouvet',1,'2020-05-28 20:55:23','2020-05-28 20:55:23',NULL),(99,NULL,NULL,'Isla de Man',1,'2020-05-28 20:55:23','2020-05-28 20:55:23',NULL),(100,NULL,NULL,'Isla de Navidad',1,'2020-05-28 20:55:23','2020-05-28 20:55:23',NULL),(101,NULL,NULL,'Isla Norfolk',1,'2020-05-28 20:55:23','2020-05-28 20:55:23',NULL),(102,NULL,NULL,'Islandia',1,'2020-05-28 20:55:23','2020-05-28 20:55:23',NULL);
INSERT INTO `pais` VALUES (103,NULL,NULL,'Islas Bermudas',1,'2020-05-28 20:55:23','2020-05-28 20:55:23',NULL),(104,NULL,NULL,'Islas Caimán',1,'2020-05-28 20:55:23','2020-05-28 20:55:23',NULL),(105,NULL,NULL,'Islas Cocos (Keeling)',1,'2020-05-28 20:55:23','2020-05-28 20:55:23',NULL),(106,NULL,NULL,'Islas Cook',1,'2020-05-28 20:55:23','2020-05-28 20:55:23',NULL),(107,NULL,NULL,'Islas de Åland',1,'2020-05-28 20:55:23','2020-05-28 20:55:23',NULL),(108,NULL,NULL,'Islas Feroe',1,'2020-05-28 20:55:23','2020-05-28 20:55:23',NULL),(109,NULL,NULL,'Islas Georgias del Sur y Sandwich del Sur',1,'2020-05-28 20:55:23','2020-05-28 20:55:23',NULL),(110,NULL,NULL,'Islas Heard y McDonald',1,'2020-05-28 20:55:23','2020-05-28 20:55:23',NULL),(111,NULL,NULL,'Islas Maldivas',1,'2020-05-28 20:55:23','2020-05-28 20:55:23',NULL),(112,NULL,NULL,'Islas Malvinas',1,'2020-05-28 20:55:23','2020-05-28 20:55:23',NULL),(113,NULL,NULL,'Islas Marianas del Norte',1,'2020-05-28 20:55:23','2020-05-28 20:55:23',NULL),(114,NULL,NULL,'Islas Marshall',1,'2020-05-28 20:55:23','2020-05-28 20:55:23',NULL),(115,NULL,NULL,'Islas Pitcairn',1,'2020-05-28 20:55:23','2020-05-28 20:55:23',NULL),(116,NULL,NULL,'Islas Salomón',1,'2020-05-28 20:55:23','2020-05-28 20:55:23',NULL),(117,NULL,NULL,'Islas Turcas y Caicos',1,'2020-05-28 20:55:23','2020-05-28 20:55:23',NULL),(118,NULL,NULL,'Islas Ultramarinas Menores de Estados Unidos',1,'2020-05-28 20:55:23','2020-05-28 20:55:23',NULL),(119,NULL,NULL,'Islas Vírgenes Británicas',1,'2020-05-28 20:55:23','2020-05-28 20:55:23',NULL),(120,NULL,NULL,'Islas Vírgenes de los Estados Unidos',1,'2020-05-28 20:55:23','2020-05-28 20:55:23',NULL),(121,NULL,NULL,'Israel',1,'2020-05-28 20:55:23','2020-05-28 20:55:23',NULL),(122,NULL,NULL,'Italia',1,'2020-05-28 20:55:23','2020-05-28 20:55:23',NULL),(123,NULL,NULL,'Jamaica',1,'2020-05-28 20:55:23','2020-05-28 20:55:23',NULL),(124,NULL,NULL,'Japón',1,'2020-05-28 20:55:23','2020-05-28 20:55:23',NULL),(125,NULL,NULL,'Jersey',1,'2020-05-28 20:55:23','2020-05-28 20:55:23',NULL),(126,NULL,NULL,'Jordania',1,'2020-05-28 20:55:23','2020-05-28 20:55:23',NULL),(127,NULL,NULL,'Kazajistán',1,'2020-05-28 20:55:23','2020-05-28 20:55:23',NULL),(128,NULL,NULL,'Kenia',1,'2020-05-28 20:55:23','2020-05-28 20:55:23',NULL),(129,NULL,NULL,'Kirguistán',1,'2020-05-28 20:55:23','2020-05-28 20:55:23',NULL),(130,NULL,NULL,'Kiribati',1,'2020-05-28 20:55:23','2020-05-28 20:55:23',NULL),(131,NULL,NULL,'Kuwait',1,'2020-05-28 20:55:23','2020-05-28 20:55:23',NULL),(132,NULL,NULL,'Líbano',1,'2020-05-28 20:55:23','2020-05-28 20:55:23',NULL),(133,NULL,NULL,'Laos',1,'2020-05-28 20:55:23','2020-05-28 20:55:23',NULL),(134,NULL,NULL,'Lesoto',1,'2020-05-28 20:55:23','2020-05-28 20:55:23',NULL),(135,NULL,NULL,'Letonia',1,'2020-05-28 20:55:23','2020-05-28 20:55:23',NULL),(136,NULL,NULL,'Liberia',1,'2020-05-28 20:55:23','2020-05-28 20:55:23',NULL),(137,NULL,NULL,'Libia',1,'2020-05-28 20:55:23','2020-05-28 20:55:23',NULL),(138,NULL,NULL,'Liechtenstein',1,'2020-05-28 20:55:23','2020-05-28 20:55:23',NULL),(139,NULL,NULL,'Lituania',1,'2020-05-28 20:55:23','2020-05-28 20:55:23',NULL),(140,NULL,NULL,'Luxemburgo',1,'2020-05-28 20:55:23','2020-05-28 20:55:23',NULL),(141,NULL,NULL,'México',1,'2020-05-28 20:55:23','2020-05-28 20:55:23',NULL),(142,NULL,NULL,'Mónaco',1,'2020-05-28 20:55:23','2020-05-28 20:55:23',NULL),(143,NULL,NULL,'Macao',1,'2020-05-28 20:55:23','2020-05-28 20:55:23',NULL),(144,NULL,NULL,'Macedônia',1,'2020-05-28 20:55:23','2020-05-28 20:55:23',NULL),(145,NULL,NULL,'Madagascar',1,'2020-05-28 20:55:23','2020-05-28 20:55:23',NULL),(146,NULL,NULL,'Malasia',1,'2020-05-28 20:55:23','2020-05-28 20:55:23',NULL),(147,NULL,NULL,'Malawi',1,'2020-05-28 20:55:23','2020-05-28 20:55:23',NULL),(148,NULL,NULL,'Mali',1,'2020-05-28 20:55:23','2020-05-28 20:55:23',NULL),(149,NULL,NULL,'Malta',1,'2020-05-28 20:55:23','2020-05-28 20:55:23',NULL),(150,NULL,NULL,'Marruecos',1,'2020-05-28 20:55:23','2020-05-28 20:55:23',NULL);
INSERT INTO `pais` VALUES (151,NULL,NULL,'Martinica',1,'2020-05-28 20:55:23','2020-05-28 20:55:23',NULL),(152,NULL,NULL,'Mauricio',1,'2020-05-28 20:55:23','2020-05-28 20:55:23',NULL),(153,NULL,NULL,'Mauritania',1,'2020-05-28 20:55:23','2020-05-28 20:55:23',NULL),(154,NULL,NULL,'Mayotte',1,'2020-05-28 20:55:23','2020-05-28 20:55:23',NULL),(155,NULL,NULL,'Micronesia',1,'2020-05-28 20:55:23','2020-05-28 20:55:23',NULL),(156,NULL,NULL,'Moldavia',1,'2020-05-28 20:55:23','2020-05-28 20:55:23',NULL),(157,NULL,NULL,'Mongolia',1,'2020-05-28 20:55:23','2020-05-28 20:55:23',NULL),(158,NULL,NULL,'Montenegro',1,'2020-05-28 20:55:23','2020-05-28 20:55:23',NULL),(159,NULL,NULL,'Montserrat',1,'2020-05-28 20:55:23','2020-05-28 20:55:23',NULL),(160,NULL,NULL,'Mozambique',1,'2020-05-28 20:55:23','2020-05-28 20:55:23',NULL),(161,NULL,NULL,'Namibia',1,'2020-05-28 20:55:23','2020-05-28 20:55:23',NULL),(162,NULL,NULL,'Nauru',1,'2020-05-28 20:55:23','2020-05-28 20:55:23',NULL),(163,NULL,NULL,'Nepal',1,'2020-05-28 20:55:23','2020-05-28 20:55:23',NULL),(164,NULL,NULL,'Nicaragua',1,'2020-05-28 20:55:23','2020-05-28 20:55:23',NULL),(165,NULL,NULL,'Niger',1,'2020-05-28 20:55:23','2020-05-28 20:55:23',NULL),(166,NULL,NULL,'Nigeria',1,'2020-05-28 20:55:23','2020-05-28 20:55:23',NULL),(167,NULL,NULL,'Niue',1,'2020-05-28 20:55:23','2020-05-28 20:55:23',NULL),(168,NULL,NULL,'Noruega',1,'2020-05-28 20:55:23','2020-05-28 20:55:23',NULL),(169,NULL,NULL,'Nueva Caledonia',1,'2020-05-28 20:55:23','2020-05-28 20:55:23',NULL),(170,NULL,NULL,'Nueva Zelanda',1,'2020-05-28 20:55:23','2020-05-28 20:55:23',NULL),(171,NULL,NULL,'Omán',1,'2020-05-28 20:55:23','2020-05-28 20:55:23',NULL),(172,NULL,NULL,'Países Bajos',1,'2020-05-28 20:55:23','2020-05-28 20:55:23',NULL),(173,NULL,NULL,'Pakistán',1,'2020-05-28 20:55:23','2020-05-28 20:55:23',NULL),(174,NULL,NULL,'Palau',1,'2020-05-28 20:55:23','2020-05-28 20:55:23',NULL),(175,NULL,NULL,'Palestina',1,'2020-05-28 20:55:23','2020-05-28 20:55:23',NULL),(176,NULL,NULL,'Panamá',1,'2020-05-28 20:55:23','2020-05-28 20:55:23',NULL),(177,NULL,NULL,'Papúa Nueva Guinea',1,'2020-05-28 20:55:23','2020-05-28 20:55:23',NULL),(178,NULL,NULL,'Paraguay',1,'2020-05-28 20:55:23','2020-05-28 20:55:23',NULL),(179,NULL,NULL,'Perú',1,'2020-05-28 20:55:23','2020-05-28 20:55:23',NULL),(180,NULL,NULL,'Polinesia Francesa',1,'2020-05-28 20:55:23','2020-05-28 20:55:23',NULL),(181,NULL,NULL,'Polonia',1,'2020-05-28 20:55:23','2020-05-28 20:55:23',NULL),(182,NULL,NULL,'Portugal',1,'2020-05-28 20:55:23','2020-05-28 20:55:23',NULL),(183,NULL,NULL,'Puerto Rico',1,'2020-05-28 20:55:23','2020-05-28 20:55:23',NULL),(184,NULL,NULL,'Qatar',1,'2020-05-28 20:55:23','2020-05-28 20:55:23',NULL),(185,NULL,NULL,'Reino Unido',1,'2020-05-28 20:55:23','2020-05-28 20:55:23',NULL),(186,NULL,NULL,'República Centroafricana',1,'2020-05-28 20:55:23','2020-05-28 20:55:23',NULL),(187,NULL,NULL,'República Checa',1,'2020-05-28 20:55:23','2020-05-28 20:55:23',NULL),(188,NULL,NULL,'República Dominicana',1,'2020-05-28 20:55:23','2020-05-28 20:55:23',NULL),(189,NULL,NULL,'República de Sudán del Sur',1,'2020-05-28 20:55:23','2020-05-28 20:55:23',NULL),(190,NULL,NULL,'Reunión',1,'2020-05-28 20:55:23','2020-05-28 20:55:23',NULL),(191,NULL,NULL,'Ruanda',1,'2020-05-28 20:55:23','2020-05-28 20:55:23',NULL),(192,NULL,NULL,'Rumanía',1,'2020-05-28 20:55:23','2020-05-28 20:55:23',NULL),(193,NULL,NULL,'Rusia',1,'2020-05-28 20:55:23','2020-05-28 20:55:23',NULL),(194,NULL,NULL,'Sahara Occidental',1,'2020-05-28 20:55:23','2020-05-28 20:55:23',NULL),(195,NULL,NULL,'Samoa',1,'2020-05-28 20:55:23','2020-05-28 20:55:23',NULL),(196,NULL,NULL,'Samoa Americana',1,'2020-05-28 20:55:23','2020-05-28 20:55:23',NULL),(197,NULL,NULL,'San Bartolomé',1,'2020-05-28 20:55:23','2020-05-28 20:55:23',NULL),(198,NULL,NULL,'San Cristóbal y Nieves',1,'2020-05-28 20:55:23','2020-05-28 20:55:23',NULL),(199,NULL,NULL,'San Marino',1,'2020-05-28 20:55:23','2020-05-28 20:55:23',NULL);
INSERT INTO `pais` VALUES (200,NULL,NULL,'San Martín (Francia)',1,'2020-05-28 20:55:23','2020-05-28 20:55:23',NULL),(201,NULL,NULL,'San Pedro y Miquelón',1,'2020-05-28 20:55:23','2020-05-28 20:55:23',NULL),(202,NULL,NULL,'San Vicente y las Granadinas',1,'2020-05-28 20:55:23','2020-05-28 20:55:23',NULL),(203,NULL,NULL,'Santa Elena',1,'2020-05-28 20:55:23','2020-05-28 20:55:23',NULL),(204,NULL,NULL,'Santa Lucía',1,'2020-05-28 20:55:23','2020-05-28 20:55:23',NULL),(205,NULL,NULL,'Santo Tomé y Príncipe',1,'2020-05-28 20:55:23','2020-05-28 20:55:23',NULL),(206,NULL,NULL,'Senegal',1,'2020-05-28 20:55:23','2020-05-28 20:55:23',NULL),(207,NULL,NULL,'Serbia',1,'2020-05-28 20:55:23','2020-05-28 20:55:23',NULL),(208,NULL,NULL,'Seychelles',1,'2020-05-28 20:55:23','2020-05-28 20:55:23',NULL),(209,NULL,NULL,'Sierra Leona',1,'2020-05-28 20:55:23','2020-05-28 20:55:23',NULL),(210,NULL,NULL,'Singapur',1,'2020-05-28 20:55:23','2020-05-28 20:55:23',NULL),(211,NULL,NULL,'Sint Maarten',1,'2020-05-28 20:55:23','2020-05-28 20:55:23',NULL),(212,NULL,NULL,'Siria',1,'2020-05-28 20:55:23','2020-05-28 20:55:23',NULL),(213,NULL,NULL,'Somalia',1,'2020-05-28 20:55:23','2020-05-28 20:55:23',NULL),(214,NULL,NULL,'Sri lanka',1,'2020-05-28 20:55:23','2020-05-28 20:55:23',NULL),(215,NULL,NULL,'Sudáfrica',1,'2020-05-28 20:55:23','2020-05-28 20:55:23',NULL),(216,NULL,NULL,'Sudán',1,'2020-05-28 20:55:23','2020-05-28 20:55:23',NULL),(217,NULL,NULL,'Suecia',1,'2020-05-28 20:55:23','2020-05-28 20:55:23',NULL),(218,NULL,NULL,'Suiza',1,'2020-05-28 20:55:23','2020-05-28 20:55:23',NULL),(219,NULL,NULL,'Surinám',1,'2020-05-28 20:55:23','2020-05-28 20:55:23',NULL),(220,NULL,NULL,'Svalbard y Jan Mayen',1,'2020-05-28 20:55:23','2020-05-28 20:55:23',NULL),(221,NULL,NULL,'Swazilandia',1,'2020-05-28 20:55:23','2020-05-28 20:55:23',NULL),(222,NULL,NULL,'Tayikistán',1,'2020-05-28 20:55:23','2020-05-28 20:55:23',NULL),(223,NULL,NULL,'Tailandia',1,'2020-05-28 20:55:23','2020-05-28 20:55:23',NULL),(224,NULL,NULL,'Taiwán',1,'2020-05-28 20:55:23','2020-05-28 20:55:23',NULL),(225,NULL,NULL,'Tanzania',1,'2020-05-28 20:55:23','2020-05-28 20:55:23',NULL),(226,NULL,NULL,'Territorio Británico del Océano Índico',1,'2020-05-28 20:55:23','2020-05-28 20:55:23',NULL),(227,NULL,NULL,'Territorios Australes y Antárticas Franceses',1,'2020-05-28 20:55:23','2020-05-28 20:55:23',NULL),(228,NULL,NULL,'Timor Oriental',1,'2020-05-28 20:55:23','2020-05-28 20:55:23',NULL),(229,NULL,NULL,'Togo',1,'2020-05-28 20:55:23','2020-05-28 20:55:23',NULL),(230,NULL,NULL,'Tokelau',1,'2020-05-28 20:55:23','2020-05-28 20:55:23',NULL),(231,NULL,NULL,'Tonga',1,'2020-05-28 20:55:23','2020-05-28 20:55:23',NULL),(232,NULL,NULL,'Trinidad y Tobago',1,'2020-05-28 20:55:23','2020-05-28 20:55:23',NULL),(233,NULL,NULL,'Tunez',1,'2020-05-28 20:55:23','2020-05-28 20:55:23',NULL),(234,NULL,NULL,'Turkmenistán',1,'2020-05-28 20:55:23','2020-05-28 20:55:23',NULL),(235,NULL,NULL,'Turquía',1,'2020-05-28 20:55:23','2020-05-28 20:55:23',NULL),(236,NULL,NULL,'Tuvalu',1,'2020-05-28 20:55:23','2020-05-28 20:55:23',NULL),(237,NULL,NULL,'Ucrania',1,'2020-05-28 20:55:23','2020-05-28 20:55:23',NULL),(238,NULL,NULL,'Uganda',1,'2020-05-28 20:55:23','2020-05-28 20:55:23',NULL),(239,NULL,NULL,'Uruguay',1,'2020-05-28 20:55:23','2020-05-28 20:55:23',NULL),(240,NULL,NULL,'Uzbekistán',1,'2020-05-28 20:55:23','2020-05-28 20:55:23',NULL),(241,NULL,NULL,'Vanuatu',1,'2020-05-28 20:55:23','2020-05-28 20:55:23',NULL),(242,NULL,NULL,'Venezuela',1,'2020-05-28 20:55:23','2020-05-28 20:55:23',NULL),(243,NULL,NULL,'Vietnam',1,'2020-05-28 20:55:23','2020-05-28 20:55:23',NULL),(244,NULL,NULL,'Wallis y Futuna',1,'2020-05-28 20:55:23','2020-05-28 20:55:23',NULL),(245,NULL,NULL,'Yemen',1,'2020-05-28 20:55:23','2020-05-28 20:55:23',NULL),(246,NULL,NULL,'Yibuti',1,'2020-05-28 20:55:23','2020-05-28 20:55:23',NULL),(247,NULL,NULL,'Zambia',1,'2020-05-28 20:55:23','2020-05-28 20:55:23',NULL),(248,NULL,NULL,'Zimbabue',1,'2020-05-28 20:55:23','2020-05-28 20:55:23',NULL);

--
-- Table structure for table `password_resets`
--

CREATE TABLE `password_resets` (
  `email` varchar(180) COLLATE utf8mb4_unicode_ci NOT NULL,
  `token` varchar(180) COLLATE utf8mb4_unicode_ci NOT NULL,
  `created_at` timestamp NULL DEFAULT NULL,
  UNIQUE KEY `password_resets_email_token_unique` (`email`,`token`),
  KEY `password_resets_email_index` (`email`)
) ENGINE=InnoDB DEFAULT CHARSET=utf8mb4 COLLATE=utf8mb4_unicode_ci;

--
-- Dumping data for table `password_resets`
--


--
-- Table structure for table `path_of_file`
--

CREATE TABLE `path_of_file` (
  `id` int(10) unsigned NOT NULL AUTO_INCREMENT,
  `user_id` int(10) unsigned DEFAULT NULL,
  `person_id` int(10) unsigned DEFAULT NULL,
  `person_id_relationed` int(10) unsigned DEFAULT NULL,
  `path_of_file_name_id` int(10) unsigned DEFAULT NULL,
  `path` longtext COLLATE utf8mb4_unicode_ci,
  `storage` varchar(191) COLLATE utf8mb4_unicode_ci DEFAULT NULL,
  `comentario` varchar(191) COLLATE utf8mb4_unicode_ci DEFAULT NULL,
  `descripcion` varchar(191) COLLATE utf8mb4_unicode_ci DEFAULT NULL,
  `created_at` timestamp NULL DEFAULT NULL,
  `updated_at` timestamp NULL DEFAULT NULL,
  `deleted_at` timestamp NULL DEFAULT NULL,
  PRIMARY KEY (`id`),
  KEY `path_of_file_person_id_foreign` (`person_id`),
  KEY `path_of_file_person_id_relationed_foreign` (`person_id_relationed`),
  KEY `path_of_file_path_of_file_name_id_foreign` (`path_of_file_name_id`),
  CONSTRAINT `path_of_file_path_of_file_name_id_foreign` FOREIGN KEY (`path_of_file_name_id`) REFERENCES `path_of_file_names` (`id`),
  CONSTRAINT `path_of_file_person_id_foreign` FOREIGN KEY (`person_id`) REFERENCES `persons` (`id`),
  CONSTRAINT `path_of_file_person_id_relationed_foreign` FOREIGN KEY (`person_id_relationed`) REFERENCES `persons` (`id`)
) ENGINE=InnoDB AUTO_INCREMENT=15 DEFAULT CHARSET=utf8mb4 COLLATE=utf8mb4_unicode_ci;

--
-- Dumping data for table `path_of_file`
--

INSERT INTO `path_of_file` VALUES (1,NULL,NULL,NULL,6,'ERROR',NULL,NULL,'SG. ILUMINACION S.A.S. Comprobantes Emitidos Mes Pasado','2022-07-08 13:26:31','2022-07-08 13:27:42','2022-07-08 13:27:42'),(2,NULL,NULL,NULL,6,'ERROR',NULL,NULL,'SG. ILUMINACION S.A.S. Comprobantes Recibidos Mes Pasado','2022-07-08 13:26:33','2022-07-08 13:27:42','2022-07-08 13:27:42'),(3,NULL,NULL,NULL,6,'ERROR',NULL,NULL,'SG. ILUMINACION S.A.S. Comprobantes Emitidos Mes Pasado','2022-07-11 10:43:53','2022-07-11 10:49:46','2022-07-11 10:49:46'),(4,NULL,NULL,NULL,6,'ERROR',NULL,NULL,'SG. ILUMINACION S.A.S. Comprobantes Emitidos Mes Pasado','2022-07-11 10:49:53','2022-07-11 11:31:23','2022-07-11 11:31:23'),(5,NULL,NULL,NULL,6,'ERROR',NULL,NULL,'SG. ILUMINACION S.A.S. Comprobantes Emitidos Mes Pasado','2022-07-11 12:03:26','2022-07-11 12:22:58','2022-07-11 12:22:58'),(6,NULL,NULL,NULL,6,'ERROR',NULL,NULL,'ANSA AUTOMOTORES SRL Comprobantes Emitidos Mes Pasado','2022-07-11 12:12:19','2022-07-11 12:22:58','2022-07-11 12:22:58'),(7,NULL,NULL,NULL,6,'ERROR',NULL,NULL,'SG. ILUMINACION S.A.S. Comprobantes Emitidos Mes Pasado','2022-07-11 12:23:08','2022-07-11 13:06:47','2022-07-11 13:06:47'),(8,NULL,NULL,NULL,6,'ERROR',NULL,NULL,'Fabián Flores Comprobantes Emitidos Mes Pasado','2022-07-11 12:37:45','2022-07-11 13:06:47','2022-07-11 13:06:47'),(9,NULL,NULL,NULL,6,'ERROR',NULL,NULL,'SG. ILUMINACION S.A.S. Comprobantes Emitidos Mes Pasado','2022-07-11 13:07:21','2022-07-12 10:08:32','2022-07-12 10:08:32'),(10,NULL,NULL,NULL,6,'ERROR',NULL,NULL,'SG. ILUMINACION S.A.S. Comprobantes Recibidos Mes Pasado','2022-07-11 13:10:35','2022-07-12 10:08:32','2022-07-12 10:08:32'),(11,NULL,NULL,NULL,6,'ERROR',NULL,NULL,'Calderon Rodrigo Comprobantes Emitidos Mes Pasado','2022-07-12 10:06:18','2022-07-12 10:08:32','2022-07-12 10:08:32'),(12,NULL,NULL,NULL,6,'ERROR',NULL,NULL,'SG. ILUMINACION S.A.S. Comprobantes Emitidos Mes Pasado','2022-07-12 11:46:29','2022-07-13 16:10:24','2022-07-13 16:10:24'),(13,NULL,NULL,NULL,6,'ERROR',NULL,NULL,'Calderon Rodrigo Comprobantes Emitidos Mes Pasado','2022-07-12 18:13:07','2022-07-13 16:10:24','2022-07-13 16:10:24'),(14,NULL,NULL,NULL,6,'ERROR',NULL,NULL,'SG. ILUMINACION S.A.S. Comprobantes Emitidos Mes Pasado','2022-07-13 16:10:30','2022-07-13 16:11:03',NULL);

--
-- Table structure for table `path_of_file_names`
--

CREATE TABLE `path_of_file_names` (
  `id` int(10) unsigned NOT NULL AUTO_INCREMENT,
  `user_id` int(10) unsigned DEFAULT NULL,
  `descripcion` text COLLATE utf8mb4_unicode_ci NOT NULL,
  `created_at` timestamp NULL DEFAULT NULL,
  `updated_at` timestamp NULL DEFAULT NULL,
  `deleted_at` timestamp NULL DEFAULT NULL,
  PRIMARY KEY (`id`)
) ENGINE=InnoDB AUTO_INCREMENT=15 DEFAULT CHARSET=utf8mb4 COLLATE=utf8mb4_unicode_ci;

--
-- Dumping data for table `path_of_file_names`
--

INSERT INTO `path_of_file_names` VALUES (1,NULL,'Libro IVA Compras - Ventas',NULL,NULL,NULL),(2,NULL,'Libro Diario',NULL,NULL,NULL),(3,NULL,'Mayores',NULL,NULL,NULL),(4,NULL,'Sumas y Saldos',NULL,NULL,NULL),(5,NULL,'Comprobantes Todas las Empresas','2022-05-27 20:11:46','2022-05-27 20:11:46',NULL),(6,NULL,'Bot Mis Comprobantes','2022-05-27 20:11:47','2022-05-27 20:11:47',NULL),(7,NULL,'SICOSS','2022-09-16 11:50:39','2022-09-16 11:50:39',NULL),(13,NULL,'Bot Generar Vep','2022-12-07 07:48:39','2022-12-07 07:48:39',NULL),(14,NULL,'TXT LSD','2023-04-15 13:06:54','2023-04-15 13:06:54',NULL);

--
-- Table structure for table `pay_methods`
--

CREATE TABLE `pay_methods` (
  `id` int(10) unsigned NOT NULL AUTO_INCREMENT,
  `description` varchar(180) COLLATE utf8mb4_unicode_ci NOT NULL,
  `created_at` timestamp NULL DEFAULT NULL,
  `updated_at` timestamp NULL DEFAULT NULL,
  PRIMARY KEY (`id`),
  UNIQUE KEY `pay_methods_description_unique` (`description`)
) ENGINE=InnoDB AUTO_INCREMENT=5 DEFAULT CHARSET=utf8mb4 COLLATE=utf8mb4_unicode_ci;

--
-- Dumping data for table `pay_methods`
--

INSERT INTO `pay_methods` VALUES (1,'INTERBANKING',NULL,NULL),(2,'VEP PAGOMISCUENTAS',NULL,NULL),(3,'VEP REDLINK',NULL,NULL),(4,'FORMULARIO',NULL,NULL);

--
-- Table structure for table `period_liquidation_details`
--

CREATE TABLE `period_liquidation_details` (
  `id` int(10) unsigned NOT NULL AUTO_INCREMENT,
  `user_id` int(10) unsigned DEFAULT NULL,
  `period_liquidation_id` int(10) unsigned NOT NULL,
  `period_id` int(10) unsigned NOT NULL,
  `person_id` int(10) unsigned NOT NULL,
  `zone_id` int(10) unsigned NOT NULL,
  `calculo_iibb` int(10) unsigned NOT NULL DEFAULT '1',
  `actividad_id` int(10) unsigned NOT NULL DEFAULT '1',
  `coef` decimal(16,4) NOT NULL DEFAULT '0.0000',
  `aliquot` decimal(16,4) NOT NULL DEFAULT '0.0000',
  `cm_articulo_regimen_id` int(10) unsigned NOT NULL DEFAULT '1',
  `base_amount` decimal(16,2) NOT NULL DEFAULT '0.00',
  `tax_amount` decimal(16,2) NOT NULL DEFAULT '0.00',
  `previous_period_balance` decimal(16,2) NOT NULL DEFAULT '0.00',
  `sircreb_amount` decimal(16,2) NOT NULL DEFAULT '0.00',
  `perception_amount` decimal(16,2) NOT NULL DEFAULT '0.00',
  `retention_amount` decimal(16,2) NOT NULL DEFAULT '0.00',
  `positive_amount` decimal(16,2) NOT NULL DEFAULT '0.00',
  `negative_amount` decimal(16,2) NOT NULL DEFAULT '0.00',
  `balance` int(11) NOT NULL DEFAULT '0',
  `created_at` timestamp NULL DEFAULT NULL,
  `updated_at` timestamp NULL DEFAULT NULL,
  `deleted_at` timestamp NULL DEFAULT NULL,
  PRIMARY KEY (`id`),
  KEY `period_liquidation_details_period_liquidation_id_foreign` (`period_liquidation_id`),
  KEY `period_liquidation_details_period_id_foreign` (`period_id`),
  KEY `period_liquidation_details_person_id_foreign` (`person_id`),
  KEY `period_liquidation_details_zone_id_foreign` (`zone_id`),
  KEY `period_liquidation_details_actividad_id_foreign` (`actividad_id`),
  KEY `period_liquidation_details_cm_articulo_regimen_id_foreign` (`cm_articulo_regimen_id`),
  CONSTRAINT `period_liquidation_details_actividad_id_foreign` FOREIGN KEY (`actividad_id`) REFERENCES `activities` (`id`),
  CONSTRAINT `period_liquidation_details_cm_articulo_regimen_id_foreign` FOREIGN KEY (`cm_articulo_regimen_id`) REFERENCES `cm_articulos_regimenes` (`id`),
  CONSTRAINT `period_liquidation_details_period_id_foreign` FOREIGN KEY (`period_id`) REFERENCES `periods` (`id`),
  CONSTRAINT `period_liquidation_details_period_liquidation_id_foreign` FOREIGN KEY (`period_liquidation_id`) REFERENCES `period_liquidations` (`id`),
  CONSTRAINT `period_liquidation_details_person_id_foreign` FOREIGN KEY (`person_id`) REFERENCES `persons` (`id`),
  CONSTRAINT `period_liquidation_details_zone_id_foreign` FOREIGN KEY (`zone_id`) REFERENCES `zones` (`id`)
) ENGINE=InnoDB AUTO_INCREMENT=1250 DEFAULT CHARSET=utf8mb4 COLLATE=utf8mb4_unicode_ci;

--
-- Dumping data for table `period_liquidation_details`
--

INSERT INTO `period_liquidation_details` VALUES (26,NULL,29,53033,40762,15,1,883,0.0000,0.0000,1,0.00,0.00,0.00,0.00,0.00,0.00,0.00,0.00,0,'2022-07-11 12:43:12','2022-07-11 12:43:12',NULL),(34,NULL,34,62123,40768,15,1,946,0.0000,0.0000,1,0.00,0.00,0.00,0.00,0.00,0.00,0.00,0.00,0,'2022-07-11 12:43:12','2022-07-11 12:43:12',NULL),(41,NULL,39,71213,40774,15,1,904,0.0000,0.0000,1,0.00,0.00,0.00,0.00,0.00,0.00,0.00,0.00,0,'2022-07-11 12:43:12','2022-07-11 12:43:12',NULL),(42,NULL,39,71213,40774,15,1,707,0.0000,0.0000,1,0.00,0.00,0.00,0.00,0.00,0.00,0.00,0.00,0,'2022-07-11 12:43:12','2022-07-11 12:43:12',NULL),(43,NULL,40,72728,40775,15,1,372,0.0000,0.0000,1,0.00,0.00,0.00,0.00,0.00,0.00,0.00,0.00,0,'2022-07-11 12:43:12','2022-07-11 12:43:12',NULL),(44,NULL,40,72728,40775,15,1,741,0.0000,0.0000,1,0.00,0.00,0.00,0.00,0.00,0.00,0.00,0.00,0,'2022-07-11 12:43:12','2022-07-11 12:43:12',NULL),(45,NULL,40,72728,40775,15,1,715,0.0000,0.0000,1,0.00,0.00,0.00,0.00,0.00,0.00,0.00,0.00,0,'2022-07-11 12:43:12','2022-07-11 12:43:12',NULL),(46,NULL,41,74243,40776,15,1,707,0.0000,0.0000,1,0.00,0.00,0.00,0.00,0.00,0.00,0.00,0.00,0,'2022-07-11 12:43:12','2022-07-11 12:43:12',NULL),(49,NULL,44,78788,40779,15,1,27,0.0000,0.0000,1,0.00,0.00,0.00,0.00,0.00,0.00,0.00,0.00,0,'2022-07-11 12:43:12','2022-07-11 12:43:12',NULL),(67,7280,74,8,40719,15,1,796,0.0000,0.0000,1,349000.00,0.00,0.00,0.00,0.00,0.00,0.00,0.00,0,'2022-07-13 01:26:43','2022-07-13 01:26:43',NULL),(81,7320,102,59093,40766,15,1,942,0.0000,0.0000,1,352479.28,0.00,0.00,0.00,0.00,0.00,0.00,0.00,0,'2022-07-13 18:40:36','2022-07-13 18:40:36',NULL),(149,7320,204,69698,40773,15,1,652,0.0000,0.0000,1,213750.00,0.00,0.00,0.00,0.00,0.00,0.00,0.00,0,'2022-07-14 11:32:10','2022-07-14 11:32:10',NULL),(195,7320,275,75758,40777,15,1,707,1.0000,3.6000,1,234231.43,8432.33,0.00,0.00,0.00,0.00,0.00,0.00,0,'2022-07-15 18:10:46','2022-07-15 18:10:46',NULL),(196,7308,277,33337,40745,15,1,550,0.0000,0.0000,1,0.00,0.00,0.00,0.00,0.00,0.00,0.00,0.00,0,'2022-07-15 18:12:12','2022-07-15 18:12:12',NULL),(197,7308,277,33337,40745,15,1,520,0.0000,0.0000,1,0.00,0.00,0.00,0.00,0.00,0.00,0.00,0.00,0,'2022-07-15 18:12:12','2022-07-15 18:12:12',NULL),(198,7308,277,33337,40745,15,1,502,0.0000,0.0000,1,0.00,0.00,0.00,0.00,0.00,0.00,0.00,0.00,0,'2022-07-15 18:12:12','2022-07-15 18:12:12',NULL),(301,7320,359,51518,40761,15,1,883,0.0000,0.0000,1,29739.71,0.00,0.00,0.00,0.00,0.00,0.00,0.00,0,'2022-07-18 12:14:04','2022-07-18 12:14:04',NULL),(302,7320,359,51518,40761,15,1,788,0.0000,0.0000,1,0.00,0.00,0.00,0.00,0.00,0.00,0.00,0.00,0,'2022-07-18 12:14:04','2022-07-18 12:14:04',NULL),(322,7320,370,84828,40953,15,1,849,1.0000,3.6000,1,0.00,0.00,0.00,0.00,0.00,0.00,0.00,0.00,0,'2022-07-19 10:31:35','2022-07-19 10:31:35',NULL),(323,7320,370,84828,40953,15,1,713,1.0000,3.6000,1,0.00,0.00,0.00,0.00,0.00,0.00,0.00,0.00,0,'2022-07-19 10:31:35','2022-07-19 10:31:35',NULL),(324,7320,370,84828,40953,15,1,580,1.0000,3.6000,1,621768.30,22383.66,0.00,0.00,0.00,0.00,0.00,0.00,0,'2022-07-19 10:31:35','2022-07-19 10:31:35',NULL),(365,7308,392,7581,40724,15,1,550,0.0000,0.0000,1,0.00,0.00,0.00,0.00,0.00,0.00,0.00,0.00,0,'2022-07-19 11:07:29','2022-07-19 11:07:29',NULL),(366,7308,392,7581,40724,15,1,520,0.0000,0.0000,1,0.00,0.00,0.00,0.00,0.00,0.00,0.00,0.00,0,'2022-07-19 11:07:29','2022-07-19 11:07:29',NULL),(367,7308,392,7581,40724,15,1,502,0.0000,0.0000,1,0.00,0.00,0.00,0.00,0.00,0.00,0.00,0.00,0,'2022-07-19 11:07:29','2022-07-19 11:07:29',NULL),(368,7308,392,7581,40724,15,1,482,0.0000,0.0000,1,0.00,0.00,0.00,0.00,0.00,0.00,0.00,0.00,0,'2022-07-19 11:07:29','2022-07-19 11:07:29',NULL),(369,7308,394,7579,40724,15,1,550,0.0000,0.0000,1,0.00,0.00,0.00,0.00,0.00,0.00,0.00,0.00,0,'2022-07-19 11:08:17','2022-07-19 11:08:17',NULL),(370,7308,394,7579,40724,15,1,520,0.0000,0.0000,1,0.00,0.00,0.00,0.00,0.00,0.00,0.00,0.00,0,'2022-07-19 11:08:17','2022-07-19 11:08:17',NULL),(371,7308,394,7579,40724,15,1,502,0.0000,0.0000,1,0.00,0.00,0.00,0.00,0.00,0.00,0.00,0.00,0,'2022-07-19 11:08:17','2022-07-19 11:08:17',NULL);
INSERT INTO `period_liquidation_details` VALUES (372,7308,394,7579,40724,15,1,482,0.0000,0.0000,1,0.00,0.00,0.00,0.00,0.00,0.00,0.00,0.00,0,'2022-07-19 11:08:17','2022-07-19 11:08:17',NULL),(534,7308,482,66668,40771,15,1,894,0.0000,0.0000,1,106396.69,0.00,0.00,0.00,0.00,0.00,0.00,0.00,0,'2022-07-19 13:10:06','2022-07-19 13:10:06',NULL),(561,7308,504,7582,40724,15,1,550,0.0000,0.0000,1,0.00,0.00,0.00,0.00,0.00,0.00,0.00,0.00,0,'2022-07-19 15:43:52','2022-07-19 15:43:52',NULL),(562,7308,504,7582,40724,15,1,520,0.0000,0.0000,1,0.00,0.00,0.00,0.00,0.00,0.00,0.00,0.00,0,'2022-07-19 15:43:52','2022-07-19 15:43:52',NULL),(563,7308,504,7582,40724,15,1,502,0.0000,0.0000,1,0.00,0.00,0.00,0.00,0.00,0.00,0.00,0.00,0,'2022-07-19 15:43:52','2022-07-19 15:43:52',NULL),(564,7308,504,7582,40724,15,1,482,0.0000,0.0000,1,0.00,0.00,0.00,0.00,0.00,0.00,0.00,0.00,0,'2022-07-19 15:43:52','2022-07-19 15:43:52',NULL),(593,7308,520,7583,40724,15,1,550,0.0000,0.0000,1,7826256.07,0.00,0.00,0.00,0.00,0.00,0.00,0.00,0,'2022-07-19 15:48:57','2022-07-19 15:48:57',NULL),(594,7308,520,7583,40724,15,1,520,0.0000,0.0000,1,0.00,0.00,0.00,0.00,0.00,0.00,0.00,0.00,0,'2022-07-19 15:48:57','2022-07-19 15:48:57',NULL),(595,7308,520,7583,40724,15,1,502,0.0000,0.0000,1,0.00,0.00,0.00,0.00,0.00,0.00,0.00,0.00,0,'2022-07-19 15:48:57','2022-07-19 15:48:57',NULL),(596,7308,520,7583,40724,15,1,482,0.0000,0.0000,1,0.00,0.00,0.00,0.00,0.00,0.00,0.00,0.00,0,'2022-07-19 15:48:57','2022-07-19 15:48:57',NULL),(648,7320,560,80298,40780,15,1,904,1.0000,3.6000,1,1480371.90,53293.39,0.00,0.00,0.00,0.00,0.00,0.00,0,'2022-07-19 19:16:34','2022-07-19 19:16:34',NULL),(649,7320,560,80298,40780,15,1,713,1.0000,3.6000,1,0.00,0.00,0.00,0.00,0.00,0.00,0.00,0.00,0,'2022-07-19 19:16:34','2022-07-19 19:16:34',NULL),(650,7320,560,80298,40780,15,1,902,1.0000,3.6000,1,0.00,0.00,0.00,0.00,0.00,0.00,0.00,0.00,0,'2022-07-19 19:16:34','2022-07-19 19:16:34',NULL),(868,7320,746,57578,40765,15,1,163,1.0000,3.6000,1,0.00,0.00,0.00,0.00,0.00,0.00,0.00,0.00,0,'2022-07-20 13:35:37','2022-07-20 13:35:37',NULL),(869,7320,746,57578,40765,15,1,170,1.0000,3.6000,1,0.00,0.00,0.00,0.00,0.00,0.00,0.00,0.00,0,'2022-07-20 13:35:37','2022-07-20 13:35:37',NULL),(870,7320,746,57578,40765,15,1,715,1.0000,3.6000,1,42859.58,1542.94,0.00,0.00,0.00,0.00,0.00,0.00,0,'2022-07-20 13:35:37','2022-07-20 13:35:37',NULL),(903,7308,777,95389,41007,15,1,904,1.0000,3.6000,1,1191520.67,42894.74,0.00,0.00,0.00,0.00,0.00,0.00,0,'2022-07-21 13:04:31','2022-07-21 13:04:31',NULL),(904,7308,777,95389,41007,15,1,715,1.0000,3.6000,1,0.00,0.00,0.00,0.00,0.00,0.00,0.00,0.00,0,'2022-07-21 13:04:31','2022-07-21 13:04:31',NULL),(923,7308,797,98419,40820,15,1,652,1.0000,3.6000,1,884750.00,31851.00,0.00,0.00,0.00,0.00,0.00,0.00,0,'2022-07-21 21:21:03','2022-07-21 21:21:03',NULL),(924,7308,797,98419,40820,15,1,662,1.0000,3.6000,1,0.00,0.00,0.00,0.00,0.00,0.00,0.00,0.00,0,'2022-07-21 21:21:03','2022-07-21 21:21:03',NULL),(931,7308,805,56063,40764,15,1,707,1.0000,3.6000,1,0.00,0.00,0.00,0.00,0.00,0.00,0.00,0.00,0,'2022-07-21 22:02:53','2022-07-21 22:02:53',NULL),(932,7308,805,56063,40764,15,1,715,1.0000,3.6000,1,0.00,0.00,0.00,0.00,0.00,0.00,0.00,0.00,0,'2022-07-21 22:02:53','2022-07-21 22:02:53',NULL),(1029,7320,831,83320,40839,15,1,414,1.0000,3.6000,1,154198.50,5551.15,0.00,0.00,0.00,0.00,0.00,0.00,0,'2022-07-22 17:16:18','2022-07-22 17:16:18',NULL),(1030,7320,831,83320,40839,15,1,820,1.0000,3.6000,1,0.00,0.00,0.00,0.00,0.00,0.00,0.00,0.00,0,'2022-07-22 17:16:18','2022-07-22 17:16:18',NULL),(1031,7320,831,83320,40839,15,1,406,1.0000,3.6000,1,0.00,0.00,0.00,0.00,0.00,0.00,0.00,0.00,0,'2022-07-22 17:16:18','2022-07-22 17:16:18',NULL),(1032,7320,831,83320,40839,15,1,410,1.0000,3.6000,1,0.00,0.00,0.00,0.00,0.00,0.00,0.00,0.00,0,'2022-07-22 17:16:18','2022-07-22 17:16:18',NULL),(1033,7320,831,83320,40839,15,1,626,1.0000,3.6000,1,0.00,0.00,0.00,0.00,0.00,0.00,0.00,0.00,0,'2022-07-22 17:16:18','2022-07-22 17:16:18',NULL);
INSERT INTO `period_liquidation_details` VALUES (1034,7320,831,83320,40839,15,1,638,1.0000,3.6000,1,0.00,0.00,0.00,0.00,0.00,0.00,0.00,0.00,0,'2022-07-22 17:16:18','2022-07-22 17:16:18',NULL),(1035,7320,831,83320,40839,15,1,640,1.0000,3.6000,1,0.00,0.00,0.00,0.00,0.00,0.00,0.00,0.00,0,'2022-07-22 17:16:18','2022-07-22 17:16:18',NULL),(1036,7320,831,83320,40839,15,1,570,1.0000,3.6000,1,0.00,0.00,0.00,0.00,0.00,0.00,0.00,0.00,0,'2022-07-22 17:16:18','2022-07-22 17:16:18',NULL),(1041,7308,841,54548,40763,15,1,710,1.0000,3.6000,1,2893.00,104.15,0.00,0.00,0.00,0.00,0.00,0.00,0,'2022-07-22 21:47:13','2022-07-22 21:47:13',NULL),(1045,7308,849,99934,41063,15,1,709,1.0000,3.6000,1,113612.78,4090.06,0.00,0.00,0.00,0.00,0.00,0.00,0,'2022-07-22 23:56:01','2022-07-22 23:56:01',NULL),(1169,7320,975,68183,40772,15,1,141,0.0000,0.0000,1,0.00,0.00,0.00,0.00,0.00,0.00,0.00,0.00,0,'2022-07-27 15:02:04','2022-07-27 15:02:04',NULL),(1170,7320,975,68183,40772,15,1,711,1.0000,3.6000,1,428467.79,15424.84,0.00,0.00,0.00,0.00,0.00,0.00,0,'2022-07-27 15:02:04','2022-07-27 15:02:04',NULL),(1171,7320,975,68183,40772,15,1,707,0.0000,0.0000,1,0.00,0.00,0.00,0.00,0.00,0.00,0.00,0.00,0,'2022-07-27 15:02:04','2022-07-27 15:02:04',NULL),(1180,7320,985,101444,41094,15,1,711,1.0000,3.6000,1,508710.00,18313.56,0.00,0.00,0.00,0.00,0.00,0.00,0,'2022-07-29 12:34:17','2022-07-29 12:34:17',NULL),(1181,7320,985,101444,41094,15,1,799,1.0000,3.6000,1,0.00,0.00,0.00,0.00,0.00,0.00,0.00,0.00,0,'2022-07-29 12:34:17','2022-07-29 12:34:17',NULL),(1192,7320,997,101446,41094,15,1,711,1.0000,3.6000,1,714473.43,25721.04,0.00,0.00,0.00,0.00,0.00,0.00,0,'2022-08-01 10:18:18','2022-08-01 10:18:18',NULL),(1193,7320,997,101446,41094,15,1,799,1.0000,3.6000,1,0.00,0.00,0.00,0.00,0.00,0.00,0.00,0.00,0,'2022-08-01 10:18:18','2022-08-01 10:18:18',NULL),(1194,7320,999,101445,41094,15,1,711,1.0000,3.6000,1,0.00,0.00,0.00,0.00,0.00,0.00,0.00,0.00,0,'2022-08-02 09:33:20','2022-08-02 09:33:20',NULL),(1195,7320,999,101445,41094,15,1,799,1.0000,3.6000,1,0.00,0.00,0.00,0.00,0.00,0.00,0.00,0.00,0,'2022-08-02 09:33:20','2022-08-02 09:33:20',NULL),(1204,7320,1009,101447,41094,15,1,711,1.0000,3.6000,1,177866.10,6403.18,0.00,0.00,0.00,0.00,0.00,0.00,0,'2022-08-02 10:31:03','2022-08-02 10:31:03',NULL),(1205,7320,1009,101447,41094,15,1,799,1.0000,3.6000,1,0.00,0.00,0.00,0.00,0.00,0.00,0.00,0.00,0,'2022-08-02 10:31:03','2022-08-02 10:31:03',NULL),(1208,7320,1013,101448,41094,15,1,711,1.0000,3.6000,1,79685.95,2868.69,0.00,0.00,0.00,0.00,0.00,0.00,0,'2022-08-02 10:56:30','2022-08-02 10:56:30',NULL),(1209,7320,1013,101448,41094,15,1,799,1.0000,3.6000,1,0.00,0.00,0.00,0.00,0.00,0.00,0.00,0.00,0,'2022-08-02 10:56:30','2022-08-02 10:56:30',NULL),(1220,7308,1035,63638,40769,15,1,426,0.0000,0.0000,1,13293768.55,0.00,0.00,0.00,0.00,0.00,0.00,0.00,0,'2022-08-02 12:12:22','2022-08-02 12:12:22',NULL),(1249,7308,1093,77273,40778,15,1,26,0.0000,0.0000,1,4744721.16,0.00,0.00,0.00,0.00,0.00,0.00,0.00,0,'2022-08-04 08:50:13','2022-08-04 08:50:13',NULL);

--
-- Table structure for table `period_liquidation_iibb`
--

CREATE TABLE `period_liquidation_iibb` (
  `id` int(10) unsigned NOT NULL AUTO_INCREMENT,
  `user_id` int(10) unsigned DEFAULT NULL,
  `period_liquidation_id` int(10) unsigned NOT NULL,
  `period_id` int(10) unsigned NOT NULL,
  `person_id` int(10) unsigned NOT NULL,
  `zone_id` int(10) unsigned NOT NULL,
  `base_amount` decimal(16,2) DEFAULT '0.00',
  `impuesto` decimal(16,2) DEFAULT '0.00',
  `saldo_a_favor_ant` decimal(16,2) DEFAULT '0.00',
  `sircreb` decimal(16,2) DEFAULT '0.00',
  `percepciones` decimal(16,2) DEFAULT '0.00',
  `retenciones` decimal(16,2) DEFAULT '0.00',
  `a_pagar` decimal(16,2) DEFAULT '0.00',
  `a_favor` decimal(16,2) DEFAULT '0.00',
  `created_at` timestamp NULL DEFAULT NULL,
  `updated_at` timestamp NULL DEFAULT NULL,
  `deleted_at` timestamp NULL DEFAULT NULL,
  PRIMARY KEY (`id`),
  KEY `period_liquidation_iibb_period_liquidation_id_foreign` (`period_liquidation_id`),
  KEY `period_liquidation_iibb_period_id_foreign` (`period_id`),
  KEY `period_liquidation_iibb_person_id_foreign` (`person_id`),
  KEY `period_liquidation_iibb_zone_id_foreign` (`zone_id`),
  CONSTRAINT `period_liquidation_iibb_period_id_foreign` FOREIGN KEY (`period_id`) REFERENCES `periods` (`id`),
  CONSTRAINT `period_liquidation_iibb_period_liquidation_id_foreign` FOREIGN KEY (`period_liquidation_id`) REFERENCES `period_liquidations` (`id`),
  CONSTRAINT `period_liquidation_iibb_person_id_foreign` FOREIGN KEY (`person_id`) REFERENCES `persons` (`id`),
  CONSTRAINT `period_liquidation_iibb_zone_id_foreign` FOREIGN KEY (`zone_id`) REFERENCES `zones` (`id`)
) ENGINE=InnoDB AUTO_INCREMENT=556 DEFAULT CHARSET=utf8mb4 COLLATE=utf8mb4_unicode_ci;

--
-- Dumping data for table `period_liquidation_iibb`
--

INSERT INTO `period_liquidation_iibb` VALUES (10,NULL,29,53033,40762,15,0.00,0.00,0.00,0.00,0.00,0.00,0.00,0.00,'2022-07-11 12:43:12','2022-07-11 12:43:12',NULL),(15,NULL,34,62123,40768,15,0.00,0.00,0.00,0.00,0.00,0.00,0.00,0.00,'2022-07-11 12:43:12','2022-07-11 12:43:12',NULL),(20,NULL,39,71213,40774,15,0.00,0.00,0.00,0.00,0.00,0.00,0.00,0.00,'2022-07-11 12:43:12','2022-07-11 12:43:12',NULL),(21,NULL,40,72728,40775,15,0.00,0.00,0.00,0.00,0.00,0.00,0.00,0.00,'2022-07-11 12:43:12','2022-07-11 12:43:12',NULL),(22,NULL,41,74243,40776,15,0.00,0.00,0.00,0.00,0.00,0.00,0.00,0.00,'2022-07-11 12:43:12','2022-07-11 12:43:12',NULL),(25,NULL,44,78788,40779,15,0.00,0.00,0.00,0.00,0.00,0.00,0.00,0.00,'2022-07-11 12:43:12','2022-07-11 12:43:12',NULL),(41,7280,74,8,40719,15,349000.00,0.00,0.00,0.00,0.00,0.00,0.00,0.00,'2022-07-13 01:26:43','2022-07-13 01:26:43',NULL),(55,7320,102,59093,40766,15,352479.28,0.00,0.00,0.00,4395.16,0.00,0.00,4395.16,'2022-07-13 18:40:36','2022-07-13 18:40:36',NULL),(109,7320,204,69698,40773,15,213750.00,0.00,0.00,0.00,0.00,0.00,0.00,0.00,'2022-07-14 11:32:10','2022-07-14 11:32:10',NULL),(145,7320,275,75758,40777,15,234231.43,8432.33,0.00,0.00,0.00,0.00,8432.33,0.00,'2022-07-15 18:10:46','2022-07-15 18:10:46',NULL),(146,7308,277,33337,40745,15,0.00,0.00,0.00,0.00,6444.01,0.00,0.00,6444.01,'2022-07-15 18:12:12','2022-07-15 18:12:12',NULL),(187,7320,359,51518,40761,15,29739.71,0.00,0.00,0.00,0.00,0.00,0.00,0.00,'2022-07-18 12:14:04','2022-07-18 12:14:04',NULL),(193,7320,370,84828,40953,15,621768.30,22383.66,0.00,0.00,0.00,0.00,22383.66,0.00,'2022-07-19 10:31:35','2022-07-19 10:31:35',NULL),(204,7308,392,7581,40724,15,0.00,0.00,0.00,0.00,2542.53,0.00,0.00,2542.53,'2022-07-19 11:07:29','2022-07-19 11:07:29',NULL),(205,7308,394,7579,40724,15,0.00,0.00,0.00,0.00,1444.58,0.00,0.00,1444.58,'2022-07-19 11:08:17','2022-07-19 11:08:17',NULL),(249,7308,482,66668,40771,15,106396.69,0.00,0.00,0.00,0.00,0.00,0.00,0.00,'2022-07-19 13:10:06','2022-07-19 13:10:06',NULL),(260,7308,504,7582,40724,15,0.00,0.00,2542.53,0.00,1646.86,0.00,0.00,4189.39,'2022-07-19 15:43:52','2022-07-19 15:43:52',NULL),(268,7308,520,7583,40724,15,7826256.07,0.00,4189.39,0.00,11569.64,0.00,0.00,15759.03,'2022-07-19 15:48:57','2022-07-19 15:48:57',NULL),(288,7320,560,80298,40780,15,1480371.90,53293.39,0.00,0.00,3209.78,0.00,50083.61,0.00,'2022-07-19 19:16:34','2022-07-19 19:16:34',NULL),(381,7320,746,57578,40765,15,42859.58,1542.94,0.00,0.00,1868.36,0.00,0.00,325.42,'2022-07-20 13:35:37','2022-07-20 13:35:37',NULL),(398,7308,777,95389,41007,15,1191520.67,42894.74,0.00,0.00,1960.31,0.00,40934.43,0.00,'2022-07-21 13:04:31','2022-07-21 13:04:31',NULL),(408,7308,797,98419,40820,15,884750.00,31851.00,0.00,0.00,0.00,0.00,31851.00,0.00,'2022-07-21 21:21:03','2022-07-21 21:21:03',NULL),(412,7308,805,56063,40764,15,0.00,0.00,0.00,0.00,0.00,0.00,0.00,0.00,'2022-07-21 22:02:53','2022-07-21 22:02:53',NULL),(425,7320,831,83320,40839,15,154198.50,5551.15,0.00,0.00,0.00,0.00,5551.15,0.00,'2022-07-22 17:16:18','2022-07-22 17:16:18',NULL),(430,7308,841,54548,40763,15,2893.00,104.15,0.00,0.00,9825.44,0.00,0.00,9721.29,'2022-07-22 21:47:13','2022-07-22 21:47:13',NULL),(434,7308,849,99934,41063,15,113612.78,4090.06,0.00,0.00,0.00,0.00,4090.06,0.00,'2022-07-22 23:56:01','2022-07-22 23:56:01',NULL),(496,7320,975,68183,40772,15,428467.79,15424.84,0.00,0.00,0.00,0.00,15424.84,0.00,'2022-07-27 15:02:04','2022-07-27 15:02:04',NULL),(501,7320,985,101444,41094,15,508710.00,18313.56,0.00,0.00,0.00,0.00,18313.56,0.00,'2022-07-29 12:34:17','2022-07-29 12:34:17',NULL),(507,7320,997,101446,41094,15,714473.43,25721.04,0.00,0.00,0.00,0.00,25721.04,0.00,'2022-08-01 10:18:18','2022-08-01 10:18:18',NULL),(508,7320,999,101445,41094,15,0.00,0.00,0.00,0.00,0.00,0.00,0.00,0.00,'2022-08-02 09:33:20','2022-08-02 09:33:20',NULL),(513,7320,1009,101447,41094,15,177866.10,6403.18,0.00,0.00,0.00,0.00,6403.18,0.00,'2022-08-02 10:31:03','2022-08-02 10:31:03',NULL);
INSERT INTO `period_liquidation_iibb` VALUES (515,7320,1013,101448,41094,15,79685.95,2868.69,0.00,0.00,0.00,0.00,2868.69,0.00,'2022-08-02 10:56:30','2022-08-02 10:56:30',NULL),(526,7308,1035,63638,40769,15,13293768.55,0.00,0.00,0.00,0.00,0.00,0.00,0.00,'2022-08-02 12:12:22','2022-08-02 12:12:22',NULL),(555,7308,1093,77273,40778,15,4744721.16,0.00,0.00,0.00,811.41,0.00,0.00,811.41,'2022-08-04 08:50:13','2022-08-04 08:50:13',NULL);

--
-- Table structure for table `period_liquidation_iva`
--

CREATE TABLE `period_liquidation_iva` (
  `id` int(10) unsigned NOT NULL AUTO_INCREMENT,
  `user_id` int(10) unsigned DEFAULT NULL,
  `period_liquidation_id` int(10) unsigned NOT NULL,
  `period_id` int(10) unsigned NOT NULL,
  `person_id` int(10) unsigned NOT NULL,
  `total_debit` decimal(16,2) NOT NULL DEFAULT '0.00',
  `total_debito_mis_comp` decimal(16,2) DEFAULT '0.00',
  `total_credit` decimal(16,2) NOT NULL DEFAULT '0.00',
  `credito_fiscal_comp` decimal(16,2) DEFAULT '0.00',
  `total_credito_mis_comp` decimal(16,2) DEFAULT '0.00',
  `reduc_st_mono` decimal(10,2) NOT NULL DEFAULT '0.00',
  `previous_technical` decimal(16,2) NOT NULL DEFAULT '0.00',
  `technical_balance` decimal(16,2) NOT NULL DEFAULT '0.00',
  `previous_free_availability` decimal(16,2) NOT NULL DEFAULT '0.00',
  `retention_amount` decimal(16,2) NOT NULL DEFAULT '0.00',
  `perception_amount` decimal(16,2) NOT NULL DEFAULT '0.00',
  `compensation_amount` decimal(16,2) NOT NULL DEFAULT '0.00',
  `total_perceptions_retentions` decimal(16,2) NOT NULL DEFAULT '0.00',
  `free_availability_balance` decimal(16,2) NOT NULL DEFAULT '0.00',
  `pago_a_cuenta` decimal(16,2) NOT NULL DEFAULT '0.00',
  `negative_amount` decimal(16,2) NOT NULL DEFAULT '0.00',
  `positive_amount` decimal(16,2) NOT NULL DEFAULT '0.00',
  `total_free_availability` decimal(16,2) NOT NULL DEFAULT '0.00',
  `saldo_pago_a_cuenta` decimal(16,2) NOT NULL DEFAULT '0.00',
  `comentarios` text COLLATE utf8mb4_unicode_ci,
  `created_at` timestamp NULL DEFAULT NULL,
  `updated_at` timestamp NULL DEFAULT NULL,
  `deleted_at` timestamp NULL DEFAULT NULL,
  PRIMARY KEY (`id`),
  KEY `period_liquidation_iva_period_liquidation_id_foreign` (`period_liquidation_id`),
  KEY `period_liquidation_iva_period_id_foreign` (`period_id`),
  KEY `period_liquidation_iva_person_id_foreign` (`person_id`),
  CONSTRAINT `period_liquidation_iva_period_id_foreign` FOREIGN KEY (`period_id`) REFERENCES `periods` (`id`),
  CONSTRAINT `period_liquidation_iva_period_liquidation_id_foreign` FOREIGN KEY (`period_liquidation_id`) REFERENCES `period_liquidations` (`id`),
  CONSTRAINT `period_liquidation_iva_person_id_foreign` FOREIGN KEY (`person_id`) REFERENCES `persons` (`id`)
) ENGINE=InnoDB AUTO_INCREMENT=539 DEFAULT CHARSET=utf8mb4 COLLATE=utf8mb4_unicode_ci;

--
-- Dumping data for table `period_liquidation_iva`
--

INSERT INTO `period_liquidation_iva` VALUES (14,NULL,19,71213,40774,0.00,0.00,0.00,0.00,0.00,0.00,0.00,0.00,0.00,0.00,0.00,0.00,0.00,0.00,0.00,0.00,0.00,0.00,0.00,NULL,'2022-07-11 12:43:10','2022-07-11 12:43:10',NULL),(15,NULL,20,72728,40775,0.00,0.00,0.00,0.00,0.00,0.00,0.00,0.00,0.00,0.00,0.00,0.00,0.00,0.00,0.00,0.00,0.00,0.00,0.00,NULL,'2022-07-11 12:43:10','2022-07-11 12:43:10',NULL),(16,NULL,21,74243,40776,0.00,0.00,0.00,0.00,0.00,0.00,0.00,0.00,0.00,0.00,0.00,0.00,0.00,0.00,0.00,0.00,0.00,0.00,0.00,NULL,'2022-07-11 12:43:10','2022-07-11 12:43:11',NULL),(33,7280,72,8,40719,0.00,0.00,8434.34,0.00,0.00,0.00,0.00,8434.34,0.00,0.00,0.00,0.00,0.00,0.00,0.00,0.00,8434.34,0.00,0.00,NULL,'2022-07-12 19:25:01','2022-07-12 19:25:01',NULL),(47,7320,101,59093,40766,74020.65,0.00,27678.69,0.00,0.00,0.00,0.00,-46341.96,0.00,0.00,2701.29,0.00,2701.29,2701.29,0.00,43640.67,0.00,0.00,0.00,NULL,'2022-07-13 18:40:36','2022-07-13 18:40:36',NULL),(93,7320,198,69698,40773,22443.75,0.00,48604.88,0.00,0.00,0.00,0.00,26161.13,0.00,0.00,0.00,0.00,0.00,0.00,0.00,0.00,26161.13,0.00,0.00,NULL,'2022-07-14 11:22:18','2022-07-14 11:22:18',NULL),(129,7320,271,75758,40777,49691.91,0.00,503.30,0.00,0.00,0.00,0.00,-49188.60,0.00,0.00,0.00,0.00,0.00,0.00,0.00,49188.60,0.00,0.00,0.00,NULL,'2022-07-15 18:07:15','2022-07-15 18:07:15',NULL),(131,7308,276,33337,40745,0.00,0.00,38047.81,0.00,0.00,0.00,0.00,38047.81,0.00,0.00,0.00,0.00,0.00,0.00,0.00,0.00,38047.81,0.00,0.00,NULL,'2022-07-15 18:12:11','2022-07-15 18:12:12',NULL),(172,7320,358,51518,40761,347.11,0.00,12762.78,0.00,0.00,0.00,0.00,12415.67,0.00,0.00,0.00,0.00,0.00,0.00,0.00,0.00,12415.67,0.00,0.00,NULL,'2022-07-18 12:14:03','2022-07-18 12:14:04',NULL),(177,7320,368,84828,40953,130571.34,0.00,0.00,0.00,0.00,0.00,0.00,-130571.34,0.00,0.00,0.00,0.00,0.00,0.00,0.00,130571.34,0.00,0.00,0.00,NULL,'2022-07-19 10:31:12','2022-07-19 10:31:13',NULL),(188,7308,391,7581,40724,0.00,0.00,14831.46,0.00,0.00,0.00,0.00,14831.46,0.00,0.00,0.00,0.00,0.00,0.00,0.00,0.00,14831.46,0.00,0.00,NULL,'2022-07-19 11:07:28','2022-07-19 11:07:29',NULL),(189,7308,393,7579,40724,0.00,0.00,8426.80,0.00,0.00,0.00,0.00,8426.80,0.00,0.00,0.00,0.00,0.00,0.00,0.00,0.00,8426.80,0.00,0.00,NULL,'2022-07-19 11:08:17','2022-07-19 11:08:17',NULL),(233,7308,481,66668,40771,22343.30,0.00,1423.61,0.00,0.00,0.00,0.00,-20919.70,0.00,0.00,0.00,0.00,0.00,0.00,0.00,20919.70,0.00,0.00,0.00,NULL,'2022-07-19 13:10:05','2022-07-19 13:10:06',NULL),(244,7308,503,7582,40724,0.00,0.00,64275.32,0.00,0.00,0.00,14831.46,79106.78,0.00,0.00,0.00,0.00,0.00,0.00,0.00,0.00,79106.78,0.00,0.00,NULL,'2022-07-19 15:43:51','2022-07-19 15:43:52',NULL),(252,7308,519,7583,40724,2053312.74,0.00,3635887.41,0.00,0.00,0.00,79106.78,1661681.45,0.00,0.00,135.24,0.00,135.24,135.24,0.00,0.00,1661681.45,135.24,0.00,NULL,'2022-07-19 15:48:56','2022-07-19 15:48:57',NULL),(272,7320,559,80298,40780,310878.10,0.00,200712.93,0.00,0.00,0.00,0.00,-110165.17,0.00,0.00,2440.30,0.00,2440.30,2440.30,0.00,107724.87,0.00,0.00,0.00,'a','2022-07-19 16:16:33','2022-07-19 17:15:08',NULL),(334,7308,683,95389,41007,260632.56,0.00,307245.66,0.00,0.00,0.00,0.00,46613.10,0.00,0.00,485.84,0.00,485.84,485.84,0.00,0.00,46613.10,485.84,0.00,NULL,'2022-07-19 22:04:31','2022-07-19 22:04:32',NULL),(365,7320,745,57578,40765,9000.51,0.00,42601.11,0.00,0.00,0.00,0.00,33600.60,0.00,0.00,1202.69,0.00,1202.69,1202.69,0.00,0.00,33600.60,1202.69,0.00,'qweq','2022-07-20 10:35:37','2022-07-20 10:50:27',NULL),(389,7308,796,98419,40820,140910.00,0.00,74707.81,0.00,0.00,0.00,0.00,-66202.19,0.00,0.00,0.00,0.00,0.00,0.00,0.00,66202.19,0.00,0.00,0.00,NULL,'2022-07-21 21:21:02','2022-07-21 21:21:03',NULL),(393,7308,804,56063,40764,0.00,0.00,55316.35,0.00,0.00,0.00,0.00,55316.35,0.00,0.00,0.00,0.00,0.00,0.00,0.00,0.00,55316.35,0.00,0.00,NULL,'2022-07-21 22:02:53','2022-07-21 22:02:53',NULL),(406,7320,830,83320,40839,32381.69,0.00,19190.98,0.00,0.00,0.00,0.00,-13190.71,0.00,0.00,87.00,0.00,87.00,87.00,0.00,13103.71,0.00,0.00,0.00,NULL,'2022-07-22 17:16:17','2022-07-22 17:16:18',NULL);
INSERT INTO `period_liquidation_iva` VALUES (411,7308,840,54548,40763,607.53,0.00,139989.56,0.00,0.00,0.00,0.00,139382.03,0.00,0.00,4015.62,0.00,4015.62,4015.62,0.00,0.00,139382.03,4015.62,0.00,NULL,'2022-07-22 21:47:13','2022-07-22 21:47:13',NULL),(415,7308,848,99934,41063,23858.68,0.00,94098.90,0.00,0.00,0.00,0.00,70240.22,0.00,0.00,0.00,0.00,0.00,0.00,0.00,0.00,70240.22,0.00,0.00,NULL,'2022-07-22 23:56:01','2022-07-22 23:56:01',NULL),(479,7320,974,68183,40772,93597.16,0.00,87666.65,0.00,0.00,0.00,0.00,-5930.51,0.00,0.00,0.00,0.00,0.00,0.00,0.00,5930.51,0.00,0.00,0.00,'Tiene retenciones que no estan en los comprobantes','2022-07-27 12:02:03','2022-07-27 12:17:10',NULL),(484,7320,984,101444,41094,0.00,0.00,259771.83,0.00,0.00,0.00,0.00,259771.83,0.00,0.00,0.00,0.00,0.00,0.00,0.00,0.00,259771.83,0.00,0.00,NULL,'2022-07-29 12:34:17','2022-07-29 12:34:17',NULL),(490,7320,996,101446,41094,150039.42,0.00,43874.94,0.00,0.00,0.00,318699.90,212535.42,0.00,0.00,0.00,0.00,0.00,0.00,0.00,0.00,212535.42,0.00,0.00,NULL,'2022-08-01 10:18:17','2022-08-01 10:18:18',NULL),(491,7320,998,101445,41094,0.00,0.00,58928.07,0.00,0.00,0.00,259771.83,318699.90,0.00,0.00,0.00,0.00,0.00,0.00,0.00,0.00,318699.90,0.00,0.00,NULL,'2022-08-02 09:33:19','2022-08-02 09:33:20',NULL),(496,7320,1008,101447,41094,37351.88,0.00,20392.63,0.00,0.00,0.00,212535.42,195576.17,0.00,0.00,0.00,0.00,0.00,0.00,0.00,0.00,195576.17,0.00,0.00,NULL,'2022-08-02 10:31:02','2022-08-02 10:31:03',NULL),(498,7320,1012,101448,41094,16734.05,0.00,8851.06,0.00,0.00,0.00,195576.17,187693.18,0.00,0.00,0.00,0.00,0.00,0.00,0.00,0.00,187693.18,0.00,0.00,NULL,'2022-08-02 10:56:29','2022-08-02 10:56:30',NULL),(509,7308,1034,63638,40769,1717365.63,0.00,3890869.66,0.00,0.00,0.00,0.00,2173504.04,0.00,0.00,266.71,0.00,266.71,266.71,0.00,0.00,2173504.04,266.71,0.00,NULL,'2022-08-02 12:12:22','2022-08-02 12:12:22',NULL),(538,7308,1092,77273,40778,518286.30,0.00,227450.69,0.00,0.00,0.00,0.00,-290835.61,0.00,0.00,611.09,0.00,611.09,611.09,0.00,290224.52,0.00,0.00,0.00,NULL,'2022-08-04 08:50:12','2022-08-04 08:50:13',NULL);

--
-- Table structure for table `period_liquidation_iva_details`
--

CREATE TABLE `period_liquidation_iva_details` (
  `id` int(10) unsigned NOT NULL AUTO_INCREMENT,
  `user_id` int(10) unsigned DEFAULT NULL,
  `period_liquidation_id` int(10) unsigned NOT NULL,
  `period_liquidation_iva_id` int(10) unsigned NOT NULL,
  `period_id` int(10) unsigned NOT NULL,
  `person_id` int(10) unsigned NOT NULL,
  `activity_id` int(10) unsigned DEFAULT NULL,
  `iva_creditos_tipo_id` int(10) unsigned NOT NULL DEFAULT '1',
  `type` int(10) unsigned NOT NULL,
  `tax_id` int(10) unsigned NOT NULL DEFAULT '0',
  `taxabled_amount` decimal(16,2) NOT NULL DEFAULT '0.00',
  `iva_amount` decimal(16,2) NOT NULL DEFAULT '0.00',
  `created_at` timestamp NULL DEFAULT NULL,
  `updated_at` timestamp NULL DEFAULT NULL,
  `ordr` int(10) unsigned DEFAULT NULL,
  `deleted_at` timestamp NULL DEFAULT NULL,
  PRIMARY KEY (`id`),
  KEY `period_liquidation_iva_details_period_liquidation_iva_id_foreign` (`period_liquidation_iva_id`),
  KEY `period_liquidation_iva_details_period_liquidation_id_foreign` (`period_liquidation_id`),
  KEY `period_liquidation_iva_details_period_id_foreign` (`period_id`),
  KEY `period_liquidation_iva_details_person_id_foreign` (`person_id`),
  KEY `period_liquidation_iva_details_activity_id_foreign` (`activity_id`),
  KEY `period_liquidation_iva_details_iva_creditos_tipo_id_foreign` (`iva_creditos_tipo_id`),
  CONSTRAINT `period_liquidation_iva_details_activity_id_foreign` FOREIGN KEY (`activity_id`) REFERENCES `activities` (`id`),
  CONSTRAINT `period_liquidation_iva_details_iva_creditos_tipo_id_foreign` FOREIGN KEY (`iva_creditos_tipo_id`) REFERENCES `iva_creditos_tipos` (`id`),
  CONSTRAINT `period_liquidation_iva_details_period_id_foreign` FOREIGN KEY (`period_id`) REFERENCES `periods` (`id`),
  CONSTRAINT `period_liquidation_iva_details_period_liquidation_id_foreign` FOREIGN KEY (`period_liquidation_id`) REFERENCES `period_liquidations` (`id`),
  CONSTRAINT `period_liquidation_iva_details_period_liquidation_iva_id_foreign` FOREIGN KEY (`period_liquidation_iva_id`) REFERENCES `period_liquidation_iva` (`id`),
  CONSTRAINT `period_liquidation_iva_details_person_id_foreign` FOREIGN KEY (`person_id`) REFERENCES `persons` (`id`)
) ENGINE=InnoDB AUTO_INCREMENT=148227 DEFAULT CHARSET=utf8mb4 COLLATE=utf8mb4_unicode_ci;

--
-- Dumping data for table `period_liquidation_iva_details`
--

INSERT INTO `period_liquidation_iva_details` VALUES (3485,NULL,19,14,71213,40774,904,1,1,3,0.00,0.00,'2022-07-11 12:43:10','2022-07-11 12:43:10',1,NULL),(3486,NULL,19,14,71213,40774,707,1,1,3,0.00,0.00,'2022-07-11 12:43:10','2022-07-11 12:43:10',1,NULL),(3487,NULL,19,14,71213,40774,707,1,1,2,0.00,0.00,'2022-07-11 12:43:10','2022-07-11 12:43:10',1,NULL),(3488,NULL,19,14,71213,40774,904,1,1,2,0.00,0.00,'2022-07-11 12:43:10','2022-07-11 12:43:10',1,NULL),(3489,NULL,19,14,71213,40774,904,1,1,1,0.00,0.00,'2022-07-11 12:43:10','2022-07-11 12:43:10',1,NULL),(3490,NULL,19,14,71213,40774,707,1,1,1,0.00,0.00,'2022-07-11 12:43:10','2022-07-11 12:43:10',1,NULL),(3491,NULL,19,14,71213,40774,904,1,1,5,0.00,0.00,'2022-07-11 12:43:10','2022-07-11 12:43:10',1,NULL),(3492,NULL,19,14,71213,40774,707,1,1,5,0.00,0.00,'2022-07-11 12:43:10','2022-07-11 12:43:10',1,NULL),(3493,NULL,19,14,71213,40774,904,1,1,4,0.00,0.00,'2022-07-11 12:43:10','2022-07-11 12:43:10',1,NULL),(3494,NULL,19,14,71213,40774,707,1,1,4,0.00,0.00,'2022-07-11 12:43:10','2022-07-11 12:43:10',1,NULL),(3495,NULL,19,14,71213,40774,707,1,1,8,0.00,0.00,'2022-07-11 12:43:10','2022-07-11 12:43:10',1,NULL),(3496,NULL,19,14,71213,40774,904,1,1,8,0.00,0.00,'2022-07-11 12:43:10','2022-07-11 12:43:10',1,NULL),(3497,NULL,19,14,71213,40774,904,1,1,3,0.00,0.00,'2022-07-11 12:43:10','2022-07-11 12:43:10',2,NULL),(3498,NULL,19,14,71213,40774,707,1,1,3,0.00,0.00,'2022-07-11 12:43:10','2022-07-11 12:43:10',2,NULL),(3499,NULL,19,14,71213,40774,904,1,1,2,0.00,0.00,'2022-07-11 12:43:10','2022-07-11 12:43:10',2,NULL),(3500,NULL,19,14,71213,40774,707,1,1,2,0.00,0.00,'2022-07-11 12:43:10','2022-07-11 12:43:10',2,NULL),(3501,NULL,19,14,71213,40774,707,1,1,1,0.00,0.00,'2022-07-11 12:43:10','2022-07-11 12:43:10',2,NULL),(3502,NULL,19,14,71213,40774,904,1,1,1,0.00,0.00,'2022-07-11 12:43:10','2022-07-11 12:43:10',2,NULL),(3503,NULL,19,14,71213,40774,707,1,1,5,0.00,0.00,'2022-07-11 12:43:10','2022-07-11 12:43:10',2,NULL),(3504,NULL,19,14,71213,40774,904,1,1,5,0.00,0.00,'2022-07-11 12:43:10','2022-07-11 12:43:10',2,NULL),(3505,NULL,19,14,71213,40774,904,1,1,4,0.00,0.00,'2022-07-11 12:43:10','2022-07-11 12:43:10',2,NULL),(3506,NULL,19,14,71213,40774,707,1,1,4,0.00,0.00,'2022-07-11 12:43:10','2022-07-11 12:43:10',2,NULL),(3507,NULL,19,14,71213,40774,904,1,1,8,0.00,0.00,'2022-07-11 12:43:10','2022-07-11 12:43:10',2,NULL),(3508,NULL,19,14,71213,40774,707,1,1,8,0.00,0.00,'2022-07-11 12:43:10','2022-07-11 12:43:10',2,NULL),(3509,NULL,19,14,71213,40774,904,1,1,6,0.00,0.00,'2022-07-11 12:43:10','2022-07-11 12:43:10',3,NULL),(3510,NULL,19,14,71213,40774,904,1,1,7,0.00,0.00,'2022-07-11 12:43:10','2022-07-11 12:43:10',3,NULL),(3511,NULL,19,14,71213,40774,707,1,1,6,0.00,0.00,'2022-07-11 12:43:10','2022-07-11 12:43:10',3,NULL),(3512,NULL,19,14,71213,40774,707,1,1,7,0.00,0.00,'2022-07-11 12:43:10','2022-07-11 12:43:10',3,NULL),(3513,NULL,19,14,71213,40774,707,1,1,3,0.00,0.00,'2022-07-11 12:43:10','2022-07-11 12:43:10',4,NULL),(3514,NULL,19,14,71213,40774,904,1,1,3,0.00,0.00,'2022-07-11 12:43:10','2022-07-11 12:43:10',4,NULL),(3515,NULL,19,14,71213,40774,904,1,1,2,0.00,0.00,'2022-07-11 12:43:10','2022-07-11 12:43:10',4,NULL),(3516,NULL,19,14,71213,40774,707,1,1,2,0.00,0.00,'2022-07-11 12:43:10','2022-07-11 12:43:10',4,NULL),(3517,NULL,19,14,71213,40774,707,1,1,1,0.00,0.00,'2022-07-11 12:43:10','2022-07-11 12:43:10',4,NULL),(3518,NULL,19,14,71213,40774,904,1,1,1,0.00,0.00,'2022-07-11 12:43:10','2022-07-11 12:43:10',4,NULL),(3519,NULL,19,14,71213,40774,904,1,1,5,0.00,0.00,'2022-07-11 12:43:10','2022-07-11 12:43:10',4,NULL),(3520,NULL,19,14,71213,40774,707,1,1,5,0.00,0.00,'2022-07-11 12:43:10','2022-07-11 12:43:10',4,NULL),(3521,NULL,19,14,71213,40774,707,1,1,4,0.00,0.00,'2022-07-11 12:43:10','2022-07-11 12:43:10',4,NULL),(3522,NULL,19,14,71213,40774,904,1,1,4,0.00,0.00,'2022-07-11 12:43:10','2022-07-11 12:43:10',4,NULL),(3523,NULL,19,14,71213,40774,707,1,1,6,0.00,0.00,'2022-07-11 12:43:10','2022-07-11 12:43:10',4,NULL);
INSERT INTO `period_liquidation_iva_details` VALUES (3524,NULL,19,14,71213,40774,904,1,1,6,0.00,0.00,'2022-07-11 12:43:10','2022-07-11 12:43:10',4,NULL),(3525,NULL,19,14,71213,40774,707,1,1,7,0.00,0.00,'2022-07-11 12:43:10','2022-07-11 12:43:10',4,NULL),(3526,NULL,19,14,71213,40774,904,1,1,7,0.00,0.00,'2022-07-11 12:43:10','2022-07-11 12:43:10',4,NULL),(3527,NULL,19,14,71213,40774,707,1,1,8,0.00,0.00,'2022-07-11 12:43:10','2022-07-11 12:43:10',4,NULL),(3528,NULL,19,14,71213,40774,904,1,1,8,0.00,0.00,'2022-07-11 12:43:10','2022-07-11 12:43:10',4,NULL),(3529,NULL,19,14,71213,40774,1,7,2,3,0.00,0.00,'2022-07-11 12:43:10','2022-07-11 12:43:10',5,NULL),(3530,NULL,19,14,71213,40774,1,11,2,3,0.00,0.00,'2022-07-11 12:43:10','2022-07-11 12:43:10',5,NULL),(3531,NULL,19,14,71213,40774,1,2,2,3,0.00,0.00,'2022-07-11 12:43:10','2022-07-11 12:43:10',5,NULL),(3532,NULL,19,14,71213,40774,1,12,2,3,0.00,0.00,'2022-07-11 12:43:10','2022-07-11 12:43:10',5,NULL),(3533,NULL,19,14,71213,40774,1,8,2,3,0.00,0.00,'2022-07-11 12:43:10','2022-07-11 12:43:10',5,NULL),(3534,NULL,19,14,71213,40774,1,3,2,3,0.00,0.00,'2022-07-11 12:43:10','2022-07-11 12:43:10',5,NULL),(3535,NULL,19,14,71213,40774,1,5,2,3,0.00,0.00,'2022-07-11 12:43:10','2022-07-11 12:43:10',5,NULL),(3536,NULL,19,14,71213,40774,1,13,2,3,0.00,0.00,'2022-07-11 12:43:10','2022-07-11 12:43:10',5,NULL),(3537,NULL,19,14,71213,40774,1,9,2,3,0.00,0.00,'2022-07-11 12:43:10','2022-07-11 12:43:10',5,NULL),(3538,NULL,19,14,71213,40774,1,4,2,3,0.00,0.00,'2022-07-11 12:43:10','2022-07-11 12:43:10',5,NULL),(3539,NULL,19,14,71213,40774,1,6,2,3,0.00,0.00,'2022-07-11 12:43:10','2022-07-11 12:43:10',5,NULL),(3540,NULL,19,14,71213,40774,1,14,2,3,0.00,0.00,'2022-07-11 12:43:10','2022-07-11 12:43:10',5,NULL),(3541,NULL,19,14,71213,40774,1,10,2,3,0.00,0.00,'2022-07-11 12:43:10','2022-07-11 12:43:10',5,NULL),(3542,NULL,19,14,71213,40774,1,1,2,3,0.00,0.00,'2022-07-11 12:43:10','2022-07-11 12:43:10',5,NULL),(3543,NULL,19,14,71213,40774,1,3,2,2,0.00,0.00,'2022-07-11 12:43:10','2022-07-11 12:43:10',5,NULL),(3544,NULL,19,14,71213,40774,1,5,2,2,0.00,0.00,'2022-07-11 12:43:10','2022-07-11 12:43:10',5,NULL),(3545,NULL,19,14,71213,40774,1,13,2,2,0.00,0.00,'2022-07-11 12:43:10','2022-07-11 12:43:10',5,NULL),(3546,NULL,19,14,71213,40774,1,9,2,2,0.00,0.00,'2022-07-11 12:43:10','2022-07-11 12:43:10',5,NULL),(3547,NULL,19,14,71213,40774,1,4,2,2,0.00,0.00,'2022-07-11 12:43:10','2022-07-11 12:43:10',5,NULL),(3548,NULL,19,14,71213,40774,1,6,2,2,0.00,0.00,'2022-07-11 12:43:10','2022-07-11 12:43:10',5,NULL),(3549,NULL,19,14,71213,40774,1,14,2,2,0.00,0.00,'2022-07-11 12:43:10','2022-07-11 12:43:10',5,NULL),(3550,NULL,19,14,71213,40774,1,10,2,2,0.00,0.00,'2022-07-11 12:43:10','2022-07-11 12:43:10',5,NULL),(3551,NULL,19,14,71213,40774,1,1,2,2,0.00,0.00,'2022-07-11 12:43:10','2022-07-11 12:43:10',5,NULL),(3552,NULL,19,14,71213,40774,1,7,2,2,0.00,0.00,'2022-07-11 12:43:10','2022-07-11 12:43:10',5,NULL),(3553,NULL,19,14,71213,40774,1,11,2,2,0.00,0.00,'2022-07-11 12:43:10','2022-07-11 12:43:10',5,NULL),(3554,NULL,19,14,71213,40774,1,2,2,2,0.00,0.00,'2022-07-11 12:43:10','2022-07-11 12:43:10',5,NULL),(3555,NULL,19,14,71213,40774,1,12,2,2,0.00,0.00,'2022-07-11 12:43:10','2022-07-11 12:43:10',5,NULL),(3556,NULL,19,14,71213,40774,1,8,2,2,0.00,0.00,'2022-07-11 12:43:10','2022-07-11 12:43:10',5,NULL),(3557,NULL,19,14,71213,40774,1,4,2,1,0.00,0.00,'2022-07-11 12:43:10','2022-07-11 12:43:10',5,NULL),(3558,NULL,19,14,71213,40774,1,6,2,1,0.00,0.00,'2022-07-11 12:43:10','2022-07-11 12:43:10',5,NULL),(3559,NULL,19,14,71213,40774,1,14,2,1,0.00,0.00,'2022-07-11 12:43:10','2022-07-11 12:43:10',5,NULL),(3560,NULL,19,14,71213,40774,1,10,2,1,0.00,0.00,'2022-07-11 12:43:10','2022-07-11 12:43:10',5,NULL),(3561,NULL,19,14,71213,40774,1,1,2,1,0.00,0.00,'2022-07-11 12:43:10','2022-07-11 12:43:10',5,NULL),(3562,NULL,19,14,71213,40774,1,7,2,1,0.00,0.00,'2022-07-11 12:43:10','2022-07-11 12:43:10',5,NULL),(3563,NULL,19,14,71213,40774,1,11,2,1,0.00,0.00,'2022-07-11 12:43:10','2022-07-11 12:43:10',5,NULL);
INSERT INTO `period_liquidation_iva_details` VALUES (3564,NULL,19,14,71213,40774,1,2,2,1,0.00,0.00,'2022-07-11 12:43:10','2022-07-11 12:43:10',5,NULL),(3565,NULL,19,14,71213,40774,1,12,2,1,0.00,0.00,'2022-07-11 12:43:10','2022-07-11 12:43:10',5,NULL),(3566,NULL,19,14,71213,40774,1,8,2,1,0.00,0.00,'2022-07-11 12:43:10','2022-07-11 12:43:10',5,NULL),(3567,NULL,19,14,71213,40774,1,3,2,1,0.00,0.00,'2022-07-11 12:43:10','2022-07-11 12:43:10',5,NULL),(3568,NULL,19,14,71213,40774,1,5,2,1,0.00,0.00,'2022-07-11 12:43:10','2022-07-11 12:43:10',5,NULL),(3569,NULL,19,14,71213,40774,1,13,2,1,0.00,0.00,'2022-07-11 12:43:10','2022-07-11 12:43:10',5,NULL),(3570,NULL,19,14,71213,40774,1,9,2,1,0.00,0.00,'2022-07-11 12:43:10','2022-07-11 12:43:10',5,NULL),(3571,NULL,19,14,71213,40774,1,3,2,5,0.00,0.00,'2022-07-11 12:43:10','2022-07-11 12:43:10',5,NULL),(3572,NULL,19,14,71213,40774,1,5,2,5,0.00,0.00,'2022-07-11 12:43:10','2022-07-11 12:43:10',5,NULL),(3573,NULL,19,14,71213,40774,1,13,2,5,0.00,0.00,'2022-07-11 12:43:10','2022-07-11 12:43:10',5,NULL),(3574,NULL,19,14,71213,40774,1,9,2,5,0.00,0.00,'2022-07-11 12:43:10','2022-07-11 12:43:10',5,NULL),(3575,NULL,19,14,71213,40774,1,4,2,5,0.00,0.00,'2022-07-11 12:43:10','2022-07-11 12:43:10',5,NULL),(3576,NULL,19,14,71213,40774,1,6,2,5,0.00,0.00,'2022-07-11 12:43:10','2022-07-11 12:43:10',5,NULL),(3577,NULL,19,14,71213,40774,1,14,2,5,0.00,0.00,'2022-07-11 12:43:10','2022-07-11 12:43:10',5,NULL),(3578,NULL,19,14,71213,40774,1,10,2,5,0.00,0.00,'2022-07-11 12:43:10','2022-07-11 12:43:10',5,NULL),(3579,NULL,19,14,71213,40774,1,1,2,5,0.00,0.00,'2022-07-11 12:43:10','2022-07-11 12:43:10',5,NULL),(3580,NULL,19,14,71213,40774,1,11,2,5,0.00,0.00,'2022-07-11 12:43:10','2022-07-11 12:43:10',5,NULL),(3581,NULL,19,14,71213,40774,1,7,2,5,0.00,0.00,'2022-07-11 12:43:10','2022-07-11 12:43:10',5,NULL),(3582,NULL,19,14,71213,40774,1,2,2,5,0.00,0.00,'2022-07-11 12:43:10','2022-07-11 12:43:10',5,NULL),(3583,NULL,19,14,71213,40774,1,12,2,5,0.00,0.00,'2022-07-11 12:43:10','2022-07-11 12:43:10',5,NULL),(3584,NULL,19,14,71213,40774,1,8,2,5,0.00,0.00,'2022-07-11 12:43:10','2022-07-11 12:43:10',5,NULL),(3585,NULL,19,14,71213,40774,1,6,2,4,0.00,0.00,'2022-07-11 12:43:10','2022-07-11 12:43:10',5,NULL),(3586,NULL,19,14,71213,40774,1,14,2,4,0.00,0.00,'2022-07-11 12:43:10','2022-07-11 12:43:10',5,NULL),(3587,NULL,19,14,71213,40774,1,10,2,4,0.00,0.00,'2022-07-11 12:43:10','2022-07-11 12:43:10',5,NULL),(3588,NULL,19,14,71213,40774,1,1,2,4,0.00,0.00,'2022-07-11 12:43:10','2022-07-11 12:43:10',5,NULL),(3589,NULL,19,14,71213,40774,1,7,2,4,0.00,0.00,'2022-07-11 12:43:10','2022-07-11 12:43:10',5,NULL),(3590,NULL,19,14,71213,40774,1,11,2,4,0.00,0.00,'2022-07-11 12:43:10','2022-07-11 12:43:10',5,NULL),(3591,NULL,19,14,71213,40774,1,2,2,4,0.00,0.00,'2022-07-11 12:43:10','2022-07-11 12:43:10',5,NULL),(3592,NULL,19,14,71213,40774,1,12,2,4,0.00,0.00,'2022-07-11 12:43:10','2022-07-11 12:43:10',5,NULL),(3593,NULL,19,14,71213,40774,1,8,2,4,0.00,0.00,'2022-07-11 12:43:10','2022-07-11 12:43:10',5,NULL),(3594,NULL,19,14,71213,40774,1,3,2,4,0.00,0.00,'2022-07-11 12:43:10','2022-07-11 12:43:10',5,NULL),(3595,NULL,19,14,71213,40774,1,5,2,4,0.00,0.00,'2022-07-11 12:43:10','2022-07-11 12:43:10',5,NULL),(3596,NULL,19,14,71213,40774,1,13,2,4,0.00,0.00,'2022-07-11 12:43:10','2022-07-11 12:43:10',5,NULL),(3597,NULL,19,14,71213,40774,1,9,2,4,0.00,0.00,'2022-07-11 12:43:10','2022-07-11 12:43:10',5,NULL),(3598,NULL,19,14,71213,40774,1,4,2,4,0.00,0.00,'2022-07-11 12:43:10','2022-07-11 12:43:10',5,NULL),(3599,NULL,19,14,71213,40774,1,2,2,6,0.00,0.00,'2022-07-11 12:43:10','2022-07-11 12:43:10',5,NULL),(3600,NULL,19,14,71213,40774,1,1,2,7,0.00,0.00,'2022-07-11 12:43:10','2022-07-11 12:43:10',5,NULL),(3601,NULL,19,14,71213,40774,1,4,2,8,0.00,0.00,'2022-07-11 12:43:10','2022-07-11 12:43:10',5,NULL),(3602,NULL,19,14,71213,40774,1,12,2,6,0.00,0.00,'2022-07-11 12:43:10','2022-07-11 12:43:10',5,NULL),(3603,NULL,19,14,71213,40774,1,8,2,6,0.00,0.00,'2022-07-11 12:43:10','2022-07-11 12:43:10',5,NULL);
INSERT INTO `period_liquidation_iva_details` VALUES (3604,NULL,19,14,71213,40774,1,11,2,7,0.00,0.00,'2022-07-11 12:43:10','2022-07-11 12:43:10',5,NULL),(3605,NULL,19,14,71213,40774,1,7,2,7,0.00,0.00,'2022-07-11 12:43:10','2022-07-11 12:43:10',5,NULL),(3606,NULL,19,14,71213,40774,1,6,2,8,0.00,0.00,'2022-07-11 12:43:10','2022-07-11 12:43:10',5,NULL),(3607,NULL,19,14,71213,40774,1,14,2,8,0.00,0.00,'2022-07-11 12:43:10','2022-07-11 12:43:10',5,NULL),(3608,NULL,19,14,71213,40774,1,10,2,8,0.00,0.00,'2022-07-11 12:43:10','2022-07-11 12:43:10',5,NULL),(3609,NULL,19,14,71213,40774,1,3,2,6,0.00,0.00,'2022-07-11 12:43:10','2022-07-11 12:43:10',5,NULL),(3610,NULL,19,14,71213,40774,1,2,2,7,0.00,0.00,'2022-07-11 12:43:10','2022-07-11 12:43:10',5,NULL),(3611,NULL,19,14,71213,40774,1,5,2,6,0.00,0.00,'2022-07-11 12:43:10','2022-07-11 12:43:10',5,NULL),(3612,NULL,19,14,71213,40774,1,13,2,6,0.00,0.00,'2022-07-11 12:43:10','2022-07-11 12:43:10',5,NULL),(3613,NULL,19,14,71213,40774,1,1,2,8,0.00,0.00,'2022-07-11 12:43:10','2022-07-11 12:43:10',5,NULL),(3614,NULL,19,14,71213,40774,1,9,2,6,0.00,0.00,'2022-07-11 12:43:10','2022-07-11 12:43:10',5,NULL),(3615,NULL,19,14,71213,40774,1,12,2,7,0.00,0.00,'2022-07-11 12:43:10','2022-07-11 12:43:10',5,NULL),(3616,NULL,19,14,71213,40774,1,8,2,7,0.00,0.00,'2022-07-11 12:43:10','2022-07-11 12:43:10',5,NULL),(3617,NULL,19,14,71213,40774,1,11,2,8,0.00,0.00,'2022-07-11 12:43:10','2022-07-11 12:43:10',5,NULL),(3618,NULL,19,14,71213,40774,1,7,2,8,0.00,0.00,'2022-07-11 12:43:10','2022-07-11 12:43:10',5,NULL),(3619,NULL,19,14,71213,40774,1,4,2,6,0.00,0.00,'2022-07-11 12:43:10','2022-07-11 12:43:10',5,NULL),(3620,NULL,19,14,71213,40774,1,3,2,7,0.00,0.00,'2022-07-11 12:43:10','2022-07-11 12:43:10',5,NULL),(3621,NULL,19,14,71213,40774,1,6,2,6,0.00,0.00,'2022-07-11 12:43:10','2022-07-11 12:43:10',5,NULL),(3622,NULL,19,14,71213,40774,1,14,2,6,0.00,0.00,'2022-07-11 12:43:10','2022-07-11 12:43:10',5,NULL),(3623,NULL,19,14,71213,40774,1,2,2,8,0.00,0.00,'2022-07-11 12:43:10','2022-07-11 12:43:10',5,NULL),(3624,NULL,19,14,71213,40774,1,10,2,6,0.00,0.00,'2022-07-11 12:43:10','2022-07-11 12:43:10',5,NULL),(3625,NULL,19,14,71213,40774,1,5,2,7,0.00,0.00,'2022-07-11 12:43:10','2022-07-11 12:43:10',5,NULL),(3626,NULL,19,14,71213,40774,1,13,2,7,0.00,0.00,'2022-07-11 12:43:10','2022-07-11 12:43:10',5,NULL),(3627,NULL,19,14,71213,40774,1,9,2,7,0.00,0.00,'2022-07-11 12:43:10','2022-07-11 12:43:10',5,NULL),(3628,NULL,19,14,71213,40774,1,12,2,8,0.00,0.00,'2022-07-11 12:43:10','2022-07-11 12:43:10',5,NULL),(3629,NULL,19,14,71213,40774,1,8,2,8,0.00,0.00,'2022-07-11 12:43:10','2022-07-11 12:43:10',5,NULL),(3630,NULL,19,14,71213,40774,1,1,2,6,0.00,0.00,'2022-07-11 12:43:10','2022-07-11 12:43:10',5,NULL),(3631,NULL,19,14,71213,40774,1,4,2,7,0.00,0.00,'2022-07-11 12:43:10','2022-07-11 12:43:10',5,NULL),(3632,NULL,19,14,71213,40774,1,11,2,6,0.00,0.00,'2022-07-11 12:43:10','2022-07-11 12:43:10',5,NULL),(3633,NULL,19,14,71213,40774,1,7,2,6,0.00,0.00,'2022-07-11 12:43:10','2022-07-11 12:43:10',5,NULL),(3634,NULL,19,14,71213,40774,1,3,2,8,0.00,0.00,'2022-07-11 12:43:10','2022-07-11 12:43:10',5,NULL),(3635,NULL,19,14,71213,40774,1,6,2,7,0.00,0.00,'2022-07-11 12:43:10','2022-07-11 12:43:10',5,NULL),(3636,NULL,19,14,71213,40774,1,14,2,7,0.00,0.00,'2022-07-11 12:43:10','2022-07-11 12:43:10',5,NULL),(3637,NULL,19,14,71213,40774,1,10,2,7,0.00,0.00,'2022-07-11 12:43:10','2022-07-11 12:43:10',5,NULL),(3638,NULL,19,14,71213,40774,1,5,2,8,0.00,0.00,'2022-07-11 12:43:10','2022-07-11 12:43:10',5,NULL),(3639,NULL,19,14,71213,40774,1,13,2,8,0.00,0.00,'2022-07-11 12:43:10','2022-07-11 12:43:10',5,NULL),(3640,NULL,19,14,71213,40774,1,9,2,8,0.00,0.00,'2022-07-11 12:43:10','2022-07-11 12:43:10',5,NULL),(3641,NULL,19,14,71213,40774,1,2,2,3,0.00,0.00,'2022-07-11 12:43:10','2022-07-11 12:43:10',6,NULL),(3642,NULL,19,14,71213,40774,1,5,2,3,0.00,0.00,'2022-07-11 12:43:10','2022-07-11 12:43:10',6,NULL),(3643,NULL,19,14,71213,40774,1,8,2,3,0.00,0.00,'2022-07-11 12:43:10','2022-07-11 12:43:10',6,NULL);
INSERT INTO `period_liquidation_iva_details` VALUES (3644,NULL,19,14,71213,40774,1,11,2,3,0.00,0.00,'2022-07-11 12:43:10','2022-07-11 12:43:10',6,NULL),(3645,NULL,19,14,71213,40774,1,14,2,3,0.00,0.00,'2022-07-11 12:43:10','2022-07-11 12:43:10',6,NULL),(3646,NULL,19,14,71213,40774,1,1,2,3,0.00,0.00,'2022-07-11 12:43:10','2022-07-11 12:43:10',6,NULL),(3647,NULL,19,14,71213,40774,1,4,2,3,0.00,0.00,'2022-07-11 12:43:10','2022-07-11 12:43:10',6,NULL),(3648,NULL,19,14,71213,40774,1,7,2,3,0.00,0.00,'2022-07-11 12:43:10','2022-07-11 12:43:10',6,NULL),(3649,NULL,19,14,71213,40774,1,10,2,3,0.00,0.00,'2022-07-11 12:43:10','2022-07-11 12:43:10',6,NULL),(3650,NULL,19,14,71213,40774,1,13,2,3,0.00,0.00,'2022-07-11 12:43:10','2022-07-11 12:43:10',6,NULL),(3651,NULL,19,14,71213,40774,1,3,2,3,0.00,0.00,'2022-07-11 12:43:10','2022-07-11 12:43:10',6,NULL),(3652,NULL,19,14,71213,40774,1,6,2,3,0.00,0.00,'2022-07-11 12:43:10','2022-07-11 12:43:10',6,NULL),(3653,NULL,19,14,71213,40774,1,9,2,3,0.00,0.00,'2022-07-11 12:43:10','2022-07-11 12:43:10',6,NULL),(3654,NULL,19,14,71213,40774,1,12,2,3,0.00,0.00,'2022-07-11 12:43:10','2022-07-11 12:43:10',6,NULL),(3655,NULL,19,14,71213,40774,1,1,2,2,0.00,0.00,'2022-07-11 12:43:10','2022-07-11 12:43:10',6,NULL),(3656,NULL,19,14,71213,40774,1,4,2,2,0.00,0.00,'2022-07-11 12:43:10','2022-07-11 12:43:10',6,NULL),(3657,NULL,19,14,71213,40774,1,7,2,2,0.00,0.00,'2022-07-11 12:43:10','2022-07-11 12:43:10',6,NULL),(3658,NULL,19,14,71213,40774,1,10,2,2,0.00,0.00,'2022-07-11 12:43:10','2022-07-11 12:43:10',6,NULL),(3659,NULL,19,14,71213,40774,1,13,2,2,0.00,0.00,'2022-07-11 12:43:10','2022-07-11 12:43:10',6,NULL),(3660,NULL,19,14,71213,40774,1,3,2,2,0.00,0.00,'2022-07-11 12:43:10','2022-07-11 12:43:10',6,NULL),(3661,NULL,19,14,71213,40774,1,6,2,2,0.00,0.00,'2022-07-11 12:43:10','2022-07-11 12:43:10',6,NULL),(3662,NULL,19,14,71213,40774,1,9,2,2,0.00,0.00,'2022-07-11 12:43:10','2022-07-11 12:43:10',6,NULL),(3663,NULL,19,14,71213,40774,1,12,2,2,0.00,0.00,'2022-07-11 12:43:10','2022-07-11 12:43:10',6,NULL),(3664,NULL,19,14,71213,40774,1,2,2,2,0.00,0.00,'2022-07-11 12:43:10','2022-07-11 12:43:10',6,NULL),(3665,NULL,19,14,71213,40774,1,5,2,2,0.00,0.00,'2022-07-11 12:43:10','2022-07-11 12:43:10',6,NULL),(3666,NULL,19,14,71213,40774,1,8,2,2,0.00,0.00,'2022-07-11 12:43:10','2022-07-11 12:43:10',6,NULL),(3667,NULL,19,14,71213,40774,1,11,2,2,0.00,0.00,'2022-07-11 12:43:10','2022-07-11 12:43:10',6,NULL),(3668,NULL,19,14,71213,40774,1,14,2,2,0.00,0.00,'2022-07-11 12:43:10','2022-07-11 12:43:10',6,NULL),(3669,NULL,19,14,71213,40774,1,13,2,1,0.00,0.00,'2022-07-11 12:43:10','2022-07-11 12:43:10',6,NULL),(3670,NULL,19,14,71213,40774,1,3,2,1,0.00,0.00,'2022-07-11 12:43:10','2022-07-11 12:43:10',6,NULL),(3671,NULL,19,14,71213,40774,1,6,2,1,0.00,0.00,'2022-07-11 12:43:10','2022-07-11 12:43:10',6,NULL),(3672,NULL,19,14,71213,40774,1,9,2,1,0.00,0.00,'2022-07-11 12:43:10','2022-07-11 12:43:10',6,NULL),(3673,NULL,19,14,71213,40774,1,12,2,1,0.00,0.00,'2022-07-11 12:43:10','2022-07-11 12:43:10',6,NULL),(3674,NULL,19,14,71213,40774,1,2,2,1,0.00,0.00,'2022-07-11 12:43:10','2022-07-11 12:43:10',6,NULL),(3675,NULL,19,14,71213,40774,1,5,2,1,0.00,0.00,'2022-07-11 12:43:10','2022-07-11 12:43:10',6,NULL),(3676,NULL,19,14,71213,40774,1,8,2,1,0.00,0.00,'2022-07-11 12:43:10','2022-07-11 12:43:10',6,NULL),(3677,NULL,19,14,71213,40774,1,11,2,1,0.00,0.00,'2022-07-11 12:43:10','2022-07-11 12:43:10',6,NULL),(3678,NULL,19,14,71213,40774,1,14,2,1,0.00,0.00,'2022-07-11 12:43:10','2022-07-11 12:43:10',6,NULL),(3679,NULL,19,14,71213,40774,1,1,2,1,0.00,0.00,'2022-07-11 12:43:10','2022-07-11 12:43:10',6,NULL),(3680,NULL,19,14,71213,40774,1,4,2,1,0.00,0.00,'2022-07-11 12:43:10','2022-07-11 12:43:10',6,NULL),(3681,NULL,19,14,71213,40774,1,7,2,1,0.00,0.00,'2022-07-11 12:43:10','2022-07-11 12:43:10',6,NULL),(3682,NULL,19,14,71213,40774,1,10,2,1,0.00,0.00,'2022-07-11 12:43:10','2022-07-11 12:43:10',6,NULL),(3683,NULL,19,14,71213,40774,1,7,2,5,0.00,0.00,'2022-07-11 12:43:10','2022-07-11 12:43:10',6,NULL);
INSERT INTO `period_liquidation_iva_details` VALUES (3684,NULL,19,14,71213,40774,1,10,2,5,0.00,0.00,'2022-07-11 12:43:10','2022-07-11 12:43:10',6,NULL),(3685,NULL,19,14,71213,40774,1,13,2,5,0.00,0.00,'2022-07-11 12:43:10','2022-07-11 12:43:10',6,NULL),(3686,NULL,19,14,71213,40774,1,3,2,5,0.00,0.00,'2022-07-11 12:43:10','2022-07-11 12:43:10',6,NULL),(3687,NULL,19,14,71213,40774,1,6,2,5,0.00,0.00,'2022-07-11 12:43:10','2022-07-11 12:43:10',6,NULL),(3688,NULL,19,14,71213,40774,1,9,2,5,0.00,0.00,'2022-07-11 12:43:10','2022-07-11 12:43:10',6,NULL),(3689,NULL,19,14,71213,40774,1,12,2,5,0.00,0.00,'2022-07-11 12:43:10','2022-07-11 12:43:10',6,NULL),(3690,NULL,19,14,71213,40774,1,2,2,5,0.00,0.00,'2022-07-11 12:43:10','2022-07-11 12:43:10',6,NULL),(3691,NULL,19,14,71213,40774,1,5,2,5,0.00,0.00,'2022-07-11 12:43:10','2022-07-11 12:43:10',6,NULL),(3692,NULL,19,14,71213,40774,1,8,2,5,0.00,0.00,'2022-07-11 12:43:10','2022-07-11 12:43:10',6,NULL),(3693,NULL,19,14,71213,40774,1,11,2,5,0.00,0.00,'2022-07-11 12:43:10','2022-07-11 12:43:10',6,NULL),(3694,NULL,19,14,71213,40774,1,14,2,5,0.00,0.00,'2022-07-11 12:43:10','2022-07-11 12:43:10',6,NULL),(3695,NULL,19,14,71213,40774,1,1,2,5,0.00,0.00,'2022-07-11 12:43:10','2022-07-11 12:43:10',6,NULL),(3696,NULL,19,14,71213,40774,1,4,2,5,0.00,0.00,'2022-07-11 12:43:10','2022-07-11 12:43:10',6,NULL),(3697,NULL,19,14,71213,40774,1,6,2,4,0.00,0.00,'2022-07-11 12:43:10','2022-07-11 12:43:10',6,NULL),(3698,NULL,19,14,71213,40774,1,9,2,4,0.00,0.00,'2022-07-11 12:43:10','2022-07-11 12:43:10',6,NULL),(3699,NULL,19,14,71213,40774,1,12,2,4,0.00,0.00,'2022-07-11 12:43:10','2022-07-11 12:43:10',6,NULL),(3700,NULL,19,14,71213,40774,1,2,2,4,0.00,0.00,'2022-07-11 12:43:10','2022-07-11 12:43:10',6,NULL),(3701,NULL,19,14,71213,40774,1,5,2,4,0.00,0.00,'2022-07-11 12:43:10','2022-07-11 12:43:10',6,NULL),(3702,NULL,19,14,71213,40774,1,8,2,4,0.00,0.00,'2022-07-11 12:43:10','2022-07-11 12:43:10',6,NULL),(3703,NULL,19,14,71213,40774,1,11,2,4,0.00,0.00,'2022-07-11 12:43:10','2022-07-11 12:43:10',6,NULL),(3704,NULL,19,14,71213,40774,1,14,2,4,0.00,0.00,'2022-07-11 12:43:10','2022-07-11 12:43:10',6,NULL),(3705,NULL,19,14,71213,40774,1,1,2,4,0.00,0.00,'2022-07-11 12:43:10','2022-07-11 12:43:10',6,NULL),(3706,NULL,19,14,71213,40774,1,4,2,4,0.00,0.00,'2022-07-11 12:43:10','2022-07-11 12:43:10',6,NULL),(3707,NULL,19,14,71213,40774,1,7,2,4,0.00,0.00,'2022-07-11 12:43:10','2022-07-11 12:43:10',6,NULL),(3708,NULL,19,14,71213,40774,1,10,2,4,0.00,0.00,'2022-07-11 12:43:10','2022-07-11 12:43:10',6,NULL),(3709,NULL,19,14,71213,40774,1,13,2,4,0.00,0.00,'2022-07-11 12:43:10','2022-07-11 12:43:10',6,NULL),(3710,NULL,19,14,71213,40774,1,3,2,4,0.00,0.00,'2022-07-11 12:43:10','2022-07-11 12:43:10',6,NULL),(3711,NULL,19,14,71213,40774,1,11,2,8,0.00,0.00,'2022-07-11 12:43:10','2022-07-11 12:43:10',6,NULL),(3712,NULL,19,14,71213,40774,1,14,2,8,0.00,0.00,'2022-07-11 12:43:10','2022-07-11 12:43:10',6,NULL),(3713,NULL,19,14,71213,40774,1,1,2,8,0.00,0.00,'2022-07-11 12:43:10','2022-07-11 12:43:10',6,NULL),(3714,NULL,19,14,71213,40774,1,4,2,8,0.00,0.00,'2022-07-11 12:43:10','2022-07-11 12:43:10',6,NULL),(3715,NULL,19,14,71213,40774,1,7,2,8,0.00,0.00,'2022-07-11 12:43:10','2022-07-11 12:43:10',6,NULL),(3716,NULL,19,14,71213,40774,1,10,2,8,0.00,0.00,'2022-07-11 12:43:10','2022-07-11 12:43:10',6,NULL),(3717,NULL,19,14,71213,40774,1,13,2,8,0.00,0.00,'2022-07-11 12:43:10','2022-07-11 12:43:10',6,NULL),(3718,NULL,19,14,71213,40774,1,3,2,8,0.00,0.00,'2022-07-11 12:43:10','2022-07-11 12:43:10',6,NULL),(3719,NULL,19,14,71213,40774,1,6,2,8,0.00,0.00,'2022-07-11 12:43:10','2022-07-11 12:43:10',6,NULL),(3720,NULL,19,14,71213,40774,1,9,2,8,0.00,0.00,'2022-07-11 12:43:10','2022-07-11 12:43:10',6,NULL),(3721,NULL,19,14,71213,40774,1,12,2,8,0.00,0.00,'2022-07-11 12:43:10','2022-07-11 12:43:10',6,NULL),(3722,NULL,19,14,71213,40774,1,2,2,8,0.00,0.00,'2022-07-11 12:43:10','2022-07-11 12:43:10',6,NULL),(3723,NULL,19,14,71213,40774,1,5,2,8,0.00,0.00,'2022-07-11 12:43:10','2022-07-11 12:43:10',6,NULL);
INSERT INTO `period_liquidation_iva_details` VALUES (3724,NULL,19,14,71213,40774,1,8,2,8,0.00,0.00,'2022-07-11 12:43:10','2022-07-11 12:43:10',6,NULL),(3725,NULL,19,14,71213,40774,1,2,2,6,0.00,0.00,'2022-07-11 12:43:10','2022-07-11 12:43:10',7,NULL),(3726,NULL,19,14,71213,40774,1,14,2,7,0.00,0.00,'2022-07-11 12:43:10','2022-07-11 12:43:10',7,NULL),(3727,NULL,19,14,71213,40774,1,11,2,6,0.00,0.00,'2022-07-11 12:43:10','2022-07-11 12:43:10',7,NULL),(3728,NULL,19,14,71213,40774,1,7,2,7,0.00,0.00,'2022-07-11 12:43:10','2022-07-11 12:43:10',7,NULL),(3729,NULL,19,14,71213,40774,1,4,2,6,0.00,0.00,'2022-07-11 12:43:10','2022-07-11 12:43:10',7,NULL),(3730,NULL,19,14,71213,40774,1,13,2,6,0.00,0.00,'2022-07-11 12:43:10','2022-07-11 12:43:10',7,NULL),(3731,NULL,19,14,71213,40774,1,9,2,7,0.00,0.00,'2022-07-11 12:43:10','2022-07-11 12:43:10',7,NULL),(3732,NULL,19,14,71213,40774,1,6,2,6,0.00,0.00,'2022-07-11 12:43:10','2022-07-11 12:43:10',7,NULL),(3733,NULL,19,14,71213,40774,1,2,2,7,0.00,0.00,'2022-07-11 12:43:10','2022-07-11 12:43:10',7,NULL),(3734,NULL,19,14,71213,40774,1,11,2,7,0.00,0.00,'2022-07-11 12:43:10','2022-07-11 12:43:10',7,NULL),(3735,NULL,19,14,71213,40774,1,8,2,6,0.00,0.00,'2022-07-11 12:43:10','2022-07-11 12:43:10',7,NULL),(3736,NULL,19,14,71213,40774,1,4,2,7,0.00,0.00,'2022-07-11 12:43:10','2022-07-11 12:43:10',7,NULL),(3737,NULL,19,14,71213,40774,1,1,2,6,0.00,0.00,'2022-07-11 12:43:10','2022-07-11 12:43:10',7,NULL),(3738,NULL,19,14,71213,40774,1,13,2,7,0.00,0.00,'2022-07-11 12:43:10','2022-07-11 12:43:10',7,NULL),(3739,NULL,19,14,71213,40774,1,10,2,6,0.00,0.00,'2022-07-11 12:43:10','2022-07-11 12:43:10',7,NULL),(3740,NULL,19,14,71213,40774,1,6,2,7,0.00,0.00,'2022-07-11 12:43:10','2022-07-11 12:43:10',7,NULL),(3741,NULL,19,14,71213,40774,1,3,2,6,0.00,0.00,'2022-07-11 12:43:10','2022-07-11 12:43:10',7,NULL),(3742,NULL,19,14,71213,40774,1,12,2,6,0.00,0.00,'2022-07-11 12:43:10','2022-07-11 12:43:10',7,NULL),(3743,NULL,19,14,71213,40774,1,8,2,7,0.00,0.00,'2022-07-11 12:43:10','2022-07-11 12:43:10',7,NULL),(3744,NULL,19,14,71213,40774,1,5,2,6,0.00,0.00,'2022-07-11 12:43:10','2022-07-11 12:43:10',7,NULL),(3745,NULL,19,14,71213,40774,1,1,2,7,0.00,0.00,'2022-07-11 12:43:10','2022-07-11 12:43:10',7,NULL),(3746,NULL,19,14,71213,40774,1,14,2,6,0.00,0.00,'2022-07-11 12:43:10','2022-07-11 12:43:10',7,NULL),(3747,NULL,19,14,71213,40774,1,10,2,7,0.00,0.00,'2022-07-11 12:43:10','2022-07-11 12:43:10',7,NULL),(3748,NULL,19,14,71213,40774,1,7,2,6,0.00,0.00,'2022-07-11 12:43:10','2022-07-11 12:43:10',7,NULL),(3749,NULL,19,14,71213,40774,1,3,2,7,0.00,0.00,'2022-07-11 12:43:10','2022-07-11 12:43:10',7,NULL),(3750,NULL,19,14,71213,40774,1,12,2,7,0.00,0.00,'2022-07-11 12:43:10','2022-07-11 12:43:10',7,NULL),(3751,NULL,19,14,71213,40774,1,9,2,6,0.00,0.00,'2022-07-11 12:43:10','2022-07-11 12:43:10',7,NULL),(3752,NULL,19,14,71213,40774,1,5,2,7,0.00,0.00,'2022-07-11 12:43:10','2022-07-11 12:43:10',7,NULL),(3753,NULL,20,15,72728,40775,715,1,1,3,0.00,0.00,'2022-07-11 12:43:10','2022-07-11 12:43:10',1,NULL),(3754,NULL,20,15,72728,40775,372,1,1,3,0.00,0.00,'2022-07-11 12:43:10','2022-07-11 12:43:10',1,NULL),(3755,NULL,20,15,72728,40775,741,1,1,3,0.00,0.00,'2022-07-11 12:43:10','2022-07-11 12:43:10',1,NULL),(3756,NULL,20,15,72728,40775,372,1,1,2,0.00,0.00,'2022-07-11 12:43:10','2022-07-11 12:43:10',1,NULL),(3757,NULL,20,15,72728,40775,741,1,1,2,0.00,0.00,'2022-07-11 12:43:10','2022-07-11 12:43:10',1,NULL),(3758,NULL,20,15,72728,40775,715,1,1,2,0.00,0.00,'2022-07-11 12:43:10','2022-07-11 12:43:10',1,NULL),(3759,NULL,20,15,72728,40775,741,1,1,1,0.00,0.00,'2022-07-11 12:43:10','2022-07-11 12:43:10',1,NULL),(3760,NULL,20,15,72728,40775,715,1,1,1,0.00,0.00,'2022-07-11 12:43:10','2022-07-11 12:43:10',1,NULL),(3761,NULL,20,15,72728,40775,372,1,1,1,0.00,0.00,'2022-07-11 12:43:10','2022-07-11 12:43:10',1,NULL),(3762,NULL,20,15,72728,40775,741,1,1,5,0.00,0.00,'2022-07-11 12:43:10','2022-07-11 12:43:10',1,NULL),(3763,NULL,20,15,72728,40775,715,1,1,5,0.00,0.00,'2022-07-11 12:43:10','2022-07-11 12:43:10',1,NULL);
INSERT INTO `period_liquidation_iva_details` VALUES (3764,NULL,20,15,72728,40775,372,1,1,5,0.00,0.00,'2022-07-11 12:43:10','2022-07-11 12:43:10',1,NULL),(3765,NULL,20,15,72728,40775,715,1,1,4,0.00,0.00,'2022-07-11 12:43:10','2022-07-11 12:43:10',1,NULL),(3766,NULL,20,15,72728,40775,372,1,1,4,0.00,0.00,'2022-07-11 12:43:10','2022-07-11 12:43:10',1,NULL),(3767,NULL,20,15,72728,40775,741,1,1,4,0.00,0.00,'2022-07-11 12:43:10','2022-07-11 12:43:10',1,NULL),(3768,NULL,20,15,72728,40775,372,1,1,8,0.00,0.00,'2022-07-11 12:43:10','2022-07-11 12:43:10',1,NULL),(3769,NULL,20,15,72728,40775,741,1,1,8,0.00,0.00,'2022-07-11 12:43:10','2022-07-11 12:43:10',1,NULL),(3770,NULL,20,15,72728,40775,715,1,1,8,0.00,0.00,'2022-07-11 12:43:10','2022-07-11 12:43:10',1,NULL),(3771,NULL,20,15,72728,40775,715,1,1,3,0.00,0.00,'2022-07-11 12:43:10','2022-07-11 12:43:10',2,NULL),(3772,NULL,20,15,72728,40775,372,1,1,3,0.00,0.00,'2022-07-11 12:43:10','2022-07-11 12:43:10',2,NULL),(3773,NULL,20,15,72728,40775,741,1,1,3,0.00,0.00,'2022-07-11 12:43:10','2022-07-11 12:43:10',2,NULL),(3774,NULL,20,15,72728,40775,372,1,1,2,0.00,0.00,'2022-07-11 12:43:10','2022-07-11 12:43:10',2,NULL),(3775,NULL,20,15,72728,40775,741,1,1,2,0.00,0.00,'2022-07-11 12:43:10','2022-07-11 12:43:10',2,NULL),(3776,NULL,20,15,72728,40775,715,1,1,2,0.00,0.00,'2022-07-11 12:43:10','2022-07-11 12:43:10',2,NULL),(3777,NULL,20,15,72728,40775,741,1,1,1,0.00,0.00,'2022-07-11 12:43:10','2022-07-11 12:43:10',2,NULL),(3778,NULL,20,15,72728,40775,715,1,1,1,0.00,0.00,'2022-07-11 12:43:10','2022-07-11 12:43:10',2,NULL),(3779,NULL,20,15,72728,40775,372,1,1,1,0.00,0.00,'2022-07-11 12:43:10','2022-07-11 12:43:10',2,NULL),(3780,NULL,20,15,72728,40775,741,1,1,5,0.00,0.00,'2022-07-11 12:43:10','2022-07-11 12:43:10',2,NULL),(3781,NULL,20,15,72728,40775,715,1,1,5,0.00,0.00,'2022-07-11 12:43:10','2022-07-11 12:43:10',2,NULL),(3782,NULL,20,15,72728,40775,372,1,1,5,0.00,0.00,'2022-07-11 12:43:10','2022-07-11 12:43:10',2,NULL),(3783,NULL,20,15,72728,40775,741,1,1,4,0.00,0.00,'2022-07-11 12:43:10','2022-07-11 12:43:10',2,NULL),(3784,NULL,20,15,72728,40775,715,1,1,4,0.00,0.00,'2022-07-11 12:43:10','2022-07-11 12:43:10',2,NULL),(3785,NULL,20,15,72728,40775,372,1,1,4,0.00,0.00,'2022-07-11 12:43:10','2022-07-11 12:43:10',2,NULL),(3786,NULL,20,15,72728,40775,372,1,1,8,0.00,0.00,'2022-07-11 12:43:10','2022-07-11 12:43:10',2,NULL),(3787,NULL,20,15,72728,40775,741,1,1,8,0.00,0.00,'2022-07-11 12:43:10','2022-07-11 12:43:10',2,NULL),(3788,NULL,20,15,72728,40775,715,1,1,8,0.00,0.00,'2022-07-11 12:43:10','2022-07-11 12:43:10',2,NULL),(3789,NULL,20,15,72728,40775,741,1,1,6,0.00,0.00,'2022-07-11 12:43:10','2022-07-11 12:43:10',3,NULL),(3790,NULL,20,15,72728,40775,372,1,1,7,0.00,0.00,'2022-07-11 12:43:10','2022-07-11 12:43:10',3,NULL),(3791,NULL,20,15,72728,40775,741,1,1,7,0.00,0.00,'2022-07-11 12:43:10','2022-07-11 12:43:10',3,NULL),(3792,NULL,20,15,72728,40775,715,1,1,6,0.00,0.00,'2022-07-11 12:43:10','2022-07-11 12:43:10',3,NULL),(3793,NULL,20,15,72728,40775,715,1,1,7,0.00,0.00,'2022-07-11 12:43:10','2022-07-11 12:43:10',3,NULL),(3794,NULL,20,15,72728,40775,372,1,1,6,0.00,0.00,'2022-07-11 12:43:10','2022-07-11 12:43:10',3,NULL),(3795,NULL,20,15,72728,40775,372,1,1,3,0.00,0.00,'2022-07-11 12:43:10','2022-07-11 12:43:10',4,NULL),(3796,NULL,20,15,72728,40775,715,1,1,3,0.00,0.00,'2022-07-11 12:43:10','2022-07-11 12:43:10',4,NULL),(3797,NULL,20,15,72728,40775,741,1,1,3,0.00,0.00,'2022-07-11 12:43:10','2022-07-11 12:43:10',4,NULL),(3798,NULL,20,15,72728,40775,715,1,1,2,0.00,0.00,'2022-07-11 12:43:10','2022-07-11 12:43:10',4,NULL),(3799,NULL,20,15,72728,40775,741,1,1,2,0.00,0.00,'2022-07-11 12:43:10','2022-07-11 12:43:10',4,NULL),(3800,NULL,20,15,72728,40775,372,1,1,2,0.00,0.00,'2022-07-11 12:43:10','2022-07-11 12:43:10',4,NULL),(3801,NULL,20,15,72728,40775,741,1,1,1,0.00,0.00,'2022-07-11 12:43:10','2022-07-11 12:43:10',4,NULL),(3802,NULL,20,15,72728,40775,372,1,1,1,0.00,0.00,'2022-07-11 12:43:10','2022-07-11 12:43:10',4,NULL);
INSERT INTO `period_liquidation_iva_details` VALUES (3803,NULL,20,15,72728,40775,715,1,1,1,0.00,0.00,'2022-07-11 12:43:10','2022-07-11 12:43:10',4,NULL),(3804,NULL,20,15,72728,40775,741,1,1,5,0.00,0.00,'2022-07-11 12:43:10','2022-07-11 12:43:10',4,NULL),(3805,NULL,20,15,72728,40775,372,1,1,5,0.00,0.00,'2022-07-11 12:43:10','2022-07-11 12:43:10',4,NULL),(3806,NULL,20,15,72728,40775,715,1,1,5,0.00,0.00,'2022-07-11 12:43:10','2022-07-11 12:43:10',4,NULL),(3807,NULL,20,15,72728,40775,372,1,1,4,0.00,0.00,'2022-07-11 12:43:10','2022-07-11 12:43:10',4,NULL),(3808,NULL,20,15,72728,40775,715,1,1,4,0.00,0.00,'2022-07-11 12:43:10','2022-07-11 12:43:10',4,NULL),(3809,NULL,20,15,72728,40775,741,1,1,4,0.00,0.00,'2022-07-11 12:43:10','2022-07-11 12:43:10',4,NULL),(3810,NULL,20,15,72728,40775,741,1,1,8,0.00,0.00,'2022-07-11 12:43:10','2022-07-11 12:43:10',4,NULL),(3811,NULL,20,15,72728,40775,715,1,1,6,0.00,0.00,'2022-07-11 12:43:10','2022-07-11 12:43:10',4,NULL),(3812,NULL,20,15,72728,40775,372,1,1,7,0.00,0.00,'2022-07-11 12:43:10','2022-07-11 12:43:10',4,NULL),(3813,NULL,20,15,72728,40775,741,1,1,6,0.00,0.00,'2022-07-11 12:43:10','2022-07-11 12:43:10',4,NULL),(3814,NULL,20,15,72728,40775,715,1,1,7,0.00,0.00,'2022-07-11 12:43:10','2022-07-11 12:43:10',4,NULL),(3815,NULL,20,15,72728,40775,372,1,1,8,0.00,0.00,'2022-07-11 12:43:10','2022-07-11 12:43:10',4,NULL),(3816,NULL,20,15,72728,40775,741,1,1,7,0.00,0.00,'2022-07-11 12:43:10','2022-07-11 12:43:10',4,NULL),(3817,NULL,20,15,72728,40775,715,1,1,8,0.00,0.00,'2022-07-11 12:43:10','2022-07-11 12:43:10',4,NULL),(3818,NULL,20,15,72728,40775,372,1,1,6,0.00,0.00,'2022-07-11 12:43:10','2022-07-11 12:43:10',4,NULL),(3819,NULL,20,15,72728,40775,1,7,2,3,0.00,0.00,'2022-07-11 12:43:10','2022-07-11 12:43:10',5,NULL),(3820,NULL,20,15,72728,40775,1,11,2,3,0.00,0.00,'2022-07-11 12:43:10','2022-07-11 12:43:10',5,NULL),(3821,NULL,20,15,72728,40775,1,2,2,3,0.00,0.00,'2022-07-11 12:43:10','2022-07-11 12:43:10',5,NULL),(3822,NULL,20,15,72728,40775,1,12,2,3,0.00,0.00,'2022-07-11 12:43:10','2022-07-11 12:43:10',5,NULL),(3823,NULL,20,15,72728,40775,1,8,2,3,0.00,0.00,'2022-07-11 12:43:10','2022-07-11 12:43:10',5,NULL),(3824,NULL,20,15,72728,40775,1,3,2,3,0.00,0.00,'2022-07-11 12:43:10','2022-07-11 12:43:10',5,NULL),(3825,NULL,20,15,72728,40775,1,5,2,3,0.00,0.00,'2022-07-11 12:43:10','2022-07-11 12:43:10',5,NULL),(3826,NULL,20,15,72728,40775,1,13,2,3,0.00,0.00,'2022-07-11 12:43:10','2022-07-11 12:43:10',5,NULL),(3827,NULL,20,15,72728,40775,1,9,2,3,0.00,0.00,'2022-07-11 12:43:10','2022-07-11 12:43:10',5,NULL),(3828,NULL,20,15,72728,40775,1,4,2,3,0.00,0.00,'2022-07-11 12:43:10','2022-07-11 12:43:10',5,NULL),(3829,NULL,20,15,72728,40775,1,6,2,3,0.00,0.00,'2022-07-11 12:43:10','2022-07-11 12:43:10',5,NULL),(3830,NULL,20,15,72728,40775,1,14,2,3,0.00,0.00,'2022-07-11 12:43:10','2022-07-11 12:43:10',5,NULL),(3831,NULL,20,15,72728,40775,1,10,2,3,0.00,0.00,'2022-07-11 12:43:10','2022-07-11 12:43:10',5,NULL),(3832,NULL,20,15,72728,40775,1,1,2,3,0.00,0.00,'2022-07-11 12:43:10','2022-07-11 12:43:10',5,NULL),(3833,NULL,20,15,72728,40775,1,3,2,2,0.00,0.00,'2022-07-11 12:43:10','2022-07-11 12:43:10',5,NULL),(3834,NULL,20,15,72728,40775,1,5,2,2,0.00,0.00,'2022-07-11 12:43:10','2022-07-11 12:43:10',5,NULL),(3835,NULL,20,15,72728,40775,1,13,2,2,0.00,0.00,'2022-07-11 12:43:10','2022-07-11 12:43:10',5,NULL),(3836,NULL,20,15,72728,40775,1,9,2,2,0.00,0.00,'2022-07-11 12:43:10','2022-07-11 12:43:10',5,NULL),(3837,NULL,20,15,72728,40775,1,4,2,2,0.00,0.00,'2022-07-11 12:43:10','2022-07-11 12:43:10',5,NULL),(3838,NULL,20,15,72728,40775,1,6,2,2,0.00,0.00,'2022-07-11 12:43:10','2022-07-11 12:43:10',5,NULL),(3839,NULL,20,15,72728,40775,1,14,2,2,0.00,0.00,'2022-07-11 12:43:10','2022-07-11 12:43:10',5,NULL),(3840,NULL,20,15,72728,40775,1,10,2,2,0.00,0.00,'2022-07-11 12:43:10','2022-07-11 12:43:10',5,NULL),(3841,NULL,20,15,72728,40775,1,1,2,2,0.00,0.00,'2022-07-11 12:43:10','2022-07-11 12:43:10',5,NULL);
INSERT INTO `period_liquidation_iva_details` VALUES (3842,NULL,20,15,72728,40775,1,7,2,2,0.00,0.00,'2022-07-11 12:43:10','2022-07-11 12:43:10',5,NULL),(3843,NULL,20,15,72728,40775,1,11,2,2,0.00,0.00,'2022-07-11 12:43:10','2022-07-11 12:43:10',5,NULL),(3844,NULL,20,15,72728,40775,1,2,2,2,0.00,0.00,'2022-07-11 12:43:10','2022-07-11 12:43:10',5,NULL),(3845,NULL,20,15,72728,40775,1,12,2,2,0.00,0.00,'2022-07-11 12:43:10','2022-07-11 12:43:10',5,NULL),(3846,NULL,20,15,72728,40775,1,8,2,2,0.00,0.00,'2022-07-11 12:43:10','2022-07-11 12:43:10',5,NULL),(3847,NULL,20,15,72728,40775,1,4,2,1,0.00,0.00,'2022-07-11 12:43:10','2022-07-11 12:43:10',5,NULL),(3848,NULL,20,15,72728,40775,1,6,2,1,0.00,0.00,'2022-07-11 12:43:10','2022-07-11 12:43:10',5,NULL),(3849,NULL,20,15,72728,40775,1,14,2,1,0.00,0.00,'2022-07-11 12:43:10','2022-07-11 12:43:10',5,NULL),(3850,NULL,20,15,72728,40775,1,10,2,1,0.00,0.00,'2022-07-11 12:43:10','2022-07-11 12:43:10',5,NULL),(3851,NULL,20,15,72728,40775,1,1,2,1,0.00,0.00,'2022-07-11 12:43:10','2022-07-11 12:43:10',5,NULL),(3852,NULL,20,15,72728,40775,1,7,2,1,0.00,0.00,'2022-07-11 12:43:10','2022-07-11 12:43:10',5,NULL),(3853,NULL,20,15,72728,40775,1,11,2,1,0.00,0.00,'2022-07-11 12:43:10','2022-07-11 12:43:10',5,NULL),(3854,NULL,20,15,72728,40775,1,2,2,1,0.00,0.00,'2022-07-11 12:43:10','2022-07-11 12:43:10',5,NULL),(3855,NULL,20,15,72728,40775,1,12,2,1,0.00,0.00,'2022-07-11 12:43:10','2022-07-11 12:43:10',5,NULL),(3856,NULL,20,15,72728,40775,1,8,2,1,0.00,0.00,'2022-07-11 12:43:10','2022-07-11 12:43:10',5,NULL),(3857,NULL,20,15,72728,40775,1,3,2,1,0.00,0.00,'2022-07-11 12:43:10','2022-07-11 12:43:10',5,NULL),(3858,NULL,20,15,72728,40775,1,5,2,1,0.00,0.00,'2022-07-11 12:43:10','2022-07-11 12:43:10',5,NULL),(3859,NULL,20,15,72728,40775,1,13,2,1,0.00,0.00,'2022-07-11 12:43:10','2022-07-11 12:43:10',5,NULL),(3860,NULL,20,15,72728,40775,1,9,2,1,0.00,0.00,'2022-07-11 12:43:10','2022-07-11 12:43:10',5,NULL),(3861,NULL,20,15,72728,40775,1,3,2,5,0.00,0.00,'2022-07-11 12:43:10','2022-07-11 12:43:10',5,NULL),(3862,NULL,20,15,72728,40775,1,5,2,5,0.00,0.00,'2022-07-11 12:43:10','2022-07-11 12:43:10',5,NULL),(3863,NULL,20,15,72728,40775,1,13,2,5,0.00,0.00,'2022-07-11 12:43:10','2022-07-11 12:43:10',5,NULL),(3864,NULL,20,15,72728,40775,1,9,2,5,0.00,0.00,'2022-07-11 12:43:10','2022-07-11 12:43:10',5,NULL),(3865,NULL,20,15,72728,40775,1,4,2,5,0.00,0.00,'2022-07-11 12:43:10','2022-07-11 12:43:10',5,NULL),(3866,NULL,20,15,72728,40775,1,6,2,5,0.00,0.00,'2022-07-11 12:43:10','2022-07-11 12:43:10',5,NULL),(3867,NULL,20,15,72728,40775,1,14,2,5,0.00,0.00,'2022-07-11 12:43:10','2022-07-11 12:43:10',5,NULL),(3868,NULL,20,15,72728,40775,1,10,2,5,0.00,0.00,'2022-07-11 12:43:10','2022-07-11 12:43:10',5,NULL),(3869,NULL,20,15,72728,40775,1,1,2,5,0.00,0.00,'2022-07-11 12:43:10','2022-07-11 12:43:10',5,NULL),(3870,NULL,20,15,72728,40775,1,11,2,5,0.00,0.00,'2022-07-11 12:43:10','2022-07-11 12:43:10',5,NULL),(3871,NULL,20,15,72728,40775,1,7,2,5,0.00,0.00,'2022-07-11 12:43:10','2022-07-11 12:43:10',5,NULL),(3872,NULL,20,15,72728,40775,1,2,2,5,0.00,0.00,'2022-07-11 12:43:10','2022-07-11 12:43:10',5,NULL),(3873,NULL,20,15,72728,40775,1,12,2,5,0.00,0.00,'2022-07-11 12:43:10','2022-07-11 12:43:10',5,NULL),(3874,NULL,20,15,72728,40775,1,8,2,5,0.00,0.00,'2022-07-11 12:43:10','2022-07-11 12:43:10',5,NULL),(3875,NULL,20,15,72728,40775,1,6,2,4,0.00,0.00,'2022-07-11 12:43:10','2022-07-11 12:43:10',5,NULL),(3876,NULL,20,15,72728,40775,1,14,2,4,0.00,0.00,'2022-07-11 12:43:10','2022-07-11 12:43:10',5,NULL),(3877,NULL,20,15,72728,40775,1,10,2,4,0.00,0.00,'2022-07-11 12:43:10','2022-07-11 12:43:10',5,NULL),(3878,NULL,20,15,72728,40775,1,1,2,4,0.00,0.00,'2022-07-11 12:43:10','2022-07-11 12:43:10',5,NULL),(3879,NULL,20,15,72728,40775,1,7,2,4,0.00,0.00,'2022-07-11 12:43:10','2022-07-11 12:43:10',5,NULL),(3880,NULL,20,15,72728,40775,1,11,2,4,0.00,0.00,'2022-07-11 12:43:10','2022-07-11 12:43:10',5,NULL),(3881,NULL,20,15,72728,40775,1,2,2,4,0.00,0.00,'2022-07-11 12:43:10','2022-07-11 12:43:10',5,NULL);
INSERT INTO `period_liquidation_iva_details` VALUES (3882,NULL,20,15,72728,40775,1,12,2,4,0.00,0.00,'2022-07-11 12:43:10','2022-07-11 12:43:10',5,NULL),(3883,NULL,20,15,72728,40775,1,8,2,4,0.00,0.00,'2022-07-11 12:43:10','2022-07-11 12:43:10',5,NULL),(3884,NULL,20,15,72728,40775,1,3,2,4,0.00,0.00,'2022-07-11 12:43:10','2022-07-11 12:43:10',5,NULL),(3885,NULL,20,15,72728,40775,1,5,2,4,0.00,0.00,'2022-07-11 12:43:10','2022-07-11 12:43:10',5,NULL),(3886,NULL,20,15,72728,40775,1,13,2,4,0.00,0.00,'2022-07-11 12:43:10','2022-07-11 12:43:10',5,NULL),(3887,NULL,20,15,72728,40775,1,9,2,4,0.00,0.00,'2022-07-11 12:43:10','2022-07-11 12:43:10',5,NULL),(3888,NULL,20,15,72728,40775,1,4,2,4,0.00,0.00,'2022-07-11 12:43:10','2022-07-11 12:43:10',5,NULL),(3889,NULL,20,15,72728,40775,1,2,2,6,0.00,0.00,'2022-07-11 12:43:10','2022-07-11 12:43:10',5,NULL),(3890,NULL,20,15,72728,40775,1,1,2,7,0.00,0.00,'2022-07-11 12:43:10','2022-07-11 12:43:10',5,NULL),(3891,NULL,20,15,72728,40775,1,4,2,8,0.00,0.00,'2022-07-11 12:43:10','2022-07-11 12:43:10',5,NULL),(3892,NULL,20,15,72728,40775,1,12,2,6,0.00,0.00,'2022-07-11 12:43:10','2022-07-11 12:43:10',5,NULL),(3893,NULL,20,15,72728,40775,1,8,2,6,0.00,0.00,'2022-07-11 12:43:10','2022-07-11 12:43:10',5,NULL),(3894,NULL,20,15,72728,40775,1,11,2,7,0.00,0.00,'2022-07-11 12:43:10','2022-07-11 12:43:10',5,NULL),(3895,NULL,20,15,72728,40775,1,7,2,7,0.00,0.00,'2022-07-11 12:43:10','2022-07-11 12:43:10',5,NULL),(3896,NULL,20,15,72728,40775,1,6,2,8,0.00,0.00,'2022-07-11 12:43:10','2022-07-11 12:43:10',5,NULL),(3897,NULL,20,15,72728,40775,1,14,2,8,0.00,0.00,'2022-07-11 12:43:10','2022-07-11 12:43:10',5,NULL),(3898,NULL,20,15,72728,40775,1,10,2,8,0.00,0.00,'2022-07-11 12:43:10','2022-07-11 12:43:10',5,NULL),(3899,NULL,20,15,72728,40775,1,3,2,6,0.00,0.00,'2022-07-11 12:43:10','2022-07-11 12:43:10',5,NULL),(3900,NULL,20,15,72728,40775,1,2,2,7,0.00,0.00,'2022-07-11 12:43:10','2022-07-11 12:43:10',5,NULL),(3901,NULL,20,15,72728,40775,1,5,2,6,0.00,0.00,'2022-07-11 12:43:10','2022-07-11 12:43:10',5,NULL),(3902,NULL,20,15,72728,40775,1,13,2,6,0.00,0.00,'2022-07-11 12:43:10','2022-07-11 12:43:10',5,NULL),(3903,NULL,20,15,72728,40775,1,1,2,8,0.00,0.00,'2022-07-11 12:43:10','2022-07-11 12:43:10',5,NULL),(3904,NULL,20,15,72728,40775,1,9,2,6,0.00,0.00,'2022-07-11 12:43:10','2022-07-11 12:43:10',5,NULL),(3905,NULL,20,15,72728,40775,1,12,2,7,0.00,0.00,'2022-07-11 12:43:10','2022-07-11 12:43:10',5,NULL),(3906,NULL,20,15,72728,40775,1,8,2,7,0.00,0.00,'2022-07-11 12:43:10','2022-07-11 12:43:10',5,NULL),(3907,NULL,20,15,72728,40775,1,11,2,8,0.00,0.00,'2022-07-11 12:43:10','2022-07-11 12:43:10',5,NULL),(3908,NULL,20,15,72728,40775,1,7,2,8,0.00,0.00,'2022-07-11 12:43:10','2022-07-11 12:43:10',5,NULL),(3909,NULL,20,15,72728,40775,1,4,2,6,0.00,0.00,'2022-07-11 12:43:10','2022-07-11 12:43:10',5,NULL),(3910,NULL,20,15,72728,40775,1,3,2,7,0.00,0.00,'2022-07-11 12:43:10','2022-07-11 12:43:10',5,NULL),(3911,NULL,20,15,72728,40775,1,6,2,6,0.00,0.00,'2022-07-11 12:43:10','2022-07-11 12:43:10',5,NULL),(3912,NULL,20,15,72728,40775,1,14,2,6,0.00,0.00,'2022-07-11 12:43:10','2022-07-11 12:43:10',5,NULL),(3913,NULL,20,15,72728,40775,1,2,2,8,0.00,0.00,'2022-07-11 12:43:10','2022-07-11 12:43:10',5,NULL),(3914,NULL,20,15,72728,40775,1,10,2,6,0.00,0.00,'2022-07-11 12:43:10','2022-07-11 12:43:10',5,NULL),(3915,NULL,20,15,72728,40775,1,5,2,7,0.00,0.00,'2022-07-11 12:43:10','2022-07-11 12:43:10',5,NULL),(3916,NULL,20,15,72728,40775,1,13,2,7,0.00,0.00,'2022-07-11 12:43:10','2022-07-11 12:43:10',5,NULL),(3917,NULL,20,15,72728,40775,1,9,2,7,0.00,0.00,'2022-07-11 12:43:10','2022-07-11 12:43:10',5,NULL),(3918,NULL,20,15,72728,40775,1,12,2,8,0.00,0.00,'2022-07-11 12:43:10','2022-07-11 12:43:10',5,NULL),(3919,NULL,20,15,72728,40775,1,8,2,8,0.00,0.00,'2022-07-11 12:43:10','2022-07-11 12:43:10',5,NULL),(3920,NULL,20,15,72728,40775,1,1,2,6,0.00,0.00,'2022-07-11 12:43:10','2022-07-11 12:43:10',5,NULL),(3921,NULL,20,15,72728,40775,1,4,2,7,0.00,0.00,'2022-07-11 12:43:10','2022-07-11 12:43:10',5,NULL);
INSERT INTO `period_liquidation_iva_details` VALUES (3922,NULL,20,15,72728,40775,1,11,2,6,0.00,0.00,'2022-07-11 12:43:10','2022-07-11 12:43:10',5,NULL),(3923,NULL,20,15,72728,40775,1,7,2,6,0.00,0.00,'2022-07-11 12:43:10','2022-07-11 12:43:10',5,NULL),(3924,NULL,20,15,72728,40775,1,3,2,8,0.00,0.00,'2022-07-11 12:43:10','2022-07-11 12:43:10',5,NULL),(3925,NULL,20,15,72728,40775,1,6,2,7,0.00,0.00,'2022-07-11 12:43:10','2022-07-11 12:43:10',5,NULL),(3926,NULL,20,15,72728,40775,1,14,2,7,0.00,0.00,'2022-07-11 12:43:10','2022-07-11 12:43:10',5,NULL),(3927,NULL,20,15,72728,40775,1,10,2,7,0.00,0.00,'2022-07-11 12:43:10','2022-07-11 12:43:10',5,NULL),(3928,NULL,20,15,72728,40775,1,5,2,8,0.00,0.00,'2022-07-11 12:43:10','2022-07-11 12:43:10',5,NULL),(3929,NULL,20,15,72728,40775,1,13,2,8,0.00,0.00,'2022-07-11 12:43:10','2022-07-11 12:43:10',5,NULL),(3930,NULL,20,15,72728,40775,1,9,2,8,0.00,0.00,'2022-07-11 12:43:10','2022-07-11 12:43:10',5,NULL),(3931,NULL,20,15,72728,40775,1,2,2,3,0.00,0.00,'2022-07-11 12:43:10','2022-07-11 12:43:10',6,NULL),(3932,NULL,20,15,72728,40775,1,5,2,3,0.00,0.00,'2022-07-11 12:43:10','2022-07-11 12:43:10',6,NULL),(3933,NULL,20,15,72728,40775,1,8,2,3,0.00,0.00,'2022-07-11 12:43:10','2022-07-11 12:43:10',6,NULL),(3934,NULL,20,15,72728,40775,1,11,2,3,0.00,0.00,'2022-07-11 12:43:10','2022-07-11 12:43:10',6,NULL),(3935,NULL,20,15,72728,40775,1,14,2,3,0.00,0.00,'2022-07-11 12:43:10','2022-07-11 12:43:10',6,NULL),(3936,NULL,20,15,72728,40775,1,1,2,3,0.00,0.00,'2022-07-11 12:43:10','2022-07-11 12:43:10',6,NULL),(3937,NULL,20,15,72728,40775,1,4,2,3,0.00,0.00,'2022-07-11 12:43:10','2022-07-11 12:43:10',6,NULL),(3938,NULL,20,15,72728,40775,1,7,2,3,0.00,0.00,'2022-07-11 12:43:10','2022-07-11 12:43:10',6,NULL),(3939,NULL,20,15,72728,40775,1,10,2,3,0.00,0.00,'2022-07-11 12:43:10','2022-07-11 12:43:10',6,NULL),(3940,NULL,20,15,72728,40775,1,13,2,3,0.00,0.00,'2022-07-11 12:43:10','2022-07-11 12:43:10',6,NULL),(3941,NULL,20,15,72728,40775,1,3,2,3,0.00,0.00,'2022-07-11 12:43:10','2022-07-11 12:43:10',6,NULL),(3942,NULL,20,15,72728,40775,1,6,2,3,0.00,0.00,'2022-07-11 12:43:10','2022-07-11 12:43:10',6,NULL),(3943,NULL,20,15,72728,40775,1,9,2,3,0.00,0.00,'2022-07-11 12:43:10','2022-07-11 12:43:10',6,NULL),(3944,NULL,20,15,72728,40775,1,12,2,3,0.00,0.00,'2022-07-11 12:43:10','2022-07-11 12:43:10',6,NULL),(3945,NULL,20,15,72728,40775,1,1,2,2,0.00,0.00,'2022-07-11 12:43:10','2022-07-11 12:43:10',6,NULL),(3946,NULL,20,15,72728,40775,1,4,2,2,0.00,0.00,'2022-07-11 12:43:10','2022-07-11 12:43:10',6,NULL),(3947,NULL,20,15,72728,40775,1,7,2,2,0.00,0.00,'2022-07-11 12:43:10','2022-07-11 12:43:10',6,NULL),(3948,NULL,20,15,72728,40775,1,10,2,2,0.00,0.00,'2022-07-11 12:43:10','2022-07-11 12:43:10',6,NULL),(3949,NULL,20,15,72728,40775,1,13,2,2,0.00,0.00,'2022-07-11 12:43:10','2022-07-11 12:43:10',6,NULL),(3950,NULL,20,15,72728,40775,1,3,2,2,0.00,0.00,'2022-07-11 12:43:10','2022-07-11 12:43:10',6,NULL),(3951,NULL,20,15,72728,40775,1,6,2,2,0.00,0.00,'2022-07-11 12:43:10','2022-07-11 12:43:10',6,NULL),(3952,NULL,20,15,72728,40775,1,9,2,2,0.00,0.00,'2022-07-11 12:43:10','2022-07-11 12:43:10',6,NULL),(3953,NULL,20,15,72728,40775,1,12,2,2,0.00,0.00,'2022-07-11 12:43:10','2022-07-11 12:43:10',6,NULL),(3954,NULL,20,15,72728,40775,1,2,2,2,0.00,0.00,'2022-07-11 12:43:10','2022-07-11 12:43:10',6,NULL),(3955,NULL,20,15,72728,40775,1,5,2,2,0.00,0.00,'2022-07-11 12:43:10','2022-07-11 12:43:10',6,NULL),(3956,NULL,20,15,72728,40775,1,8,2,2,0.00,0.00,'2022-07-11 12:43:10','2022-07-11 12:43:10',6,NULL),(3957,NULL,20,15,72728,40775,1,11,2,2,0.00,0.00,'2022-07-11 12:43:10','2022-07-11 12:43:10',6,NULL),(3958,NULL,20,15,72728,40775,1,14,2,2,0.00,0.00,'2022-07-11 12:43:10','2022-07-11 12:43:10',6,NULL),(3959,NULL,20,15,72728,40775,1,13,2,1,0.00,0.00,'2022-07-11 12:43:10','2022-07-11 12:43:10',6,NULL),(3960,NULL,20,15,72728,40775,1,3,2,1,0.00,0.00,'2022-07-11 12:43:10','2022-07-11 12:43:10',6,NULL),(3961,NULL,20,15,72728,40775,1,6,2,1,0.00,0.00,'2022-07-11 12:43:10','2022-07-11 12:43:10',6,NULL);
INSERT INTO `period_liquidation_iva_details` VALUES (3962,NULL,20,15,72728,40775,1,9,2,1,0.00,0.00,'2022-07-11 12:43:10','2022-07-11 12:43:10',6,NULL),(3963,NULL,20,15,72728,40775,1,12,2,1,0.00,0.00,'2022-07-11 12:43:10','2022-07-11 12:43:10',6,NULL),(3964,NULL,20,15,72728,40775,1,2,2,1,0.00,0.00,'2022-07-11 12:43:10','2022-07-11 12:43:10',6,NULL),(3965,NULL,20,15,72728,40775,1,5,2,1,0.00,0.00,'2022-07-11 12:43:10','2022-07-11 12:43:10',6,NULL),(3966,NULL,20,15,72728,40775,1,8,2,1,0.00,0.00,'2022-07-11 12:43:10','2022-07-11 12:43:10',6,NULL),(3967,NULL,20,15,72728,40775,1,11,2,1,0.00,0.00,'2022-07-11 12:43:10','2022-07-11 12:43:10',6,NULL),(3968,NULL,20,15,72728,40775,1,14,2,1,0.00,0.00,'2022-07-11 12:43:10','2022-07-11 12:43:10',6,NULL),(3969,NULL,20,15,72728,40775,1,1,2,1,0.00,0.00,'2022-07-11 12:43:10','2022-07-11 12:43:10',6,NULL),(3970,NULL,20,15,72728,40775,1,4,2,1,0.00,0.00,'2022-07-11 12:43:10','2022-07-11 12:43:10',6,NULL),(3971,NULL,20,15,72728,40775,1,7,2,1,0.00,0.00,'2022-07-11 12:43:10','2022-07-11 12:43:10',6,NULL),(3972,NULL,20,15,72728,40775,1,10,2,1,0.00,0.00,'2022-07-11 12:43:10','2022-07-11 12:43:10',6,NULL),(3973,NULL,20,15,72728,40775,1,7,2,5,0.00,0.00,'2022-07-11 12:43:10','2022-07-11 12:43:10',6,NULL),(3974,NULL,20,15,72728,40775,1,10,2,5,0.00,0.00,'2022-07-11 12:43:10','2022-07-11 12:43:10',6,NULL),(3975,NULL,20,15,72728,40775,1,13,2,5,0.00,0.00,'2022-07-11 12:43:10','2022-07-11 12:43:10',6,NULL),(3976,NULL,20,15,72728,40775,1,3,2,5,0.00,0.00,'2022-07-11 12:43:10','2022-07-11 12:43:10',6,NULL),(3977,NULL,20,15,72728,40775,1,6,2,5,0.00,0.00,'2022-07-11 12:43:10','2022-07-11 12:43:10',6,NULL),(3978,NULL,20,15,72728,40775,1,9,2,5,0.00,0.00,'2022-07-11 12:43:10','2022-07-11 12:43:10',6,NULL),(3979,NULL,20,15,72728,40775,1,12,2,5,0.00,0.00,'2022-07-11 12:43:10','2022-07-11 12:43:10',6,NULL),(3980,NULL,20,15,72728,40775,1,2,2,5,0.00,0.00,'2022-07-11 12:43:10','2022-07-11 12:43:10',6,NULL),(3981,NULL,20,15,72728,40775,1,5,2,5,0.00,0.00,'2022-07-11 12:43:10','2022-07-11 12:43:10',6,NULL),(3982,NULL,20,15,72728,40775,1,8,2,5,0.00,0.00,'2022-07-11 12:43:10','2022-07-11 12:43:10',6,NULL),(3983,NULL,20,15,72728,40775,1,11,2,5,0.00,0.00,'2022-07-11 12:43:10','2022-07-11 12:43:10',6,NULL),(3984,NULL,20,15,72728,40775,1,14,2,5,0.00,0.00,'2022-07-11 12:43:10','2022-07-11 12:43:10',6,NULL),(3985,NULL,20,15,72728,40775,1,1,2,5,0.00,0.00,'2022-07-11 12:43:10','2022-07-11 12:43:10',6,NULL),(3986,NULL,20,15,72728,40775,1,4,2,5,0.00,0.00,'2022-07-11 12:43:10','2022-07-11 12:43:10',6,NULL),(3987,NULL,20,15,72728,40775,1,6,2,4,0.00,0.00,'2022-07-11 12:43:10','2022-07-11 12:43:10',6,NULL),(3988,NULL,20,15,72728,40775,1,9,2,4,0.00,0.00,'2022-07-11 12:43:10','2022-07-11 12:43:10',6,NULL),(3989,NULL,20,15,72728,40775,1,12,2,4,0.00,0.00,'2022-07-11 12:43:10','2022-07-11 12:43:10',6,NULL),(3990,NULL,20,15,72728,40775,1,2,2,4,0.00,0.00,'2022-07-11 12:43:10','2022-07-11 12:43:10',6,NULL),(3991,NULL,20,15,72728,40775,1,5,2,4,0.00,0.00,'2022-07-11 12:43:10','2022-07-11 12:43:10',6,NULL),(3992,NULL,20,15,72728,40775,1,8,2,4,0.00,0.00,'2022-07-11 12:43:10','2022-07-11 12:43:10',6,NULL),(3993,NULL,20,15,72728,40775,1,11,2,4,0.00,0.00,'2022-07-11 12:43:10','2022-07-11 12:43:10',6,NULL),(3994,NULL,20,15,72728,40775,1,14,2,4,0.00,0.00,'2022-07-11 12:43:10','2022-07-11 12:43:10',6,NULL),(3995,NULL,20,15,72728,40775,1,1,2,4,0.00,0.00,'2022-07-11 12:43:10','2022-07-11 12:43:10',6,NULL),(3996,NULL,20,15,72728,40775,1,4,2,4,0.00,0.00,'2022-07-11 12:43:10','2022-07-11 12:43:10',6,NULL),(3997,NULL,20,15,72728,40775,1,7,2,4,0.00,0.00,'2022-07-11 12:43:10','2022-07-11 12:43:10',6,NULL),(3998,NULL,20,15,72728,40775,1,10,2,4,0.00,0.00,'2022-07-11 12:43:10','2022-07-11 12:43:10',6,NULL),(3999,NULL,20,15,72728,40775,1,13,2,4,0.00,0.00,'2022-07-11 12:43:10','2022-07-11 12:43:10',6,NULL),(4000,NULL,20,15,72728,40775,1,3,2,4,0.00,0.00,'2022-07-11 12:43:10','2022-07-11 12:43:10',6,NULL),(4001,NULL,20,15,72728,40775,1,11,2,8,0.00,0.00,'2022-07-11 12:43:10','2022-07-11 12:43:10',6,NULL);
INSERT INTO `period_liquidation_iva_details` VALUES (4002,NULL,20,15,72728,40775,1,14,2,8,0.00,0.00,'2022-07-11 12:43:10','2022-07-11 12:43:10',6,NULL),(4003,NULL,20,15,72728,40775,1,1,2,8,0.00,0.00,'2022-07-11 12:43:10','2022-07-11 12:43:10',6,NULL),(4004,NULL,20,15,72728,40775,1,4,2,8,0.00,0.00,'2022-07-11 12:43:10','2022-07-11 12:43:10',6,NULL),(4005,NULL,20,15,72728,40775,1,7,2,8,0.00,0.00,'2022-07-11 12:43:10','2022-07-11 12:43:10',6,NULL),(4006,NULL,20,15,72728,40775,1,10,2,8,0.00,0.00,'2022-07-11 12:43:10','2022-07-11 12:43:10',6,NULL),(4007,NULL,20,15,72728,40775,1,13,2,8,0.00,0.00,'2022-07-11 12:43:10','2022-07-11 12:43:10',6,NULL),(4008,NULL,20,15,72728,40775,1,3,2,8,0.00,0.00,'2022-07-11 12:43:10','2022-07-11 12:43:10',6,NULL),(4009,NULL,20,15,72728,40775,1,6,2,8,0.00,0.00,'2022-07-11 12:43:10','2022-07-11 12:43:10',6,NULL),(4010,NULL,20,15,72728,40775,1,9,2,8,0.00,0.00,'2022-07-11 12:43:10','2022-07-11 12:43:10',6,NULL),(4011,NULL,20,15,72728,40775,1,12,2,8,0.00,0.00,'2022-07-11 12:43:10','2022-07-11 12:43:10',6,NULL),(4012,NULL,20,15,72728,40775,1,2,2,8,0.00,0.00,'2022-07-11 12:43:10','2022-07-11 12:43:10',6,NULL),(4013,NULL,20,15,72728,40775,1,5,2,8,0.00,0.00,'2022-07-11 12:43:10','2022-07-11 12:43:10',6,NULL),(4014,NULL,20,15,72728,40775,1,8,2,8,0.00,0.00,'2022-07-11 12:43:10','2022-07-11 12:43:10',6,NULL),(4015,NULL,20,15,72728,40775,1,2,2,6,0.00,0.00,'2022-07-11 12:43:10','2022-07-11 12:43:10',7,NULL),(4016,NULL,20,15,72728,40775,1,14,2,7,0.00,0.00,'2022-07-11 12:43:10','2022-07-11 12:43:10',7,NULL),(4017,NULL,20,15,72728,40775,1,11,2,6,0.00,0.00,'2022-07-11 12:43:10','2022-07-11 12:43:10',7,NULL),(4018,NULL,20,15,72728,40775,1,7,2,7,0.00,0.00,'2022-07-11 12:43:10','2022-07-11 12:43:10',7,NULL),(4019,NULL,20,15,72728,40775,1,4,2,6,0.00,0.00,'2022-07-11 12:43:10','2022-07-11 12:43:10',7,NULL),(4020,NULL,20,15,72728,40775,1,13,2,6,0.00,0.00,'2022-07-11 12:43:10','2022-07-11 12:43:10',7,NULL),(4021,NULL,20,15,72728,40775,1,9,2,7,0.00,0.00,'2022-07-11 12:43:10','2022-07-11 12:43:10',7,NULL),(4022,NULL,20,15,72728,40775,1,6,2,6,0.00,0.00,'2022-07-11 12:43:10','2022-07-11 12:43:10',7,NULL),(4023,NULL,20,15,72728,40775,1,2,2,7,0.00,0.00,'2022-07-11 12:43:10','2022-07-11 12:43:10',7,NULL),(4024,NULL,20,15,72728,40775,1,11,2,7,0.00,0.00,'2022-07-11 12:43:10','2022-07-11 12:43:10',7,NULL),(4025,NULL,20,15,72728,40775,1,8,2,6,0.00,0.00,'2022-07-11 12:43:10','2022-07-11 12:43:10',7,NULL),(4026,NULL,20,15,72728,40775,1,4,2,7,0.00,0.00,'2022-07-11 12:43:10','2022-07-11 12:43:10',7,NULL),(4027,NULL,20,15,72728,40775,1,1,2,6,0.00,0.00,'2022-07-11 12:43:10','2022-07-11 12:43:10',7,NULL),(4028,NULL,20,15,72728,40775,1,13,2,7,0.00,0.00,'2022-07-11 12:43:10','2022-07-11 12:43:10',7,NULL),(4029,NULL,20,15,72728,40775,1,10,2,6,0.00,0.00,'2022-07-11 12:43:10','2022-07-11 12:43:10',7,NULL),(4030,NULL,20,15,72728,40775,1,6,2,7,0.00,0.00,'2022-07-11 12:43:10','2022-07-11 12:43:10',7,NULL),(4031,NULL,20,15,72728,40775,1,3,2,6,0.00,0.00,'2022-07-11 12:43:10','2022-07-11 12:43:10',7,NULL),(4032,NULL,20,15,72728,40775,1,12,2,6,0.00,0.00,'2022-07-11 12:43:10','2022-07-11 12:43:10',7,NULL),(4033,NULL,20,15,72728,40775,1,8,2,7,0.00,0.00,'2022-07-11 12:43:10','2022-07-11 12:43:10',7,NULL),(4034,NULL,20,15,72728,40775,1,5,2,6,0.00,0.00,'2022-07-11 12:43:10','2022-07-11 12:43:10',7,NULL),(4035,NULL,20,15,72728,40775,1,1,2,7,0.00,0.00,'2022-07-11 12:43:10','2022-07-11 12:43:10',7,NULL),(4036,NULL,20,15,72728,40775,1,14,2,6,0.00,0.00,'2022-07-11 12:43:10','2022-07-11 12:43:10',7,NULL),(4037,NULL,20,15,72728,40775,1,10,2,7,0.00,0.00,'2022-07-11 12:43:10','2022-07-11 12:43:10',7,NULL),(4038,NULL,20,15,72728,40775,1,7,2,6,0.00,0.00,'2022-07-11 12:43:10','2022-07-11 12:43:10',7,NULL),(4039,NULL,20,15,72728,40775,1,3,2,7,0.00,0.00,'2022-07-11 12:43:10','2022-07-11 12:43:10',7,NULL),(4040,NULL,20,15,72728,40775,1,12,2,7,0.00,0.00,'2022-07-11 12:43:10','2022-07-11 12:43:10',7,NULL),(4041,NULL,20,15,72728,40775,1,9,2,6,0.00,0.00,'2022-07-11 12:43:10','2022-07-11 12:43:10',7,NULL);
INSERT INTO `period_liquidation_iva_details` VALUES (4042,NULL,20,15,72728,40775,1,5,2,7,0.00,0.00,'2022-07-11 12:43:10','2022-07-11 12:43:10',7,NULL),(4043,NULL,21,16,74243,40776,707,1,1,3,0.00,0.00,'2022-07-11 12:43:10','2022-07-11 12:43:10',1,NULL),(4044,NULL,21,16,74243,40776,707,1,1,2,0.00,0.00,'2022-07-11 12:43:10','2022-07-11 12:43:10',1,NULL),(4045,NULL,21,16,74243,40776,707,1,1,1,0.00,0.00,'2022-07-11 12:43:10','2022-07-11 12:43:10',1,NULL),(4046,NULL,21,16,74243,40776,707,1,1,5,0.00,0.00,'2022-07-11 12:43:10','2022-07-11 12:43:10',1,NULL),(4047,NULL,21,16,74243,40776,707,1,1,4,0.00,0.00,'2022-07-11 12:43:10','2022-07-11 12:43:10',1,NULL),(4048,NULL,21,16,74243,40776,707,1,1,8,0.00,0.00,'2022-07-11 12:43:10','2022-07-11 12:43:10',1,NULL),(4049,NULL,21,16,74243,40776,707,1,1,3,0.00,0.00,'2022-07-11 12:43:10','2022-07-11 12:43:10',2,NULL),(4050,NULL,21,16,74243,40776,707,1,1,2,0.00,0.00,'2022-07-11 12:43:10','2022-07-11 12:43:10',2,NULL),(4051,NULL,21,16,74243,40776,707,1,1,1,0.00,0.00,'2022-07-11 12:43:10','2022-07-11 12:43:10',2,NULL),(4052,NULL,21,16,74243,40776,707,1,1,5,0.00,0.00,'2022-07-11 12:43:10','2022-07-11 12:43:10',2,NULL),(4053,NULL,21,16,74243,40776,707,1,1,4,0.00,0.00,'2022-07-11 12:43:10','2022-07-11 12:43:10',2,NULL),(4054,NULL,21,16,74243,40776,707,1,1,8,0.00,0.00,'2022-07-11 12:43:10','2022-07-11 12:43:10',2,NULL),(4055,NULL,21,16,74243,40776,707,1,1,6,0.00,0.00,'2022-07-11 12:43:10','2022-07-11 12:43:10',3,NULL),(4056,NULL,21,16,74243,40776,707,1,1,7,0.00,0.00,'2022-07-11 12:43:10','2022-07-11 12:43:10',3,NULL),(4057,NULL,21,16,74243,40776,707,1,1,3,0.00,0.00,'2022-07-11 12:43:10','2022-07-11 12:43:10',4,NULL),(4058,NULL,21,16,74243,40776,707,1,1,2,0.00,0.00,'2022-07-11 12:43:10','2022-07-11 12:43:10',4,NULL),(4059,NULL,21,16,74243,40776,707,1,1,1,0.00,0.00,'2022-07-11 12:43:10','2022-07-11 12:43:10',4,NULL),(4060,NULL,21,16,74243,40776,707,1,1,5,0.00,0.00,'2022-07-11 12:43:10','2022-07-11 12:43:10',4,NULL),(4061,NULL,21,16,74243,40776,707,1,1,4,0.00,0.00,'2022-07-11 12:43:10','2022-07-11 12:43:10',4,NULL),(4062,NULL,21,16,74243,40776,707,1,1,6,0.00,0.00,'2022-07-11 12:43:10','2022-07-11 12:43:10',4,NULL),(4063,NULL,21,16,74243,40776,707,1,1,7,0.00,0.00,'2022-07-11 12:43:10','2022-07-11 12:43:10',4,NULL),(4064,NULL,21,16,74243,40776,707,1,1,8,0.00,0.00,'2022-07-11 12:43:10','2022-07-11 12:43:10',4,NULL),(4065,NULL,21,16,74243,40776,1,7,2,3,0.00,0.00,'2022-07-11 12:43:10','2022-07-11 12:43:10',5,NULL),(4066,NULL,21,16,74243,40776,1,11,2,3,0.00,0.00,'2022-07-11 12:43:10','2022-07-11 12:43:10',5,NULL),(4067,NULL,21,16,74243,40776,1,2,2,3,0.00,0.00,'2022-07-11 12:43:10','2022-07-11 12:43:10',5,NULL),(4068,NULL,21,16,74243,40776,1,12,2,3,0.00,0.00,'2022-07-11 12:43:10','2022-07-11 12:43:10',5,NULL),(4069,NULL,21,16,74243,40776,1,8,2,3,0.00,0.00,'2022-07-11 12:43:10','2022-07-11 12:43:10',5,NULL),(4070,NULL,21,16,74243,40776,1,3,2,3,0.00,0.00,'2022-07-11 12:43:10','2022-07-11 12:43:10',5,NULL),(4071,NULL,21,16,74243,40776,1,5,2,3,0.00,0.00,'2022-07-11 12:43:10','2022-07-11 12:43:10',5,NULL),(4072,NULL,21,16,74243,40776,1,13,2,3,0.00,0.00,'2022-07-11 12:43:10','2022-07-11 12:43:10',5,NULL),(4073,NULL,21,16,74243,40776,1,9,2,3,0.00,0.00,'2022-07-11 12:43:10','2022-07-11 12:43:10',5,NULL),(4074,NULL,21,16,74243,40776,1,4,2,3,0.00,0.00,'2022-07-11 12:43:10','2022-07-11 12:43:10',5,NULL),(4075,NULL,21,16,74243,40776,1,6,2,3,0.00,0.00,'2022-07-11 12:43:10','2022-07-11 12:43:10',5,NULL),(4076,NULL,21,16,74243,40776,1,14,2,3,0.00,0.00,'2022-07-11 12:43:10','2022-07-11 12:43:10',5,NULL),(4077,NULL,21,16,74243,40776,1,10,2,3,0.00,0.00,'2022-07-11 12:43:10','2022-07-11 12:43:10',5,NULL),(4078,NULL,21,16,74243,40776,1,1,2,3,0.00,0.00,'2022-07-11 12:43:10','2022-07-11 12:43:10',5,NULL),(4079,NULL,21,16,74243,40776,1,3,2,2,0.00,0.00,'2022-07-11 12:43:10','2022-07-11 12:43:10',5,NULL),(4080,NULL,21,16,74243,40776,1,5,2,2,0.00,0.00,'2022-07-11 12:43:10','2022-07-11 12:43:10',5,NULL);
INSERT INTO `period_liquidation_iva_details` VALUES (4081,NULL,21,16,74243,40776,1,13,2,2,0.00,0.00,'2022-07-11 12:43:10','2022-07-11 12:43:10',5,NULL),(4082,NULL,21,16,74243,40776,1,9,2,2,0.00,0.00,'2022-07-11 12:43:10','2022-07-11 12:43:10',5,NULL),(4083,NULL,21,16,74243,40776,1,4,2,2,0.00,0.00,'2022-07-11 12:43:10','2022-07-11 12:43:10',5,NULL),(4084,NULL,21,16,74243,40776,1,6,2,2,0.00,0.00,'2022-07-11 12:43:10','2022-07-11 12:43:10',5,NULL),(4085,NULL,21,16,74243,40776,1,14,2,2,0.00,0.00,'2022-07-11 12:43:10','2022-07-11 12:43:10',5,NULL),(4086,NULL,21,16,74243,40776,1,10,2,2,0.00,0.00,'2022-07-11 12:43:10','2022-07-11 12:43:10',5,NULL),(4087,NULL,21,16,74243,40776,1,1,2,2,0.00,0.00,'2022-07-11 12:43:10','2022-07-11 12:43:10',5,NULL),(4088,NULL,21,16,74243,40776,1,7,2,2,0.00,0.00,'2022-07-11 12:43:10','2022-07-11 12:43:10',5,NULL),(4089,NULL,21,16,74243,40776,1,11,2,2,0.00,0.00,'2022-07-11 12:43:10','2022-07-11 12:43:10',5,NULL),(4090,NULL,21,16,74243,40776,1,2,2,2,0.00,0.00,'2022-07-11 12:43:10','2022-07-11 12:43:10',5,NULL),(4091,NULL,21,16,74243,40776,1,12,2,2,0.00,0.00,'2022-07-11 12:43:10','2022-07-11 12:43:10',5,NULL),(4092,NULL,21,16,74243,40776,1,8,2,2,0.00,0.00,'2022-07-11 12:43:10','2022-07-11 12:43:10',5,NULL),(4093,NULL,21,16,74243,40776,1,4,2,1,0.00,0.00,'2022-07-11 12:43:10','2022-07-11 12:43:10',5,NULL),(4094,NULL,21,16,74243,40776,1,6,2,1,0.00,0.00,'2022-07-11 12:43:10','2022-07-11 12:43:10',5,NULL),(4095,NULL,21,16,74243,40776,1,14,2,1,0.00,0.00,'2022-07-11 12:43:10','2022-07-11 12:43:10',5,NULL),(4096,NULL,21,16,74243,40776,1,10,2,1,0.00,0.00,'2022-07-11 12:43:10','2022-07-11 12:43:10',5,NULL),(4097,NULL,21,16,74243,40776,1,1,2,1,0.00,0.00,'2022-07-11 12:43:10','2022-07-11 12:43:10',5,NULL),(4098,NULL,21,16,74243,40776,1,7,2,1,0.00,0.00,'2022-07-11 12:43:10','2022-07-11 12:43:10',5,NULL),(4099,NULL,21,16,74243,40776,1,11,2,1,0.00,0.00,'2022-07-11 12:43:10','2022-07-11 12:43:10',5,NULL),(4100,NULL,21,16,74243,40776,1,2,2,1,0.00,0.00,'2022-07-11 12:43:10','2022-07-11 12:43:10',5,NULL),(4101,NULL,21,16,74243,40776,1,12,2,1,0.00,0.00,'2022-07-11 12:43:10','2022-07-11 12:43:10',5,NULL),(4102,NULL,21,16,74243,40776,1,8,2,1,0.00,0.00,'2022-07-11 12:43:10','2022-07-11 12:43:10',5,NULL),(4103,NULL,21,16,74243,40776,1,3,2,1,0.00,0.00,'2022-07-11 12:43:10','2022-07-11 12:43:10',5,NULL),(4104,NULL,21,16,74243,40776,1,5,2,1,0.00,0.00,'2022-07-11 12:43:10','2022-07-11 12:43:10',5,NULL),(4105,NULL,21,16,74243,40776,1,13,2,1,0.00,0.00,'2022-07-11 12:43:10','2022-07-11 12:43:10',5,NULL),(4106,NULL,21,16,74243,40776,1,9,2,1,0.00,0.00,'2022-07-11 12:43:10','2022-07-11 12:43:10',5,NULL),(4107,NULL,21,16,74243,40776,1,3,2,5,0.00,0.00,'2022-07-11 12:43:10','2022-07-11 12:43:10',5,NULL),(4108,NULL,21,16,74243,40776,1,5,2,5,0.00,0.00,'2022-07-11 12:43:10','2022-07-11 12:43:10',5,NULL),(4109,NULL,21,16,74243,40776,1,13,2,5,0.00,0.00,'2022-07-11 12:43:10','2022-07-11 12:43:10',5,NULL),(4110,NULL,21,16,74243,40776,1,9,2,5,0.00,0.00,'2022-07-11 12:43:10','2022-07-11 12:43:10',5,NULL),(4111,NULL,21,16,74243,40776,1,4,2,5,0.00,0.00,'2022-07-11 12:43:10','2022-07-11 12:43:10',5,NULL),(4112,NULL,21,16,74243,40776,1,6,2,5,0.00,0.00,'2022-07-11 12:43:10','2022-07-11 12:43:10',5,NULL),(4113,NULL,21,16,74243,40776,1,14,2,5,0.00,0.00,'2022-07-11 12:43:10','2022-07-11 12:43:10',5,NULL),(4114,NULL,21,16,74243,40776,1,10,2,5,0.00,0.00,'2022-07-11 12:43:10','2022-07-11 12:43:10',5,NULL),(4115,NULL,21,16,74243,40776,1,1,2,5,0.00,0.00,'2022-07-11 12:43:10','2022-07-11 12:43:10',5,NULL),(4116,NULL,21,16,74243,40776,1,11,2,5,0.00,0.00,'2022-07-11 12:43:10','2022-07-11 12:43:10',5,NULL),(4117,NULL,21,16,74243,40776,1,7,2,5,0.00,0.00,'2022-07-11 12:43:10','2022-07-11 12:43:10',5,NULL),(4118,NULL,21,16,74243,40776,1,2,2,5,0.00,0.00,'2022-07-11 12:43:10','2022-07-11 12:43:10',5,NULL),(4119,NULL,21,16,74243,40776,1,12,2,5,0.00,0.00,'2022-07-11 12:43:10','2022-07-11 12:43:10',5,NULL),(4120,NULL,21,16,74243,40776,1,8,2,5,0.00,0.00,'2022-07-11 12:43:10','2022-07-11 12:43:10',5,NULL);
INSERT INTO `period_liquidation_iva_details` VALUES (4121,NULL,21,16,74243,40776,1,6,2,4,0.00,0.00,'2022-07-11 12:43:10','2022-07-11 12:43:10',5,NULL),(4122,NULL,21,16,74243,40776,1,14,2,4,0.00,0.00,'2022-07-11 12:43:10','2022-07-11 12:43:10',5,NULL),(4123,NULL,21,16,74243,40776,1,10,2,4,0.00,0.00,'2022-07-11 12:43:10','2022-07-11 12:43:10',5,NULL),(4124,NULL,21,16,74243,40776,1,1,2,4,0.00,0.00,'2022-07-11 12:43:10','2022-07-11 12:43:10',5,NULL),(4125,NULL,21,16,74243,40776,1,7,2,4,0.00,0.00,'2022-07-11 12:43:10','2022-07-11 12:43:10',5,NULL),(4126,NULL,21,16,74243,40776,1,11,2,4,0.00,0.00,'2022-07-11 12:43:10','2022-07-11 12:43:10',5,NULL),(4127,NULL,21,16,74243,40776,1,2,2,4,0.00,0.00,'2022-07-11 12:43:10','2022-07-11 12:43:10',5,NULL),(4128,NULL,21,16,74243,40776,1,12,2,4,0.00,0.00,'2022-07-11 12:43:10','2022-07-11 12:43:10',5,NULL),(4129,NULL,21,16,74243,40776,1,8,2,4,0.00,0.00,'2022-07-11 12:43:10','2022-07-11 12:43:10',5,NULL),(4130,NULL,21,16,74243,40776,1,3,2,4,0.00,0.00,'2022-07-11 12:43:10','2022-07-11 12:43:10',5,NULL),(4131,NULL,21,16,74243,40776,1,5,2,4,0.00,0.00,'2022-07-11 12:43:10','2022-07-11 12:43:10',5,NULL),(4132,NULL,21,16,74243,40776,1,13,2,4,0.00,0.00,'2022-07-11 12:43:10','2022-07-11 12:43:10',5,NULL),(4133,NULL,21,16,74243,40776,1,9,2,4,0.00,0.00,'2022-07-11 12:43:10','2022-07-11 12:43:10',5,NULL),(4134,NULL,21,16,74243,40776,1,4,2,4,0.00,0.00,'2022-07-11 12:43:10','2022-07-11 12:43:10',5,NULL),(4135,NULL,21,16,74243,40776,1,2,2,6,0.00,0.00,'2022-07-11 12:43:10','2022-07-11 12:43:10',5,NULL),(4136,NULL,21,16,74243,40776,1,1,2,7,0.00,0.00,'2022-07-11 12:43:10','2022-07-11 12:43:10',5,NULL),(4137,NULL,21,16,74243,40776,1,4,2,8,0.00,0.00,'2022-07-11 12:43:10','2022-07-11 12:43:10',5,NULL),(4138,NULL,21,16,74243,40776,1,12,2,6,0.00,0.00,'2022-07-11 12:43:11','2022-07-11 12:43:11',5,NULL),(4139,NULL,21,16,74243,40776,1,8,2,6,0.00,0.00,'2022-07-11 12:43:11','2022-07-11 12:43:11',5,NULL),(4140,NULL,21,16,74243,40776,1,11,2,7,0.00,0.00,'2022-07-11 12:43:11','2022-07-11 12:43:11',5,NULL),(4141,NULL,21,16,74243,40776,1,7,2,7,0.00,0.00,'2022-07-11 12:43:11','2022-07-11 12:43:11',5,NULL),(4142,NULL,21,16,74243,40776,1,6,2,8,0.00,0.00,'2022-07-11 12:43:11','2022-07-11 12:43:11',5,NULL),(4143,NULL,21,16,74243,40776,1,14,2,8,0.00,0.00,'2022-07-11 12:43:11','2022-07-11 12:43:11',5,NULL),(4144,NULL,21,16,74243,40776,1,10,2,8,0.00,0.00,'2022-07-11 12:43:11','2022-07-11 12:43:11',5,NULL),(4145,NULL,21,16,74243,40776,1,3,2,6,0.00,0.00,'2022-07-11 12:43:11','2022-07-11 12:43:11',5,NULL),(4146,NULL,21,16,74243,40776,1,2,2,7,0.00,0.00,'2022-07-11 12:43:11','2022-07-11 12:43:11',5,NULL),(4147,NULL,21,16,74243,40776,1,5,2,6,0.00,0.00,'2022-07-11 12:43:11','2022-07-11 12:43:11',5,NULL),(4148,NULL,21,16,74243,40776,1,13,2,6,0.00,0.00,'2022-07-11 12:43:11','2022-07-11 12:43:11',5,NULL),(4149,NULL,21,16,74243,40776,1,1,2,8,0.00,0.00,'2022-07-11 12:43:11','2022-07-11 12:43:11',5,NULL),(4150,NULL,21,16,74243,40776,1,9,2,6,0.00,0.00,'2022-07-11 12:43:11','2022-07-11 12:43:11',5,NULL),(4151,NULL,21,16,74243,40776,1,12,2,7,0.00,0.00,'2022-07-11 12:43:11','2022-07-11 12:43:11',5,NULL),(4152,NULL,21,16,74243,40776,1,8,2,7,0.00,0.00,'2022-07-11 12:43:11','2022-07-11 12:43:11',5,NULL),(4153,NULL,21,16,74243,40776,1,11,2,8,0.00,0.00,'2022-07-11 12:43:11','2022-07-11 12:43:11',5,NULL),(4154,NULL,21,16,74243,40776,1,7,2,8,0.00,0.00,'2022-07-11 12:43:11','2022-07-11 12:43:11',5,NULL),(4155,NULL,21,16,74243,40776,1,4,2,6,0.00,0.00,'2022-07-11 12:43:11','2022-07-11 12:43:11',5,NULL),(4156,NULL,21,16,74243,40776,1,3,2,7,0.00,0.00,'2022-07-11 12:43:11','2022-07-11 12:43:11',5,NULL),(4157,NULL,21,16,74243,40776,1,6,2,6,0.00,0.00,'2022-07-11 12:43:11','2022-07-11 12:43:11',5,NULL),(4158,NULL,21,16,74243,40776,1,14,2,6,0.00,0.00,'2022-07-11 12:43:11','2022-07-11 12:43:11',5,NULL),(4159,NULL,21,16,74243,40776,1,2,2,8,0.00,0.00,'2022-07-11 12:43:11','2022-07-11 12:43:11',5,NULL),(4160,NULL,21,16,74243,40776,1,10,2,6,0.00,0.00,'2022-07-11 12:43:11','2022-07-11 12:43:11',5,NULL);
INSERT INTO `period_liquidation_iva_details` VALUES (4161,NULL,21,16,74243,40776,1,5,2,7,0.00,0.00,'2022-07-11 12:43:11','2022-07-11 12:43:11',5,NULL),(4162,NULL,21,16,74243,40776,1,13,2,7,0.00,0.00,'2022-07-11 12:43:11','2022-07-11 12:43:11',5,NULL),(4163,NULL,21,16,74243,40776,1,9,2,7,0.00,0.00,'2022-07-11 12:43:11','2022-07-11 12:43:11',5,NULL),(4164,NULL,21,16,74243,40776,1,12,2,8,0.00,0.00,'2022-07-11 12:43:11','2022-07-11 12:43:11',5,NULL),(4165,NULL,21,16,74243,40776,1,8,2,8,0.00,0.00,'2022-07-11 12:43:11','2022-07-11 12:43:11',5,NULL),(4166,NULL,21,16,74243,40776,1,1,2,6,0.00,0.00,'2022-07-11 12:43:11','2022-07-11 12:43:11',5,NULL),(4167,NULL,21,16,74243,40776,1,4,2,7,0.00,0.00,'2022-07-11 12:43:11','2022-07-11 12:43:11',5,NULL),(4168,NULL,21,16,74243,40776,1,11,2,6,0.00,0.00,'2022-07-11 12:43:11','2022-07-11 12:43:11',5,NULL),(4169,NULL,21,16,74243,40776,1,7,2,6,0.00,0.00,'2022-07-11 12:43:11','2022-07-11 12:43:11',5,NULL),(4170,NULL,21,16,74243,40776,1,3,2,8,0.00,0.00,'2022-07-11 12:43:11','2022-07-11 12:43:11',5,NULL),(4171,NULL,21,16,74243,40776,1,6,2,7,0.00,0.00,'2022-07-11 12:43:11','2022-07-11 12:43:11',5,NULL),(4172,NULL,21,16,74243,40776,1,14,2,7,0.00,0.00,'2022-07-11 12:43:11','2022-07-11 12:43:11',5,NULL),(4173,NULL,21,16,74243,40776,1,10,2,7,0.00,0.00,'2022-07-11 12:43:11','2022-07-11 12:43:11',5,NULL),(4174,NULL,21,16,74243,40776,1,5,2,8,0.00,0.00,'2022-07-11 12:43:11','2022-07-11 12:43:11',5,NULL),(4175,NULL,21,16,74243,40776,1,13,2,8,0.00,0.00,'2022-07-11 12:43:11','2022-07-11 12:43:11',5,NULL),(4176,NULL,21,16,74243,40776,1,9,2,8,0.00,0.00,'2022-07-11 12:43:11','2022-07-11 12:43:11',5,NULL),(4177,NULL,21,16,74243,40776,1,2,2,3,0.00,0.00,'2022-07-11 12:43:11','2022-07-11 12:43:11',6,NULL),(4178,NULL,21,16,74243,40776,1,5,2,3,0.00,0.00,'2022-07-11 12:43:11','2022-07-11 12:43:11',6,NULL),(4179,NULL,21,16,74243,40776,1,8,2,3,0.00,0.00,'2022-07-11 12:43:11','2022-07-11 12:43:11',6,NULL),(4180,NULL,21,16,74243,40776,1,11,2,3,0.00,0.00,'2022-07-11 12:43:11','2022-07-11 12:43:11',6,NULL),(4181,NULL,21,16,74243,40776,1,14,2,3,0.00,0.00,'2022-07-11 12:43:11','2022-07-11 12:43:11',6,NULL),(4182,NULL,21,16,74243,40776,1,1,2,3,0.00,0.00,'2022-07-11 12:43:11','2022-07-11 12:43:11',6,NULL),(4183,NULL,21,16,74243,40776,1,4,2,3,0.00,0.00,'2022-07-11 12:43:11','2022-07-11 12:43:11',6,NULL),(4184,NULL,21,16,74243,40776,1,7,2,3,0.00,0.00,'2022-07-11 12:43:11','2022-07-11 12:43:11',6,NULL),(4185,NULL,21,16,74243,40776,1,10,2,3,0.00,0.00,'2022-07-11 12:43:11','2022-07-11 12:43:11',6,NULL),(4186,NULL,21,16,74243,40776,1,13,2,3,0.00,0.00,'2022-07-11 12:43:11','2022-07-11 12:43:11',6,NULL),(4187,NULL,21,16,74243,40776,1,3,2,3,0.00,0.00,'2022-07-11 12:43:11','2022-07-11 12:43:11',6,NULL),(4188,NULL,21,16,74243,40776,1,6,2,3,0.00,0.00,'2022-07-11 12:43:11','2022-07-11 12:43:11',6,NULL),(4189,NULL,21,16,74243,40776,1,9,2,3,0.00,0.00,'2022-07-11 12:43:11','2022-07-11 12:43:11',6,NULL),(4190,NULL,21,16,74243,40776,1,12,2,3,0.00,0.00,'2022-07-11 12:43:11','2022-07-11 12:43:11',6,NULL),(4191,NULL,21,16,74243,40776,1,1,2,2,0.00,0.00,'2022-07-11 12:43:11','2022-07-11 12:43:11',6,NULL),(4192,NULL,21,16,74243,40776,1,4,2,2,0.00,0.00,'2022-07-11 12:43:11','2022-07-11 12:43:11',6,NULL),(4193,NULL,21,16,74243,40776,1,7,2,2,0.00,0.00,'2022-07-11 12:43:11','2022-07-11 12:43:11',6,NULL),(4194,NULL,21,16,74243,40776,1,10,2,2,0.00,0.00,'2022-07-11 12:43:11','2022-07-11 12:43:11',6,NULL),(4195,NULL,21,16,74243,40776,1,13,2,2,0.00,0.00,'2022-07-11 12:43:11','2022-07-11 12:43:11',6,NULL),(4196,NULL,21,16,74243,40776,1,3,2,2,0.00,0.00,'2022-07-11 12:43:11','2022-07-11 12:43:11',6,NULL),(4197,NULL,21,16,74243,40776,1,6,2,2,0.00,0.00,'2022-07-11 12:43:11','2022-07-11 12:43:11',6,NULL),(4198,NULL,21,16,74243,40776,1,9,2,2,0.00,0.00,'2022-07-11 12:43:11','2022-07-11 12:43:11',6,NULL),(4199,NULL,21,16,74243,40776,1,12,2,2,0.00,0.00,'2022-07-11 12:43:11','2022-07-11 12:43:11',6,NULL),(4200,NULL,21,16,74243,40776,1,2,2,2,0.00,0.00,'2022-07-11 12:43:11','2022-07-11 12:43:11',6,NULL);
INSERT INTO `period_liquidation_iva_details` VALUES (4201,NULL,21,16,74243,40776,1,5,2,2,0.00,0.00,'2022-07-11 12:43:11','2022-07-11 12:43:11',6,NULL),(4202,NULL,21,16,74243,40776,1,8,2,2,0.00,0.00,'2022-07-11 12:43:11','2022-07-11 12:43:11',6,NULL),(4203,NULL,21,16,74243,40776,1,11,2,2,0.00,0.00,'2022-07-11 12:43:11','2022-07-11 12:43:11',6,NULL),(4204,NULL,21,16,74243,40776,1,14,2,2,0.00,0.00,'2022-07-11 12:43:11','2022-07-11 12:43:11',6,NULL),(4205,NULL,21,16,74243,40776,1,13,2,1,0.00,0.00,'2022-07-11 12:43:11','2022-07-11 12:43:11',6,NULL),(4206,NULL,21,16,74243,40776,1,3,2,1,0.00,0.00,'2022-07-11 12:43:11','2022-07-11 12:43:11',6,NULL),(4207,NULL,21,16,74243,40776,1,6,2,1,0.00,0.00,'2022-07-11 12:43:11','2022-07-11 12:43:11',6,NULL),(4208,NULL,21,16,74243,40776,1,9,2,1,0.00,0.00,'2022-07-11 12:43:11','2022-07-11 12:43:11',6,NULL),(4209,NULL,21,16,74243,40776,1,12,2,1,0.00,0.00,'2022-07-11 12:43:11','2022-07-11 12:43:11',6,NULL),(4210,NULL,21,16,74243,40776,1,2,2,1,0.00,0.00,'2022-07-11 12:43:11','2022-07-11 12:43:11',6,NULL),(4211,NULL,21,16,74243,40776,1,5,2,1,0.00,0.00,'2022-07-11 12:43:11','2022-07-11 12:43:11',6,NULL),(4212,NULL,21,16,74243,40776,1,8,2,1,0.00,0.00,'2022-07-11 12:43:11','2022-07-11 12:43:11',6,NULL),(4213,NULL,21,16,74243,40776,1,11,2,1,0.00,0.00,'2022-07-11 12:43:11','2022-07-11 12:43:11',6,NULL),(4214,NULL,21,16,74243,40776,1,14,2,1,0.00,0.00,'2022-07-11 12:43:11','2022-07-11 12:43:11',6,NULL),(4215,NULL,21,16,74243,40776,1,1,2,1,0.00,0.00,'2022-07-11 12:43:11','2022-07-11 12:43:11',6,NULL),(4216,NULL,21,16,74243,40776,1,4,2,1,0.00,0.00,'2022-07-11 12:43:11','2022-07-11 12:43:11',6,NULL),(4217,NULL,21,16,74243,40776,1,7,2,1,0.00,0.00,'2022-07-11 12:43:11','2022-07-11 12:43:11',6,NULL),(4218,NULL,21,16,74243,40776,1,10,2,1,0.00,0.00,'2022-07-11 12:43:11','2022-07-11 12:43:11',6,NULL),(4219,NULL,21,16,74243,40776,1,7,2,5,0.00,0.00,'2022-07-11 12:43:11','2022-07-11 12:43:11',6,NULL),(4220,NULL,21,16,74243,40776,1,10,2,5,0.00,0.00,'2022-07-11 12:43:11','2022-07-11 12:43:11',6,NULL),(4221,NULL,21,16,74243,40776,1,13,2,5,0.00,0.00,'2022-07-11 12:43:11','2022-07-11 12:43:11',6,NULL),(4222,NULL,21,16,74243,40776,1,3,2,5,0.00,0.00,'2022-07-11 12:43:11','2022-07-11 12:43:11',6,NULL),(4223,NULL,21,16,74243,40776,1,6,2,5,0.00,0.00,'2022-07-11 12:43:11','2022-07-11 12:43:11',6,NULL),(4224,NULL,21,16,74243,40776,1,9,2,5,0.00,0.00,'2022-07-11 12:43:11','2022-07-11 12:43:11',6,NULL),(4225,NULL,21,16,74243,40776,1,12,2,5,0.00,0.00,'2022-07-11 12:43:11','2022-07-11 12:43:11',6,NULL),(4226,NULL,21,16,74243,40776,1,2,2,5,0.00,0.00,'2022-07-11 12:43:11','2022-07-11 12:43:11',6,NULL),(4227,NULL,21,16,74243,40776,1,5,2,5,0.00,0.00,'2022-07-11 12:43:11','2022-07-11 12:43:11',6,NULL),(4228,NULL,21,16,74243,40776,1,8,2,5,0.00,0.00,'2022-07-11 12:43:11','2022-07-11 12:43:11',6,NULL),(4229,NULL,21,16,74243,40776,1,11,2,5,0.00,0.00,'2022-07-11 12:43:11','2022-07-11 12:43:11',6,NULL),(4230,NULL,21,16,74243,40776,1,14,2,5,0.00,0.00,'2022-07-11 12:43:11','2022-07-11 12:43:11',6,NULL),(4231,NULL,21,16,74243,40776,1,1,2,5,0.00,0.00,'2022-07-11 12:43:11','2022-07-11 12:43:11',6,NULL),(4232,NULL,21,16,74243,40776,1,4,2,5,0.00,0.00,'2022-07-11 12:43:11','2022-07-11 12:43:11',6,NULL),(4233,NULL,21,16,74243,40776,1,6,2,4,0.00,0.00,'2022-07-11 12:43:11','2022-07-11 12:43:11',6,NULL),(4234,NULL,21,16,74243,40776,1,9,2,4,0.00,0.00,'2022-07-11 12:43:11','2022-07-11 12:43:11',6,NULL),(4235,NULL,21,16,74243,40776,1,12,2,4,0.00,0.00,'2022-07-11 12:43:11','2022-07-11 12:43:11',6,NULL),(4236,NULL,21,16,74243,40776,1,2,2,4,0.00,0.00,'2022-07-11 12:43:11','2022-07-11 12:43:11',6,NULL),(4237,NULL,21,16,74243,40776,1,5,2,4,0.00,0.00,'2022-07-11 12:43:11','2022-07-11 12:43:11',6,NULL),(4238,NULL,21,16,74243,40776,1,8,2,4,0.00,0.00,'2022-07-11 12:43:11','2022-07-11 12:43:11',6,NULL),(4239,NULL,21,16,74243,40776,1,11,2,4,0.00,0.00,'2022-07-11 12:43:11','2022-07-11 12:43:11',6,NULL),(4240,NULL,21,16,74243,40776,1,14,2,4,0.00,0.00,'2022-07-11 12:43:11','2022-07-11 12:43:11',6,NULL);
INSERT INTO `period_liquidation_iva_details` VALUES (4241,NULL,21,16,74243,40776,1,1,2,4,0.00,0.00,'2022-07-11 12:43:11','2022-07-11 12:43:11',6,NULL),(4242,NULL,21,16,74243,40776,1,4,2,4,0.00,0.00,'2022-07-11 12:43:11','2022-07-11 12:43:11',6,NULL),(4243,NULL,21,16,74243,40776,1,7,2,4,0.00,0.00,'2022-07-11 12:43:11','2022-07-11 12:43:11',6,NULL),(4244,NULL,21,16,74243,40776,1,10,2,4,0.00,0.00,'2022-07-11 12:43:11','2022-07-11 12:43:11',6,NULL),(4245,NULL,21,16,74243,40776,1,13,2,4,0.00,0.00,'2022-07-11 12:43:11','2022-07-11 12:43:11',6,NULL),(4246,NULL,21,16,74243,40776,1,3,2,4,0.00,0.00,'2022-07-11 12:43:11','2022-07-11 12:43:11',6,NULL),(4247,NULL,21,16,74243,40776,1,11,2,8,0.00,0.00,'2022-07-11 12:43:11','2022-07-11 12:43:11',6,NULL),(4248,NULL,21,16,74243,40776,1,14,2,8,0.00,0.00,'2022-07-11 12:43:11','2022-07-11 12:43:11',6,NULL),(4249,NULL,21,16,74243,40776,1,1,2,8,0.00,0.00,'2022-07-11 12:43:11','2022-07-11 12:43:11',6,NULL),(4250,NULL,21,16,74243,40776,1,4,2,8,0.00,0.00,'2022-07-11 12:43:11','2022-07-11 12:43:11',6,NULL),(4251,NULL,21,16,74243,40776,1,7,2,8,0.00,0.00,'2022-07-11 12:43:11','2022-07-11 12:43:11',6,NULL),(4252,NULL,21,16,74243,40776,1,10,2,8,0.00,0.00,'2022-07-11 12:43:11','2022-07-11 12:43:11',6,NULL),(4253,NULL,21,16,74243,40776,1,13,2,8,0.00,0.00,'2022-07-11 12:43:11','2022-07-11 12:43:11',6,NULL),(4254,NULL,21,16,74243,40776,1,3,2,8,0.00,0.00,'2022-07-11 12:43:11','2022-07-11 12:43:11',6,NULL),(4255,NULL,21,16,74243,40776,1,6,2,8,0.00,0.00,'2022-07-11 12:43:11','2022-07-11 12:43:11',6,NULL),(4256,NULL,21,16,74243,40776,1,9,2,8,0.00,0.00,'2022-07-11 12:43:11','2022-07-11 12:43:11',6,NULL),(4257,NULL,21,16,74243,40776,1,12,2,8,0.00,0.00,'2022-07-11 12:43:11','2022-07-11 12:43:11',6,NULL),(4258,NULL,21,16,74243,40776,1,2,2,8,0.00,0.00,'2022-07-11 12:43:11','2022-07-11 12:43:11',6,NULL),(4259,NULL,21,16,74243,40776,1,5,2,8,0.00,0.00,'2022-07-11 12:43:11','2022-07-11 12:43:11',6,NULL),(4260,NULL,21,16,74243,40776,1,8,2,8,0.00,0.00,'2022-07-11 12:43:11','2022-07-11 12:43:11',6,NULL),(4261,NULL,21,16,74243,40776,1,2,2,6,0.00,0.00,'2022-07-11 12:43:11','2022-07-11 12:43:11',7,NULL),(4262,NULL,21,16,74243,40776,1,14,2,7,0.00,0.00,'2022-07-11 12:43:11','2022-07-11 12:43:11',7,NULL),(4263,NULL,21,16,74243,40776,1,11,2,6,0.00,0.00,'2022-07-11 12:43:11','2022-07-11 12:43:11',7,NULL),(4264,NULL,21,16,74243,40776,1,7,2,7,0.00,0.00,'2022-07-11 12:43:11','2022-07-11 12:43:11',7,NULL),(4265,NULL,21,16,74243,40776,1,4,2,6,0.00,0.00,'2022-07-11 12:43:11','2022-07-11 12:43:11',7,NULL),(4266,NULL,21,16,74243,40776,1,13,2,6,0.00,0.00,'2022-07-11 12:43:11','2022-07-11 12:43:11',7,NULL),(4267,NULL,21,16,74243,40776,1,9,2,7,0.00,0.00,'2022-07-11 12:43:11','2022-07-11 12:43:11',7,NULL),(4268,NULL,21,16,74243,40776,1,6,2,6,0.00,0.00,'2022-07-11 12:43:11','2022-07-11 12:43:11',7,NULL),(4269,NULL,21,16,74243,40776,1,2,2,7,0.00,0.00,'2022-07-11 12:43:11','2022-07-11 12:43:11',7,NULL),(4270,NULL,21,16,74243,40776,1,11,2,7,0.00,0.00,'2022-07-11 12:43:11','2022-07-11 12:43:11',7,NULL),(4271,NULL,21,16,74243,40776,1,8,2,6,0.00,0.00,'2022-07-11 12:43:11','2022-07-11 12:43:11',7,NULL),(4272,NULL,21,16,74243,40776,1,4,2,7,0.00,0.00,'2022-07-11 12:43:11','2022-07-11 12:43:11',7,NULL),(4273,NULL,21,16,74243,40776,1,1,2,6,0.00,0.00,'2022-07-11 12:43:11','2022-07-11 12:43:11',7,NULL),(4274,NULL,21,16,74243,40776,1,13,2,7,0.00,0.00,'2022-07-11 12:43:11','2022-07-11 12:43:11',7,NULL),(4275,NULL,21,16,74243,40776,1,10,2,6,0.00,0.00,'2022-07-11 12:43:11','2022-07-11 12:43:11',7,NULL),(4276,NULL,21,16,74243,40776,1,6,2,7,0.00,0.00,'2022-07-11 12:43:11','2022-07-11 12:43:11',7,NULL),(4277,NULL,21,16,74243,40776,1,3,2,6,0.00,0.00,'2022-07-11 12:43:11','2022-07-11 12:43:11',7,NULL),(4278,NULL,21,16,74243,40776,1,12,2,6,0.00,0.00,'2022-07-11 12:43:11','2022-07-11 12:43:11',7,NULL),(4279,NULL,21,16,74243,40776,1,8,2,7,0.00,0.00,'2022-07-11 12:43:11','2022-07-11 12:43:11',7,NULL),(4280,NULL,21,16,74243,40776,1,5,2,6,0.00,0.00,'2022-07-11 12:43:11','2022-07-11 12:43:11',7,NULL);
INSERT INTO `period_liquidation_iva_details` VALUES (4281,NULL,21,16,74243,40776,1,1,2,7,0.00,0.00,'2022-07-11 12:43:11','2022-07-11 12:43:11',7,NULL),(4282,NULL,21,16,74243,40776,1,14,2,6,0.00,0.00,'2022-07-11 12:43:11','2022-07-11 12:43:11',7,NULL),(4283,NULL,21,16,74243,40776,1,10,2,7,0.00,0.00,'2022-07-11 12:43:11','2022-07-11 12:43:11',7,NULL),(4284,NULL,21,16,74243,40776,1,7,2,6,0.00,0.00,'2022-07-11 12:43:11','2022-07-11 12:43:11',7,NULL),(4285,NULL,21,16,74243,40776,1,3,2,7,0.00,0.00,'2022-07-11 12:43:11','2022-07-11 12:43:11',7,NULL),(4286,NULL,21,16,74243,40776,1,12,2,7,0.00,0.00,'2022-07-11 12:43:11','2022-07-11 12:43:11',7,NULL),(4287,NULL,21,16,74243,40776,1,9,2,6,0.00,0.00,'2022-07-11 12:43:11','2022-07-11 12:43:11',7,NULL),(4288,NULL,21,16,74243,40776,1,5,2,7,0.00,0.00,'2022-07-11 12:43:11','2022-07-11 12:43:11',7,NULL),(8269,7280,72,33,8,40719,796,1,1,3,0.00,0.00,'2022-07-12 19:25:01','2022-07-12 19:25:01',1,NULL),(8270,7280,72,33,8,40719,796,1,1,2,0.00,0.00,'2022-07-12 19:25:01','2022-07-12 19:25:01',1,NULL),(8271,7280,72,33,8,40719,796,1,1,1,0.00,0.00,'2022-07-12 19:25:01','2022-07-12 19:25:01',1,NULL),(8272,7280,72,33,8,40719,796,1,1,5,0.00,0.00,'2022-07-12 19:25:01','2022-07-12 19:25:01',1,NULL),(8273,7280,72,33,8,40719,796,1,1,4,0.00,0.00,'2022-07-12 19:25:01','2022-07-12 19:25:01',1,NULL),(8274,7280,72,33,8,40719,796,1,1,8,0.00,0.00,'2022-07-12 19:25:01','2022-07-12 19:25:01',1,NULL),(8275,7280,72,33,8,40719,796,1,1,3,0.00,0.00,'2022-07-12 19:25:01','2022-07-12 19:25:01',2,NULL),(8276,7280,72,33,8,40719,796,1,1,2,0.00,0.00,'2022-07-12 19:25:01','2022-07-12 19:25:01',2,NULL),(8277,7280,72,33,8,40719,796,1,1,1,0.00,0.00,'2022-07-12 19:25:01','2022-07-12 19:25:01',2,NULL),(8278,7280,72,33,8,40719,796,1,1,5,0.00,0.00,'2022-07-12 19:25:01','2022-07-12 19:25:01',2,NULL),(8279,7280,72,33,8,40719,796,1,1,4,0.00,0.00,'2022-07-12 19:25:01','2022-07-12 19:25:01',2,NULL),(8280,7280,72,33,8,40719,796,1,1,8,0.00,0.00,'2022-07-12 19:25:01','2022-07-12 19:25:01',2,NULL),(8281,7280,72,33,8,40719,796,1,1,6,0.00,0.00,'2022-07-12 19:25:01','2022-07-12 19:25:01',3,NULL),(8282,7280,72,33,8,40719,796,1,1,7,349000.00,0.00,'2022-07-12 19:25:01','2022-07-12 19:25:01',3,NULL),(8283,7280,72,33,8,40719,796,1,1,3,0.00,0.00,'2022-07-12 19:25:01','2022-07-12 19:25:01',4,NULL),(8284,7280,72,33,8,40719,796,1,1,2,0.00,0.00,'2022-07-12 19:25:01','2022-07-12 19:25:01',4,NULL),(8285,7280,72,33,8,40719,796,1,1,1,0.00,0.00,'2022-07-12 19:25:01','2022-07-12 19:25:01',4,NULL),(8286,7280,72,33,8,40719,796,1,1,5,0.00,0.00,'2022-07-12 19:25:01','2022-07-12 19:25:01',4,NULL),(8287,7280,72,33,8,40719,796,1,1,4,0.00,0.00,'2022-07-12 19:25:01','2022-07-12 19:25:01',4,NULL),(8288,7280,72,33,8,40719,796,1,1,6,0.00,0.00,'2022-07-12 19:25:01','2022-07-12 19:25:01',4,NULL),(8289,7280,72,33,8,40719,796,1,1,7,0.00,0.00,'2022-07-12 19:25:01','2022-07-12 19:25:01',4,NULL),(8290,7280,72,33,8,40719,796,1,1,8,0.00,0.00,'2022-07-12 19:25:01','2022-07-12 19:25:01',4,NULL),(8291,7280,72,33,8,40719,1,6,2,3,0.00,0.00,'2022-07-12 19:25:01','2022-07-12 19:25:01',5,NULL),(8292,7280,72,33,8,40719,1,14,2,3,0.00,0.00,'2022-07-12 19:25:01','2022-07-12 19:25:01',5,NULL),(8293,7280,72,33,8,40719,1,10,2,3,0.00,0.00,'2022-07-12 19:25:01','2022-07-12 19:25:01',5,NULL),(8294,7280,72,33,8,40719,1,1,2,3,0.00,0.00,'2022-07-12 19:25:01','2022-07-12 19:25:01',5,NULL),(8295,7280,72,33,8,40719,1,7,2,3,0.00,0.00,'2022-07-12 19:25:01','2022-07-12 19:25:01',5,NULL),(8296,7280,72,33,8,40719,1,11,2,3,0.00,0.00,'2022-07-12 19:25:01','2022-07-12 19:25:01',5,NULL),(8297,7280,72,33,8,40719,1,2,2,3,0.00,0.00,'2022-07-12 19:25:01','2022-07-12 19:25:01',5,NULL),(8298,7280,72,33,8,40719,1,8,2,3,0.00,0.00,'2022-07-12 19:25:01','2022-07-12 19:25:01',5,NULL),(8299,7280,72,33,8,40719,1,12,2,3,0.00,0.00,'2022-07-12 19:25:01','2022-07-12 19:25:01',5,NULL),(8300,7280,72,33,8,40719,1,3,2,3,0.00,0.00,'2022-07-12 19:25:01','2022-07-12 19:25:01',5,NULL),(8301,7280,72,33,8,40719,1,13,2,3,0.00,0.00,'2022-07-12 19:25:01','2022-07-12 19:25:01',5,NULL);
INSERT INTO `period_liquidation_iva_details` VALUES (8302,7280,72,33,8,40719,1,9,2,3,0.00,0.00,'2022-07-12 19:25:01','2022-07-12 19:25:01',5,NULL),(8303,7280,72,33,8,40719,1,5,2,3,0.00,0.00,'2022-07-12 19:25:01','2022-07-12 19:25:01',5,NULL),(8304,7280,72,33,8,40719,1,4,2,3,0.00,0.00,'2022-07-12 19:25:01','2022-07-12 19:25:01',5,NULL),(8305,7280,72,33,8,40719,1,2,2,2,0.00,0.00,'2022-07-12 19:25:01','2022-07-12 19:25:01',5,NULL),(8306,7280,72,33,8,40719,1,8,2,2,0.00,0.00,'2022-07-12 19:25:01','2022-07-12 19:25:01',5,NULL),(8307,7280,72,33,8,40719,1,12,2,2,0.00,0.00,'2022-07-12 19:25:01','2022-07-12 19:25:01',5,NULL),(8308,7280,72,33,8,40719,1,3,2,2,0.00,0.00,'2022-07-12 19:25:01','2022-07-12 19:25:01',5,NULL),(8309,7280,72,33,8,40719,1,13,2,2,0.00,0.00,'2022-07-12 19:25:01','2022-07-12 19:25:01',5,NULL),(8310,7280,72,33,8,40719,1,9,2,2,0.00,0.00,'2022-07-12 19:25:01','2022-07-12 19:25:01',5,NULL),(8311,7280,72,33,8,40719,1,5,2,2,0.00,0.00,'2022-07-12 19:25:01','2022-07-12 19:25:01',5,NULL),(8312,7280,72,33,8,40719,1,4,2,2,0.00,0.00,'2022-07-12 19:25:01','2022-07-12 19:25:01',5,NULL),(8313,7280,72,33,8,40719,1,6,2,2,0.00,0.00,'2022-07-12 19:25:01','2022-07-12 19:25:01',5,NULL),(8314,7280,72,33,8,40719,1,14,2,2,0.00,0.00,'2022-07-12 19:25:01','2022-07-12 19:25:01',5,NULL),(8315,7280,72,33,8,40719,1,10,2,2,0.00,0.00,'2022-07-12 19:25:01','2022-07-12 19:25:01',5,NULL),(8316,7280,72,33,8,40719,1,1,2,2,0.00,0.00,'2022-07-12 19:25:01','2022-07-12 19:25:01',5,NULL),(8317,7280,72,33,8,40719,1,7,2,2,0.00,0.00,'2022-07-12 19:25:01','2022-07-12 19:25:01',5,NULL),(8318,7280,72,33,8,40719,1,11,2,2,0.00,0.00,'2022-07-12 19:25:01','2022-07-12 19:25:01',5,NULL),(8319,7280,72,33,8,40719,1,3,2,1,0.00,0.00,'2022-07-12 19:25:01','2022-07-12 19:25:01',5,NULL),(8320,7280,72,33,8,40719,1,9,2,1,0.00,0.00,'2022-07-12 19:25:01','2022-07-12 19:25:01',5,NULL),(8321,7280,72,33,8,40719,1,5,2,1,0.00,0.00,'2022-07-12 19:25:01','2022-07-12 19:25:01',5,NULL),(8322,7280,72,33,8,40719,1,13,2,1,0.00,0.00,'2022-07-12 19:25:01','2022-07-12 19:25:01',5,NULL),(8323,7280,72,33,8,40719,1,4,2,1,0.00,0.00,'2022-07-12 19:25:01','2022-07-12 19:25:01',5,NULL),(8324,7280,72,33,8,40719,1,6,2,1,0.00,0.00,'2022-07-12 19:25:01','2022-07-12 19:25:01',5,NULL),(8325,7280,72,33,8,40719,1,14,2,1,0.00,0.00,'2022-07-12 19:25:01','2022-07-12 19:25:01',5,NULL),(8326,7280,72,33,8,40719,1,10,2,1,0.00,0.00,'2022-07-12 19:25:01','2022-07-12 19:25:01',5,NULL),(8327,7280,72,33,8,40719,1,1,2,1,0.00,0.00,'2022-07-12 19:25:01','2022-07-12 19:25:01',5,NULL),(8328,7280,72,33,8,40719,1,7,2,1,0.00,0.00,'2022-07-12 19:25:01','2022-07-12 19:25:01',5,NULL),(8329,7280,72,33,8,40719,1,11,2,1,0.00,0.00,'2022-07-12 19:25:01','2022-07-12 19:25:01',5,NULL),(8330,7280,72,33,8,40719,1,2,2,1,0.00,0.00,'2022-07-12 19:25:01','2022-07-12 19:25:01',5,NULL),(8331,7280,72,33,8,40719,1,8,2,1,0.00,0.00,'2022-07-12 19:25:01','2022-07-12 19:25:01',5,NULL),(8332,7280,72,33,8,40719,1,12,2,1,0.00,0.00,'2022-07-12 19:25:01','2022-07-12 19:25:01',5,NULL),(8333,7280,72,33,8,40719,1,8,2,5,0.00,0.00,'2022-07-12 19:25:01','2022-07-12 19:25:01',5,NULL),(8334,7280,72,33,8,40719,1,12,2,5,0.00,0.00,'2022-07-12 19:25:01','2022-07-12 19:25:01',5,NULL),(8335,7280,72,33,8,40719,1,3,2,5,0.00,0.00,'2022-07-12 19:25:01','2022-07-12 19:25:01',5,NULL),(8336,7280,72,33,8,40719,1,13,2,5,0.00,0.00,'2022-07-12 19:25:01','2022-07-12 19:25:01',5,NULL),(8337,7280,72,33,8,40719,1,9,2,5,0.00,0.00,'2022-07-12 19:25:01','2022-07-12 19:25:01',5,NULL),(8338,7280,72,33,8,40719,1,5,2,5,0.00,0.00,'2022-07-12 19:25:01','2022-07-12 19:25:01',5,NULL),(8339,7280,72,33,8,40719,1,4,2,5,0.00,0.00,'2022-07-12 19:25:01','2022-07-12 19:25:01',5,NULL),(8340,7280,72,33,8,40719,1,6,2,5,0.00,0.00,'2022-07-12 19:25:01','2022-07-12 19:25:01',5,NULL),(8341,7280,72,33,8,40719,1,14,2,5,0.00,0.00,'2022-07-12 19:25:01','2022-07-12 19:25:01',5,NULL),(8342,7280,72,33,8,40719,1,10,2,5,0.00,0.00,'2022-07-12 19:25:01','2022-07-12 19:25:01',5,NULL);
INSERT INTO `period_liquidation_iva_details` VALUES (8343,7280,72,33,8,40719,1,1,2,5,0.00,0.00,'2022-07-12 19:25:01','2022-07-12 19:25:01',5,NULL),(8344,7280,72,33,8,40719,1,7,2,5,0.00,0.00,'2022-07-12 19:25:01','2022-07-12 19:25:01',5,NULL),(8345,7280,72,33,8,40719,1,11,2,5,0.00,0.00,'2022-07-12 19:25:01','2022-07-12 19:25:01',5,NULL),(8346,7280,72,33,8,40719,1,2,2,5,0.00,0.00,'2022-07-12 19:25:01','2022-07-12 19:25:01',5,NULL),(8347,7280,72,33,8,40719,1,13,2,4,0.00,0.00,'2022-07-12 19:25:01','2022-07-12 19:25:01',5,NULL),(8348,7280,72,33,8,40719,1,9,2,4,0.00,0.00,'2022-07-12 19:25:01','2022-07-12 19:25:01',5,NULL),(8349,7280,72,33,8,40719,1,5,2,4,0.00,0.00,'2022-07-12 19:25:01','2022-07-12 19:25:01',5,NULL),(8350,7280,72,33,8,40719,1,4,2,4,0.00,0.00,'2022-07-12 19:25:01','2022-07-12 19:25:01',5,NULL),(8351,7280,72,33,8,40719,1,6,2,4,0.00,0.00,'2022-07-12 19:25:01','2022-07-12 19:25:01',5,NULL),(8352,7280,72,33,8,40719,1,14,2,4,0.00,0.00,'2022-07-12 19:25:01','2022-07-12 19:25:01',5,NULL),(8353,7280,72,33,8,40719,1,10,2,4,0.00,0.00,'2022-07-12 19:25:01','2022-07-12 19:25:01',5,NULL),(8354,7280,72,33,8,40719,1,1,2,4,0.00,0.00,'2022-07-12 19:25:01','2022-07-12 19:25:01',5,NULL),(8355,7280,72,33,8,40719,1,7,2,4,0.00,0.00,'2022-07-12 19:25:01','2022-07-12 19:25:01',5,NULL),(8356,7280,72,33,8,40719,1,11,2,4,0.00,0.00,'2022-07-12 19:25:01','2022-07-12 19:25:01',5,NULL),(8357,7280,72,33,8,40719,1,2,2,4,0.00,0.00,'2022-07-12 19:25:01','2022-07-12 19:25:01',5,NULL),(8358,7280,72,33,8,40719,1,8,2,4,0.00,0.00,'2022-07-12 19:25:01','2022-07-12 19:25:01',5,NULL),(8359,7280,72,33,8,40719,1,12,2,4,0.00,0.00,'2022-07-12 19:25:01','2022-07-12 19:25:01',5,NULL),(8360,7280,72,33,8,40719,1,3,2,4,0.00,0.00,'2022-07-12 19:25:01','2022-07-12 19:25:01',5,NULL),(8361,7280,72,33,8,40719,1,7,2,6,0.00,0.00,'2022-07-12 19:25:01','2022-07-12 19:25:01',5,NULL),(8362,7280,72,33,8,40719,1,11,2,6,0.00,0.00,'2022-07-12 19:25:01','2022-07-12 19:25:01',5,NULL),(8363,7280,72,33,8,40719,1,6,2,7,0.00,0.00,'2022-07-12 19:25:01','2022-07-12 19:25:01',5,NULL),(8364,7280,72,33,8,40719,1,14,2,7,0.00,0.00,'2022-07-12 19:25:01','2022-07-12 19:25:01',5,NULL),(8365,7280,72,33,8,40719,1,10,2,7,0.00,0.00,'2022-07-12 19:25:01','2022-07-12 19:25:01',5,NULL),(8366,7280,72,33,8,40719,1,5,2,8,0.00,0.00,'2022-07-12 19:25:01','2022-07-12 19:25:01',5,NULL),(8367,7280,72,33,8,40719,1,13,2,8,0.00,0.00,'2022-07-12 19:25:01','2022-07-12 19:25:01',5,NULL),(8368,7280,72,33,8,40719,1,9,2,8,0.00,0.00,'2022-07-12 19:25:01','2022-07-12 19:25:01',5,NULL),(8369,7280,72,33,8,40719,1,2,2,6,0.00,0.00,'2022-07-12 19:25:01','2022-07-12 19:25:01',5,NULL),(8370,7280,72,33,8,40719,1,1,2,7,0.00,0.00,'2022-07-12 19:25:01','2022-07-12 19:25:01',5,NULL),(8371,7280,72,33,8,40719,1,4,2,8,0.00,0.00,'2022-07-12 19:25:01','2022-07-12 19:25:01',5,NULL),(8372,7280,72,33,8,40719,1,8,2,6,0.00,0.00,'2022-07-12 19:25:01','2022-07-12 19:25:01',5,NULL),(8373,7280,72,33,8,40719,1,12,2,6,0.00,0.00,'2022-07-12 19:25:01','2022-07-12 19:25:01',5,NULL),(8374,7280,72,33,8,40719,1,7,2,7,0.00,0.00,'2022-07-12 19:25:01','2022-07-12 19:25:01',5,NULL),(8375,7280,72,33,8,40719,1,11,2,7,0.00,0.00,'2022-07-12 19:25:01','2022-07-12 19:25:01',5,NULL),(8376,7280,72,33,8,40719,1,3,2,6,0.00,0.00,'2022-07-12 19:25:01','2022-07-12 19:25:01',5,NULL),(8377,7280,72,33,8,40719,1,6,2,8,0.00,0.00,'2022-07-12 19:25:01','2022-07-12 19:25:01',5,NULL),(8378,7280,72,33,8,40719,1,14,2,8,0.00,0.00,'2022-07-12 19:25:01','2022-07-12 19:25:01',5,NULL),(8379,7280,72,33,8,40719,1,10,2,8,0.00,0.00,'2022-07-12 19:25:01','2022-07-12 19:25:01',5,NULL),(8380,7280,72,33,8,40719,1,2,2,7,0.00,0.00,'2022-07-12 19:25:01','2022-07-12 19:25:01',5,NULL),(8381,7280,72,33,8,40719,1,1,2,8,0.00,0.00,'2022-07-12 19:25:01','2022-07-12 19:25:01',5,NULL),(8382,7280,72,33,8,40719,1,5,2,6,0.00,0.00,'2022-07-12 19:25:01','2022-07-12 19:25:01',5,NULL),(8383,7280,72,33,8,40719,1,13,2,6,0.00,0.00,'2022-07-12 19:25:01','2022-07-12 19:25:01',5,NULL);
INSERT INTO `period_liquidation_iva_details` VALUES (8384,7280,72,33,8,40719,1,9,2,6,0.00,0.00,'2022-07-12 19:25:01','2022-07-12 19:25:01',5,NULL),(8385,7280,72,33,8,40719,1,8,2,7,0.00,0.00,'2022-07-12 19:25:01','2022-07-12 19:25:01',5,NULL),(8386,7280,72,33,8,40719,1,12,2,7,0.00,0.00,'2022-07-12 19:25:01','2022-07-12 19:25:01',5,NULL),(8387,7280,72,33,8,40719,1,4,2,6,0.00,0.00,'2022-07-12 19:25:01','2022-07-12 19:25:01',5,NULL),(8388,7280,72,33,8,40719,1,7,2,8,0.00,0.00,'2022-07-12 19:25:01','2022-07-12 19:25:01',5,NULL),(8389,7280,72,33,8,40719,1,11,2,8,0.00,0.00,'2022-07-12 19:25:01','2022-07-12 19:25:01',5,NULL),(8390,7280,72,33,8,40719,1,3,2,7,0.00,0.00,'2022-07-12 19:25:01','2022-07-12 19:25:01',5,NULL),(8391,7280,72,33,8,40719,1,2,2,8,0.00,0.00,'2022-07-12 19:25:01','2022-07-12 19:25:01',5,NULL),(8392,7280,72,33,8,40719,1,6,2,6,0.00,0.00,'2022-07-12 19:25:01','2022-07-12 19:25:01',5,NULL),(8393,7280,72,33,8,40719,1,14,2,6,0.00,0.00,'2022-07-12 19:25:01','2022-07-12 19:25:01',5,NULL),(8394,7280,72,33,8,40719,1,10,2,6,0.00,0.00,'2022-07-12 19:25:01','2022-07-12 19:25:01',5,NULL),(8395,7280,72,33,8,40719,1,5,2,7,0.00,0.00,'2022-07-12 19:25:01','2022-07-12 19:25:01',5,NULL),(8396,7280,72,33,8,40719,1,13,2,7,0.00,0.00,'2022-07-12 19:25:01','2022-07-12 19:25:01',5,NULL),(8397,7280,72,33,8,40719,1,9,2,7,0.00,0.00,'2022-07-12 19:25:01','2022-07-12 19:25:01',5,NULL),(8398,7280,72,33,8,40719,1,8,2,8,0.00,0.00,'2022-07-12 19:25:01','2022-07-12 19:25:01',5,NULL),(8399,7280,72,33,8,40719,1,1,2,6,0.00,0.00,'2022-07-12 19:25:01','2022-07-12 19:25:01',5,NULL),(8400,7280,72,33,8,40719,1,12,2,8,0.00,0.00,'2022-07-12 19:25:01','2022-07-12 19:25:01',5,NULL),(8401,7280,72,33,8,40719,1,4,2,7,0.00,0.00,'2022-07-12 19:25:01','2022-07-12 19:25:01',5,NULL),(8402,7280,72,33,8,40719,1,3,2,8,0.00,0.00,'2022-07-12 19:25:01','2022-07-12 19:25:01',5,NULL),(8403,7280,72,33,8,40719,1,12,2,3,0.00,0.00,'2022-07-12 19:25:01','2022-07-12 19:25:01',6,NULL),(8404,7280,72,33,8,40719,1,2,2,3,0.00,0.00,'2022-07-12 19:25:01','2022-07-12 19:25:01',6,NULL),(8405,7280,72,33,8,40719,1,5,2,3,0.00,0.00,'2022-07-12 19:25:01','2022-07-12 19:25:01',6,NULL),(8406,7280,72,33,8,40719,1,8,2,3,0.00,0.00,'2022-07-12 19:25:01','2022-07-12 19:25:01',6,NULL),(8407,7280,72,33,8,40719,1,11,2,3,0.00,0.00,'2022-07-12 19:25:01','2022-07-12 19:25:01',6,NULL),(8408,7280,72,33,8,40719,1,14,2,3,0.00,0.00,'2022-07-12 19:25:01','2022-07-12 19:25:01',6,NULL),(8409,7280,72,33,8,40719,1,1,2,3,0.00,0.00,'2022-07-12 19:25:01','2022-07-12 19:25:01',6,NULL),(8410,7280,72,33,8,40719,1,4,2,3,0.00,0.00,'2022-07-12 19:25:01','2022-07-12 19:25:01',6,NULL),(8411,7280,72,33,8,40719,1,7,2,3,0.00,0.00,'2022-07-12 19:25:01','2022-07-12 19:25:01',6,NULL),(8412,7280,72,33,8,40719,1,10,2,3,0.00,0.00,'2022-07-12 19:25:01','2022-07-12 19:25:01',6,NULL),(8413,7280,72,33,8,40719,1,13,2,3,0.00,0.00,'2022-07-12 19:25:01','2022-07-12 19:25:01',6,NULL),(8414,7280,72,33,8,40719,1,3,2,3,0.00,0.00,'2022-07-12 19:25:01','2022-07-12 19:25:01',6,NULL),(8415,7280,72,33,8,40719,1,6,2,3,0.00,0.00,'2022-07-12 19:25:01','2022-07-12 19:25:01',6,NULL),(8416,7280,72,33,8,40719,1,9,2,3,0.00,0.00,'2022-07-12 19:25:01','2022-07-12 19:25:01',6,NULL),(8417,7280,72,33,8,40719,1,11,2,2,0.00,0.00,'2022-07-12 19:25:01','2022-07-12 19:25:01',6,NULL),(8418,7280,72,33,8,40719,1,14,2,2,0.00,0.00,'2022-07-12 19:25:01','2022-07-12 19:25:01',6,NULL),(8419,7280,72,33,8,40719,1,1,2,2,40163.52,8434.34,'2022-07-12 19:25:01','2022-07-12 19:25:01',6,NULL),(8420,7280,72,33,8,40719,1,4,2,2,0.00,0.00,'2022-07-12 19:25:01','2022-07-12 19:25:01',6,NULL),(8421,7280,72,33,8,40719,1,7,2,2,0.00,0.00,'2022-07-12 19:25:01','2022-07-12 19:25:01',6,NULL),(8422,7280,72,33,8,40719,1,10,2,2,0.00,0.00,'2022-07-12 19:25:01','2022-07-12 19:25:01',6,NULL),(8423,7280,72,33,8,40719,1,13,2,2,0.00,0.00,'2022-07-12 19:25:01','2022-07-12 19:25:01',6,NULL),(8424,7280,72,33,8,40719,1,3,2,2,0.00,0.00,'2022-07-12 19:25:01','2022-07-12 19:25:01',6,NULL);
INSERT INTO `period_liquidation_iva_details` VALUES (8425,7280,72,33,8,40719,1,6,2,2,0.00,0.00,'2022-07-12 19:25:01','2022-07-12 19:25:01',6,NULL),(8426,7280,72,33,8,40719,1,9,2,2,0.00,0.00,'2022-07-12 19:25:01','2022-07-12 19:25:01',6,NULL),(8427,7280,72,33,8,40719,1,12,2,2,0.00,0.00,'2022-07-12 19:25:01','2022-07-12 19:25:01',6,NULL),(8428,7280,72,33,8,40719,1,2,2,2,0.00,0.00,'2022-07-12 19:25:01','2022-07-12 19:25:01',6,NULL),(8429,7280,72,33,8,40719,1,5,2,2,0.00,0.00,'2022-07-12 19:25:01','2022-07-12 19:25:01',6,NULL),(8430,7280,72,33,8,40719,1,8,2,2,0.00,0.00,'2022-07-12 19:25:01','2022-07-12 19:25:01',6,NULL),(8431,7280,72,33,8,40719,1,7,2,1,0.00,0.00,'2022-07-12 19:25:01','2022-07-12 19:25:01',6,NULL),(8432,7280,72,33,8,40719,1,10,2,1,0.00,0.00,'2022-07-12 19:25:01','2022-07-12 19:25:01',6,NULL),(8433,7280,72,33,8,40719,1,13,2,1,0.00,0.00,'2022-07-12 19:25:01','2022-07-12 19:25:01',6,NULL),(8434,7280,72,33,8,40719,1,3,2,1,0.00,0.00,'2022-07-12 19:25:01','2022-07-12 19:25:01',6,NULL),(8435,7280,72,33,8,40719,1,6,2,1,0.00,0.00,'2022-07-12 19:25:01','2022-07-12 19:25:01',6,NULL),(8436,7280,72,33,8,40719,1,9,2,1,0.00,0.00,'2022-07-12 19:25:01','2022-07-12 19:25:01',6,NULL),(8437,7280,72,33,8,40719,1,12,2,1,0.00,0.00,'2022-07-12 19:25:01','2022-07-12 19:25:01',6,NULL),(8438,7280,72,33,8,40719,1,2,2,1,0.00,0.00,'2022-07-12 19:25:01','2022-07-12 19:25:01',6,NULL),(8439,7280,72,33,8,40719,1,5,2,1,0.00,0.00,'2022-07-12 19:25:01','2022-07-12 19:25:01',6,NULL),(8440,7280,72,33,8,40719,1,8,2,1,0.00,0.00,'2022-07-12 19:25:01','2022-07-12 19:25:01',6,NULL),(8441,7280,72,33,8,40719,1,11,2,1,0.00,0.00,'2022-07-12 19:25:01','2022-07-12 19:25:01',6,NULL),(8442,7280,72,33,8,40719,1,14,2,1,0.00,0.00,'2022-07-12 19:25:01','2022-07-12 19:25:01',6,NULL),(8443,7280,72,33,8,40719,1,1,2,1,0.00,0.00,'2022-07-12 19:25:01','2022-07-12 19:25:01',6,NULL),(8444,7280,72,33,8,40719,1,4,2,1,0.00,0.00,'2022-07-12 19:25:01','2022-07-12 19:25:01',6,NULL),(8445,7280,72,33,8,40719,1,1,2,5,0.00,0.00,'2022-07-12 19:25:01','2022-07-12 19:25:01',6,NULL),(8446,7280,72,33,8,40719,1,4,2,5,0.00,0.00,'2022-07-12 19:25:01','2022-07-12 19:25:01',6,NULL),(8447,7280,72,33,8,40719,1,7,2,5,0.00,0.00,'2022-07-12 19:25:01','2022-07-12 19:25:01',6,NULL),(8448,7280,72,33,8,40719,1,10,2,5,0.00,0.00,'2022-07-12 19:25:01','2022-07-12 19:25:01',6,NULL),(8449,7280,72,33,8,40719,1,13,2,5,0.00,0.00,'2022-07-12 19:25:01','2022-07-12 19:25:01',6,NULL),(8450,7280,72,33,8,40719,1,3,2,5,0.00,0.00,'2022-07-12 19:25:01','2022-07-12 19:25:01',6,NULL),(8451,7280,72,33,8,40719,1,6,2,5,0.00,0.00,'2022-07-12 19:25:01','2022-07-12 19:25:01',6,NULL),(8452,7280,72,33,8,40719,1,9,2,5,0.00,0.00,'2022-07-12 19:25:01','2022-07-12 19:25:01',6,NULL),(8453,7280,72,33,8,40719,1,12,2,5,0.00,0.00,'2022-07-12 19:25:01','2022-07-12 19:25:01',6,NULL),(8454,7280,72,33,8,40719,1,2,2,5,0.00,0.00,'2022-07-12 19:25:01','2022-07-12 19:25:01',6,NULL),(8455,7280,72,33,8,40719,1,5,2,5,0.00,0.00,'2022-07-12 19:25:01','2022-07-12 19:25:01',6,NULL),(8456,7280,72,33,8,40719,1,8,2,5,0.00,0.00,'2022-07-12 19:25:01','2022-07-12 19:25:01',6,NULL),(8457,7280,72,33,8,40719,1,11,2,5,0.00,0.00,'2022-07-12 19:25:01','2022-07-12 19:25:01',6,NULL),(8458,7280,72,33,8,40719,1,14,2,5,0.00,0.00,'2022-07-12 19:25:01','2022-07-12 19:25:01',6,NULL),(8459,7280,72,33,8,40719,1,3,2,4,0.00,0.00,'2022-07-12 19:25:01','2022-07-12 19:25:01',6,NULL),(8460,7280,72,33,8,40719,1,6,2,4,0.00,0.00,'2022-07-12 19:25:01','2022-07-12 19:25:01',6,NULL),(8461,7280,72,33,8,40719,1,9,2,4,0.00,0.00,'2022-07-12 19:25:01','2022-07-12 19:25:01',6,NULL),(8462,7280,72,33,8,40719,1,12,2,4,0.00,0.00,'2022-07-12 19:25:01','2022-07-12 19:25:01',6,NULL),(8463,7280,72,33,8,40719,1,2,2,4,0.00,0.00,'2022-07-12 19:25:01','2022-07-12 19:25:01',6,NULL),(8464,7280,72,33,8,40719,1,5,2,4,0.00,0.00,'2022-07-12 19:25:01','2022-07-12 19:25:01',6,NULL),(8465,7280,72,33,8,40719,1,8,2,4,0.00,0.00,'2022-07-12 19:25:01','2022-07-12 19:25:01',6,NULL);
INSERT INTO `period_liquidation_iva_details` VALUES (8466,7280,72,33,8,40719,1,11,2,4,0.00,0.00,'2022-07-12 19:25:01','2022-07-12 19:25:01',6,NULL),(8467,7280,72,33,8,40719,1,14,2,4,0.00,0.00,'2022-07-12 19:25:01','2022-07-12 19:25:01',6,NULL),(8468,7280,72,33,8,40719,1,1,2,4,0.00,0.00,'2022-07-12 19:25:01','2022-07-12 19:25:01',6,NULL),(8469,7280,72,33,8,40719,1,4,2,4,0.00,0.00,'2022-07-12 19:25:01','2022-07-12 19:25:01',6,NULL),(8470,7280,72,33,8,40719,1,7,2,4,0.00,0.00,'2022-07-12 19:25:01','2022-07-12 19:25:01',6,NULL),(8471,7280,72,33,8,40719,1,10,2,4,0.00,0.00,'2022-07-12 19:25:01','2022-07-12 19:25:01',6,NULL),(8472,7280,72,33,8,40719,1,13,2,4,0.00,0.00,'2022-07-12 19:25:01','2022-07-12 19:25:01',6,NULL),(8473,7280,72,33,8,40719,1,5,2,8,0.00,0.00,'2022-07-12 19:25:01','2022-07-12 19:25:01',6,NULL),(8474,7280,72,33,8,40719,1,8,2,8,0.00,0.00,'2022-07-12 19:25:01','2022-07-12 19:25:01',6,NULL),(8475,7280,72,33,8,40719,1,11,2,8,0.00,0.00,'2022-07-12 19:25:01','2022-07-12 19:25:01',6,NULL),(8476,7280,72,33,8,40719,1,14,2,8,0.00,0.00,'2022-07-12 19:25:01','2022-07-12 19:25:01',6,NULL),(8477,7280,72,33,8,40719,1,1,2,8,11500.00,0.00,'2022-07-12 19:25:01','2022-07-12 19:25:01',6,NULL),(8478,7280,72,33,8,40719,1,4,2,8,0.00,0.00,'2022-07-12 19:25:01','2022-07-12 19:25:01',6,NULL),(8479,7280,72,33,8,40719,1,7,2,8,0.00,0.00,'2022-07-12 19:25:01','2022-07-12 19:25:01',6,NULL),(8480,7280,72,33,8,40719,1,10,2,8,0.00,0.00,'2022-07-12 19:25:01','2022-07-12 19:25:01',6,NULL),(8481,7280,72,33,8,40719,1,13,2,8,0.00,0.00,'2022-07-12 19:25:01','2022-07-12 19:25:01',6,NULL),(8482,7280,72,33,8,40719,1,3,2,8,0.00,0.00,'2022-07-12 19:25:01','2022-07-12 19:25:01',6,NULL),(8483,7280,72,33,8,40719,1,6,2,8,0.00,0.00,'2022-07-12 19:25:01','2022-07-12 19:25:01',6,NULL),(8484,7280,72,33,8,40719,1,9,2,8,0.00,0.00,'2022-07-12 19:25:01','2022-07-12 19:25:01',6,NULL),(8485,7280,72,33,8,40719,1,12,2,8,0.00,0.00,'2022-07-12 19:25:01','2022-07-12 19:25:01',6,NULL),(8486,7280,72,33,8,40719,1,2,2,8,0.00,0.00,'2022-07-12 19:25:01','2022-07-12 19:25:01',6,NULL),(8487,7280,72,33,8,40719,1,14,2,6,0.00,0.00,'2022-07-12 19:25:01','2022-07-12 19:25:01',7,NULL),(8488,7280,72,33,8,40719,1,10,2,7,0.00,0.00,'2022-07-12 19:25:01','2022-07-12 19:25:01',7,NULL),(8489,7280,72,33,8,40719,1,7,2,6,0.00,0.00,'2022-07-12 19:25:01','2022-07-12 19:25:01',7,NULL),(8490,7280,72,33,8,40719,1,3,2,7,0.00,0.00,'2022-07-12 19:25:01','2022-07-12 19:25:01',7,NULL),(8491,7280,72,33,8,40719,1,12,2,7,0.00,0.00,'2022-07-12 19:25:01','2022-07-12 19:25:01',7,NULL),(8492,7280,72,33,8,40719,1,9,2,6,0.00,0.00,'2022-07-12 19:25:01','2022-07-12 19:25:01',7,NULL),(8493,7280,72,33,8,40719,1,5,2,7,0.00,0.00,'2022-07-12 19:25:01','2022-07-12 19:25:01',7,NULL),(8494,7280,72,33,8,40719,1,2,2,6,0.00,0.00,'2022-07-12 19:25:01','2022-07-12 19:25:01',7,NULL),(8495,7280,72,33,8,40719,1,14,2,7,0.00,0.00,'2022-07-12 19:25:01','2022-07-12 19:25:01',7,NULL),(8496,7280,72,33,8,40719,1,11,2,6,0.00,0.00,'2022-07-12 19:25:01','2022-07-12 19:25:01',7,NULL),(8497,7280,72,33,8,40719,1,7,2,7,0.00,0.00,'2022-07-12 19:25:01','2022-07-12 19:25:01',7,NULL),(8498,7280,72,33,8,40719,1,4,2,6,0.00,0.00,'2022-07-12 19:25:01','2022-07-12 19:25:01',7,NULL),(8499,7280,72,33,8,40719,1,13,2,6,0.00,0.00,'2022-07-12 19:25:01','2022-07-12 19:25:01',7,NULL),(8500,7280,72,33,8,40719,1,9,2,7,0.00,0.00,'2022-07-12 19:25:01','2022-07-12 19:25:01',7,NULL),(8501,7280,72,33,8,40719,1,6,2,6,0.00,0.00,'2022-07-12 19:25:01','2022-07-12 19:25:01',7,NULL),(8502,7280,72,33,8,40719,1,2,2,7,0.00,0.00,'2022-07-12 19:25:01','2022-07-12 19:25:01',7,NULL),(8503,7280,72,33,8,40719,1,11,2,7,0.00,0.00,'2022-07-12 19:25:01','2022-07-12 19:25:01',7,NULL),(8504,7280,72,33,8,40719,1,8,2,6,0.00,0.00,'2022-07-12 19:25:01','2022-07-12 19:25:01',7,NULL),(8505,7280,72,33,8,40719,1,4,2,7,0.00,0.00,'2022-07-12 19:25:01','2022-07-12 19:25:01',7,NULL),(8506,7280,72,33,8,40719,1,1,2,6,0.00,0.00,'2022-07-12 19:25:01','2022-07-12 19:25:01',7,NULL);
INSERT INTO `period_liquidation_iva_details` VALUES (8507,7280,72,33,8,40719,1,13,2,7,0.00,0.00,'2022-07-12 19:25:01','2022-07-12 19:25:01',7,NULL),(8508,7280,72,33,8,40719,1,10,2,6,0.00,0.00,'2022-07-12 19:25:01','2022-07-12 19:25:01',7,NULL),(8509,7280,72,33,8,40719,1,6,2,7,0.00,0.00,'2022-07-12 19:25:01','2022-07-12 19:25:01',7,NULL),(8510,7280,72,33,8,40719,1,3,2,6,0.00,0.00,'2022-07-12 19:25:01','2022-07-12 19:25:01',7,NULL),(8511,7280,72,33,8,40719,1,12,2,6,0.00,0.00,'2022-07-12 19:25:01','2022-07-12 19:25:01',7,NULL),(8512,7280,72,33,8,40719,1,8,2,7,0.00,0.00,'2022-07-12 19:25:01','2022-07-12 19:25:01',7,NULL),(8513,7280,72,33,8,40719,1,5,2,6,0.00,0.00,'2022-07-12 19:25:01','2022-07-12 19:25:01',7,NULL),(8514,7280,72,33,8,40719,1,1,2,7,1393.11,0.00,'2022-07-12 19:25:01','2022-07-12 19:25:01',7,NULL),(11713,7320,101,47,59093,40766,942,1,1,3,0.00,0.00,'2022-07-13 18:40:36','2022-07-13 18:40:36',1,NULL),(11714,7320,101,47,59093,40766,942,1,1,2,0.00,0.00,'2022-07-13 18:40:36','2022-07-13 18:40:36',1,NULL),(11715,7320,101,47,59093,40766,942,1,1,1,0.00,0.00,'2022-07-13 18:40:36','2022-07-13 18:40:36',1,NULL),(11716,7320,101,47,59093,40766,942,1,1,5,0.00,0.00,'2022-07-13 18:40:36','2022-07-13 18:40:36',1,NULL),(11717,7320,101,47,59093,40766,942,1,1,4,0.00,0.00,'2022-07-13 18:40:36','2022-07-13 18:40:36',1,NULL),(11718,7320,101,47,59093,40766,942,1,1,8,0.00,0.00,'2022-07-13 18:40:36','2022-07-13 18:40:36',1,NULL),(11719,7320,101,47,59093,40766,942,1,1,3,0.00,0.00,'2022-07-13 18:40:36','2022-07-13 18:40:36',2,NULL),(11720,7320,101,47,59093,40766,942,1,1,2,352479.28,74020.65,'2022-07-13 18:40:36','2022-07-13 18:40:36',2,NULL),(11721,7320,101,47,59093,40766,942,1,1,1,0.00,0.00,'2022-07-13 18:40:36','2022-07-13 18:40:36',2,NULL),(11722,7320,101,47,59093,40766,942,1,1,5,0.00,0.00,'2022-07-13 18:40:36','2022-07-13 18:40:36',2,NULL),(11723,7320,101,47,59093,40766,942,1,1,4,0.00,0.00,'2022-07-13 18:40:36','2022-07-13 18:40:36',2,NULL),(11724,7320,101,47,59093,40766,942,1,1,8,0.00,0.00,'2022-07-13 18:40:36','2022-07-13 18:40:36',2,NULL),(11725,7320,101,47,59093,40766,942,1,1,6,0.00,0.00,'2022-07-13 18:40:36','2022-07-13 18:40:36',3,NULL),(11726,7320,101,47,59093,40766,942,1,1,7,0.00,0.00,'2022-07-13 18:40:36','2022-07-13 18:40:36',3,NULL),(11727,7320,101,47,59093,40766,942,1,1,3,0.00,0.00,'2022-07-13 18:40:36','2022-07-13 18:40:36',4,NULL),(11728,7320,101,47,59093,40766,942,1,1,2,0.00,0.00,'2022-07-13 18:40:36','2022-07-13 18:40:36',4,NULL),(11729,7320,101,47,59093,40766,942,1,1,1,0.00,0.00,'2022-07-13 18:40:36','2022-07-13 18:40:36',4,NULL),(11730,7320,101,47,59093,40766,942,1,1,5,0.00,0.00,'2022-07-13 18:40:36','2022-07-13 18:40:36',4,NULL),(11731,7320,101,47,59093,40766,942,1,1,4,0.00,0.00,'2022-07-13 18:40:36','2022-07-13 18:40:36',4,NULL),(11732,7320,101,47,59093,40766,942,1,1,6,0.00,0.00,'2022-07-13 18:40:36','2022-07-13 18:40:36',4,NULL),(11733,7320,101,47,59093,40766,942,1,1,7,0.00,0.00,'2022-07-13 18:40:36','2022-07-13 18:40:36',4,NULL),(11734,7320,101,47,59093,40766,942,1,1,8,0.00,0.00,'2022-07-13 18:40:36','2022-07-13 18:40:36',4,NULL),(11735,7320,101,47,59093,40766,1,1,2,3,0.00,0.00,'2022-07-13 18:40:36','2022-07-13 18:40:36',5,NULL),(11736,7320,101,47,59093,40766,1,11,2,3,0.00,0.00,'2022-07-13 18:40:36','2022-07-13 18:40:36',5,NULL),(11737,7320,101,47,59093,40766,1,7,2,3,0.00,0.00,'2022-07-13 18:40:36','2022-07-13 18:40:36',5,NULL),(11738,7320,101,47,59093,40766,1,2,2,3,0.00,0.00,'2022-07-13 18:40:36','2022-07-13 18:40:36',5,NULL),(11739,7320,101,47,59093,40766,1,12,2,3,0.00,0.00,'2022-07-13 18:40:36','2022-07-13 18:40:36',5,NULL),(11740,7320,101,47,59093,40766,1,8,2,3,0.00,0.00,'2022-07-13 18:40:36','2022-07-13 18:40:36',5,NULL),(11741,7320,101,47,59093,40766,1,3,2,3,0.00,0.00,'2022-07-13 18:40:36','2022-07-13 18:40:36',5,NULL),(11742,7320,101,47,59093,40766,1,9,2,3,0.00,0.00,'2022-07-13 18:40:36','2022-07-13 18:40:36',5,NULL),(11743,7320,101,47,59093,40766,1,5,2,3,0.00,0.00,'2022-07-13 18:40:36','2022-07-13 18:40:36',5,NULL);
INSERT INTO `period_liquidation_iva_details` VALUES (11744,7320,101,47,59093,40766,1,13,2,3,0.00,0.00,'2022-07-13 18:40:36','2022-07-13 18:40:36',5,NULL),(11745,7320,101,47,59093,40766,1,4,2,3,0.00,0.00,'2022-07-13 18:40:36','2022-07-13 18:40:36',5,NULL),(11746,7320,101,47,59093,40766,1,10,2,3,0.00,0.00,'2022-07-13 18:40:36','2022-07-13 18:40:36',5,NULL),(11747,7320,101,47,59093,40766,1,6,2,3,0.00,0.00,'2022-07-13 18:40:36','2022-07-13 18:40:36',5,NULL),(11748,7320,101,47,59093,40766,1,14,2,3,0.00,0.00,'2022-07-13 18:40:36','2022-07-13 18:40:36',5,NULL),(11749,7320,101,47,59093,40766,1,2,2,2,0.00,0.00,'2022-07-13 18:40:36','2022-07-13 18:40:36',5,NULL),(11750,7320,101,47,59093,40766,1,12,2,2,0.00,0.00,'2022-07-13 18:40:36','2022-07-13 18:40:36',5,NULL),(11751,7320,101,47,59093,40766,1,8,2,2,0.00,0.00,'2022-07-13 18:40:36','2022-07-13 18:40:36',5,NULL),(11752,7320,101,47,59093,40766,1,3,2,2,0.00,0.00,'2022-07-13 18:40:36','2022-07-13 18:40:36',5,NULL),(11753,7320,101,47,59093,40766,1,9,2,2,0.00,0.00,'2022-07-13 18:40:36','2022-07-13 18:40:36',5,NULL),(11754,7320,101,47,59093,40766,1,5,2,2,0.00,0.00,'2022-07-13 18:40:36','2022-07-13 18:40:36',5,NULL),(11755,7320,101,47,59093,40766,1,13,2,2,0.00,0.00,'2022-07-13 18:40:36','2022-07-13 18:40:36',5,NULL),(11756,7320,101,47,59093,40766,1,4,2,2,0.00,0.00,'2022-07-13 18:40:36','2022-07-13 18:40:36',5,NULL),(11757,7320,101,47,59093,40766,1,10,2,2,0.00,0.00,'2022-07-13 18:40:36','2022-07-13 18:40:36',5,NULL),(11758,7320,101,47,59093,40766,1,6,2,2,0.00,0.00,'2022-07-13 18:40:36','2022-07-13 18:40:36',5,NULL),(11759,7320,101,47,59093,40766,1,14,2,2,0.00,0.00,'2022-07-13 18:40:36','2022-07-13 18:40:36',5,NULL),(11760,7320,101,47,59093,40766,1,1,2,2,0.00,0.00,'2022-07-13 18:40:36','2022-07-13 18:40:36',5,NULL),(11761,7320,101,47,59093,40766,1,11,2,2,0.00,0.00,'2022-07-13 18:40:36','2022-07-13 18:40:36',5,NULL),(11762,7320,101,47,59093,40766,1,7,2,2,0.00,0.00,'2022-07-13 18:40:36','2022-07-13 18:40:36',5,NULL),(11763,7320,101,47,59093,40766,1,3,2,1,0.00,0.00,'2022-07-13 18:40:36','2022-07-13 18:40:36',5,NULL),(11764,7320,101,47,59093,40766,1,5,2,1,0.00,0.00,'2022-07-13 18:40:36','2022-07-13 18:40:36',5,NULL),(11765,7320,101,47,59093,40766,1,13,2,1,0.00,0.00,'2022-07-13 18:40:36','2022-07-13 18:40:36',5,NULL),(11766,7320,101,47,59093,40766,1,9,2,1,0.00,0.00,'2022-07-13 18:40:36','2022-07-13 18:40:36',5,NULL),(11767,7320,101,47,59093,40766,1,4,2,1,0.00,0.00,'2022-07-13 18:40:36','2022-07-13 18:40:36',5,NULL),(11768,7320,101,47,59093,40766,1,10,2,1,0.00,0.00,'2022-07-13 18:40:36','2022-07-13 18:40:36',5,NULL),(11769,7320,101,47,59093,40766,1,6,2,1,0.00,0.00,'2022-07-13 18:40:36','2022-07-13 18:40:36',5,NULL),(11770,7320,101,47,59093,40766,1,14,2,1,0.00,0.00,'2022-07-13 18:40:36','2022-07-13 18:40:36',5,NULL),(11771,7320,101,47,59093,40766,1,1,2,1,0.00,0.00,'2022-07-13 18:40:36','2022-07-13 18:40:36',5,NULL),(11772,7320,101,47,59093,40766,1,11,2,1,0.00,0.00,'2022-07-13 18:40:36','2022-07-13 18:40:36',5,NULL),(11773,7320,101,47,59093,40766,1,7,2,1,0.00,0.00,'2022-07-13 18:40:36','2022-07-13 18:40:36',5,NULL),(11774,7320,101,47,59093,40766,1,2,2,1,0.00,0.00,'2022-07-13 18:40:36','2022-07-13 18:40:36',5,NULL),(11775,7320,101,47,59093,40766,1,12,2,1,0.00,0.00,'2022-07-13 18:40:36','2022-07-13 18:40:36',5,NULL),(11776,7320,101,47,59093,40766,1,8,2,1,0.00,0.00,'2022-07-13 18:40:36','2022-07-13 18:40:36',5,NULL),(11777,7320,101,47,59093,40766,1,12,2,5,0.00,0.00,'2022-07-13 18:40:36','2022-07-13 18:40:36',5,NULL),(11778,7320,101,47,59093,40766,1,8,2,5,0.00,0.00,'2022-07-13 18:40:36','2022-07-13 18:40:36',5,NULL),(11779,7320,101,47,59093,40766,1,3,2,5,0.00,0.00,'2022-07-13 18:40:36','2022-07-13 18:40:36',5,NULL),(11780,7320,101,47,59093,40766,1,9,2,5,0.00,0.00,'2022-07-13 18:40:36','2022-07-13 18:40:36',5,NULL),(11781,7320,101,47,59093,40766,1,5,2,5,0.00,0.00,'2022-07-13 18:40:36','2022-07-13 18:40:36',5,NULL),(11782,7320,101,47,59093,40766,1,13,2,5,0.00,0.00,'2022-07-13 18:40:36','2022-07-13 18:40:36',5,NULL);
INSERT INTO `period_liquidation_iva_details` VALUES (11783,7320,101,47,59093,40766,1,4,2,5,0.00,0.00,'2022-07-13 18:40:36','2022-07-13 18:40:36',5,NULL),(11784,7320,101,47,59093,40766,1,10,2,5,0.00,0.00,'2022-07-13 18:40:36','2022-07-13 18:40:36',5,NULL),(11785,7320,101,47,59093,40766,1,6,2,5,0.00,0.00,'2022-07-13 18:40:36','2022-07-13 18:40:36',5,NULL),(11786,7320,101,47,59093,40766,1,14,2,5,0.00,0.00,'2022-07-13 18:40:36','2022-07-13 18:40:36',5,NULL),(11787,7320,101,47,59093,40766,1,1,2,5,0.00,0.00,'2022-07-13 18:40:36','2022-07-13 18:40:36',5,NULL),(11788,7320,101,47,59093,40766,1,11,2,5,0.00,0.00,'2022-07-13 18:40:36','2022-07-13 18:40:36',5,NULL),(11789,7320,101,47,59093,40766,1,7,2,5,0.00,0.00,'2022-07-13 18:40:36','2022-07-13 18:40:36',5,NULL),(11790,7320,101,47,59093,40766,1,2,2,5,0.00,0.00,'2022-07-13 18:40:36','2022-07-13 18:40:36',5,NULL),(11791,7320,101,47,59093,40766,1,4,2,4,0.00,0.00,'2022-07-13 18:40:36','2022-07-13 18:40:36',5,NULL),(11792,7320,101,47,59093,40766,1,10,2,4,0.00,0.00,'2022-07-13 18:40:36','2022-07-13 18:40:36',5,NULL),(11793,7320,101,47,59093,40766,1,6,2,4,0.00,0.00,'2022-07-13 18:40:36','2022-07-13 18:40:36',5,NULL),(11794,7320,101,47,59093,40766,1,14,2,4,0.00,0.00,'2022-07-13 18:40:36','2022-07-13 18:40:36',5,NULL),(11795,7320,101,47,59093,40766,1,1,2,4,0.00,0.00,'2022-07-13 18:40:36','2022-07-13 18:40:36',5,NULL),(11796,7320,101,47,59093,40766,1,11,2,4,0.00,0.00,'2022-07-13 18:40:36','2022-07-13 18:40:36',5,NULL),(11797,7320,101,47,59093,40766,1,7,2,4,0.00,0.00,'2022-07-13 18:40:36','2022-07-13 18:40:36',5,NULL),(11798,7320,101,47,59093,40766,1,2,2,4,0.00,0.00,'2022-07-13 18:40:36','2022-07-13 18:40:36',5,NULL),(11799,7320,101,47,59093,40766,1,12,2,4,0.00,0.00,'2022-07-13 18:40:36','2022-07-13 18:40:36',5,NULL),(11800,7320,101,47,59093,40766,1,8,2,4,0.00,0.00,'2022-07-13 18:40:36','2022-07-13 18:40:36',5,NULL),(11801,7320,101,47,59093,40766,1,3,2,4,0.00,0.00,'2022-07-13 18:40:36','2022-07-13 18:40:36',5,NULL),(11802,7320,101,47,59093,40766,1,9,2,4,0.00,0.00,'2022-07-13 18:40:36','2022-07-13 18:40:36',5,NULL),(11803,7320,101,47,59093,40766,1,5,2,4,0.00,0.00,'2022-07-13 18:40:36','2022-07-13 18:40:36',5,NULL),(11804,7320,101,47,59093,40766,1,13,2,4,0.00,0.00,'2022-07-13 18:40:36','2022-07-13 18:40:36',5,NULL),(11805,7320,101,47,59093,40766,1,4,2,7,0.00,0.00,'2022-07-13 18:40:36','2022-07-13 18:40:36',5,NULL),(11806,7320,101,47,59093,40766,1,3,2,8,0.00,0.00,'2022-07-13 18:40:36','2022-07-13 18:40:36',5,NULL),(11807,7320,101,47,59093,40766,1,11,2,6,0.00,0.00,'2022-07-13 18:40:36','2022-07-13 18:40:36',5,NULL),(11808,7320,101,47,59093,40766,1,7,2,6,0.00,0.00,'2022-07-13 18:40:36','2022-07-13 18:40:36',5,NULL),(11809,7320,101,47,59093,40766,1,10,2,7,0.00,0.00,'2022-07-13 18:40:36','2022-07-13 18:40:36',5,NULL),(11810,7320,101,47,59093,40766,1,6,2,7,0.00,0.00,'2022-07-13 18:40:36','2022-07-13 18:40:36',5,NULL),(11811,7320,101,47,59093,40766,1,14,2,7,0.00,0.00,'2022-07-13 18:40:36','2022-07-13 18:40:36',5,NULL),(11812,7320,101,47,59093,40766,1,9,2,8,0.00,0.00,'2022-07-13 18:40:36','2022-07-13 18:40:36',5,NULL),(11813,7320,101,47,59093,40766,1,5,2,8,0.00,0.00,'2022-07-13 18:40:36','2022-07-13 18:40:36',5,NULL),(11814,7320,101,47,59093,40766,1,13,2,8,0.00,0.00,'2022-07-13 18:40:36','2022-07-13 18:40:36',5,NULL),(11815,7320,101,47,59093,40766,1,2,2,6,0.00,0.00,'2022-07-13 18:40:36','2022-07-13 18:40:36',5,NULL),(11816,7320,101,47,59093,40766,1,1,2,7,0.00,0.00,'2022-07-13 18:40:36','2022-07-13 18:40:36',5,NULL),(11817,7320,101,47,59093,40766,1,4,2,8,0.00,0.00,'2022-07-13 18:40:36','2022-07-13 18:40:36',5,NULL),(11818,7320,101,47,59093,40766,1,12,2,6,0.00,0.00,'2022-07-13 18:40:36','2022-07-13 18:40:36',5,NULL),(11819,7320,101,47,59093,40766,1,8,2,6,0.00,0.00,'2022-07-13 18:40:36','2022-07-13 18:40:36',5,NULL),(11820,7320,101,47,59093,40766,1,11,2,7,0.00,0.00,'2022-07-13 18:40:36','2022-07-13 18:40:36',5,NULL),(11821,7320,101,47,59093,40766,1,7,2,7,0.00,0.00,'2022-07-13 18:40:36','2022-07-13 18:40:36',5,NULL);
INSERT INTO `period_liquidation_iva_details` VALUES (11822,7320,101,47,59093,40766,1,10,2,8,0.00,0.00,'2022-07-13 18:40:36','2022-07-13 18:40:36',5,NULL),(11823,7320,101,47,59093,40766,1,6,2,8,0.00,0.00,'2022-07-13 18:40:36','2022-07-13 18:40:36',5,NULL),(11824,7320,101,47,59093,40766,1,14,2,8,0.00,0.00,'2022-07-13 18:40:36','2022-07-13 18:40:36',5,NULL),(11825,7320,101,47,59093,40766,1,3,2,6,0.00,0.00,'2022-07-13 18:40:36','2022-07-13 18:40:36',5,NULL),(11826,7320,101,47,59093,40766,1,2,2,7,0.00,0.00,'2022-07-13 18:40:36','2022-07-13 18:40:36',5,NULL),(11827,7320,101,47,59093,40766,1,9,2,6,0.00,0.00,'2022-07-13 18:40:36','2022-07-13 18:40:36',5,NULL),(11828,7320,101,47,59093,40766,1,5,2,6,0.00,0.00,'2022-07-13 18:40:36','2022-07-13 18:40:36',5,NULL),(11829,7320,101,47,59093,40766,1,13,2,6,0.00,0.00,'2022-07-13 18:40:36','2022-07-13 18:40:36',5,NULL),(11830,7320,101,47,59093,40766,1,1,2,8,0.00,0.00,'2022-07-13 18:40:36','2022-07-13 18:40:36',5,NULL),(11831,7320,101,47,59093,40766,1,12,2,7,0.00,0.00,'2022-07-13 18:40:36','2022-07-13 18:40:36',5,NULL),(11832,7320,101,47,59093,40766,1,8,2,7,0.00,0.00,'2022-07-13 18:40:36','2022-07-13 18:40:36',5,NULL),(11833,7320,101,47,59093,40766,1,11,2,8,0.00,0.00,'2022-07-13 18:40:36','2022-07-13 18:40:36',5,NULL),(11834,7320,101,47,59093,40766,1,7,2,8,0.00,0.00,'2022-07-13 18:40:36','2022-07-13 18:40:36',5,NULL),(11835,7320,101,47,59093,40766,1,4,2,6,0.00,0.00,'2022-07-13 18:40:36','2022-07-13 18:40:36',5,NULL),(11836,7320,101,47,59093,40766,1,3,2,7,0.00,0.00,'2022-07-13 18:40:36','2022-07-13 18:40:36',5,NULL),(11837,7320,101,47,59093,40766,1,10,2,6,0.00,0.00,'2022-07-13 18:40:36','2022-07-13 18:40:36',5,NULL),(11838,7320,101,47,59093,40766,1,6,2,6,0.00,0.00,'2022-07-13 18:40:36','2022-07-13 18:40:36',5,NULL),(11839,7320,101,47,59093,40766,1,14,2,6,0.00,0.00,'2022-07-13 18:40:36','2022-07-13 18:40:36',5,NULL),(11840,7320,101,47,59093,40766,1,2,2,8,0.00,0.00,'2022-07-13 18:40:36','2022-07-13 18:40:36',5,NULL),(11841,7320,101,47,59093,40766,1,9,2,7,0.00,0.00,'2022-07-13 18:40:36','2022-07-13 18:40:36',5,NULL),(11842,7320,101,47,59093,40766,1,5,2,7,0.00,0.00,'2022-07-13 18:40:36','2022-07-13 18:40:36',5,NULL),(11843,7320,101,47,59093,40766,1,13,2,7,0.00,0.00,'2022-07-13 18:40:36','2022-07-13 18:40:36',5,NULL),(11844,7320,101,47,59093,40766,1,12,2,8,0.00,0.00,'2022-07-13 18:40:36','2022-07-13 18:40:36',5,NULL),(11845,7320,101,47,59093,40766,1,8,2,8,0.00,0.00,'2022-07-13 18:40:36','2022-07-13 18:40:36',5,NULL),(11846,7320,101,47,59093,40766,1,1,2,6,0.00,0.00,'2022-07-13 18:40:36','2022-07-13 18:40:36',5,NULL),(11847,7320,101,47,59093,40766,1,9,2,3,0.00,0.00,'2022-07-13 18:40:36','2022-07-13 18:40:36',6,NULL),(11848,7320,101,47,59093,40766,1,12,2,3,0.00,0.00,'2022-07-13 18:40:36','2022-07-13 18:40:36',6,NULL),(11849,7320,101,47,59093,40766,1,2,2,3,0.00,0.00,'2022-07-13 18:40:36','2022-07-13 18:40:36',6,NULL),(11850,7320,101,47,59093,40766,1,5,2,3,0.00,0.00,'2022-07-13 18:40:36','2022-07-13 18:40:36',6,NULL),(11851,7320,101,47,59093,40766,1,8,2,3,0.00,0.00,'2022-07-13 18:40:36','2022-07-13 18:40:36',6,NULL),(11852,7320,101,47,59093,40766,1,11,2,3,0.00,0.00,'2022-07-13 18:40:36','2022-07-13 18:40:36',6,NULL),(11853,7320,101,47,59093,40766,1,14,2,3,0.00,0.00,'2022-07-13 18:40:36','2022-07-13 18:40:36',6,NULL),(11854,7320,101,47,59093,40766,1,1,2,3,2836.65,765.90,'2022-07-13 18:40:36','2022-07-13 18:40:36',6,NULL),(11855,7320,101,47,59093,40766,1,4,2,3,0.00,0.00,'2022-07-13 18:40:36','2022-07-13 18:40:36',6,NULL),(11856,7320,101,47,59093,40766,1,7,2,3,0.00,0.00,'2022-07-13 18:40:36','2022-07-13 18:40:36',6,NULL),(11857,7320,101,47,59093,40766,1,10,2,3,0.00,0.00,'2022-07-13 18:40:36','2022-07-13 18:40:36',6,NULL),(11858,7320,101,47,59093,40766,1,13,2,3,0.00,0.00,'2022-07-13 18:40:36','2022-07-13 18:40:36',6,NULL),(11859,7320,101,47,59093,40766,1,3,2,3,11713.43,3162.63,'2022-07-13 18:40:36','2022-07-13 18:40:36',6,NULL),(11860,7320,101,47,59093,40766,1,6,2,3,0.00,0.00,'2022-07-13 18:40:36','2022-07-13 18:40:36',6,NULL);
INSERT INTO `period_liquidation_iva_details` VALUES (11861,7320,101,47,59093,40766,1,8,2,2,0.00,0.00,'2022-07-13 18:40:36','2022-07-13 18:40:36',6,NULL),(11862,7320,101,47,59093,40766,1,11,2,2,0.00,0.00,'2022-07-13 18:40:36','2022-07-13 18:40:36',6,NULL),(11863,7320,101,47,59093,40766,1,14,2,2,0.00,0.00,'2022-07-13 18:40:36','2022-07-13 18:40:36',6,NULL),(11864,7320,101,47,59093,40766,1,1,2,2,113096.02,23750.16,'2022-07-13 18:40:36','2022-07-13 18:40:36',6,NULL),(11865,7320,101,47,59093,40766,1,4,2,2,0.00,0.00,'2022-07-13 18:40:36','2022-07-13 18:40:36',6,NULL),(11866,7320,101,47,59093,40766,1,7,2,2,0.00,0.00,'2022-07-13 18:40:36','2022-07-13 18:40:36',6,NULL),(11867,7320,101,47,59093,40766,1,10,2,2,0.00,0.00,'2022-07-13 18:40:36','2022-07-13 18:40:36',6,NULL),(11868,7320,101,47,59093,40766,1,13,2,2,0.00,0.00,'2022-07-13 18:40:36','2022-07-13 18:40:36',6,NULL),(11869,7320,101,47,59093,40766,1,3,2,2,0.00,0.00,'2022-07-13 18:40:36','2022-07-13 18:40:36',6,NULL),(11870,7320,101,47,59093,40766,1,6,2,2,0.00,0.00,'2022-07-13 18:40:36','2022-07-13 18:40:36',6,NULL),(11871,7320,101,47,59093,40766,1,9,2,2,0.00,0.00,'2022-07-13 18:40:36','2022-07-13 18:40:36',6,NULL),(11872,7320,101,47,59093,40766,1,12,2,2,0.00,0.00,'2022-07-13 18:40:36','2022-07-13 18:40:36',6,NULL),(11873,7320,101,47,59093,40766,1,2,2,2,0.00,0.00,'2022-07-13 18:40:36','2022-07-13 18:40:36',6,NULL),(11874,7320,101,47,59093,40766,1,5,2,2,0.00,0.00,'2022-07-13 18:40:36','2022-07-13 18:40:36',6,NULL),(11875,7320,101,47,59093,40766,1,4,2,1,0.00,0.00,'2022-07-13 18:40:36','2022-07-13 18:40:36',6,NULL),(11876,7320,101,47,59093,40766,1,7,2,1,0.00,0.00,'2022-07-13 18:40:36','2022-07-13 18:40:36',6,NULL),(11877,7320,101,47,59093,40766,1,10,2,1,0.00,0.00,'2022-07-13 18:40:36','2022-07-13 18:40:36',6,NULL),(11878,7320,101,47,59093,40766,1,13,2,1,0.00,0.00,'2022-07-13 18:40:36','2022-07-13 18:40:36',6,NULL),(11879,7320,101,47,59093,40766,1,3,2,1,0.00,0.00,'2022-07-13 18:40:36','2022-07-13 18:40:36',6,NULL),(11880,7320,101,47,59093,40766,1,6,2,1,0.00,0.00,'2022-07-13 18:40:36','2022-07-13 18:40:36',6,NULL),(11881,7320,101,47,59093,40766,1,9,2,1,0.00,0.00,'2022-07-13 18:40:36','2022-07-13 18:40:36',6,NULL),(11882,7320,101,47,59093,40766,1,12,2,1,0.00,0.00,'2022-07-13 18:40:36','2022-07-13 18:40:36',6,NULL),(11883,7320,101,47,59093,40766,1,2,2,1,0.00,0.00,'2022-07-13 18:40:36','2022-07-13 18:40:36',6,NULL),(11884,7320,101,47,59093,40766,1,5,2,1,0.00,0.00,'2022-07-13 18:40:36','2022-07-13 18:40:36',6,NULL),(11885,7320,101,47,59093,40766,1,8,2,1,0.00,0.00,'2022-07-13 18:40:36','2022-07-13 18:40:36',6,NULL),(11886,7320,101,47,59093,40766,1,11,2,1,0.00,0.00,'2022-07-13 18:40:36','2022-07-13 18:40:36',6,NULL),(11887,7320,101,47,59093,40766,1,14,2,1,0.00,0.00,'2022-07-13 18:40:36','2022-07-13 18:40:36',6,NULL),(11888,7320,101,47,59093,40766,1,1,2,1,0.00,0.00,'2022-07-13 18:40:36','2022-07-13 18:40:36',6,NULL),(11889,7320,101,47,59093,40766,1,14,2,5,0.00,0.00,'2022-07-13 18:40:36','2022-07-13 18:40:36',6,NULL),(11890,7320,101,47,59093,40766,1,1,2,5,0.00,0.00,'2022-07-13 18:40:36','2022-07-13 18:40:36',6,NULL),(11891,7320,101,47,59093,40766,1,4,2,5,0.00,0.00,'2022-07-13 18:40:36','2022-07-13 18:40:36',6,NULL),(11892,7320,101,47,59093,40766,1,7,2,5,0.00,0.00,'2022-07-13 18:40:36','2022-07-13 18:40:36',6,NULL),(11893,7320,101,47,59093,40766,1,10,2,5,0.00,0.00,'2022-07-13 18:40:36','2022-07-13 18:40:36',6,NULL),(11894,7320,101,47,59093,40766,1,13,2,5,0.00,0.00,'2022-07-13 18:40:36','2022-07-13 18:40:36',6,NULL),(11895,7320,101,47,59093,40766,1,3,2,5,0.00,0.00,'2022-07-13 18:40:36','2022-07-13 18:40:36',6,NULL),(11896,7320,101,47,59093,40766,1,6,2,5,0.00,0.00,'2022-07-13 18:40:36','2022-07-13 18:40:36',6,NULL),(11897,7320,101,47,59093,40766,1,9,2,5,0.00,0.00,'2022-07-13 18:40:36','2022-07-13 18:40:36',6,NULL),(11898,7320,101,47,59093,40766,1,12,2,5,0.00,0.00,'2022-07-13 18:40:36','2022-07-13 18:40:36',6,NULL),(11899,7320,101,47,59093,40766,1,2,2,5,0.00,0.00,'2022-07-13 18:40:36','2022-07-13 18:40:36',6,NULL);
INSERT INTO `period_liquidation_iva_details` VALUES (11900,7320,101,47,59093,40766,1,5,2,5,0.00,0.00,'2022-07-13 18:40:36','2022-07-13 18:40:36',6,NULL),(11901,7320,101,47,59093,40766,1,8,2,5,0.00,0.00,'2022-07-13 18:40:36','2022-07-13 18:40:36',6,NULL),(11902,7320,101,47,59093,40766,1,11,2,5,0.00,0.00,'2022-07-13 18:40:36','2022-07-13 18:40:36',6,NULL),(11903,7320,101,47,59093,40766,1,13,2,4,0.00,0.00,'2022-07-13 18:40:36','2022-07-13 18:40:36',6,NULL),(11904,7320,101,47,59093,40766,1,3,2,4,0.00,0.00,'2022-07-13 18:40:36','2022-07-13 18:40:36',6,NULL),(11905,7320,101,47,59093,40766,1,6,2,4,0.00,0.00,'2022-07-13 18:40:36','2022-07-13 18:40:36',6,NULL),(11906,7320,101,47,59093,40766,1,9,2,4,0.00,0.00,'2022-07-13 18:40:36','2022-07-13 18:40:36',6,NULL),(11907,7320,101,47,59093,40766,1,12,2,4,0.00,0.00,'2022-07-13 18:40:36','2022-07-13 18:40:36',6,NULL),(11908,7320,101,47,59093,40766,1,2,2,4,0.00,0.00,'2022-07-13 18:40:36','2022-07-13 18:40:36',6,NULL),(11909,7320,101,47,59093,40766,1,5,2,4,0.00,0.00,'2022-07-13 18:40:36','2022-07-13 18:40:36',6,NULL),(11910,7320,101,47,59093,40766,1,8,2,4,0.00,0.00,'2022-07-13 18:40:36','2022-07-13 18:40:36',6,NULL),(11911,7320,101,47,59093,40766,1,11,2,4,0.00,0.00,'2022-07-13 18:40:36','2022-07-13 18:40:36',6,NULL),(11912,7320,101,47,59093,40766,1,14,2,4,0.00,0.00,'2022-07-13 18:40:36','2022-07-13 18:40:36',6,NULL),(11913,7320,101,47,59093,40766,1,1,2,4,0.00,0.00,'2022-07-13 18:40:36','2022-07-13 18:40:36',6,NULL),(11914,7320,101,47,59093,40766,1,4,2,4,0.00,0.00,'2022-07-13 18:40:36','2022-07-13 18:40:36',6,NULL),(11915,7320,101,47,59093,40766,1,7,2,4,0.00,0.00,'2022-07-13 18:40:36','2022-07-13 18:40:36',6,NULL),(11916,7320,101,47,59093,40766,1,10,2,4,0.00,0.00,'2022-07-13 18:40:36','2022-07-13 18:40:36',6,NULL),(11917,7320,101,47,59093,40766,1,2,2,8,0.00,0.00,'2022-07-13 18:40:36','2022-07-13 18:40:36',6,NULL),(11918,7320,101,47,59093,40766,1,5,2,8,0.00,0.00,'2022-07-13 18:40:36','2022-07-13 18:40:36',6,NULL),(11919,7320,101,47,59093,40766,1,8,2,8,0.00,0.00,'2022-07-13 18:40:36','2022-07-13 18:40:36',6,NULL),(11920,7320,101,47,59093,40766,1,11,2,8,0.00,0.00,'2022-07-13 18:40:36','2022-07-13 18:40:36',6,NULL),(11921,7320,101,47,59093,40766,1,14,2,8,0.00,0.00,'2022-07-13 18:40:36','2022-07-13 18:40:36',6,NULL),(11922,7320,101,47,59093,40766,1,1,2,8,0.00,0.00,'2022-07-13 18:40:36','2022-07-13 18:40:36',6,NULL),(11923,7320,101,47,59093,40766,1,4,2,8,0.00,0.00,'2022-07-13 18:40:36','2022-07-13 18:40:36',6,NULL),(11924,7320,101,47,59093,40766,1,7,2,8,0.00,0.00,'2022-07-13 18:40:36','2022-07-13 18:40:36',6,NULL),(11925,7320,101,47,59093,40766,1,10,2,8,0.00,0.00,'2022-07-13 18:40:36','2022-07-13 18:40:36',6,NULL),(11926,7320,101,47,59093,40766,1,13,2,8,0.00,0.00,'2022-07-13 18:40:36','2022-07-13 18:40:36',6,NULL),(11927,7320,101,47,59093,40766,1,3,2,8,0.00,0.00,'2022-07-13 18:40:36','2022-07-13 18:40:36',6,NULL),(11928,7320,101,47,59093,40766,1,6,2,8,0.00,0.00,'2022-07-13 18:40:36','2022-07-13 18:40:36',6,NULL),(11929,7320,101,47,59093,40766,1,9,2,8,0.00,0.00,'2022-07-13 18:40:36','2022-07-13 18:40:36',6,NULL),(11930,7320,101,47,59093,40766,1,12,2,8,0.00,0.00,'2022-07-13 18:40:36','2022-07-13 18:40:36',6,NULL),(11931,7320,101,47,59093,40766,1,7,2,6,0.00,0.00,'2022-07-13 18:40:36','2022-07-13 18:40:36',7,NULL),(11932,7320,101,47,59093,40766,1,3,2,7,2289.29,0.00,'2022-07-13 18:40:36','2022-07-13 18:40:36',7,NULL),(11933,7320,101,47,59093,40766,1,12,2,7,0.00,0.00,'2022-07-13 18:40:36','2022-07-13 18:40:36',7,NULL),(11934,7320,101,47,59093,40766,1,9,2,6,0.00,0.00,'2022-07-13 18:40:36','2022-07-13 18:40:36',7,NULL),(11935,7320,101,47,59093,40766,1,5,2,7,0.00,0.00,'2022-07-13 18:40:36','2022-07-13 18:40:36',7,NULL),(11936,7320,101,47,59093,40766,1,2,2,6,0.00,0.00,'2022-07-13 18:40:36','2022-07-13 18:40:36',7,NULL),(11937,7320,101,47,59093,40766,1,14,2,7,0.00,0.00,'2022-07-13 18:40:36','2022-07-13 18:40:36',7,NULL),(11938,7320,101,47,59093,40766,1,11,2,6,0.00,0.00,'2022-07-13 18:40:36','2022-07-13 18:40:36',7,NULL);
INSERT INTO `period_liquidation_iva_details` VALUES (11939,7320,101,47,59093,40766,1,7,2,7,0.00,0.00,'2022-07-13 18:40:36','2022-07-13 18:40:36',7,NULL),(11940,7320,101,47,59093,40766,1,4,2,6,0.00,0.00,'2022-07-13 18:40:36','2022-07-13 18:40:36',7,NULL),(11941,7320,101,47,59093,40766,1,13,2,6,0.00,0.00,'2022-07-13 18:40:36','2022-07-13 18:40:36',7,NULL),(11942,7320,101,47,59093,40766,1,9,2,7,0.00,0.00,'2022-07-13 18:40:36','2022-07-13 18:40:36',7,NULL),(11943,7320,101,47,59093,40766,1,6,2,6,0.00,0.00,'2022-07-13 18:40:36','2022-07-13 18:40:36',7,NULL),(11944,7320,101,47,59093,40766,1,2,2,7,0.00,0.00,'2022-07-13 18:40:36','2022-07-13 18:40:36',7,NULL),(11945,7320,101,47,59093,40766,1,11,2,7,0.00,0.00,'2022-07-13 18:40:36','2022-07-13 18:40:36',7,NULL),(11946,7320,101,47,59093,40766,1,8,2,6,0.00,0.00,'2022-07-13 18:40:36','2022-07-13 18:40:36',7,NULL),(11947,7320,101,47,59093,40766,1,4,2,7,0.00,0.00,'2022-07-13 18:40:36','2022-07-13 18:40:36',7,NULL),(11948,7320,101,47,59093,40766,1,1,2,6,0.00,0.00,'2022-07-13 18:40:36','2022-07-13 18:40:36',7,NULL),(11949,7320,101,47,59093,40766,1,13,2,7,0.00,0.00,'2022-07-13 18:40:36','2022-07-13 18:40:36',7,NULL),(11950,7320,101,47,59093,40766,1,10,2,6,0.00,0.00,'2022-07-13 18:40:36','2022-07-13 18:40:36',7,NULL),(11951,7320,101,47,59093,40766,1,6,2,7,0.00,0.00,'2022-07-13 18:40:36','2022-07-13 18:40:36',7,NULL),(11952,7320,101,47,59093,40766,1,3,2,6,0.00,0.00,'2022-07-13 18:40:36','2022-07-13 18:40:36',7,NULL),(11953,7320,101,47,59093,40766,1,12,2,6,0.00,0.00,'2022-07-13 18:40:36','2022-07-13 18:40:36',7,NULL),(11954,7320,101,47,59093,40766,1,8,2,7,0.00,0.00,'2022-07-13 18:40:36','2022-07-13 18:40:36',7,NULL),(11955,7320,101,47,59093,40766,1,5,2,6,0.00,0.00,'2022-07-13 18:40:36','2022-07-13 18:40:36',7,NULL),(11956,7320,101,47,59093,40766,1,1,2,7,166000.00,0.00,'2022-07-13 18:40:36','2022-07-13 18:40:36',7,NULL),(11957,7320,101,47,59093,40766,1,14,2,6,0.00,0.00,'2022-07-13 18:40:36','2022-07-13 18:40:36',7,NULL),(11958,7320,101,47,59093,40766,1,10,2,7,0.00,0.00,'2022-07-13 18:40:36','2022-07-13 18:40:36',7,NULL),(23315,7320,198,93,69698,40773,652,1,1,3,0.00,0.00,'2022-07-14 11:22:18','2022-07-14 11:22:18',1,NULL),(23316,7320,198,93,69698,40773,652,1,1,2,0.00,0.00,'2022-07-14 11:22:18','2022-07-14 11:22:18',1,NULL),(23317,7320,198,93,69698,40773,652,1,1,1,213750.00,22443.75,'2022-07-14 11:22:18','2022-07-14 11:22:18',1,NULL),(23318,7320,198,93,69698,40773,652,1,1,5,0.00,0.00,'2022-07-14 11:22:18','2022-07-14 11:22:18',1,NULL),(23319,7320,198,93,69698,40773,652,1,1,4,0.00,0.00,'2022-07-14 11:22:18','2022-07-14 11:22:18',1,NULL),(23320,7320,198,93,69698,40773,652,1,1,8,0.00,0.00,'2022-07-14 11:22:18','2022-07-14 11:22:18',1,NULL),(23321,7320,198,93,69698,40773,652,1,1,3,0.00,0.00,'2022-07-14 11:22:18','2022-07-14 11:22:18',2,NULL),(23322,7320,198,93,69698,40773,652,1,1,2,0.00,0.00,'2022-07-14 11:22:18','2022-07-14 11:22:18',2,NULL),(23323,7320,198,93,69698,40773,652,1,1,1,0.00,0.00,'2022-07-14 11:22:18','2022-07-14 11:22:18',2,NULL),(23324,7320,198,93,69698,40773,652,1,1,5,0.00,0.00,'2022-07-14 11:22:18','2022-07-14 11:22:18',2,NULL),(23325,7320,198,93,69698,40773,652,1,1,4,0.00,0.00,'2022-07-14 11:22:18','2022-07-14 11:22:18',2,NULL),(23326,7320,198,93,69698,40773,652,1,1,8,0.00,0.00,'2022-07-14 11:22:18','2022-07-14 11:22:18',2,NULL),(23327,7320,198,93,69698,40773,652,1,1,6,0.00,0.00,'2022-07-14 11:22:18','2022-07-14 11:22:18',3,NULL),(23328,7320,198,93,69698,40773,652,1,1,7,0.00,0.00,'2022-07-14 11:22:18','2022-07-14 11:22:18',3,NULL),(23329,7320,198,93,69698,40773,652,1,1,3,0.00,0.00,'2022-07-14 11:22:18','2022-07-14 11:22:18',4,NULL),(23330,7320,198,93,69698,40773,652,1,1,2,0.00,0.00,'2022-07-14 11:22:18','2022-07-14 11:22:18',4,NULL),(23331,7320,198,93,69698,40773,652,1,1,1,0.00,0.00,'2022-07-14 11:22:18','2022-07-14 11:22:18',4,NULL),(23332,7320,198,93,69698,40773,652,1,1,5,0.00,0.00,'2022-07-14 11:22:18','2022-07-14 11:22:18',4,NULL),(23333,7320,198,93,69698,40773,652,1,1,4,0.00,0.00,'2022-07-14 11:22:18','2022-07-14 11:22:18',4,NULL);
INSERT INTO `period_liquidation_iva_details` VALUES (23334,7320,198,93,69698,40773,652,1,1,8,0.00,0.00,'2022-07-14 11:22:18','2022-07-14 11:22:18',4,NULL),(23335,7320,198,93,69698,40773,652,1,1,6,0.00,0.00,'2022-07-14 11:22:18','2022-07-14 11:22:18',4,NULL),(23336,7320,198,93,69698,40773,652,1,1,7,0.00,0.00,'2022-07-14 11:22:18','2022-07-14 11:22:18',4,NULL),(23337,7320,198,93,69698,40773,1,3,2,3,0.00,0.00,'2022-07-14 11:22:18','2022-07-14 11:22:18',5,NULL),(23338,7320,198,93,69698,40773,1,10,2,3,0.00,0.00,'2022-07-14 11:22:18','2022-07-14 11:22:18',5,NULL),(23339,7320,198,93,69698,40773,1,6,2,3,0.00,0.00,'2022-07-14 11:22:18','2022-07-14 11:22:18',5,NULL),(23340,7320,198,93,69698,40773,1,14,2,3,0.00,0.00,'2022-07-14 11:22:18','2022-07-14 11:22:18',5,NULL),(23341,7320,198,93,69698,40773,1,4,2,3,0.00,0.00,'2022-07-14 11:22:18','2022-07-14 11:22:18',5,NULL),(23342,7320,198,93,69698,40773,1,7,2,3,0.00,0.00,'2022-07-14 11:22:18','2022-07-14 11:22:18',5,NULL),(23343,7320,198,93,69698,40773,1,11,2,3,0.00,0.00,'2022-07-14 11:22:18','2022-07-14 11:22:18',5,NULL),(23344,7320,198,93,69698,40773,1,1,2,3,0.00,0.00,'2022-07-14 11:22:18','2022-07-14 11:22:18',5,NULL),(23345,7320,198,93,69698,40773,1,8,2,3,0.00,0.00,'2022-07-14 11:22:18','2022-07-14 11:22:18',5,NULL),(23346,7320,198,93,69698,40773,1,12,2,3,0.00,0.00,'2022-07-14 11:22:18','2022-07-14 11:22:18',5,NULL),(23347,7320,198,93,69698,40773,1,2,2,3,0.00,0.00,'2022-07-14 11:22:18','2022-07-14 11:22:18',5,NULL),(23348,7320,198,93,69698,40773,1,9,2,3,0.00,0.00,'2022-07-14 11:22:18','2022-07-14 11:22:18',5,NULL),(23349,7320,198,93,69698,40773,1,5,2,3,0.00,0.00,'2022-07-14 11:22:18','2022-07-14 11:22:18',5,NULL),(23350,7320,198,93,69698,40773,1,13,2,3,0.00,0.00,'2022-07-14 11:22:18','2022-07-14 11:22:18',5,NULL),(23351,7320,198,93,69698,40773,1,11,2,2,0.00,0.00,'2022-07-14 11:22:18','2022-07-14 11:22:18',5,NULL),(23352,7320,198,93,69698,40773,1,7,2,2,0.00,0.00,'2022-07-14 11:22:18','2022-07-14 11:22:18',5,NULL),(23353,7320,198,93,69698,40773,1,1,2,2,0.00,0.00,'2022-07-14 11:22:18','2022-07-14 11:22:18',5,NULL),(23354,7320,198,93,69698,40773,1,8,2,2,0.00,0.00,'2022-07-14 11:22:18','2022-07-14 11:22:18',5,NULL),(23355,7320,198,93,69698,40773,1,12,2,2,0.00,0.00,'2022-07-14 11:22:18','2022-07-14 11:22:18',5,NULL),(23356,7320,198,93,69698,40773,1,2,2,2,0.00,0.00,'2022-07-14 11:22:18','2022-07-14 11:22:18',5,NULL),(23357,7320,198,93,69698,40773,1,9,2,2,0.00,0.00,'2022-07-14 11:22:18','2022-07-14 11:22:18',5,NULL),(23358,7320,198,93,69698,40773,1,5,2,2,0.00,0.00,'2022-07-14 11:22:18','2022-07-14 11:22:18',5,NULL),(23359,7320,198,93,69698,40773,1,13,2,2,0.00,0.00,'2022-07-14 11:22:18','2022-07-14 11:22:18',5,NULL),(23360,7320,198,93,69698,40773,1,3,2,2,0.00,0.00,'2022-07-14 11:22:18','2022-07-14 11:22:18',5,NULL),(23361,7320,198,93,69698,40773,1,10,2,2,0.00,0.00,'2022-07-14 11:22:18','2022-07-14 11:22:18',5,NULL),(23362,7320,198,93,69698,40773,1,6,2,2,0.00,0.00,'2022-07-14 11:22:18','2022-07-14 11:22:18',5,NULL),(23363,7320,198,93,69698,40773,1,14,2,2,0.00,0.00,'2022-07-14 11:22:18','2022-07-14 11:22:18',5,NULL),(23364,7320,198,93,69698,40773,1,4,2,2,0.00,0.00,'2022-07-14 11:22:18','2022-07-14 11:22:18',5,NULL),(23365,7320,198,93,69698,40773,1,8,2,1,0.00,0.00,'2022-07-14 11:22:18','2022-07-14 11:22:18',5,NULL),(23366,7320,198,93,69698,40773,1,12,2,1,0.00,0.00,'2022-07-14 11:22:18','2022-07-14 11:22:18',5,NULL),(23367,7320,198,93,69698,40773,1,2,2,1,0.00,0.00,'2022-07-14 11:22:18','2022-07-14 11:22:18',5,NULL),(23368,7320,198,93,69698,40773,1,9,2,1,0.00,0.00,'2022-07-14 11:22:18','2022-07-14 11:22:18',5,NULL),(23369,7320,198,93,69698,40773,1,5,2,1,0.00,0.00,'2022-07-14 11:22:18','2022-07-14 11:22:18',5,NULL),(23370,7320,198,93,69698,40773,1,13,2,1,0.00,0.00,'2022-07-14 11:22:18','2022-07-14 11:22:18',5,NULL),(23371,7320,198,93,69698,40773,1,3,2,1,0.00,0.00,'2022-07-14 11:22:18','2022-07-14 11:22:18',5,NULL),(23372,7320,198,93,69698,40773,1,10,2,1,0.00,0.00,'2022-07-14 11:22:18','2022-07-14 11:22:18',5,NULL);
INSERT INTO `period_liquidation_iva_details` VALUES (23373,7320,198,93,69698,40773,1,6,2,1,0.00,0.00,'2022-07-14 11:22:18','2022-07-14 11:22:18',5,NULL),(23374,7320,198,93,69698,40773,1,14,2,1,0.00,0.00,'2022-07-14 11:22:18','2022-07-14 11:22:18',5,NULL),(23375,7320,198,93,69698,40773,1,4,2,1,0.00,0.00,'2022-07-14 11:22:18','2022-07-14 11:22:18',5,NULL),(23376,7320,198,93,69698,40773,1,11,2,1,0.00,0.00,'2022-07-14 11:22:18','2022-07-14 11:22:18',5,NULL),(23377,7320,198,93,69698,40773,1,7,2,1,0.00,0.00,'2022-07-14 11:22:18','2022-07-14 11:22:18',5,NULL),(23378,7320,198,93,69698,40773,1,1,2,1,0.00,0.00,'2022-07-14 11:22:18','2022-07-14 11:22:18',5,NULL),(23379,7320,198,93,69698,40773,1,7,2,5,0.00,0.00,'2022-07-14 11:22:18','2022-07-14 11:22:18',5,NULL),(23380,7320,198,93,69698,40773,1,11,2,5,0.00,0.00,'2022-07-14 11:22:18','2022-07-14 11:22:18',5,NULL),(23381,7320,198,93,69698,40773,1,1,2,5,0.00,0.00,'2022-07-14 11:22:18','2022-07-14 11:22:18',5,NULL),(23382,7320,198,93,69698,40773,1,8,2,5,0.00,0.00,'2022-07-14 11:22:18','2022-07-14 11:22:18',5,NULL),(23383,7320,198,93,69698,40773,1,12,2,5,0.00,0.00,'2022-07-14 11:22:18','2022-07-14 11:22:18',5,NULL),(23384,7320,198,93,69698,40773,1,2,2,5,0.00,0.00,'2022-07-14 11:22:18','2022-07-14 11:22:18',5,NULL),(23385,7320,198,93,69698,40773,1,9,2,5,0.00,0.00,'2022-07-14 11:22:18','2022-07-14 11:22:18',5,NULL),(23386,7320,198,93,69698,40773,1,5,2,5,0.00,0.00,'2022-07-14 11:22:18','2022-07-14 11:22:18',5,NULL),(23387,7320,198,93,69698,40773,1,13,2,5,0.00,0.00,'2022-07-14 11:22:18','2022-07-14 11:22:18',5,NULL),(23388,7320,198,93,69698,40773,1,3,2,5,0.00,0.00,'2022-07-14 11:22:18','2022-07-14 11:22:18',5,NULL),(23389,7320,198,93,69698,40773,1,10,2,5,0.00,0.00,'2022-07-14 11:22:18','2022-07-14 11:22:18',5,NULL),(23390,7320,198,93,69698,40773,1,6,2,5,0.00,0.00,'2022-07-14 11:22:18','2022-07-14 11:22:18',5,NULL),(23391,7320,198,93,69698,40773,1,14,2,5,0.00,0.00,'2022-07-14 11:22:18','2022-07-14 11:22:18',5,NULL),(23392,7320,198,93,69698,40773,1,4,2,5,0.00,0.00,'2022-07-14 11:22:18','2022-07-14 11:22:18',5,NULL),(23393,7320,198,93,69698,40773,1,2,2,4,0.00,0.00,'2022-07-14 11:22:18','2022-07-14 11:22:18',5,NULL),(23394,7320,198,93,69698,40773,1,9,2,4,0.00,0.00,'2022-07-14 11:22:18','2022-07-14 11:22:18',5,NULL),(23395,7320,198,93,69698,40773,1,5,2,4,0.00,0.00,'2022-07-14 11:22:18','2022-07-14 11:22:18',5,NULL),(23396,7320,198,93,69698,40773,1,13,2,4,0.00,0.00,'2022-07-14 11:22:18','2022-07-14 11:22:18',5,NULL),(23397,7320,198,93,69698,40773,1,3,2,4,0.00,0.00,'2022-07-14 11:22:18','2022-07-14 11:22:18',5,NULL),(23398,7320,198,93,69698,40773,1,10,2,4,0.00,0.00,'2022-07-14 11:22:18','2022-07-14 11:22:18',5,NULL),(23399,7320,198,93,69698,40773,1,6,2,4,0.00,0.00,'2022-07-14 11:22:18','2022-07-14 11:22:18',5,NULL),(23400,7320,198,93,69698,40773,1,14,2,4,0.00,0.00,'2022-07-14 11:22:18','2022-07-14 11:22:18',5,NULL),(23401,7320,198,93,69698,40773,1,4,2,4,0.00,0.00,'2022-07-14 11:22:18','2022-07-14 11:22:18',5,NULL),(23402,7320,198,93,69698,40773,1,7,2,4,0.00,0.00,'2022-07-14 11:22:18','2022-07-14 11:22:18',5,NULL),(23403,7320,198,93,69698,40773,1,11,2,4,0.00,0.00,'2022-07-14 11:22:18','2022-07-14 11:22:18',5,NULL),(23404,7320,198,93,69698,40773,1,1,2,4,0.00,0.00,'2022-07-14 11:22:18','2022-07-14 11:22:18',5,NULL),(23405,7320,198,93,69698,40773,1,8,2,4,0.00,0.00,'2022-07-14 11:22:18','2022-07-14 11:22:18',5,NULL),(23406,7320,198,93,69698,40773,1,12,2,4,0.00,0.00,'2022-07-14 11:22:18','2022-07-14 11:22:18',5,NULL),(23407,7320,198,93,69698,40773,1,10,2,6,0.00,0.00,'2022-07-14 11:22:18','2022-07-14 11:22:18',5,NULL),(23408,7320,198,93,69698,40773,1,6,2,6,0.00,0.00,'2022-07-14 11:22:18','2022-07-14 11:22:18',5,NULL),(23409,7320,198,93,69698,40773,1,14,2,6,0.00,0.00,'2022-07-14 11:22:18','2022-07-14 11:22:18',5,NULL),(23410,7320,198,93,69698,40773,1,9,2,7,0.00,0.00,'2022-07-14 11:22:18','2022-07-14 11:22:18',5,NULL),(23411,7320,198,93,69698,40773,1,5,2,7,0.00,0.00,'2022-07-14 11:22:18','2022-07-14 11:22:18',5,NULL);
INSERT INTO `period_liquidation_iva_details` VALUES (23412,7320,198,93,69698,40773,1,13,2,7,0.00,0.00,'2022-07-14 11:22:18','2022-07-14 11:22:18',5,NULL),(23413,7320,198,93,69698,40773,1,8,2,8,0.00,0.00,'2022-07-14 11:22:18','2022-07-14 11:22:18',5,NULL),(23414,7320,198,93,69698,40773,1,4,2,6,0.00,0.00,'2022-07-14 11:22:18','2022-07-14 11:22:18',5,NULL),(23415,7320,198,93,69698,40773,1,12,2,8,0.00,0.00,'2022-07-14 11:22:18','2022-07-14 11:22:18',5,NULL),(23416,7320,198,93,69698,40773,1,3,2,7,0.00,0.00,'2022-07-14 11:22:18','2022-07-14 11:22:18',5,NULL),(23417,7320,198,93,69698,40773,1,2,2,8,0.00,0.00,'2022-07-14 11:22:18','2022-07-14 11:22:18',5,NULL),(23418,7320,198,93,69698,40773,1,7,2,6,0.00,0.00,'2022-07-14 11:22:18','2022-07-14 11:22:18',5,NULL),(23419,7320,198,93,69698,40773,1,11,2,6,0.00,0.00,'2022-07-14 11:22:18','2022-07-14 11:22:18',5,NULL),(23420,7320,198,93,69698,40773,1,14,2,7,0.00,0.00,'2022-07-14 11:22:18','2022-07-14 11:22:18',5,NULL),(23421,7320,198,93,69698,40773,1,10,2,7,0.00,0.00,'2022-07-14 11:22:18','2022-07-14 11:22:18',5,NULL),(23422,7320,198,93,69698,40773,1,6,2,7,0.00,0.00,'2022-07-14 11:22:18','2022-07-14 11:22:18',5,NULL),(23423,7320,198,93,69698,40773,1,9,2,8,0.00,0.00,'2022-07-14 11:22:18','2022-07-14 11:22:18',5,NULL),(23424,7320,198,93,69698,40773,1,5,2,8,0.00,0.00,'2022-07-14 11:22:18','2022-07-14 11:22:18',5,NULL),(23425,7320,198,93,69698,40773,1,1,2,6,0.00,0.00,'2022-07-14 11:22:18','2022-07-14 11:22:18',5,NULL),(23426,7320,198,93,69698,40773,1,13,2,8,0.00,0.00,'2022-07-14 11:22:18','2022-07-14 11:22:18',5,NULL),(23427,7320,198,93,69698,40773,1,4,2,7,0.00,0.00,'2022-07-14 11:22:18','2022-07-14 11:22:18',5,NULL),(23428,7320,198,93,69698,40773,1,3,2,8,0.00,0.00,'2022-07-14 11:22:18','2022-07-14 11:22:18',5,NULL),(23429,7320,198,93,69698,40773,1,8,2,6,0.00,0.00,'2022-07-14 11:22:18','2022-07-14 11:22:18',5,NULL),(23430,7320,198,93,69698,40773,1,12,2,6,0.00,0.00,'2022-07-14 11:22:18','2022-07-14 11:22:18',5,NULL),(23431,7320,198,93,69698,40773,1,7,2,7,0.00,0.00,'2022-07-14 11:22:18','2022-07-14 11:22:18',5,NULL),(23432,7320,198,93,69698,40773,1,11,2,7,0.00,0.00,'2022-07-14 11:22:18','2022-07-14 11:22:18',5,NULL),(23433,7320,198,93,69698,40773,1,14,2,8,0.00,0.00,'2022-07-14 11:22:18','2022-07-14 11:22:18',5,NULL),(23434,7320,198,93,69698,40773,1,10,2,8,0.00,0.00,'2022-07-14 11:22:18','2022-07-14 11:22:18',5,NULL),(23435,7320,198,93,69698,40773,1,6,2,8,0.00,0.00,'2022-07-14 11:22:18','2022-07-14 11:22:18',5,NULL),(23436,7320,198,93,69698,40773,1,2,2,6,0.00,0.00,'2022-07-14 11:22:18','2022-07-14 11:22:18',5,NULL),(23437,7320,198,93,69698,40773,1,1,2,7,0.00,0.00,'2022-07-14 11:22:18','2022-07-14 11:22:18',5,NULL),(23438,7320,198,93,69698,40773,1,4,2,8,0.00,0.00,'2022-07-14 11:22:18','2022-07-14 11:22:18',5,NULL),(23439,7320,198,93,69698,40773,1,9,2,6,0.00,0.00,'2022-07-14 11:22:18','2022-07-14 11:22:18',5,NULL),(23440,7320,198,93,69698,40773,1,5,2,6,0.00,0.00,'2022-07-14 11:22:18','2022-07-14 11:22:18',5,NULL),(23441,7320,198,93,69698,40773,1,13,2,6,0.00,0.00,'2022-07-14 11:22:18','2022-07-14 11:22:18',5,NULL),(23442,7320,198,93,69698,40773,1,8,2,7,0.00,0.00,'2022-07-14 11:22:18','2022-07-14 11:22:18',5,NULL),(23443,7320,198,93,69698,40773,1,12,2,7,0.00,0.00,'2022-07-14 11:22:18','2022-07-14 11:22:18',5,NULL),(23444,7320,198,93,69698,40773,1,7,2,8,0.00,0.00,'2022-07-14 11:22:18','2022-07-14 11:22:18',5,NULL),(23445,7320,198,93,69698,40773,1,3,2,6,0.00,0.00,'2022-07-14 11:22:18','2022-07-14 11:22:18',5,NULL),(23446,7320,198,93,69698,40773,1,11,2,8,0.00,0.00,'2022-07-14 11:22:18','2022-07-14 11:22:18',5,NULL),(23447,7320,198,93,69698,40773,1,2,2,7,0.00,0.00,'2022-07-14 11:22:18','2022-07-14 11:22:18',5,NULL),(23448,7320,198,93,69698,40773,1,1,2,8,0.00,0.00,'2022-07-14 11:22:18','2022-07-14 11:22:18',5,NULL),(23449,7320,198,93,69698,40773,1,7,2,3,0.00,0.00,'2022-07-14 11:22:18','2022-07-14 11:22:18',6,NULL),(23450,7320,198,93,69698,40773,1,10,2,3,0.00,0.00,'2022-07-14 11:22:18','2022-07-14 11:22:18',6,NULL);
INSERT INTO `period_liquidation_iva_details` VALUES (23451,7320,198,93,69698,40773,1,13,2,3,0.00,0.00,'2022-07-14 11:22:18','2022-07-14 11:22:18',6,NULL),(23452,7320,198,93,69698,40773,1,3,2,3,0.00,0.00,'2022-07-14 11:22:18','2022-07-14 11:22:18',6,NULL),(23453,7320,198,93,69698,40773,1,6,2,3,0.00,0.00,'2022-07-14 11:22:18','2022-07-14 11:22:18',6,NULL),(23454,7320,198,93,69698,40773,1,9,2,3,0.00,0.00,'2022-07-14 11:22:18','2022-07-14 11:22:18',6,NULL),(23455,7320,198,93,69698,40773,1,12,2,3,0.00,0.00,'2022-07-14 11:22:18','2022-07-14 11:22:18',6,NULL),(23456,7320,198,93,69698,40773,1,2,2,3,0.00,0.00,'2022-07-14 11:22:18','2022-07-14 11:22:18',6,NULL),(23457,7320,198,93,69698,40773,1,5,2,3,0.00,0.00,'2022-07-14 11:22:18','2022-07-14 11:22:18',6,NULL),(23458,7320,198,93,69698,40773,1,8,2,3,0.00,0.00,'2022-07-14 11:22:18','2022-07-14 11:22:18',6,NULL),(23459,7320,198,93,69698,40773,1,11,2,3,0.00,0.00,'2022-07-14 11:22:18','2022-07-14 11:22:18',6,NULL),(23460,7320,198,93,69698,40773,1,14,2,3,0.00,0.00,'2022-07-14 11:22:18','2022-07-14 11:22:18',6,NULL),(23461,7320,198,93,69698,40773,1,1,2,3,0.00,0.00,'2022-07-14 11:22:18','2022-07-14 11:22:18',6,NULL),(23462,7320,198,93,69698,40773,1,4,2,3,0.00,0.00,'2022-07-14 11:22:18','2022-07-14 11:22:18',6,NULL),(23463,7320,198,93,69698,40773,1,6,2,2,0.00,0.00,'2022-07-14 11:22:18','2022-07-14 11:22:18',6,NULL),(23464,7320,198,93,69698,40773,1,9,2,2,0.00,0.00,'2022-07-14 11:22:18','2022-07-14 11:22:18',6,NULL),(23465,7320,198,93,69698,40773,1,12,2,2,0.00,0.00,'2022-07-14 11:22:18','2022-07-14 11:22:18',6,NULL),(23466,7320,198,93,69698,40773,1,2,2,2,0.00,0.00,'2022-07-14 11:22:18','2022-07-14 11:22:18',6,NULL),(23467,7320,198,93,69698,40773,1,5,2,2,0.00,0.00,'2022-07-14 11:22:18','2022-07-14 11:22:18',6,NULL),(23468,7320,198,93,69698,40773,1,8,2,2,0.00,0.00,'2022-07-14 11:22:18','2022-07-14 11:22:18',6,NULL),(23469,7320,198,93,69698,40773,1,11,2,2,0.00,0.00,'2022-07-14 11:22:18','2022-07-14 11:22:18',6,NULL),(23470,7320,198,93,69698,40773,1,14,2,2,0.00,0.00,'2022-07-14 11:22:18','2022-07-14 11:22:18',6,NULL),(23471,7320,198,93,69698,40773,1,1,2,2,231236.00,48559.56,'2022-07-14 11:22:18','2022-07-14 11:22:18',6,NULL),(23472,7320,198,93,69698,40773,1,4,2,2,0.00,0.00,'2022-07-14 11:22:18','2022-07-14 11:22:18',6,NULL),(23473,7320,198,93,69698,40773,1,7,2,2,0.00,0.00,'2022-07-14 11:22:18','2022-07-14 11:22:18',6,NULL),(23474,7320,198,93,69698,40773,1,10,2,2,0.00,0.00,'2022-07-14 11:22:18','2022-07-14 11:22:18',6,NULL),(23475,7320,198,93,69698,40773,1,13,2,2,0.00,0.00,'2022-07-14 11:22:18','2022-07-14 11:22:18',6,NULL),(23476,7320,198,93,69698,40773,1,3,2,2,0.00,0.00,'2022-07-14 11:22:18','2022-07-14 11:22:18',6,NULL),(23477,7320,198,93,69698,40773,1,2,2,1,0.00,0.00,'2022-07-14 11:22:18','2022-07-14 11:22:18',6,NULL),(23478,7320,198,93,69698,40773,1,5,2,1,0.00,0.00,'2022-07-14 11:22:18','2022-07-14 11:22:18',6,NULL),(23479,7320,198,93,69698,40773,1,8,2,1,0.00,0.00,'2022-07-14 11:22:18','2022-07-14 11:22:18',6,NULL),(23480,7320,198,93,69698,40773,1,11,2,1,0.00,0.00,'2022-07-14 11:22:18','2022-07-14 11:22:18',6,NULL),(23481,7320,198,93,69698,40773,1,14,2,1,0.00,0.00,'2022-07-14 11:22:18','2022-07-14 11:22:18',6,NULL),(23482,7320,198,93,69698,40773,1,1,2,1,431.65,45.32,'2022-07-14 11:22:18','2022-07-14 11:22:18',6,NULL),(23483,7320,198,93,69698,40773,1,4,2,1,0.00,0.00,'2022-07-14 11:22:18','2022-07-14 11:22:18',6,NULL),(23484,7320,198,93,69698,40773,1,7,2,1,0.00,0.00,'2022-07-14 11:22:18','2022-07-14 11:22:18',6,NULL),(23485,7320,198,93,69698,40773,1,10,2,1,0.00,0.00,'2022-07-14 11:22:18','2022-07-14 11:22:18',6,NULL),(23486,7320,198,93,69698,40773,1,13,2,1,0.00,0.00,'2022-07-14 11:22:18','2022-07-14 11:22:18',6,NULL),(23487,7320,198,93,69698,40773,1,3,2,1,0.00,0.00,'2022-07-14 11:22:18','2022-07-14 11:22:18',6,NULL),(23488,7320,198,93,69698,40773,1,6,2,1,0.00,0.00,'2022-07-14 11:22:18','2022-07-14 11:22:18',6,NULL),(23489,7320,198,93,69698,40773,1,9,2,1,0.00,0.00,'2022-07-14 11:22:18','2022-07-14 11:22:18',6,NULL);
INSERT INTO `period_liquidation_iva_details` VALUES (23490,7320,198,93,69698,40773,1,12,2,1,0.00,0.00,'2022-07-14 11:22:18','2022-07-14 11:22:18',6,NULL),(23491,7320,198,93,69698,40773,1,12,2,5,0.00,0.00,'2022-07-14 11:22:18','2022-07-14 11:22:18',6,NULL),(23492,7320,198,93,69698,40773,1,2,2,5,0.00,0.00,'2022-07-14 11:22:18','2022-07-14 11:22:18',6,NULL),(23493,7320,198,93,69698,40773,1,5,2,5,0.00,0.00,'2022-07-14 11:22:18','2022-07-14 11:22:18',6,NULL),(23494,7320,198,93,69698,40773,1,8,2,5,0.00,0.00,'2022-07-14 11:22:18','2022-07-14 11:22:18',6,NULL),(23495,7320,198,93,69698,40773,1,11,2,5,0.00,0.00,'2022-07-14 11:22:18','2022-07-14 11:22:18',6,NULL),(23496,7320,198,93,69698,40773,1,14,2,5,0.00,0.00,'2022-07-14 11:22:18','2022-07-14 11:22:18',6,NULL),(23497,7320,198,93,69698,40773,1,1,2,5,0.00,0.00,'2022-07-14 11:22:18','2022-07-14 11:22:18',6,NULL),(23498,7320,198,93,69698,40773,1,4,2,5,0.00,0.00,'2022-07-14 11:22:18','2022-07-14 11:22:18',6,NULL),(23499,7320,198,93,69698,40773,1,7,2,5,0.00,0.00,'2022-07-14 11:22:18','2022-07-14 11:22:18',6,NULL),(23500,7320,198,93,69698,40773,1,10,2,5,0.00,0.00,'2022-07-14 11:22:18','2022-07-14 11:22:18',6,NULL),(23501,7320,198,93,69698,40773,1,13,2,5,0.00,0.00,'2022-07-14 11:22:18','2022-07-14 11:22:18',6,NULL),(23502,7320,198,93,69698,40773,1,3,2,5,0.00,0.00,'2022-07-14 11:22:18','2022-07-14 11:22:18',6,NULL),(23503,7320,198,93,69698,40773,1,6,2,5,0.00,0.00,'2022-07-14 11:22:18','2022-07-14 11:22:18',6,NULL),(23504,7320,198,93,69698,40773,1,9,2,5,0.00,0.00,'2022-07-14 11:22:18','2022-07-14 11:22:18',6,NULL),(23505,7320,198,93,69698,40773,1,11,2,4,0.00,0.00,'2022-07-14 11:22:18','2022-07-14 11:22:18',6,NULL),(23506,7320,198,93,69698,40773,1,14,2,4,0.00,0.00,'2022-07-14 11:22:18','2022-07-14 11:22:18',6,NULL),(23507,7320,198,93,69698,40773,1,1,2,4,0.00,0.00,'2022-07-14 11:22:18','2022-07-14 11:22:18',6,NULL),(23508,7320,198,93,69698,40773,1,4,2,4,0.00,0.00,'2022-07-14 11:22:18','2022-07-14 11:22:18',6,NULL),(23509,7320,198,93,69698,40773,1,7,2,4,0.00,0.00,'2022-07-14 11:22:18','2022-07-14 11:22:18',6,NULL),(23510,7320,198,93,69698,40773,1,10,2,4,0.00,0.00,'2022-07-14 11:22:18','2022-07-14 11:22:18',6,NULL),(23511,7320,198,93,69698,40773,1,13,2,4,0.00,0.00,'2022-07-14 11:22:18','2022-07-14 11:22:18',6,NULL),(23512,7320,198,93,69698,40773,1,3,2,4,0.00,0.00,'2022-07-14 11:22:18','2022-07-14 11:22:18',6,NULL),(23513,7320,198,93,69698,40773,1,6,2,4,0.00,0.00,'2022-07-14 11:22:18','2022-07-14 11:22:18',6,NULL),(23514,7320,198,93,69698,40773,1,9,2,4,0.00,0.00,'2022-07-14 11:22:18','2022-07-14 11:22:18',6,NULL),(23515,7320,198,93,69698,40773,1,12,2,4,0.00,0.00,'2022-07-14 11:22:18','2022-07-14 11:22:18',6,NULL),(23516,7320,198,93,69698,40773,1,2,2,4,0.00,0.00,'2022-07-14 11:22:18','2022-07-14 11:22:18',6,NULL),(23517,7320,198,93,69698,40773,1,5,2,4,0.00,0.00,'2022-07-14 11:22:18','2022-07-14 11:22:18',6,NULL),(23518,7320,198,93,69698,40773,1,8,2,4,0.00,0.00,'2022-07-14 11:22:18','2022-07-14 11:22:18',6,NULL),(23519,7320,198,93,69698,40773,1,3,2,8,0.00,0.00,'2022-07-14 11:22:18','2022-07-14 11:22:18',6,NULL),(23520,7320,198,93,69698,40773,1,6,2,8,0.00,0.00,'2022-07-14 11:22:18','2022-07-14 11:22:18',6,NULL),(23521,7320,198,93,69698,40773,1,9,2,8,0.00,0.00,'2022-07-14 11:22:18','2022-07-14 11:22:18',6,NULL),(23522,7320,198,93,69698,40773,1,12,2,8,0.00,0.00,'2022-07-14 11:22:18','2022-07-14 11:22:18',6,NULL),(23523,7320,198,93,69698,40773,1,2,2,8,0.00,0.00,'2022-07-14 11:22:18','2022-07-14 11:22:18',6,NULL),(23524,7320,198,93,69698,40773,1,5,2,8,0.00,0.00,'2022-07-14 11:22:18','2022-07-14 11:22:18',6,NULL),(23525,7320,198,93,69698,40773,1,8,2,8,0.00,0.00,'2022-07-14 11:22:18','2022-07-14 11:22:18',6,NULL),(23526,7320,198,93,69698,40773,1,11,2,8,0.00,0.00,'2022-07-14 11:22:18','2022-07-14 11:22:18',6,NULL),(23527,7320,198,93,69698,40773,1,14,2,8,0.00,0.00,'2022-07-14 11:22:18','2022-07-14 11:22:18',6,NULL),(23528,7320,198,93,69698,40773,1,1,2,8,0.00,0.00,'2022-07-14 11:22:18','2022-07-14 11:22:18',6,NULL);
INSERT INTO `period_liquidation_iva_details` VALUES (23529,7320,198,93,69698,40773,1,4,2,8,0.00,0.00,'2022-07-14 11:22:18','2022-07-14 11:22:18',6,NULL),(23530,7320,198,93,69698,40773,1,7,2,8,0.00,0.00,'2022-07-14 11:22:18','2022-07-14 11:22:18',6,NULL),(23531,7320,198,93,69698,40773,1,10,2,8,0.00,0.00,'2022-07-14 11:22:18','2022-07-14 11:22:18',6,NULL),(23532,7320,198,93,69698,40773,1,13,2,8,0.00,0.00,'2022-07-14 11:22:18','2022-07-14 11:22:18',6,NULL),(23533,7320,198,93,69698,40773,1,3,2,6,0.00,0.00,'2022-07-14 11:22:18','2022-07-14 11:22:18',7,NULL),(23534,7320,198,93,69698,40773,1,12,2,6,0.00,0.00,'2022-07-14 11:22:18','2022-07-14 11:22:18',7,NULL),(23535,7320,198,93,69698,40773,1,8,2,7,0.00,0.00,'2022-07-14 11:22:18','2022-07-14 11:22:18',7,NULL),(23536,7320,198,93,69698,40773,1,5,2,6,0.00,0.00,'2022-07-14 11:22:18','2022-07-14 11:22:18',7,NULL),(23537,7320,198,93,69698,40773,1,1,2,7,1450.85,0.00,'2022-07-14 11:22:18','2022-07-14 11:22:18',7,NULL),(23538,7320,198,93,69698,40773,1,14,2,6,0.00,0.00,'2022-07-14 11:22:18','2022-07-14 11:22:18',7,NULL),(23539,7320,198,93,69698,40773,1,10,2,7,0.00,0.00,'2022-07-14 11:22:18','2022-07-14 11:22:18',7,NULL),(23540,7320,198,93,69698,40773,1,7,2,6,0.00,0.00,'2022-07-14 11:22:18','2022-07-14 11:22:18',7,NULL),(23541,7320,198,93,69698,40773,1,3,2,7,0.00,0.00,'2022-07-14 11:22:18','2022-07-14 11:22:18',7,NULL),(23542,7320,198,93,69698,40773,1,12,2,7,0.00,0.00,'2022-07-14 11:22:18','2022-07-14 11:22:18',7,NULL),(23543,7320,198,93,69698,40773,1,9,2,6,0.00,0.00,'2022-07-14 11:22:18','2022-07-14 11:22:18',7,NULL),(23544,7320,198,93,69698,40773,1,5,2,7,0.00,0.00,'2022-07-14 11:22:18','2022-07-14 11:22:18',7,NULL),(23545,7320,198,93,69698,40773,1,2,2,6,0.00,0.00,'2022-07-14 11:22:18','2022-07-14 11:22:18',7,NULL),(23546,7320,198,93,69698,40773,1,14,2,7,0.00,0.00,'2022-07-14 11:22:18','2022-07-14 11:22:18',7,NULL),(23547,7320,198,93,69698,40773,1,11,2,6,0.00,0.00,'2022-07-14 11:22:18','2022-07-14 11:22:18',7,NULL),(23548,7320,198,93,69698,40773,1,7,2,7,0.00,0.00,'2022-07-14 11:22:18','2022-07-14 11:22:18',7,NULL),(23549,7320,198,93,69698,40773,1,4,2,6,0.00,0.00,'2022-07-14 11:22:18','2022-07-14 11:22:18',7,NULL),(23550,7320,198,93,69698,40773,1,13,2,6,0.00,0.00,'2022-07-14 11:22:18','2022-07-14 11:22:18',7,NULL),(23551,7320,198,93,69698,40773,1,9,2,7,0.00,0.00,'2022-07-14 11:22:18','2022-07-14 11:22:18',7,NULL),(23552,7320,198,93,69698,40773,1,6,2,6,0.00,0.00,'2022-07-14 11:22:18','2022-07-14 11:22:18',7,NULL),(23553,7320,198,93,69698,40773,1,2,2,7,0.00,0.00,'2022-07-14 11:22:18','2022-07-14 11:22:18',7,NULL),(23554,7320,198,93,69698,40773,1,11,2,7,0.00,0.00,'2022-07-14 11:22:18','2022-07-14 11:22:18',7,NULL),(23555,7320,198,93,69698,40773,1,8,2,6,0.00,0.00,'2022-07-14 11:22:18','2022-07-14 11:22:18',7,NULL),(23556,7320,198,93,69698,40773,1,4,2,7,0.00,0.00,'2022-07-14 11:22:18','2022-07-14 11:22:18',7,NULL),(23557,7320,198,93,69698,40773,1,1,2,6,0.00,0.00,'2022-07-14 11:22:18','2022-07-14 11:22:18',7,NULL),(23558,7320,198,93,69698,40773,1,13,2,7,0.00,0.00,'2022-07-14 11:22:18','2022-07-14 11:22:18',7,NULL),(23559,7320,198,93,69698,40773,1,10,2,6,0.00,0.00,'2022-07-14 11:22:18','2022-07-14 11:22:18',7,NULL),(23560,7320,198,93,69698,40773,1,6,2,7,0.00,0.00,'2022-07-14 11:22:18','2022-07-14 11:22:18',7,NULL),(32347,7320,271,129,75758,40777,707,1,1,3,0.00,0.00,'2022-07-15 18:07:15','2022-07-15 18:07:15',1,NULL),(32348,7320,271,129,75758,40777,707,1,1,2,0.00,0.00,'2022-07-15 18:07:15','2022-07-15 18:07:15',1,NULL),(32349,7320,271,129,75758,40777,707,1,1,1,0.00,0.00,'2022-07-15 18:07:15','2022-07-15 18:07:15',1,NULL),(32350,7320,271,129,75758,40777,707,1,1,5,0.00,0.00,'2022-07-15 18:07:15','2022-07-15 18:07:15',1,NULL),(32351,7320,271,129,75758,40777,707,1,1,4,0.00,0.00,'2022-07-15 18:07:15','2022-07-15 18:07:15',1,NULL),(32352,7320,271,129,75758,40777,707,1,1,8,0.00,0.00,'2022-07-15 18:07:15','2022-07-15 18:07:15',1,NULL),(32353,7320,271,129,75758,40777,707,1,1,3,0.00,0.00,'2022-07-15 18:07:15','2022-07-15 18:07:15',2,NULL);
INSERT INTO `period_liquidation_iva_details` VALUES (32354,7320,271,129,75758,40777,707,1,1,2,236628.12,49691.91,'2022-07-15 18:07:15','2022-07-15 18:07:15',2,NULL),(32355,7320,271,129,75758,40777,707,1,1,1,0.00,0.00,'2022-07-15 18:07:15','2022-07-15 18:07:15',2,NULL),(32356,7320,271,129,75758,40777,707,1,1,5,0.00,0.00,'2022-07-15 18:07:15','2022-07-15 18:07:15',2,NULL),(32357,7320,271,129,75758,40777,707,1,1,4,0.00,0.00,'2022-07-15 18:07:15','2022-07-15 18:07:15',2,NULL),(32358,7320,271,129,75758,40777,707,1,1,8,0.00,0.00,'2022-07-15 18:07:15','2022-07-15 18:07:15',2,NULL),(32359,7320,271,129,75758,40777,707,1,1,7,0.00,0.00,'2022-07-15 18:07:15','2022-07-15 18:07:15',3,NULL),(32360,7320,271,129,75758,40777,707,1,1,6,0.00,0.00,'2022-07-15 18:07:15','2022-07-15 18:07:15',3,NULL),(32361,7320,271,129,75758,40777,707,1,1,3,0.00,0.00,'2022-07-15 18:07:15','2022-07-15 18:07:15',4,NULL),(32362,7320,271,129,75758,40777,707,1,1,2,0.00,0.00,'2022-07-15 18:07:15','2022-07-15 18:07:15',4,NULL),(32363,7320,271,129,75758,40777,707,1,1,1,0.00,0.00,'2022-07-15 18:07:15','2022-07-15 18:07:15',4,NULL),(32364,7320,271,129,75758,40777,707,1,1,5,0.00,0.00,'2022-07-15 18:07:15','2022-07-15 18:07:15',4,NULL),(32365,7320,271,129,75758,40777,707,1,1,4,0.00,0.00,'2022-07-15 18:07:15','2022-07-15 18:07:15',4,NULL),(32366,7320,271,129,75758,40777,707,1,1,7,0.00,0.00,'2022-07-15 18:07:15','2022-07-15 18:07:15',4,NULL),(32367,7320,271,129,75758,40777,707,1,1,8,0.00,0.00,'2022-07-15 18:07:15','2022-07-15 18:07:15',4,NULL),(32368,7320,271,129,75758,40777,707,1,1,6,0.00,0.00,'2022-07-15 18:07:15','2022-07-15 18:07:15',4,NULL),(32369,7320,271,129,75758,40777,1,10,2,3,0.00,0.00,'2022-07-15 18:07:15','2022-07-15 18:07:15',5,NULL),(32370,7320,271,129,75758,40777,1,3,2,3,0.00,0.00,'2022-07-15 18:07:15','2022-07-15 18:07:15',5,NULL),(32371,7320,271,129,75758,40777,1,6,2,3,0.00,0.00,'2022-07-15 18:07:15','2022-07-15 18:07:15',5,NULL),(32372,7320,271,129,75758,40777,1,14,2,3,0.00,0.00,'2022-07-15 18:07:15','2022-07-15 18:07:15',5,NULL),(32373,7320,271,129,75758,40777,1,11,2,3,0.00,0.00,'2022-07-15 18:07:15','2022-07-15 18:07:15',5,NULL),(32374,7320,271,129,75758,40777,1,4,2,3,0.00,0.00,'2022-07-15 18:07:15','2022-07-15 18:07:15',5,NULL),(32375,7320,271,129,75758,40777,1,7,2,3,0.00,0.00,'2022-07-15 18:07:15','2022-07-15 18:07:15',5,NULL),(32376,7320,271,129,75758,40777,1,12,2,3,0.00,0.00,'2022-07-15 18:07:15','2022-07-15 18:07:15',5,NULL),(32377,7320,271,129,75758,40777,1,8,2,3,0.00,0.00,'2022-07-15 18:07:15','2022-07-15 18:07:15',5,NULL),(32378,7320,271,129,75758,40777,1,1,2,3,0.00,0.00,'2022-07-15 18:07:15','2022-07-15 18:07:15',5,NULL),(32379,7320,271,129,75758,40777,1,2,2,3,0.00,0.00,'2022-07-15 18:07:15','2022-07-15 18:07:15',5,NULL),(32380,7320,271,129,75758,40777,1,5,2,3,0.00,0.00,'2022-07-15 18:07:15','2022-07-15 18:07:15',5,NULL),(32381,7320,271,129,75758,40777,1,13,2,3,0.00,0.00,'2022-07-15 18:07:15','2022-07-15 18:07:15',5,NULL),(32382,7320,271,129,75758,40777,1,9,2,3,0.00,0.00,'2022-07-15 18:07:15','2022-07-15 18:07:15',5,NULL),(32383,7320,271,129,75758,40777,1,11,2,2,0.00,0.00,'2022-07-15 18:07:15','2022-07-15 18:07:15',5,NULL),(32384,7320,271,129,75758,40777,1,4,2,2,0.00,0.00,'2022-07-15 18:07:15','2022-07-15 18:07:15',5,NULL),(32385,7320,271,129,75758,40777,1,7,2,2,0.00,0.00,'2022-07-15 18:07:15','2022-07-15 18:07:15',5,NULL),(32386,7320,271,129,75758,40777,1,12,2,2,0.00,0.00,'2022-07-15 18:07:15','2022-07-15 18:07:15',5,NULL),(32387,7320,271,129,75758,40777,1,8,2,2,0.00,0.00,'2022-07-15 18:07:15','2022-07-15 18:07:15',5,NULL),(32388,7320,271,129,75758,40777,1,1,2,2,2396.69,503.30,'2022-07-15 18:07:15','2022-07-15 18:07:15',5,NULL),(32389,7320,271,129,75758,40777,1,2,2,2,0.00,0.00,'2022-07-15 18:07:15','2022-07-15 18:07:15',5,NULL),(32390,7320,271,129,75758,40777,1,5,2,2,0.00,0.00,'2022-07-15 18:07:15','2022-07-15 18:07:15',5,NULL),(32391,7320,271,129,75758,40777,1,13,2,2,0.00,0.00,'2022-07-15 18:07:15','2022-07-15 18:07:15',5,NULL);
INSERT INTO `period_liquidation_iva_details` VALUES (32392,7320,271,129,75758,40777,1,9,2,2,0.00,0.00,'2022-07-15 18:07:15','2022-07-15 18:07:15',5,NULL),(32393,7320,271,129,75758,40777,1,10,2,2,0.00,0.00,'2022-07-15 18:07:15','2022-07-15 18:07:15',5,NULL),(32394,7320,271,129,75758,40777,1,3,2,2,0.00,0.00,'2022-07-15 18:07:15','2022-07-15 18:07:15',5,NULL),(32395,7320,271,129,75758,40777,1,6,2,2,0.00,0.00,'2022-07-15 18:07:15','2022-07-15 18:07:15',5,NULL),(32396,7320,271,129,75758,40777,1,14,2,2,0.00,0.00,'2022-07-15 18:07:15','2022-07-15 18:07:15',5,NULL),(32397,7320,271,129,75758,40777,1,12,2,1,0.00,0.00,'2022-07-15 18:07:15','2022-07-15 18:07:15',5,NULL),(32398,7320,271,129,75758,40777,1,8,2,1,0.00,0.00,'2022-07-15 18:07:15','2022-07-15 18:07:15',5,NULL),(32399,7320,271,129,75758,40777,1,1,2,1,0.00,0.00,'2022-07-15 18:07:15','2022-07-15 18:07:15',5,NULL),(32400,7320,271,129,75758,40777,1,2,2,1,0.00,0.00,'2022-07-15 18:07:15','2022-07-15 18:07:15',5,NULL),(32401,7320,271,129,75758,40777,1,5,2,1,0.00,0.00,'2022-07-15 18:07:15','2022-07-15 18:07:15',5,NULL),(32402,7320,271,129,75758,40777,1,13,2,1,0.00,0.00,'2022-07-15 18:07:15','2022-07-15 18:07:15',5,NULL),(32403,7320,271,129,75758,40777,1,9,2,1,0.00,0.00,'2022-07-15 18:07:15','2022-07-15 18:07:15',5,NULL),(32404,7320,271,129,75758,40777,1,10,2,1,0.00,0.00,'2022-07-15 18:07:15','2022-07-15 18:07:15',5,NULL),(32405,7320,271,129,75758,40777,1,3,2,1,0.00,0.00,'2022-07-15 18:07:15','2022-07-15 18:07:15',5,NULL),(32406,7320,271,129,75758,40777,1,6,2,1,0.00,0.00,'2022-07-15 18:07:15','2022-07-15 18:07:15',5,NULL),(32407,7320,271,129,75758,40777,1,14,2,1,0.00,0.00,'2022-07-15 18:07:15','2022-07-15 18:07:15',5,NULL),(32408,7320,271,129,75758,40777,1,11,2,1,0.00,0.00,'2022-07-15 18:07:15','2022-07-15 18:07:15',5,NULL),(32409,7320,271,129,75758,40777,1,4,2,1,0.00,0.00,'2022-07-15 18:07:15','2022-07-15 18:07:15',5,NULL),(32410,7320,271,129,75758,40777,1,7,2,1,0.00,0.00,'2022-07-15 18:07:15','2022-07-15 18:07:15',5,NULL),(32411,7320,271,129,75758,40777,1,1,2,5,0.00,0.00,'2022-07-15 18:07:15','2022-07-15 18:07:15',5,NULL),(32412,7320,271,129,75758,40777,1,12,2,5,0.00,0.00,'2022-07-15 18:07:15','2022-07-15 18:07:15',5,NULL),(32413,7320,271,129,75758,40777,1,8,2,5,0.00,0.00,'2022-07-15 18:07:15','2022-07-15 18:07:15',5,NULL),(32414,7320,271,129,75758,40777,1,2,2,5,0.00,0.00,'2022-07-15 18:07:15','2022-07-15 18:07:15',5,NULL),(32415,7320,271,129,75758,40777,1,5,2,5,0.00,0.00,'2022-07-15 18:07:15','2022-07-15 18:07:15',5,NULL),(32416,7320,271,129,75758,40777,1,13,2,5,0.00,0.00,'2022-07-15 18:07:15','2022-07-15 18:07:15',5,NULL),(32417,7320,271,129,75758,40777,1,9,2,5,0.00,0.00,'2022-07-15 18:07:15','2022-07-15 18:07:15',5,NULL),(32418,7320,271,129,75758,40777,1,10,2,5,0.00,0.00,'2022-07-15 18:07:15','2022-07-15 18:07:15',5,NULL),(32419,7320,271,129,75758,40777,1,3,2,5,0.00,0.00,'2022-07-15 18:07:15','2022-07-15 18:07:15',5,NULL),(32420,7320,271,129,75758,40777,1,6,2,5,0.00,0.00,'2022-07-15 18:07:15','2022-07-15 18:07:15',5,NULL),(32421,7320,271,129,75758,40777,1,14,2,5,0.00,0.00,'2022-07-15 18:07:15','2022-07-15 18:07:15',5,NULL),(32422,7320,271,129,75758,40777,1,11,2,5,0.00,0.00,'2022-07-15 18:07:15','2022-07-15 18:07:15',5,NULL),(32423,7320,271,129,75758,40777,1,4,2,5,0.00,0.00,'2022-07-15 18:07:15','2022-07-15 18:07:15',5,NULL),(32424,7320,271,129,75758,40777,1,7,2,5,0.00,0.00,'2022-07-15 18:07:15','2022-07-15 18:07:15',5,NULL),(32425,7320,271,129,75758,40777,1,2,2,4,0.00,0.00,'2022-07-15 18:07:15','2022-07-15 18:07:15',5,NULL),(32426,7320,271,129,75758,40777,1,5,2,4,0.00,0.00,'2022-07-15 18:07:15','2022-07-15 18:07:15',5,NULL),(32427,7320,271,129,75758,40777,1,13,2,4,0.00,0.00,'2022-07-15 18:07:15','2022-07-15 18:07:15',5,NULL),(32428,7320,271,129,75758,40777,1,9,2,4,0.00,0.00,'2022-07-15 18:07:15','2022-07-15 18:07:15',5,NULL),(32429,7320,271,129,75758,40777,1,10,2,4,0.00,0.00,'2022-07-15 18:07:15','2022-07-15 18:07:15',5,NULL),(32430,7320,271,129,75758,40777,1,3,2,4,0.00,0.00,'2022-07-15 18:07:15','2022-07-15 18:07:15',5,NULL);
INSERT INTO `period_liquidation_iva_details` VALUES (32431,7320,271,129,75758,40777,1,6,2,4,0.00,0.00,'2022-07-15 18:07:15','2022-07-15 18:07:15',5,NULL),(32432,7320,271,129,75758,40777,1,14,2,4,0.00,0.00,'2022-07-15 18:07:15','2022-07-15 18:07:15',5,NULL),(32433,7320,271,129,75758,40777,1,11,2,4,0.00,0.00,'2022-07-15 18:07:15','2022-07-15 18:07:15',5,NULL),(32434,7320,271,129,75758,40777,1,4,2,4,0.00,0.00,'2022-07-15 18:07:15','2022-07-15 18:07:15',5,NULL),(32435,7320,271,129,75758,40777,1,7,2,4,0.00,0.00,'2022-07-15 18:07:15','2022-07-15 18:07:15',5,NULL),(32436,7320,271,129,75758,40777,1,12,2,4,0.00,0.00,'2022-07-15 18:07:15','2022-07-15 18:07:15',5,NULL),(32437,7320,271,129,75758,40777,1,8,2,4,0.00,0.00,'2022-07-15 18:07:15','2022-07-15 18:07:15',5,NULL),(32438,7320,271,129,75758,40777,1,1,2,4,0.00,0.00,'2022-07-15 18:07:15','2022-07-15 18:07:15',5,NULL),(32439,7320,271,129,75758,40777,1,9,2,7,0.00,0.00,'2022-07-15 18:07:15','2022-07-15 18:07:15',5,NULL),(32440,7320,271,129,75758,40777,1,2,2,7,0.00,0.00,'2022-07-15 18:07:15','2022-07-15 18:07:15',5,NULL),(32441,7320,271,129,75758,40777,1,5,2,7,0.00,0.00,'2022-07-15 18:07:15','2022-07-15 18:07:15',5,NULL),(32442,7320,271,129,75758,40777,1,13,2,7,0.00,0.00,'2022-07-15 18:07:15','2022-07-15 18:07:15',5,NULL),(32443,7320,271,129,75758,40777,1,1,2,8,0.00,0.00,'2022-07-15 18:07:15','2022-07-15 18:07:15',5,NULL),(32444,7320,271,129,75758,40777,1,12,2,8,0.00,0.00,'2022-07-15 18:07:15','2022-07-15 18:07:15',5,NULL),(32445,7320,271,129,75758,40777,1,8,2,8,0.00,0.00,'2022-07-15 18:07:15','2022-07-15 18:07:15',5,NULL),(32446,7320,271,129,75758,40777,1,11,2,6,0.00,0.00,'2022-07-15 18:07:15','2022-07-15 18:07:15',5,NULL),(32447,7320,271,129,75758,40777,1,4,2,6,0.00,0.00,'2022-07-15 18:07:15','2022-07-15 18:07:15',5,NULL),(32448,7320,271,129,75758,40777,1,7,2,6,0.00,0.00,'2022-07-15 18:07:15','2022-07-15 18:07:15',5,NULL),(32449,7320,271,129,75758,40777,1,10,2,7,0.00,0.00,'2022-07-15 18:07:15','2022-07-15 18:07:15',5,NULL),(32450,7320,271,129,75758,40777,1,3,2,7,0.00,0.00,'2022-07-15 18:07:15','2022-07-15 18:07:15',5,NULL),(32451,7320,271,129,75758,40777,1,6,2,7,0.00,0.00,'2022-07-15 18:07:15','2022-07-15 18:07:15',5,NULL),(32452,7320,271,129,75758,40777,1,14,2,7,0.00,0.00,'2022-07-15 18:07:15','2022-07-15 18:07:15',5,NULL),(32453,7320,271,129,75758,40777,1,9,2,8,0.00,0.00,'2022-07-15 18:07:15','2022-07-15 18:07:15',5,NULL),(32454,7320,271,129,75758,40777,1,2,2,8,0.00,0.00,'2022-07-15 18:07:15','2022-07-15 18:07:15',5,NULL),(32455,7320,271,129,75758,40777,1,5,2,8,0.00,0.00,'2022-07-15 18:07:15','2022-07-15 18:07:15',5,NULL),(32456,7320,271,129,75758,40777,1,13,2,8,0.00,0.00,'2022-07-15 18:07:15','2022-07-15 18:07:15',5,NULL),(32457,7320,271,129,75758,40777,1,1,2,6,0.00,0.00,'2022-07-15 18:07:15','2022-07-15 18:07:15',5,NULL),(32458,7320,271,129,75758,40777,1,12,2,6,0.00,0.00,'2022-07-15 18:07:15','2022-07-15 18:07:15',5,NULL),(32459,7320,271,129,75758,40777,1,8,2,6,0.00,0.00,'2022-07-15 18:07:15','2022-07-15 18:07:15',5,NULL),(32460,7320,271,129,75758,40777,1,11,2,7,0.00,0.00,'2022-07-15 18:07:15','2022-07-15 18:07:15',5,NULL),(32461,7320,271,129,75758,40777,1,4,2,7,0.00,0.00,'2022-07-15 18:07:15','2022-07-15 18:07:15',5,NULL),(32462,7320,271,129,75758,40777,1,7,2,7,0.00,0.00,'2022-07-15 18:07:15','2022-07-15 18:07:15',5,NULL),(32463,7320,271,129,75758,40777,1,10,2,8,0.00,0.00,'2022-07-15 18:07:15','2022-07-15 18:07:15',5,NULL),(32464,7320,271,129,75758,40777,1,3,2,8,0.00,0.00,'2022-07-15 18:07:15','2022-07-15 18:07:15',5,NULL),(32465,7320,271,129,75758,40777,1,6,2,8,0.00,0.00,'2022-07-15 18:07:15','2022-07-15 18:07:15',5,NULL),(32466,7320,271,129,75758,40777,1,14,2,8,0.00,0.00,'2022-07-15 18:07:15','2022-07-15 18:07:15',5,NULL),(32467,7320,271,129,75758,40777,1,2,2,6,0.00,0.00,'2022-07-15 18:07:15','2022-07-15 18:07:15',5,NULL),(32468,7320,271,129,75758,40777,1,5,2,6,0.00,0.00,'2022-07-15 18:07:15','2022-07-15 18:07:15',5,NULL),(32469,7320,271,129,75758,40777,1,13,2,6,0.00,0.00,'2022-07-15 18:07:15','2022-07-15 18:07:15',5,NULL);
INSERT INTO `period_liquidation_iva_details` VALUES (32470,7320,271,129,75758,40777,1,9,2,6,0.00,0.00,'2022-07-15 18:07:15','2022-07-15 18:07:15',5,NULL),(32471,7320,271,129,75758,40777,1,1,2,7,0.00,0.00,'2022-07-15 18:07:15','2022-07-15 18:07:15',5,NULL),(32472,7320,271,129,75758,40777,1,12,2,7,0.00,0.00,'2022-07-15 18:07:15','2022-07-15 18:07:15',5,NULL),(32473,7320,271,129,75758,40777,1,8,2,7,0.00,0.00,'2022-07-15 18:07:15','2022-07-15 18:07:15',5,NULL),(32474,7320,271,129,75758,40777,1,11,2,8,0.00,0.00,'2022-07-15 18:07:15','2022-07-15 18:07:15',5,NULL),(32475,7320,271,129,75758,40777,1,4,2,8,0.00,0.00,'2022-07-15 18:07:15','2022-07-15 18:07:15',5,NULL),(32476,7320,271,129,75758,40777,1,7,2,8,0.00,0.00,'2022-07-15 18:07:15','2022-07-15 18:07:15',5,NULL),(32477,7320,271,129,75758,40777,1,10,2,6,0.00,0.00,'2022-07-15 18:07:15','2022-07-15 18:07:15',5,NULL),(32478,7320,271,129,75758,40777,1,3,2,6,0.00,0.00,'2022-07-15 18:07:15','2022-07-15 18:07:15',5,NULL),(32479,7320,271,129,75758,40777,1,6,2,6,0.00,0.00,'2022-07-15 18:07:15','2022-07-15 18:07:15',5,NULL),(32480,7320,271,129,75758,40777,1,14,2,6,0.00,0.00,'2022-07-15 18:07:15','2022-07-15 18:07:15',5,NULL),(32481,7320,271,129,75758,40777,1,1,2,3,0.00,0.00,'2022-07-15 18:07:15','2022-07-15 18:07:15',6,NULL),(32482,7320,271,129,75758,40777,1,4,2,3,0.00,0.00,'2022-07-15 18:07:15','2022-07-15 18:07:15',6,NULL),(32483,7320,271,129,75758,40777,1,7,2,3,0.00,0.00,'2022-07-15 18:07:15','2022-07-15 18:07:15',6,NULL),(32484,7320,271,129,75758,40777,1,10,2,3,0.00,0.00,'2022-07-15 18:07:15','2022-07-15 18:07:15',6,NULL),(32485,7320,271,129,75758,40777,1,13,2,3,0.00,0.00,'2022-07-15 18:07:15','2022-07-15 18:07:15',6,NULL),(32486,7320,271,129,75758,40777,1,3,2,3,0.00,0.00,'2022-07-15 18:07:15','2022-07-15 18:07:15',6,NULL),(32487,7320,271,129,75758,40777,1,6,2,3,0.00,0.00,'2022-07-15 18:07:15','2022-07-15 18:07:15',6,NULL),(32488,7320,271,129,75758,40777,1,9,2,3,0.00,0.00,'2022-07-15 18:07:15','2022-07-15 18:07:15',6,NULL),(32489,7320,271,129,75758,40777,1,12,2,3,0.00,0.00,'2022-07-15 18:07:15','2022-07-15 18:07:15',6,NULL),(32490,7320,271,129,75758,40777,1,2,2,3,0.00,0.00,'2022-07-15 18:07:15','2022-07-15 18:07:15',6,NULL),(32491,7320,271,129,75758,40777,1,5,2,3,0.00,0.00,'2022-07-15 18:07:15','2022-07-15 18:07:15',6,NULL),(32492,7320,271,129,75758,40777,1,8,2,3,0.00,0.00,'2022-07-15 18:07:15','2022-07-15 18:07:15',6,NULL),(32493,7320,271,129,75758,40777,1,11,2,3,0.00,0.00,'2022-07-15 18:07:15','2022-07-15 18:07:15',6,NULL),(32494,7320,271,129,75758,40777,1,14,2,3,0.00,0.00,'2022-07-15 18:07:15','2022-07-15 18:07:15',6,NULL),(32495,7320,271,129,75758,40777,1,3,2,2,0.00,0.00,'2022-07-15 18:07:15','2022-07-15 18:07:15',6,NULL),(32496,7320,271,129,75758,40777,1,6,2,2,0.00,0.00,'2022-07-15 18:07:15','2022-07-15 18:07:15',6,NULL),(32497,7320,271,129,75758,40777,1,9,2,2,0.00,0.00,'2022-07-15 18:07:15','2022-07-15 18:07:15',6,NULL),(32498,7320,271,129,75758,40777,1,12,2,2,0.00,0.00,'2022-07-15 18:07:15','2022-07-15 18:07:15',6,NULL),(32499,7320,271,129,75758,40777,1,2,2,2,0.00,0.00,'2022-07-15 18:07:15','2022-07-15 18:07:15',6,NULL),(32500,7320,271,129,75758,40777,1,5,2,2,0.00,0.00,'2022-07-15 18:07:15','2022-07-15 18:07:15',6,NULL),(32501,7320,271,129,75758,40777,1,8,2,2,0.00,0.00,'2022-07-15 18:07:15','2022-07-15 18:07:15',6,NULL),(32502,7320,271,129,75758,40777,1,11,2,2,0.00,0.00,'2022-07-15 18:07:15','2022-07-15 18:07:15',6,NULL),(32503,7320,271,129,75758,40777,1,14,2,2,0.00,0.00,'2022-07-15 18:07:15','2022-07-15 18:07:15',6,NULL),(32504,7320,271,129,75758,40777,1,1,2,2,0.00,0.00,'2022-07-15 18:07:15','2022-07-15 18:07:15',6,NULL),(32505,7320,271,129,75758,40777,1,4,2,2,0.00,0.00,'2022-07-15 18:07:15','2022-07-15 18:07:15',6,NULL),(32506,7320,271,129,75758,40777,1,7,2,2,0.00,0.00,'2022-07-15 18:07:15','2022-07-15 18:07:15',6,NULL),(32507,7320,271,129,75758,40777,1,10,2,2,0.00,0.00,'2022-07-15 18:07:15','2022-07-15 18:07:15',6,NULL),(32508,7320,271,129,75758,40777,1,13,2,2,0.00,0.00,'2022-07-15 18:07:15','2022-07-15 18:07:15',6,NULL);
INSERT INTO `period_liquidation_iva_details` VALUES (32509,7320,271,129,75758,40777,1,12,2,1,0.00,0.00,'2022-07-15 18:07:15','2022-07-15 18:07:15',6,NULL),(32510,7320,271,129,75758,40777,1,2,2,1,0.00,0.00,'2022-07-15 18:07:15','2022-07-15 18:07:15',6,NULL),(32511,7320,271,129,75758,40777,1,5,2,1,0.00,0.00,'2022-07-15 18:07:15','2022-07-15 18:07:15',6,NULL),(32512,7320,271,129,75758,40777,1,8,2,1,0.00,0.00,'2022-07-15 18:07:15','2022-07-15 18:07:15',6,NULL),(32513,7320,271,129,75758,40777,1,11,2,1,0.00,0.00,'2022-07-15 18:07:15','2022-07-15 18:07:15',6,NULL),(32514,7320,271,129,75758,40777,1,14,2,1,0.00,0.00,'2022-07-15 18:07:15','2022-07-15 18:07:15',6,NULL),(32515,7320,271,129,75758,40777,1,1,2,1,0.00,0.00,'2022-07-15 18:07:15','2022-07-15 18:07:15',6,NULL),(32516,7320,271,129,75758,40777,1,4,2,1,0.00,0.00,'2022-07-15 18:07:15','2022-07-15 18:07:15',6,NULL),(32517,7320,271,129,75758,40777,1,7,2,1,0.00,0.00,'2022-07-15 18:07:15','2022-07-15 18:07:15',6,NULL),(32518,7320,271,129,75758,40777,1,10,2,1,0.00,0.00,'2022-07-15 18:07:15','2022-07-15 18:07:15',6,NULL),(32519,7320,271,129,75758,40777,1,13,2,1,0.00,0.00,'2022-07-15 18:07:15','2022-07-15 18:07:15',6,NULL),(32520,7320,271,129,75758,40777,1,3,2,1,0.00,0.00,'2022-07-15 18:07:15','2022-07-15 18:07:15',6,NULL),(32521,7320,271,129,75758,40777,1,6,2,1,0.00,0.00,'2022-07-15 18:07:15','2022-07-15 18:07:15',6,NULL),(32522,7320,271,129,75758,40777,1,9,2,1,0.00,0.00,'2022-07-15 18:07:15','2022-07-15 18:07:15',6,NULL),(32523,7320,271,129,75758,40777,1,6,2,5,0.00,0.00,'2022-07-15 18:07:15','2022-07-15 18:07:15',6,NULL),(32524,7320,271,129,75758,40777,1,9,2,5,0.00,0.00,'2022-07-15 18:07:15','2022-07-15 18:07:15',6,NULL),(32525,7320,271,129,75758,40777,1,12,2,5,0.00,0.00,'2022-07-15 18:07:15','2022-07-15 18:07:15',6,NULL),(32526,7320,271,129,75758,40777,1,2,2,5,0.00,0.00,'2022-07-15 18:07:15','2022-07-15 18:07:15',6,NULL),(32527,7320,271,129,75758,40777,1,5,2,5,0.00,0.00,'2022-07-15 18:07:15','2022-07-15 18:07:15',6,NULL),(32528,7320,271,129,75758,40777,1,8,2,5,0.00,0.00,'2022-07-15 18:07:15','2022-07-15 18:07:15',6,NULL),(32529,7320,271,129,75758,40777,1,11,2,5,0.00,0.00,'2022-07-15 18:07:15','2022-07-15 18:07:15',6,NULL),(32530,7320,271,129,75758,40777,1,14,2,5,0.00,0.00,'2022-07-15 18:07:15','2022-07-15 18:07:15',6,NULL),(32531,7320,271,129,75758,40777,1,1,2,5,0.00,0.00,'2022-07-15 18:07:15','2022-07-15 18:07:15',6,NULL),(32532,7320,271,129,75758,40777,1,4,2,5,0.00,0.00,'2022-07-15 18:07:15','2022-07-15 18:07:15',6,NULL),(32533,7320,271,129,75758,40777,1,7,2,5,0.00,0.00,'2022-07-15 18:07:15','2022-07-15 18:07:15',6,NULL),(32534,7320,271,129,75758,40777,1,10,2,5,0.00,0.00,'2022-07-15 18:07:15','2022-07-15 18:07:15',6,NULL),(32535,7320,271,129,75758,40777,1,13,2,5,0.00,0.00,'2022-07-15 18:07:15','2022-07-15 18:07:15',6,NULL),(32536,7320,271,129,75758,40777,1,3,2,5,0.00,0.00,'2022-07-15 18:07:15','2022-07-15 18:07:15',6,NULL),(32537,7320,271,129,75758,40777,1,5,2,4,0.00,0.00,'2022-07-15 18:07:15','2022-07-15 18:07:15',6,NULL),(32538,7320,271,129,75758,40777,1,8,2,4,0.00,0.00,'2022-07-15 18:07:15','2022-07-15 18:07:15',6,NULL),(32539,7320,271,129,75758,40777,1,11,2,4,0.00,0.00,'2022-07-15 18:07:15','2022-07-15 18:07:15',6,NULL),(32540,7320,271,129,75758,40777,1,14,2,4,0.00,0.00,'2022-07-15 18:07:15','2022-07-15 18:07:15',6,NULL),(32541,7320,271,129,75758,40777,1,1,2,4,0.00,0.00,'2022-07-15 18:07:15','2022-07-15 18:07:15',6,NULL),(32542,7320,271,129,75758,40777,1,4,2,4,0.00,0.00,'2022-07-15 18:07:15','2022-07-15 18:07:15',6,NULL),(32543,7320,271,129,75758,40777,1,7,2,4,0.00,0.00,'2022-07-15 18:07:15','2022-07-15 18:07:15',6,NULL),(32544,7320,271,129,75758,40777,1,10,2,4,0.00,0.00,'2022-07-15 18:07:15','2022-07-15 18:07:15',6,NULL),(32545,7320,271,129,75758,40777,1,13,2,4,0.00,0.00,'2022-07-15 18:07:15','2022-07-15 18:07:15',6,NULL),(32546,7320,271,129,75758,40777,1,3,2,4,0.00,0.00,'2022-07-15 18:07:15','2022-07-15 18:07:15',6,NULL),(32547,7320,271,129,75758,40777,1,6,2,4,0.00,0.00,'2022-07-15 18:07:15','2022-07-15 18:07:15',6,NULL);
INSERT INTO `period_liquidation_iva_details` VALUES (32548,7320,271,129,75758,40777,1,9,2,4,0.00,0.00,'2022-07-15 18:07:15','2022-07-15 18:07:15',6,NULL),(32549,7320,271,129,75758,40777,1,12,2,4,0.00,0.00,'2022-07-15 18:07:15','2022-07-15 18:07:15',6,NULL),(32550,7320,271,129,75758,40777,1,2,2,4,0.00,0.00,'2022-07-15 18:07:15','2022-07-15 18:07:15',6,NULL),(32551,7320,271,129,75758,40777,1,10,2,8,0.00,0.00,'2022-07-15 18:07:15','2022-07-15 18:07:15',6,NULL),(32552,7320,271,129,75758,40777,1,13,2,8,0.00,0.00,'2022-07-15 18:07:15','2022-07-15 18:07:15',6,NULL),(32553,7320,271,129,75758,40777,1,3,2,8,0.00,0.00,'2022-07-15 18:07:15','2022-07-15 18:07:15',6,NULL),(32554,7320,271,129,75758,40777,1,6,2,8,0.00,0.00,'2022-07-15 18:07:15','2022-07-15 18:07:15',6,NULL),(32555,7320,271,129,75758,40777,1,9,2,8,0.00,0.00,'2022-07-15 18:07:15','2022-07-15 18:07:15',6,NULL),(32556,7320,271,129,75758,40777,1,12,2,8,0.00,0.00,'2022-07-15 18:07:15','2022-07-15 18:07:15',6,NULL),(32557,7320,271,129,75758,40777,1,2,2,8,0.00,0.00,'2022-07-15 18:07:15','2022-07-15 18:07:15',6,NULL),(32558,7320,271,129,75758,40777,1,5,2,8,0.00,0.00,'2022-07-15 18:07:15','2022-07-15 18:07:15',6,NULL),(32559,7320,271,129,75758,40777,1,8,2,8,0.00,0.00,'2022-07-15 18:07:15','2022-07-15 18:07:15',6,NULL),(32560,7320,271,129,75758,40777,1,11,2,8,0.00,0.00,'2022-07-15 18:07:15','2022-07-15 18:07:15',6,NULL),(32561,7320,271,129,75758,40777,1,14,2,8,0.00,0.00,'2022-07-15 18:07:15','2022-07-15 18:07:15',6,NULL),(32562,7320,271,129,75758,40777,1,1,2,8,0.00,0.00,'2022-07-15 18:07:15','2022-07-15 18:07:15',6,NULL),(32563,7320,271,129,75758,40777,1,4,2,8,0.00,0.00,'2022-07-15 18:07:15','2022-07-15 18:07:15',6,NULL),(32564,7320,271,129,75758,40777,1,7,2,8,0.00,0.00,'2022-07-15 18:07:15','2022-07-15 18:07:15',6,NULL),(32565,7320,271,129,75758,40777,1,12,2,6,0.00,0.00,'2022-07-15 18:07:15','2022-07-15 18:07:15',7,NULL),(32566,7320,271,129,75758,40777,1,8,2,7,0.00,0.00,'2022-07-15 18:07:15','2022-07-15 18:07:15',7,NULL),(32567,7320,271,129,75758,40777,1,5,2,6,0.00,0.00,'2022-07-15 18:07:15','2022-07-15 18:07:15',7,NULL),(32568,7320,271,129,75758,40777,1,1,2,7,0.00,0.00,'2022-07-15 18:07:15','2022-07-15 18:07:15',7,NULL),(32569,7320,271,129,75758,40777,1,14,2,6,0.00,0.00,'2022-07-15 18:07:15','2022-07-15 18:07:15',7,NULL),(32570,7320,271,129,75758,40777,1,10,2,7,0.00,0.00,'2022-07-15 18:07:15','2022-07-15 18:07:15',7,NULL),(32571,7320,271,129,75758,40777,1,7,2,6,0.00,0.00,'2022-07-15 18:07:15','2022-07-15 18:07:15',7,NULL),(32572,7320,271,129,75758,40777,1,3,2,7,0.00,0.00,'2022-07-15 18:07:15','2022-07-15 18:07:15',7,NULL),(32573,7320,271,129,75758,40777,1,12,2,7,0.00,0.00,'2022-07-15 18:07:15','2022-07-15 18:07:15',7,NULL),(32574,7320,271,129,75758,40777,1,9,2,6,0.00,0.00,'2022-07-15 18:07:15','2022-07-15 18:07:15',7,NULL),(32575,7320,271,129,75758,40777,1,5,2,7,0.00,0.00,'2022-07-15 18:07:15','2022-07-15 18:07:15',7,NULL),(32576,7320,271,129,75758,40777,1,2,2,6,0.00,0.00,'2022-07-15 18:07:15','2022-07-15 18:07:15',7,NULL),(32577,7320,271,129,75758,40777,1,14,2,7,0.00,0.00,'2022-07-15 18:07:15','2022-07-15 18:07:15',7,NULL),(32578,7320,271,129,75758,40777,1,11,2,6,0.00,0.00,'2022-07-15 18:07:15','2022-07-15 18:07:15',7,NULL),(32579,7320,271,129,75758,40777,1,7,2,7,0.00,0.00,'2022-07-15 18:07:15','2022-07-15 18:07:15',7,NULL),(32580,7320,271,129,75758,40777,1,4,2,6,0.00,0.00,'2022-07-15 18:07:15','2022-07-15 18:07:15',7,NULL),(32581,7320,271,129,75758,40777,1,13,2,6,0.00,0.00,'2022-07-15 18:07:15','2022-07-15 18:07:15',7,NULL),(32582,7320,271,129,75758,40777,1,9,2,7,0.00,0.00,'2022-07-15 18:07:15','2022-07-15 18:07:15',7,NULL),(32583,7320,271,129,75758,40777,1,6,2,6,0.00,0.00,'2022-07-15 18:07:15','2022-07-15 18:07:15',7,NULL),(32584,7320,271,129,75758,40777,1,2,2,7,0.00,0.00,'2022-07-15 18:07:15','2022-07-15 18:07:15',7,NULL),(32585,7320,271,129,75758,40777,1,11,2,7,0.00,0.00,'2022-07-15 18:07:15','2022-07-15 18:07:15',7,NULL),(32586,7320,271,129,75758,40777,1,8,2,6,0.00,0.00,'2022-07-15 18:07:15','2022-07-15 18:07:15',7,NULL);
INSERT INTO `period_liquidation_iva_details` VALUES (32587,7320,271,129,75758,40777,1,4,2,7,0.00,0.00,'2022-07-15 18:07:15','2022-07-15 18:07:15',7,NULL),(32588,7320,271,129,75758,40777,1,1,2,6,0.00,0.00,'2022-07-15 18:07:15','2022-07-15 18:07:15',7,NULL),(32589,7320,271,129,75758,40777,1,13,2,7,0.00,0.00,'2022-07-15 18:07:15','2022-07-15 18:07:15',7,NULL),(32590,7320,271,129,75758,40777,1,10,2,6,0.00,0.00,'2022-07-15 18:07:15','2022-07-15 18:07:15',7,NULL),(32591,7320,271,129,75758,40777,1,6,2,7,0.00,0.00,'2022-07-15 18:07:15','2022-07-15 18:07:15',7,NULL),(32592,7320,271,129,75758,40777,1,3,2,6,0.00,0.00,'2022-07-15 18:07:15','2022-07-15 18:07:15',7,NULL),(32883,7308,276,131,33337,40745,550,1,1,3,0.00,0.00,'2022-07-15 18:12:11','2022-07-15 18:12:11',1,NULL),(32884,7308,276,131,33337,40745,520,1,1,3,0.00,0.00,'2022-07-15 18:12:11','2022-07-15 18:12:11',1,NULL),(32885,7308,276,131,33337,40745,502,1,1,3,0.00,0.00,'2022-07-15 18:12:11','2022-07-15 18:12:11',1,NULL),(32886,7308,276,131,33337,40745,520,1,1,2,0.00,0.00,'2022-07-15 18:12:11','2022-07-15 18:12:11',1,NULL),(32887,7308,276,131,33337,40745,502,1,1,2,0.00,0.00,'2022-07-15 18:12:11','2022-07-15 18:12:11',1,NULL),(32888,7308,276,131,33337,40745,550,1,1,2,0.00,0.00,'2022-07-15 18:12:11','2022-07-15 18:12:11',1,NULL),(32889,7308,276,131,33337,40745,520,1,1,1,0.00,0.00,'2022-07-15 18:12:11','2022-07-15 18:12:11',1,NULL),(32890,7308,276,131,33337,40745,502,1,1,1,0.00,0.00,'2022-07-15 18:12:11','2022-07-15 18:12:11',1,NULL),(32891,7308,276,131,33337,40745,550,1,1,1,0.00,0.00,'2022-07-15 18:12:11','2022-07-15 18:12:11',1,NULL),(32892,7308,276,131,33337,40745,520,1,1,5,0.00,0.00,'2022-07-15 18:12:11','2022-07-15 18:12:11',1,NULL),(32893,7308,276,131,33337,40745,502,1,1,5,0.00,0.00,'2022-07-15 18:12:11','2022-07-15 18:12:11',1,NULL),(32894,7308,276,131,33337,40745,550,1,1,5,0.00,0.00,'2022-07-15 18:12:11','2022-07-15 18:12:11',1,NULL),(32895,7308,276,131,33337,40745,502,1,1,4,0.00,0.00,'2022-07-15 18:12:11','2022-07-15 18:12:11',1,NULL),(32896,7308,276,131,33337,40745,550,1,1,4,0.00,0.00,'2022-07-15 18:12:11','2022-07-15 18:12:11',1,NULL),(32897,7308,276,131,33337,40745,520,1,1,4,0.00,0.00,'2022-07-15 18:12:11','2022-07-15 18:12:11',1,NULL),(32898,7308,276,131,33337,40745,550,1,1,8,0.00,0.00,'2022-07-15 18:12:11','2022-07-15 18:12:11',1,NULL),(32899,7308,276,131,33337,40745,520,1,1,8,0.00,0.00,'2022-07-15 18:12:11','2022-07-15 18:12:11',1,NULL),(32900,7308,276,131,33337,40745,502,1,1,8,0.00,0.00,'2022-07-15 18:12:11','2022-07-15 18:12:11',1,NULL),(32901,7308,276,131,33337,40745,550,1,1,3,0.00,0.00,'2022-07-15 18:12:11','2022-07-15 18:12:11',2,NULL),(32902,7308,276,131,33337,40745,520,1,1,3,0.00,0.00,'2022-07-15 18:12:11','2022-07-15 18:12:11',2,NULL),(32903,7308,276,131,33337,40745,502,1,1,3,0.00,0.00,'2022-07-15 18:12:11','2022-07-15 18:12:11',2,NULL),(32904,7308,276,131,33337,40745,550,1,1,2,0.00,0.00,'2022-07-15 18:12:11','2022-07-15 18:12:11',2,NULL),(32905,7308,276,131,33337,40745,520,1,1,2,0.00,0.00,'2022-07-15 18:12:11','2022-07-15 18:12:11',2,NULL),(32906,7308,276,131,33337,40745,502,1,1,2,0.00,0.00,'2022-07-15 18:12:11','2022-07-15 18:12:11',2,NULL),(32907,7308,276,131,33337,40745,520,1,1,1,0.00,0.00,'2022-07-15 18:12:11','2022-07-15 18:12:11',2,NULL),(32908,7308,276,131,33337,40745,502,1,1,1,0.00,0.00,'2022-07-15 18:12:11','2022-07-15 18:12:11',2,NULL),(32909,7308,276,131,33337,40745,550,1,1,1,0.00,0.00,'2022-07-15 18:12:11','2022-07-15 18:12:11',2,NULL),(32910,7308,276,131,33337,40745,520,1,1,5,0.00,0.00,'2022-07-15 18:12:11','2022-07-15 18:12:11',2,NULL),(32911,7308,276,131,33337,40745,502,1,1,5,0.00,0.00,'2022-07-15 18:12:11','2022-07-15 18:12:11',2,NULL),(32912,7308,276,131,33337,40745,550,1,1,5,0.00,0.00,'2022-07-15 18:12:11','2022-07-15 18:12:11',2,NULL),(32913,7308,276,131,33337,40745,502,1,1,4,0.00,0.00,'2022-07-15 18:12:11','2022-07-15 18:12:11',2,NULL),(32914,7308,276,131,33337,40745,550,1,1,4,0.00,0.00,'2022-07-15 18:12:11','2022-07-15 18:12:11',2,NULL);
INSERT INTO `period_liquidation_iva_details` VALUES (32915,7308,276,131,33337,40745,520,1,1,4,0.00,0.00,'2022-07-15 18:12:11','2022-07-15 18:12:11',2,NULL),(32916,7308,276,131,33337,40745,550,1,1,8,0.00,0.00,'2022-07-15 18:12:11','2022-07-15 18:12:11',2,NULL),(32917,7308,276,131,33337,40745,520,1,1,8,0.00,0.00,'2022-07-15 18:12:11','2022-07-15 18:12:11',2,NULL),(32918,7308,276,131,33337,40745,502,1,1,8,0.00,0.00,'2022-07-15 18:12:11','2022-07-15 18:12:11',2,NULL),(32919,7308,276,131,33337,40745,520,1,1,6,0.00,0.00,'2022-07-15 18:12:11','2022-07-15 18:12:11',3,NULL),(32920,7308,276,131,33337,40745,520,1,1,7,0.00,0.00,'2022-07-15 18:12:11','2022-07-15 18:12:11',3,NULL),(32921,7308,276,131,33337,40745,502,1,1,6,0.00,0.00,'2022-07-15 18:12:11','2022-07-15 18:12:11',3,NULL),(32922,7308,276,131,33337,40745,550,1,1,6,0.00,0.00,'2022-07-15 18:12:11','2022-07-15 18:12:11',3,NULL),(32923,7308,276,131,33337,40745,502,1,1,7,0.00,0.00,'2022-07-15 18:12:11','2022-07-15 18:12:11',3,NULL),(32924,7308,276,131,33337,40745,550,1,1,7,0.00,0.00,'2022-07-15 18:12:11','2022-07-15 18:12:11',3,NULL),(32925,7308,276,131,33337,40745,550,1,1,3,0.00,0.00,'2022-07-15 18:12:11','2022-07-15 18:12:11',4,NULL),(32926,7308,276,131,33337,40745,502,1,1,3,0.00,0.00,'2022-07-15 18:12:11','2022-07-15 18:12:11',4,NULL),(32927,7308,276,131,33337,40745,520,1,1,3,0.00,0.00,'2022-07-15 18:12:11','2022-07-15 18:12:11',4,NULL),(32928,7308,276,131,33337,40745,502,1,1,2,0.00,0.00,'2022-07-15 18:12:11','2022-07-15 18:12:11',4,NULL),(32929,7308,276,131,33337,40745,520,1,1,2,0.00,0.00,'2022-07-15 18:12:11','2022-07-15 18:12:11',4,NULL),(32930,7308,276,131,33337,40745,550,1,1,2,0.00,0.00,'2022-07-15 18:12:11','2022-07-15 18:12:11',4,NULL),(32931,7308,276,131,33337,40745,502,1,1,1,0.00,0.00,'2022-07-15 18:12:11','2022-07-15 18:12:11',4,NULL),(32932,7308,276,131,33337,40745,520,1,1,1,0.00,0.00,'2022-07-15 18:12:11','2022-07-15 18:12:11',4,NULL),(32933,7308,276,131,33337,40745,550,1,1,1,0.00,0.00,'2022-07-15 18:12:11','2022-07-15 18:12:11',4,NULL),(32934,7308,276,131,33337,40745,502,1,1,5,0.00,0.00,'2022-07-15 18:12:11','2022-07-15 18:12:11',4,NULL),(32935,7308,276,131,33337,40745,520,1,1,5,0.00,0.00,'2022-07-15 18:12:11','2022-07-15 18:12:11',4,NULL),(32936,7308,276,131,33337,40745,550,1,1,5,0.00,0.00,'2022-07-15 18:12:11','2022-07-15 18:12:11',4,NULL),(32937,7308,276,131,33337,40745,520,1,1,4,0.00,0.00,'2022-07-15 18:12:11','2022-07-15 18:12:11',4,NULL),(32938,7308,276,131,33337,40745,550,1,1,4,0.00,0.00,'2022-07-15 18:12:11','2022-07-15 18:12:11',4,NULL),(32939,7308,276,131,33337,40745,502,1,1,4,0.00,0.00,'2022-07-15 18:12:11','2022-07-15 18:12:11',4,NULL),(32940,7308,276,131,33337,40745,550,1,1,6,0.00,0.00,'2022-07-15 18:12:11','2022-07-15 18:12:11',4,NULL),(32941,7308,276,131,33337,40745,520,1,1,7,0.00,0.00,'2022-07-15 18:12:11','2022-07-15 18:12:11',4,NULL),(32942,7308,276,131,33337,40745,502,1,1,8,0.00,0.00,'2022-07-15 18:12:11','2022-07-15 18:12:11',4,NULL),(32943,7308,276,131,33337,40745,550,1,1,7,0.00,0.00,'2022-07-15 18:12:11','2022-07-15 18:12:11',4,NULL),(32944,7308,276,131,33337,40745,520,1,1,8,0.00,0.00,'2022-07-15 18:12:11','2022-07-15 18:12:11',4,NULL),(32945,7308,276,131,33337,40745,502,1,1,6,0.00,0.00,'2022-07-15 18:12:11','2022-07-15 18:12:11',4,NULL),(32946,7308,276,131,33337,40745,550,1,1,8,0.00,0.00,'2022-07-15 18:12:11','2022-07-15 18:12:11',4,NULL),(32947,7308,276,131,33337,40745,520,1,1,6,0.00,0.00,'2022-07-15 18:12:11','2022-07-15 18:12:11',4,NULL),(32948,7308,276,131,33337,40745,502,1,1,7,0.00,0.00,'2022-07-15 18:12:11','2022-07-15 18:12:11',4,NULL),(32949,7308,276,131,33337,40745,1,3,2,3,0.00,0.00,'2022-07-15 18:12:11','2022-07-15 18:12:11',5,NULL),(32950,7308,276,131,33337,40745,1,10,2,3,0.00,0.00,'2022-07-15 18:12:11','2022-07-15 18:12:11',5,NULL),(32951,7308,276,131,33337,40745,1,6,2,3,0.00,0.00,'2022-07-15 18:12:11','2022-07-15 18:12:11',5,NULL),(32952,7308,276,131,33337,40745,1,14,2,3,0.00,0.00,'2022-07-15 18:12:11','2022-07-15 18:12:11',5,NULL);
INSERT INTO `period_liquidation_iva_details` VALUES (32953,7308,276,131,33337,40745,1,4,2,3,0.00,0.00,'2022-07-15 18:12:11','2022-07-15 18:12:11',5,NULL),(32954,7308,276,131,33337,40745,1,11,2,3,0.00,0.00,'2022-07-15 18:12:11','2022-07-15 18:12:11',5,NULL),(32955,7308,276,131,33337,40745,1,7,2,3,0.00,0.00,'2022-07-15 18:12:11','2022-07-15 18:12:11',5,NULL),(32956,7308,276,131,33337,40745,1,1,2,3,0.00,0.00,'2022-07-15 18:12:11','2022-07-15 18:12:11',5,NULL),(32957,7308,276,131,33337,40745,1,8,2,3,0.00,0.00,'2022-07-15 18:12:11','2022-07-15 18:12:11',5,NULL),(32958,7308,276,131,33337,40745,1,12,2,3,0.00,0.00,'2022-07-15 18:12:11','2022-07-15 18:12:11',5,NULL),(32959,7308,276,131,33337,40745,1,2,2,3,0.00,0.00,'2022-07-15 18:12:11','2022-07-15 18:12:11',5,NULL),(32960,7308,276,131,33337,40745,1,9,2,3,0.00,0.00,'2022-07-15 18:12:11','2022-07-15 18:12:11',5,NULL),(32961,7308,276,131,33337,40745,1,5,2,3,0.00,0.00,'2022-07-15 18:12:11','2022-07-15 18:12:11',5,NULL),(32962,7308,276,131,33337,40745,1,13,2,3,0.00,0.00,'2022-07-15 18:12:11','2022-07-15 18:12:11',5,NULL),(32963,7308,276,131,33337,40745,1,11,2,2,0.00,0.00,'2022-07-15 18:12:11','2022-07-15 18:12:11',5,NULL),(32964,7308,276,131,33337,40745,1,7,2,2,0.00,0.00,'2022-07-15 18:12:11','2022-07-15 18:12:11',5,NULL),(32965,7308,276,131,33337,40745,1,1,2,2,0.00,0.00,'2022-07-15 18:12:11','2022-07-15 18:12:11',5,NULL),(32966,7308,276,131,33337,40745,1,8,2,2,0.00,0.00,'2022-07-15 18:12:11','2022-07-15 18:12:11',5,NULL),(32967,7308,276,131,33337,40745,1,12,2,2,0.00,0.00,'2022-07-15 18:12:11','2022-07-15 18:12:11',5,NULL),(32968,7308,276,131,33337,40745,1,2,2,2,0.00,0.00,'2022-07-15 18:12:11','2022-07-15 18:12:11',5,NULL),(32969,7308,276,131,33337,40745,1,9,2,2,0.00,0.00,'2022-07-15 18:12:11','2022-07-15 18:12:11',5,NULL),(32970,7308,276,131,33337,40745,1,5,2,2,0.00,0.00,'2022-07-15 18:12:11','2022-07-15 18:12:11',5,NULL),(32971,7308,276,131,33337,40745,1,13,2,2,0.00,0.00,'2022-07-15 18:12:11','2022-07-15 18:12:11',5,NULL),(32972,7308,276,131,33337,40745,1,3,2,2,0.00,0.00,'2022-07-15 18:12:11','2022-07-15 18:12:11',5,NULL),(32973,7308,276,131,33337,40745,1,10,2,2,0.00,0.00,'2022-07-15 18:12:11','2022-07-15 18:12:11',5,NULL),(32974,7308,276,131,33337,40745,1,6,2,2,0.00,0.00,'2022-07-15 18:12:11','2022-07-15 18:12:11',5,NULL),(32975,7308,276,131,33337,40745,1,14,2,2,0.00,0.00,'2022-07-15 18:12:11','2022-07-15 18:12:11',5,NULL),(32976,7308,276,131,33337,40745,1,4,2,2,0.00,0.00,'2022-07-15 18:12:11','2022-07-15 18:12:11',5,NULL),(32977,7308,276,131,33337,40745,1,8,2,1,0.00,0.00,'2022-07-15 18:12:11','2022-07-15 18:12:11',5,NULL),(32978,7308,276,131,33337,40745,1,12,2,1,0.00,0.00,'2022-07-15 18:12:11','2022-07-15 18:12:11',5,NULL),(32979,7308,276,131,33337,40745,1,2,2,1,0.00,0.00,'2022-07-15 18:12:11','2022-07-15 18:12:11',5,NULL),(32980,7308,276,131,33337,40745,1,9,2,1,0.00,0.00,'2022-07-15 18:12:11','2022-07-15 18:12:11',5,NULL),(32981,7308,276,131,33337,40745,1,5,2,1,0.00,0.00,'2022-07-15 18:12:11','2022-07-15 18:12:11',5,NULL),(32982,7308,276,131,33337,40745,1,13,2,1,0.00,0.00,'2022-07-15 18:12:11','2022-07-15 18:12:11',5,NULL),(32983,7308,276,131,33337,40745,1,3,2,1,0.00,0.00,'2022-07-15 18:12:11','2022-07-15 18:12:11',5,NULL),(32984,7308,276,131,33337,40745,1,10,2,1,0.00,0.00,'2022-07-15 18:12:11','2022-07-15 18:12:11',5,NULL),(32985,7308,276,131,33337,40745,1,6,2,1,0.00,0.00,'2022-07-15 18:12:11','2022-07-15 18:12:11',5,NULL),(32986,7308,276,131,33337,40745,1,14,2,1,0.00,0.00,'2022-07-15 18:12:11','2022-07-15 18:12:11',5,NULL),(32987,7308,276,131,33337,40745,1,4,2,1,0.00,0.00,'2022-07-15 18:12:11','2022-07-15 18:12:11',5,NULL),(32988,7308,276,131,33337,40745,1,11,2,1,0.00,0.00,'2022-07-15 18:12:11','2022-07-15 18:12:11',5,NULL),(32989,7308,276,131,33337,40745,1,7,2,1,0.00,0.00,'2022-07-15 18:12:11','2022-07-15 18:12:11',5,NULL),(32990,7308,276,131,33337,40745,1,1,2,1,0.00,0.00,'2022-07-15 18:12:11','2022-07-15 18:12:11',5,NULL),(32991,7308,276,131,33337,40745,1,1,2,5,0.00,0.00,'2022-07-15 18:12:11','2022-07-15 18:12:11',5,NULL);
INSERT INTO `period_liquidation_iva_details` VALUES (32992,7308,276,131,33337,40745,1,8,2,5,0.00,0.00,'2022-07-15 18:12:11','2022-07-15 18:12:11',5,NULL),(32993,7308,276,131,33337,40745,1,12,2,5,0.00,0.00,'2022-07-15 18:12:11','2022-07-15 18:12:11',5,NULL),(32994,7308,276,131,33337,40745,1,2,2,5,0.00,0.00,'2022-07-15 18:12:11','2022-07-15 18:12:11',5,NULL),(32995,7308,276,131,33337,40745,1,9,2,5,0.00,0.00,'2022-07-15 18:12:11','2022-07-15 18:12:11',5,NULL),(32996,7308,276,131,33337,40745,1,5,2,5,0.00,0.00,'2022-07-15 18:12:11','2022-07-15 18:12:11',5,NULL),(32997,7308,276,131,33337,40745,1,13,2,5,0.00,0.00,'2022-07-15 18:12:11','2022-07-15 18:12:11',5,NULL),(32998,7308,276,131,33337,40745,1,3,2,5,0.00,0.00,'2022-07-15 18:12:11','2022-07-15 18:12:11',5,NULL),(32999,7308,276,131,33337,40745,1,10,2,5,0.00,0.00,'2022-07-15 18:12:11','2022-07-15 18:12:11',5,NULL),(33000,7308,276,131,33337,40745,1,6,2,5,0.00,0.00,'2022-07-15 18:12:11','2022-07-15 18:12:11',5,NULL),(33001,7308,276,131,33337,40745,1,14,2,5,0.00,0.00,'2022-07-15 18:12:11','2022-07-15 18:12:11',5,NULL),(33002,7308,276,131,33337,40745,1,4,2,5,0.00,0.00,'2022-07-15 18:12:11','2022-07-15 18:12:11',5,NULL),(33003,7308,276,131,33337,40745,1,11,2,5,0.00,0.00,'2022-07-15 18:12:11','2022-07-15 18:12:11',5,NULL),(33004,7308,276,131,33337,40745,1,7,2,5,0.00,0.00,'2022-07-15 18:12:11','2022-07-15 18:12:11',5,NULL),(33005,7308,276,131,33337,40745,1,2,2,4,0.00,0.00,'2022-07-15 18:12:11','2022-07-15 18:12:11',5,NULL),(33006,7308,276,131,33337,40745,1,9,2,4,0.00,0.00,'2022-07-15 18:12:11','2022-07-15 18:12:11',5,NULL),(33007,7308,276,131,33337,40745,1,5,2,4,0.00,0.00,'2022-07-15 18:12:11','2022-07-15 18:12:11',5,NULL),(33008,7308,276,131,33337,40745,1,13,2,4,0.00,0.00,'2022-07-15 18:12:11','2022-07-15 18:12:11',5,NULL),(33009,7308,276,131,33337,40745,1,3,2,4,0.00,0.00,'2022-07-15 18:12:11','2022-07-15 18:12:11',5,NULL),(33010,7308,276,131,33337,40745,1,10,2,4,0.00,0.00,'2022-07-15 18:12:11','2022-07-15 18:12:11',5,NULL),(33011,7308,276,131,33337,40745,1,6,2,4,0.00,0.00,'2022-07-15 18:12:11','2022-07-15 18:12:11',5,NULL),(33012,7308,276,131,33337,40745,1,14,2,4,0.00,0.00,'2022-07-15 18:12:11','2022-07-15 18:12:11',5,NULL),(33013,7308,276,131,33337,40745,1,4,2,4,0.00,0.00,'2022-07-15 18:12:11','2022-07-15 18:12:11',5,NULL),(33014,7308,276,131,33337,40745,1,11,2,4,0.00,0.00,'2022-07-15 18:12:11','2022-07-15 18:12:11',5,NULL),(33015,7308,276,131,33337,40745,1,7,2,4,0.00,0.00,'2022-07-15 18:12:11','2022-07-15 18:12:11',5,NULL),(33016,7308,276,131,33337,40745,1,1,2,4,0.00,0.00,'2022-07-15 18:12:11','2022-07-15 18:12:11',5,NULL),(33017,7308,276,131,33337,40745,1,8,2,4,0.00,0.00,'2022-07-15 18:12:11','2022-07-15 18:12:11',5,NULL),(33018,7308,276,131,33337,40745,1,12,2,4,0.00,0.00,'2022-07-15 18:12:11','2022-07-15 18:12:11',5,NULL),(33019,7308,276,131,33337,40745,1,4,2,6,0.00,0.00,'2022-07-15 18:12:11','2022-07-15 18:12:11',5,NULL),(33020,7308,276,131,33337,40745,1,3,2,7,0.00,0.00,'2022-07-15 18:12:11','2022-07-15 18:12:11',5,NULL),(33021,7308,276,131,33337,40745,1,2,2,8,0.00,0.00,'2022-07-15 18:12:11','2022-07-15 18:12:11',5,NULL),(33022,7308,276,131,33337,40745,1,11,2,6,0.00,0.00,'2022-07-15 18:12:11','2022-07-15 18:12:11',5,NULL),(33023,7308,276,131,33337,40745,1,7,2,6,0.00,0.00,'2022-07-15 18:12:11','2022-07-15 18:12:11',5,NULL),(33024,7308,276,131,33337,40745,1,10,2,7,0.00,0.00,'2022-07-15 18:12:11','2022-07-15 18:12:11',5,NULL),(33025,7308,276,131,33337,40745,1,6,2,7,0.00,0.00,'2022-07-15 18:12:11','2022-07-15 18:12:11',5,NULL),(33026,7308,276,131,33337,40745,1,14,2,7,0.00,0.00,'2022-07-15 18:12:11','2022-07-15 18:12:11',5,NULL),(33027,7308,276,131,33337,40745,1,9,2,8,0.00,0.00,'2022-07-15 18:12:11','2022-07-15 18:12:11',5,NULL),(33028,7308,276,131,33337,40745,1,5,2,8,0.00,0.00,'2022-07-15 18:12:11','2022-07-15 18:12:11',5,NULL),(33029,7308,276,131,33337,40745,1,13,2,8,0.00,0.00,'2022-07-15 18:12:11','2022-07-15 18:12:11',5,NULL),(33030,7308,276,131,33337,40745,1,1,2,6,0.00,0.00,'2022-07-15 18:12:11','2022-07-15 18:12:11',5,NULL);
INSERT INTO `period_liquidation_iva_details` VALUES (33031,7308,276,131,33337,40745,1,4,2,7,0.00,0.00,'2022-07-15 18:12:11','2022-07-15 18:12:11',5,NULL),(33032,7308,276,131,33337,40745,1,8,2,6,0.00,0.00,'2022-07-15 18:12:11','2022-07-15 18:12:11',5,NULL),(33033,7308,276,131,33337,40745,1,3,2,8,0.00,0.00,'2022-07-15 18:12:11','2022-07-15 18:12:11',5,NULL),(33034,7308,276,131,33337,40745,1,12,2,6,0.00,0.00,'2022-07-15 18:12:11','2022-07-15 18:12:11',5,NULL),(33035,7308,276,131,33337,40745,1,11,2,7,0.00,0.00,'2022-07-15 18:12:11','2022-07-15 18:12:11',5,NULL),(33036,7308,276,131,33337,40745,1,7,2,7,0.00,0.00,'2022-07-15 18:12:11','2022-07-15 18:12:11',5,NULL),(33037,7308,276,131,33337,40745,1,10,2,8,0.00,0.00,'2022-07-15 18:12:11','2022-07-15 18:12:11',5,NULL),(33038,7308,276,131,33337,40745,1,6,2,8,0.00,0.00,'2022-07-15 18:12:11','2022-07-15 18:12:11',5,NULL),(33039,7308,276,131,33337,40745,1,14,2,8,0.00,0.00,'2022-07-15 18:12:11','2022-07-15 18:12:11',5,NULL),(33040,7308,276,131,33337,40745,1,2,2,6,0.00,0.00,'2022-07-15 18:12:11','2022-07-15 18:12:11',5,NULL),(33041,7308,276,131,33337,40745,1,1,2,7,0.00,0.00,'2022-07-15 18:12:11','2022-07-15 18:12:11',5,NULL),(33042,7308,276,131,33337,40745,1,9,2,6,0.00,0.00,'2022-07-15 18:12:11','2022-07-15 18:12:11',5,NULL),(33043,7308,276,131,33337,40745,1,4,2,8,0.00,0.00,'2022-07-15 18:12:11','2022-07-15 18:12:11',5,NULL),(33044,7308,276,131,33337,40745,1,5,2,6,0.00,0.00,'2022-07-15 18:12:11','2022-07-15 18:12:11',5,NULL),(33045,7308,276,131,33337,40745,1,13,2,6,0.00,0.00,'2022-07-15 18:12:11','2022-07-15 18:12:11',5,NULL),(33046,7308,276,131,33337,40745,1,8,2,7,0.00,0.00,'2022-07-15 18:12:11','2022-07-15 18:12:11',5,NULL),(33047,7308,276,131,33337,40745,1,12,2,7,0.00,0.00,'2022-07-15 18:12:11','2022-07-15 18:12:11',5,NULL),(33048,7308,276,131,33337,40745,1,11,2,8,0.00,0.00,'2022-07-15 18:12:11','2022-07-15 18:12:11',5,NULL),(33049,7308,276,131,33337,40745,1,7,2,8,0.00,0.00,'2022-07-15 18:12:11','2022-07-15 18:12:11',5,NULL),(33050,7308,276,131,33337,40745,1,3,2,6,0.00,0.00,'2022-07-15 18:12:11','2022-07-15 18:12:11',5,NULL),(33051,7308,276,131,33337,40745,1,2,2,7,0.00,0.00,'2022-07-15 18:12:11','2022-07-15 18:12:11',5,NULL),(33052,7308,276,131,33337,40745,1,10,2,6,0.00,0.00,'2022-07-15 18:12:11','2022-07-15 18:12:11',5,NULL),(33053,7308,276,131,33337,40745,1,6,2,6,0.00,0.00,'2022-07-15 18:12:11','2022-07-15 18:12:11',5,NULL),(33054,7308,276,131,33337,40745,1,14,2,6,0.00,0.00,'2022-07-15 18:12:11','2022-07-15 18:12:11',5,NULL),(33055,7308,276,131,33337,40745,1,1,2,8,0.00,0.00,'2022-07-15 18:12:11','2022-07-15 18:12:11',5,NULL),(33056,7308,276,131,33337,40745,1,9,2,7,0.00,0.00,'2022-07-15 18:12:11','2022-07-15 18:12:11',5,NULL),(33057,7308,276,131,33337,40745,1,5,2,7,0.00,0.00,'2022-07-15 18:12:11','2022-07-15 18:12:11',5,NULL),(33058,7308,276,131,33337,40745,1,13,2,7,0.00,0.00,'2022-07-15 18:12:11','2022-07-15 18:12:11',5,NULL),(33059,7308,276,131,33337,40745,1,8,2,8,0.00,0.00,'2022-07-15 18:12:11','2022-07-15 18:12:11',5,NULL),(33060,7308,276,131,33337,40745,1,12,2,8,0.00,0.00,'2022-07-15 18:12:11','2022-07-15 18:12:11',5,NULL),(33061,7308,276,131,33337,40745,1,7,2,3,0.00,0.00,'2022-07-15 18:12:11','2022-07-15 18:12:11',6,NULL),(33062,7308,276,131,33337,40745,1,10,2,3,0.00,0.00,'2022-07-15 18:12:11','2022-07-15 18:12:11',6,NULL),(33063,7308,276,131,33337,40745,1,13,2,3,0.00,0.00,'2022-07-15 18:12:11','2022-07-15 18:12:11',6,NULL),(33064,7308,276,131,33337,40745,1,3,2,3,0.00,0.00,'2022-07-15 18:12:11','2022-07-15 18:12:11',6,NULL),(33065,7308,276,131,33337,40745,1,6,2,3,0.00,0.00,'2022-07-15 18:12:11','2022-07-15 18:12:11',6,NULL),(33066,7308,276,131,33337,40745,1,9,2,3,0.00,0.00,'2022-07-15 18:12:11','2022-07-15 18:12:11',6,NULL),(33067,7308,276,131,33337,40745,1,12,2,3,0.00,0.00,'2022-07-15 18:12:11','2022-07-15 18:12:11',6,NULL),(33068,7308,276,131,33337,40745,1,2,2,3,0.00,0.00,'2022-07-15 18:12:11','2022-07-15 18:12:11',6,NULL),(33069,7308,276,131,33337,40745,1,5,2,3,0.00,0.00,'2022-07-15 18:12:11','2022-07-15 18:12:11',6,NULL);
INSERT INTO `period_liquidation_iva_details` VALUES (33070,7308,276,131,33337,40745,1,8,2,3,0.00,0.00,'2022-07-15 18:12:11','2022-07-15 18:12:11',6,NULL),(33071,7308,276,131,33337,40745,1,11,2,3,0.00,0.00,'2022-07-15 18:12:11','2022-07-15 18:12:11',6,NULL),(33072,7308,276,131,33337,40745,1,14,2,3,0.00,0.00,'2022-07-15 18:12:11','2022-07-15 18:12:11',6,NULL),(33073,7308,276,131,33337,40745,1,1,2,3,0.00,0.00,'2022-07-15 18:12:11','2022-07-15 18:12:11',6,NULL),(33074,7308,276,131,33337,40745,1,4,2,3,0.00,0.00,'2022-07-15 18:12:11','2022-07-15 18:12:11',6,NULL),(33075,7308,276,131,33337,40745,1,6,2,2,0.00,0.00,'2022-07-15 18:12:11','2022-07-15 18:12:11',6,NULL),(33076,7308,276,131,33337,40745,1,9,2,2,0.00,0.00,'2022-07-15 18:12:11','2022-07-15 18:12:11',6,NULL),(33077,7308,276,131,33337,40745,1,12,2,2,0.00,0.00,'2022-07-15 18:12:11','2022-07-15 18:12:11',6,NULL),(33078,7308,276,131,33337,40745,1,2,2,2,0.00,0.00,'2022-07-15 18:12:11','2022-07-15 18:12:11',6,NULL),(33079,7308,276,131,33337,40745,1,5,2,2,0.00,0.00,'2022-07-15 18:12:11','2022-07-15 18:12:11',6,NULL),(33080,7308,276,131,33337,40745,1,8,2,2,0.00,0.00,'2022-07-15 18:12:11','2022-07-15 18:12:11',6,NULL),(33081,7308,276,131,33337,40745,1,11,2,2,0.00,0.00,'2022-07-15 18:12:11','2022-07-15 18:12:11',6,NULL),(33082,7308,276,131,33337,40745,1,14,2,2,0.00,0.00,'2022-07-15 18:12:11','2022-07-15 18:12:11',6,NULL),(33083,7308,276,131,33337,40745,1,1,2,2,181180.04,38047.81,'2022-07-15 18:12:11','2022-07-15 18:12:11',6,NULL),(33084,7308,276,131,33337,40745,1,4,2,2,0.00,0.00,'2022-07-15 18:12:11','2022-07-15 18:12:11',6,NULL),(33085,7308,276,131,33337,40745,1,7,2,2,0.00,0.00,'2022-07-15 18:12:11','2022-07-15 18:12:11',6,NULL),(33086,7308,276,131,33337,40745,1,10,2,2,0.00,0.00,'2022-07-15 18:12:11','2022-07-15 18:12:11',6,NULL),(33087,7308,276,131,33337,40745,1,13,2,2,0.00,0.00,'2022-07-15 18:12:11','2022-07-15 18:12:11',6,NULL),(33088,7308,276,131,33337,40745,1,3,2,2,0.00,0.00,'2022-07-15 18:12:11','2022-07-15 18:12:11',6,NULL),(33089,7308,276,131,33337,40745,1,2,2,1,0.00,0.00,'2022-07-15 18:12:11','2022-07-15 18:12:11',6,NULL),(33090,7308,276,131,33337,40745,1,5,2,1,0.00,0.00,'2022-07-15 18:12:11','2022-07-15 18:12:11',6,NULL),(33091,7308,276,131,33337,40745,1,8,2,1,0.00,0.00,'2022-07-15 18:12:11','2022-07-15 18:12:11',6,NULL),(33092,7308,276,131,33337,40745,1,11,2,1,0.00,0.00,'2022-07-15 18:12:11','2022-07-15 18:12:11',6,NULL),(33093,7308,276,131,33337,40745,1,14,2,1,0.00,0.00,'2022-07-15 18:12:11','2022-07-15 18:12:11',6,NULL),(33094,7308,276,131,33337,40745,1,1,2,1,0.00,0.00,'2022-07-15 18:12:11','2022-07-15 18:12:11',6,NULL),(33095,7308,276,131,33337,40745,1,4,2,1,0.00,0.00,'2022-07-15 18:12:11','2022-07-15 18:12:11',6,NULL),(33096,7308,276,131,33337,40745,1,7,2,1,0.00,0.00,'2022-07-15 18:12:11','2022-07-15 18:12:11',6,NULL),(33097,7308,276,131,33337,40745,1,10,2,1,0.00,0.00,'2022-07-15 18:12:11','2022-07-15 18:12:11',6,NULL),(33098,7308,276,131,33337,40745,1,13,2,1,0.00,0.00,'2022-07-15 18:12:11','2022-07-15 18:12:11',6,NULL),(33099,7308,276,131,33337,40745,1,3,2,1,0.00,0.00,'2022-07-15 18:12:12','2022-07-15 18:12:12',6,NULL),(33100,7308,276,131,33337,40745,1,6,2,1,0.00,0.00,'2022-07-15 18:12:12','2022-07-15 18:12:12',6,NULL),(33101,7308,276,131,33337,40745,1,9,2,1,0.00,0.00,'2022-07-15 18:12:12','2022-07-15 18:12:12',6,NULL),(33102,7308,276,131,33337,40745,1,12,2,1,0.00,0.00,'2022-07-15 18:12:12','2022-07-15 18:12:12',6,NULL),(33103,7308,276,131,33337,40745,1,12,2,5,0.00,0.00,'2022-07-15 18:12:12','2022-07-15 18:12:12',6,NULL),(33104,7308,276,131,33337,40745,1,2,2,5,0.00,0.00,'2022-07-15 18:12:12','2022-07-15 18:12:12',6,NULL),(33105,7308,276,131,33337,40745,1,5,2,5,0.00,0.00,'2022-07-15 18:12:12','2022-07-15 18:12:12',6,NULL),(33106,7308,276,131,33337,40745,1,8,2,5,0.00,0.00,'2022-07-15 18:12:12','2022-07-15 18:12:12',6,NULL),(33107,7308,276,131,33337,40745,1,11,2,5,0.00,0.00,'2022-07-15 18:12:12','2022-07-15 18:12:12',6,NULL);
INSERT INTO `period_liquidation_iva_details` VALUES (33108,7308,276,131,33337,40745,1,14,2,5,0.00,0.00,'2022-07-15 18:12:12','2022-07-15 18:12:12',6,NULL),(33109,7308,276,131,33337,40745,1,1,2,5,0.00,0.00,'2022-07-15 18:12:12','2022-07-15 18:12:12',6,NULL),(33110,7308,276,131,33337,40745,1,4,2,5,0.00,0.00,'2022-07-15 18:12:12','2022-07-15 18:12:12',6,NULL),(33111,7308,276,131,33337,40745,1,7,2,5,0.00,0.00,'2022-07-15 18:12:12','2022-07-15 18:12:12',6,NULL),(33112,7308,276,131,33337,40745,1,10,2,5,0.00,0.00,'2022-07-15 18:12:12','2022-07-15 18:12:12',6,NULL),(33113,7308,276,131,33337,40745,1,13,2,5,0.00,0.00,'2022-07-15 18:12:12','2022-07-15 18:12:12',6,NULL),(33114,7308,276,131,33337,40745,1,3,2,5,0.00,0.00,'2022-07-15 18:12:12','2022-07-15 18:12:12',6,NULL),(33115,7308,276,131,33337,40745,1,6,2,5,0.00,0.00,'2022-07-15 18:12:12','2022-07-15 18:12:12',6,NULL),(33116,7308,276,131,33337,40745,1,9,2,5,0.00,0.00,'2022-07-15 18:12:12','2022-07-15 18:12:12',6,NULL),(33117,7308,276,131,33337,40745,1,11,2,4,0.00,0.00,'2022-07-15 18:12:12','2022-07-15 18:12:12',6,NULL),(33118,7308,276,131,33337,40745,1,14,2,4,0.00,0.00,'2022-07-15 18:12:12','2022-07-15 18:12:12',6,NULL),(33119,7308,276,131,33337,40745,1,1,2,4,0.00,0.00,'2022-07-15 18:12:12','2022-07-15 18:12:12',6,NULL),(33120,7308,276,131,33337,40745,1,4,2,4,0.00,0.00,'2022-07-15 18:12:12','2022-07-15 18:12:12',6,NULL),(33121,7308,276,131,33337,40745,1,7,2,4,0.00,0.00,'2022-07-15 18:12:12','2022-07-15 18:12:12',6,NULL),(33122,7308,276,131,33337,40745,1,10,2,4,0.00,0.00,'2022-07-15 18:12:12','2022-07-15 18:12:12',6,NULL),(33123,7308,276,131,33337,40745,1,13,2,4,0.00,0.00,'2022-07-15 18:12:12','2022-07-15 18:12:12',6,NULL),(33124,7308,276,131,33337,40745,1,3,2,4,0.00,0.00,'2022-07-15 18:12:12','2022-07-15 18:12:12',6,NULL),(33125,7308,276,131,33337,40745,1,6,2,4,0.00,0.00,'2022-07-15 18:12:12','2022-07-15 18:12:12',6,NULL),(33126,7308,276,131,33337,40745,1,9,2,4,0.00,0.00,'2022-07-15 18:12:12','2022-07-15 18:12:12',6,NULL),(33127,7308,276,131,33337,40745,1,12,2,4,0.00,0.00,'2022-07-15 18:12:12','2022-07-15 18:12:12',6,NULL),(33128,7308,276,131,33337,40745,1,2,2,4,0.00,0.00,'2022-07-15 18:12:12','2022-07-15 18:12:12',6,NULL),(33129,7308,276,131,33337,40745,1,5,2,4,0.00,0.00,'2022-07-15 18:12:12','2022-07-15 18:12:12',6,NULL),(33130,7308,276,131,33337,40745,1,8,2,4,0.00,0.00,'2022-07-15 18:12:12','2022-07-15 18:12:12',6,NULL),(33131,7308,276,131,33337,40745,1,3,2,8,0.00,0.00,'2022-07-15 18:12:12','2022-07-15 18:12:12',6,NULL),(33132,7308,276,131,33337,40745,1,6,2,8,0.00,0.00,'2022-07-15 18:12:12','2022-07-15 18:12:12',6,NULL),(33133,7308,276,131,33337,40745,1,9,2,8,0.00,0.00,'2022-07-15 18:12:12','2022-07-15 18:12:12',6,NULL),(33134,7308,276,131,33337,40745,1,12,2,8,0.00,0.00,'2022-07-15 18:12:12','2022-07-15 18:12:12',6,NULL),(33135,7308,276,131,33337,40745,1,2,2,8,0.00,0.00,'2022-07-15 18:12:12','2022-07-15 18:12:12',6,NULL),(33136,7308,276,131,33337,40745,1,5,2,8,0.00,0.00,'2022-07-15 18:12:12','2022-07-15 18:12:12',6,NULL),(33137,7308,276,131,33337,40745,1,8,2,8,0.00,0.00,'2022-07-15 18:12:12','2022-07-15 18:12:12',6,NULL),(33138,7308,276,131,33337,40745,1,11,2,8,0.00,0.00,'2022-07-15 18:12:12','2022-07-15 18:12:12',6,NULL),(33139,7308,276,131,33337,40745,1,14,2,8,0.00,0.00,'2022-07-15 18:12:12','2022-07-15 18:12:12',6,NULL),(33140,7308,276,131,33337,40745,1,1,2,8,0.00,0.00,'2022-07-15 18:12:12','2022-07-15 18:12:12',6,NULL),(33141,7308,276,131,33337,40745,1,4,2,8,0.00,0.00,'2022-07-15 18:12:12','2022-07-15 18:12:12',6,NULL),(33142,7308,276,131,33337,40745,1,7,2,8,0.00,0.00,'2022-07-15 18:12:12','2022-07-15 18:12:12',6,NULL),(33143,7308,276,131,33337,40745,1,10,2,8,0.00,0.00,'2022-07-15 18:12:12','2022-07-15 18:12:12',6,NULL),(33144,7308,276,131,33337,40745,1,13,2,8,0.00,0.00,'2022-07-15 18:12:12','2022-07-15 18:12:12',6,NULL),(33145,7308,276,131,33337,40745,1,5,2,6,0.00,0.00,'2022-07-15 18:12:12','2022-07-15 18:12:12',7,NULL),(33146,7308,276,131,33337,40745,1,1,2,7,1762.41,0.00,'2022-07-15 18:12:12','2022-07-15 18:12:12',7,NULL);
INSERT INTO `period_liquidation_iva_details` VALUES (33147,7308,276,131,33337,40745,1,14,2,6,0.00,0.00,'2022-07-15 18:12:12','2022-07-15 18:12:12',7,NULL),(33148,7308,276,131,33337,40745,1,10,2,7,0.00,0.00,'2022-07-15 18:12:12','2022-07-15 18:12:12',7,NULL),(33149,7308,276,131,33337,40745,1,7,2,6,0.00,0.00,'2022-07-15 18:12:12','2022-07-15 18:12:12',7,NULL),(33150,7308,276,131,33337,40745,1,3,2,7,0.00,0.00,'2022-07-15 18:12:12','2022-07-15 18:12:12',7,NULL),(33151,7308,276,131,33337,40745,1,12,2,7,0.00,0.00,'2022-07-15 18:12:12','2022-07-15 18:12:12',7,NULL),(33152,7308,276,131,33337,40745,1,9,2,6,0.00,0.00,'2022-07-15 18:12:12','2022-07-15 18:12:12',7,NULL),(33153,7308,276,131,33337,40745,1,5,2,7,0.00,0.00,'2022-07-15 18:12:12','2022-07-15 18:12:12',7,NULL),(33154,7308,276,131,33337,40745,1,2,2,6,0.00,0.00,'2022-07-15 18:12:12','2022-07-15 18:12:12',7,NULL),(33155,7308,276,131,33337,40745,1,14,2,7,0.00,0.00,'2022-07-15 18:12:12','2022-07-15 18:12:12',7,NULL),(33156,7308,276,131,33337,40745,1,11,2,6,0.00,0.00,'2022-07-15 18:12:12','2022-07-15 18:12:12',7,NULL),(33157,7308,276,131,33337,40745,1,7,2,7,0.00,0.00,'2022-07-15 18:12:12','2022-07-15 18:12:12',7,NULL),(33158,7308,276,131,33337,40745,1,4,2,6,0.00,0.00,'2022-07-15 18:12:12','2022-07-15 18:12:12',7,NULL),(33159,7308,276,131,33337,40745,1,13,2,6,0.00,0.00,'2022-07-15 18:12:12','2022-07-15 18:12:12',7,NULL),(33160,7308,276,131,33337,40745,1,9,2,7,0.00,0.00,'2022-07-15 18:12:12','2022-07-15 18:12:12',7,NULL),(33161,7308,276,131,33337,40745,1,6,2,6,0.00,0.00,'2022-07-15 18:12:12','2022-07-15 18:12:12',7,NULL),(33162,7308,276,131,33337,40745,1,2,2,7,0.00,0.00,'2022-07-15 18:12:12','2022-07-15 18:12:12',7,NULL),(33163,7308,276,131,33337,40745,1,11,2,7,0.00,0.00,'2022-07-15 18:12:12','2022-07-15 18:12:12',7,NULL),(33164,7308,276,131,33337,40745,1,8,2,6,0.00,0.00,'2022-07-15 18:12:12','2022-07-15 18:12:12',7,NULL),(33165,7308,276,131,33337,40745,1,4,2,7,0.00,0.00,'2022-07-15 18:12:12','2022-07-15 18:12:12',7,NULL),(33166,7308,276,131,33337,40745,1,1,2,6,0.00,0.00,'2022-07-15 18:12:12','2022-07-15 18:12:12',7,NULL),(33167,7308,276,131,33337,40745,1,13,2,7,0.00,0.00,'2022-07-15 18:12:12','2022-07-15 18:12:12',7,NULL),(33168,7308,276,131,33337,40745,1,10,2,6,0.00,0.00,'2022-07-15 18:12:12','2022-07-15 18:12:12',7,NULL),(33169,7308,276,131,33337,40745,1,6,2,7,0.00,0.00,'2022-07-15 18:12:12','2022-07-15 18:12:12',7,NULL),(33170,7308,276,131,33337,40745,1,3,2,6,0.00,0.00,'2022-07-15 18:12:12','2022-07-15 18:12:12',7,NULL),(33171,7308,276,131,33337,40745,1,12,2,6,0.00,0.00,'2022-07-15 18:12:12','2022-07-15 18:12:12',7,NULL),(33172,7308,276,131,33337,40745,1,8,2,7,0.00,0.00,'2022-07-15 18:12:12','2022-07-15 18:12:12',7,NULL),(44421,7320,358,172,51518,40761,883,1,1,3,0.00,0.00,'2022-07-18 12:14:03','2022-07-18 12:14:03',1,NULL),(44422,7320,358,172,51518,40761,788,1,1,3,0.00,0.00,'2022-07-18 12:14:03','2022-07-18 12:14:03',1,NULL),(44423,7320,358,172,51518,40761,788,1,1,2,0.00,0.00,'2022-07-18 12:14:03','2022-07-18 12:14:03',1,NULL),(44424,7320,358,172,51518,40761,883,1,1,2,0.00,0.00,'2022-07-18 12:14:03','2022-07-18 12:14:03',1,NULL),(44425,7320,358,172,51518,40761,788,1,1,1,0.00,0.00,'2022-07-18 12:14:03','2022-07-18 12:14:03',1,NULL),(44426,7320,358,172,51518,40761,883,1,1,1,0.00,0.00,'2022-07-18 12:14:03','2022-07-18 12:14:03',1,NULL),(44427,7320,358,172,51518,40761,788,1,1,5,0.00,0.00,'2022-07-18 12:14:03','2022-07-18 12:14:03',1,NULL),(44428,7320,358,172,51518,40761,883,1,1,5,0.00,0.00,'2022-07-18 12:14:03','2022-07-18 12:14:03',1,NULL),(44429,7320,358,172,51518,40761,883,1,1,4,0.00,0.00,'2022-07-18 12:14:03','2022-07-18 12:14:03',1,NULL),(44430,7320,358,172,51518,40761,788,1,1,4,0.00,0.00,'2022-07-18 12:14:03','2022-07-18 12:14:03',1,NULL),(44431,7320,358,172,51518,40761,883,1,1,8,0.00,0.00,'2022-07-18 12:14:03','2022-07-18 12:14:03',1,NULL),(44432,7320,358,172,51518,40761,788,1,1,8,0.00,0.00,'2022-07-18 12:14:03','2022-07-18 12:14:03',1,NULL);
INSERT INTO `period_liquidation_iva_details` VALUES (44433,7320,358,172,51518,40761,883,1,1,3,0.00,0.00,'2022-07-18 12:14:03','2022-07-18 12:14:03',2,NULL),(44434,7320,358,172,51518,40761,788,1,1,3,0.00,0.00,'2022-07-18 12:14:03','2022-07-18 12:14:03',2,NULL),(44435,7320,358,172,51518,40761,883,1,1,2,1652.89,347.11,'2022-07-18 12:14:03','2022-07-18 12:14:03',2,NULL),(44436,7320,358,172,51518,40761,788,1,1,2,0.00,0.00,'2022-07-18 12:14:03','2022-07-18 12:14:03',2,NULL),(44437,7320,358,172,51518,40761,883,1,1,1,0.00,0.00,'2022-07-18 12:14:03','2022-07-18 12:14:03',2,NULL),(44438,7320,358,172,51518,40761,788,1,1,1,0.00,0.00,'2022-07-18 12:14:03','2022-07-18 12:14:03',2,NULL),(44439,7320,358,172,51518,40761,883,1,1,5,0.00,0.00,'2022-07-18 12:14:03','2022-07-18 12:14:03',2,NULL),(44440,7320,358,172,51518,40761,788,1,1,5,0.00,0.00,'2022-07-18 12:14:03','2022-07-18 12:14:03',2,NULL),(44441,7320,358,172,51518,40761,788,1,1,4,0.00,0.00,'2022-07-18 12:14:03','2022-07-18 12:14:03',2,NULL),(44442,7320,358,172,51518,40761,883,1,1,4,0.00,0.00,'2022-07-18 12:14:03','2022-07-18 12:14:03',2,NULL),(44443,7320,358,172,51518,40761,883,1,1,8,0.00,0.00,'2022-07-18 12:14:03','2022-07-18 12:14:03',2,NULL),(44444,7320,358,172,51518,40761,788,1,1,8,0.00,0.00,'2022-07-18 12:14:03','2022-07-18 12:14:03',2,NULL),(44445,7320,358,172,51518,40761,788,1,1,7,0.00,0.00,'2022-07-18 12:14:03','2022-07-18 12:14:03',3,NULL),(44446,7320,358,172,51518,40761,883,1,1,6,28086.82,0.00,'2022-07-18 12:14:03','2022-07-18 12:14:03',3,NULL),(44447,7320,358,172,51518,40761,883,1,1,7,0.00,0.00,'2022-07-18 12:14:03','2022-07-18 12:14:03',3,NULL),(44448,7320,358,172,51518,40761,788,1,1,6,0.00,0.00,'2022-07-18 12:14:03','2022-07-18 12:14:03',3,NULL),(44449,7320,358,172,51518,40761,788,1,1,3,0.00,0.00,'2022-07-18 12:14:03','2022-07-18 12:14:03',4,NULL),(44450,7320,358,172,51518,40761,883,1,1,3,0.00,0.00,'2022-07-18 12:14:03','2022-07-18 12:14:03',4,NULL),(44451,7320,358,172,51518,40761,788,1,1,2,0.00,0.00,'2022-07-18 12:14:03','2022-07-18 12:14:03',4,NULL),(44452,7320,358,172,51518,40761,883,1,1,2,0.00,0.00,'2022-07-18 12:14:03','2022-07-18 12:14:03',4,NULL),(44453,7320,358,172,51518,40761,883,1,1,1,0.00,0.00,'2022-07-18 12:14:03','2022-07-18 12:14:03',4,NULL),(44454,7320,358,172,51518,40761,788,1,1,1,0.00,0.00,'2022-07-18 12:14:03','2022-07-18 12:14:03',4,NULL),(44455,7320,358,172,51518,40761,788,1,1,5,0.00,0.00,'2022-07-18 12:14:04','2022-07-18 12:14:04',4,NULL),(44456,7320,358,172,51518,40761,883,1,1,5,0.00,0.00,'2022-07-18 12:14:04','2022-07-18 12:14:04',4,NULL),(44457,7320,358,172,51518,40761,788,1,1,4,0.00,0.00,'2022-07-18 12:14:04','2022-07-18 12:14:04',4,NULL),(44458,7320,358,172,51518,40761,883,1,1,4,0.00,0.00,'2022-07-18 12:14:04','2022-07-18 12:14:04',4,NULL),(44459,7320,358,172,51518,40761,883,1,1,8,0.00,0.00,'2022-07-18 12:14:04','2022-07-18 12:14:04',4,NULL),(44460,7320,358,172,51518,40761,788,1,1,6,0.00,0.00,'2022-07-18 12:14:04','2022-07-18 12:14:04',4,NULL),(44461,7320,358,172,51518,40761,883,1,1,6,0.00,0.00,'2022-07-18 12:14:04','2022-07-18 12:14:04',4,NULL),(44462,7320,358,172,51518,40761,788,1,1,7,0.00,0.00,'2022-07-18 12:14:04','2022-07-18 12:14:04',4,NULL),(44463,7320,358,172,51518,40761,883,1,1,7,0.00,0.00,'2022-07-18 12:14:04','2022-07-18 12:14:04',4,NULL),(44464,7320,358,172,51518,40761,788,1,1,8,0.00,0.00,'2022-07-18 12:14:04','2022-07-18 12:14:04',4,NULL),(44465,7320,358,172,51518,40761,1,6,2,3,0.00,0.00,'2022-07-18 12:14:04','2022-07-18 12:14:04',5,NULL),(44466,7320,358,172,51518,40761,1,14,2,3,0.00,0.00,'2022-07-18 12:14:04','2022-07-18 12:14:04',5,NULL),(44467,7320,358,172,51518,40761,1,10,2,3,0.00,0.00,'2022-07-18 12:14:04','2022-07-18 12:14:04',5,NULL),(44468,7320,358,172,51518,40761,1,3,2,3,0.00,0.00,'2022-07-18 12:14:04','2022-07-18 12:14:04',5,NULL),(44469,7320,358,172,51518,40761,1,7,2,3,0.00,0.00,'2022-07-18 12:14:04','2022-07-18 12:14:04',5,NULL),(44470,7320,358,172,51518,40761,1,11,2,3,0.00,0.00,'2022-07-18 12:14:04','2022-07-18 12:14:04',5,NULL);
INSERT INTO `period_liquidation_iva_details` VALUES (44471,7320,358,172,51518,40761,1,4,2,3,0.00,0.00,'2022-07-18 12:14:04','2022-07-18 12:14:04',5,NULL),(44472,7320,358,172,51518,40761,1,8,2,3,0.00,0.00,'2022-07-18 12:14:04','2022-07-18 12:14:04',5,NULL),(44473,7320,358,172,51518,40761,1,12,2,3,0.00,0.00,'2022-07-18 12:14:04','2022-07-18 12:14:04',5,NULL),(44474,7320,358,172,51518,40761,1,1,2,3,0.00,0.00,'2022-07-18 12:14:04','2022-07-18 12:14:04',5,NULL),(44475,7320,358,172,51518,40761,1,13,2,3,0.00,0.00,'2022-07-18 12:14:04','2022-07-18 12:14:04',5,NULL),(44476,7320,358,172,51518,40761,1,9,2,3,0.00,0.00,'2022-07-18 12:14:04','2022-07-18 12:14:04',5,NULL),(44477,7320,358,172,51518,40761,1,5,2,3,0.00,0.00,'2022-07-18 12:14:04','2022-07-18 12:14:04',5,NULL),(44478,7320,358,172,51518,40761,1,2,2,3,0.00,0.00,'2022-07-18 12:14:04','2022-07-18 12:14:04',5,NULL),(44479,7320,358,172,51518,40761,1,7,2,2,0.00,0.00,'2022-07-18 12:14:04','2022-07-18 12:14:04',5,NULL),(44480,7320,358,172,51518,40761,1,11,2,2,0.00,0.00,'2022-07-18 12:14:04','2022-07-18 12:14:04',5,NULL),(44481,7320,358,172,51518,40761,1,4,2,2,0.00,0.00,'2022-07-18 12:14:04','2022-07-18 12:14:04',5,NULL),(44482,7320,358,172,51518,40761,1,8,2,2,0.00,0.00,'2022-07-18 12:14:04','2022-07-18 12:14:04',5,NULL),(44483,7320,358,172,51518,40761,1,12,2,2,0.00,0.00,'2022-07-18 12:14:04','2022-07-18 12:14:04',5,NULL),(44484,7320,358,172,51518,40761,1,1,2,2,0.00,0.00,'2022-07-18 12:14:04','2022-07-18 12:14:04',5,NULL),(44485,7320,358,172,51518,40761,1,13,2,2,0.00,0.00,'2022-07-18 12:14:04','2022-07-18 12:14:04',5,NULL),(44486,7320,358,172,51518,40761,1,9,2,2,0.00,0.00,'2022-07-18 12:14:04','2022-07-18 12:14:04',5,NULL),(44487,7320,358,172,51518,40761,1,5,2,2,0.00,0.00,'2022-07-18 12:14:04','2022-07-18 12:14:04',5,NULL),(44488,7320,358,172,51518,40761,1,2,2,2,0.00,0.00,'2022-07-18 12:14:04','2022-07-18 12:14:04',5,NULL),(44489,7320,358,172,51518,40761,1,6,2,2,0.00,0.00,'2022-07-18 12:14:04','2022-07-18 12:14:04',5,NULL),(44490,7320,358,172,51518,40761,1,14,2,2,0.00,0.00,'2022-07-18 12:14:04','2022-07-18 12:14:04',5,NULL),(44491,7320,358,172,51518,40761,1,10,2,2,0.00,0.00,'2022-07-18 12:14:04','2022-07-18 12:14:04',5,NULL),(44492,7320,358,172,51518,40761,1,3,2,2,0.00,0.00,'2022-07-18 12:14:04','2022-07-18 12:14:04',5,NULL),(44493,7320,358,172,51518,40761,1,8,2,1,0.00,0.00,'2022-07-18 12:14:04','2022-07-18 12:14:04',5,NULL),(44494,7320,358,172,51518,40761,1,12,2,1,0.00,0.00,'2022-07-18 12:14:04','2022-07-18 12:14:04',5,NULL),(44495,7320,358,172,51518,40761,1,1,2,1,0.00,0.00,'2022-07-18 12:14:04','2022-07-18 12:14:04',5,NULL),(44496,7320,358,172,51518,40761,1,13,2,1,0.00,0.00,'2022-07-18 12:14:04','2022-07-18 12:14:04',5,NULL),(44497,7320,358,172,51518,40761,1,9,2,1,0.00,0.00,'2022-07-18 12:14:04','2022-07-18 12:14:04',5,NULL),(44498,7320,358,172,51518,40761,1,5,2,1,0.00,0.00,'2022-07-18 12:14:04','2022-07-18 12:14:04',5,NULL),(44499,7320,358,172,51518,40761,1,2,2,1,0.00,0.00,'2022-07-18 12:14:04','2022-07-18 12:14:04',5,NULL),(44500,7320,358,172,51518,40761,1,6,2,1,0.00,0.00,'2022-07-18 12:14:04','2022-07-18 12:14:04',5,NULL),(44501,7320,358,172,51518,40761,1,14,2,1,0.00,0.00,'2022-07-18 12:14:04','2022-07-18 12:14:04',5,NULL),(44502,7320,358,172,51518,40761,1,10,2,1,0.00,0.00,'2022-07-18 12:14:04','2022-07-18 12:14:04',5,NULL),(44503,7320,358,172,51518,40761,1,3,2,1,0.00,0.00,'2022-07-18 12:14:04','2022-07-18 12:14:04',5,NULL),(44504,7320,358,172,51518,40761,1,7,2,1,0.00,0.00,'2022-07-18 12:14:04','2022-07-18 12:14:04',5,NULL),(44505,7320,358,172,51518,40761,1,11,2,1,0.00,0.00,'2022-07-18 12:14:04','2022-07-18 12:14:04',5,NULL),(44506,7320,358,172,51518,40761,1,4,2,1,0.00,0.00,'2022-07-18 12:14:04','2022-07-18 12:14:04',5,NULL),(44507,7320,358,172,51518,40761,1,8,2,5,0.00,0.00,'2022-07-18 12:14:04','2022-07-18 12:14:04',5,NULL),(44508,7320,358,172,51518,40761,1,12,2,5,0.00,0.00,'2022-07-18 12:14:04','2022-07-18 12:14:04',5,NULL),(44509,7320,358,172,51518,40761,1,1,2,5,0.00,0.00,'2022-07-18 12:14:04','2022-07-18 12:14:04',5,NULL);
INSERT INTO `period_liquidation_iva_details` VALUES (44510,7320,358,172,51518,40761,1,5,2,5,0.00,0.00,'2022-07-18 12:14:04','2022-07-18 12:14:04',5,NULL),(44511,7320,358,172,51518,40761,1,13,2,5,0.00,0.00,'2022-07-18 12:14:04','2022-07-18 12:14:04',5,NULL),(44512,7320,358,172,51518,40761,1,9,2,5,0.00,0.00,'2022-07-18 12:14:04','2022-07-18 12:14:04',5,NULL),(44513,7320,358,172,51518,40761,1,2,2,5,0.00,0.00,'2022-07-18 12:14:04','2022-07-18 12:14:04',5,NULL),(44514,7320,358,172,51518,40761,1,6,2,5,0.00,0.00,'2022-07-18 12:14:04','2022-07-18 12:14:04',5,NULL),(44515,7320,358,172,51518,40761,1,14,2,5,0.00,0.00,'2022-07-18 12:14:04','2022-07-18 12:14:04',5,NULL),(44516,7320,358,172,51518,40761,1,10,2,5,0.00,0.00,'2022-07-18 12:14:04','2022-07-18 12:14:04',5,NULL),(44517,7320,358,172,51518,40761,1,3,2,5,0.00,0.00,'2022-07-18 12:14:04','2022-07-18 12:14:04',5,NULL),(44518,7320,358,172,51518,40761,1,7,2,5,0.00,0.00,'2022-07-18 12:14:04','2022-07-18 12:14:04',5,NULL),(44519,7320,358,172,51518,40761,1,11,2,5,0.00,0.00,'2022-07-18 12:14:04','2022-07-18 12:14:04',5,NULL),(44520,7320,358,172,51518,40761,1,4,2,5,0.00,0.00,'2022-07-18 12:14:04','2022-07-18 12:14:04',5,NULL),(44521,7320,358,172,51518,40761,1,5,2,4,0.00,0.00,'2022-07-18 12:14:04','2022-07-18 12:14:04',5,NULL),(44522,7320,358,172,51518,40761,1,13,2,4,0.00,0.00,'2022-07-18 12:14:04','2022-07-18 12:14:04',5,NULL),(44523,7320,358,172,51518,40761,1,9,2,4,0.00,0.00,'2022-07-18 12:14:04','2022-07-18 12:14:04',5,NULL),(44524,7320,358,172,51518,40761,1,2,2,4,0.00,0.00,'2022-07-18 12:14:04','2022-07-18 12:14:04',5,NULL),(44525,7320,358,172,51518,40761,1,6,2,4,0.00,0.00,'2022-07-18 12:14:04','2022-07-18 12:14:04',5,NULL),(44526,7320,358,172,51518,40761,1,14,2,4,0.00,0.00,'2022-07-18 12:14:04','2022-07-18 12:14:04',5,NULL),(44527,7320,358,172,51518,40761,1,10,2,4,0.00,0.00,'2022-07-18 12:14:04','2022-07-18 12:14:04',5,NULL),(44528,7320,358,172,51518,40761,1,3,2,4,0.00,0.00,'2022-07-18 12:14:04','2022-07-18 12:14:04',5,NULL),(44529,7320,358,172,51518,40761,1,7,2,4,0.00,0.00,'2022-07-18 12:14:04','2022-07-18 12:14:04',5,NULL),(44530,7320,358,172,51518,40761,1,11,2,4,0.00,0.00,'2022-07-18 12:14:04','2022-07-18 12:14:04',5,NULL),(44531,7320,358,172,51518,40761,1,4,2,4,0.00,0.00,'2022-07-18 12:14:04','2022-07-18 12:14:04',5,NULL),(44532,7320,358,172,51518,40761,1,8,2,4,0.00,0.00,'2022-07-18 12:14:04','2022-07-18 12:14:04',5,NULL),(44533,7320,358,172,51518,40761,1,12,2,4,0.00,0.00,'2022-07-18 12:14:04','2022-07-18 12:14:04',5,NULL),(44534,7320,358,172,51518,40761,1,1,2,4,0.00,0.00,'2022-07-18 12:14:04','2022-07-18 12:14:04',5,NULL),(44535,7320,358,172,51518,40761,1,2,2,7,0.00,0.00,'2022-07-18 12:14:04','2022-07-18 12:14:04',5,NULL),(44536,7320,358,172,51518,40761,1,1,2,8,0.00,0.00,'2022-07-18 12:14:04','2022-07-18 12:14:04',5,NULL),(44537,7320,358,172,51518,40761,1,7,2,6,0.00,0.00,'2022-07-18 12:14:04','2022-07-18 12:14:04',5,NULL),(44538,7320,358,172,51518,40761,1,11,2,6,0.00,0.00,'2022-07-18 12:14:04','2022-07-18 12:14:04',5,NULL),(44539,7320,358,172,51518,40761,1,6,2,7,0.00,0.00,'2022-07-18 12:14:04','2022-07-18 12:14:04',5,NULL),(44540,7320,358,172,51518,40761,1,14,2,7,0.00,0.00,'2022-07-18 12:14:04','2022-07-18 12:14:04',5,NULL),(44541,7320,358,172,51518,40761,1,10,2,7,0.00,0.00,'2022-07-18 12:14:04','2022-07-18 12:14:04',5,NULL),(44542,7320,358,172,51518,40761,1,5,2,8,0.00,0.00,'2022-07-18 12:14:04','2022-07-18 12:14:04',5,NULL),(44543,7320,358,172,51518,40761,1,13,2,8,0.00,0.00,'2022-07-18 12:14:04','2022-07-18 12:14:04',5,NULL),(44544,7320,358,172,51518,40761,1,9,2,8,0.00,0.00,'2022-07-18 12:14:04','2022-07-18 12:14:04',5,NULL),(44545,7320,358,172,51518,40761,1,4,2,6,0.00,0.00,'2022-07-18 12:14:04','2022-07-18 12:14:04',5,NULL),(44546,7320,358,172,51518,40761,1,3,2,7,0.00,0.00,'2022-07-18 12:14:04','2022-07-18 12:14:04',5,NULL),(44547,7320,358,172,51518,40761,1,2,2,8,0.00,0.00,'2022-07-18 12:14:04','2022-07-18 12:14:04',5,NULL),(44548,7320,358,172,51518,40761,1,8,2,6,0.00,0.00,'2022-07-18 12:14:04','2022-07-18 12:14:04',5,NULL);
