-- Table structure for table `ml`
--

CREATE TABLE `ml` (
  `id` int(10) unsigned NOT NULL AUTO_INCREMENT,
  `user_id` int(10) unsigned DEFAULT NULL,
  `taxes_servicio_id` int(10) unsigned NOT NULL DEFAULT '5',
  `person_id` int(10) unsigned NOT NULL,
  `person_id_relationed` int(10) unsigned NOT NULL,
  `ml_user_id` varchar(191) COLLATE utf8mb4_unicode_ci DEFAULT NULL,
  `nick_name` varchar(191) COLLATE utf8mb4_unicode_ci DEFAULT NULL,
  `access_token` varchar(191) COLLATE utf8mb4_unicode_ci DEFAULT NULL,
  `code` varchar(191) COLLATE utf8mb4_unicode_ci DEFAULT NULL,
  `refresh_token` varchar(191) COLLATE utf8mb4_unicode_ci DEFAULT NULL,
  `comentario` varchar(191) COLLATE utf8mb4_unicode_ci DEFAULT NULL,
  `response` json DEFAULT NULL,
  `response_datos` json DEFAULT NULL,
  `habilitado` tinyint(1) NOT NULL DEFAULT '1',
  `created_at` timestamp NULL DEFAULT NULL,
  `updated_at` timestamp NULL DEFAULT NULL,
  `deleted_at` timestamp NULL DEFAULT NULL,
  PRIMARY KEY (`id`),
  KEY `ml_person_id_foreign` (`person_id`),
  KEY `ml_person_id_relationed_foreign` (`person_id_relationed`),
  CONSTRAINT `ml_person_id_foreign` FOREIGN KEY (`person_id`) REFERENCES `persons` (`id`),
  CONSTRAINT `ml_person_id_relationed_foreign` FOREIGN KEY (`person_id_relationed`) REFERENCES `persons` (`id`)
) ENGINE=InnoDB DEFAULT CHARSET=utf8mb4 COLLATE=utf8mb4_unicode_ci;

--
-- Dumping data for table `ml`
--


--
-- Table structure for table `ml_item_producto`
--

CREATE TABLE `ml_item_producto` (
  `id` bigint(20) unsigned NOT NULL AUTO_INCREMENT,
  `person_id` int(10) unsigned NOT NULL,
  `ml_item_id` varchar(191) COLLATE utf8mb4_unicode_ci NOT NULL,
  `inv_producto_id` bigint(20) unsigned DEFAULT NULL,
  `created_at` timestamp NULL DEFAULT NULL,
  `updated_at` timestamp NULL DEFAULT NULL,
  `deleted_at` timestamp NULL DEFAULT NULL,
  PRIMARY KEY (`id`),
  KEY `ml_item_producto_person_id_foreign` (`person_id`),
  KEY `ml_item_producto_inv_producto_id_foreign` (`inv_producto_id`),
  CONSTRAINT `ml_item_producto_inv_producto_id_foreign` FOREIGN KEY (`inv_producto_id`) REFERENCES `inv_productos` (`id`),
  CONSTRAINT `ml_item_producto_person_id_foreign` FOREIGN KEY (`person_id`) REFERENCES `persons` (`id`)
) ENGINE=InnoDB DEFAULT CHARSET=utf8mb4 COLLATE=utf8mb4_unicode_ci;

--
-- Dumping data for table `ml_item_producto`
--


--
-- Table structure for table `ml_orders_facturadas`
--

CREATE TABLE `ml_orders_facturadas` (
  `id` bigint(20) unsigned NOT NULL AUTO_INCREMENT,
  `user_id` int(10) unsigned DEFAULT NULL,
  `person_id` int(10) unsigned NOT NULL,
  `order_id` varchar(191) COLLATE utf8mb4_unicode_ci NOT NULL,
  `fact_elec_receipt_id` int(10) unsigned DEFAULT NULL,
  `id_factura_ml` varchar(191) COLLATE utf8mb4_unicode_ci DEFAULT NULL,
  `created_at` timestamp NULL DEFAULT NULL,
  `updated_at` timestamp NULL DEFAULT NULL,
  `deleted_at` timestamp NULL DEFAULT NULL,
  PRIMARY KEY (`id`),
  KEY `ml_orders_facturadas_person_id_foreign` (`person_id`),
  KEY `ml_orders_facturadas_fact_elec_receipt_id_foreign` (`fact_elec_receipt_id`),
  CONSTRAINT `ml_orders_facturadas_fact_elec_receipt_id_foreign` FOREIGN KEY (`fact_elec_receipt_id`) REFERENCES `fact_elec_receipts` (`id`),
  CONSTRAINT `ml_orders_facturadas_person_id_foreign` FOREIGN KEY (`person_id`) REFERENCES `persons` (`id`)
) ENGINE=InnoDB DEFAULT CHARSET=utf8mb4 COLLATE=utf8mb4_unicode_ci;

--
-- Dumping data for table `ml_orders_facturadas`
--


--
-- Table structure for table `ml_set_facturacion`
--

CREATE TABLE `ml_set_facturacion` (
  `id` bigint(20) unsigned NOT NULL AUTO_INCREMENT,
  `user_id` int(10) unsigned DEFAULT NULL,
  `person_id` int(10) unsigned NOT NULL,
  `cliente_id` int(10) unsigned DEFAULT NULL,
  `taxable_iibb` int(11) NOT NULL DEFAULT '2',
  `type_receipt_id` int(10) unsigned DEFAULT NULL,
  `cond_frente_iva` int(10) unsigned DEFAULT NULL,
  `cond_venta` int(10) unsigned DEFAULT NULL,
  `zone_id` int(10) unsigned DEFAULT NULL,
  `activity_id` int(10) unsigned DEFAULT NULL,
  `punto_venta_id` int(10) unsigned DEFAULT NULL,
  `concepto_id` int(10) unsigned DEFAULT NULL,
  `system_tax_id` int(10) unsigned DEFAULT NULL,
  `habilitado` tinyint(1) NOT NULL DEFAULT '1',
  `created_at` timestamp NULL DEFAULT NULL,
  `updated_at` timestamp NULL DEFAULT NULL,
  `deleted_at` timestamp NULL DEFAULT NULL,
  PRIMARY KEY (`id`),
  KEY `ml_set_facturacion_person_id_foreign` (`person_id`),
  KEY `ml_set_facturacion_cliente_id_foreign` (`cliente_id`),
  KEY `ml_set_facturacion_type_receipt_id_foreign` (`type_receipt_id`),
  KEY `ml_set_facturacion_cond_frente_iva_foreign` (`cond_frente_iva`),
  KEY `ml_set_facturacion_cond_venta_foreign` (`cond_venta`),
  KEY `ml_set_facturacion_zone_id_foreign` (`zone_id`),
  KEY `ml_set_facturacion_activity_id_foreign` (`activity_id`),
  KEY `ml_set_facturacion_punto_venta_id_foreign` (`punto_venta_id`),
  KEY `ml_set_facturacion_concepto_id_foreign` (`concepto_id`),
  KEY `ml_set_facturacion_system_tax_id_foreign` (`system_tax_id`),
  CONSTRAINT `ml_set_facturacion_activity_id_foreign` FOREIGN KEY (`activity_id`) REFERENCES `activities` (`id`),
  CONSTRAINT `ml_set_facturacion_cliente_id_foreign` FOREIGN KEY (`cliente_id`) REFERENCES `persons` (`id`),
  CONSTRAINT `ml_set_facturacion_concepto_id_foreign` FOREIGN KEY (`concepto_id`) REFERENCES `fact_elec_conceptos_afip` (`id`),
  CONSTRAINT `ml_set_facturacion_cond_frente_iva_foreign` FOREIGN KEY (`cond_frente_iva`) REFERENCES `condicion_frente_al_iva` (`id`),
  CONSTRAINT `ml_set_facturacion_cond_venta_foreign` FOREIGN KEY (`cond_venta`) REFERENCES `condiciones_venta` (`id`),
  CONSTRAINT `ml_set_facturacion_person_id_foreign` FOREIGN KEY (`person_id`) REFERENCES `persons` (`id`),
  CONSTRAINT `ml_set_facturacion_punto_venta_id_foreign` FOREIGN KEY (`punto_venta_id`) REFERENCES `fact_elec_puntos_venta` (`id`),
  CONSTRAINT `ml_set_facturacion_system_tax_id_foreign` FOREIGN KEY (`system_tax_id`) REFERENCES `system_taxes` (`id`),
  CONSTRAINT `ml_set_facturacion_type_receipt_id_foreign` FOREIGN KEY (`type_receipt_id`) REFERENCES `receipt_types` (`id`),
  CONSTRAINT `ml_set_facturacion_zone_id_foreign` FOREIGN KEY (`zone_id`) REFERENCES `zones` (`id`)
) ENGINE=InnoDB DEFAULT CHARSET=utf8mb4 COLLATE=utf8mb4_unicode_ci;

--
-- Dumping data for table `ml_set_facturacion`
--


--
-- Table structure for table `monedas`
--

CREATE TABLE `monedas` (
  `id` int(10) unsigned NOT NULL AUTO_INCREMENT,
  `user_id` int(10) unsigned DEFAULT NULL,
  `moneda` text COLLATE utf8mb4_unicode_ci NOT NULL,
  `descripcion_afip` varchar(191) COLLATE utf8mb4_unicode_ci DEFAULT NULL,
  `codigo_afip` varchar(191) COLLATE utf8mb4_unicode_ci DEFAULT NULL,
  `is_default` tinyint(1) NOT NULL DEFAULT '0',
  `descripcion` varchar(191) COLLATE utf8mb4_unicode_ci NOT NULL,
  `simbolo` varchar(191) COLLATE utf8mb4_unicode_ci NOT NULL,
  `habilitado` tinyint(1) NOT NULL DEFAULT '1',
  `created_at` timestamp NULL DEFAULT NULL,
  `updated_at` timestamp NULL DEFAULT NULL,
  `deleted_at` timestamp NULL DEFAULT NULL,
  PRIMARY KEY (`id`)
) ENGINE=InnoDB AUTO_INCREMENT=6 DEFAULT CHARSET=utf8mb4 COLLATE=utf8mb4_unicode_ci;

--
-- Dumping data for table `monedas`
--

INSERT INTO `monedas` VALUES (1,NULL,'PESOS',NULL,'PES',1,'$ Pesos','$',1,'2023-02-16 08:53:02','2023-07-13 00:11:18',NULL),(2,NULL,'DOLARES','Dólar EstadoUnidense','DOL',0,'U$S Oficial Venta','USD',1,'2023-02-16 08:53:02','2023-07-13 00:11:18',NULL),(3,NULL,'DOLARES',NULL,NULL,0,'U$S Blue Venta','U$S',1,'2023-02-16 08:53:02','2023-07-13 00:11:18',NULL),(4,NULL,'DOLARES',NULL,NULL,0,'U$S Mayorista Venta','U$S',0,'2023-02-16 08:53:03','2023-07-13 00:11:18',NULL),(5,NULL,'EUROS','EURO','060',0,'Euro Oficial Venta','€',1,'2023-07-13 00:11:18','2023-07-13 00:11:18',NULL);

--
-- Table structure for table `months`
--

CREATE TABLE `months` (
  `id` int(11) NOT NULL AUTO_INCREMENT,
  `month` int(11) DEFAULT NULL,
  `date_to` varchar(6) DEFAULT NULL,
  `descripcion` varchar(191) NOT NULL,
  PRIMARY KEY (`id`)
) ENGINE=InnoDB AUTO_INCREMENT=13 DEFAULT CHARSET=latin1;

--
-- Dumping data for table `months`
--

INSERT INTO `months` VALUES (1,1,'-01-31','enero'),(2,2,'-02-28','febrero'),(3,3,'-03-31','marzo'),(4,4,'-04-30','abril'),(5,5,'-05-31','mayo'),(6,6,'-06-30','junio'),(7,7,'-07-31','julio'),(8,8,'-08-31','agosto'),(9,9,'-09-30','septiembre'),(10,10,'-10-31','octubre'),(11,11,'-11-30','noviembre'),(12,12,'-12-31','diciembre');

--
-- Table structure for table `nacionalidad`
--

CREATE TABLE `nacionalidad` (
  `id` int(10) unsigned NOT NULL AUTO_INCREMENT,
  `user_id` int(10) unsigned DEFAULT NULL,
  `descripcion` varchar(191) COLLATE utf8mb4_unicode_ci NOT NULL,
  `habilitado` tinyint(1) NOT NULL DEFAULT '1',
  `created_at` timestamp NULL DEFAULT NULL,
  `updated_at` timestamp NULL DEFAULT NULL,
  `deleted_at` timestamp NULL DEFAULT NULL,
  PRIMARY KEY (`id`),
  UNIQUE KEY `nacionalidad_descripcion_unique` (`descripcion`)
) ENGINE=InnoDB AUTO_INCREMENT=3 DEFAULT CHARSET=utf8mb4 COLLATE=utf8mb4_unicode_ci;

--
-- Dumping data for table `nacionalidad`
--

INSERT INTO `nacionalidad` VALUES (1,NULL,'Argentina',1,'2020-05-28 20:55:23','2020-05-28 20:55:23',NULL),(2,NULL,'Extranjero',1,'2020-05-28 20:55:23','2020-05-28 20:55:23',NULL);

--
-- Table structure for table `nf_cta_cte`
--

CREATE TABLE `nf_cta_cte` (
  `id` int(10) unsigned NOT NULL AUTO_INCREMENT,
  `user_id` int(10) unsigned DEFAULT NULL,
  `nf_receipt_id` int(10) unsigned DEFAULT NULL,
  `tipo_asiento_id` int(10) unsigned NOT NULL,
  `person_id` int(10) unsigned NOT NULL,
  `person_id_relationed` int(10) unsigned NOT NULL,
  `period_id` int(10) unsigned NOT NULL,
  `cta_cte_tesoreria_cuenta_id` int(10) unsigned NOT NULL,
  `saldo_id` int(10) unsigned NOT NULL,
  `compensado` tinyint(1) NOT NULL DEFAULT '0',
  `fecha` date DEFAULT NULL,
  `total` decimal(16,2) NOT NULL,
  `moneda_id` int(10) unsigned NOT NULL DEFAULT '1',
  `comentario` varchar(191) COLLATE utf8mb4_unicode_ci DEFAULT NULL,
  `file` varchar(191) COLLATE utf8mb4_unicode_ci DEFAULT NULL,
  `created_at` timestamp NULL DEFAULT NULL,
  `updated_at` timestamp NULL DEFAULT NULL,
  `deleted_at` timestamp NULL DEFAULT NULL,
  PRIMARY KEY (`id`),
  KEY `nf_cta_cte_nf_receipt_id_foreign` (`nf_receipt_id`),
  KEY `nf_cta_cte_person_id_foreign` (`person_id`),
  KEY `nf_cta_cte_person_id_relationed_foreign` (`person_id_relationed`),
  KEY `nf_cta_cte_period_id_foreign` (`period_id`),
  KEY `nf_cta_cte_cta_cte_tesoreria_cuenta_id_foreign` (`cta_cte_tesoreria_cuenta_id`),
  KEY `nf_cta_cte_saldo_id_foreign` (`saldo_id`),
  KEY `nf_cta_cte_tipo_asiento_id_foreign` (`tipo_asiento_id`),
  KEY `nf_cta_cte_moneda_id_foreign` (`moneda_id`),
  CONSTRAINT `nf_cta_cte_cta_cte_tesoreria_cuenta_id_foreign` FOREIGN KEY (`cta_cte_tesoreria_cuenta_id`) REFERENCES `cta_cte_tesoreria_cuentas` (`id`),
  CONSTRAINT `nf_cta_cte_moneda_id_foreign` FOREIGN KEY (`moneda_id`) REFERENCES `monedas` (`id`),
  CONSTRAINT `nf_cta_cte_nf_receipt_id_foreign` FOREIGN KEY (`nf_receipt_id`) REFERENCES `nf_receipts` (`id`),
  CONSTRAINT `nf_cta_cte_period_id_foreign` FOREIGN KEY (`period_id`) REFERENCES `periods` (`id`),
  CONSTRAINT `nf_cta_cte_person_id_foreign` FOREIGN KEY (`person_id`) REFERENCES `persons` (`id`),
  CONSTRAINT `nf_cta_cte_person_id_relationed_foreign` FOREIGN KEY (`person_id_relationed`) REFERENCES `persons` (`id`),
  CONSTRAINT `nf_cta_cte_saldo_id_foreign` FOREIGN KEY (`saldo_id`) REFERENCES `conta_tipo_saldos` (`id`),
  CONSTRAINT `nf_cta_cte_tipo_asiento_id_foreign` FOREIGN KEY (`tipo_asiento_id`) REFERENCES `conta_tipo_asientos` (`id`)
) ENGINE=InnoDB AUTO_INCREMENT=5 DEFAULT CHARSET=utf8mb4 COLLATE=utf8mb4_unicode_ci;

--
-- Dumping data for table `nf_cta_cte`
--

INSERT INTO `nf_cta_cte` VALUES (1,8522,1,2,40718,40814,1521,13,1,0,'2023-03-01',15000.00,1,NULL,NULL,'2023-03-01 11:32:20','2023-03-01 11:32:20',NULL),(2,8522,2,3,40718,40814,1520,57,2,0,'2023-02-08',55000.00,1,'',NULL,'2023-03-01 11:39:58','2023-03-01 11:39:58',NULL),(3,8522,3,2,40718,40814,1521,13,1,0,'2023-03-01',835.00,1,'Ticket 1',NULL,'2023-03-01 12:01:59','2023-03-01 12:01:59',NULL),(4,8522,NULL,20,40718,40717,1521,13,2,0,'2023-03-03',150.00,1,NULL,NULL,'2023-03-02 22:15:32','2023-03-02 22:15:54','2023-03-02 22:15:54');

--
-- Table structure for table `nf_cta_cte_details`
--

CREATE TABLE `nf_cta_cte_details` (
  `id` int(10) unsigned NOT NULL AUTO_INCREMENT,
  `user_id` int(10) unsigned DEFAULT NULL,
  `nf_cta_cte_id` int(10) unsigned NOT NULL,
  `person_id` int(10) unsigned DEFAULT NULL,
  `person_id_relationed` int(10) unsigned DEFAULT NULL,
  `period_id` int(10) unsigned DEFAULT NULL,
  `tipo_asiento_id` int(10) unsigned NOT NULL,
  `cta_cte_tesoreria_cuenta_id` int(10) unsigned NOT NULL,
  `saldo_id` int(10) unsigned NOT NULL,
  `monto` decimal(16,2) NOT NULL,
  `created_at` timestamp NULL DEFAULT NULL,
  `updated_at` timestamp NULL DEFAULT NULL,
  `deleted_at` timestamp NULL DEFAULT NULL,
  PRIMARY KEY (`id`),
  KEY `nf_cta_cte_details_nf_cta_cte_id_foreign` (`nf_cta_cte_id`),
  KEY `nf_cta_cte_details_person_id_foreign` (`person_id`),
  KEY `nf_cta_cte_details_person_id_relationed_foreign` (`person_id_relationed`),
  KEY `nf_cta_cte_details_period_id_foreign` (`period_id`),
  KEY `nf_cta_cte_details_tipo_asiento_id_foreign` (`tipo_asiento_id`),
  KEY `nf_cta_cte_details_cta_cte_tesoreria_cuenta_id_foreign` (`cta_cte_tesoreria_cuenta_id`),
  KEY `nf_cta_cte_details_saldo_id_foreign` (`saldo_id`),
  CONSTRAINT `nf_cta_cte_details_cta_cte_tesoreria_cuenta_id_foreign` FOREIGN KEY (`cta_cte_tesoreria_cuenta_id`) REFERENCES `cta_cte_tesoreria_cuentas` (`id`),
  CONSTRAINT `nf_cta_cte_details_nf_cta_cte_id_foreign` FOREIGN KEY (`nf_cta_cte_id`) REFERENCES `nf_cta_cte` (`id`),
  CONSTRAINT `nf_cta_cte_details_period_id_foreign` FOREIGN KEY (`period_id`) REFERENCES `periods` (`id`),
  CONSTRAINT `nf_cta_cte_details_person_id_foreign` FOREIGN KEY (`person_id`) REFERENCES `persons` (`id`),
  CONSTRAINT `nf_cta_cte_details_person_id_relationed_foreign` FOREIGN KEY (`person_id_relationed`) REFERENCES `persons` (`id`),
  CONSTRAINT `nf_cta_cte_details_saldo_id_foreign` FOREIGN KEY (`saldo_id`) REFERENCES `conta_tipo_saldos` (`id`),
  CONSTRAINT `nf_cta_cte_details_tipo_asiento_id_foreign` FOREIGN KEY (`tipo_asiento_id`) REFERENCES `conta_tipo_asientos` (`id`)
) ENGINE=InnoDB DEFAULT CHARSET=utf8mb4 COLLATE=utf8mb4_unicode_ci;

--
-- Dumping data for table `nf_cta_cte_details`
--


--
-- Table structure for table `nf_invoices`
--

CREATE TABLE `nf_invoices` (
  `id` bigint(20) unsigned NOT NULL AUTO_INCREMENT,
  `user_id` int(10) unsigned DEFAULT NULL,
  `person_id` int(10) unsigned NOT NULL,
  `person_id_relationed` int(10) unsigned NOT NULL,
  `punto_vta_id` int(10) unsigned NOT NULL,
  `period_id` int(10) unsigned NOT NULL,
  `numero` int(11) NOT NULL,
  `fecha` date NOT NULL,
  `total` decimal(16,2) NOT NULL,
  `comentario` longtext COLLATE utf8mb4_unicode_ci NOT NULL,
  `created_at` timestamp NULL DEFAULT NULL,
  `updated_at` timestamp NULL DEFAULT NULL,
  `deleted_at` timestamp NULL DEFAULT NULL,
  PRIMARY KEY (`id`),
  KEY `nf_invoices_person_id_foreign` (`person_id`),
  KEY `nf_invoices_person_id_relationed_foreign` (`person_id_relationed`),
  KEY `nf_invoices_punto_vta_id_foreign` (`punto_vta_id`),
  KEY `nf_invoices_period_id_foreign` (`period_id`),
  CONSTRAINT `nf_invoices_period_id_foreign` FOREIGN KEY (`period_id`) REFERENCES `periods` (`id`),
  CONSTRAINT `nf_invoices_person_id_foreign` FOREIGN KEY (`person_id`) REFERENCES `persons` (`id`),
  CONSTRAINT `nf_invoices_person_id_relationed_foreign` FOREIGN KEY (`person_id_relationed`) REFERENCES `persons` (`id`),
  CONSTRAINT `nf_invoices_punto_vta_id_foreign` FOREIGN KEY (`punto_vta_id`) REFERENCES `fact_elec_puntos_venta` (`id`)
) ENGINE=InnoDB AUTO_INCREMENT=2 DEFAULT CHARSET=utf8mb4 COLLATE=utf8mb4_unicode_ci;

--
-- Dumping data for table `nf_invoices`
--

INSERT INTO `nf_invoices` VALUES (1,8522,40718,40814,1,1521,1,'2023-03-01',15000.00,'','2023-03-01 11:32:20','2023-03-01 11:32:20',NULL);

--
-- Table structure for table `nf_invoices_details`
--

CREATE TABLE `nf_invoices_details` (
  `id` bigint(20) unsigned NOT NULL AUTO_INCREMENT,
  `user_id` int(10) unsigned DEFAULT NULL,
  `nf_invoice_id` bigint(20) unsigned NOT NULL,
  `cantidades` decimal(16,2) NOT NULL,
  `inv_producto_id` bigint(20) unsigned DEFAULT NULL,
  `inv_deposito_id` bigint(20) unsigned DEFAULT NULL,
  `descripcion` varchar(191) COLLATE utf8mb4_unicode_ci DEFAULT NULL,
  `neto` decimal(16,2) NOT NULL,
  `desc_porc` decimal(16,2) DEFAULT NULL,
  `descuento` decimal(16,2) DEFAULT NULL,
  `subtotal` decimal(16,2) NOT NULL,
  `created_at` timestamp NULL DEFAULT NULL,
  `updated_at` timestamp NULL DEFAULT NULL,
  `deleted_at` timestamp NULL DEFAULT NULL,
  PRIMARY KEY (`id`),
  KEY `nf_invoices_details_nf_invoice_id_foreign` (`nf_invoice_id`),
  KEY `nf_invoices_details_inv_producto_id_foreign` (`inv_producto_id`),
  KEY `nf_invoices_details_inv_deposito_id_foreign` (`inv_deposito_id`),
  CONSTRAINT `nf_invoices_details_inv_deposito_id_foreign` FOREIGN KEY (`inv_deposito_id`) REFERENCES `inv_depositos` (`id`),
  CONSTRAINT `nf_invoices_details_inv_producto_id_foreign` FOREIGN KEY (`inv_producto_id`) REFERENCES `inv_productos` (`id`),
  CONSTRAINT `nf_invoices_details_nf_invoice_id_foreign` FOREIGN KEY (`nf_invoice_id`) REFERENCES `nf_invoices` (`id`)
) ENGINE=InnoDB AUTO_INCREMENT=2 DEFAULT CHARSET=utf8mb4 COLLATE=utf8mb4_unicode_ci;

--
-- Dumping data for table `nf_invoices_details`
--

INSERT INTO `nf_invoices_details` VALUES (1,NULL,1,1.00,NULL,NULL,'Producto #',15000.00,NULL,0.00,15000.00,NULL,NULL,NULL);

--
-- Table structure for table `nf_receipts`
--

CREATE TABLE `nf_receipts` (
  `id` int(10) unsigned NOT NULL AUTO_INCREMENT,
  `user_id` int(10) unsigned NOT NULL,
  `person_id` int(10) unsigned NOT NULL,
  `person_id_relationed` int(10) unsigned NOT NULL,
  `period_id` int(10) unsigned NOT NULL,
  `type_id` int(10) unsigned NOT NULL,
  `receipt_type_id` int(10) unsigned NOT NULL,
  `fecha` date DEFAULT NULL,
  `total` decimal(16,2) NOT NULL,
  `descripcion` varchar(191) COLLATE utf8mb4_unicode_ci DEFAULT NULL,
  `comentario` varchar(191) COLLATE utf8mb4_unicode_ci DEFAULT NULL,
  `file` varchar(191) COLLATE utf8mb4_unicode_ci DEFAULT NULL,
  `created_at` timestamp NULL DEFAULT NULL,
  `updated_at` timestamp NULL DEFAULT NULL,
  `deleted_at` timestamp NULL DEFAULT NULL,
  PRIMARY KEY (`id`),
  KEY `nf_receipts_person_id_foreign` (`person_id`),
  KEY `nf_receipts_person_id_relationed_foreign` (`person_id_relationed`),
  KEY `nf_receipts_period_id_foreign` (`period_id`),
  KEY `nf_receipts_type_id_foreign` (`type_id`),
  KEY `nf_receipts_receipt_type_id_foreign` (`receipt_type_id`),
  CONSTRAINT `nf_receipts_period_id_foreign` FOREIGN KEY (`period_id`) REFERENCES `periods` (`id`),
  CONSTRAINT `nf_receipts_person_id_foreign` FOREIGN KEY (`person_id`) REFERENCES `persons` (`id`),
  CONSTRAINT `nf_receipts_person_id_relationed_foreign` FOREIGN KEY (`person_id_relationed`) REFERENCES `persons` (`id`),
  CONSTRAINT `nf_receipts_receipt_type_id_foreign` FOREIGN KEY (`receipt_type_id`) REFERENCES `receipt_types` (`id`),
  CONSTRAINT `nf_receipts_type_id_foreign` FOREIGN KEY (`type_id`) REFERENCES `types` (`id`)
) ENGINE=InnoDB AUTO_INCREMENT=4 DEFAULT CHARSET=utf8mb4 COLLATE=utf8mb4_unicode_ci;

--
-- Dumping data for table `nf_receipts`
--

INSERT INTO `nf_receipts` VALUES (1,8522,40718,40814,1521,1,1,'2023-03-01',15000.00,'00001 - 00000001',NULL,NULL,'2023-03-01 11:32:20','2023-03-01 11:32:20',NULL),(2,8522,40718,40814,1520,2,1,'2023-02-08',55000.00,'1-22','',NULL,'2023-03-01 11:39:58','2023-03-01 11:39:58',NULL),(3,8522,40718,40814,1521,1,4,'2023-03-01',835.00,'Ticket 1','Ticket 1',NULL,'2023-03-01 12:01:59','2023-03-01 12:01:59',NULL);

--
-- Table structure for table `notif`
--

CREATE TABLE `notif` (
  `id` int(10) unsigned NOT NULL AUTO_INCREMENT,
  `user_id` int(10) unsigned DEFAULT NULL,
  `send_notif_user_person_id` int(10) unsigned NOT NULL,
  `recept_notif_user_person_id` int(10) unsigned NOT NULL,
  `fecha` datetime NOT NULL DEFAULT '2020-01-23 18:56:25',
  `fecha_vto` datetime DEFAULT NULL,
  `leido` tinyint(1) NOT NULL DEFAULT '0',
  `pendiente` tinyint(1) NOT NULL DEFAULT '0',
  `asunto` varchar(191) COLLATE utf8mb4_unicode_ci DEFAULT NULL,
  `created_at` timestamp NULL DEFAULT NULL,
  `updated_at` timestamp NULL DEFAULT NULL,
  `deleted_at` timestamp NULL DEFAULT NULL,
  PRIMARY KEY (`id`),
  KEY `notif_send_notif_user_person_id_foreign` (`send_notif_user_person_id`),
  KEY `notif_recept_notif_user_person_id_foreign` (`recept_notif_user_person_id`),
  CONSTRAINT `notif_recept_notif_user_person_id_foreign` FOREIGN KEY (`recept_notif_user_person_id`) REFERENCES `notif_users_persons` (`id`),
  CONSTRAINT `notif_send_notif_user_person_id_foreign` FOREIGN KEY (`send_notif_user_person_id`) REFERENCES `notif_users_persons` (`id`)
) ENGINE=InnoDB DEFAULT CHARSET=utf8mb4 COLLATE=utf8mb4_unicode_ci;

--
-- Dumping data for table `notif`
--


--
-- Table structure for table `notif_detail`
--

CREATE TABLE `notif_detail` (
  `id` int(10) unsigned NOT NULL AUTO_INCREMENT,
  `user_id` int(10) unsigned DEFAULT NULL,
  `notificacion_id` int(10) unsigned NOT NULL,
  `notif_respuesta_id` int(10) unsigned DEFAULT NULL,
  `send_notif_user_person_id` int(10) unsigned NOT NULL,
  `recept_notif_user_person_id` int(10) unsigned NOT NULL,
  `fecha` datetime NOT NULL DEFAULT '2020-01-23 18:56:25',
  `body` text COLLATE utf8mb4_unicode_ci,
  `adjunto` text COLLATE utf8mb4_unicode_ci,
  `send_email` tinyint(1) NOT NULL DEFAULT '0',
  `is_respuesta` tinyint(1) NOT NULL DEFAULT '0',
  `created_at` timestamp NULL DEFAULT NULL,
  `updated_at` timestamp NULL DEFAULT NULL,
  `deleted_at` timestamp NULL DEFAULT NULL,
  PRIMARY KEY (`id`),
  KEY `notif_detail_send_notif_user_person_id_foreign` (`send_notif_user_person_id`),
  KEY `notif_detail_recept_notif_user_person_id_foreign` (`recept_notif_user_person_id`),
  KEY `notif_detail_notificacion_id_foreign` (`notificacion_id`),
  KEY `notif_detail_notif_respuesta_id_foreign` (`notif_respuesta_id`),
  CONSTRAINT `notif_detail_notif_respuesta_id_foreign` FOREIGN KEY (`notif_respuesta_id`) REFERENCES `notif_respuestas` (`id`),
  CONSTRAINT `notif_detail_notificacion_id_foreign` FOREIGN KEY (`notificacion_id`) REFERENCES `notif` (`id`),
  CONSTRAINT `notif_detail_recept_notif_user_person_id_foreign` FOREIGN KEY (`recept_notif_user_person_id`) REFERENCES `notif_users_persons` (`id`),
  CONSTRAINT `notif_detail_send_notif_user_person_id_foreign` FOREIGN KEY (`send_notif_user_person_id`) REFERENCES `notif_users_persons` (`id`)
) ENGINE=InnoDB DEFAULT CHARSET=utf8mb4 COLLATE=utf8mb4_unicode_ci;

--
-- Dumping data for table `notif_detail`
--


--
-- Table structure for table `notif_respuestas`
--

CREATE TABLE `notif_respuestas` (
  `id` int(10) unsigned NOT NULL AUTO_INCREMENT,
  `user_id` int(10) unsigned DEFAULT NULL,
  `send_notif_user_person_id` int(10) unsigned NOT NULL,
  `recept_notif_user_person_id` int(10) unsigned NOT NULL,
  `notif_id` int(10) unsigned DEFAULT NULL,
  `fecha` datetime NOT NULL DEFAULT '2020-01-23 18:56:25',
  `fecha_vto` datetime DEFAULT NULL,
  `leido` tinyint(1) NOT NULL DEFAULT '0',
  `asunto` varchar(191) COLLATE utf8mb4_unicode_ci DEFAULT NULL,
  `created_at` timestamp NULL DEFAULT NULL,
  `updated_at` timestamp NULL DEFAULT NULL,
  `deleted_at` timestamp NULL DEFAULT NULL,
  PRIMARY KEY (`id`),
  KEY `notif_respuestas_send_notif_user_person_id_foreign` (`send_notif_user_person_id`),
  KEY `notif_respuestas_recept_notif_user_person_id_foreign` (`recept_notif_user_person_id`),
  KEY `notif_respuestas_notif_id_foreign` (`notif_id`),
  CONSTRAINT `notif_respuestas_notif_id_foreign` FOREIGN KEY (`notif_id`) REFERENCES `notif` (`id`),
  CONSTRAINT `notif_respuestas_recept_notif_user_person_id_foreign` FOREIGN KEY (`recept_notif_user_person_id`) REFERENCES `notif_users_persons` (`id`),
  CONSTRAINT `notif_respuestas_send_notif_user_person_id_foreign` FOREIGN KEY (`send_notif_user_person_id`) REFERENCES `notif_users_persons` (`id`)
) ENGINE=InnoDB DEFAULT CHARSET=utf8mb4 COLLATE=utf8mb4_unicode_ci;

--
-- Dumping data for table `notif_respuestas`
--


--
-- Table structure for table `notif_users_persons`
--

CREATE TABLE `notif_users_persons` (
  `id` int(10) unsigned NOT NULL AUTO_INCREMENT,
  `user_id` int(10) unsigned NOT NULL,
  `person_id` int(10) unsigned NOT NULL,
  `parent_person_id` int(10) unsigned NOT NULL,
  `created_at` timestamp NULL DEFAULT NULL,
  `updated_at` timestamp NULL DEFAULT NULL,
  `deleted_at` timestamp NULL DEFAULT NULL,
  PRIMARY KEY (`id`),
  KEY `notif_users_persons_user_id_foreign` (`user_id`),
  KEY `notif_users_persons_person_id_foreign` (`person_id`),
  KEY `notif_users_persons_parent_person_id_foreign` (`parent_person_id`),
  CONSTRAINT `notif_users_persons_parent_person_id_foreign` FOREIGN KEY (`parent_person_id`) REFERENCES `persons` (`id`),
  CONSTRAINT `notif_users_persons_person_id_foreign` FOREIGN KEY (`person_id`) REFERENCES `persons` (`id`),
  CONSTRAINT `notif_users_persons_user_id_foreign` FOREIGN KEY (`user_id`) REFERENCES `tusers` (`idUser`)
) ENGINE=InnoDB DEFAULT CHARSET=utf8mb4 COLLATE=utf8mb4_unicode_ci;

--
-- Dumping data for table `notif_users_persons`
--


--
-- Table structure for table `obl_anual_conceptos`
--

CREATE TABLE `obl_anual_conceptos` (
  `id` int(10) unsigned NOT NULL AUTO_INCREMENT,
  `user_id` int(10) unsigned DEFAULT NULL,
  `nombre` varchar(191) COLLATE utf8mb4_unicode_ci NOT NULL,
  `created_at` timestamp NULL DEFAULT NULL,
  `updated_at` timestamp NULL DEFAULT NULL,
  `deleted_at` timestamp NULL DEFAULT NULL,
  PRIMARY KEY (`id`)
) ENGINE=InnoDB AUTO_INCREMENT=10 DEFAULT CHARSET=utf8mb4 COLLATE=utf8mb4_unicode_ci;

--
-- Dumping data for table `obl_anual_conceptos`
--

INSERT INTO `obl_anual_conceptos` VALUES (1,NULL,'Balance','2019-11-29 18:37:49','2019-11-29 18:37:49',NULL),(2,NULL,'Ganancias','2019-11-29 18:37:49','2019-11-29 18:37:49',NULL),(3,NULL,'Acc y Part Soc','2019-11-29 18:37:49','2019-11-29 18:37:49',NULL),(4,NULL,'Part Soc Informativa','2019-11-29 18:37:49','2019-11-29 18:37:49',NULL),(5,NULL,'IGJ Balance','2019-11-29 18:37:49','2019-11-29 18:37:49',NULL),(6,NULL,'TASAS IGJ','2019-11-29 18:37:49','2019-11-29 18:37:49',NULL),(7,NULL,'Auditoria','2019-11-29 18:37:49','2019-11-29 18:37:49',NULL),(8,NULL,'Libros Societarios','2019-11-29 18:37:49','2019-11-29 18:37:49',NULL),(9,NULL,'CM 05','2019-11-29 18:37:49','2019-11-29 18:37:49',NULL);

--
-- Table structure for table `obl_anual_registros`
--

CREATE TABLE `obl_anual_registros` (
  `id` int(10) unsigned NOT NULL AUTO_INCREMENT,
  `user_id` int(10) unsigned DEFAULT NULL,
  `anio` int(10) unsigned NOT NULL,
  `person_id` int(10) unsigned NOT NULL,
  `obl_anual_concepto_id` int(10) unsigned NOT NULL,
  `cumplido` tinyint(1) NOT NULL DEFAULT '0',
  `created_at` timestamp NULL DEFAULT NULL,
  `updated_at` timestamp NULL DEFAULT NULL,
  `deleted_at` timestamp NULL DEFAULT NULL,
  PRIMARY KEY (`id`),
  KEY `obl_anual_registros_person_id_foreign` (`person_id`),
  KEY `obl_anual_registros_obl_anual_concepto_id_foreign` (`obl_anual_concepto_id`),
  CONSTRAINT `obl_anual_registros_obl_anual_concepto_id_foreign` FOREIGN KEY (`obl_anual_concepto_id`) REFERENCES `obl_anual_conceptos` (`id`) ON DELETE CASCADE,
  CONSTRAINT `obl_anual_registros_person_id_foreign` FOREIGN KEY (`person_id`) REFERENCES `persons` (`id`)
) ENGINE=InnoDB AUTO_INCREMENT=136 DEFAULT CHARSET=utf8mb4 COLLATE=utf8mb4_unicode_ci;

--
-- Dumping data for table `obl_anual_registros`
--

INSERT INTO `obl_anual_registros` VALUES (19,8747,2023,40866,1,1,'2023-04-26 17:19:31','2023-04-26 17:19:31',NULL),(20,8747,2023,40866,2,1,'2023-04-26 17:19:31','2023-04-26 17:19:31',NULL),(21,8747,2023,40866,3,0,'2023-04-26 17:19:31','2023-04-26 17:19:31',NULL),(22,8747,2023,40866,4,0,'2023-04-26 17:19:31','2023-04-26 17:19:31',NULL),(23,8747,2023,40866,5,0,'2023-04-26 17:19:31','2023-04-26 17:19:31',NULL),(24,8747,2023,40866,6,0,'2023-04-26 17:19:31','2023-04-26 17:19:31',NULL),(25,8747,2023,40866,7,0,'2023-04-26 17:19:31','2023-04-26 17:19:31',NULL),(26,8747,2023,40866,8,0,'2023-04-26 17:19:31','2023-04-26 17:19:31',NULL),(27,8747,2023,40866,9,0,'2023-04-26 17:19:31','2023-04-26 17:19:31',NULL),(28,8747,2023,40829,1,1,'2023-04-26 17:19:31','2023-04-26 17:19:31',NULL),(29,8747,2023,40829,2,1,'2023-04-26 17:19:31','2023-04-26 17:19:31',NULL),(30,8747,2023,40829,3,0,'2023-04-26 17:19:31','2023-04-26 17:19:31',NULL),(31,8747,2023,40829,4,0,'2023-04-26 17:19:31','2023-04-26 17:19:31',NULL),(32,8747,2023,40829,5,0,'2023-04-26 17:19:31','2023-04-26 17:19:31',NULL),(33,8747,2023,40829,6,0,'2023-04-26 17:19:31','2023-04-26 17:19:31',NULL),(34,8747,2023,40829,7,0,'2023-04-26 17:19:31','2023-04-26 17:19:31',NULL),(35,8747,2023,40829,8,0,'2023-04-26 17:19:31','2023-04-26 17:19:31',NULL),(36,8747,2023,40829,9,0,'2023-04-26 17:19:31','2023-04-26 17:19:31',NULL),(37,8747,2023,41121,1,0,'2023-09-05 11:42:56','2023-09-05 11:42:56',NULL),(38,8747,2023,41121,2,0,'2023-09-05 11:42:56','2023-09-05 11:42:56',NULL),(39,8747,2023,41121,3,0,'2023-09-05 11:42:56','2023-09-05 11:42:56',NULL),(40,8747,2023,41121,4,0,'2023-09-05 11:42:56','2023-09-05 11:42:56',NULL),(41,8747,2023,41121,5,0,'2023-09-05 11:42:56','2023-09-05 11:42:56',NULL),(42,8747,2023,41121,6,0,'2023-09-05 11:42:56','2023-09-05 11:42:56',NULL),(43,8747,2023,41121,7,0,'2023-09-05 11:42:56','2023-09-05 11:42:56',NULL),(44,8747,2023,41121,8,0,'2023-09-05 11:42:56','2023-09-05 11:42:56',NULL),(45,8747,2023,41121,9,0,'2023-09-05 11:42:56','2023-09-05 11:42:56',NULL),(46,8747,2024,40829,1,0,'2024-05-19 17:58:37','2024-05-19 17:58:37',NULL),(47,8747,2024,40829,2,0,'2024-05-19 17:58:37','2024-05-19 17:58:37',NULL),(48,8747,2024,40829,3,0,'2024-05-19 17:58:37','2024-05-19 17:58:37',NULL),(49,8747,2024,40829,4,0,'2024-05-19 17:58:37','2024-05-19 17:58:37',NULL),(50,8747,2024,40829,5,0,'2024-05-19 17:58:37','2024-05-19 17:58:37',NULL),(51,8747,2024,40829,6,0,'2024-05-19 17:58:37','2024-05-19 17:58:37',NULL),(52,8747,2024,40829,7,0,'2024-05-19 17:58:37','2024-05-19 17:58:37',NULL),(53,8747,2024,40829,8,0,'2024-05-19 17:58:37','2024-05-19 17:58:37',NULL),(54,8747,2024,40829,9,0,'2024-05-19 17:58:37','2024-05-19 17:58:37',NULL),(55,8747,2024,40866,1,0,'2024-05-19 17:58:37','2024-05-19 17:58:37',NULL),(56,8747,2024,40866,2,0,'2024-05-19 17:58:37','2024-05-19 17:58:37',NULL),(57,8747,2024,40866,3,0,'2024-05-19 17:58:37','2024-05-19 17:58:37',NULL),(58,8747,2024,40866,4,0,'2024-05-19 17:58:37','2024-05-19 17:58:37',NULL),(59,8747,2024,40866,5,0,'2024-05-19 17:58:37','2024-05-19 17:58:37',NULL),(60,8747,2024,40866,6,0,'2024-05-19 17:58:37','2024-05-19 17:58:37',NULL),(61,8747,2024,40866,7,0,'2024-05-19 17:58:37','2024-05-19 17:58:37',NULL),(62,8747,2024,40866,8,0,'2024-05-19 17:58:37','2024-05-19 17:58:37',NULL),(63,8747,2024,40866,9,0,'2024-05-19 17:58:37','2024-05-19 17:58:37',NULL),(64,8747,2024,41121,1,0,'2024-05-19 17:58:37','2024-05-19 17:58:37',NULL),(65,8747,2024,41121,2,0,'2024-05-19 17:58:37','2024-05-19 17:58:37',NULL),(66,8747,2024,41121,3,0,'2024-05-19 17:58:37','2024-05-19 17:58:37',NULL),(67,8747,2024,41121,4,0,'2024-05-19 17:58:37','2024-05-19 17:58:37',NULL),(68,8747,2024,41121,5,0,'2024-05-19 17:58:37','2024-05-19 17:58:37',NULL),(69,8747,2024,41121,6,0,'2024-05-19 17:58:37','2024-05-19 17:58:37',NULL),(70,8747,2024,41121,7,0,'2024-05-19 17:58:37','2024-05-19 17:58:37',NULL),(71,8747,2024,41121,8,0,'2024-05-19 17:58:37','2024-05-19 17:58:37',NULL),(72,8747,2024,41121,9,0,'2024-05-19 17:58:37','2024-05-19 17:58:37',NULL);
INSERT INTO `obl_anual_registros` VALUES (73,8747,2024,42190,1,0,'2024-05-19 17:58:37','2024-05-19 17:58:37',NULL),(74,8747,2024,42190,2,0,'2024-05-19 17:58:37','2024-05-19 17:58:37',NULL),(75,8747,2024,42190,3,0,'2024-05-19 17:58:37','2024-05-19 17:58:37',NULL),(76,8747,2024,42190,4,0,'2024-05-19 17:58:37','2024-05-19 17:58:37',NULL),(77,8747,2024,42190,5,0,'2024-05-19 17:58:37','2024-05-19 17:58:37',NULL),(78,8747,2024,42190,6,0,'2024-05-19 17:58:37','2024-05-19 17:58:37',NULL),(79,8747,2024,42190,7,0,'2024-05-19 17:58:37','2024-05-19 17:58:37',NULL),(80,8747,2024,42190,8,0,'2024-05-19 17:58:37','2024-05-19 17:58:37',NULL),(81,8747,2024,42190,9,0,'2024-05-19 17:58:37','2024-05-19 17:58:37',NULL),(82,8747,2025,40829,1,0,'2025-09-26 10:57:50','2025-09-26 10:57:50',NULL),(83,8747,2025,40829,2,0,'2025-09-26 10:57:50','2025-09-26 10:57:50',NULL),(84,8747,2025,40829,3,0,'2025-09-26 10:57:50','2025-09-26 10:57:50',NULL),(85,8747,2025,40829,4,0,'2025-09-26 10:57:50','2025-09-26 10:57:50',NULL),(86,8747,2025,40829,5,0,'2025-09-26 10:57:50','2025-09-26 10:57:50',NULL),(87,8747,2025,40829,6,0,'2025-09-26 10:57:50','2025-09-26 10:57:50',NULL),(88,8747,2025,40829,7,0,'2025-09-26 10:57:50','2025-09-26 10:57:50',NULL),(89,8747,2025,40829,8,0,'2025-09-26 10:57:50','2025-09-26 10:57:50',NULL),(90,8747,2025,40829,9,0,'2025-09-26 10:57:50','2025-09-26 10:57:50',NULL),(91,8747,2025,40866,1,0,'2025-09-26 10:57:50','2025-09-26 10:57:50',NULL),(92,8747,2025,40866,2,0,'2025-09-26 10:57:50','2025-09-26 10:57:50',NULL),(93,8747,2025,40866,3,0,'2025-09-26 10:57:50','2025-09-26 10:57:50',NULL),(94,8747,2025,40866,4,0,'2025-09-26 10:57:50','2025-09-26 10:57:50',NULL),(95,8747,2025,40866,5,0,'2025-09-26 10:57:50','2025-09-26 10:57:50',NULL),(96,8747,2025,40866,6,0,'2025-09-26 10:57:50','2025-09-26 10:57:50',NULL),(97,8747,2025,40866,7,0,'2025-09-26 10:57:50','2025-09-26 10:57:50',NULL),(98,8747,2025,40866,8,0,'2025-09-26 10:57:50','2025-09-26 10:57:50',NULL),(99,8747,2025,40866,9,0,'2025-09-26 10:57:50','2025-09-26 10:57:50',NULL),(100,8747,2025,41121,1,0,'2025-09-26 10:57:50','2025-09-26 10:57:50',NULL),(101,8747,2025,41121,2,0,'2025-09-26 10:57:50','2025-09-26 10:57:50',NULL),(102,8747,2025,41121,3,0,'2025-09-26 10:57:50','2025-09-26 10:57:50',NULL),(103,8747,2025,41121,4,0,'2025-09-26 10:57:50','2025-09-26 10:57:50',NULL),(104,8747,2025,41121,5,0,'2025-09-26 10:57:50','2025-09-26 10:57:50',NULL),(105,8747,2025,41121,6,0,'2025-09-26 10:57:50','2025-09-26 10:57:50',NULL),(106,8747,2025,41121,7,0,'2025-09-26 10:57:50','2025-09-26 10:57:50',NULL),(107,8747,2025,41121,8,0,'2025-09-26 10:57:50','2025-09-26 10:57:50',NULL),(108,8747,2025,41121,9,0,'2025-09-26 10:57:50','2025-09-26 10:57:50',NULL),(109,8747,2025,42190,1,0,'2025-09-26 10:57:50','2025-09-26 10:57:50',NULL),(110,8747,2025,42190,2,0,'2025-09-26 10:57:50','2025-09-26 10:57:50',NULL),(111,8747,2025,42190,3,0,'2025-09-26 10:57:50','2025-09-26 10:57:50',NULL),(112,8747,2025,42190,4,0,'2025-09-26 10:57:50','2025-09-26 10:57:50',NULL),(113,8747,2025,42190,5,0,'2025-09-26 10:57:50','2025-09-26 10:57:50',NULL),(114,8747,2025,42190,6,0,'2025-09-26 10:57:50','2025-09-26 10:57:50',NULL),(115,8747,2025,42190,7,0,'2025-09-26 10:57:50','2025-09-26 10:57:50',NULL),(116,8747,2025,42190,8,0,'2025-09-26 10:57:50','2025-09-26 10:57:50',NULL),(117,8747,2025,42190,9,0,'2025-09-26 10:57:50','2025-09-26 10:57:50',NULL),(118,8747,2025,47764,1,0,'2025-09-26 10:57:50','2025-09-26 10:57:50',NULL),(119,8747,2025,47764,2,0,'2025-09-26 10:57:50','2025-09-26 10:57:50',NULL),(120,8747,2025,47764,3,0,'2025-09-26 10:57:50','2025-09-26 10:57:50',NULL),(121,8747,2025,47764,4,0,'2025-09-26 10:57:50','2025-09-26 10:57:50',NULL),(122,8747,2025,47764,5,0,'2025-09-26 10:57:50','2025-09-26 10:57:50',NULL),(123,8747,2025,47764,6,0,'2025-09-26 10:57:50','2025-09-26 10:57:50',NULL),(124,8747,2025,47764,7,0,'2025-09-26 10:57:50','2025-09-26 10:57:50',NULL),(125,8747,2025,47764,8,0,'2025-09-26 10:57:50','2025-09-26 10:57:50',NULL);
INSERT INTO `obl_anual_registros` VALUES (126,8747,2025,47764,9,0,'2025-09-26 10:57:50','2025-09-26 10:57:50',NULL),(127,8747,2025,53488,1,0,'2025-09-26 10:57:50','2025-09-26 10:57:50',NULL),(128,8747,2025,53488,2,0,'2025-09-26 10:57:50','2025-09-26 10:57:50',NULL),(129,8747,2025,53488,3,0,'2025-09-26 10:57:50','2025-09-26 10:57:50',NULL),(130,8747,2025,53488,4,0,'2025-09-26 10:57:50','2025-09-26 10:57:50',NULL),(131,8747,2025,53488,5,0,'2025-09-26 10:57:50','2025-09-26 10:57:50',NULL),(132,8747,2025,53488,6,0,'2025-09-26 10:57:50','2025-09-26 10:57:50',NULL),(133,8747,2025,53488,7,0,'2025-09-26 10:57:50','2025-09-26 10:57:50',NULL),(134,8747,2025,53488,8,0,'2025-09-26 10:57:50','2025-09-26 10:57:50',NULL),(135,8747,2025,53488,9,0,'2025-09-26 10:57:50','2025-09-26 10:57:50',NULL);

--
-- Table structure for table `ot_devoluciones_files`
--

CREATE TABLE `ot_devoluciones_files` (
  `id` bigint(20) unsigned NOT NULL AUTO_INCREMENT,
  `user_id` int(10) unsigned DEFAULT NULL,
  `inv_ot_devolucion_id` bigint(20) unsigned NOT NULL,
  `descripcion` varchar(255) COLLATE utf8mb4_unicode_ci DEFAULT NULL,
  `path` varchar(191) COLLATE utf8mb4_unicode_ci DEFAULT NULL,
  `name_original` varchar(191) COLLATE utf8mb4_unicode_ci DEFAULT NULL,
  `created_at` timestamp NULL DEFAULT NULL,
  `updated_at` timestamp NULL DEFAULT NULL,
  `deleted_at` timestamp NULL DEFAULT NULL,
  PRIMARY KEY (`id`),
  KEY `ot_devoluciones_files_inv_ot_devolucion_id_foreign` (`inv_ot_devolucion_id`),
  CONSTRAINT `ot_devoluciones_files_inv_ot_devolucion_id_foreign` FOREIGN KEY (`inv_ot_devolucion_id`) REFERENCES `inv_ot_devoluciones` (`id`)
) ENGINE=InnoDB DEFAULT CHARSET=utf8mb4 COLLATE=utf8mb4_unicode_ci;

--
-- Dumping data for table `ot_devoluciones_files`
--


--
-- Table structure for table `ot_devoluciones_productos`
--

CREATE TABLE `ot_devoluciones_productos` (
  `id` bigint(20) unsigned NOT NULL AUTO_INCREMENT,
  `user_id` int(10) unsigned DEFAULT NULL,
  `inv_ot_devolucion_id` bigint(20) unsigned NOT NULL,
  `inv_producto_id` bigint(20) unsigned DEFAULT NULL,
  `cantidades` decimal(16,2) NOT NULL,
  `descripcion` varchar(191) COLLATE utf8mb4_unicode_ci DEFAULT NULL,
  `moneda_id` int(10) unsigned NOT NULL,
  `costo` decimal(16,2) NOT NULL,
  `precio_sin_iva` decimal(16,2) NOT NULL DEFAULT '0.00',
  `neto` decimal(16,2) NOT NULL DEFAULT '0.00',
  `system_tax_id` int(10) unsigned NOT NULL,
  `iva` decimal(16,2) NOT NULL DEFAULT '0.00',
  `subtotal` decimal(16,2) NOT NULL DEFAULT '0.00',
  `created_at` timestamp NULL DEFAULT NULL,
  `updated_at` timestamp NULL DEFAULT NULL,
  `deleted_at` timestamp NULL DEFAULT NULL,
  PRIMARY KEY (`id`),
  KEY `ot_devoluciones_productos_inv_ot_devolucion_id_foreign` (`inv_ot_devolucion_id`),
  KEY `ot_devoluciones_productos_inv_producto_id_foreign` (`inv_producto_id`),
  KEY `ot_devoluciones_productos_moneda_id_foreign` (`moneda_id`),
  KEY `ot_devoluciones_productos_system_tax_id_foreign` (`system_tax_id`),
  CONSTRAINT `ot_devoluciones_productos_inv_ot_devolucion_id_foreign` FOREIGN KEY (`inv_ot_devolucion_id`) REFERENCES `inv_ot_devoluciones` (`id`),
  CONSTRAINT `ot_devoluciones_productos_inv_producto_id_foreign` FOREIGN KEY (`inv_producto_id`) REFERENCES `inv_productos` (`id`),
  CONSTRAINT `ot_devoluciones_productos_moneda_id_foreign` FOREIGN KEY (`moneda_id`) REFERENCES `monedas` (`id`),
  CONSTRAINT `ot_devoluciones_productos_system_tax_id_foreign` FOREIGN KEY (`system_tax_id`) REFERENCES `system_taxes` (`id`)
) ENGINE=InnoDB DEFAULT CHARSET=utf8mb4 COLLATE=utf8mb4_unicode_ci;

--
-- Dumping data for table `ot_devoluciones_productos`
--


--
-- Table structure for table `other_taxes`
--

CREATE TABLE `other_taxes` (
  `id` int(10) unsigned NOT NULL AUTO_INCREMENT,
  `created_at` timestamp NULL DEFAULT NULL,
  `updated_at` timestamp NULL DEFAULT NULL,
  `name` varchar(255) COLLATE utf8mb4_unicode_ci NOT NULL,
  `section` varchar(255) COLLATE utf8mb4_unicode_ci NOT NULL,
  `percent_tax` decimal(16,2) NOT NULL DEFAULT '0.00',
  `zone_id` int(10) unsigned DEFAULT NULL,
  `aliases` varchar(255) COLLATE utf8mb4_unicode_ci DEFAULT NULL,
  `section_name` varchar(255) COLLATE utf8mb4_unicode_ci DEFAULT NULL,
  `plan_cuenta_id` int(10) unsigned NOT NULL DEFAULT '1',
  `plan_cuenta_id_efectuada` int(10) unsigned DEFAULT NULL,
  PRIMARY KEY (`id`),
  KEY `other_taxes_plan_cuenta_id_foreign` (`plan_cuenta_id`),
  KEY `other_taxes_plan_cuenta_id_efectuada_foreign` (`plan_cuenta_id_efectuada`),
  CONSTRAINT `other_taxes_plan_cuenta_id_efectuada_foreign` FOREIGN KEY (`plan_cuenta_id_efectuada`) REFERENCES `conta_plan_cuenta` (`id`),
  CONSTRAINT `other_taxes_plan_cuenta_id_foreign` FOREIGN KEY (`plan_cuenta_id`) REFERENCES `conta_plan_cuenta` (`id`)
) ENGINE=InnoDB AUTO_INCREMENT=1034 DEFAULT CHARSET=utf8mb4 COLLATE=utf8mb4_unicode_ci;

--
-- Dumping data for table `other_taxes`
--

INSERT INTO `other_taxes` VALUES (1000,NULL,'2024-06-19 23:02:33','Perc IVA','iva',0.00,NULL,NULL,'IVA',220,1400),(1001,NULL,'2024-05-29 00:25:52','Imps. Internos','gas',0.00,NULL,NULL,'Imp. Combustibles',221,1401),(1002,NULL,'2024-05-29 00:25:53','Imp. Gasoil','gas',0.00,NULL,NULL,'Imp. Combustibles',222,1402),(1003,NULL,'2024-05-29 00:25:53','Imp. Hídricos','gas',0.00,NULL,NULL,'Imp. Combustibles',223,1403),(1004,NULL,'2024-05-29 00:25:53','ITC','gas',0.00,NULL,NULL,'Imp. Combustibles',224,1404),(1005,NULL,'2024-05-29 00:25:53','Perc IIBB  Buenos Aires','iibb',0.00,23,NULL,'IIBB',225,1405),(1006,NULL,'2024-05-29 00:25:53','Perc IIBB  Capital Federal','iibb',0.00,22,NULL,'IIBB',226,1406),(1007,NULL,'2024-05-29 00:25:53','Perc IIBB  Catamarca','iibb',0.00,24,NULL,'IIBB',227,1407),(1008,NULL,'2024-05-29 00:25:53','Perc IIBB  Chaco','iibb',0.00,3,NULL,'IIBB',228,1408),(1009,NULL,'2024-05-29 00:25:53','Perc IIBB  Chubut','iibb',0.00,4,NULL,'IIBB',229,1409),(1010,NULL,'2024-05-29 00:25:53','Perc IIBB  Córdoba','iibb',0.00,1,NULL,'IIBB',230,1410),(1011,NULL,'2024-05-29 00:25:53','Perc IIBB  Corrientes','iibb',0.00,2,NULL,'IIBB',231,1411),(1012,NULL,'2024-05-29 00:25:53','Perc IIBB  Entre Ríos','iibb',0.00,5,NULL,'IIBB',232,1412),(1013,NULL,'2024-05-29 00:25:53','Perc IIBB  Formosa','iibb',0.00,6,NULL,'IIBB',233,1413),(1014,NULL,'2024-05-29 00:25:53','Perc IIBB  Jujuy','iibb',0.00,7,NULL,'IIBB',234,1414),(1015,NULL,'2024-05-29 00:25:53','Perc IIBB  La Pampa','iibb',0.00,8,NULL,'IIBB',235,1415),(1016,NULL,'2024-05-29 00:25:53','Perc IIBB  La Rioja','iibb',0.00,9,NULL,'IIBB',236,1416),(1017,NULL,'2024-05-29 00:25:53','Perc IIBB  Mendoza','iibb',0.00,10,NULL,'IIBB',237,1417),(1018,NULL,'2024-05-29 00:25:53','Perc IIBB  Misiones','iibb',0.00,11,NULL,'IIBB',238,1418),(1019,NULL,'2024-05-29 00:25:53','Perc IIBB  Neuquén','iibb',0.00,12,NULL,'IIBB',239,1419),(1020,NULL,'2024-05-29 00:25:53','Perc IIBB  Pascua Lama','iibb',0.00,25,NULL,'IIBB',240,1420),(1021,NULL,'2024-05-29 00:25:54','Perc IIBB  Río Negro','iibb',0.00,13,NULL,'IIBB',241,1421),(1022,NULL,'2024-05-29 00:25:54','Perc IIBB  Salta','iibb',0.00,14,NULL,'IIBB',242,1422),(1023,NULL,'2024-05-29 00:25:54','Perc IIBB  San Juan','iibb',0.00,15,NULL,'IIBB',243,1423),(1024,NULL,'2024-05-29 00:25:54','Perc IIBB  San Luis','iibb',0.00,16,NULL,'IIBB',244,1424),(1025,NULL,'2024-05-29 00:25:54','Perc IIBB  Santa Cruz','iibb',0.00,17,NULL,'IIBB',245,1425),(1026,NULL,'2024-05-29 00:25:54','Perc IIBB  Santa Fe','iibb',0.00,18,NULL,'IIBB',246,1426),(1027,NULL,'2024-05-29 00:25:54','Perc IIBB  Santiago del Estero','iibb',0.00,19,NULL,'IIBB',247,1427),(1028,NULL,'2024-05-29 00:25:54','Perc IIBB  Tierra del Fuego','iibb',0.00,20,NULL,'IIBB',248,1428),(1029,NULL,'2024-05-29 00:25:54','Perc IIBB  Tucuman','iibb',0.00,21,NULL,'IIBB',249,1429),(1030,'2019-05-03 03:33:05','2024-05-29 00:25:54','CO2 - Imp. Al Carbono','gas',0.00,NULL,NULL,'Imp. Combustibles',478,1430),(1031,'2023-02-16 08:53:03','2024-05-29 00:25:54','Imp. Municipales','gas',0.00,NULL,NULL,'Imp. Combustibles',215,1431),(1032,'2023-02-16 08:53:03','2024-05-29 00:25:54','Perc/Ret. Imp. Ganancias','gas',0.00,NULL,NULL,'Imp. Combustibles',216,1432),(1033,'2023-10-12 08:26:27','2024-05-29 00:25:54','Redondeo','redondeo',0.00,NULL,NULL,'Redondeo',136,136);

--
-- Table structure for table `pais`
--

CREATE TABLE `pais` (
  `id` int(10) unsigned NOT NULL AUTO_INCREMENT,
  `user_id` int(10) unsigned DEFAULT NULL,
  `codigo` int(10) unsigned DEFAULT NULL,
  `descripcion` varchar(191) COLLATE utf8mb4_unicode_ci NOT NULL,
  `habilitado` tinyint(1) NOT NULL DEFAULT '1',
  `created_at` timestamp NULL DEFAULT NULL,
  `updated_at` timestamp NULL DEFAULT NULL,
  `deleted_at` timestamp NULL DEFAULT NULL,
  PRIMARY KEY (`id`),
  UNIQUE KEY `pais_descripcion_unique` (`descripcion`),
  UNIQUE KEY `pais_codigo_unique` (`codigo`)
) ENGINE=InnoDB AUTO_INCREMENT=249 DEFAULT CHARSET=utf8mb4 COLLATE=utf8mb4_unicode_ci;

--
-- Dumping data for table `pais`
--

INSERT INTO `pais` VALUES (1,NULL,NULL,'Argentina',1,'2020-05-28 20:55:22','2020-05-28 20:55:22',NULL),(2,NULL,NULL,'Afghanistan',1,'2020-05-28 20:55:22','2020-05-28 20:55:22',NULL),(3,NULL,NULL,'Albania',1,'2020-05-28 20:55:22','2020-05-28 20:55:22',NULL),(4,NULL,NULL,'Alemania',1,'2020-05-28 20:55:22','2020-05-28 20:55:22',NULL),(5,NULL,NULL,'Algeria',1,'2020-05-28 20:55:22','2020-05-28 20:55:22',NULL),(6,NULL,NULL,'Andorra',1,'2020-05-28 20:55:22','2020-05-28 20:55:22',NULL),(7,NULL,NULL,'Angola',1,'2020-05-28 20:55:22','2020-05-28 20:55:22',NULL),(8,NULL,NULL,'Anguila',1,'2020-05-28 20:55:22','2020-05-28 20:55:22',NULL),(9,NULL,NULL,'Antártida',1,'2020-05-28 20:55:22','2020-05-28 20:55:22',NULL),(10,NULL,NULL,'Antigua y Barbuda',1,'2020-05-28 20:55:22','2020-05-28 20:55:22',NULL),(11,NULL,NULL,'Arabia Saudita',1,'2020-05-28 20:55:22','2020-05-28 20:55:22',NULL),(12,NULL,NULL,'Armenia',1,'2020-05-28 20:55:22','2020-05-28 20:55:22',NULL),(13,NULL,NULL,'Aruba',1,'2020-05-28 20:55:22','2020-05-28 20:55:22',NULL),(14,NULL,NULL,'Australia',1,'2020-05-28 20:55:22','2020-05-28 20:55:22',NULL),(15,NULL,NULL,'Austria',1,'2020-05-28 20:55:22','2020-05-28 20:55:22',NULL),(16,NULL,NULL,'Azerbaiyán',1,'2020-05-28 20:55:22','2020-05-28 20:55:22',NULL),(17,NULL,NULL,'Bélgica',1,'2020-05-28 20:55:22','2020-05-28 20:55:22',NULL),(18,NULL,NULL,'Bahamas',1,'2020-05-28 20:55:22','2020-05-28 20:55:22',NULL),(19,NULL,NULL,'Bahrein',1,'2020-05-28 20:55:22','2020-05-28 20:55:22',NULL),(20,NULL,NULL,'Bangladesh',1,'2020-05-28 20:55:22','2020-05-28 20:55:22',NULL),(21,NULL,NULL,'Barbados',1,'2020-05-28 20:55:22','2020-05-28 20:55:22',NULL),(22,NULL,NULL,'Belice',1,'2020-05-28 20:55:22','2020-05-28 20:55:22',NULL),(23,NULL,NULL,'Benín',1,'2020-05-28 20:55:22','2020-05-28 20:55:22',NULL),(24,NULL,NULL,'Bhután',1,'2020-05-28 20:55:22','2020-05-28 20:55:22',NULL),(25,NULL,NULL,'Bielorrusia',1,'2020-05-28 20:55:22','2020-05-28 20:55:22',NULL),(26,NULL,NULL,'Birmania',1,'2020-05-28 20:55:22','2020-05-28 20:55:22',NULL),(27,NULL,NULL,'Bolivia',1,'2020-05-28 20:55:22','2020-05-28 20:55:22',NULL),(28,NULL,NULL,'Bosnia y Herzegovina',1,'2020-05-28 20:55:22','2020-05-28 20:55:22',NULL),(29,NULL,NULL,'Botsuana',1,'2020-05-28 20:55:22','2020-05-28 20:55:22',NULL),(30,NULL,NULL,'Brasil',1,'2020-05-28 20:55:22','2020-05-28 20:55:22',NULL),(31,NULL,NULL,'Brunéi',1,'2020-05-28 20:55:22','2020-05-28 20:55:22',NULL),(32,NULL,NULL,'Bulgaria',1,'2020-05-28 20:55:22','2020-05-28 20:55:22',NULL),(33,NULL,NULL,'Burkina Faso',1,'2020-05-28 20:55:22','2020-05-28 20:55:22',NULL),(34,NULL,NULL,'Burundi',1,'2020-05-28 20:55:22','2020-05-28 20:55:22',NULL),(35,NULL,NULL,'Cabo Verde',1,'2020-05-28 20:55:22','2020-05-28 20:55:22',NULL),(36,NULL,NULL,'Camboya',1,'2020-05-28 20:55:22','2020-05-28 20:55:22',NULL),(37,NULL,NULL,'Camerún',1,'2020-05-28 20:55:22','2020-05-28 20:55:22',NULL),(38,NULL,NULL,'Canadá',1,'2020-05-28 20:55:22','2020-05-28 20:55:22',NULL),(39,NULL,NULL,'Chad',1,'2020-05-28 20:55:22','2020-05-28 20:55:22',NULL),(40,NULL,NULL,'Chile',1,'2020-05-28 20:55:22','2020-05-28 20:55:22',NULL),(41,NULL,NULL,'China',1,'2020-05-28 20:55:22','2020-05-28 20:55:22',NULL),(42,NULL,NULL,'Chipre',1,'2020-05-28 20:55:22','2020-05-28 20:55:22',NULL),(43,NULL,NULL,'Ciudad del Vaticano',1,'2020-05-28 20:55:22','2020-05-28 20:55:22',NULL),(44,NULL,NULL,'Colombia',1,'2020-05-28 20:55:22','2020-05-28 20:55:22',NULL),(45,NULL,NULL,'Comoras',1,'2020-05-28 20:55:22','2020-05-28 20:55:22',NULL),(46,NULL,NULL,'República del Congo',1,'2020-05-28 20:55:22','2020-05-28 20:55:22',NULL),(47,NULL,NULL,'República Democrática del Congo',1,'2020-05-28 20:55:22','2020-05-28 20:55:22',NULL),(48,NULL,NULL,'Corea del Norte',1,'2020-05-28 20:55:22','2020-05-28 20:55:22',NULL),(49,NULL,NULL,'Corea del Sur',1,'2020-05-28 20:55:22','2020-05-28 20:55:22',NULL),(50,NULL,NULL,'Costa de Marfil',1,'2020-05-28 20:55:22','2020-05-28 20:55:22',NULL),(51,NULL,NULL,'Costa Rica',1,'2020-05-28 20:55:22','2020-05-28 20:55:22',NULL);
INSERT INTO `pais` VALUES (52,NULL,NULL,'Croacia',1,'2020-05-28 20:55:22','2020-05-28 20:55:22',NULL),(53,NULL,NULL,'Cuba',1,'2020-05-28 20:55:22','2020-05-28 20:55:22',NULL),(54,NULL,NULL,'Curazao',1,'2020-05-28 20:55:22','2020-05-28 20:55:22',NULL),(55,NULL,NULL,'Dinamarca',1,'2020-05-28 20:55:22','2020-05-28 20:55:22',NULL),(56,NULL,NULL,'Dominica',1,'2020-05-28 20:55:22','2020-05-28 20:55:22',NULL),(57,NULL,NULL,'Ecuador',1,'2020-05-28 20:55:22','2020-05-28 20:55:22',NULL),(58,NULL,NULL,'Egipto',1,'2020-05-28 20:55:22','2020-05-28 20:55:22',NULL),(59,NULL,NULL,'El Salvador',1,'2020-05-28 20:55:22','2020-05-28 20:55:22',NULL),(60,NULL,NULL,'Emiratos Árabes Unidos',1,'2020-05-28 20:55:22','2020-05-28 20:55:22',NULL),(61,NULL,NULL,'Eritrea',1,'2020-05-28 20:55:22','2020-05-28 20:55:22',NULL),(62,NULL,NULL,'Eslovaquia',1,'2020-05-28 20:55:22','2020-05-28 20:55:22',NULL),(63,NULL,NULL,'Eslovenia',1,'2020-05-28 20:55:22','2020-05-28 20:55:22',NULL),(64,NULL,NULL,'España',1,'2020-05-28 20:55:22','2020-05-28 20:55:22',NULL),(65,NULL,NULL,'Estados Unidos de América',1,'2020-05-28 20:55:22','2020-05-28 20:55:22',NULL),(66,NULL,NULL,'Estonia',1,'2020-05-28 20:55:22','2020-05-28 20:55:22',NULL),(67,NULL,NULL,'Etiopía',1,'2020-05-28 20:55:22','2020-05-28 20:55:22',NULL),(68,NULL,NULL,'Filipinas',1,'2020-05-28 20:55:22','2020-05-28 20:55:22',NULL),(69,NULL,NULL,'Finlandia',1,'2020-05-28 20:55:22','2020-05-28 20:55:22',NULL),(70,NULL,NULL,'Fiyi',1,'2020-05-28 20:55:22','2020-05-28 20:55:22',NULL),(71,NULL,NULL,'Francia',1,'2020-05-28 20:55:22','2020-05-28 20:55:22',NULL),(72,NULL,NULL,'Gabón',1,'2020-05-28 20:55:22','2020-05-28 20:55:22',NULL),(73,NULL,NULL,'Gambia',1,'2020-05-28 20:55:22','2020-05-28 20:55:22',NULL),(74,NULL,NULL,'Georgia',1,'2020-05-28 20:55:22','2020-05-28 20:55:22',NULL),(75,NULL,NULL,'Ghana',1,'2020-05-28 20:55:22','2020-05-28 20:55:22',NULL),(76,NULL,NULL,'Gibraltar',1,'2020-05-28 20:55:22','2020-05-28 20:55:22',NULL),(77,NULL,NULL,'Granada',1,'2020-05-28 20:55:22','2020-05-28 20:55:22',NULL),(78,NULL,NULL,'Grecia',1,'2020-05-28 20:55:22','2020-05-28 20:55:22',NULL),(79,NULL,NULL,'Groenlandia',1,'2020-05-28 20:55:22','2020-05-28 20:55:22',NULL),(80,NULL,NULL,'Guadalupe',1,'2020-05-28 20:55:22','2020-05-28 20:55:22',NULL),(81,NULL,NULL,'Guam',1,'2020-05-28 20:55:22','2020-05-28 20:55:22',NULL),(82,NULL,NULL,'Guatemala',1,'2020-05-28 20:55:22','2020-05-28 20:55:22',NULL),(83,NULL,NULL,'Guayana Francesa',1,'2020-05-28 20:55:22','2020-05-28 20:55:22',NULL),(84,NULL,NULL,'Guernsey',1,'2020-05-28 20:55:22','2020-05-28 20:55:22',NULL),(85,NULL,NULL,'Guinea',1,'2020-05-28 20:55:22','2020-05-28 20:55:22',NULL),(86,NULL,NULL,'Guinea Ecuatorial',1,'2020-05-28 20:55:22','2020-05-28 20:55:22',NULL),(87,NULL,NULL,'Guinea-Bissau',1,'2020-05-28 20:55:22','2020-05-28 20:55:22',NULL),(88,NULL,NULL,'Guyana',1,'2020-05-28 20:55:22','2020-05-28 20:55:22',NULL),(89,NULL,NULL,'Haití',1,'2020-05-28 20:55:22','2020-05-28 20:55:22',NULL),(90,NULL,NULL,'Honduras',1,'2020-05-28 20:55:22','2020-05-28 20:55:22',NULL),(91,NULL,NULL,'Hong kong',1,'2020-05-28 20:55:23','2020-05-28 20:55:23',NULL),(92,NULL,NULL,'Hungría',1,'2020-05-28 20:55:23','2020-05-28 20:55:23',NULL),(93,NULL,NULL,'India',1,'2020-05-28 20:55:23','2020-05-28 20:55:23',NULL),(94,NULL,NULL,'Indonesia',1,'2020-05-28 20:55:23','2020-05-28 20:55:23',NULL),(95,NULL,NULL,'Irán',1,'2020-05-28 20:55:23','2020-05-28 20:55:23',NULL),(96,NULL,NULL,'Irak',1,'2020-05-28 20:55:23','2020-05-28 20:55:23',NULL),(97,NULL,NULL,'Irlanda',1,'2020-05-28 20:55:23','2020-05-28 20:55:23',NULL),(98,NULL,NULL,'Isla Bouvet',1,'2020-05-28 20:55:23','2020-05-28 20:55:23',NULL),(99,NULL,NULL,'Isla de Man',1,'2020-05-28 20:55:23','2020-05-28 20:55:23',NULL),(100,NULL,NULL,'Isla de Navidad',1,'2020-05-28 20:55:23','2020-05-28 20:55:23',NULL),(101,NULL,NULL,'Isla Norfolk',1,'2020-05-28 20:55:23','2020-05-28 20:55:23',NULL),(102,NULL,NULL,'Islandia',1,'2020-05-28 20:55:23','2020-05-28 20:55:23',NULL);
INSERT INTO `pais` VALUES (103,NULL,NULL,'Islas Bermudas',1,'2020-05-28 20:55:23','2020-05-28 20:55:23',NULL),(104,NULL,NULL,'Islas Caimán',1,'2020-05-28 20:55:23','2020-05-28 20:55:23',NULL),(105,NULL,NULL,'Islas Cocos (Keeling)',1,'2020-05-28 20:55:23','2020-05-28 20:55:23',NULL),(106,NULL,NULL,'Islas Cook',1,'2020-05-28 20:55:23','2020-05-28 20:55:23',NULL),(107,NULL,NULL,'Islas de Åland',1,'2020-05-28 20:55:23','2020-05-28 20:55:23',NULL),(108,NULL,NULL,'Islas Feroe',1,'2020-05-28 20:55:23','2020-05-28 20:55:23',NULL),(109,NULL,NULL,'Islas Georgias del Sur y Sandwich del Sur',1,'2020-05-28 20:55:23','2020-05-28 20:55:23',NULL),(110,NULL,NULL,'Islas Heard y McDonald',1,'2020-05-28 20:55:23','2020-05-28 20:55:23',NULL),(111,NULL,NULL,'Islas Maldivas',1,'2020-05-28 20:55:23','2020-05-28 20:55:23',NULL),(112,NULL,NULL,'Islas Malvinas',1,'2020-05-28 20:55:23','2020-05-28 20:55:23',NULL),(113,NULL,NULL,'Islas Marianas del Norte',1,'2020-05-28 20:55:23','2020-05-28 20:55:23',NULL),(114,NULL,NULL,'Islas Marshall',1,'2020-05-28 20:55:23','2020-05-28 20:55:23',NULL),(115,NULL,NULL,'Islas Pitcairn',1,'2020-05-28 20:55:23','2020-05-28 20:55:23',NULL),(116,NULL,NULL,'Islas Salomón',1,'2020-05-28 20:55:23','2020-05-28 20:55:23',NULL),(117,NULL,NULL,'Islas Turcas y Caicos',1,'2020-05-28 20:55:23','2020-05-28 20:55:23',NULL),(118,NULL,NULL,'Islas Ultramarinas Menores de Estados Unidos',1,'2020-05-28 20:55:23','2020-05-28 20:55:23',NULL),(119,NULL,NULL,'Islas Vírgenes Británicas',1,'2020-05-28 20:55:23','2020-05-28 20:55:23',NULL),(120,NULL,NULL,'Islas Vírgenes de los Estados Unidos',1,'2020-05-28 20:55:23','2020-05-28 20:55:23',NULL),(121,NULL,NULL,'Israel',1,'2020-05-28 20:55:23','2020-05-28 20:55:23',NULL),(122,NULL,NULL,'Italia',1,'2020-05-28 20:55:23','2020-05-28 20:55:23',NULL),(123,NULL,NULL,'Jamaica',1,'2020-05-28 20:55:23','2020-05-28 20:55:23',NULL),(124,NULL,NULL,'Japón',1,'2020-05-28 20:55:23','2020-05-28 20:55:23',NULL),(125,NULL,NULL,'Jersey',1,'2020-05-28 20:55:23','2020-05-28 20:55:23',NULL),(126,NULL,NULL,'Jordania',1,'2020-05-28 20:55:23','2020-05-28 20:55:23',NULL),(127,NULL,NULL,'Kazajistán',1,'2020-05-28 20:55:23','2020-05-28 20:55:23',NULL),(128,NULL,NULL,'Kenia',1,'2020-05-28 20:55:23','2020-05-28 20:55:23',NULL),(129,NULL,NULL,'Kirguistán',1,'2020-05-28 20:55:23','2020-05-28 20:55:23',NULL),(130,NULL,NULL,'Kiribati',1,'2020-05-28 20:55:23','2020-05-28 20:55:23',NULL),(131,NULL,NULL,'Kuwait',1,'2020-05-28 20:55:23','2020-05-28 20:55:23',NULL),(132,NULL,NULL,'Líbano',1,'2020-05-28 20:55:23','2020-05-28 20:55:23',NULL),(133,NULL,NULL,'Laos',1,'2020-05-28 20:55:23','2020-05-28 20:55:23',NULL),(134,NULL,NULL,'Lesoto',1,'2020-05-28 20:55:23','2020-05-28 20:55:23',NULL),(135,NULL,NULL,'Letonia',1,'2020-05-28 20:55:23','2020-05-28 20:55:23',NULL),(136,NULL,NULL,'Liberia',1,'2020-05-28 20:55:23','2020-05-28 20:55:23',NULL),(137,NULL,NULL,'Libia',1,'2020-05-28 20:55:23','2020-05-28 20:55:23',NULL),(138,NULL,NULL,'Liechtenstein',1,'2020-05-28 20:55:23','2020-05-28 20:55:23',NULL),(139,NULL,NULL,'Lituania',1,'2020-05-28 20:55:23','2020-05-28 20:55:23',NULL),(140,NULL,NULL,'Luxemburgo',1,'2020-05-28 20:55:23','2020-05-28 20:55:23',NULL),(141,NULL,NULL,'México',1,'2020-05-28 20:55:23','2020-05-28 20:55:23',NULL),(142,NULL,NULL,'Mónaco',1,'2020-05-28 20:55:23','2020-05-28 20:55:23',NULL),(143,NULL,NULL,'Macao',1,'2020-05-28 20:55:23','2020-05-28 20:55:23',NULL),(144,NULL,NULL,'Macedônia',1,'2020-05-28 20:55:23','2020-05-28 20:55:23',NULL),(145,NULL,NULL,'Madagascar',1,'2020-05-28 20:55:23','2020-05-28 20:55:23',NULL),(146,NULL,NULL,'Malasia',1,'2020-05-28 20:55:23','2020-05-28 20:55:23',NULL),(147,NULL,NULL,'Malawi',1,'2020-05-28 20:55:23','2020-05-28 20:55:23',NULL),(148,NULL,NULL,'Mali',1,'2020-05-28 20:55:23','2020-05-28 20:55:23',NULL),(149,NULL,NULL,'Malta',1,'2020-05-28 20:55:23','2020-05-28 20:55:23',NULL),(150,NULL,NULL,'Marruecos',1,'2020-05-28 20:55:23','2020-05-28 20:55:23',NULL);
INSERT INTO `pais` VALUES (151,NULL,NULL,'Martinica',1,'2020-05-28 20:55:23','2020-05-28 20:55:23',NULL),(152,NULL,NULL,'Mauricio',1,'2020-05-28 20:55:23','2020-05-28 20:55:23',NULL),(153,NULL,NULL,'Mauritania',1,'2020-05-28 20:55:23','2020-05-28 20:55:23',NULL),(154,NULL,NULL,'Mayotte',1,'2020-05-28 20:55:23','2020-05-28 20:55:23',NULL),(155,NULL,NULL,'Micronesia',1,'2020-05-28 20:55:23','2020-05-28 20:55:23',NULL),(156,NULL,NULL,'Moldavia',1,'2020-05-28 20:55:23','2020-05-28 20:55:23',NULL),(157,NULL,NULL,'Mongolia',1,'2020-05-28 20:55:23','2020-05-28 20:55:23',NULL),(158,NULL,NULL,'Montenegro',1,'2020-05-28 20:55:23','2020-05-28 20:55:23',NULL),(159,NULL,NULL,'Montserrat',1,'2020-05-28 20:55:23','2020-05-28 20:55:23',NULL),(160,NULL,NULL,'Mozambique',1,'2020-05-28 20:55:23','2020-05-28 20:55:23',NULL),(161,NULL,NULL,'Namibia',1,'2020-05-28 20:55:23','2020-05-28 20:55:23',NULL),(162,NULL,NULL,'Nauru',1,'2020-05-28 20:55:23','2020-05-28 20:55:23',NULL),(163,NULL,NULL,'Nepal',1,'2020-05-28 20:55:23','2020-05-28 20:55:23',NULL),(164,NULL,NULL,'Nicaragua',1,'2020-05-28 20:55:23','2020-05-28 20:55:23',NULL),(165,NULL,NULL,'Niger',1,'2020-05-28 20:55:23','2020-05-28 20:55:23',NULL),(166,NULL,NULL,'Nigeria',1,'2020-05-28 20:55:23','2020-05-28 20:55:23',NULL),(167,NULL,NULL,'Niue',1,'2020-05-28 20:55:23','2020-05-28 20:55:23',NULL),(168,NULL,NULL,'Noruega',1,'2020-05-28 20:55:23','2020-05-28 20:55:23',NULL),(169,NULL,NULL,'Nueva Caledonia',1,'2020-05-28 20:55:23','2020-05-28 20:55:23',NULL),(170,NULL,NULL,'Nueva Zelanda',1,'2020-05-28 20:55:23','2020-05-28 20:55:23',NULL),(171,NULL,NULL,'Omán',1,'2020-05-28 20:55:23','2020-05-28 20:55:23',NULL),(172,NULL,NULL,'Países Bajos',1,'2020-05-28 20:55:23','2020-05-28 20:55:23',NULL),(173,NULL,NULL,'Pakistán',1,'2020-05-28 20:55:23','2020-05-28 20:55:23',NULL),(174,NULL,NULL,'Palau',1,'2020-05-28 20:55:23','2020-05-28 20:55:23',NULL),(175,NULL,NULL,'Palestina',1,'2020-05-28 20:55:23','2020-05-28 20:55:23',NULL),(176,NULL,NULL,'Panamá',1,'2020-05-28 20:55:23','2020-05-28 20:55:23',NULL),(177,NULL,NULL,'Papúa Nueva Guinea',1,'2020-05-28 20:55:23','2020-05-28 20:55:23',NULL),(178,NULL,NULL,'Paraguay',1,'2020-05-28 20:55:23','2020-05-28 20:55:23',NULL),(179,NULL,NULL,'Perú',1,'2020-05-28 20:55:23','2020-05-28 20:55:23',NULL),(180,NULL,NULL,'Polinesia Francesa',1,'2020-05-28 20:55:23','2020-05-28 20:55:23',NULL),(181,NULL,NULL,'Polonia',1,'2020-05-28 20:55:23','2020-05-28 20:55:23',NULL),(182,NULL,NULL,'Portugal',1,'2020-05-28 20:55:23','2020-05-28 20:55:23',NULL),(183,NULL,NULL,'Puerto Rico',1,'2020-05-28 20:55:23','2020-05-28 20:55:23',NULL),(184,NULL,NULL,'Qatar',1,'2020-05-28 20:55:23','2020-05-28 20:55:23',NULL),(185,NULL,NULL,'Reino Unido',1,'2020-05-28 20:55:23','2020-05-28 20:55:23',NULL),(186,NULL,NULL,'República Centroafricana',1,'2020-05-28 20:55:23','2020-05-28 20:55:23',NULL),(187,NULL,NULL,'República Checa',1,'2020-05-28 20:55:23','2020-05-28 20:55:23',NULL),(188,NULL,NULL,'República Dominicana',1,'2020-05-28 20:55:23','2020-05-28 20:55:23',NULL),(189,NULL,NULL,'República de Sudán del Sur',1,'2020-05-28 20:55:23','2020-05-28 20:55:23',NULL),(190,NULL,NULL,'Reunión',1,'2020-05-28 20:55:23','2020-05-28 20:55:23',NULL),(191,NULL,NULL,'Ruanda',1,'2020-05-28 20:55:23','2020-05-28 20:55:23',NULL),(192,NULL,NULL,'Rumanía',1,'2020-05-28 20:55:23','2020-05-28 20:55:23',NULL),(193,NULL,NULL,'Rusia',1,'2020-05-28 20:55:23','2020-05-28 20:55:23',NULL),(194,NULL,NULL,'Sahara Occidental',1,'2020-05-28 20:55:23','2020-05-28 20:55:23',NULL),(195,NULL,NULL,'Samoa',1,'2020-05-28 20:55:23','2020-05-28 20:55:23',NULL),(196,NULL,NULL,'Samoa Americana',1,'2020-05-28 20:55:23','2020-05-28 20:55:23',NULL),(197,NULL,NULL,'San Bartolomé',1,'2020-05-28 20:55:23','2020-05-28 20:55:23',NULL),(198,NULL,NULL,'San Cristóbal y Nieves',1,'2020-05-28 20:55:23','2020-05-28 20:55:23',NULL),(199,NULL,NULL,'San Marino',1,'2020-05-28 20:55:23','2020-05-28 20:55:23',NULL);
INSERT INTO `pais` VALUES (200,NULL,NULL,'San Martín (Francia)',1,'2020-05-28 20:55:23','2020-05-28 20:55:23',NULL),(201,NULL,NULL,'San Pedro y Miquelón',1,'2020-05-28 20:55:23','2020-05-28 20:55:23',NULL),(202,NULL,NULL,'San Vicente y las Granadinas',1,'2020-05-28 20:55:23','2020-05-28 20:55:23',NULL),(203,NULL,NULL,'Santa Elena',1,'2020-05-28 20:55:23','2020-05-28 20:55:23',NULL),(204,NULL,NULL,'Santa Lucía',1,'2020-05-28 20:55:23','2020-05-28 20:55:23',NULL),(205,NULL,NULL,'Santo Tomé y Príncipe',1,'2020-05-28 20:55:23','2020-05-28 20:55:23',NULL),(206,NULL,NULL,'Senegal',1,'2020-05-28 20:55:23','2020-05-28 20:55:23',NULL),(207,NULL,NULL,'Serbia',1,'2020-05-28 20:55:23','2020-05-28 20:55:23',NULL),(208,NULL,NULL,'Seychelles',1,'2020-05-28 20:55:23','2020-05-28 20:55:23',NULL),(209,NULL,NULL,'Sierra Leona',1,'2020-05-28 20:55:23','2020-05-28 20:55:23',NULL),(210,NULL,NULL,'Singapur',1,'2020-05-28 20:55:23','2020-05-28 20:55:23',NULL),(211,NULL,NULL,'Sint Maarten',1,'2020-05-28 20:55:23','2020-05-28 20:55:23',NULL),(212,NULL,NULL,'Siria',1,'2020-05-28 20:55:23','2020-05-28 20:55:23',NULL),(213,NULL,NULL,'Somalia',1,'2020-05-28 20:55:23','2020-05-28 20:55:23',NULL),(214,NULL,NULL,'Sri lanka',1,'2020-05-28 20:55:23','2020-05-28 20:55:23',NULL),(215,NULL,NULL,'Sudáfrica',1,'2020-05-28 20:55:23','2020-05-28 20:55:23',NULL),(216,NULL,NULL,'Sudán',1,'2020-05-28 20:55:23','2020-05-28 20:55:23',NULL),(217,NULL,NULL,'Suecia',1,'2020-05-28 20:55:23','2020-05-28 20:55:23',NULL),(218,NULL,NULL,'Suiza',1,'2020-05-28 20:55:23','2020-05-28 20:55:23',NULL),(219,NULL,NULL,'Surinám',1,'2020-05-28 20:55:23','2020-05-28 20:55:23',NULL),(220,NULL,NULL,'Svalbard y Jan Mayen',1,'2020-05-28 20:55:23','2020-05-28 20:55:23',NULL),(221,NULL,NULL,'Swazilandia',1,'2020-05-28 20:55:23','2020-05-28 20:55:23',NULL),(222,NULL,NULL,'Tayikistán',1,'2020-05-28 20:55:23','2020-05-28 20:55:23',NULL),(223,NULL,NULL,'Tailandia',1,'2020-05-28 20:55:23','2020-05-28 20:55:23',NULL),(224,NULL,NULL,'Taiwán',1,'2020-05-28 20:55:23','2020-05-28 20:55:23',NULL),(225,NULL,NULL,'Tanzania',1,'2020-05-28 20:55:23','2020-05-28 20:55:23',NULL),(226,NULL,NULL,'Territorio Británico del Océano Índico',1,'2020-05-28 20:55:23','2020-05-28 20:55:23',NULL),(227,NULL,NULL,'Territorios Australes y Antárticas Franceses',1,'2020-05-28 20:55:23','2020-05-28 20:55:23',NULL),(228,NULL,NULL,'Timor Oriental',1,'2020-05-28 20:55:23','2020-05-28 20:55:23',NULL),(229,NULL,NULL,'Togo',1,'2020-05-28 20:55:23','2020-05-28 20:55:23',NULL),(230,NULL,NULL,'Tokelau',1,'2020-05-28 20:55:23','2020-05-28 20:55:23',NULL),(231,NULL,NULL,'Tonga',1,'2020-05-28 20:55:23','2020-05-28 20:55:23',NULL),(232,NULL,NULL,'Trinidad y Tobago',1,'2020-05-28 20:55:23','2020-05-28 20:55:23',NULL),(233,NULL,NULL,'Tunez',1,'2020-05-28 20:55:23','2020-05-28 20:55:23',NULL),(234,NULL,NULL,'Turkmenistán',1,'2020-05-28 20:55:23','2020-05-28 20:55:23',NULL),(235,NULL,NULL,'Turquía',1,'2020-05-28 20:55:23','2020-05-28 20:55:23',NULL),(236,NULL,NULL,'Tuvalu',1,'2020-05-28 20:55:23','2020-05-28 20:55:23',NULL),(237,NULL,NULL,'Ucrania',1,'2020-05-28 20:55:23','2020-05-28 20:55:23',NULL),(238,NULL,NULL,'Uganda',1,'2020-05-28 20:55:23','2020-05-28 20:55:23',NULL),(239,NULL,NULL,'Uruguay',1,'2020-05-28 20:55:23','2020-05-28 20:55:23',NULL),(240,NULL,NULL,'Uzbekistán',1,'2020-05-28 20:55:23','2020-05-28 20:55:23',NULL),(241,NULL,NULL,'Vanuatu',1,'2020-05-28 20:55:23','2020-05-28 20:55:23',NULL),(242,NULL,NULL,'Venezuela',1,'2020-05-28 20:55:23','2020-05-28 20:55:23',NULL),(243,NULL,NULL,'Vietnam',1,'2020-05-28 20:55:23','2020-05-28 20:55:23',NULL),(244,NULL,NULL,'Wallis y Futuna',1,'2020-05-28 20:55:23','2020-05-28 20:55:23',NULL),(245,NULL,NULL,'Yemen',1,'2020-05-28 20:55:23','2020-05-28 20:55:23',NULL),(246,NULL,NULL,'Yibuti',1,'2020-05-28 20:55:23','2020-05-28 20:55:23',NULL),(247,NULL,NULL,'Zambia',1,'2020-05-28 20:55:23','2020-05-28 20:55:23',NULL),(248,NULL,NULL,'Zimbabue',1,'2020-05-28 20:55:23','2020-05-28 20:55:23',NULL);

--
-- Table structure for table `paises_prefijos`
--

CREATE TABLE `paises_prefijos` (
  `id` bigint(20) unsigned NOT NULL AUTO_INCREMENT,
  `pais` varchar(191) COLLATE utf8mb4_unicode_ci NOT NULL,
  `prefijo` varchar(191) COLLATE utf8mb4_unicode_ci NOT NULL,
  `value` int(11) NOT NULL DEFAULT '1',
  `text` varchar(191) COLLATE utf8mb4_unicode_ci NOT NULL,
  `created_at` timestamp NULL DEFAULT NULL,
  `updated_at` timestamp NULL DEFAULT NULL,
  `deleted_at` timestamp NULL DEFAULT NULL,
  PRIMARY KEY (`id`)
) ENGINE=InnoDB AUTO_INCREMENT=195 DEFAULT CHARSET=utf8mb4 COLLATE=utf8mb4_unicode_ci;

--
-- Dumping data for table `paises_prefijos`
--

INSERT INTO `paises_prefijos` VALUES (1,'Afganistán','93',1,'Afganistán 93',NULL,NULL,NULL),(2,'Albania','355',2,'Albania 355',NULL,NULL,NULL),(3,'Alemania','49',3,'Alemania 49',NULL,NULL,NULL),(4,'Andorra','376',4,'Andorra 376',NULL,NULL,NULL),(5,'Angola','244',5,'Angola 244',NULL,NULL,NULL),(6,'Antigua y Barbuda','1-268',6,'Antigua y Barbuda 1-268',NULL,NULL,NULL),(7,'Arabia Saudita','966',7,'Arabia Saudita 966',NULL,NULL,NULL),(8,'Argelia','213',8,'Argelia 213',NULL,NULL,NULL),(9,'Argentina','549',9,'Argentina 549',NULL,NULL,NULL),(10,'Armenia','374',10,'Armenia 374',NULL,NULL,NULL),(11,'Australia','61',11,'Australia 61',NULL,NULL,NULL),(12,'Austria','43',12,'Austria 43',NULL,NULL,NULL),(13,'Azerbaiyán','994',13,'Azerbaiyán 994',NULL,NULL,NULL),(14,'Bahamas','1-242',14,'Bahamas 1-242',NULL,NULL,NULL),(15,'Bangladés','880',15,'Bangladés 880',NULL,NULL,NULL),(16,'Barbados','1-246',16,'Barbados 1-246',NULL,NULL,NULL),(17,'Baréin','973',17,'Baréin 973',NULL,NULL,NULL),(18,'Bélgica','32',18,'Bélgica 32',NULL,NULL,NULL),(19,'Belice','501',19,'Belice 501',NULL,NULL,NULL),(20,'Benín','229',20,'Benín 229',NULL,NULL,NULL),(21,'Bielorrusia','375',21,'Bielorrusia 375',NULL,NULL,NULL),(22,'Birmania','95',22,'Birmania 95',NULL,NULL,NULL),(23,'Bolivia','591',23,'Bolivia 591',NULL,NULL,NULL),(24,'Bosnia y Herzegovina','387',24,'Bosnia y Herzegovina 387',NULL,NULL,NULL),(25,'Botsuana','267',25,'Botsuana 267',NULL,NULL,NULL),(26,'Brasil','55',26,'Brasil 55',NULL,NULL,NULL),(27,'Brunéi','673',27,'Brunéi 673',NULL,NULL,NULL),(28,'Bulgaria','359',28,'Bulgaria 359',NULL,NULL,NULL),(29,'Burkina Faso','226',29,'Burkina Faso 226',NULL,NULL,NULL),(30,'Burundi','257',30,'Burundi 257',NULL,NULL,NULL),(31,'Bután','975',31,'Bután 975',NULL,NULL,NULL),(32,'Cabo Verde','238',32,'Cabo Verde 238',NULL,NULL,NULL),(33,'Camboya','855',33,'Camboya 855',NULL,NULL,NULL),(34,'Camerún','237',34,'Camerún 237',NULL,NULL,NULL),(35,'Canadá','1',35,'Canadá 1',NULL,NULL,NULL),(36,'Catar','974',36,'Catar 974',NULL,NULL,NULL),(37,'Chad','235',37,'Chad 235',NULL,NULL,NULL),(38,'Chile','56',38,'Chile 56',NULL,NULL,NULL),(39,'China','86',39,'China 86',NULL,NULL,NULL),(40,'Chipre','357',40,'Chipre 357',NULL,NULL,NULL),(41,'Colombia','57',41,'Colombia 57',NULL,NULL,NULL),(42,'Comoras','269',42,'Comoras 269',NULL,NULL,NULL),(43,'Corea del Norte','850',43,'Corea del Norte 850',NULL,NULL,NULL),(44,'Corea del Sur','82',44,'Corea del Sur 82',NULL,NULL,NULL),(45,'Costa de Marfil','225',45,'Costa de Marfil 225',NULL,NULL,NULL),(46,'Costa Rica','506',46,'Costa Rica 506',NULL,NULL,NULL),(47,'Croacia','385',47,'Croacia 385',NULL,NULL,NULL),(48,'Cuba','53',48,'Cuba 53',NULL,NULL,NULL),(49,'Dinamarca','45',49,'Dinamarca 45',NULL,NULL,NULL),(50,'Dominica','1-767',50,'Dominica 1-767',NULL,NULL,NULL),(51,'Ecuador','593',51,'Ecuador 593',NULL,NULL,NULL),(52,'Egipto','20',52,'Egipto 20',NULL,NULL,NULL),(53,'El Salvador','503',53,'El Salvador 503',NULL,NULL,NULL),(54,'Emiratos Árabes Unidos','971',54,'Emiratos Árabes Unidos 971',NULL,NULL,NULL),(55,'Eritrea','291',55,'Eritrea 291',NULL,NULL,NULL),(56,'Eslovaquia','421',56,'Eslovaquia 421',NULL,NULL,NULL),(57,'Eslovenia','386',57,'Eslovenia 386',NULL,NULL,NULL),(58,'España','34',58,'España 34',NULL,NULL,NULL),(59,'Estados Unidos','1',59,'Estados Unidos 1',NULL,NULL,NULL),(60,'Estonia','372',60,'Estonia 372',NULL,NULL,NULL),(61,'Etiopía','251',61,'Etiopía 251',NULL,NULL,NULL),(62,'Filipinas','63',62,'Filipinas 63',NULL,NULL,NULL),(63,'Finlandia','358',63,'Finlandia 358',NULL,NULL,NULL),(64,'Fiyi','679',64,'Fiyi 679',NULL,NULL,NULL),(65,'Francia','33',65,'Francia 33',NULL,NULL,NULL),(66,'Gabón','241',66,'Gabón 241',NULL,NULL,NULL),(67,'Gambia','220',67,'Gambia 220',NULL,NULL,NULL),(68,'Georgia','995',68,'Georgia 995',NULL,NULL,NULL),(69,'Ghana','233',69,'Ghana 233',NULL,NULL,NULL),(70,'Granada','1-473',70,'Granada 1-473',NULL,NULL,NULL),(71,'Grecia','30',71,'Grecia 30',NULL,NULL,NULL);
INSERT INTO `paises_prefijos` VALUES (72,'Guatemala','502',72,'Guatemala 502',NULL,NULL,NULL),(73,'Guinea','224',73,'Guinea 224',NULL,NULL,NULL),(74,'Guinea Ecuatorial','240',74,'Guinea Ecuatorial 240',NULL,NULL,NULL),(75,'Guinea-Bisáu','245',75,'Guinea-Bisáu 245',NULL,NULL,NULL),(76,'Guyana','592',76,'Guyana 592',NULL,NULL,NULL),(77,'Haití','509',77,'Haití 509',NULL,NULL,NULL),(78,'Honduras','504',78,'Honduras 504',NULL,NULL,NULL),(79,'Hungría','36',79,'Hungría 36',NULL,NULL,NULL),(80,'India','91',80,'India 91',NULL,NULL,NULL),(81,'Indonesia','62',81,'Indonesia 62',NULL,NULL,NULL),(82,'Irak','964',82,'Irak 964',NULL,NULL,NULL),(83,'Irán','98',83,'Irán 98',NULL,NULL,NULL),(84,'Irlanda','353',84,'Irlanda 353',NULL,NULL,NULL),(85,'Islandia','354',85,'Islandia 354',NULL,NULL,NULL),(86,'Islas Marshall','692',86,'Islas Marshall 692',NULL,NULL,NULL),(87,'Islas Salomón','677',87,'Islas Salomón 677',NULL,NULL,NULL),(88,'Israel','972',88,'Israel 972',NULL,NULL,NULL),(89,'Italia','39',89,'Italia 39',NULL,NULL,NULL),(90,'Jamaica','1-876',90,'Jamaica 1-876',NULL,NULL,NULL),(91,'Japón','81',91,'Japón 81',NULL,NULL,NULL),(92,'Jordania','962',92,'Jordania 962',NULL,NULL,NULL),(93,'Kazajistán','7',93,'Kazajistán 7',NULL,NULL,NULL),(94,'Kenia','254',94,'Kenia 254',NULL,NULL,NULL),(95,'Kirguistán','996',95,'Kirguistán 996',NULL,NULL,NULL),(96,'Kiribati','686',96,'Kiribati 686',NULL,NULL,NULL),(97,'Kuwait','965',97,'Kuwait 965',NULL,NULL,NULL),(98,'Laos','856',98,'Laos 856',NULL,NULL,NULL),(99,'Lesoto','266',99,'Lesoto 266',NULL,NULL,NULL),(100,'Letonia','371',100,'Letonia 371',NULL,NULL,NULL),(101,'Líbano','961',101,'Líbano 961',NULL,NULL,NULL),(102,'Liberia','231',102,'Liberia 231',NULL,NULL,NULL),(103,'Libia','218',103,'Libia 218',NULL,NULL,NULL),(104,'Liechtenstein','423',104,'Liechtenstein 423',NULL,NULL,NULL),(105,'Lituania','370',105,'Lituania 370',NULL,NULL,NULL),(106,'Luxemburgo','352',106,'Luxemburgo 352',NULL,NULL,NULL),(107,'Macedonia del Norte','389',107,'Macedonia del Norte 389',NULL,NULL,NULL),(108,'Madagascar','261',108,'Madagascar 261',NULL,NULL,NULL),(109,'Malasia','60',109,'Malasia 60',NULL,NULL,NULL),(110,'Malaui','265',110,'Malaui 265',NULL,NULL,NULL),(111,'Maldivas','960',111,'Maldivas 960',NULL,NULL,NULL),(112,'Malí','223',112,'Malí 223',NULL,NULL,NULL),(113,'Malta','356',113,'Malta 356',NULL,NULL,NULL),(114,'Marruecos','212',114,'Marruecos 212',NULL,NULL,NULL),(115,'Mauricio','230',115,'Mauricio 230',NULL,NULL,NULL),(116,'Mauritania','222',116,'Mauritania 222',NULL,NULL,NULL),(117,'México','52',117,'México 52',NULL,NULL,NULL),(118,'Micronesia','691',118,'Micronesia 691',NULL,NULL,NULL),(119,'Moldavia','373',119,'Moldavia 373',NULL,NULL,NULL),(120,'Mónaco','377',120,'Mónaco 377',NULL,NULL,NULL),(121,'Mongolia','976',121,'Mongolia 976',NULL,NULL,NULL),(122,'Montenegro','382',122,'Montenegro 382',NULL,NULL,NULL),(123,'Mozambique','258',123,'Mozambique 258',NULL,NULL,NULL),(124,'Namibia','264',124,'Namibia 264',NULL,NULL,NULL),(125,'Nauru','674',125,'Nauru 674',NULL,NULL,NULL),(126,'Nepal','977',126,'Nepal 977',NULL,NULL,NULL),(127,'Nicaragua','505',127,'Nicaragua 505',NULL,NULL,NULL),(128,'Níger','227',128,'Níger 227',NULL,NULL,NULL),(129,'Nigeria','234',129,'Nigeria 234',NULL,NULL,NULL),(130,'Noruega','47',130,'Noruega 47',NULL,NULL,NULL),(131,'Nueva Zelanda','64',131,'Nueva Zelanda 64',NULL,NULL,NULL),(132,'Omán','968',132,'Omán 968',NULL,NULL,NULL),(133,'Países Bajos','31',133,'Países Bajos 31',NULL,NULL,NULL),(134,'Pakistán','92',134,'Pakistán 92',NULL,NULL,NULL),(135,'Palaos','680',135,'Palaos 680',NULL,NULL,NULL),(136,'Panamá','507',136,'Panamá 507',NULL,NULL,NULL),(137,'Papúa Nueva Guinea','675',137,'Papúa Nueva Guinea 675',NULL,NULL,NULL),(138,'Paraguay','595',138,'Paraguay 595',NULL,NULL,NULL),(139,'Perú','51',139,'Perú 51',NULL,NULL,NULL),(140,'Polonia','48',140,'Polonia 48',NULL,NULL,NULL),(141,'Portugal','351',141,'Portugal 351',NULL,NULL,NULL);
INSERT INTO `paises_prefijos` VALUES (142,'Reino Unido','44',142,'Reino Unido 44',NULL,NULL,NULL),(143,'República Centroafricana','236',143,'República Centroafricana 236',NULL,NULL,NULL),(144,'República Checa','420',144,'República Checa 420',NULL,NULL,NULL),(145,'República del Congo','242',145,'República del Congo 242',NULL,NULL,NULL),(146,'República Democrática del Congo','243',146,'República Democrática del Congo 243',NULL,NULL,NULL),(147,'República Dominicana','1-809',147,'República Dominicana 1-809',NULL,NULL,NULL),(148,'Ruanda','250',148,'Ruanda 250',NULL,NULL,NULL),(149,'Rumania','40',149,'Rumania 40',NULL,NULL,NULL),(150,'Rusia','7',150,'Rusia 7',NULL,NULL,NULL),(151,'Samoa','685',151,'Samoa 685',NULL,NULL,NULL),(152,'San Cristóbal y Nieves','1-869',152,'San Cristóbal y Nieves 1-869',NULL,NULL,NULL),(153,'San Marino','378',153,'San Marino 378',NULL,NULL,NULL),(154,'San Vicente y las Granadinas','1-784',154,'San Vicente y las Granadinas 1-784',NULL,NULL,NULL),(155,'Santa Lucía','1-758',155,'Santa Lucía 1-758',NULL,NULL,NULL),(156,'Santo Tomé y Príncipe','239',156,'Santo Tomé y Príncipe 239',NULL,NULL,NULL),(157,'Senegal','221',157,'Senegal 221',NULL,NULL,NULL),(158,'Serbia','381',158,'Serbia 381',NULL,NULL,NULL),(159,'Seychelles','248',159,'Seychelles 248',NULL,NULL,NULL),(160,'Sierra Leona','232',160,'Sierra Leona 232',NULL,NULL,NULL),(161,'Singapur','65',161,'Singapur 65',NULL,NULL,NULL),(162,'Siria','963',162,'Siria 963',NULL,NULL,NULL),(163,'Somalia','252',163,'Somalia 252',NULL,NULL,NULL),(164,'Sri Lanka','94',164,'Sri Lanka 94',NULL,NULL,NULL),(165,'Sudáfrica','27',165,'Sudáfrica 27',NULL,NULL,NULL),(166,'Sudán','249',166,'Sudán 249',NULL,NULL,NULL),(167,'Sudán del Sur','211',167,'Sudán del Sur 211',NULL,NULL,NULL),(168,'Suecia','46',168,'Suecia 46',NULL,NULL,NULL),(169,'Suiza','41',169,'Suiza 41',NULL,NULL,NULL),(170,'Surinam','597',170,'Surinam 597',NULL,NULL,NULL),(171,'Tailandia','66',171,'Tailandia 66',NULL,NULL,NULL),(172,'Taiwán','886',172,'Taiwán 886',NULL,NULL,NULL),(173,'Tanzania','255',173,'Tanzania 255',NULL,NULL,NULL),(174,'Tayikistán','992',174,'Tayikistán 992',NULL,NULL,NULL),(175,'Timor Oriental','670',175,'Timor Oriental 670',NULL,NULL,NULL),(176,'Togo','228',176,'Togo 228',NULL,NULL,NULL),(177,'Tonga','676',177,'Tonga 676',NULL,NULL,NULL),(178,'Trinidad y Tobago','1-868',178,'Trinidad y Tobago 1-868',NULL,NULL,NULL),(179,'Túnez','216',179,'Túnez 216',NULL,NULL,NULL),(180,'Turkmenistán','993',180,'Turkmenistán 993',NULL,NULL,NULL),(181,'Turquía','90',181,'Turquía 90',NULL,NULL,NULL),(182,'Tuvalu','688',182,'Tuvalu 688',NULL,NULL,NULL),(183,'Ucrania','380',183,'Ucrania 380',NULL,NULL,NULL),(184,'Uganda','256',184,'Uganda 256',NULL,NULL,NULL),(185,'Uruguay','598',185,'Uruguay 598',NULL,NULL,NULL),(186,'Uzbekistán','998',186,'Uzbekistán 998',NULL,NULL,NULL),(187,'Vanuatu','678',187,'Vanuatu 678',NULL,NULL,NULL),(188,'Vaticano','379',188,'Vaticano 379',NULL,NULL,NULL),(189,'Venezuela','58',189,'Venezuela 58',NULL,NULL,NULL),(190,'Vietnam','84',190,'Vietnam 84',NULL,NULL,NULL),(191,'Yemen','967',191,'Yemen 967',NULL,NULL,NULL),(192,'Yibuti','253',192,'Yibuti 253',NULL,NULL,NULL),(193,'Zambia','260',193,'Zambia 260',NULL,NULL,NULL),(194,'Zimbabue','263',194,'Zimbabue 263',NULL,NULL,NULL);

--
-- Table structure for table `panel_liquidaciones`
--

CREATE TABLE `panel_liquidaciones` (
  `id` bigint(20) unsigned NOT NULL AUTO_INCREMENT,
  `user_id` int(10) unsigned DEFAULT NULL,
  `cta_cte_tesoreria_cuenta_id` int(10) unsigned NOT NULL,
  `period_id` int(10) unsigned NOT NULL,
  `panel_tipo_liq_id` bigint(20) unsigned NOT NULL,
  `total` decimal(16,2) NOT NULL,
  `comentario` text COLLATE utf8mb4_unicode_ci,
  `created_at` timestamp NULL DEFAULT NULL,
  `updated_at` timestamp NULL DEFAULT NULL,
  `deleted_at` timestamp NULL DEFAULT NULL,
  PRIMARY KEY (`id`),
  KEY `panel_liquidaciones_period_id_foreign` (`period_id`),
  KEY `panel_liquidaciones_panel_tipo_liq_id_foreign` (`panel_tipo_liq_id`),
  KEY `panel_liquidaciones_cta_cte_tesoreria_cuenta_id_foreign` (`cta_cte_tesoreria_cuenta_id`),
  CONSTRAINT `panel_liquidaciones_cta_cte_tesoreria_cuenta_id_foreign` FOREIGN KEY (`cta_cte_tesoreria_cuenta_id`) REFERENCES `cta_cte_tesoreria_cuentas` (`id`),
  CONSTRAINT `panel_liquidaciones_panel_tipo_liq_id_foreign` FOREIGN KEY (`panel_tipo_liq_id`) REFERENCES `panel_tipo_liquidaciones` (`id`),
  CONSTRAINT `panel_liquidaciones_period_id_foreign` FOREIGN KEY (`period_id`) REFERENCES `periods` (`id`)
) ENGINE=InnoDB DEFAULT CHARSET=utf8mb4 COLLATE=utf8mb4_unicode_ci;

--
-- Dumping data for table `panel_liquidaciones`
--


--
-- Table structure for table `panel_tipo_liquidaciones`
--

CREATE TABLE `panel_tipo_liquidaciones` (
  `id` bigint(20) unsigned NOT NULL AUTO_INCREMENT,
  `user_id` int(10) unsigned DEFAULT NULL,
  `descripcion` varchar(191) COLLATE utf8mb4_unicode_ci NOT NULL,
  `habilitado` tinyint(1) NOT NULL DEFAULT '1',
  `created_at` timestamp NULL DEFAULT NULL,
  `updated_at` timestamp NULL DEFAULT NULL,
  `deleted_at` timestamp NULL DEFAULT NULL,
  PRIMARY KEY (`id`)
) ENGINE=InnoDB AUTO_INCREMENT=4 DEFAULT CHARSET=utf8mb4 COLLATE=utf8mb4_unicode_ci;

--
-- Dumping data for table `panel_tipo_liquidaciones`
--

INSERT INTO `panel_tipo_liquidaciones` VALUES (1,NULL,'Mensual',1,NULL,NULL,NULL),(2,NULL,'Q1',1,NULL,NULL,NULL),(3,NULL,'Q2',1,NULL,NULL,NULL);

--
-- Table structure for table `panel_users`
--

CREATE TABLE `panel_users` (
  `id` bigint(20) unsigned NOT NULL AUTO_INCREMENT,
  `user_id` int(10) unsigned DEFAULT NULL,
  `person_id` int(10) unsigned NOT NULL,
  `cobrador_id` bigint(20) unsigned NOT NULL,
  `user` varchar(255) COLLATE utf8mb4_unicode_ci NOT NULL,
  `habilitado` tinyint(1) NOT NULL DEFAULT '1',
  `created_at` timestamp NULL DEFAULT NULL,
  `updated_at` timestamp NULL DEFAULT NULL,
  `deleted_at` timestamp NULL DEFAULT NULL,
  PRIMARY KEY (`id`),
  UNIQUE KEY `panel_users_user_unique` (`user`),
  UNIQUE KEY `user_person_unique` (`user`,`person_id`),
  KEY `panel_users_person_id_foreign` (`person_id`),
  KEY `panel_users_cobrador_id_foreign` (`cobrador_id`),
  CONSTRAINT `panel_users_cobrador_id_foreign` FOREIGN KEY (`cobrador_id`) REFERENCES `cobradores` (`id`),
  CONSTRAINT `panel_users_person_id_foreign` FOREIGN KEY (`person_id`) REFERENCES `persons` (`id`)
) ENGINE=InnoDB DEFAULT CHARSET=utf8mb4 COLLATE=utf8mb4_unicode_ci;

--
-- Dumping data for table `panel_users`
--


--
-- Table structure for table `panel_users_emails`
--

CREATE TABLE `panel_users_emails` (
  `id` bigint(20) unsigned NOT NULL AUTO_INCREMENT,
  `user_id` int(10) unsigned DEFAULT NULL,
  `panel_user_id` bigint(20) unsigned NOT NULL,
  `email` text COLLATE utf8mb4_unicode_ci,
  `created_at` timestamp NULL DEFAULT NULL,
  `updated_at` timestamp NULL DEFAULT NULL,
  `deleted_at` timestamp NULL DEFAULT NULL,
  PRIMARY KEY (`id`),
  KEY `panel_users_emails_panel_user_id_foreign` (`panel_user_id`),
  CONSTRAINT `panel_users_emails_panel_user_id_foreign` FOREIGN KEY (`panel_user_id`) REFERENCES `panel_users` (`id`)
) ENGINE=InnoDB DEFAULT CHARSET=utf8mb4 COLLATE=utf8mb4_unicode_ci;

--
-- Dumping data for table `panel_users_emails`
--


--
-- Table structure for table `panel_users_movimientos`
--

CREATE TABLE `panel_users_movimientos` (
  `id` bigint(20) unsigned NOT NULL AUTO_INCREMENT,
  `user_id` int(10) unsigned DEFAULT NULL,
  `cobrador_id` bigint(20) unsigned NOT NULL,
  `panel_user_id` bigint(20) unsigned NOT NULL,
  `cta_cte_tesoreria_cuenta_id` int(10) unsigned DEFAULT NULL,
  `credit_debit` int(10) unsigned NOT NULL,
  `importe` decimal(16,2) NOT NULL DEFAULT '0.00',
  `document` text COLLATE utf8mb4_unicode_ci,
  `operacion_id` text COLLATE utf8mb4_unicode_ci,
  `is_recarga` tinyint(1) NOT NULL DEFAULT '0',
  `path_file` varchar(255) COLLATE utf8mb4_unicode_ci DEFAULT NULL,
  `fecha` datetime DEFAULT NULL,
  `created_at` timestamp NULL DEFAULT NULL,
  `updated_at` timestamp NULL DEFAULT NULL,
  `deleted_at` timestamp NULL DEFAULT NULL,
  PRIMARY KEY (`id`),
  KEY `panel_users_movimientos_panel_user_id_foreign` (`panel_user_id`),
  KEY `panel_users_movimientos_cta_cte_tesoreria_cuenta_id_foreign` (`cta_cte_tesoreria_cuenta_id`),
  KEY `panel_users_movimientos_cobrador_id_foreign` (`cobrador_id`),
  CONSTRAINT `panel_users_movimientos_cobrador_id_foreign` FOREIGN KEY (`cobrador_id`) REFERENCES `cobradores` (`id`),
  CONSTRAINT `panel_users_movimientos_cta_cte_tesoreria_cuenta_id_foreign` FOREIGN KEY (`cta_cte_tesoreria_cuenta_id`) REFERENCES `cta_cte_tesoreria_cuentas` (`id`),
  CONSTRAINT `panel_users_movimientos_panel_user_id_foreign` FOREIGN KEY (`panel_user_id`) REFERENCES `panel_users` (`id`)
) ENGINE=InnoDB DEFAULT CHARSET=utf8mb4 COLLATE=utf8mb4_unicode_ci;

--
-- Dumping data for table `panel_users_movimientos`
--


--
-- Table structure for table `panel_users_telefonos`
--

CREATE TABLE `panel_users_telefonos` (
  `id` bigint(20) unsigned NOT NULL AUTO_INCREMENT,
  `user_id` int(10) unsigned DEFAULT NULL,
  `panel_user_id` bigint(20) unsigned NOT NULL,
  `telefono` text COLLATE utf8mb4_unicode_ci,
  `created_at` timestamp NULL DEFAULT NULL,
  `updated_at` timestamp NULL DEFAULT NULL,
  `deleted_at` timestamp NULL DEFAULT NULL,
  PRIMARY KEY (`id`),
  KEY `panel_users_telefonos_panel_user_id_foreign` (`panel_user_id`),
  CONSTRAINT `panel_users_telefonos_panel_user_id_foreign` FOREIGN KEY (`panel_user_id`) REFERENCES `panel_users` (`id`)
) ENGINE=InnoDB DEFAULT CHARSET=utf8mb4 COLLATE=utf8mb4_unicode_ci;

--
-- Dumping data for table `panel_users_telefonos`
--


--
-- Table structure for table `panel_users_transfer`
--

CREATE TABLE `panel_users_transfer` (
  `id` bigint(20) unsigned NOT NULL AUTO_INCREMENT,
  `user_id` int(10) unsigned DEFAULT NULL,
  `panel_user_id` bigint(20) unsigned NOT NULL,
  `panel_user_movimiento_id` bigint(20) unsigned NOT NULL,
  `cta_cte_tesoreria_cuenta_id` int(10) unsigned DEFAULT NULL,
  `credit_debit` int(10) unsigned NOT NULL,
  `document` text COLLATE utf8mb4_unicode_ci,
  `operacion_id` text COLLATE utf8mb4_unicode_ci,
  `cbu_alias` text COLLATE utf8mb4_unicode_ci,
  `nombre_apellido` text COLLATE utf8mb4_unicode_ci,
  `fecha` datetime DEFAULT NULL,
  `fecha_to_transfer` date DEFAULT NULL,
  `importe` decimal(16,2) NOT NULL DEFAULT '0.00',
  `is_realizada` tinyint(1) NOT NULL DEFAULT '0',
  `comentario` longtext COLLATE utf8mb4_unicode_ci,
  `created_at` timestamp NULL DEFAULT NULL,
  `updated_at` timestamp NULL DEFAULT NULL,
  `deleted_at` timestamp NULL DEFAULT NULL,
  PRIMARY KEY (`id`),
  KEY `panel_users_transfer_panel_user_id_foreign` (`panel_user_id`),
  KEY `panel_users_transfer_panel_user_movimiento_id_foreign` (`panel_user_movimiento_id`),
  KEY `panel_users_transfer_cta_cte_tesoreria_cuenta_id_foreign` (`cta_cte_tesoreria_cuenta_id`),
  CONSTRAINT `panel_users_transfer_cta_cte_tesoreria_cuenta_id_foreign` FOREIGN KEY (`cta_cte_tesoreria_cuenta_id`) REFERENCES `cta_cte_tesoreria_cuentas` (`id`),
  CONSTRAINT `panel_users_transfer_panel_user_id_foreign` FOREIGN KEY (`panel_user_id`) REFERENCES `panel_users` (`id`),
  CONSTRAINT `panel_users_transfer_panel_user_movimiento_id_foreign` FOREIGN KEY (`panel_user_movimiento_id`) REFERENCES `panel_users_movimientos` (`id`)
) ENGINE=InnoDB DEFAULT CHARSET=utf8mb4 COLLATE=utf8mb4_unicode_ci;

--
-- Dumping data for table `panel_users_transfer`
--


--
-- Table structure for table `password_resets`
--

CREATE TABLE `password_resets` (
  `email` varchar(180) COLLATE utf8mb4_unicode_ci NOT NULL,
  `token` varchar(180) COLLATE utf8mb4_unicode_ci NOT NULL,
  `created_at` timestamp NULL DEFAULT NULL,
  UNIQUE KEY `password_resets_email_token_unique` (`email`,`token`),
  KEY `password_resets_email_index` (`email`)
) ENGINE=InnoDB DEFAULT CHARSET=utf8mb4 COLLATE=utf8mb4_unicode_ci;

--
-- Dumping data for table `password_resets`
--


--
-- Table structure for table `path_of_file`
--

CREATE TABLE `path_of_file` (
  `id` int(10) unsigned NOT NULL AUTO_INCREMENT,
  `user_id` int(10) unsigned DEFAULT NULL,
  `person_id` int(10) unsigned DEFAULT NULL,
  `person_id_relationed` int(10) unsigned DEFAULT NULL,
  `path_of_file_name_id` int(10) unsigned DEFAULT NULL,
  `path` longtext COLLATE utf8mb4_unicode_ci,
  `storage` varchar(191) COLLATE utf8mb4_unicode_ci DEFAULT NULL,
  `comentario` varchar(191) COLLATE utf8mb4_unicode_ci DEFAULT NULL,
  `descripcion` varchar(191) COLLATE utf8mb4_unicode_ci DEFAULT NULL,
  `created_at` timestamp NULL DEFAULT NULL,
  `updated_at` timestamp NULL DEFAULT NULL,
  `deleted_at` timestamp NULL DEFAULT NULL,
  PRIMARY KEY (`id`),
  KEY `path_of_file_person_id_foreign` (`person_id`),
  KEY `path_of_file_person_id_relationed_foreign` (`person_id_relationed`),
  KEY `path_of_file_path_of_file_name_id_foreign` (`path_of_file_name_id`),
  CONSTRAINT `path_of_file_path_of_file_name_id_foreign` FOREIGN KEY (`path_of_file_name_id`) REFERENCES `path_of_file_names` (`id`),
  CONSTRAINT `path_of_file_person_id_foreign` FOREIGN KEY (`person_id`) REFERENCES `persons` (`id`),
  CONSTRAINT `path_of_file_person_id_relationed_foreign` FOREIGN KEY (`person_id_relationed`) REFERENCES `persons` (`id`)
) ENGINE=InnoDB AUTO_INCREMENT=26 DEFAULT CHARSET=utf8mb4 COLLATE=utf8mb4_unicode_ci;

--
-- Dumping data for table `path_of_file`
--

INSERT INTO `path_of_file` VALUES (1,NULL,41121,NULL,1,'<a href=\"https://taxes.com.ar/storage/contabilidad/libro_iva_ventas_compras/Libro_IVA_RG_AUTOMOTORES_S.A.S._VENTAS_2024_111.xlsx\">DESCARGAR</a>',NULL,NULL,NULL,'2024-12-21 17:59:41','2024-12-21 17:59:42',NULL),(2,NULL,41121,NULL,14,'<a href=\"https://taxes.com.ar/component_general/download_file/2\" target=\"_blank\">DESCARGAR</a>','storage/LibroDeSueldoDigital/8747_155LibroDeSueldoDigital.txt',NULL,NULL,'2025-06-07 15:12:19','2025-08-11 15:14:08','2025-08-11 15:14:08'),(3,NULL,41121,NULL,14,'<a href=\"https://taxes.com.ar/component_general/download_file/3\" target=\"_blank\">DESCARGAR</a>','storage/LibroDeSueldoDigital/8747_171LibroDeSueldoDigital.txt',NULL,NULL,'2025-07-06 20:35:29','2025-08-11 15:14:08','2025-08-11 15:14:08'),(4,NULL,41121,NULL,14,'<a href=\"https://taxes.com.ar/component_general/download_file/4\" target=\"_blank\">DESCARGAR</a>','storage/LibroDeSueldoDigital/8747_173LibroDeSueldoDigital.txt',NULL,NULL,'2025-07-06 21:16:33','2025-08-11 15:14:08','2025-08-11 15:14:08'),(5,NULL,41121,NULL,14,'<a href=\"https://taxes.com.ar/component_general/download_file/5\" target=\"_blank\">DESCARGAR</a>','storage/LibroDeSueldoDigital/8747_173LibroDeSueldoDigital.txt',NULL,NULL,'2025-07-06 21:35:44','2025-08-11 15:14:08','2025-08-11 15:14:08'),(6,NULL,41121,NULL,17,'<a href=\"https://taxes.com.ar/component_general/download_file/6\" target=\"_blank\">DESCARGAR</a>','storage/temporales/conceptos_que_se_liquidan/8747_Conceptos_que_se_liquidan_20250730_200116.xlsx',NULL,NULL,'2025-07-30 20:01:01','2025-08-11 17:21:30','2025-08-11 17:21:30'),(7,8747,41121,NULL,14,'<a href=\"https://taxes.com.ar/component_general/download_file/7\" target=\"_blank\">DESCARGAR</a>','storage/LibroDeSueldoDigital/8747_181LibroDeSueldoDigital.txt',NULL,NULL,'2025-08-11 16:23:56','2025-09-07 23:02:57','2025-09-07 23:02:57'),(8,NULL,41121,NULL,17,'<a href=\"https://taxes.com.ar/component_general/download_file/8\" target=\"_blank\">DESCARGAR</a>','storage/temporales/conceptos_que_se_liquidan/8747_Conceptos_que_se_liquidan_20250811_172134.xlsx',NULL,NULL,'2025-08-11 17:21:34','2025-08-11 17:23:08','2025-08-11 17:23:08'),(9,8747,41121,NULL,14,'<a href=\"https://taxes.com.ar/component_general/download_file/9\" target=\"_blank\">DESCARGAR</a>','storage/LibroDeSueldoDigital/8747_189LibroDeSueldoDigital.txt',NULL,NULL,'2025-09-07 22:43:55','2025-09-07 23:03:01','2025-09-07 23:03:01'),(10,NULL,41121,NULL,18,'<a href=\"/storage/temporales/eliminacion_masiva/eliminacion_comprobantes_10.xlsx\">DESCARGAR</a>',NULL,'Proceso completado. Eliminados: 947, Saltados: 0','Eliminación de comprobantes tipo 2 del período 2025-8 al 2025-8','2025-09-18 20:22:39','2025-09-18 20:22:56',NULL),(11,8747,41121,NULL,14,'<a href=\"https://taxes.com.ar/component_general/download_file/11\" target=\"_blank\">DESCARGAR</a>','storage/LibroDeSueldoDigital/8747_200LibroDeSueldoDigital.txt',NULL,NULL,'2025-10-04 16:56:57','2025-10-04 17:24:33','2025-10-04 17:24:33'),(12,8747,41121,NULL,14,'<a href=\"https://taxes.com.ar/component_general/download_file/12\" target=\"_blank\">DESCARGAR</a>','storage/LibroDeSueldoDigital/8747_200LibroDeSueldoDigital.txt',NULL,NULL,'2025-10-04 17:24:48','2025-11-05 12:12:47','2025-11-05 12:12:47'),(13,8747,53488,NULL,18,'<a href=\"/storage/temporales/eliminacion_masiva/eliminacion_comprobantes_13.xlsx\">DESCARGAR</a>',NULL,'Proceso completado. Eliminados: 6, Saltados: 0','Eliminación de comprobantes tipo 1 del período 2025-9 al 2025-9','2025-10-20 12:41:15','2025-10-20 12:41:19',NULL),(14,8747,41121,NULL,14,'<a href=\"https://taxes.com.ar/component_general/download_file/14\" target=\"_blank\">DESCARGAR</a>','storage/LibroDeSueldoDigital/8747_213LibroDeSueldoDigital.txt',NULL,NULL,'2025-11-05 12:12:56','2025-11-05 12:20:38','2025-11-05 12:20:38');
INSERT INTO `path_of_file` VALUES (15,8747,41121,NULL,14,'<a href=\"https://taxes.com.ar/component_general/download_file/15\" target=\"_blank\">DESCARGAR</a>','storage/LibroDeSueldoDigital/8747_213LibroDeSueldoDigital.txt',NULL,NULL,'2025-11-05 12:20:52','2025-11-05 12:29:18','2025-11-05 12:29:18'),(16,NULL,41121,NULL,14,'<a href=\"https://taxes.com.ar/component_general/download_file/16\" target=\"_blank\">DESCARGAR</a>','storage/LibroDeSueldoDigital/8747_213LibroDeSueldoDigital.txt',NULL,NULL,'2025-11-05 12:29:30','2025-11-05 12:30:16',NULL),(17,NULL,41121,NULL,4,'<a href=\"https://taxes.com.ar/storage/contabilidad/sumas_y_saldos/Sumas_y_Saldos_RG_AUTOMOTORES_S.A.S._17.xlsx\">DESCARGAR</a>',NULL,NULL,NULL,'2025-11-10 23:24:08','2025-11-10 23:25:14',NULL),(18,NULL,41121,NULL,2,'<a href=\"https://taxes.com.ar/storage/contabilidad/libro_diario/Libro_Diario_RG_AUTOMOTORES_S.A.S._18.xlsx\">DESCARGAR</a>',NULL,NULL,NULL,'2025-11-10 23:33:05','2025-11-10 23:34:47',NULL),(19,NULL,41121,NULL,4,'<a href=\"https://taxes.com.ar/storage/contabilidad/sumas_y_saldos/Sumas_y_Saldos_RG_AUTOMOTORES_S.A.S._19.xlsx\">DESCARGAR</a>',NULL,NULL,NULL,'2025-11-11 00:01:37','2025-11-11 00:02:40',NULL),(20,NULL,41121,NULL,2,'<a href=\"https://taxes.com.ar/storage/contabilidad/libro_diario/Libro_Diario_RG_AUTOMOTORES_S.A.S._20.xlsx\">DESCARGAR</a>',NULL,NULL,NULL,'2025-11-11 00:03:33','2025-11-11 00:03:34',NULL),(21,NULL,41121,NULL,2,'<a href=\"https://taxes.com.ar/storage/contabilidad/libro_diario/Libro_Diario_RG_AUTOMOTORES_S.A.S._21.xlsx\">DESCARGAR</a>',NULL,NULL,NULL,'2025-11-11 00:04:14','2025-11-11 00:06:01',NULL),(22,NULL,41121,NULL,4,'<a href=\"https://taxes.com.ar/storage/contabilidad/sumas_y_saldos/Sumas_y_Saldos_RG_AUTOMOTORES_S.A.S._22.xlsx\">DESCARGAR</a>',NULL,NULL,NULL,'2025-11-11 00:14:35','2025-11-11 00:15:37',NULL),(23,8747,53821,NULL,18,'<a href=\"/storage/temporales/eliminacion_masiva/eliminacion_comprobantes_23.xlsx\">DESCARGAR</a>',NULL,'Proceso completado. Eliminados: 1075, Saltados: 0','Eliminación de comprobantes tipo 2 del período 2025-10 al 2025-10','2025-11-19 15:50:16','2025-11-19 15:50:23',NULL),(24,8747,47764,NULL,18,'<a href=\"/storage/temporales/eliminacion_masiva/eliminacion_comprobantes_24.xlsx\">DESCARGAR</a>',NULL,'Proceso completado. Eliminados: 16, Saltados: 0','Eliminación de comprobantes tipo 1 del período 2025-10 al 2025-10','2025-11-20 10:46:58','2025-11-20 10:47:03',NULL),(25,8747,47764,NULL,18,'<a href=\"/storage/temporales/eliminacion_masiva/eliminacion_comprobantes_25.xlsx\">DESCARGAR</a>',NULL,'Proceso completado. Eliminados: 16, Saltados: 0','Eliminación de comprobantes tipo 1 del período 2025-10 al 2025-10','2025-11-20 14:50:23','2025-11-20 14:50:29',NULL);

--
-- Table structure for table `path_of_file_names`
--

CREATE TABLE `path_of_file_names` (
  `id` int(10) unsigned NOT NULL AUTO_INCREMENT,
  `user_id` int(10) unsigned DEFAULT NULL,
  `descripcion` text COLLATE utf8mb4_unicode_ci NOT NULL,
  `created_at` timestamp NULL DEFAULT NULL,
  `updated_at` timestamp NULL DEFAULT NULL,
  `deleted_at` timestamp NULL DEFAULT NULL,
  PRIMARY KEY (`id`)
) ENGINE=InnoDB AUTO_INCREMENT=19 DEFAULT CHARSET=utf8mb4 COLLATE=utf8mb4_unicode_ci;

--
-- Dumping data for table `path_of_file_names`
--

INSERT INTO `path_of_file_names` VALUES (1,NULL,'Libro IVA Compras - Ventas',NULL,NULL,NULL),(2,NULL,'Libro Diario',NULL,NULL,NULL),(3,NULL,'Mayores',NULL,NULL,NULL),(4,NULL,'Sumas y Saldos',NULL,NULL,NULL),(5,NULL,'Comprobantes Todas las Empresas','2023-02-16 08:52:56','2023-02-16 08:52:56',NULL),(6,NULL,'Bot Mis Comprobantes','2023-02-16 08:52:57','2023-02-16 08:52:57',NULL),(7,NULL,'SICOSS','2023-02-16 08:53:03','2023-02-16 08:53:03',NULL),(13,NULL,'Bot Generar Vep','2023-02-16 08:53:03','2023-02-16 08:53:03',NULL),(14,NULL,'TXT LSD','2023-04-15 13:10:27','2023-04-15 13:10:27',NULL),(15,NULL,'Movimientos Productos','2024-02-18 22:47:56','2024-02-18 22:47:56',NULL),(16,NULL,'Excel SF','2025-03-13 00:13:06','2025-03-13 00:13:06',NULL),(17,NULL,'Conceptos que Se Liquidan','2025-07-11 18:06:39','2025-07-11 18:06:39',NULL),(18,NULL,'Eliminación Masiva de Comprobantes','2025-08-25 09:51:58','2025-08-25 09:51:58',NULL);

--
-- Table structure for table `pay_methods`
--

CREATE TABLE `pay_methods` (
  `id` int(10) unsigned NOT NULL AUTO_INCREMENT,
  `description` varchar(180) COLLATE utf8mb4_unicode_ci NOT NULL,
  `created_at` timestamp NULL DEFAULT NULL,
  `updated_at` timestamp NULL DEFAULT NULL,
  PRIMARY KEY (`id`),
  UNIQUE KEY `pay_methods_description_unique` (`description`)
) ENGINE=InnoDB AUTO_INCREMENT=5 DEFAULT CHARSET=utf8mb4 COLLATE=utf8mb4_unicode_ci;

--
-- Dumping data for table `pay_methods`
--

INSERT INTO `pay_methods` VALUES (1,'INTERBANKING',NULL,NULL),(2,'VEP PAGOMISCUENTAS',NULL,NULL),(3,'VEP REDLINK',NULL,NULL),(4,'FORMULARIO',NULL,NULL);

--
-- Table structure for table `period_liquidation_details`
--

CREATE TABLE `period_liquidation_details` (
  `id` int(10) unsigned NOT NULL AUTO_INCREMENT,
  `user_id` int(10) unsigned DEFAULT NULL,
  `period_liquidation_id` int(10) unsigned NOT NULL,
  `period_id` int(10) unsigned NOT NULL,
  `person_id` int(10) unsigned NOT NULL,
  `zone_id` int(10) unsigned NOT NULL,
  `calculo_iibb` int(10) unsigned NOT NULL DEFAULT '1',
  `actividad_id` int(10) unsigned NOT NULL DEFAULT '1',
  `coef` decimal(16,4) NOT NULL DEFAULT '0.0000',
  `aliquot` decimal(16,4) NOT NULL DEFAULT '0.0000',
  `cm_articulo_regimen_id` int(10) unsigned NOT NULL DEFAULT '1',
  `base_amount` decimal(16,2) NOT NULL DEFAULT '0.00',
  `tax_amount` decimal(16,2) NOT NULL DEFAULT '0.00',
  `previous_period_balance` decimal(16,2) NOT NULL DEFAULT '0.00',
  `sircreb_amount` decimal(16,2) NOT NULL DEFAULT '0.00',
  `perception_amount` decimal(16,2) NOT NULL DEFAULT '0.00',
  `retention_amount` decimal(16,2) NOT NULL DEFAULT '0.00',
  `positive_amount` decimal(16,2) NOT NULL DEFAULT '0.00',
  `negative_amount` decimal(16,2) NOT NULL DEFAULT '0.00',
  `balance` int(11) NOT NULL DEFAULT '0',
  `created_at` timestamp NULL DEFAULT NULL,
  `updated_at` timestamp NULL DEFAULT NULL,
  `deleted_at` timestamp NULL DEFAULT NULL,
  PRIMARY KEY (`id`),
  KEY `period_liquidation_details_period_liquidation_id_foreign` (`period_liquidation_id`),
  KEY `period_liquidation_details_period_id_foreign` (`period_id`),
  KEY `period_liquidation_details_person_id_foreign` (`person_id`),
  KEY `period_liquidation_details_zone_id_foreign` (`zone_id`),
  KEY `period_liquidation_details_actividad_id_foreign` (`actividad_id`),
  KEY `period_liquidation_details_cm_articulo_regimen_id_foreign` (`cm_articulo_regimen_id`),
  CONSTRAINT `period_liquidation_details_actividad_id_foreign` FOREIGN KEY (`actividad_id`) REFERENCES `activities` (`id`),
  CONSTRAINT `period_liquidation_details_cm_articulo_regimen_id_foreign` FOREIGN KEY (`cm_articulo_regimen_id`) REFERENCES `cm_articulos_regimenes` (`id`),
  CONSTRAINT `period_liquidation_details_period_id_foreign` FOREIGN KEY (`period_id`) REFERENCES `periods` (`id`),
  CONSTRAINT `period_liquidation_details_period_liquidation_id_foreign` FOREIGN KEY (`period_liquidation_id`) REFERENCES `period_liquidations` (`id`),
  CONSTRAINT `period_liquidation_details_person_id_foreign` FOREIGN KEY (`person_id`) REFERENCES `persons` (`id`),
  CONSTRAINT `period_liquidation_details_zone_id_foreign` FOREIGN KEY (`zone_id`) REFERENCES `zones` (`id`)
) ENGINE=InnoDB AUTO_INCREMENT=4568 DEFAULT CHARSET=utf8mb4 COLLATE=utf8mb4_unicode_ci;

--
-- Dumping data for table `period_liquidation_details`
--

INSERT INTO `period_liquidation_details` VALUES (41,8522,22,1518,40718,23,1,1,0.5500,2.5000,1,0.00,0.00,0.00,0.00,0.00,0.00,0.00,0.00,0,'2023-02-24 19:22:31','2023-02-24 19:22:31',NULL),(42,8522,22,1518,40718,23,1,2,0.5500,3.0000,1,0.00,0.00,0.00,0.00,0.00,0.00,0.00,0.00,0,'2023-02-24 19:22:31','2023-02-24 19:22:31',NULL),(43,8522,22,1518,40718,22,1,1,0.4500,3.0000,1,0.00,0.00,0.00,0.00,0.00,0.00,0.00,0.00,0,'2023-02-24 19:22:31','2023-02-24 19:22:31',NULL),(44,8522,22,1518,40718,22,1,2,0.4500,3.5000,1,0.00,0.00,0.00,0.00,0.00,0.00,0.00,0.00,0,'2023-02-24 19:22:31','2023-02-24 19:22:31',NULL),(53,8522,29,1519,40718,23,1,1,0.5500,2.5000,1,858945.00,11810.49,0.00,0.00,0.00,0.00,0.00,0.00,0,'2023-02-27 11:34:11','2023-02-27 11:34:11',NULL),(54,8522,29,1519,40718,23,1,2,0.5500,3.0000,1,0.00,0.00,0.00,0.00,0.00,0.00,0.00,0.00,0,'2023-02-27 11:34:11','2023-02-27 11:34:11',NULL),(55,8522,29,1519,40718,22,1,1,0.4500,3.0000,1,858945.00,11595.76,0.00,0.00,0.00,0.00,0.00,0.00,0,'2023-02-27 11:34:11','2023-02-27 11:34:11',NULL),(56,8522,29,1519,40718,22,1,2,0.4500,3.5000,1,0.00,0.00,0.00,0.00,0.00,0.00,0.00,0.00,0,'2023-02-27 11:34:11','2023-02-27 11:34:11',NULL),(57,8522,30,1520,40718,23,1,1,0.5500,2.5000,1,721604.00,9922.06,0.00,0.00,0.00,0.00,0.00,0.00,0,'2023-02-27 11:34:17','2023-02-27 11:34:17',NULL),(58,8522,30,1520,40718,23,1,2,0.5500,3.0000,1,0.00,0.00,0.00,0.00,0.00,0.00,0.00,0.00,0,'2023-02-27 11:34:17','2023-02-27 11:34:17',NULL),(59,8522,30,1520,40718,22,1,1,0.4500,3.0000,1,721604.00,9741.65,0.00,0.00,0.00,0.00,0.00,0.00,0,'2023-02-27 11:34:17','2023-02-27 11:34:17',NULL),(60,8522,30,1520,40718,22,1,2,0.4500,3.5000,1,0.00,0.00,0.00,0.00,0.00,0.00,0.00,0.00,0,'2023-02-27 11:34:17','2023-02-27 11:34:17',NULL),(61,8522,32,1521,40718,23,1,1,0.5500,2.5000,1,1201111.00,16515.28,0.00,0.00,0.00,0.00,0.00,0.00,0,'2023-02-27 11:34:35','2023-02-27 11:34:35',NULL),(62,8522,32,1521,40718,23,1,2,0.5500,3.0000,1,0.00,0.00,0.00,0.00,0.00,0.00,0.00,0.00,0,'2023-02-27 11:34:35','2023-02-27 11:34:35',NULL),(63,8522,32,1521,40718,22,1,1,0.4500,3.0000,1,1201111.00,16215.00,0.00,0.00,0.00,0.00,0.00,0.00,0,'2023-02-27 11:34:35','2023-02-27 11:34:35',NULL),(64,8522,32,1521,40718,22,1,2,0.4500,3.5000,1,0.00,0.00,0.00,0.00,0.00,0.00,0.00,0.00,0,'2023-02-27 11:34:35','2023-02-27 11:34:35',NULL),(239,8747,92,24244,40829,13,1,400,1.0000,2.0000,1,0.00,0.00,0.00,0.00,0.00,0.00,0.00,0.00,0,'2023-04-19 21:09:13','2023-04-19 21:09:13',NULL),(240,8747,92,24244,40829,13,1,792,1.0000,4.0000,1,0.00,0.00,0.00,0.00,0.00,0.00,0.00,0.00,0,'2023-04-19 21:09:13','2023-04-19 21:09:13',NULL),(241,8747,92,24244,40829,13,1,832,1.0000,5.0000,1,0.00,0.00,0.00,0.00,0.00,0.00,0.00,0.00,0,'2023-04-19 21:09:13','2023-04-19 21:09:13',NULL),(242,8747,92,24244,40829,12,1,400,1.0000,1.5000,1,0.00,0.00,0.00,0.00,0.00,0.00,0.00,0.00,0,'2023-04-19 21:09:13','2023-04-19 21:09:13',NULL),(243,8747,92,24244,40829,12,1,792,1.0000,5.5000,1,0.00,0.00,0.00,0.00,0.00,0.00,0.00,0.00,0,'2023-04-19 21:09:13','2023-04-19 21:09:13',NULL),(244,8747,92,24244,40829,12,2,832,0.0000,5.0000,10,1354196.00,0.00,0.00,0.00,0.00,0.00,0.00,0.00,0,'2023-04-19 21:09:13','2023-04-19 21:09:13',NULL),(347,8747,133,24245,40829,13,1,400,1.0000,2.0000,1,0.00,0.00,0.00,0.00,0.00,0.00,0.00,0.00,0,'2023-05-19 18:27:51','2023-05-19 18:27:51',NULL),(348,8747,133,24245,40829,13,1,792,1.0000,4.0000,1,0.00,0.00,0.00,0.00,0.00,0.00,0.00,0.00,0,'2023-05-19 18:27:51','2023-05-19 18:27:51',NULL),(349,8747,133,24245,40829,13,1,832,1.0000,5.0000,1,0.00,0.00,0.00,0.00,0.00,0.00,0.00,0.00,0,'2023-05-19 18:27:51','2023-05-19 18:27:51',NULL),(350,8747,133,24245,40829,12,1,400,1.0000,1.5000,1,0.00,0.00,0.00,0.00,0.00,0.00,0.00,0.00,0,'2023-05-19 18:27:51','2023-05-19 18:27:51',NULL),(351,8747,133,24245,40829,12,1,792,1.0000,5.5000,1,0.00,0.00,0.00,0.00,0.00,0.00,0.00,0.00,0,'2023-05-19 18:27:51','2023-05-19 18:27:51',NULL),(352,8747,133,24245,40829,12,2,832,0.0000,5.0000,10,1201969.00,0.00,0.00,0.00,0.00,0.00,0.00,0.00,0,'2023-05-19 18:27:51','2023-05-19 18:27:51',NULL);
INSERT INTO `period_liquidation_details` VALUES (390,8747,154,28789,40868,13,1,458,1.0000,5.0000,1,0.00,0.00,0.00,0.00,0.00,0.00,0.00,0.00,0,'2023-06-14 23:22:33','2023-06-14 23:22:33',NULL),(391,8747,154,28789,40868,13,1,804,1.0000,5.0000,1,422000.00,21100.00,0.00,0.00,0.00,0.00,0.00,0.00,0,'2023-06-14 23:22:33','2023-06-14 23:22:33',NULL),(393,8747,157,25759,40866,13,1,887,1.0000,4.5000,1,940492.63,42322.17,0.00,0.00,0.00,0.00,0.00,0.00,0,'2023-06-15 01:55:18','2023-06-15 01:55:18',NULL),(556,8747,213,24246,40829,13,1,400,1.0000,2.0000,1,0.00,0.00,0.00,0.00,0.00,0.00,0.00,0.00,0,'2023-06-26 13:25:01','2023-06-26 13:25:01',NULL),(557,8747,213,24246,40829,13,1,792,1.0000,4.0000,1,0.00,0.00,0.00,0.00,0.00,0.00,0.00,0.00,0,'2023-06-26 13:25:01','2023-06-26 13:25:01',NULL),(558,8747,213,24246,40829,13,1,832,1.0000,5.0000,1,0.00,0.00,0.00,0.00,0.00,0.00,0.00,0.00,0,'2023-06-26 13:25:01','2023-06-26 13:25:01',NULL),(559,8747,213,24246,40829,12,1,400,1.0000,1.5000,1,0.00,0.00,0.00,0.00,0.00,0.00,0.00,0.00,0,'2023-06-26 13:25:01','2023-06-26 13:25:01',NULL),(560,8747,213,24246,40829,12,1,792,1.0000,5.5000,1,0.00,0.00,0.00,0.00,0.00,0.00,0.00,0.00,0,'2023-06-26 13:25:01','2023-06-26 13:25:01',NULL),(561,8747,213,24246,40829,12,2,832,0.0000,5.0000,10,2027647.60,0.00,0.00,0.00,0.00,0.00,0.00,0.00,0,'2023-06-26 13:25:01','2023-06-26 13:25:01',NULL),(565,8747,223,25760,40866,13,1,887,1.0000,4.5000,1,1301739.52,58578.28,0.00,0.00,0.00,0.00,0.00,0.00,0,'2023-07-02 13:59:11','2023-07-02 13:59:11',NULL),(567,8747,226,25761,40866,13,1,887,1.0000,4.5000,1,2279502.87,102577.63,0.00,0.00,0.00,0.00,0.00,0.00,0,'2023-07-02 15:38:08','2023-07-02 15:38:08',NULL),(569,8747,230,25762,40866,13,1,887,1.0000,4.5000,1,9171428.04,412714.26,0.00,0.00,0.00,0.00,0.00,0.00,0,'2023-07-02 16:41:02','2023-07-02 16:41:02',NULL),(571,8747,234,25763,40866,13,1,887,1.0000,4.5000,1,5885955.00,264867.98,0.00,0.00,0.00,0.00,0.00,0.00,0,'2023-07-02 19:21:30','2023-07-02 19:21:30',NULL),(582,8747,246,31808,41111,13,2,942,0.0000,0.0000,1,217500.00,0.00,0.00,0.00,0.00,0.00,0.00,0.00,0,'2023-07-15 11:39:42','2023-07-15 11:39:42',NULL),(583,8747,248,31809,41111,13,2,942,0.0000,0.0000,1,203400.00,0.00,0.00,0.00,0.00,0.00,0.00,0.00,0,'2023-07-15 11:51:01','2023-07-15 11:51:01',NULL),(584,8747,250,31810,41111,13,2,942,0.0000,0.0000,1,222850.00,0.00,0.00,0.00,0.00,0.00,0.00,0.00,0,'2023-07-15 11:51:23','2023-07-15 11:51:23',NULL),(585,8747,252,31811,41111,13,2,942,0.0000,0.0000,1,225100.00,0.00,0.00,0.00,0.00,0.00,0.00,0.00,0,'2023-07-15 11:51:40','2023-07-15 11:51:40',NULL),(586,8747,254,31812,41111,13,2,942,0.0000,0.0000,1,345000.00,0.00,0.00,0.00,0.00,0.00,0.00,0.00,0,'2023-07-15 11:51:56','2023-07-15 11:51:56',NULL),(587,8747,256,31813,41111,13,2,942,0.0000,0.0000,1,366550.00,0.00,0.00,0.00,0.00,0.00,0.00,0.00,0,'2023-07-15 11:52:18','2023-07-15 11:52:18',NULL),(588,8747,258,31815,41111,13,2,942,0.0000,0.0000,1,177000.00,0.00,0.00,0.00,0.00,0.00,0.00,0.00,0,'2023-07-15 11:52:44','2023-07-15 11:52:44',NULL),(589,8747,260,31816,41111,13,2,942,0.0000,0.0000,1,266200.00,0.00,0.00,0.00,0.00,0.00,0.00,0.00,0,'2023-07-15 11:52:59','2023-07-15 11:52:59',NULL),(590,8747,262,31817,41111,13,2,942,0.0000,0.0000,1,246250.00,0.00,0.00,0.00,0.00,0.00,0.00,0.00,0,'2023-07-15 11:53:12','2023-07-15 11:53:12',NULL),(591,8747,264,31818,41111,13,2,942,0.0000,0.0000,1,257900.00,0.00,0.00,0.00,0.00,0.00,0.00,0.00,0,'2023-07-15 11:53:31','2023-07-15 11:53:31',NULL),(592,8747,266,31819,41111,13,2,942,0.0000,0.0000,1,248150.00,0.00,0.00,0.00,0.00,0.00,0.00,0.00,0,'2023-07-15 11:53:49','2023-07-15 11:53:49',NULL),(593,8747,268,31820,41111,13,2,942,0.0000,0.0000,1,373100.00,0.00,0.00,0.00,0.00,0.00,0.00,0.00,0,'2023-07-15 11:54:03','2023-07-15 11:54:03',NULL),(598,8747,278,30301,41025,13,1,522,1.0000,5.0000,1,726328.06,36316.40,0.00,0.00,0.00,0.00,0.00,0.00,0,'2023-07-16 20:51:33','2023-07-16 20:51:33',NULL),(601,8747,283,33330,41121,13,2,424,1.0000,4.0000,10,4042149.68,161685.99,0.00,0.00,0.00,0.00,0.00,0.00,0,'2023-07-17 01:02:17','2023-07-17 01:02:17',NULL);
INSERT INTO `period_liquidation_details` VALUES (602,8747,283,33330,41121,12,1,424,0.0000,0.0000,1,0.00,0.00,0.00,0.00,0.00,0.00,0.00,0.00,0,'2023-07-17 01:02:17','2023-07-17 01:02:17',NULL),(617,8747,292,24247,40829,13,1,400,1.0000,2.0000,1,0.00,0.00,0.00,0.00,0.00,0.00,0.00,0.00,0,'2023-07-19 14:00:31','2023-07-19 14:00:31',NULL),(618,8747,292,24247,40829,13,1,792,1.0000,4.0000,1,0.00,0.00,0.00,0.00,0.00,0.00,0.00,0.00,0,'2023-07-19 14:00:31','2023-07-19 14:00:31',NULL),(619,8747,292,24247,40829,13,1,832,1.0000,5.0000,1,0.00,0.00,0.00,0.00,0.00,0.00,0.00,0.00,0,'2023-07-19 14:00:32','2023-07-19 14:00:32',NULL),(620,8747,292,24247,40829,12,1,400,1.0000,1.5000,1,0.00,0.00,0.00,0.00,0.00,0.00,0.00,0.00,0,'2023-07-19 14:00:32','2023-07-19 14:00:32',NULL),(621,8747,292,24247,40829,12,1,792,1.0000,5.5000,1,0.00,0.00,0.00,0.00,0.00,0.00,0.00,0.00,0,'2023-07-19 14:00:32','2023-07-19 14:00:32',NULL),(622,8747,292,24247,40829,12,2,832,1.0000,5.0000,10,1520000.00,76000.00,0.00,0.00,0.00,0.00,0.00,0.00,0,'2023-07-19 14:00:32','2023-07-19 14:00:32',NULL),(629,8747,307,34837,41211,13,1,894,1.0000,4.5000,1,1218195.65,54818.80,0.00,0.00,0.00,0.00,0.00,0.00,0,'2023-07-19 18:09:11','2023-07-19 18:09:11',NULL),(630,8747,310,28790,40868,13,1,458,1.0000,5.0000,1,114920.00,5746.00,0.00,0.00,0.00,0.00,0.00,0.00,0,'2023-07-21 14:51:59','2023-07-21 14:51:59',NULL),(631,8747,310,28790,40868,13,1,804,1.0000,5.0000,1,0.00,0.00,0.00,0.00,0.00,0.00,0.00,0.00,0,'2023-07-21 14:51:59','2023-07-21 14:51:59',NULL),(692,8747,346,28791,40868,13,1,458,1.0000,5.0000,1,279860.00,13993.00,0.00,0.00,0.00,0.00,0.00,0.00,0,'2023-08-17 14:25:38','2023-08-17 14:25:38',NULL),(693,8747,346,28791,40868,13,1,804,1.0000,5.0000,1,0.00,0.00,0.00,0.00,0.00,0.00,0.00,0.00,0,'2023-08-17 14:25:38','2023-08-17 14:25:38',NULL),(702,8747,364,34838,41211,13,1,894,1.0000,4.5000,1,1223145.61,55041.55,0.00,0.00,0.00,0.00,0.00,0.00,0,'2023-08-19 14:00:28','2023-08-19 14:00:28',NULL),(703,8747,366,30302,41025,13,1,522,1.0000,5.0000,1,849313.88,42465.69,0.00,0.00,0.00,0.00,0.00,0.00,0,'2023-08-19 14:53:11','2023-08-19 14:53:11',NULL),(716,8747,382,33331,41121,13,2,424,1.0000,4.0000,10,5539670.85,221586.83,0.00,0.00,0.00,0.00,0.00,0.00,0,'2023-08-28 13:16:19','2023-08-28 13:16:19',NULL),(717,8747,382,33331,41121,12,1,424,0.0000,0.0000,1,0.00,0.00,0.00,0.00,0.00,0.00,0.00,0.00,0,'2023-08-28 13:16:19','2023-08-28 13:16:19',NULL),(718,8747,384,24248,40829,13,1,400,1.0000,2.0000,1,0.00,0.00,0.00,0.00,0.00,0.00,0.00,0.00,0,'2023-08-28 13:50:55','2023-08-28 13:50:55',NULL),(719,8747,384,24248,40829,13,1,792,1.0000,4.0000,1,0.00,0.00,0.00,0.00,0.00,0.00,0.00,0.00,0,'2023-08-28 13:50:55','2023-08-28 13:50:55',NULL),(720,8747,384,24248,40829,13,1,832,1.0000,5.0000,1,0.00,0.00,0.00,0.00,0.00,0.00,0.00,0.00,0,'2023-08-28 13:50:55','2023-08-28 13:50:55',NULL),(721,8747,384,24248,40829,12,1,400,1.0000,1.5000,1,0.00,0.00,0.00,0.00,0.00,0.00,0.00,0.00,0,'2023-08-28 13:50:55','2023-08-28 13:50:55',NULL),(722,8747,384,24248,40829,12,1,792,1.0000,5.5000,1,0.00,0.00,0.00,0.00,0.00,0.00,0.00,0.00,0,'2023-08-28 13:50:55','2023-08-28 13:50:55',NULL),(723,8747,384,24248,40829,12,2,832,1.0000,5.0000,10,2400000.00,120000.00,0.00,0.00,0.00,0.00,0.00,0.00,0,'2023-08-28 13:50:55','2023-08-28 13:50:55',NULL),(724,8747,386,25764,40866,13,1,887,1.0000,4.5000,1,10474187.58,471338.44,0.00,0.00,0.00,0.00,0.00,0.00,0,'2023-08-28 19:40:01','2023-08-28 19:40:01',NULL),(732,8747,401,30303,41025,13,1,522,1.0000,5.0000,1,1229467.72,61473.39,0.00,0.00,0.00,0.00,0.00,0.00,0,'2023-09-18 23:20:53','2023-09-18 23:20:53',NULL),(735,8747,407,34839,41211,13,1,894,1.0000,4.5000,1,1423729.60,64067.83,0.00,0.00,0.00,0.00,0.00,0.00,0,'2023-09-19 12:45:04','2023-09-19 12:45:04',NULL),(738,8747,413,28792,40868,13,1,458,1.0000,5.0000,1,296762.50,14838.13,0.00,0.00,0.00,0.00,0.00,0.00,0,'2023-09-19 14:14:36','2023-09-19 14:14:36',NULL),(739,8747,413,28792,40868,13,1,804,1.0000,5.0000,1,0.00,0.00,0.00,0.00,0.00,0.00,0.00,0.00,0,'2023-09-19 14:14:36','2023-09-19 14:14:36',NULL);
INSERT INTO `period_liquidation_details` VALUES (762,8747,429,33332,41121,13,2,424,1.0000,4.0000,10,10366117.21,414644.69,0.00,0.00,0.00,0.00,0.00,0.00,0,'2023-09-20 12:31:12','2023-09-20 12:31:12',NULL),(763,8747,429,33332,41121,12,1,424,0.0000,0.0000,1,0.00,0.00,0.00,0.00,0.00,0.00,0.00,0.00,0,'2023-09-20 12:31:12','2023-09-20 12:31:12',NULL),(764,8747,431,24249,40829,13,1,400,1.0000,2.0000,1,0.00,0.00,0.00,0.00,0.00,0.00,0.00,0.00,0,'2023-09-21 12:04:51','2023-09-21 12:04:51',NULL),(765,8747,431,24249,40829,13,1,792,1.0000,4.0000,1,0.00,0.00,0.00,0.00,0.00,0.00,0.00,0.00,0,'2023-09-21 12:04:51','2023-09-21 12:04:51',NULL),(766,8747,431,24249,40829,13,1,832,1.0000,5.0000,1,0.00,0.00,0.00,0.00,0.00,0.00,0.00,0.00,0,'2023-09-21 12:04:51','2023-09-21 12:04:51',NULL),(767,8747,431,24249,40829,12,1,400,1.0000,1.5000,1,0.00,0.00,0.00,0.00,0.00,0.00,0.00,0.00,0,'2023-09-21 12:04:51','2023-09-21 12:04:51',NULL),(768,8747,431,24249,40829,12,1,792,1.0000,5.5000,1,0.00,0.00,0.00,0.00,0.00,0.00,0.00,0.00,0,'2023-09-21 12:04:51','2023-09-21 12:04:51',NULL),(769,8747,431,24249,40829,12,2,832,1.0000,5.0000,10,3710000.00,185500.00,0.00,0.00,0.00,0.00,0.00,0.00,0,'2023-09-21 12:04:51','2023-09-21 12:04:51',NULL),(770,8747,433,25765,40866,13,1,887,1.0000,4.5000,1,9879679.38,444585.57,0.00,0.00,0.00,0.00,0.00,0.00,0,'2023-09-21 13:36:46','2023-09-21 13:36:46',NULL),(772,8747,437,34840,41211,13,1,894,1.0000,4.5000,1,1748576.36,78685.94,0.00,0.00,0.00,0.00,0.00,0.00,0,'2023-10-16 17:28:11','2023-10-16 17:28:11',NULL),(774,8747,441,30304,41025,13,1,522,1.0000,5.0000,1,784194.85,39209.74,0.00,0.00,0.00,0.00,0.00,0.00,0,'2023-10-16 15:26:35','2023-10-16 15:26:35',NULL),(777,8747,445,33333,41121,13,2,424,1.0000,4.0000,10,5825208.08,233008.32,0.00,0.00,0.00,0.00,0.00,0.00,0,'2023-10-16 19:10:31','2023-10-16 19:10:31',NULL),(778,8747,445,33333,41121,12,1,424,0.0000,0.0000,1,0.00,0.00,0.00,0.00,0.00,0.00,0.00,0.00,0,'2023-10-16 19:10:31','2023-10-16 19:10:31',NULL),(781,8747,449,28793,40868,13,1,458,1.0000,5.0000,1,230338.00,11516.90,0.00,0.00,0.00,0.00,0.00,0.00,0,'2023-10-17 22:25:26','2023-10-17 22:25:26',NULL),(782,8747,449,28793,40868,13,1,804,1.0000,5.0000,1,0.00,0.00,0.00,0.00,0.00,0.00,0.00,0.00,0,'2023-10-17 22:25:26','2023-10-17 22:25:26',NULL),(819,8747,473,24250,40829,13,1,400,1.0000,2.0000,1,250000.00,5000.00,0.00,0.00,0.00,0.00,0.00,0.00,0,'2023-10-23 14:47:27','2023-10-23 14:47:27',NULL),(820,8747,473,24250,40829,13,1,792,1.0000,4.0000,1,0.00,0.00,0.00,0.00,0.00,0.00,0.00,0.00,0,'2023-10-23 14:47:27','2023-10-23 14:47:27',NULL),(821,8747,473,24250,40829,13,1,832,1.0000,5.0000,1,0.00,0.00,0.00,0.00,0.00,0.00,0.00,0.00,0,'2023-10-23 14:47:27','2023-10-23 14:47:27',NULL),(822,8747,473,24250,40829,12,1,400,1.0000,1.5000,1,250000.00,3750.00,0.00,0.00,0.00,0.00,0.00,0.00,0,'2023-10-23 14:47:27','2023-10-23 14:47:27',NULL),(823,8747,473,24250,40829,12,1,792,1.0000,5.5000,1,0.00,0.00,0.00,0.00,0.00,0.00,0.00,0.00,0,'2023-10-23 14:47:27','2023-10-23 14:47:27',NULL),(824,8747,473,24250,40829,12,2,832,1.0000,5.0000,10,0.00,0.00,0.00,0.00,0.00,0.00,0.00,0.00,0,'2023-10-23 14:47:27','2023-10-23 14:47:27',NULL),(825,8747,475,25766,40866,13,1,887,1.0000,4.5000,1,10658467.78,479631.05,0.00,0.00,0.00,0.00,0.00,0.00,0,'2023-10-26 14:22:04','2023-10-26 14:22:04',NULL),(828,8747,481,34841,41211,13,1,894,1.0000,4.5000,1,1665664.94,74954.92,0.00,0.00,0.00,0.00,0.00,0.00,0,'2023-11-14 20:51:24','2023-11-14 20:51:24',NULL),(829,8747,483,30305,41025,13,1,522,1.0000,5.0000,1,2024094.30,101204.72,0.00,0.00,0.00,0.00,0.00,0.00,0,'2023-11-14 15:21:18','2023-11-14 15:21:18',NULL),(832,8747,487,33334,41121,13,2,424,1.0000,4.0000,10,12526448.03,501057.92,0.00,0.00,0.00,0.00,0.00,0.00,0,'2023-11-15 06:48:30','2023-11-15 06:48:30',NULL),(833,8747,487,33334,41121,12,1,424,0.0000,0.0000,1,0.00,0.00,0.00,0.00,0.00,0.00,0.00,0.00,0,'2023-11-15 06:48:30','2023-11-15 06:48:30',NULL),(834,8747,489,28794,40868,13,1,458,1.0000,5.0000,1,0.00,0.00,0.00,0.00,0.00,0.00,0.00,0.00,0,'2023-11-15 14:00:59','2023-11-15 14:00:59',NULL);
INSERT INTO `period_liquidation_details` VALUES (835,8747,489,28794,40868,13,1,804,1.0000,5.0000,1,0.00,0.00,0.00,0.00,0.00,0.00,0.00,0.00,0,'2023-11-15 14:00:59','2023-11-15 14:00:59',NULL),(860,8747,497,24251,40829,13,1,400,1.0000,2.0000,1,250000.00,5000.00,0.00,0.00,0.00,0.00,0.00,0.00,0,'2023-11-21 18:20:10','2023-11-21 18:20:10',NULL),(861,8747,497,24251,40829,13,1,792,1.0000,4.0000,1,0.00,0.00,0.00,0.00,0.00,0.00,0.00,0.00,0,'2023-11-21 18:20:10','2023-11-21 18:20:10',NULL),(862,8747,497,24251,40829,13,1,832,1.0000,5.0000,1,0.00,0.00,0.00,0.00,0.00,0.00,0.00,0.00,0,'2023-11-21 18:20:10','2023-11-21 18:20:10',NULL),(863,8747,497,24251,40829,12,1,400,1.0000,1.5000,1,250000.00,3750.00,0.00,0.00,0.00,0.00,0.00,0.00,0,'2023-11-21 18:20:10','2023-11-21 18:20:10',NULL),(864,8747,497,24251,40829,12,1,792,1.0000,5.5000,1,0.00,0.00,0.00,0.00,0.00,0.00,0.00,0.00,0,'2023-11-21 18:20:10','2023-11-21 18:20:10',NULL),(865,8747,497,24251,40829,12,2,832,1.0000,5.0000,10,0.00,0.00,0.00,0.00,0.00,0.00,0.00,0.00,0,'2023-11-21 18:20:10','2023-11-21 18:20:10',NULL),(868,8747,503,25767,40866,13,1,887,1.0000,4.5000,1,16292521.79,733163.48,0.00,0.00,0.00,0.00,0.00,0.00,0,'2023-11-21 16:51:16','2023-11-21 16:51:16',NULL),(870,8747,510,34842,41211,13,1,894,1.0000,4.5000,1,1717756.59,77299.05,0.00,0.00,0.00,0.00,0.00,0.00,0,'2023-12-12 14:31:05','2023-12-12 14:31:05',NULL),(872,8747,514,30306,41025,13,1,522,1.0000,5.0000,1,1023108.01,51155.40,0.00,0.00,0.00,0.00,0.00,0.00,0,'2023-12-12 14:58:35','2023-12-12 14:58:35',NULL),(875,8747,518,33335,41121,13,2,424,1.0000,4.0000,10,10386778.41,415471.14,0.00,0.00,0.00,0.00,0.00,0.00,0,'2023-12-18 00:48:10','2023-12-18 00:48:10',NULL),(876,8747,518,33335,41121,12,1,424,0.0000,0.0000,1,0.00,0.00,0.00,0.00,0.00,0.00,0.00,0.00,0,'2023-12-18 00:48:10','2023-12-18 00:48:10',NULL),(879,8747,522,28795,40868,13,1,458,1.0000,5.0000,1,694500.00,34725.00,0.00,0.00,0.00,0.00,0.00,0.00,0,'2023-12-20 01:39:14','2023-12-20 01:39:14',NULL),(880,8747,522,28795,40868,13,1,804,1.0000,5.0000,1,0.00,0.00,0.00,0.00,0.00,0.00,0.00,0.00,0,'2023-12-20 01:39:14','2023-12-20 01:39:14',NULL),(989,8747,558,24252,40829,13,1,400,1.0000,2.0000,1,22485000.00,449700.00,0.00,0.00,0.00,0.00,0.00,0.00,0,'2023-12-21 02:43:04','2023-12-21 02:43:04',NULL),(990,8747,558,24252,40829,13,1,792,1.0000,4.0000,1,0.00,0.00,0.00,0.00,0.00,0.00,0.00,0.00,0,'2023-12-21 02:43:04','2023-12-21 02:43:04',NULL),(991,8747,558,24252,40829,13,1,832,1.0000,5.0000,1,0.00,0.00,0.00,0.00,0.00,0.00,0.00,0.00,0,'2023-12-21 02:43:04','2023-12-21 02:43:04',NULL),(992,8747,558,24252,40829,12,1,400,1.0000,1.5000,1,22485000.00,337275.00,0.00,0.00,0.00,0.00,0.00,0.00,0,'2023-12-21 02:43:04','2023-12-21 02:43:04',NULL),(993,8747,558,24252,40829,12,1,792,1.0000,5.5000,1,0.00,0.00,0.00,0.00,0.00,0.00,0.00,0.00,0,'2023-12-21 02:43:04','2023-12-21 02:43:04',NULL),(994,8747,558,24252,40829,12,2,832,1.0000,5.0000,10,0.00,0.00,0.00,0.00,0.00,0.00,0.00,0.00,0,'2023-12-21 02:43:04','2023-12-21 02:43:04',NULL),(1008,8747,573,34843,41211,13,1,894,1.0000,4.5000,1,1372432.44,61759.46,0.00,0.00,0.00,0.00,0.00,0.00,0,'2024-01-15 15:05:07','2024-01-15 15:05:07',NULL),(1010,8747,577,30307,41025,13,1,522,1.0000,5.0000,1,2060087.80,103004.39,0.00,0.00,0.00,0.00,0.00,0.00,0,'2024-01-15 16:38:31','2024-01-15 16:38:31',NULL),(1013,8747,581,33336,41121,13,2,424,1.0000,4.0000,10,10127274.32,405090.97,0.00,0.00,0.00,0.00,0.00,0.00,0,'2024-01-16 22:27:30','2024-01-16 22:27:30',NULL),(1014,8747,581,33336,41121,12,1,424,0.0000,0.0000,1,0.00,0.00,0.00,0.00,0.00,0.00,0.00,0.00,0,'2024-01-16 22:27:30','2024-01-16 22:27:30',NULL),(1015,8747,583,28796,40868,13,1,458,1.0000,5.0000,1,0.00,0.00,0.00,0.00,0.00,0.00,0.00,0.00,0,'2024-01-16 15:48:11','2024-01-16 15:48:11',NULL),(1016,8747,583,28796,40868,13,1,804,1.0000,5.0000,1,0.00,0.00,0.00,0.00,0.00,0.00,0.00,0.00,0,'2024-01-16 15:48:11','2024-01-16 15:48:11',NULL),(1023,8747,587,24253,40829,13,1,400,1.0000,2.0000,1,10418396.70,208367.93,0.00,0.00,0.00,0.00,0.00,0.00,0,'2024-01-17 19:06:07','2024-01-17 19:06:07',NULL);
INSERT INTO `period_liquidation_details` VALUES (1024,8747,587,24253,40829,13,1,792,1.0000,4.0000,1,0.00,0.00,0.00,0.00,0.00,0.00,0.00,0.00,0,'2024-01-17 19:06:07','2024-01-17 19:06:07',NULL),(1025,8747,587,24253,40829,13,1,832,1.0000,5.0000,1,0.00,0.00,0.00,0.00,0.00,0.00,0.00,0.00,0,'2024-01-17 19:06:07','2024-01-17 19:06:07',NULL),(1026,8747,587,24253,40829,12,1,400,1.0000,1.5000,1,10418396.70,156275.95,0.00,0.00,0.00,0.00,0.00,0.00,0,'2024-01-17 19:06:07','2024-01-17 19:06:07',NULL),(1027,8747,587,24253,40829,12,1,792,1.0000,5.5000,1,0.00,0.00,0.00,0.00,0.00,0.00,0.00,0.00,0,'2024-01-17 19:06:07','2024-01-17 19:06:07',NULL),(1028,8747,587,24253,40829,12,2,832,1.0000,5.0000,10,0.00,0.00,0.00,0.00,0.00,0.00,0.00,0.00,0,'2024-01-17 19:06:07','2024-01-17 19:06:07',NULL),(1034,8747,599,25768,40866,13,1,887,1.0000,4.5000,1,18629415.46,838323.70,0.00,0.00,0.00,0.00,0.00,0.00,0,'2024-01-17 15:19:59','2024-01-17 15:19:59',NULL),(1050,8747,611,39534,40829,13,1,400,1.0000,2.0000,1,0.00,0.00,0.00,0.00,0.00,0.00,0.00,0.00,0,'2024-02-06 20:04:47','2024-02-06 20:04:47',NULL),(1051,8747,611,39534,40829,13,1,792,1.0000,4.0000,1,0.00,0.00,0.00,0.00,0.00,0.00,0.00,0.00,0,'2024-02-06 20:04:47','2024-02-06 20:04:47',NULL),(1052,8747,611,39534,40829,13,1,832,1.0000,5.0000,1,0.00,0.00,0.00,0.00,0.00,0.00,0.00,0.00,0,'2024-02-06 20:04:47','2024-02-06 20:04:47',NULL),(1053,8747,611,39534,40829,12,1,400,1.0000,1.5000,1,0.00,0.00,0.00,0.00,0.00,0.00,0.00,0.00,0,'2024-02-06 20:04:47','2024-02-06 20:04:47',NULL),(1054,8747,611,39534,40829,12,1,792,1.0000,5.5000,1,0.00,0.00,0.00,0.00,0.00,0.00,0.00,0.00,0,'2024-02-06 20:04:47','2024-02-06 20:04:47',NULL),(1055,8747,611,39534,40829,12,2,832,1.0000,5.0000,10,0.00,0.00,0.00,0.00,0.00,0.00,0.00,0.00,0,'2024-02-06 20:04:47','2024-02-06 20:04:47',NULL),(1056,8747,613,39535,40829,13,1,400,1.0000,2.0000,1,0.00,0.00,0.00,0.00,0.00,0.00,0.00,0.00,0,'2024-02-06 20:05:35','2024-02-06 20:05:35',NULL),(1057,8747,613,39535,40829,13,1,792,1.0000,4.0000,1,0.00,0.00,0.00,0.00,0.00,0.00,0.00,0.00,0,'2024-02-06 20:05:35','2024-02-06 20:05:35',NULL),(1058,8747,613,39535,40829,13,1,832,1.0000,5.0000,1,0.00,0.00,0.00,0.00,0.00,0.00,0.00,0.00,0,'2024-02-06 20:05:35','2024-02-06 20:05:35',NULL),(1059,8747,613,39535,40829,12,1,400,1.0000,1.5000,1,0.00,0.00,0.00,0.00,0.00,0.00,0.00,0.00,0,'2024-02-06 20:05:35','2024-02-06 20:05:35',NULL),(1060,8747,613,39535,40829,12,1,792,1.0000,5.5000,1,0.00,0.00,0.00,0.00,0.00,0.00,0.00,0.00,0,'2024-02-06 20:05:35','2024-02-06 20:05:35',NULL),(1061,8747,613,39535,40829,12,2,832,1.0000,5.0000,10,0.00,0.00,0.00,0.00,0.00,0.00,0.00,0.00,0,'2024-02-06 20:05:35','2024-02-06 20:05:35',NULL),(1062,8747,615,39533,40829,13,1,400,1.0000,2.0000,1,0.00,0.00,0.00,0.00,0.00,0.00,0.00,0.00,0,'2024-02-06 20:08:42','2024-02-06 20:08:42',NULL),(1063,8747,615,39533,40829,13,1,792,1.0000,4.0000,1,0.00,0.00,0.00,0.00,0.00,0.00,0.00,0.00,0,'2024-02-06 20:08:42','2024-02-06 20:08:42',NULL),(1064,8747,615,39533,40829,13,1,832,1.0000,5.0000,1,0.00,0.00,0.00,0.00,0.00,0.00,0.00,0.00,0,'2024-02-06 20:08:42','2024-02-06 20:08:42',NULL),(1065,8747,615,39533,40829,12,1,400,1.0000,1.5000,1,0.00,0.00,0.00,0.00,0.00,0.00,0.00,0.00,0,'2024-02-06 20:08:42','2024-02-06 20:08:42',NULL),(1066,8747,615,39533,40829,12,1,792,1.0000,5.5000,1,0.00,0.00,0.00,0.00,0.00,0.00,0.00,0.00,0,'2024-02-06 20:08:42','2024-02-06 20:08:42',NULL),(1067,8747,615,39533,40829,12,2,832,1.0000,5.0000,10,0.00,0.00,0.00,0.00,0.00,0.00,0.00,0.00,0,'2024-02-06 20:08:42','2024-02-06 20:08:42',NULL),(1069,8747,622,34844,41211,13,1,894,1.0000,4.5000,1,1913804.06,86121.18,0.00,0.00,0.00,0.00,0.00,0.00,0,'2024-02-13 10:34:04','2024-02-13 10:34:04',NULL),(1071,8747,626,30308,41025,13,1,522,1.0000,5.0000,1,3202933.15,160146.66,0.00,0.00,0.00,0.00,0.00,0.00,0,'2024-02-14 18:57:00','2024-02-14 18:57:00',NULL),(1080,8747,635,28804,40868,13,1,458,1.0000,5.0000,1,7675250.00,383762.50,0.00,0.00,0.00,0.00,0.00,0.00,0,'2024-02-16 18:15:30','2024-02-16 18:15:30',NULL);
INSERT INTO `period_liquidation_details` VALUES (1081,8747,635,28804,40868,13,1,804,1.0000,5.0000,1,0.00,0.00,0.00,0.00,0.00,0.00,0.00,0.00,0,'2024-02-16 18:15:30','2024-02-16 18:15:30',NULL),(1082,8747,637,25769,40866,13,1,887,1.0000,4.5000,1,19744266.13,888491.98,0.00,0.00,0.00,0.00,0.00,0.00,0,'2024-02-16 20:40:57','2024-02-16 20:40:57',NULL),(1126,8747,658,25774,40866,13,1,887,1.0000,4.5000,1,21480258.85,966611.65,0.00,0.00,0.00,0.00,0.00,0.00,0,'2024-02-23 16:48:37','2024-02-23 16:48:37',NULL),(1134,8747,664,34845,41211,13,1,894,1.0000,4.5000,1,2060531.41,92723.91,0.00,0.00,0.00,0.00,0.00,0.00,0,'2024-03-14 15:19:59','2024-03-14 15:19:59',NULL),(1136,8747,668,30309,41025,13,1,522,1.0000,5.0000,1,2634310.47,131715.52,0.00,0.00,0.00,0.00,0.00,0.00,0,'2024-03-14 13:27:55','2024-03-14 13:27:55',NULL),(1147,8747,679,33337,41121,13,2,424,1.0000,4.0000,10,14837482.99,593499.32,0.00,0.00,0.00,0.00,0.00,0.00,0,'2024-03-16 18:48:08','2024-03-16 18:48:08',NULL),(1148,8747,679,33337,41121,12,1,424,0.0000,0.0000,1,0.00,0.00,0.00,0.00,0.00,0.00,0.00,0.00,0,'2024-03-16 18:48:08','2024-03-16 18:48:08',NULL),(1151,8747,683,28805,40868,13,1,458,1.0000,5.0000,1,2730000.00,136500.00,0.00,0.00,0.00,0.00,0.00,0.00,0,'2024-03-16 20:03:14','2024-03-16 20:03:14',NULL),(1152,8747,683,28805,40868,13,1,804,1.0000,5.0000,1,0.00,0.00,0.00,0.00,0.00,0.00,0.00,0.00,0,'2024-03-16 20:03:14','2024-03-16 20:03:14',NULL),(1172,8747,696,33338,41121,13,2,424,1.0000,4.0000,10,25523143.33,1020925.73,0.00,0.00,0.00,0.00,0.00,0.00,0,'2024-03-27 21:34:04','2024-03-27 21:34:04',NULL),(1173,8747,696,33338,41121,12,1,424,0.0000,0.0000,1,0.00,0.00,0.00,0.00,0.00,0.00,0.00,0.00,0,'2024-03-27 21:34:04','2024-03-27 21:34:04',NULL),(1200,8747,708,24259,40829,13,1,400,1.0000,2.0000,1,17800000.00,356000.00,0.00,0.00,0.00,0.00,0.00,0.00,0,'2024-03-28 16:18:31','2024-03-28 16:18:31',NULL),(1201,8747,708,24259,40829,13,1,792,1.0000,4.0000,1,0.00,0.00,0.00,0.00,0.00,0.00,0.00,0.00,0,'2024-03-28 16:18:31','2024-03-28 16:18:31',NULL),(1202,8747,708,24259,40829,13,1,832,1.0000,5.0000,1,0.00,0.00,0.00,0.00,0.00,0.00,0.00,0.00,0,'2024-03-28 16:18:31','2024-03-28 16:18:31',NULL),(1203,8747,708,24259,40829,12,1,400,1.0000,2.2500,1,17800000.00,400500.00,0.00,0.00,0.00,0.00,0.00,0.00,0,'2024-03-28 16:18:31','2024-03-28 16:18:31',NULL),(1204,8747,708,24259,40829,12,1,792,1.0000,5.5000,1,0.00,0.00,0.00,0.00,0.00,0.00,0.00,0.00,0,'2024-03-28 16:18:31','2024-03-28 16:18:31',NULL),(1205,8747,708,24259,40829,12,2,832,1.0000,5.0000,10,0.00,0.00,0.00,0.00,0.00,0.00,0.00,0.00,0,'2024-03-28 16:18:31','2024-03-28 16:18:31',NULL),(1206,8747,710,25775,40866,13,1,887,1.0000,4.5000,1,33342152.87,1500396.88,0.00,0.00,0.00,0.00,0.00,0.00,0,'2024-03-28 21:54:15','2024-03-28 21:54:15',NULL),(1220,8747,724,30310,41025,13,1,522,1.0000,5.0000,1,2639515.74,131975.79,0.00,0.00,0.00,0.00,0.00,0.00,0,'2024-04-15 15:29:09','2024-04-15 15:29:09',NULL),(1235,8747,740,28806,40868,13,1,458,1.0000,5.0000,1,2023800.00,101190.00,0.00,0.00,0.00,0.00,0.00,0.00,0,'2024-04-16 22:26:59','2024-04-16 22:26:59',NULL),(1236,8747,740,28806,40868,13,1,804,1.0000,5.0000,1,0.00,0.00,0.00,0.00,0.00,0.00,0.00,0.00,0,'2024-04-16 22:26:59','2024-04-16 22:26:59',NULL),(1266,8747,756,34846,41211,13,1,894,1.0000,4.5000,1,2846334.75,128085.06,0.00,0.00,0.00,0.00,0.00,0.00,0,'2024-04-17 13:29:21','2024-04-17 13:29:21',NULL),(1274,8747,773,25776,40866,13,1,887,1.0000,4.5000,1,48930475.25,2201871.39,0.00,0.00,0.00,0.00,0.00,0.00,0,'2024-04-20 03:07:44','2024-04-20 03:07:44',NULL),(1275,8747,775,24260,40829,13,1,400,1.0000,2.0000,1,8150000.00,163000.00,0.00,0.00,0.00,0.00,0.00,0.00,0,'2024-04-23 00:23:13','2024-04-23 00:23:13',NULL),(1276,8747,775,24260,40829,13,1,792,1.0000,4.0000,1,0.00,0.00,0.00,0.00,0.00,0.00,0.00,0.00,0,'2024-04-23 00:23:13','2024-04-23 00:23:13',NULL),(1277,8747,775,24260,40829,13,1,832,1.0000,5.0000,1,0.00,0.00,0.00,0.00,0.00,0.00,0.00,0.00,0,'2024-04-23 00:23:13','2024-04-23 00:23:13',NULL);
INSERT INTO `period_liquidation_details` VALUES (1278,8747,775,24260,40829,12,1,400,1.0000,2.2500,1,8150000.00,183375.00,0.00,0.00,0.00,0.00,0.00,0.00,0,'2024-04-23 00:23:13','2024-04-23 00:23:13',NULL),(1279,8747,775,24260,40829,12,1,792,1.0000,5.5000,1,0.00,0.00,0.00,0.00,0.00,0.00,0.00,0.00,0,'2024-04-23 00:23:13','2024-04-23 00:23:13',NULL),(1280,8747,775,24260,40829,12,2,832,1.0000,5.0000,10,0.00,0.00,0.00,0.00,0.00,0.00,0.00,0.00,0,'2024-04-23 00:23:13','2024-04-23 00:23:13',NULL),(1281,8747,777,24261,40829,13,1,400,1.0000,2.0000,1,11294821.45,225896.43,0.00,0.00,0.00,0.00,0.00,0.00,0,'2024-04-23 00:55:10','2024-04-23 00:55:10',NULL),(1282,8747,777,24261,40829,13,1,792,1.0000,4.0000,1,0.00,0.00,0.00,0.00,0.00,0.00,0.00,0.00,0,'2024-04-23 00:55:10','2024-04-23 00:55:10',NULL),(1283,8747,777,24261,40829,13,1,832,1.0000,5.0000,1,0.00,0.00,0.00,0.00,0.00,0.00,0.00,0.00,0,'2024-04-23 00:55:10','2024-04-23 00:55:10',NULL),(1284,8747,777,24261,40829,12,1,400,1.0000,2.2500,1,11294821.45,254133.48,0.00,0.00,0.00,0.00,0.00,0.00,0,'2024-04-23 00:55:10','2024-04-23 00:55:10',NULL),(1285,8747,777,24261,40829,12,1,792,1.0000,5.5000,1,0.00,0.00,0.00,0.00,0.00,0.00,0.00,0.00,0,'2024-04-23 00:55:10','2024-04-23 00:55:10',NULL),(1286,8747,777,24261,40829,12,2,832,1.0000,5.0000,10,0.00,0.00,0.00,0.00,0.00,0.00,0.00,0.00,0,'2024-04-23 00:55:10','2024-04-23 00:55:10',NULL),(1302,8747,801,36344,40866,13,1,887,1.0000,4.5000,1,1069399.93,48123.00,0.00,0.00,0.00,0.00,0.00,0.00,0,'2024-05-12 03:37:14','2024-05-12 03:37:14',NULL),(1304,8747,812,34847,41211,13,1,894,1.0000,4.5000,1,2927145.04,131721.53,0.00,0.00,0.00,0.00,0.00,0.00,0,'2024-05-13 11:55:23','2024-05-13 11:55:23',NULL),(1327,8747,842,33339,41121,13,2,424,1.0000,4.0000,10,31263228.37,1250529.13,0.00,0.00,0.00,0.00,0.00,0.00,0,'2024-05-15 16:53:40','2024-05-15 16:53:40',NULL),(1328,8747,842,33339,41121,12,1,424,0.0000,0.0000,1,0.00,0.00,0.00,0.00,0.00,0.00,0.00,0.00,0,'2024-05-15 16:53:40','2024-05-15 16:53:40',NULL),(1407,8747,875,30311,41025,13,1,522,1.0000,5.0000,1,3222538.60,161126.93,0.00,0.00,0.00,0.00,0.00,0.00,0,'2024-05-20 18:26:03','2024-05-20 18:26:03',NULL),(1424,8747,891,33340,41121,13,2,424,1.0000,4.0000,10,38829184.17,1553167.37,0.00,0.00,0.00,0.00,0.00,0.00,0,'2024-05-22 17:32:10','2024-05-22 17:32:10',NULL),(1425,8747,891,33340,41121,12,1,424,0.0000,0.0000,1,0.00,0.00,0.00,0.00,0.00,0.00,0.00,0.00,0,'2024-05-22 17:32:10','2024-05-22 17:32:10',NULL),(1428,8747,896,28807,40868,13,1,458,1.0000,5.0000,1,4599000.00,229950.00,0.00,0.00,0.00,0.00,0.00,0.00,0,'2024-05-22 21:56:21','2024-05-22 21:56:21',NULL),(1429,8747,896,28807,40868,13,1,804,1.0000,5.0000,1,0.00,0.00,0.00,0.00,0.00,0.00,0.00,0.00,0,'2024-05-22 21:56:21','2024-05-22 21:56:21',NULL),(1454,8747,906,24262,40829,13,1,400,0.1000,2.0000,1,231345.45,462.69,0.00,0.00,0.00,0.00,0.00,0.00,0,'2024-05-23 12:34:27','2024-05-23 12:34:27',NULL),(1455,8747,906,24262,40829,13,1,792,1.0000,4.0000,1,0.00,0.00,0.00,0.00,0.00,0.00,0.00,0.00,0,'2024-05-23 12:34:27','2024-05-23 12:34:27',NULL),(1456,8747,906,24262,40829,13,1,832,1.0000,5.0000,1,0.00,0.00,0.00,0.00,0.00,0.00,0.00,0.00,0,'2024-05-23 12:34:27','2024-05-23 12:34:27',NULL),(1457,8747,906,24262,40829,12,1,400,0.9000,2.2500,1,231345.45,4684.75,0.00,0.00,0.00,0.00,0.00,0.00,0,'2024-05-23 12:34:27','2024-05-23 12:34:27',NULL),(1458,8747,906,24262,40829,12,1,792,1.0000,5.5000,1,0.00,0.00,0.00,0.00,0.00,0.00,0.00,0.00,0,'2024-05-23 12:34:27','2024-05-23 12:34:27',NULL),(1459,8747,906,24262,40829,12,2,832,1.0000,5.0000,10,0.00,0.00,0.00,0.00,0.00,0.00,0.00,0.00,0,'2024-05-23 12:34:27','2024-05-23 12:34:27',NULL),(1500,8747,951,39702,42190,13,1,401,1.0000,2.0000,1,0.00,0.00,0.00,0.00,0.00,0.00,0.00,0.00,0,'2024-06-01 22:40:07','2024-06-01 22:40:07',NULL),(1501,8747,951,39702,42190,12,1,401,0.0000,0.0000,1,0.00,0.00,0.00,0.00,0.00,0.00,0.00,0.00,0,'2024-06-01 22:40:07','2024-06-01 22:40:07',NULL);
INSERT INTO `period_liquidation_details` VALUES (1510,8747,960,39703,42190,13,1,401,1.0000,2.0000,1,652695.04,13053.90,0.00,0.00,0.00,0.00,0.00,0.00,0,'2024-06-01 23:47:32','2024-06-01 23:47:32',NULL),(1511,8747,960,39703,42190,12,1,401,0.0000,0.0000,1,652695.04,0.00,0.00,0.00,0.00,0.00,0.00,0.00,0,'2024-06-01 23:47:32','2024-06-01 23:47:32',NULL),(1520,8747,967,36360,42190,13,1,401,1.0000,2.0000,1,0.00,0.00,0.00,0.00,0.00,0.00,0.00,0.00,0,'2024-06-02 00:11:04','2024-06-02 00:11:04',NULL),(1521,8747,967,36360,42190,13,2,913,1.0000,5.0000,10,1652.91,82.65,0.00,0.00,0.00,0.00,0.00,0.00,0,'2024-06-02 00:11:04','2024-06-02 00:11:04',NULL),(1522,8747,967,36360,42190,12,1,401,0.0000,0.0000,1,0.00,0.00,0.00,0.00,0.00,0.00,0.00,0.00,0,'2024-06-02 00:11:04','2024-06-02 00:11:04',NULL),(1523,8747,967,36360,42190,12,1,913,0.0000,0.0000,1,0.00,0.00,0.00,0.00,0.00,0.00,0.00,0.00,0,'2024-06-02 00:11:04','2024-06-02 00:11:04',NULL),(1704,8747,1010,36361,42190,13,1,401,1.0000,2.0000,1,0.00,0.00,0.00,0.00,0.00,0.00,0.00,0.00,0,'2024-06-02 14:38:46','2024-06-02 14:38:46',NULL),(1705,8747,1010,36361,42190,13,1,913,1.0000,5.0000,1,0.00,0.00,0.00,0.00,0.00,0.00,0.00,0.00,0,'2024-06-02 14:38:46','2024-06-02 14:38:46',NULL),(1706,8747,1010,36361,42190,13,1,659,0.0000,0.0000,1,0.00,0.00,0.00,0.00,0.00,0.00,0.00,0.00,0,'2024-06-02 14:38:46','2024-06-02 14:38:46',NULL),(1707,8747,1010,36361,42190,13,1,800,1.0000,5.0000,1,130578.51,6528.93,0.00,0.00,0.00,0.00,0.00,0.00,0,'2024-06-02 14:38:46','2024-06-02 14:38:46',NULL),(1708,8747,1010,36361,42190,12,1,401,0.0000,0.0000,1,0.00,0.00,0.00,0.00,0.00,0.00,0.00,0.00,0,'2024-06-02 14:38:46','2024-06-02 14:38:46',NULL),(1709,8747,1010,36361,42190,12,2,913,1.0000,2.5000,10,0.00,0.00,0.00,0.00,0.00,0.00,0.00,0.00,0,'2024-06-02 14:38:46','2024-06-02 14:38:46',NULL),(1710,8747,1010,36361,42190,12,2,659,1.0000,2.0000,10,4132231.40,82644.63,0.00,0.00,0.00,0.00,0.00,0.00,0,'2024-06-02 14:38:46','2024-06-02 14:38:46',NULL),(1711,8747,1010,36361,42190,12,2,800,1.0000,2.5000,10,5872396.70,146809.92,0.00,0.00,0.00,0.00,0.00,0.00,0,'2024-06-02 14:38:46','2024-06-02 14:38:46',NULL),(1760,8747,1024,36362,42190,13,1,401,1.0000,2.0000,1,5785123.97,115702.48,0.00,0.00,0.00,0.00,0.00,0.00,0,'2024-06-02 15:53:09','2024-06-02 15:53:09',NULL),(1761,8747,1024,36362,42190,13,1,913,1.0000,5.0000,1,0.00,0.00,0.00,0.00,0.00,0.00,0.00,0.00,0,'2024-06-02 15:53:09','2024-06-02 15:53:09',NULL),(1762,8747,1024,36362,42190,13,1,659,0.0000,0.0000,1,0.00,0.00,0.00,0.00,0.00,0.00,0.00,0.00,0,'2024-06-02 15:53:09','2024-06-02 15:53:09',NULL),(1763,8747,1024,36362,42190,13,1,800,1.0000,5.0000,1,0.00,0.00,0.00,0.00,0.00,0.00,0.00,0.00,0,'2024-06-02 15:53:09','2024-06-02 15:53:09',NULL),(1764,8747,1024,36362,42190,12,1,401,0.0000,0.0000,1,5785123.97,0.00,0.00,0.00,0.00,0.00,0.00,0.00,0,'2024-06-02 15:53:09','2024-06-02 15:53:09',NULL),(1765,8747,1024,36362,42190,12,2,913,1.0000,2.5000,10,0.00,0.00,0.00,0.00,0.00,0.00,0.00,0.00,0,'2024-06-02 15:53:09','2024-06-02 15:53:09',NULL),(1766,8747,1024,36362,42190,12,2,659,1.0000,2.0000,10,0.00,0.00,0.00,0.00,0.00,0.00,0.00,0.00,0,'2024-06-02 15:53:09','2024-06-02 15:53:09',NULL),(1767,8747,1024,36362,42190,12,2,800,1.0000,2.5000,10,0.00,0.00,0.00,0.00,0.00,0.00,0.00,0.00,0,'2024-06-02 15:53:09','2024-06-02 15:53:09',NULL),(1808,8747,1035,36363,42190,13,1,401,1.0000,2.0000,1,10601646.28,212032.93,0.00,0.00,0.00,0.00,0.00,0.00,0,'2024-06-02 17:09:24','2024-06-02 17:09:24',NULL),(1809,8747,1035,36363,42190,13,1,913,1.0000,5.0000,1,0.00,0.00,0.00,0.00,0.00,0.00,0.00,0.00,0,'2024-06-02 17:09:24','2024-06-02 17:09:24',NULL),(1810,8747,1035,36363,42190,13,1,659,0.0000,0.0000,1,0.00,0.00,0.00,0.00,0.00,0.00,0.00,0.00,0,'2024-06-02 17:09:24','2024-06-02 17:09:24',NULL),(1811,8747,1035,36363,42190,13,1,800,1.0000,5.0000,1,0.00,0.00,0.00,0.00,0.00,0.00,0.00,0.00,0,'2024-06-02 17:09:24','2024-06-02 17:09:24',NULL),(1812,8747,1035,36363,42190,12,1,401,0.0000,0.0000,1,10601646.28,0.00,0.00,0.00,0.00,0.00,0.00,0.00,0,'2024-06-02 17:09:24','2024-06-02 17:09:24',NULL);
INSERT INTO `period_liquidation_details` VALUES (1813,8747,1035,36363,42190,12,2,913,1.0000,2.5000,10,0.00,0.00,0.00,0.00,0.00,0.00,0.00,0.00,0,'2024-06-02 17:09:24','2024-06-02 17:09:24',NULL),(1814,8747,1035,36363,42190,12,2,659,1.0000,2.0000,10,0.00,0.00,0.00,0.00,0.00,0.00,0.00,0.00,0,'2024-06-02 17:09:24','2024-06-02 17:09:24',NULL),(1815,8747,1035,36363,42190,12,2,800,1.0000,2.5000,10,0.00,0.00,0.00,0.00,0.00,0.00,0.00,0.00,0,'2024-06-02 17:09:24','2024-06-02 17:09:24',NULL),(1856,8747,1046,36364,42190,13,1,401,1.0000,2.0000,1,653480.18,13069.60,0.00,0.00,0.00,0.00,0.00,0.00,0,'2024-06-02 21:05:38','2024-06-02 21:05:38',NULL),(1857,8747,1046,36364,42190,13,1,913,1.0000,5.0000,1,0.00,0.00,0.00,0.00,0.00,0.00,0.00,0.00,0,'2024-06-02 21:05:38','2024-06-02 21:05:38',NULL),(1858,8747,1046,36364,42190,13,1,659,0.0000,0.0000,1,0.00,0.00,0.00,0.00,0.00,0.00,0.00,0.00,0,'2024-06-02 21:05:38','2024-06-02 21:05:38',NULL),(1859,8747,1046,36364,42190,13,1,800,1.0000,5.0000,1,0.00,0.00,0.00,0.00,0.00,0.00,0.00,0.00,0,'2024-06-02 21:05:38','2024-06-02 21:05:38',NULL),(1860,8747,1046,36364,42190,12,1,401,0.0000,0.0000,1,653480.18,0.00,0.00,0.00,0.00,0.00,0.00,0.00,0,'2024-06-02 21:05:38','2024-06-02 21:05:38',NULL),(1861,8747,1046,36364,42190,12,2,913,1.0000,2.5000,10,0.00,0.00,0.00,0.00,0.00,0.00,0.00,0.00,0,'2024-06-02 21:05:38','2024-06-02 21:05:38',NULL),(1862,8747,1046,36364,42190,12,2,659,1.0000,2.0000,10,0.00,0.00,0.00,0.00,0.00,0.00,0.00,0.00,0,'2024-06-02 21:05:38','2024-06-02 21:05:38',NULL),(1863,8747,1046,36364,42190,12,2,800,1.0000,2.5000,10,0.00,0.00,0.00,0.00,0.00,0.00,0.00,0.00,0,'2024-06-02 21:05:38','2024-06-02 21:05:38',NULL),(1896,8747,1056,36365,42190,13,1,401,1.0000,2.0000,1,2323386.92,46467.74,0.00,0.00,0.00,0.00,0.00,0.00,0,'2024-06-04 00:29:40','2024-06-04 00:29:40',NULL),(1897,8747,1056,36365,42190,13,1,913,1.0000,5.0000,1,0.00,0.00,0.00,0.00,0.00,0.00,0.00,0.00,0,'2024-06-04 00:29:40','2024-06-04 00:29:40',NULL),(1898,8747,1056,36365,42190,13,1,659,0.0000,0.0000,1,0.00,0.00,0.00,0.00,0.00,0.00,0.00,0.00,0,'2024-06-04 00:29:40','2024-06-04 00:29:40',NULL),(1899,8747,1056,36365,42190,13,1,800,1.0000,5.0000,1,0.00,0.00,0.00,0.00,0.00,0.00,0.00,0.00,0,'2024-06-04 00:29:40','2024-06-04 00:29:40',NULL),(1900,8747,1056,36365,42190,12,1,401,0.0000,0.0000,1,2323386.92,0.00,0.00,0.00,0.00,0.00,0.00,0.00,0,'2024-06-04 00:29:40','2024-06-04 00:29:40',NULL),(1901,8747,1056,36365,42190,12,2,913,1.0000,2.5000,10,0.00,0.00,0.00,0.00,0.00,0.00,0.00,0.00,0,'2024-06-04 00:29:40','2024-06-04 00:29:40',NULL),(1902,8747,1056,36365,42190,12,2,659,1.0000,2.0000,10,0.00,0.00,0.00,0.00,0.00,0.00,0.00,0.00,0,'2024-06-04 00:29:40','2024-06-04 00:29:40',NULL),(1903,8747,1056,36365,42190,12,2,800,1.0000,2.5000,10,0.00,0.00,0.00,0.00,0.00,0.00,0.00,0.00,0,'2024-06-04 00:29:40','2024-06-04 00:29:40',NULL),(1984,8747,1078,36379,42190,13,1,401,1.0000,2.0000,1,0.00,0.00,0.00,0.00,0.00,0.00,0.00,0.00,0,'2024-06-04 11:10:13','2024-06-04 11:10:13',NULL),(1985,8747,1078,36379,42190,13,1,913,1.0000,5.0000,1,0.00,0.00,0.00,0.00,0.00,0.00,0.00,0.00,0,'2024-06-04 11:10:13','2024-06-04 11:10:13',NULL),(1986,8747,1078,36379,42190,13,1,659,0.0000,0.0000,1,0.00,0.00,0.00,0.00,0.00,0.00,0.00,0.00,0,'2024-06-04 11:10:13','2024-06-04 11:10:13',NULL),(1987,8747,1078,36379,42190,13,1,800,1.0000,5.0000,1,0.00,0.00,0.00,0.00,0.00,0.00,0.00,0.00,0,'2024-06-04 11:10:13','2024-06-04 11:10:13',NULL),(1988,8747,1078,36379,42190,12,1,401,0.0000,0.0000,1,0.00,0.00,0.00,0.00,0.00,0.00,0.00,0.00,0,'2024-06-04 11:10:13','2024-06-04 11:10:13',NULL),(1989,8747,1078,36379,42190,12,2,913,1.0000,2.5000,10,0.00,0.00,0.00,0.00,0.00,0.00,0.00,0.00,0,'2024-06-04 11:10:13','2024-06-04 11:10:13',NULL),(1990,8747,1078,36379,42190,12,2,659,1.0000,2.0000,10,0.00,0.00,0.00,0.00,0.00,0.00,0.00,0.00,0,'2024-06-04 11:10:13','2024-06-04 11:10:13',NULL),(1991,8747,1078,36379,42190,12,2,800,1.0000,2.5000,10,0.00,0.00,0.00,0.00,0.00,0.00,0.00,0.00,0,'2024-06-04 11:10:13','2024-06-04 11:10:13',NULL);
INSERT INTO `period_liquidation_details` VALUES (2016,8747,1085,36366,42190,13,1,401,1.0000,2.0000,1,5379673.55,107593.47,0.00,0.00,0.00,0.00,0.00,0.00,0,'2024-06-04 11:41:44','2024-06-04 11:41:44',NULL),(2017,8747,1085,36366,42190,13,1,913,1.0000,5.0000,1,0.00,0.00,0.00,0.00,0.00,0.00,0.00,0.00,0,'2024-06-04 11:41:44','2024-06-04 11:41:44',NULL),(2018,8747,1085,36366,42190,13,1,659,0.0000,0.0000,1,0.00,0.00,0.00,0.00,0.00,0.00,0.00,0.00,0,'2024-06-04 11:41:44','2024-06-04 11:41:44',NULL),(2019,8747,1085,36366,42190,13,1,800,1.0000,5.0000,1,0.00,0.00,0.00,0.00,0.00,0.00,0.00,0.00,0,'2024-06-04 11:41:44','2024-06-04 11:41:44',NULL),(2020,8747,1085,36366,42190,12,1,401,0.0000,0.0000,1,5379673.55,0.00,0.00,0.00,0.00,0.00,0.00,0.00,0,'2024-06-04 11:41:44','2024-06-04 11:41:44',NULL),(2021,8747,1085,36366,42190,12,2,913,1.0000,2.5000,10,87272.73,2181.82,0.00,0.00,0.00,0.00,0.00,0.00,0,'2024-06-04 11:41:44','2024-06-04 11:41:44',NULL),(2022,8747,1085,36366,42190,12,2,659,1.0000,2.0000,10,0.00,0.00,0.00,0.00,0.00,0.00,0.00,0.00,0,'2024-06-04 11:41:44','2024-06-04 11:41:44',NULL),(2023,8747,1085,36366,42190,12,2,800,1.0000,2.5000,10,0.00,0.00,0.00,0.00,0.00,0.00,0.00,0.00,0,'2024-06-04 11:41:44','2024-06-04 11:41:44',NULL),(2056,8747,1095,36367,42190,13,1,401,1.0000,2.0000,1,4295310.75,85906.22,0.00,0.00,0.00,0.00,0.00,0.00,0,'2024-06-04 12:41:08','2024-06-04 12:41:08',NULL),(2057,8747,1095,36367,42190,13,1,913,1.0000,5.0000,1,0.00,0.00,0.00,0.00,0.00,0.00,0.00,0.00,0,'2024-06-04 12:41:08','2024-06-04 12:41:08',NULL),(2058,8747,1095,36367,42190,13,1,659,0.0000,0.0000,1,0.00,0.00,0.00,0.00,0.00,0.00,0.00,0.00,0,'2024-06-04 12:41:08','2024-06-04 12:41:08',NULL),(2059,8747,1095,36367,42190,13,1,800,1.0000,5.0000,1,0.00,0.00,0.00,0.00,0.00,0.00,0.00,0.00,0,'2024-06-04 12:41:08','2024-06-04 12:41:08',NULL),(2060,8747,1095,36367,42190,12,1,401,0.0000,0.0000,1,4295310.75,0.00,0.00,0.00,0.00,0.00,0.00,0.00,0,'2024-06-04 12:41:08','2024-06-04 12:41:08',NULL),(2061,8747,1095,36367,42190,12,2,913,1.0000,2.5000,10,0.00,0.00,0.00,0.00,0.00,0.00,0.00,0.00,0,'2024-06-04 12:41:08','2024-06-04 12:41:08',NULL),(2062,8747,1095,36367,42190,12,2,659,1.0000,2.0000,10,0.00,0.00,0.00,0.00,0.00,0.00,0.00,0.00,0,'2024-06-04 12:41:08','2024-06-04 12:41:08',NULL),(2063,8747,1095,36367,42190,12,2,800,1.0000,2.5000,10,0.00,0.00,0.00,0.00,0.00,0.00,0.00,0.00,0,'2024-06-04 12:41:08','2024-06-04 12:41:08',NULL),(2096,8747,1105,36368,42190,13,1,401,1.0000,2.0000,1,0.00,0.00,0.00,0.00,0.00,0.00,0.00,0.00,0,'2024-06-04 13:17:39','2024-06-04 13:17:39',NULL),(2097,8747,1105,36368,42190,13,1,913,1.0000,5.0000,1,0.00,0.00,0.00,0.00,0.00,0.00,0.00,0.00,0,'2024-06-04 13:17:39','2024-06-04 13:17:39',NULL),(2098,8747,1105,36368,42190,13,1,659,0.0000,0.0000,1,0.00,0.00,0.00,0.00,0.00,0.00,0.00,0.00,0,'2024-06-04 13:17:39','2024-06-04 13:17:39',NULL),(2099,8747,1105,36368,42190,13,1,800,1.0000,5.0000,1,0.00,0.00,0.00,0.00,0.00,0.00,0.00,0.00,0,'2024-06-04 13:17:39','2024-06-04 13:17:39',NULL),(2100,8747,1105,36368,42190,12,1,401,0.0000,0.0000,1,0.00,0.00,0.00,0.00,0.00,0.00,0.00,0.00,0,'2024-06-04 13:17:39','2024-06-04 13:17:39',NULL),(2101,8747,1105,36368,42190,12,2,913,1.0000,2.5000,10,0.00,0.00,0.00,0.00,0.00,0.00,0.00,0.00,0,'2024-06-04 13:17:39','2024-06-04 13:17:39',NULL),(2102,8747,1105,36368,42190,12,2,659,1.0000,2.0000,10,0.00,0.00,0.00,0.00,0.00,0.00,0.00,0.00,0,'2024-06-04 13:17:39','2024-06-04 13:17:39',NULL),(2103,8747,1105,36368,42190,12,2,800,1.0000,2.5000,10,0.00,0.00,0.00,0.00,0.00,0.00,0.00,0.00,0,'2024-06-04 13:17:39','2024-06-04 13:17:39',NULL),(2128,8747,1113,36369,42190,13,1,401,1.0000,2.0000,1,22574759.68,451495.19,0.00,0.00,0.00,0.00,0.00,0.00,0,'2024-06-04 17:06:04','2024-06-04 17:06:04',NULL),(2129,8747,1113,36369,42190,13,1,913,1.0000,5.0000,1,0.00,0.00,0.00,0.00,0.00,0.00,0.00,0.00,0,'2024-06-04 17:06:04','2024-06-04 17:06:04',NULL),(2130,8747,1113,36369,42190,13,1,659,0.0000,0.0000,1,0.00,0.00,0.00,0.00,0.00,0.00,0.00,0.00,0,'2024-06-04 17:06:04','2024-06-04 17:06:04',NULL);
INSERT INTO `period_liquidation_details` VALUES (2131,8747,1113,36369,42190,13,1,800,1.0000,5.0000,1,0.00,0.00,0.00,0.00,0.00,0.00,0.00,0.00,0,'2024-06-04 17:06:04','2024-06-04 17:06:04',NULL),(2132,8747,1113,36369,42190,12,1,401,0.0000,0.0000,1,22574759.68,0.00,0.00,0.00,0.00,0.00,0.00,0.00,0,'2024-06-04 17:06:04','2024-06-04 17:06:04',NULL),(2133,8747,1113,36369,42190,12,2,913,1.0000,2.5000,10,0.00,0.00,0.00,0.00,0.00,0.00,0.00,0.00,0,'2024-06-04 17:06:04','2024-06-04 17:06:04',NULL),(2134,8747,1113,36369,42190,12,2,659,1.0000,2.0000,10,0.00,0.00,0.00,0.00,0.00,0.00,0.00,0.00,0,'2024-06-04 17:06:04','2024-06-04 17:06:04',NULL),(2135,8747,1113,36369,42190,12,2,800,1.0000,2.5000,10,0.00,0.00,0.00,0.00,0.00,0.00,0.00,0.00,0,'2024-06-04 17:06:04','2024-06-04 17:06:04',NULL),(2144,8747,1117,36370,42190,13,1,401,1.0000,2.0000,1,0.00,0.00,0.00,0.00,0.00,0.00,0.00,0.00,0,'2024-06-04 17:21:39','2024-06-04 17:21:39',NULL),(2145,8747,1117,36370,42190,13,1,913,1.0000,5.0000,1,0.00,0.00,0.00,0.00,0.00,0.00,0.00,0.00,0,'2024-06-04 17:21:39','2024-06-04 17:21:39',NULL),(2146,8747,1117,36370,42190,13,1,659,0.0000,0.0000,1,0.00,0.00,0.00,0.00,0.00,0.00,0.00,0.00,0,'2024-06-04 17:21:40','2024-06-04 17:21:40',NULL),(2147,8747,1117,36370,42190,13,1,800,1.0000,5.0000,1,0.00,0.00,0.00,0.00,0.00,0.00,0.00,0.00,0,'2024-06-04 17:21:40','2024-06-04 17:21:40',NULL),(2148,8747,1117,36370,42190,12,1,401,0.0000,0.0000,1,0.00,0.00,0.00,0.00,0.00,0.00,0.00,0.00,0,'2024-06-04 17:21:40','2024-06-04 17:21:40',NULL),(2149,8747,1117,36370,42190,12,2,913,1.0000,2.5000,10,0.00,0.00,0.00,0.00,0.00,0.00,0.00,0.00,0,'2024-06-04 17:21:40','2024-06-04 17:21:40',NULL),(2150,8747,1117,36370,42190,12,2,659,1.0000,2.0000,10,0.00,0.00,0.00,0.00,0.00,0.00,0.00,0.00,0,'2024-06-04 17:21:40','2024-06-04 17:21:40',NULL),(2151,8747,1117,36370,42190,12,2,800,1.0000,2.5000,10,0.00,0.00,0.00,0.00,0.00,0.00,0.00,0.00,0,'2024-06-04 17:21:40','2024-06-04 17:21:40',NULL),(2176,8747,1124,36371,42190,13,1,401,1.0000,2.0000,1,0.00,0.00,0.00,0.00,0.00,0.00,0.00,0.00,0,'2024-06-04 14:47:25','2024-06-04 14:47:25',NULL),(2177,8747,1124,36371,42190,13,1,913,1.0000,5.0000,1,0.00,0.00,0.00,0.00,0.00,0.00,0.00,0.00,0,'2024-06-04 14:47:25','2024-06-04 14:47:25',NULL),(2178,8747,1124,36371,42190,13,1,659,0.0000,0.0000,1,0.00,0.00,0.00,0.00,0.00,0.00,0.00,0.00,0,'2024-06-04 14:47:25','2024-06-04 14:47:25',NULL),(2179,8747,1124,36371,42190,13,1,800,1.0000,5.0000,1,0.00,0.00,0.00,0.00,0.00,0.00,0.00,0.00,0,'2024-06-04 14:47:25','2024-06-04 14:47:25',NULL),(2180,8747,1124,36371,42190,12,1,401,0.0000,0.0000,1,0.00,0.00,0.00,0.00,0.00,0.00,0.00,0.00,0,'2024-06-04 14:47:25','2024-06-04 14:47:25',NULL),(2181,8747,1124,36371,42190,12,2,913,1.0000,2.5000,10,0.00,0.00,0.00,0.00,0.00,0.00,0.00,0.00,0,'2024-06-04 14:47:25','2024-06-04 14:47:25',NULL),(2182,8747,1124,36371,42190,12,2,659,1.0000,2.0000,10,0.00,0.00,0.00,0.00,0.00,0.00,0.00,0.00,0,'2024-06-04 14:47:25','2024-06-04 14:47:25',NULL),(2183,8747,1124,36371,42190,12,2,800,1.0000,2.5000,10,0.00,0.00,0.00,0.00,0.00,0.00,0.00,0.00,0,'2024-06-04 14:47:25','2024-06-04 14:47:25',NULL),(2216,8747,1132,36375,42190,13,1,401,1.0000,2.0000,1,0.00,0.00,0.00,0.00,0.00,0.00,0.00,0.00,0,'2024-06-04 15:05:59','2024-06-04 15:05:59',NULL),(2217,8747,1132,36375,42190,13,1,913,1.0000,5.0000,1,0.00,0.00,0.00,0.00,0.00,0.00,0.00,0.00,0,'2024-06-04 15:05:59','2024-06-04 15:05:59',NULL),(2218,8747,1132,36375,42190,13,1,659,0.0000,0.0000,1,0.00,0.00,0.00,0.00,0.00,0.00,0.00,0.00,0,'2024-06-04 15:05:59','2024-06-04 15:05:59',NULL),(2219,8747,1132,36375,42190,13,1,800,1.0000,5.0000,1,0.00,0.00,0.00,0.00,0.00,0.00,0.00,0.00,0,'2024-06-04 15:05:59','2024-06-04 15:05:59',NULL),(2220,8747,1132,36375,42190,12,1,401,0.0000,0.0000,1,0.00,0.00,0.00,0.00,0.00,0.00,0.00,0.00,0,'2024-06-04 15:05:59','2024-06-04 15:05:59',NULL),(2221,8747,1132,36375,42190,12,2,913,1.0000,2.5000,10,0.00,0.00,0.00,0.00,0.00,0.00,0.00,0.00,0,'2024-06-04 15:05:59','2024-06-04 15:05:59',NULL);
INSERT INTO `period_liquidation_details` VALUES (2222,8747,1132,36375,42190,12,2,659,1.0000,2.0000,10,0.00,0.00,0.00,0.00,0.00,0.00,0.00,0.00,0,'2024-06-04 15:05:59','2024-06-04 15:05:59',NULL),(2223,8747,1132,36375,42190,12,2,800,1.0000,2.5000,10,0.00,0.00,0.00,0.00,0.00,0.00,0.00,0.00,0,'2024-06-04 15:05:59','2024-06-04 15:05:59',NULL),(2240,8747,1137,36376,42190,13,1,401,1.0000,2.0000,1,0.00,0.00,0.00,0.00,0.00,0.00,0.00,0.00,0,'2024-06-04 21:15:06','2024-06-04 21:15:06',NULL),(2241,8747,1137,36376,42190,13,1,913,1.0000,5.0000,1,0.00,0.00,0.00,0.00,0.00,0.00,0.00,0.00,0,'2024-06-04 21:15:06','2024-06-04 21:15:06',NULL),(2242,8747,1137,36376,42190,13,1,659,0.0000,0.0000,1,0.00,0.00,0.00,0.00,0.00,0.00,0.00,0.00,0,'2024-06-04 21:15:06','2024-06-04 21:15:06',NULL),(2243,8747,1137,36376,42190,13,1,800,1.0000,5.0000,1,0.00,0.00,0.00,0.00,0.00,0.00,0.00,0.00,0,'2024-06-04 21:15:06','2024-06-04 21:15:06',NULL),(2244,8747,1137,36376,42190,12,1,401,0.0000,0.0000,1,0.00,0.00,0.00,0.00,0.00,0.00,0.00,0.00,0,'2024-06-04 21:15:06','2024-06-04 21:15:06',NULL),(2245,8747,1137,36376,42190,12,2,913,1.0000,2.5000,10,0.00,0.00,0.00,0.00,0.00,0.00,0.00,0.00,0,'2024-06-04 21:15:06','2024-06-04 21:15:06',NULL),(2246,8747,1137,36376,42190,12,2,659,1.0000,2.0000,10,0.00,0.00,0.00,0.00,0.00,0.00,0.00,0.00,0,'2024-06-04 21:15:06','2024-06-04 21:15:06',NULL),(2247,8747,1137,36376,42190,12,2,800,1.0000,2.5000,10,0.00,0.00,0.00,0.00,0.00,0.00,0.00,0.00,0,'2024-06-04 21:15:06','2024-06-04 21:15:06',NULL),(2264,8747,1142,36377,42190,13,1,401,1.0000,2.0000,1,0.00,0.00,0.00,0.00,0.00,0.00,0.00,0.00,0,'2024-06-05 07:46:48','2024-06-05 07:46:48',NULL),(2265,8747,1142,36377,42190,13,1,913,1.0000,5.0000,1,0.00,0.00,0.00,0.00,0.00,0.00,0.00,0.00,0,'2024-06-05 07:46:48','2024-06-05 07:46:48',NULL),(2266,8747,1142,36377,42190,13,1,659,0.0000,0.0000,1,0.00,0.00,0.00,0.00,0.00,0.00,0.00,0.00,0,'2024-06-05 07:46:48','2024-06-05 07:46:48',NULL),(2267,8747,1142,36377,42190,13,1,800,1.0000,5.0000,1,0.00,0.00,0.00,0.00,0.00,0.00,0.00,0.00,0,'2024-06-05 07:46:48','2024-06-05 07:46:48',NULL),(2268,8747,1142,36377,42190,12,1,401,0.0000,0.0000,1,0.00,0.00,0.00,0.00,0.00,0.00,0.00,0.00,0,'2024-06-05 07:46:48','2024-06-05 07:46:48',NULL),(2269,8747,1142,36377,42190,12,2,913,1.0000,2.5000,10,0.00,0.00,0.00,0.00,0.00,0.00,0.00,0.00,0,'2024-06-05 07:46:48','2024-06-05 07:46:48',NULL),(2270,8747,1142,36377,42190,12,2,659,1.0000,2.0000,10,0.00,0.00,0.00,0.00,0.00,0.00,0.00,0.00,0,'2024-06-05 07:46:48','2024-06-05 07:46:48',NULL),(2271,8747,1142,36377,42190,12,2,800,1.0000,2.5000,10,0.00,0.00,0.00,0.00,0.00,0.00,0.00,0.00,0,'2024-06-05 07:46:48','2024-06-05 07:46:48',NULL),(2296,8747,1150,36378,42190,13,1,401,1.0000,2.0000,1,6802713.70,136054.27,0.00,0.00,0.00,0.00,0.00,0.00,0,'2024-06-05 05:16:22','2024-06-05 05:16:22',NULL),(2297,8747,1150,36378,42190,13,1,913,1.0000,5.0000,1,0.00,0.00,0.00,0.00,0.00,0.00,0.00,0.00,0,'2024-06-05 05:16:22','2024-06-05 05:16:22',NULL),(2298,8747,1150,36378,42190,13,1,659,0.0000,0.0000,1,0.00,0.00,0.00,0.00,0.00,0.00,0.00,0.00,0,'2024-06-05 05:16:22','2024-06-05 05:16:22',NULL),(2299,8747,1150,36378,42190,13,1,800,1.0000,5.0000,1,0.00,0.00,0.00,0.00,0.00,0.00,0.00,0.00,0,'2024-06-05 05:16:22','2024-06-05 05:16:22',NULL),(2300,8747,1150,36378,42190,12,1,401,0.0000,0.0000,1,6802713.70,0.00,0.00,0.00,0.00,0.00,0.00,0.00,0,'2024-06-05 05:16:22','2024-06-05 05:16:22',NULL),(2301,8747,1150,36378,42190,12,2,913,1.0000,2.5000,10,0.00,0.00,0.00,0.00,0.00,0.00,0.00,0.00,0,'2024-06-05 05:16:22','2024-06-05 05:16:22',NULL),(2302,8747,1150,36378,42190,12,2,659,1.0000,2.0000,10,0.00,0.00,0.00,0.00,0.00,0.00,0.00,0.00,0,'2024-06-05 05:16:22','2024-06-05 05:16:22',NULL),(2303,8747,1150,36378,42190,12,2,800,1.0000,2.5000,10,0.00,0.00,0.00,0.00,0.00,0.00,0.00,0.00,0,'2024-06-05 05:16:22','2024-06-05 05:16:22',NULL),(2312,8747,1168,36345,40866,13,1,887,1.0000,4.5000,1,418325.61,18824.65,0.00,0.00,0.00,0.00,0.00,0.00,0,'2024-06-08 22:32:07','2024-06-08 22:32:07',NULL);
INSERT INTO `period_liquidation_details` VALUES (2318,8747,1180,36346,40866,13,1,887,1.0000,4.5000,1,783305.51,35248.75,0.00,0.00,0.00,0.00,0.00,0.00,0,'2024-06-09 03:46:02','2024-06-09 03:46:02',NULL),(2327,8747,1198,36347,40866,13,1,887,1.0000,4.5000,1,1033813.10,46521.59,0.00,0.00,0.00,0.00,0.00,0.00,0,'2024-06-09 05:13:27','2024-06-09 05:13:27',NULL),(2333,8747,1210,36348,40866,13,1,887,1.0000,4.5000,1,534906.84,24070.81,0.00,0.00,0.00,0.00,0.00,0.00,0,'2024-06-09 06:25:00','2024-06-09 06:25:00',NULL),(2339,8747,1222,36349,40866,13,1,887,1.0000,4.5000,1,474006.47,21330.29,0.00,0.00,0.00,0.00,0.00,0.00,0,'2024-06-09 06:56:28','2024-06-09 06:56:28',NULL),(2345,8747,1234,36350,40866,13,1,887,1.0000,4.5000,1,682739.48,30723.28,0.00,0.00,0.00,0.00,0.00,0.00,0,'2024-06-09 17:15:41','2024-06-09 17:15:41',NULL),(2351,8747,1246,36351,40866,13,1,887,1.0000,4.5000,1,538901.69,24250.58,0.00,0.00,0.00,0.00,0.00,0.00,0,'2024-06-10 00:45:27','2024-06-10 00:45:27',NULL),(2357,8747,1258,36352,40866,13,1,887,1.0000,4.5000,1,1922228.17,86500.27,0.00,0.00,0.00,0.00,0.00,0.00,0,'2024-06-10 04:10:19','2024-06-10 04:10:19',NULL),(2364,8747,1272,36353,40866,13,1,887,1.0000,4.5000,1,658790.28,29645.56,0.00,0.00,0.00,0.00,0.00,0.00,0,'2024-06-10 01:55:02','2024-06-10 01:55:02',NULL),(2370,8747,1284,36354,40866,13,1,887,1.0000,4.5000,1,643474.47,28956.35,0.00,0.00,0.00,0.00,0.00,0.00,0,'2024-06-10 02:32:33','2024-06-10 02:32:33',NULL),(2376,8747,1296,36355,40866,13,1,887,1.0000,4.5000,1,869442.84,39124.93,0.00,0.00,0.00,0.00,0.00,0.00,0,'2024-06-10 03:06:12','2024-06-10 03:06:12',NULL),(2416,8747,1319,28808,40868,13,1,458,1.0000,5.0000,1,4605000.00,230250.00,0.00,0.00,0.00,0.00,0.00,0.00,0,'2024-06-17 15:40:57','2024-06-17 15:40:57',NULL),(2417,8747,1319,28808,40868,13,1,804,1.0000,5.0000,1,0.00,0.00,0.00,0.00,0.00,0.00,0.00,0.00,0,'2024-06-17 15:40:57','2024-06-17 15:40:57',NULL),(2418,8747,1321,34848,41211,13,1,894,1.0000,4.5000,1,3183722.81,143267.53,0.00,0.00,0.00,0.00,0.00,0.00,0,'2024-06-18 13:52:21','2024-06-18 13:52:21',NULL),(2419,8747,1323,30312,41025,13,1,522,1.0000,5.0000,1,1993932.26,99696.61,0.00,0.00,0.00,0.00,0.00,0.00,0,'2024-06-18 17:30:15','2024-06-18 17:30:15',NULL),(2444,8747,1337,24263,40829,13,1,400,0.1000,2.0000,1,9631345.45,19262.69,0.00,0.00,0.00,0.00,0.00,0.00,0,'2024-06-23 16:15:51','2024-06-23 16:15:51',NULL),(2445,8747,1337,24263,40829,13,1,792,1.0000,4.0000,1,0.00,0.00,0.00,0.00,0.00,0.00,0.00,0.00,0,'2024-06-23 16:15:51','2024-06-23 16:15:51',NULL),(2446,8747,1337,24263,40829,13,1,832,1.0000,5.0000,1,0.00,0.00,0.00,0.00,0.00,0.00,0.00,0.00,0,'2024-06-23 16:15:51','2024-06-23 16:15:51',NULL),(2447,8747,1337,24263,40829,12,1,400,0.9000,2.2500,1,9631345.45,195034.75,0.00,0.00,0.00,0.00,0.00,0.00,0,'2024-06-23 16:15:51','2024-06-23 16:15:51',NULL),(2448,8747,1337,24263,40829,12,1,792,1.0000,5.5000,1,0.00,0.00,0.00,0.00,0.00,0.00,0.00,0.00,0,'2024-06-23 16:15:51','2024-06-23 16:15:51',NULL),(2449,8747,1337,24263,40829,12,2,832,1.0000,5.0000,10,0.00,0.00,0.00,0.00,0.00,0.00,0.00,0.00,0,'2024-06-23 16:15:51','2024-06-23 16:15:51',NULL),(2461,8747,1359,25777,40866,13,1,887,1.0000,4.5000,1,55174280.79,2482842.64,0.00,0.00,0.00,0.00,0.00,0.00,0,'2024-06-25 22:27:11','2024-06-25 22:27:11',NULL),(2466,8747,1369,25778,40866,13,1,887,1.0000,4.5000,1,53337008.47,2400165.38,0.00,0.00,0.00,0.00,0.00,0.00,0,'2024-07-01 04:59:54','2024-07-01 04:59:54',NULL),(2477,8747,1383,33341,41121,13,2,424,1.0000,4.0000,10,52477806.08,2099112.24,0.00,0.00,0.00,0.00,0.00,0.00,0,'2024-07-01 18:32:05','2024-07-01 18:32:05',NULL),(2478,8747,1383,33341,41121,12,1,424,0.0000,0.0000,1,0.00,0.00,0.00,0.00,0.00,0.00,0.00,0.00,0,'2024-07-01 18:32:05','2024-07-01 18:32:05',NULL),(2514,8747,1416,34849,41211,13,1,894,1.0000,4.5000,1,2581400.37,116163.02,0.00,0.00,0.00,0.00,0.00,0.00,0,'2024-07-18 13:49:37','2024-07-18 13:49:37',NULL),(2515,8747,1418,30313,41025,13,1,522,1.0000,5.0000,1,6034190.60,301709.53,0.00,0.00,0.00,0.00,0.00,0.00,0,'2024-07-18 14:38:05','2024-07-18 14:38:05',NULL);
INSERT INTO `period_liquidation_details` VALUES (2516,8747,1420,28809,40868,13,1,458,1.0000,5.0000,1,2967000.00,148350.00,0.00,0.00,0.00,0.00,0.00,0.00,0,'2024-07-22 13:26:05','2024-07-22 13:26:05',NULL),(2517,8747,1420,28809,40868,13,1,804,1.0000,5.0000,1,0.00,0.00,0.00,0.00,0.00,0.00,0.00,0.00,0,'2024-07-22 13:26:05','2024-07-22 13:26:05',NULL),(2536,8747,1430,24264,40829,13,1,400,0.1000,2.0000,1,17168585.85,34337.17,0.00,0.00,0.00,0.00,0.00,0.00,0,'2024-07-23 20:49:17','2024-07-23 20:49:17',NULL),(2537,8747,1430,24264,40829,13,1,792,1.0000,4.0000,1,0.00,0.00,0.00,0.00,0.00,0.00,0.00,0.00,0,'2024-07-23 20:49:17','2024-07-23 20:49:17',NULL),(2538,8747,1430,24264,40829,13,1,832,1.0000,5.0000,1,0.00,0.00,0.00,0.00,0.00,0.00,0.00,0.00,0,'2024-07-23 20:49:17','2024-07-23 20:49:17',NULL),(2539,8747,1430,24264,40829,12,1,400,0.9000,2.2500,1,17168585.85,347663.86,0.00,0.00,0.00,0.00,0.00,0.00,0,'2024-07-23 20:49:17','2024-07-23 20:49:17',NULL),(2540,8747,1430,24264,40829,12,1,792,1.0000,5.5000,1,0.00,0.00,0.00,0.00,0.00,0.00,0.00,0.00,0,'2024-07-23 20:49:17','2024-07-23 20:49:17',NULL),(2541,8747,1430,24264,40829,12,2,832,1.0000,5.0000,10,0.00,0.00,0.00,0.00,0.00,0.00,0.00,0.00,0,'2024-07-23 20:49:17','2024-07-23 20:49:17',NULL),(2548,8747,1438,33342,41121,13,2,424,1.0000,4.0000,10,40133058.02,1605322.32,0.00,0.00,0.00,0.00,0.00,0.00,0,'2024-07-25 13:39:28','2024-07-25 13:39:28',NULL),(2549,8747,1438,33342,41121,12,1,424,0.0000,0.0000,1,0.00,0.00,0.00,0.00,0.00,0.00,0.00,0.00,0,'2024-07-25 13:39:28','2024-07-25 13:39:28',NULL),(2551,8747,1443,25779,40866,13,1,887,1.0000,4.5000,1,59320645.59,2669429.05,0.00,0.00,0.00,0.00,0.00,0.00,0,'2024-07-26 21:48:33','2024-07-26 21:48:33',NULL),(2566,8747,1463,30314,41025,13,1,522,1.0000,5.0000,1,4718449.23,235922.46,0.00,0.00,0.00,0.00,0.00,0.00,0,'2024-08-19 14:14:09','2024-08-19 14:14:09',NULL),(2568,8747,1467,34850,41211,13,1,894,1.0000,4.5000,1,3170396.76,142667.85,0.00,0.00,0.00,0.00,0.00,0.00,0,'2024-08-19 18:54:49','2024-08-19 18:54:49',NULL),(2577,8747,1483,33343,41121,13,2,424,1.0000,4.0000,10,99409366.27,3976374.65,0.00,0.00,0.00,0.00,0.00,0.00,0,'2024-08-20 14:35:53','2024-08-20 14:35:53',NULL),(2578,8747,1483,33343,41121,12,1,424,0.0000,0.0000,1,0.00,0.00,0.00,0.00,0.00,0.00,0.00,0.00,0,'2024-08-20 14:35:53','2024-08-20 14:35:53',NULL),(2609,8747,1495,28810,40868,13,1,458,1.0000,5.0000,1,1097500.00,54875.00,0.00,0.00,0.00,0.00,0.00,0.00,0,'2024-08-21 13:22:47','2024-08-21 13:22:47',NULL),(2610,8747,1495,28810,40868,13,1,804,1.0000,5.0000,1,0.00,0.00,0.00,0.00,0.00,0.00,0.00,0.00,0,'2024-08-21 13:22:47','2024-08-21 13:22:47',NULL),(2617,8747,1499,24265,40829,13,1,400,0.1000,2.0000,1,38342090.43,72739.10,0.00,0.00,0.00,0.00,0.00,0.00,0,'2024-08-21 22:34:05','2024-08-21 22:34:05',NULL),(2618,8747,1499,24265,40829,13,1,792,1.0000,4.0000,1,0.00,0.00,0.00,0.00,0.00,0.00,0.00,0.00,0,'2024-08-21 22:34:05','2024-08-21 22:34:05',NULL),(2619,8747,1499,24265,40829,13,1,832,1.0000,5.0000,1,0.00,0.00,0.00,0.00,0.00,0.00,0.00,0.00,0,'2024-08-21 22:34:05','2024-08-21 22:34:05',NULL),(2620,8747,1499,24265,40829,12,1,400,0.9000,2.2500,1,38342090.43,776427.33,0.00,0.00,0.00,0.00,0.00,0.00,0,'2024-08-21 22:34:05','2024-08-21 22:34:05',NULL),(2621,8747,1499,24265,40829,12,1,792,1.0000,5.5000,1,0.00,0.00,0.00,0.00,0.00,0.00,0.00,0.00,0,'2024-08-21 22:34:05','2024-08-21 22:34:05',NULL),(2622,8747,1499,24265,40829,12,2,832,1.0000,5.0000,10,0.00,0.00,0.00,0.00,0.00,0.00,0.00,0.00,0,'2024-08-21 22:34:05','2024-08-21 22:34:05',NULL),(2624,8747,1503,25780,40866,13,1,887,1.0000,4.5000,1,98956842.78,4453057.93,0.00,0.00,0.00,0.00,0.00,0.00,0,'2024-08-22 18:10:01','2024-08-22 18:10:01',NULL),(2639,8747,1525,28811,40868,13,1,458,1.0000,5.0000,1,0.00,0.00,0.00,0.00,0.00,0.00,0.00,0.00,0,'2024-09-16 16:07:45','2024-09-16 16:07:45',NULL),(2640,8747,1525,28811,40868,13,1,804,1.0000,5.0000,1,0.00,0.00,0.00,0.00,0.00,0.00,0.00,0.00,0,'2024-09-16 16:07:45','2024-09-16 16:07:45',NULL);
INSERT INTO `period_liquidation_details` VALUES (2671,8747,1537,34851,41211,13,1,894,1.0000,4.5000,1,5329514.13,239828.14,0.00,0.00,0.00,0.00,0.00,0.00,0,'2024-09-16 21:02:12','2024-09-16 21:02:12',NULL),(2672,8747,1539,30315,41025,13,1,522,1.0000,5.0000,1,7968274.27,398413.71,0.00,0.00,0.00,0.00,0.00,0.00,0,'2024-09-16 22:28:19','2024-09-16 22:28:19',NULL),(2687,8747,1549,25781,40866,13,1,887,1.0000,4.5000,1,86171939.13,3877737.26,0.00,0.00,0.00,0.00,0.00,0.00,0,'2024-09-24 20:53:34','2024-09-24 20:53:34',NULL),(2754,8747,1617,33344,41121,13,2,424,1.0000,4.0000,10,117449385.15,4697975.41,0.00,0.00,0.00,0.00,0.00,0.00,0,'2024-09-27 20:50:11','2024-09-27 20:50:11',NULL),(2755,8747,1617,33344,41121,12,1,424,0.0000,0.0000,1,0.00,0.00,0.00,0.00,0.00,0.00,0.00,0.00,0,'2024-09-27 20:50:11','2024-09-27 20:50:11',NULL),(2798,8747,1645,30316,41025,13,1,522,1.0000,5.0000,1,8310796.01,415539.80,0.00,0.00,0.00,0.00,0.00,0.00,0,'2024-10-20 23:21:59','2024-10-20 23:21:59',NULL),(2799,8747,1647,34852,41211,13,1,894,1.0000,4.5000,1,4503238.59,202645.74,0.00,0.00,0.00,0.00,0.00,0.00,0,'2024-10-20 23:48:44','2024-10-20 23:48:44',NULL),(2800,8747,1649,28812,40868,13,1,458,1.0000,5.0000,1,4053000.00,202650.00,0.00,0.00,0.00,0.00,0.00,0.00,0,'2024-10-23 14:15:11','2024-10-23 14:15:11',NULL),(2801,8747,1649,28812,40868,13,1,804,1.0000,5.0000,1,0.00,0.00,0.00,0.00,0.00,0.00,0.00,0.00,0,'2024-10-23 14:15:11','2024-10-23 14:15:11',NULL),(2827,8747,1675,25782,40866,13,1,887,1.0000,4.5000,1,69869422.89,3144124.03,0.00,0.00,0.00,0.00,0.00,0.00,0,'2024-10-24 04:28:59','2024-10-24 04:28:59',NULL),(2830,8747,1678,3057,40815,13,1,1,0.0000,0.0000,1,0.00,0.00,0.00,0.00,0.00,0.00,0.00,0.00,0,'2024-11-05 14:28:16','2024-11-05 14:28:16',NULL),(2831,8747,1678,3057,40815,13,1,796,0.0000,0.0000,1,0.00,0.00,0.00,0.00,0.00,0.00,0.00,0.00,0,'2024-11-05 14:28:16','2024-11-05 14:28:16',NULL),(2836,8747,1685,33345,41121,13,2,424,1.0000,4.0000,10,156942976.48,6277719.06,0.00,0.00,0.00,0.00,0.00,0.00,0,'2024-11-06 00:08:24','2024-11-06 00:08:24',NULL),(2837,8747,1685,33345,41121,12,1,424,0.0000,0.0000,1,0.00,0.00,0.00,0.00,0.00,0.00,0.00,0.00,0,'2024-11-06 00:08:24','2024-11-06 00:08:24',NULL),(2861,8747,1735,25783,40866,13,1,887,1.0000,4.5000,1,86575362.67,3895891.32,0.00,0.00,0.00,0.00,0.00,0.00,0,'2024-11-18 21:26:37','2024-11-18 21:26:37',NULL),(2862,8747,1737,30317,41025,13,1,522,1.0000,5.0000,1,9302272.39,465113.62,0.00,0.00,0.00,0.00,0.00,0.00,0,'2024-11-19 13:13:19','2024-11-19 13:13:19',NULL),(2916,8747,1758,28813,40868,13,1,458,1.0000,5.0000,1,0.00,0.00,0.00,0.00,0.00,0.00,0.00,0.00,0,'2024-11-21 21:45:25','2024-11-21 21:45:25',NULL),(2917,8747,1758,28813,40868,13,1,804,1.0000,5.0000,1,0.00,0.00,0.00,0.00,0.00,0.00,0.00,0.00,0,'2024-11-21 21:45:25','2024-11-21 21:45:25',NULL),(3014,8747,1794,33346,41121,13,2,424,1.0000,4.0000,10,150859650.80,6034386.03,0.00,0.00,0.00,0.00,0.00,0.00,0,'2024-11-26 12:17:38','2024-11-26 12:17:38',NULL),(3015,8747,1794,33346,41121,12,1,424,0.0000,0.0000,1,0.00,0.00,0.00,0.00,0.00,0.00,0.00,0.00,0,'2024-11-26 12:17:38','2024-11-26 12:17:38',NULL),(3018,8747,1800,34853,41211,13,1,894,1.0000,4.5000,1,4063677.54,182865.49,0.00,0.00,0.00,0.00,0.00,0.00,0,'2024-12-12 11:38:27','2024-12-12 11:38:27',NULL),(3020,8747,1804,34854,41211,13,1,894,1.0000,4.5000,1,5585086.35,251328.89,0.00,0.00,0.00,0.00,0.00,0.00,0,'2024-12-12 19:22:58','2024-12-12 19:22:58',NULL),(3107,8747,1848,25784,40866,13,1,887,1.0000,4.5000,1,94746082.74,4263573.72,0.00,0.00,0.00,0.00,0.00,0.00,0,'2024-12-14 06:35:37','2024-12-14 06:35:37',NULL),(3108,8747,1850,24269,40829,13,1,400,0.1000,2.0000,1,15506590.10,31013.18,0.00,0.00,0.00,0.00,0.00,0.00,0,'2024-12-14 14:41:36','2024-12-14 14:41:36',NULL),(3109,8747,1850,24269,40829,13,1,792,1.0000,4.0000,1,0.00,0.00,0.00,0.00,0.00,0.00,0.00,0.00,0,'2024-12-14 14:41:36','2024-12-14 14:41:36',NULL),(3110,8747,1850,24269,40829,13,1,832,1.0000,5.0000,1,0.00,0.00,0.00,0.00,0.00,0.00,0.00,0.00,0,'2024-12-14 14:41:36','2024-12-14 14:41:36',NULL);
INSERT INTO `period_liquidation_details` VALUES (3111,8747,1850,24269,40829,12,1,400,0.9000,2.2500,1,15506590.10,314008.45,0.00,0.00,0.00,0.00,0.00,0.00,0,'2024-12-14 14:41:36','2024-12-14 14:41:36',NULL),(3112,8747,1850,24269,40829,12,1,792,1.0000,5.5000,1,0.00,0.00,0.00,0.00,0.00,0.00,0.00,0.00,0,'2024-12-14 14:41:36','2024-12-14 14:41:36',NULL),(3113,8747,1850,24269,40829,12,1,832,0.0000,5.0000,1,0.00,0.00,0.00,0.00,0.00,0.00,0.00,0.00,0,'2024-12-14 14:41:36','2024-12-14 14:41:36',NULL),(3122,8747,1859,28814,40868,13,1,458,1.0000,5.0000,1,0.00,0.00,0.00,0.00,0.00,0.00,0.00,0.00,0,'2024-12-20 12:29:44','2024-12-20 12:29:44',NULL),(3123,8747,1859,28814,40868,13,1,804,1.0000,5.0000,1,0.00,0.00,0.00,0.00,0.00,0.00,0.00,0.00,0,'2024-12-20 12:29:44','2024-12-20 12:29:44',NULL),(3124,8747,1862,33347,41121,13,2,424,1.0000,4.0000,10,168753656.62,6750146.26,0.00,0.00,0.00,0.00,0.00,0.00,0,'2024-12-21 21:09:58','2024-12-21 21:09:58',NULL),(3125,8747,1862,33347,41121,12,1,424,0.0000,0.0000,1,0.00,0.00,0.00,0.00,0.00,0.00,0.00,0.00,0,'2024-12-21 21:09:58','2024-12-21 21:09:58',NULL),(3190,8747,1892,30318,41025,13,1,522,1.0000,5.0000,1,11190566.07,559528.30,0.00,0.00,0.00,0.00,0.00,0.00,0,'2025-01-14 00:01:09','2025-01-14 00:01:09',NULL),(3206,8747,1904,24270,40829,13,1,400,0.1000,2.0000,1,16212582.64,32425.17,0.00,0.00,0.00,0.00,0.00,0.00,0,'2025-01-15 15:55:22','2025-01-15 15:55:22',NULL),(3207,8747,1904,24270,40829,13,1,792,1.0000,4.0000,1,0.00,0.00,0.00,0.00,0.00,0.00,0.00,0.00,0,'2025-01-15 15:55:22','2025-01-15 15:55:22',NULL),(3208,8747,1904,24270,40829,13,1,832,1.0000,5.0000,1,0.00,0.00,0.00,0.00,0.00,0.00,0.00,0.00,0,'2025-01-15 15:55:22','2025-01-15 15:55:22',NULL),(3209,8747,1904,24270,40829,12,1,400,0.9000,2.2500,1,16212582.64,328304.80,0.00,0.00,0.00,0.00,0.00,0.00,0,'2025-01-15 15:55:22','2025-01-15 15:55:22',NULL),(3210,8747,1904,24270,40829,12,1,792,1.0000,5.5000,1,0.00,0.00,0.00,0.00,0.00,0.00,0.00,0.00,0,'2025-01-15 15:55:22','2025-01-15 15:55:22',NULL),(3211,8747,1904,24270,40829,12,1,832,0.0000,5.0000,1,0.00,0.00,0.00,0.00,0.00,0.00,0.00,0.00,0,'2025-01-15 15:55:22','2025-01-15 15:55:22',NULL),(3218,8747,1908,25785,40866,13,1,887,1.0000,4.5000,1,65441473.27,2944866.30,0.00,0.00,0.00,0.00,0.00,0.00,0,'2025-01-15 18:29:09','2025-01-15 18:29:09',NULL),(3238,8747,1930,43049,47684,13,1,568,0.0000,0.0000,1,0.00,0.00,0.00,0.00,0.00,0.00,0.00,0.00,0,'2025-01-16 17:51:54','2025-01-16 17:51:54',NULL),(3239,8747,1930,43049,47684,12,1,568,0.0000,0.0000,1,0.00,0.00,0.00,0.00,0.00,0.00,0.00,0.00,0,'2025-01-16 17:51:54','2025-01-16 17:51:54',NULL),(3240,8747,1932,34855,41211,13,1,894,1.0000,4.5000,1,4856725.49,218552.65,0.00,0.00,0.00,0.00,0.00,0.00,0,'2025-01-20 14:05:23','2025-01-20 14:05:23',NULL),(3242,8747,1936,30319,41025,13,1,522,1.0000,5.0000,1,17806490.58,890324.53,0.00,0.00,0.00,0.00,0.00,0.00,0,'2025-01-22 14:07:27','2025-01-22 14:07:27',NULL),(3251,8747,1946,33348,41121,13,2,424,1.0000,4.0000,10,168126870.56,6725074.82,0.00,0.00,0.00,0.00,0.00,0.00,0,'2025-01-22 18:46:29','2025-01-22 18:46:29',NULL),(3252,8747,1946,33348,41121,12,1,424,0.0000,0.0000,1,0.00,0.00,0.00,0.00,0.00,0.00,0.00,0.00,0,'2025-01-22 18:46:29','2025-01-22 18:46:29',NULL),(3254,8747,1950,28815,40868,13,1,458,1.0000,5.0000,1,0.00,0.00,0.00,0.00,0.00,0.00,0.00,0.00,0,'2025-01-23 16:27:29','2025-01-23 16:27:29',NULL),(3255,8747,1950,28815,40868,13,1,804,1.0000,5.0000,1,0.00,0.00,0.00,0.00,0.00,0.00,0.00,0.00,0,'2025-01-23 16:27:29','2025-01-23 16:27:29',NULL),(3259,8747,1958,30323,41025,13,1,522,1.0000,5.0000,1,11249754.36,562487.72,0.00,0.00,0.00,0.00,0.00,0.00,0,'2025-02-12 19:16:43','2025-02-12 19:16:43',NULL),(3261,8747,1962,34859,41211,13,1,894,1.0000,4.5000,1,3902363.99,175606.38,0.00,0.00,0.00,0.00,0.00,0.00,0,'2025-02-13 14:47:40','2025-02-13 14:47:40',NULL),(3263,8747,1966,47584,47764,13,1,458,1.0000,5.0000,1,1423000.00,71150.00,0.00,0.00,0.00,0.00,0.00,0.00,0,'2025-02-13 17:09:09','2025-02-13 17:09:09',NULL);
INSERT INTO `period_liquidation_details` VALUES (3363,8747,2024,28819,40868,13,1,458,1.0000,5.0000,1,0.00,0.00,0.00,0.00,0.00,0.00,0.00,0.00,0,'2025-02-19 20:17:39','2025-02-19 20:17:39',NULL),(3364,8747,2024,28819,40868,13,1,804,1.0000,5.0000,1,0.00,0.00,0.00,0.00,0.00,0.00,0.00,0.00,0,'2025-02-19 20:17:39','2025-02-19 20:17:39',NULL),(3365,8747,2026,25789,40866,13,1,887,1.0000,4.5000,1,74811809.90,3366531.45,0.00,0.00,0.00,0.00,0.00,0.00,0,'2025-02-19 20:35:14','2025-02-19 20:35:14',NULL),(3366,8747,2028,43051,47684,13,2,568,0.0000,5.0000,10,1.66,0.00,0.00,0.00,0.00,0.00,0.00,0.00,0,'2025-02-20 15:43:45','2025-02-20 15:43:45',NULL),(3367,8747,2028,43051,47684,12,2,568,0.0000,5.0000,10,0.00,0.00,0.00,0.00,0.00,0.00,0.00,0.00,0,'2025-02-20 15:43:45','2025-02-20 15:43:45',NULL),(3392,8747,2049,36384,42190,13,1,401,1.0000,2.0000,1,23457103.88,469142.08,0.00,0.00,0.00,0.00,0.00,0.00,0,'2025-03-12 13:02:42','2025-03-12 13:02:42',NULL),(3393,8747,2049,36384,42190,13,1,913,1.0000,5.0000,1,0.00,0.00,0.00,0.00,0.00,0.00,0.00,0.00,0,'2025-03-12 13:02:42','2025-03-12 13:02:42',NULL),(3394,8747,2049,36384,42190,13,1,659,0.0000,0.0000,1,0.00,0.00,0.00,0.00,0.00,0.00,0.00,0.00,0,'2025-03-12 13:02:42','2025-03-12 13:02:42',NULL),(3395,8747,2049,36384,42190,13,1,800,1.0000,5.0000,1,0.00,0.00,0.00,0.00,0.00,0.00,0.00,0.00,0,'2025-03-12 13:02:42','2025-03-12 13:02:42',NULL),(3396,8747,2049,36384,42190,12,1,401,0.0000,0.0000,1,23457103.88,0.00,0.00,0.00,0.00,0.00,0.00,0.00,0,'2025-03-12 13:02:42','2025-03-12 13:02:42',NULL),(3397,8747,2049,36384,42190,12,2,913,1.0000,2.5000,10,0.00,0.00,0.00,0.00,0.00,0.00,0.00,0.00,0,'2025-03-12 13:02:42','2025-03-12 13:02:42',NULL),(3398,8747,2049,36384,42190,12,2,659,1.0000,2.0000,10,0.00,0.00,0.00,0.00,0.00,0.00,0.00,0.00,0,'2025-03-12 13:02:42','2025-03-12 13:02:42',NULL),(3399,8747,2049,36384,42190,12,2,800,1.0000,2.5000,10,0.00,0.00,0.00,0.00,0.00,0.00,0.00,0.00,0,'2025-03-12 13:02:42','2025-03-12 13:02:42',NULL),(3408,8747,2053,36385,42190,13,1,401,1.0000,2.0000,1,22358303.48,447166.07,0.00,0.00,0.00,0.00,0.00,0.00,0,'2025-03-12 16:26:40','2025-03-12 16:26:40',NULL),(3409,8747,2053,36385,42190,13,1,913,1.0000,5.0000,1,0.00,0.00,0.00,0.00,0.00,0.00,0.00,0.00,0,'2025-03-12 16:26:40','2025-03-12 16:26:40',NULL),(3410,8747,2053,36385,42190,13,1,659,0.0000,0.0000,1,0.00,0.00,0.00,0.00,0.00,0.00,0.00,0.00,0,'2025-03-12 16:26:40','2025-03-12 16:26:40',NULL),(3411,8747,2053,36385,42190,13,1,800,1.0000,5.0000,1,0.00,0.00,0.00,0.00,0.00,0.00,0.00,0.00,0,'2025-03-12 16:26:40','2025-03-12 16:26:40',NULL),(3412,8747,2053,36385,42190,12,1,401,0.0000,0.0000,1,22358303.48,0.00,0.00,0.00,0.00,0.00,0.00,0.00,0,'2025-03-12 16:26:40','2025-03-12 16:26:40',NULL),(3413,8747,2053,36385,42190,12,2,913,1.0000,2.5000,10,0.00,0.00,0.00,0.00,0.00,0.00,0.00,0.00,0,'2025-03-12 16:26:40','2025-03-12 16:26:40',NULL),(3414,8747,2053,36385,42190,12,2,659,1.0000,2.0000,10,0.00,0.00,0.00,0.00,0.00,0.00,0.00,0.00,0,'2025-03-12 16:26:40','2025-03-12 16:26:40',NULL),(3415,8747,2053,36385,42190,12,2,800,1.0000,2.5000,10,0.00,0.00,0.00,0.00,0.00,0.00,0.00,0.00,0,'2025-03-12 16:26:40','2025-03-12 16:26:40',NULL),(3424,8747,2057,36386,42190,13,1,401,1.0000,2.0000,1,32554170.32,651083.41,0.00,0.00,0.00,0.00,0.00,0.00,0,'2025-03-12 13:46:54','2025-03-12 13:46:54',NULL),(3425,8747,2057,36386,42190,13,1,913,1.0000,5.0000,1,0.00,0.00,0.00,0.00,0.00,0.00,0.00,0.00,0,'2025-03-12 13:46:54','2025-03-12 13:46:54',NULL),(3426,8747,2057,36386,42190,13,1,659,0.0000,0.0000,1,0.00,0.00,0.00,0.00,0.00,0.00,0.00,0.00,0,'2025-03-12 13:46:54','2025-03-12 13:46:54',NULL),(3427,8747,2057,36386,42190,13,1,800,1.0000,5.0000,1,0.00,0.00,0.00,0.00,0.00,0.00,0.00,0.00,0,'2025-03-12 13:46:54','2025-03-12 13:46:54',NULL),(3428,8747,2057,36386,42190,12,1,401,0.0000,0.0000,1,32554170.32,0.00,0.00,0.00,0.00,0.00,0.00,0.00,0,'2025-03-12 13:46:54','2025-03-12 13:46:54',NULL),(3429,8747,2057,36386,42190,12,2,913,1.0000,2.5000,10,0.00,0.00,0.00,0.00,0.00,0.00,0.00,0.00,0,'2025-03-12 13:46:54','2025-03-12 13:46:54',NULL);
INSERT INTO `period_liquidation_details` VALUES (3430,8747,2057,36386,42190,12,2,659,1.0000,2.0000,10,0.00,0.00,0.00,0.00,0.00,0.00,0.00,0.00,0,'2025-03-12 13:46:54','2025-03-12 13:46:54',NULL),(3431,8747,2057,36386,42190,12,2,800,1.0000,2.5000,10,0.00,0.00,0.00,0.00,0.00,0.00,0.00,0.00,0,'2025-03-12 13:46:54','2025-03-12 13:46:54',NULL),(3440,8747,2061,36390,42190,13,1,401,1.0000,2.0000,1,45531044.81,910620.90,0.00,0.00,0.00,0.00,0.00,0.00,0,'2025-03-12 20:33:29','2025-03-12 20:33:29',NULL),(3441,8747,2061,36390,42190,13,1,913,1.0000,5.0000,1,0.00,0.00,0.00,0.00,0.00,0.00,0.00,0.00,0,'2025-03-12 20:33:29','2025-03-12 20:33:29',NULL),(3442,8747,2061,36390,42190,13,1,659,0.0000,0.0000,1,0.00,0.00,0.00,0.00,0.00,0.00,0.00,0.00,0,'2025-03-12 20:33:29','2025-03-12 20:33:29',NULL),(3443,8747,2061,36390,42190,13,1,800,1.0000,5.0000,1,0.00,0.00,0.00,0.00,0.00,0.00,0.00,0.00,0,'2025-03-12 20:33:29','2025-03-12 20:33:29',NULL),(3444,8747,2061,36390,42190,12,1,401,0.0000,0.0000,1,45531044.81,0.00,0.00,0.00,0.00,0.00,0.00,0.00,0,'2025-03-12 20:33:29','2025-03-12 20:33:29',NULL),(3445,8747,2061,36390,42190,12,2,913,1.0000,2.5000,10,0.00,0.00,0.00,0.00,0.00,0.00,0.00,0.00,0,'2025-03-12 20:33:29','2025-03-12 20:33:29',NULL),(3446,8747,2061,36390,42190,12,2,659,1.0000,2.0000,10,0.00,0.00,0.00,0.00,0.00,0.00,0.00,0.00,0,'2025-03-12 20:33:29','2025-03-12 20:33:29',NULL),(3447,8747,2061,36390,42190,12,2,800,1.0000,2.5000,10,0.00,0.00,0.00,0.00,0.00,0.00,0.00,0.00,0,'2025-03-12 20:33:29','2025-03-12 20:33:29',NULL),(3486,8747,2101,24274,40829,13,1,400,0.1000,2.0000,1,9381937.52,18763.88,0.00,0.00,0.00,0.00,0.00,0.00,0,'2025-03-15 17:11:46','2025-03-15 17:11:46',NULL),(3487,8747,2101,24274,40829,13,1,792,1.0000,4.0000,1,0.00,0.00,0.00,0.00,0.00,0.00,0.00,0.00,0,'2025-03-15 17:11:46','2025-03-15 17:11:46',NULL),(3488,8747,2101,24274,40829,13,1,832,1.0000,5.0000,1,0.00,0.00,0.00,0.00,0.00,0.00,0.00,0.00,0,'2025-03-15 17:11:46','2025-03-15 17:11:46',NULL),(3489,8747,2101,24274,40829,12,1,400,0.9000,2.2500,1,9381937.52,189984.23,0.00,0.00,0.00,0.00,0.00,0.00,0,'2025-03-15 17:11:46','2025-03-15 17:11:46',NULL),(3490,8747,2101,24274,40829,12,1,792,1.0000,5.5000,1,0.00,0.00,0.00,0.00,0.00,0.00,0.00,0.00,0,'2025-03-15 17:11:46','2025-03-15 17:11:46',NULL),(3491,8747,2101,24274,40829,12,1,832,0.0000,5.0000,1,0.00,0.00,0.00,0.00,0.00,0.00,0.00,0.00,0,'2025-03-15 17:11:46','2025-03-15 17:11:46',NULL),(3552,8747,2123,24275,40829,13,1,400,0.1000,2.0000,1,19204256.60,38408.51,0.00,0.00,0.00,0.00,0.00,0.00,0,'2025-03-15 17:33:46','2025-03-15 17:33:46',NULL),(3553,8747,2123,24275,40829,13,1,792,1.0000,4.0000,1,0.00,0.00,0.00,0.00,0.00,0.00,0.00,0.00,0,'2025-03-15 17:33:46','2025-03-15 17:33:46',NULL),(3554,8747,2123,24275,40829,13,1,832,1.0000,5.0000,1,0.00,0.00,0.00,0.00,0.00,0.00,0.00,0.00,0,'2025-03-15 17:33:46','2025-03-15 17:33:46',NULL),(3555,8747,2123,24275,40829,12,1,400,0.9000,2.2500,1,19204256.60,388886.20,0.00,0.00,0.00,0.00,0.00,0.00,0,'2025-03-15 17:33:46','2025-03-15 17:33:46',NULL),(3556,8747,2123,24275,40829,12,1,792,1.0000,5.5000,1,0.00,0.00,0.00,0.00,0.00,0.00,0.00,0.00,0,'2025-03-15 17:33:46','2025-03-15 17:33:46',NULL),(3557,8747,2123,24275,40829,12,1,832,0.0000,5.0000,1,0.00,0.00,0.00,0.00,0.00,0.00,0.00,0.00,0,'2025-03-15 17:33:46','2025-03-15 17:33:46',NULL),(3559,8747,2127,34860,41211,13,1,894,1.0000,4.5000,1,4667580.85,210041.14,0.00,0.00,0.00,0.00,0.00,0.00,0,'2025-03-17 16:32:27','2025-03-17 16:32:27',NULL),(3560,8747,2129,43052,47684,13,2,568,0.0000,5.0000,10,0.00,0.00,0.00,0.00,0.00,0.00,0.00,0.00,0,'2025-03-17 15:55:08','2025-03-17 15:55:08',NULL),(3561,8747,2129,43052,47684,12,2,568,0.0000,5.0000,10,0.00,0.00,0.00,0.00,0.00,0.00,0.00,0.00,0,'2025-03-17 15:55:08','2025-03-17 15:55:08',NULL),(3564,8747,2135,47585,47764,13,1,458,1.0000,5.0000,1,3154000.00,157700.00,0.00,0.00,0.00,0.00,0.00,0.00,0,'2025-03-18 20:03:45','2025-03-18 20:03:45',NULL);
INSERT INTO `period_liquidation_details` VALUES (3565,8747,2137,25790,40866,13,1,887,1.0000,4.5000,1,92577476.07,4165986.42,0.00,0.00,0.00,0.00,0.00,0.00,0,'2025-03-19 02:57:03','2025-03-19 02:57:03',NULL),(3580,8747,2153,33353,41121,13,2,424,1.0000,4.0000,10,171909939.73,6876397.59,0.00,0.00,0.00,0.00,0.00,0.00,0,'2025-03-21 13:58:29','2025-03-21 13:58:29',NULL),(3581,8747,2153,33353,41121,12,1,424,0.0000,0.0000,1,0.00,0.00,0.00,0.00,0.00,0.00,0.00,0.00,0,'2025-03-21 13:58:29','2025-03-21 13:58:29',NULL),(3582,8747,2155,28820,40868,13,1,458,1.0000,5.0000,1,0.00,0.00,0.00,0.00,0.00,0.00,0.00,0.00,0,'2025-03-23 13:12:07','2025-03-23 13:12:07',NULL),(3583,8747,2155,28820,40868,13,1,804,1.0000,5.0000,1,0.00,0.00,0.00,0.00,0.00,0.00,0.00,0.00,0,'2025-03-23 13:12:07','2025-03-23 13:12:07',NULL),(3591,8747,2171,30324,41025,13,1,522,1.0000,5.0000,1,6098227.11,304911.36,0.00,0.00,0.00,0.00,0.00,0.00,0,'2025-03-25 20:01:09','2025-03-25 20:01:09',NULL),(3593,8747,2175,30325,41025,13,1,522,1.0000,5.0000,1,10485170.04,524258.50,0.00,0.00,0.00,0.00,0.00,0.00,0,'2025-04-02 17:21:44','2025-04-02 17:21:44',NULL),(3595,8747,2179,47586,47764,13,1,458,1.0000,5.0000,1,2139000.00,106950.00,0.00,0.00,0.00,0.00,0.00,0.00,0,'2025-04-14 16:34:53','2025-04-14 16:34:53',NULL),(3597,8747,2183,34861,41211,13,1,894,1.0000,4.5000,1,5409050.67,243407.28,0.00,0.00,0.00,0.00,0.00,0.00,0,'2025-04-15 16:41:37','2025-04-15 16:41:37',NULL),(3604,8747,2191,43053,47684,13,2,568,0.0000,5.0000,10,0.00,0.00,0.00,0.00,0.00,0.00,0.00,0.00,0,'2025-04-21 17:53:34','2025-04-21 17:53:34',NULL),(3605,8747,2191,43053,47684,12,2,568,0.0000,5.0000,10,0.00,0.00,0.00,0.00,0.00,0.00,0.00,0.00,0,'2025-04-21 17:53:34','2025-04-21 17:53:34',NULL),(3666,8747,2213,24276,40829,13,1,400,0.1000,2.0000,1,15998494.35,31996.99,0.00,0.00,0.00,0.00,0.00,0.00,0,'2025-04-21 18:43:17','2025-04-21 18:43:17',NULL),(3667,8747,2213,24276,40829,13,1,792,1.0000,4.0000,1,0.00,0.00,0.00,0.00,0.00,0.00,0.00,0.00,0,'2025-04-21 18:43:17','2025-04-21 18:43:17',NULL),(3668,8747,2213,24276,40829,13,1,832,1.0000,5.0000,1,0.00,0.00,0.00,0.00,0.00,0.00,0.00,0.00,0,'2025-04-21 18:43:17','2025-04-21 18:43:17',NULL),(3669,8747,2213,24276,40829,12,1,400,0.9000,2.2500,1,15998494.35,323969.51,0.00,0.00,0.00,0.00,0.00,0.00,0,'2025-04-21 18:43:17','2025-04-21 18:43:17',NULL),(3670,8747,2213,24276,40829,12,1,792,1.0000,5.5000,1,0.00,0.00,0.00,0.00,0.00,0.00,0.00,0.00,0,'2025-04-21 18:43:17','2025-04-21 18:43:17',NULL),(3671,8747,2213,24276,40829,12,1,832,0.0000,5.0000,1,0.00,0.00,0.00,0.00,0.00,0.00,0.00,0.00,0,'2025-04-21 18:43:17','2025-04-21 18:43:17',NULL),(3675,8747,2221,25791,40866,13,1,887,1.0000,4.5000,1,91754409.88,4128948.44,0.00,0.00,0.00,0.00,0.00,0.00,0,'2025-04-21 19:59:14','2025-04-21 19:59:14',NULL),(3745,8747,2295,34862,41211,13,1,894,1.0000,4.5000,1,5829502.93,262327.63,0.00,0.00,0.00,0.00,0.00,0.00,0,'2025-05-16 16:39:02','2025-05-16 16:39:02',NULL),(3754,8747,2305,43054,47684,13,2,568,0.0000,5.0000,10,0.00,0.00,0.00,0.00,0.00,0.00,0.00,0.00,0,'2025-05-17 06:23:41','2025-05-17 06:23:41',NULL),(3755,8747,2305,43054,47684,12,2,568,0.0000,5.0000,10,0.00,0.00,0.00,0.00,0.00,0.00,0.00,0.00,0,'2025-05-17 06:23:41','2025-05-17 06:23:41',NULL),(3760,8747,2315,25792,40866,13,1,887,1.0000,4.5000,1,105319799.76,4739390.99,0.00,0.00,0.00,0.00,0.00,0.00,0,'2025-05-17 17:41:40','2025-05-17 17:41:40',NULL),(3821,8747,2337,24277,40829,13,1,400,0.1000,2.0000,1,852330.97,15341.96,0.00,0.00,0.00,0.00,0.00,0.00,0,'2025-05-18 00:45:33','2025-05-18 00:45:33',NULL),(3822,8747,2337,24277,40829,13,1,792,1.0000,4.0000,1,0.00,0.00,0.00,0.00,0.00,0.00,0.00,0.00,0,'2025-05-18 00:45:33','2025-05-18 00:45:33',NULL),(3823,8747,2337,24277,40829,13,1,832,1.0000,5.0000,1,0.00,0.00,0.00,0.00,0.00,0.00,0.00,0.00,0,'2025-05-18 00:45:33','2025-05-18 00:45:33',NULL),(3824,8747,2337,24277,40829,12,1,400,0.9000,2.2500,1,10620978.74,238972.02,0.00,0.00,0.00,0.00,0.00,0.00,0,'2025-05-18 00:45:33','2025-05-18 00:45:33',NULL);
INSERT INTO `period_liquidation_details` VALUES (3825,8747,2337,24277,40829,12,1,792,1.0000,5.5000,1,0.00,0.00,0.00,0.00,0.00,0.00,0.00,0.00,0,'2025-05-18 00:45:33','2025-05-18 00:45:33',NULL),(3826,8747,2337,24277,40829,12,1,832,0.0000,5.0000,1,0.00,0.00,0.00,0.00,0.00,0.00,0.00,0.00,0,'2025-05-18 00:45:33','2025-05-18 00:45:33',NULL),(3836,8747,2349,47587,47764,13,1,458,1.0000,5.0000,1,2829000.00,141450.00,0.00,0.00,0.00,0.00,0.00,0.00,0,'2025-05-19 16:24:01','2025-05-19 16:24:01',NULL),(3857,8747,2372,33355,41121,13,2,424,1.0000,4.0000,1,198197212.97,7927888.52,0.00,0.00,0.00,0.00,0.00,0.00,0,'2025-05-19 19:27:45','2025-05-19 19:27:45',NULL),(3858,8747,2372,33355,41121,12,1,424,0.0000,0.0000,1,0.00,0.00,0.00,0.00,0.00,0.00,0.00,0.00,0,'2025-05-19 19:27:45','2025-05-19 19:27:45',NULL),(3860,8747,2376,30326,41025,13,1,522,1.0000,5.0000,1,8652265.04,432613.25,0.00,0.00,0.00,0.00,0.00,0.00,0,'2025-05-19 23:14:06','2025-05-19 23:14:06',NULL),(3861,8747,2378,28821,40868,13,1,458,1.0000,5.0000,1,0.00,0.00,0.00,0.00,0.00,0.00,0.00,0.00,0,'2025-05-20 12:46:49','2025-05-20 12:46:49',NULL),(3862,8747,2378,28821,40868,13,1,804,1.0000,5.0000,1,0.00,0.00,0.00,0.00,0.00,0.00,0.00,0.00,0,'2025-05-20 12:46:49','2025-05-20 12:46:49',NULL),(3863,8747,2380,28822,40868,13,1,458,1.0000,5.0000,1,0.00,0.00,0.00,0.00,0.00,0.00,0.00,0.00,0,'2025-05-20 12:59:48','2025-05-20 12:59:48',NULL),(3864,8747,2380,28822,40868,13,1,804,1.0000,5.0000,1,0.00,0.00,0.00,0.00,0.00,0.00,0.00,0.00,0,'2025-05-20 12:59:48','2025-05-20 12:59:48',NULL),(3866,8747,2384,34863,41211,13,1,894,1.0000,4.5000,1,4890503.72,220072.67,0.00,0.00,0.00,0.00,0.00,0.00,0,'2025-06-18 15:59:21','2025-06-18 15:59:21',NULL),(3874,8747,2394,30327,41025,13,1,522,1.0000,5.0000,1,5820557.03,291027.85,0.00,0.00,0.00,0.00,0.00,0.00,0,'2025-06-19 01:50:32','2025-06-19 01:50:32',NULL),(3879,8747,2399,33356,41121,13,2,424,1.0000,4.0000,1,210988291.21,8439531.65,0.00,0.00,0.00,0.00,0.00,0.00,0,'2025-06-18 23:26:28','2025-06-18 23:26:28',NULL),(3880,8747,2399,33356,41121,12,1,424,0.0000,0.0000,1,0.00,0.00,0.00,0.00,0.00,0.00,0.00,0.00,0,'2025-06-18 23:26:28','2025-06-18 23:26:28',NULL),(3887,8747,2408,43055,47684,13,2,568,0.0000,5.0000,10,0.00,0.00,0.00,0.00,0.00,0.00,0.00,0.00,0,'2025-06-18 23:37:16','2025-06-18 23:37:16',NULL),(3888,8747,2408,43055,47684,12,2,568,0.0000,5.0000,10,0.00,0.00,0.00,0.00,0.00,0.00,0.00,0.00,0,'2025-06-18 23:37:16','2025-06-18 23:37:16',NULL),(3894,8747,2421,25793,40866,13,1,887,1.0000,4.5000,1,69426765.23,3124204.44,0.00,0.00,0.00,0.00,0.00,0.00,0,'2025-06-19 03:39:00','2025-06-19 03:39:00',NULL),(3895,8747,2423,28823,40868,13,1,458,1.0000,5.0000,1,0.00,0.00,0.00,0.00,0.00,0.00,0.00,0.00,0,'2025-06-23 13:57:02','2025-06-23 13:57:02',NULL),(3896,8747,2423,28823,40868,13,1,804,1.0000,5.0000,1,0.00,0.00,0.00,0.00,0.00,0.00,0.00,0.00,0,'2025-06-23 13:57:02','2025-06-23 13:57:02',NULL),(3898,8747,2427,47588,47764,13,1,458,1.0000,5.0000,1,6057860.00,302893.00,0.00,0.00,0.00,0.00,0.00,0.00,0,'2025-06-23 17:50:32','2025-06-23 17:50:32',NULL),(3989,8747,2458,24278,40829,13,1,400,0.1000,2.0000,1,20999807.92,41999.62,0.00,0.00,0.00,0.00,0.00,0.00,0,'2025-06-25 18:53:22','2025-06-25 18:53:22',NULL),(3990,8747,2458,24278,40829,13,1,792,1.0000,4.0000,1,0.00,0.00,0.00,0.00,0.00,0.00,0.00,0.00,0,'2025-06-25 18:53:22','2025-06-25 18:53:22',NULL),(3991,8747,2458,24278,40829,13,1,832,1.0000,5.0000,1,0.00,0.00,0.00,0.00,0.00,0.00,0.00,0.00,0,'2025-06-25 18:53:22','2025-06-25 18:53:22',NULL),(3992,8747,2458,24278,40829,12,1,400,0.9000,2.2500,1,20999807.92,425246.11,0.00,0.00,0.00,0.00,0.00,0.00,0,'2025-06-25 18:53:22','2025-06-25 18:53:22',NULL),(3993,8747,2458,24278,40829,12,1,792,1.0000,5.5000,1,0.00,0.00,0.00,0.00,0.00,0.00,0.00,0.00,0,'2025-06-25 18:53:22','2025-06-25 18:53:22',NULL),(3994,8747,2458,24278,40829,12,1,832,0.0000,5.0000,1,0.00,0.00,0.00,0.00,0.00,0.00,0.00,0.00,0,'2025-06-25 18:53:22','2025-06-25 18:53:22',NULL);
INSERT INTO `period_liquidation_details` VALUES (3996,8747,2462,34864,41211,13,1,894,1.0000,4.5000,1,5236642.68,235648.92,0.00,0.00,0.00,0.00,0.00,0.00,0,'2025-07-15 17:14:06','2025-07-15 17:14:06',NULL),(3998,8747,2466,30328,41025,13,1,522,1.0000,5.0000,1,3007124.64,150356.23,0.00,0.00,0.00,0.00,0.00,0.00,0,'2025-07-16 06:07:17','2025-07-16 06:07:17',NULL),(4000,8747,2470,49081,52767,13,1,894,1.0000,4.5000,1,9276567.98,417445.56,0.00,0.00,0.00,0.00,0.00,0.00,0,'2025-07-17 23:05:01','2025-07-17 23:05:01',NULL),(4049,8747,2487,24279,40829,13,1,400,0.1000,2.0000,1,19641732.50,34036.82,0.00,0.00,0.00,0.00,0.00,0.00,0,'2025-07-18 17:03:25','2025-07-18 17:03:25',NULL),(4050,8747,2487,24279,40829,13,1,792,1.0000,4.0000,1,0.00,0.00,0.00,0.00,0.00,0.00,0.00,0.00,0,'2025-07-18 17:03:25','2025-07-18 17:03:25',NULL),(4051,8747,2487,24279,40829,13,1,832,1.0000,5.0000,1,0.00,0.00,0.00,0.00,0.00,0.00,0.00,0.00,0,'2025-07-18 17:03:25','2025-07-18 17:03:25',NULL),(4052,8747,2487,24279,40829,12,1,400,0.9000,2.2500,1,19641732.50,403647.55,0.00,0.00,0.00,0.00,0.00,0.00,0,'2025-07-18 17:03:25','2025-07-18 17:03:25',NULL),(4053,8747,2487,24279,40829,12,1,792,1.0000,5.5000,1,0.00,0.00,0.00,0.00,0.00,0.00,0.00,0.00,0,'2025-07-18 17:03:25','2025-07-18 17:03:25',NULL),(4054,8747,2487,24279,40829,12,1,832,0.0000,5.0000,1,0.00,0.00,0.00,0.00,0.00,0.00,0.00,0.00,0,'2025-07-18 17:03:25','2025-07-18 17:03:25',NULL),(4061,8747,2501,25794,40866,13,1,887,1.0000,4.5000,1,62533358.63,2814001.14,0.00,0.00,0.00,0.00,0.00,0.00,0,'2025-07-18 18:04:33','2025-07-18 18:04:33',NULL),(4072,8747,2511,43056,47684,13,2,568,0.0000,5.0000,10,0.00,0.00,0.00,0.00,0.00,0.00,0.00,0.00,0,'2025-07-21 06:01:37','2025-07-21 06:01:37',NULL),(4073,8747,2511,43056,47684,12,2,568,0.0000,5.0000,10,0.00,0.00,0.00,0.00,0.00,0.00,0.00,0.00,0,'2025-07-21 06:01:37','2025-07-21 06:01:37',NULL),(4075,8747,2515,47589,47764,13,1,458,1.0000,5.0000,1,6285044.00,314252.20,0.00,0.00,0.00,0.00,0.00,0.00,0,'2025-07-22 00:31:41','2025-07-22 00:31:41',NULL),(4077,8747,2519,49082,52767,13,1,894,1.0000,4.5000,1,2024347.84,91095.65,0.00,0.00,0.00,0.00,0.00,0.00,0,'2025-07-22 18:13:38','2025-07-22 18:13:38',NULL),(4078,8747,2521,28824,40868,13,1,458,1.0000,5.0000,1,0.00,0.00,0.00,0.00,0.00,0.00,0.00,0.00,0,'2025-07-22 20:54:47','2025-07-22 20:54:47',NULL),(4079,8747,2521,28824,40868,13,1,804,1.0000,5.0000,1,0.00,0.00,0.00,0.00,0.00,0.00,0.00,0.00,0,'2025-07-22 20:54:47','2025-07-22 20:54:47',NULL),(4092,8747,2535,43057,47684,13,2,568,0.0000,5.0000,10,0.00,0.00,0.00,0.00,0.00,0.00,0.00,0.00,0,'2025-08-16 20:46:40','2025-08-16 20:46:40',NULL),(4093,8747,2535,43057,47684,12,2,568,0.0000,5.0000,10,0.00,0.00,0.00,0.00,0.00,0.00,0.00,0.00,0,'2025-08-16 20:46:40','2025-08-16 20:46:40',NULL),(4112,8747,2543,24280,40829,13,1,400,0.1000,2.0000,1,19346295.84,26517.97,0.00,0.00,0.00,0.00,0.00,0.00,0,'2025-08-16 21:06:01','2025-08-16 21:06:01',NULL),(4113,8747,2543,24280,40829,13,1,792,1.0000,4.0000,1,0.00,0.00,0.00,0.00,0.00,0.00,0.00,0.00,0,'2025-08-16 21:06:01','2025-08-16 21:06:01',NULL),(4114,8747,2543,24280,40829,13,1,832,1.0000,5.0000,1,0.00,0.00,0.00,0.00,0.00,0.00,0.00,0.00,0,'2025-08-16 21:06:01','2025-08-16 21:06:01',NULL),(4115,8747,2543,24280,40829,12,1,400,0.9000,2.2500,1,19346295.84,402144.20,0.00,0.00,0.00,0.00,0.00,0.00,0,'2025-08-16 21:06:01','2025-08-16 21:06:01',NULL),(4116,8747,2543,24280,40829,12,1,792,1.0000,5.5000,1,0.00,0.00,0.00,0.00,0.00,0.00,0.00,0.00,0,'2025-08-16 21:06:01','2025-08-16 21:06:01',NULL),(4117,8747,2543,24280,40829,12,1,832,0.0000,5.0000,1,0.00,0.00,0.00,0.00,0.00,0.00,0.00,0.00,0,'2025-08-16 21:06:01','2025-08-16 21:06:01',NULL),(4122,8747,2553,25795,40866,13,1,887,1.0000,4.5000,1,108553771.35,4884919.71,0.00,0.00,0.00,0.00,0.00,0.00,0,'2025-08-16 21:38:17','2025-08-16 21:38:17',NULL),(4124,8747,2557,47590,47764,13,1,458,1.0000,5.0000,1,5310300.00,265515.00,0.00,0.00,0.00,0.00,0.00,0.00,0,'2025-08-19 02:20:54','2025-08-19 02:20:54',NULL);
INSERT INTO `period_liquidation_details` VALUES (4126,8747,2561,30329,41025,13,1,522,1.0000,5.0000,1,2156415.81,107820.79,0.00,0.00,0.00,0.00,0.00,0.00,0,'2025-08-20 00:11:59','2025-08-20 00:11:59',NULL),(4129,8747,2567,34865,41211,13,1,894,1.0000,4.5000,1,6133931.80,276026.93,0.00,0.00,0.00,0.00,0.00,0.00,0,'2025-08-20 03:45:47','2025-08-20 03:45:47',NULL),(4131,8747,2571,49083,52767,13,1,894,1.0000,4.5000,1,19905387.90,895742.46,0.00,0.00,0.00,0.00,0.00,0.00,0,'2025-08-21 20:07:04','2025-08-21 20:07:04',NULL),(4132,8747,2575,28825,40868,13,1,458,1.0000,5.0000,1,0.00,0.00,0.00,0.00,0.00,0.00,0.00,0.00,0,'2025-08-25 17:25:16','2025-08-25 17:25:16',NULL),(4133,8747,2575,28825,40868,13,1,804,1.0000,5.0000,1,0.00,0.00,0.00,0.00,0.00,0.00,0.00,0.00,0,'2025-08-25 17:25:16','2025-08-25 17:25:16',NULL),(4135,8747,2579,47578,47764,13,1,458,1.0000,5.0000,1,2870000.00,143500.00,0.00,0.00,0.00,0.00,0.00,0.00,0,'2025-08-30 19:49:47','2025-08-30 19:49:47',NULL),(4136,8747,2581,47579,47764,13,1,458,1.0000,5.0000,1,3100000.00,155000.00,0.00,0.00,0.00,0.00,0.00,0.00,0,'2025-08-30 19:51:31','2025-08-30 19:51:31',NULL),(4138,8747,2585,47580,47764,13,1,458,1.0000,5.0000,1,3070000.00,153500.00,0.00,0.00,0.00,0.00,0.00,0.00,0,'2025-08-30 19:53:55','2025-08-30 19:53:55',NULL),(4139,8747,2587,50593,53488,13,2,684,0.0000,5.0000,10,0.00,0.00,0.00,0.00,0.00,0.00,0.00,0.00,0,'2025-09-08 19:39:15','2025-09-08 19:39:15',NULL),(4140,8747,2587,50593,53488,1,2,684,0.0000,4.5000,10,0.00,0.00,0.00,0.00,0.00,0.00,0.00,0.00,0,'2025-09-08 19:39:15','2025-09-08 19:39:15',NULL),(4142,8747,2591,34866,41211,13,1,894,1.0000,4.5000,1,4813202.50,216594.11,0.00,0.00,0.00,0.00,0.00,0.00,0,'2025-09-15 18:29:37','2025-09-15 18:29:37',NULL),(4144,8747,2595,30330,41025,13,1,522,1.0000,5.0000,1,9466259.07,473312.95,0.00,0.00,0.00,0.00,0.00,0.00,0,'2025-09-15 15:58:59','2025-09-15 15:58:59',NULL),(4146,8747,2599,47591,47764,13,1,458,1.0000,5.0000,1,5820146.00,291007.30,0.00,0.00,0.00,0.00,0.00,0.00,0,'2025-09-15 16:37:15','2025-09-15 16:37:15',NULL),(4151,8747,2603,33358,41121,13,2,424,1.0000,4.0000,1,221864333.20,8874573.33,0.00,0.00,0.00,0.00,0.00,0.00,0,'2025-09-15 17:51:09','2025-09-15 17:51:09',NULL),(4152,8747,2603,33358,41121,12,1,424,0.0000,0.0000,1,0.00,0.00,0.00,0.00,0.00,0.00,0.00,0.00,0,'2025-09-15 17:51:09','2025-09-15 17:51:09',NULL),(4169,8747,2620,43058,47684,13,2,568,0.0000,5.0000,10,0.00,0.00,0.00,0.00,0.00,0.00,0.00,0.00,0,'2025-09-15 18:25:17','2025-09-15 18:25:17',NULL),(4170,8747,2620,43058,47684,12,2,568,0.0000,5.0000,10,0.00,0.00,0.00,0.00,0.00,0.00,0.00,0.00,0,'2025-09-15 18:25:17','2025-09-15 18:25:17',NULL),(4174,8747,2628,25796,40866,13,1,887,1.0000,4.5000,1,170915722.91,7691207.53,0.00,0.00,0.00,0.00,0.00,0.00,0,'2025-09-16 04:23:01','2025-09-16 04:23:01',NULL),(4243,8747,2654,52100,53821,13,1,591,1.0000,5.0000,1,1400000.00,70000.00,0.00,0.00,0.00,0.00,0.00,0.00,0,'2025-09-16 16:58:09','2025-09-16 16:58:09',NULL),(4244,8747,2654,52100,53821,13,1,834,1.0000,5.0000,1,0.00,0.00,0.00,0.00,0.00,0.00,0.00,0.00,0,'2025-09-16 16:58:09','2025-09-16 16:58:09',NULL),(4246,8747,2658,49084,52767,13,1,894,1.0000,4.5000,1,9613912.53,432626.06,0.00,0.00,0.00,0.00,0.00,0.00,0,'2025-09-17 01:06:03','2025-09-17 01:06:03',NULL),(4247,8747,2661,33359,41121,13,2,424,1.0000,4.0000,1,241052781.30,9642111.25,0.00,0.00,0.00,0.00,0.00,0.00,0,'2025-09-18 23:30:54','2025-09-18 23:30:54',NULL),(4248,8747,2661,33359,41121,12,1,424,0.0000,0.0000,1,0.00,0.00,0.00,0.00,0.00,0.00,0.00,0.00,0,'2025-09-18 23:30:54','2025-09-18 23:30:54',NULL),(4267,8747,2666,24266,40829,13,1,400,0.1000,2.0000,1,16302103.21,32604.21,0.00,0.00,0.00,0.00,0.00,0.00,0,'2025-09-23 16:37:52','2025-09-23 16:37:52',NULL),(4268,8747,2666,24266,40829,13,1,792,1.0000,4.0000,1,0.00,0.00,0.00,0.00,0.00,0.00,0.00,0.00,0,'2025-09-23 16:37:52','2025-09-23 16:37:52',NULL),(4269,8747,2666,24266,40829,13,1,832,1.0000,5.0000,1,0.00,0.00,0.00,0.00,0.00,0.00,0.00,0.00,0,'2025-09-23 16:37:52','2025-09-23 16:37:52',NULL);
INSERT INTO `period_liquidation_details` VALUES (4270,8747,2666,24266,40829,12,1,400,0.9000,2.2500,1,16302103.21,330117.59,0.00,0.00,0.00,0.00,0.00,0.00,0,'2025-09-23 16:37:52','2025-09-23 16:37:52',NULL),(4271,8747,2666,24266,40829,12,1,792,1.0000,5.5000,1,0.00,0.00,0.00,0.00,0.00,0.00,0.00,0.00,0,'2025-09-23 16:37:52','2025-09-23 16:37:52',NULL),(4272,8747,2666,24266,40829,12,1,832,0.0000,5.0000,1,0.00,0.00,0.00,0.00,0.00,0.00,0.00,0.00,0,'2025-09-23 16:37:52','2025-09-23 16:37:52',NULL),(4273,8747,2668,24268,40829,13,1,400,0.1000,2.0000,1,30542292.58,61084.59,0.00,0.00,0.00,0.00,0.00,0.00,0,'2025-09-23 16:44:46','2025-09-23 16:44:46',NULL),(4274,8747,2668,24268,40829,13,1,792,1.0000,4.0000,1,0.00,0.00,0.00,0.00,0.00,0.00,0.00,0.00,0,'2025-09-23 16:44:46','2025-09-23 16:44:46',NULL),(4275,8747,2668,24268,40829,13,1,832,1.0000,5.0000,1,3872678.00,193633.90,0.00,0.00,0.00,0.00,0.00,0.00,0,'2025-09-23 16:44:46','2025-09-23 16:44:46',NULL),(4276,8747,2668,24268,40829,12,1,400,0.9000,2.2500,1,30542292.58,618481.42,0.00,0.00,0.00,0.00,0.00,0.00,0,'2025-09-23 16:44:46','2025-09-23 16:44:46',NULL),(4277,8747,2668,24268,40829,12,1,792,1.0000,5.5000,1,0.00,0.00,0.00,0.00,0.00,0.00,0.00,0.00,0,'2025-09-23 16:44:46','2025-09-23 16:44:46',NULL),(4278,8747,2668,24268,40829,12,1,832,0.0000,5.0000,1,3872678.00,0.00,0.00,0.00,0.00,0.00,0.00,0.00,0,'2025-09-23 16:44:46','2025-09-23 16:44:46',NULL),(4291,8747,2673,24267,40829,13,1,400,0.1000,2.0000,1,56873387.76,113746.78,0.00,0.00,0.00,0.00,0.00,0.00,0,'2025-09-23 16:54:05','2025-09-23 16:54:05',NULL),(4292,8747,2673,24267,40829,13,1,792,1.0000,4.0000,1,0.00,0.00,0.00,0.00,0.00,0.00,0.00,0.00,0,'2025-09-23 16:54:05','2025-09-23 16:54:05',NULL),(4293,8747,2673,24267,40829,13,1,832,1.0000,5.0000,1,0.00,0.00,0.00,0.00,0.00,0.00,0.00,0.00,0,'2025-09-23 16:54:05','2025-09-23 16:54:05',NULL),(4294,8747,2673,24267,40829,12,1,400,0.9000,2.2500,1,56873387.76,1151686.10,0.00,0.00,0.00,0.00,0.00,0.00,0,'2025-09-23 16:54:05','2025-09-23 16:54:05',NULL),(4295,8747,2673,24267,40829,12,1,792,1.0000,5.5000,1,0.00,0.00,0.00,0.00,0.00,0.00,0.00,0.00,0,'2025-09-23 16:54:05','2025-09-23 16:54:05',NULL),(4296,8747,2673,24267,40829,12,1,832,0.0000,5.0000,1,0.00,0.00,0.00,0.00,0.00,0.00,0.00,0.00,0,'2025-09-23 16:54:05','2025-09-23 16:54:05',NULL),(4299,8747,2677,53614,47652,13,2,584,1.0000,5.0000,1,24858128.68,1242906.43,0.00,0.00,0.00,0.00,0.00,0.00,0,'2025-10-09 15:17:46','2025-10-09 15:17:46',NULL),(4301,8747,2681,30331,41025,13,1,522,1.0000,5.0000,1,9742087.76,487104.39,0.00,0.00,0.00,0.00,0.00,0.00,0,'2025-10-15 15:10:40','2025-10-15 15:10:40',NULL),(4303,8747,2685,47592,47764,13,1,458,1.0000,5.0000,1,10548089.60,527404.48,0.00,0.00,0.00,0.00,0.00,0.00,0,'2025-10-15 15:55:47','2025-10-15 15:55:47',NULL),(4316,8747,2697,43059,47684,13,2,568,0.0000,5.0000,10,0.00,0.00,0.00,0.00,0.00,0.00,0.00,0.00,0,'2025-10-15 17:36:08','2025-10-15 17:36:08',NULL),(4317,8747,2697,43059,47684,12,2,568,0.0000,5.0000,10,0.00,0.00,0.00,0.00,0.00,0.00,0.00,0.00,0,'2025-10-15 17:36:08','2025-10-15 17:36:08',NULL),(4319,8747,2701,34867,41211,13,1,894,1.0000,4.5000,1,6699642.11,301483.89,0.00,0.00,0.00,0.00,0.00,0.00,0,'2025-10-15 20:36:56','2025-10-15 20:36:56',NULL),(4350,8747,2712,24281,40829,13,1,400,0.1000,2.0000,1,16441426.73,22870.21,0.00,0.00,0.00,0.00,0.00,0.00,0,'2025-10-15 17:48:48','2025-10-15 17:48:48',NULL),(4351,8747,2712,24281,40829,13,1,792,1.0000,4.0000,1,0.00,0.00,0.00,0.00,0.00,0.00,0.00,0.00,0,'2025-10-15 17:48:48','2025-10-15 17:48:48',NULL),(4352,8747,2712,24281,40829,13,1,832,1.0000,5.0000,1,0.00,0.00,0.00,0.00,0.00,0.00,0.00,0.00,0,'2025-10-15 17:48:48','2025-10-15 17:48:48',NULL),(4353,8747,2712,24281,40829,12,1,400,0.9000,2.2500,1,16441426.73,344203.11,0.00,0.00,0.00,0.00,0.00,0.00,0,'2025-10-15 17:48:48','2025-10-15 17:48:48',NULL),(4354,8747,2712,24281,40829,12,1,792,1.0000,5.5000,1,0.00,0.00,0.00,0.00,0.00,0.00,0.00,0.00,0,'2025-10-15 17:48:48','2025-10-15 17:48:48',NULL);
INSERT INTO `period_liquidation_details` VALUES (4355,8747,2712,24281,40829,12,1,832,0.0000,5.0000,1,0.00,0.00,0.00,0.00,0.00,0.00,0.00,0.00,0,'2025-10-15 17:48:48','2025-10-15 17:48:48',NULL),(4380,8747,2722,24282,40829,13,1,400,0.1000,2.0000,1,21580235.57,30343.50,0.00,0.00,0.00,0.00,0.00,0.00,0,'2025-10-15 18:58:11','2025-10-15 18:58:11',NULL),(4381,8747,2722,24282,40829,13,1,792,1.0000,4.0000,1,0.00,0.00,0.00,0.00,0.00,0.00,0.00,0.00,0,'2025-10-15 18:58:11','2025-10-15 18:58:11',NULL),(4382,8747,2722,24282,40829,13,1,832,1.0000,5.0000,1,0.00,0.00,0.00,0.00,0.00,0.00,0.00,0.00,0,'2025-10-15 18:58:11','2025-10-15 18:58:11',NULL),(4383,8747,2722,24282,40829,12,1,400,0.9000,2.2500,1,21580235.57,451418.87,0.00,0.00,0.00,0.00,0.00,0.00,0,'2025-10-15 18:58:11','2025-10-15 18:58:11',NULL),(4384,8747,2722,24282,40829,12,1,792,1.0000,5.5000,1,0.00,0.00,0.00,0.00,0.00,0.00,0.00,0.00,0,'2025-10-15 18:58:11','2025-10-15 18:58:11',NULL),(4385,8747,2722,24282,40829,12,1,832,0.0000,5.0000,1,0.00,0.00,0.00,0.00,0.00,0.00,0.00,0.00,0,'2025-10-15 18:58:11','2025-10-15 18:58:11',NULL),(4396,8747,2744,25797,40866,13,1,887,1.0000,4.5000,1,106155902.22,4777015.60,0.00,0.00,0.00,0.00,0.00,0.00,0,'2025-10-15 22:22:11','2025-10-15 22:22:11',NULL),(4397,8747,2745,3073,40815,13,1,1,0.0000,0.0000,1,0.00,0.00,0.00,0.00,0.00,0.00,0.00,0.00,0,'2025-10-16 00:35:09','2025-10-16 00:35:09',NULL),(4398,8747,2745,3073,40815,13,1,796,0.0000,0.0000,1,247000.00,0.00,0.00,0.00,0.00,0.00,0.00,0.00,0,'2025-10-16 00:35:09','2025-10-16 00:35:09',NULL),(4400,8747,2749,49085,52767,13,1,894,1.0000,4.5000,1,12710631.76,571978.43,0.00,0.00,0.00,0.00,0.00,0.00,0,'2025-10-20 15:22:12','2025-10-20 15:22:12',NULL),(4401,8747,2751,28827,40868,13,1,458,1.0000,5.0000,1,0.00,0.00,0.00,0.00,0.00,0.00,0.00,0.00,0,'2025-10-20 14:54:11','2025-10-20 14:54:11',NULL),(4402,8747,2751,28827,40868,13,1,804,1.0000,5.0000,1,0.00,0.00,0.00,0.00,0.00,0.00,0.00,0.00,0,'2025-10-20 14:54:11','2025-10-20 14:54:11',NULL),(4403,8747,2753,28826,40868,13,1,458,1.0000,5.0000,1,0.00,0.00,0.00,0.00,0.00,0.00,0.00,0.00,0,'2025-10-20 15:01:50','2025-10-20 15:01:50',NULL),(4404,8747,2753,28826,40868,13,1,804,1.0000,5.0000,1,0.00,0.00,0.00,0.00,0.00,0.00,0.00,0.00,0,'2025-10-20 15:01:50','2025-10-20 15:01:50',NULL),(4413,8747,2761,50594,53488,13,2,684,0.0000,5.0000,10,0.00,0.00,0.00,0.00,0.00,0.00,0.00,0.00,0,'2025-10-21 01:07:06','2025-10-21 01:07:06',NULL),(4414,8747,2761,50594,53488,1,2,684,1.0000,4.7500,10,8380750.01,398085.63,0.00,0.00,0.00,0.00,0.00,0.00,0,'2025-10-21 01:07:06','2025-10-21 01:07:06',NULL),(4415,NULL,2763,53615,47652,13,2,584,1.0000,5.0000,1,0.00,0.00,0.00,0.00,0.00,0.00,0.00,0.00,0,'2025-10-20 14:12:10','2025-10-20 14:12:10',NULL),(4418,8747,2767,33360,41121,13,2,424,1.0000,4.0000,1,224224397.01,8968975.88,0.00,0.00,0.00,0.00,0.00,0.00,0,'2025-10-24 00:06:26','2025-10-24 00:06:26',NULL),(4419,8747,2767,33360,41121,12,1,424,0.0000,0.0000,1,0.00,0.00,0.00,0.00,0.00,0.00,0.00,0.00,0,'2025-10-24 00:06:26','2025-10-24 00:06:26',NULL),(4426,8747,2776,52101,53821,13,1,591,1.0000,5.0000,1,17913774.30,895688.72,0.00,0.00,0.00,0.00,0.00,0.00,0,'2025-10-31 19:09:29','2025-10-31 19:09:29',NULL),(4427,8747,2776,52101,53821,13,1,834,1.0000,5.0000,1,0.00,0.00,0.00,0.00,0.00,0.00,0.00,0.00,0,'2025-10-31 19:09:29','2025-10-31 19:09:29',NULL),(4430,8747,2781,33354,41121,13,2,424,1.0000,4.0000,1,199280326.09,7971213.04,0.00,0.00,0.00,0.00,0.00,0.00,0,'2025-11-11 03:00:03','2025-11-11 03:00:03',NULL),(4431,8747,2781,33354,41121,12,1,424,0.0000,0.0000,1,0.00,0.00,0.00,0.00,0.00,0.00,0.00,0.00,0,'2025-11-11 03:00:03','2025-11-11 03:00:03',NULL),(4432,8747,2782,33357,41121,13,2,424,1.0000,4.0000,1,200715168.62,8028606.74,0.00,0.00,0.00,0.00,0.00,0.00,0,'2025-11-11 03:00:09','2025-11-11 03:00:09',NULL),(4433,8747,2782,33357,41121,12,1,424,0.0000,0.0000,1,0.00,0.00,0.00,0.00,0.00,0.00,0.00,0.00,0,'2025-11-11 03:00:09','2025-11-11 03:00:09',NULL);
INSERT INTO `period_liquidation_details` VALUES (4438,8747,2785,50595,53488,13,2,684,0.0000,5.0000,10,0.00,0.00,0.00,0.00,0.00,0.00,0.00,0.00,0,'2025-11-12 00:00:14','2025-11-12 00:00:14',NULL),(4439,8747,2785,50595,53488,1,2,684,1.0000,4.7500,10,6105750.02,290023.13,0.00,0.00,0.00,0.00,0.00,0.00,0,'2025-11-12 00:00:14','2025-11-12 00:00:14',NULL),(4441,8747,2790,34868,41211,13,1,894,1.0000,4.5000,1,5210978.99,234494.05,0.00,0.00,0.00,0.00,0.00,0.00,0,'2025-11-17 15:08:25','2025-11-17 15:08:25',NULL),(4444,8747,2795,30332,41025,13,1,522,1.0000,5.0000,1,7829284.87,391464.24,0.00,0.00,0.00,0.00,0.00,0.00,0,'2025-11-18 04:15:38','2025-11-18 16:06:35',NULL),(4445,8747,2795,30332,41025,12,1,522,1.0000,0.0000,1,7829284.87,0.00,0.00,0.00,0.00,0.00,0.00,0.00,0,'2025-11-18 04:15:38','2025-11-18 16:06:35',NULL),(4455,8747,2812,49086,52767,13,1,894,1.0000,4.5000,1,10556500.82,475042.54,0.00,0.00,0.00,0.00,0.00,0.00,0,'2025-11-18 13:16:22','2025-11-18 13:16:22',NULL),(4456,8747,2814,25798,40866,13,1,887,1.0000,4.5000,1,137686839.43,6195907.77,0.00,0.00,0.00,0.00,0.00,0.00,0,'2025-11-18 18:49:52','2025-11-18 18:49:52',NULL),(4457,8747,2815,33361,41121,13,2,424,1.0000,4.0000,1,207558267.66,8302330.71,0.00,0.00,0.00,0.00,0.00,0.00,0,'2025-11-18 15:55:24','2025-11-18 15:55:24',NULL),(4458,8747,2815,33361,41121,12,1,424,0.0000,0.0000,1,0.00,0.00,0.00,0.00,0.00,0.00,0.00,0.00,0,'2025-11-18 15:55:24','2025-11-18 15:55:24',NULL),(4549,8747,2845,24283,40829,13,1,400,0.1000,2.0000,1,778337.23,15566.74,0.00,0.00,0.00,0.00,0.00,0.00,0,'2025-11-18 19:48:04','2025-11-18 19:48:04',NULL),(4550,8747,2845,24283,40829,13,1,792,1.0000,4.0000,1,0.00,0.00,0.00,0.00,0.00,0.00,0.00,0.00,0,'2025-11-18 19:48:04','2025-11-18 19:48:04',NULL),(4551,8747,2845,24283,40829,13,1,832,1.0000,5.0000,1,0.00,0.00,0.00,0.00,0.00,0.00,0.00,0.00,0,'2025-11-18 19:48:04','2025-11-18 19:48:04',NULL),(4552,8747,2845,24283,40829,12,1,400,0.9000,2.2500,1,22081733.84,496839.01,0.00,0.00,0.00,0.00,0.00,0.00,0,'2025-11-18 19:48:04','2025-11-18 19:48:04',NULL),(4553,8747,2845,24283,40829,12,1,792,1.0000,5.5000,1,0.00,0.00,0.00,0.00,0.00,0.00,0.00,0.00,0,'2025-11-18 19:48:04','2025-11-18 19:48:04',NULL),(4554,8747,2845,24283,40829,12,1,832,0.0000,5.0000,1,0.00,0.00,0.00,0.00,0.00,0.00,0.00,0.00,0,'2025-11-18 19:48:04','2025-11-18 19:48:04',NULL),(4561,8747,2853,52102,53821,13,1,591,1.0000,5.0000,1,2691735.54,134586.78,0.00,0.00,0.00,0.00,0.00,0.00,0,'2025-11-19 18:51:32','2025-11-19 18:51:32',NULL),(4562,8747,2853,52102,53821,13,1,834,1.0000,5.0000,1,7000000.00,350000.00,0.00,0.00,0.00,0.00,0.00,0.00,0,'2025-11-19 18:51:32','2025-11-19 18:51:32',NULL),(4567,8747,2863,47593,47764,13,1,458,1.0000,5.0000,1,10703708.00,535185.40,0.00,0.00,0.00,0.00,0.00,0.00,0,'2025-11-20 20:52:28','2025-11-20 20:52:28',NULL);

--
-- Table structure for table `period_liquidation_iibb`
--

CREATE TABLE `period_liquidation_iibb` (
  `id` int(10) unsigned NOT NULL AUTO_INCREMENT,
  `user_id` int(10) unsigned DEFAULT NULL,
  `period_liquidation_id` int(10) unsigned NOT NULL,
  `period_id` int(10) unsigned NOT NULL,
  `person_id` int(10) unsigned NOT NULL,
  `zone_id` int(10) unsigned NOT NULL,
  `base_amount` decimal(16,2) DEFAULT '0.00',
  `impuesto` decimal(16,2) DEFAULT '0.00',
  `saldo_a_favor_ant` decimal(16,2) DEFAULT '0.00',
  `sircreb` decimal(16,2) DEFAULT '0.00',
  `sirtac` decimal(16,2) NOT NULL DEFAULT '0.00',
  `percepciones` decimal(16,2) DEFAULT '0.00',
  `retenciones` decimal(16,2) DEFAULT '0.00',
  `a_pagar` decimal(16,2) DEFAULT '0.00',
  `a_favor` decimal(16,2) DEFAULT '0.00',
  `created_at` timestamp NULL DEFAULT NULL,
  `updated_at` timestamp NULL DEFAULT NULL,
  `deleted_at` timestamp NULL DEFAULT NULL,
  PRIMARY KEY (`id`),
  KEY `period_liquidation_iibb_period_liquidation_id_foreign` (`period_liquidation_id`),
  KEY `period_liquidation_iibb_period_id_foreign` (`period_id`),
  KEY `period_liquidation_iibb_person_id_foreign` (`person_id`),
  KEY `period_liquidation_iibb_zone_id_foreign` (`zone_id`),
  CONSTRAINT `period_liquidation_iibb_period_id_foreign` FOREIGN KEY (`period_id`) REFERENCES `periods` (`id`),
  CONSTRAINT `period_liquidation_iibb_period_liquidation_id_foreign` FOREIGN KEY (`period_liquidation_id`) REFERENCES `period_liquidations` (`id`),
  CONSTRAINT `period_liquidation_iibb_person_id_foreign` FOREIGN KEY (`person_id`) REFERENCES `persons` (`id`),
  CONSTRAINT `period_liquidation_iibb_zone_id_foreign` FOREIGN KEY (`zone_id`) REFERENCES `zones` (`id`)
) ENGINE=InnoDB AUTO_INCREMENT=2304 DEFAULT CHARSET=utf8mb4 COLLATE=utf8mb4_unicode_ci;

--
-- Dumping data for table `period_liquidation_iibb`
--

INSERT INTO `period_liquidation_iibb` VALUES (21,8522,22,1518,40718,22,0.00,0.00,3682.37,0.00,0.00,0.00,0.00,0.00,3682.37,'2023-02-24 19:22:31','2023-02-24 19:22:31',NULL),(22,8522,22,1518,40718,23,0.00,0.00,2684.65,0.00,0.00,0.00,0.00,0.00,2684.65,'2023-02-24 19:22:31','2023-02-24 19:22:31',NULL),(27,8522,29,1519,40718,22,858945.00,11595.76,3682.37,3598.75,0.00,0.00,0.00,4314.64,0.00,'2023-02-27 11:34:11','2023-02-27 11:34:11',NULL),(28,8522,29,1519,40718,23,858945.00,11810.49,2684.65,2578.36,0.00,0.00,0.00,6547.48,0.00,'2023-02-27 11:34:11','2023-02-27 11:34:11',NULL),(29,8522,30,1520,40718,22,721604.00,9741.65,0.00,3257.54,0.00,0.00,0.00,6484.11,0.00,'2023-02-27 11:34:17','2023-02-27 11:34:17',NULL),(30,8522,30,1520,40718,23,721604.00,9922.06,0.00,4586.36,0.00,0.00,0.00,5335.70,0.00,'2023-02-27 11:34:17','2023-02-27 11:34:17',NULL),(31,8522,32,1521,40718,22,1201111.00,16215.00,0.00,0.00,0.00,0.00,0.00,16215.00,0.00,'2023-02-27 11:34:35','2023-02-27 11:34:35',NULL),(32,8522,32,1521,40718,23,1201111.00,16515.28,0.00,0.00,0.00,0.00,0.00,16515.28,0.00,'2023-02-27 11:34:35','2023-02-27 11:34:35',NULL),(91,8747,92,24244,40829,12,1354196.00,0.00,0.00,0.00,0.00,0.00,0.00,0.00,0.00,'2023-04-19 21:09:13','2023-04-19 21:09:13',NULL),(92,8747,92,24244,40829,13,0.00,0.00,0.00,0.00,0.00,5500.31,0.00,0.00,5500.31,'2023-04-19 21:09:13','2023-04-19 21:09:13',NULL),(127,8747,133,24245,40829,12,1201969.00,0.00,0.00,0.00,0.00,0.00,0.00,0.00,0.00,'2023-05-19 18:27:51','2023-05-19 18:27:51',NULL),(128,8747,133,24245,40829,13,0.00,0.00,5500.31,0.00,0.00,2429.47,0.00,0.00,7929.78,'2023-05-19 18:27:51','2023-05-19 18:27:51',NULL),(144,8747,154,28789,40868,13,422000.00,21100.00,0.00,0.00,0.00,0.00,0.00,21100.00,0.00,'2023-06-14 23:22:33','2023-06-14 23:22:33',NULL),(146,8747,157,25759,40866,13,940492.63,42322.17,0.00,0.00,0.00,367.72,0.00,41954.45,0.00,'2023-06-15 01:55:18','2023-06-15 01:55:18',NULL),(201,8747,213,24246,40829,12,2027647.60,0.00,0.00,0.00,0.00,0.00,0.00,0.00,0.00,'2023-06-26 13:25:01','2023-06-26 13:25:01',NULL),(202,8747,213,24246,40829,13,0.00,0.00,7929.78,0.00,0.00,34654.38,0.00,0.00,42584.16,'2023-06-26 13:25:01','2023-06-26 13:25:01',NULL),(206,8747,223,25760,40866,13,1301739.52,58578.28,276888.70,0.00,0.00,4116.16,0.00,0.00,222426.58,'2023-07-02 13:59:11','2023-07-02 13:59:11',NULL),(208,8747,226,25761,40866,13,2279502.87,102577.63,222426.58,0.00,0.00,1789.84,0.00,0.00,121638.79,'2023-07-02 15:38:08','2023-07-02 15:38:08',NULL),(210,8747,230,25762,40866,13,9171428.04,412714.26,121638.79,0.00,0.00,3346.94,0.00,287728.53,0.00,'2023-07-02 16:41:02','2023-07-02 16:41:02',NULL),(212,8747,234,25763,40866,13,5885955.00,264867.98,0.00,0.00,0.00,3921.93,0.00,260946.05,0.00,'2023-07-02 19:21:30','2023-07-02 19:21:30',NULL),(219,8747,246,31808,41111,13,217500.00,0.00,0.00,0.00,0.00,0.00,0.00,0.00,0.00,'2023-07-15 11:39:42','2023-07-15 11:39:42',NULL),(220,8747,248,31809,41111,13,203400.00,0.00,0.00,0.00,0.00,0.00,0.00,0.00,0.00,'2023-07-15 11:51:01','2023-07-15 11:51:01',NULL),(221,8747,250,31810,41111,13,222850.00,0.00,0.00,0.00,0.00,0.00,0.00,0.00,0.00,'2023-07-15 11:51:23','2023-07-15 11:51:23',NULL),(222,8747,252,31811,41111,13,225100.00,0.00,0.00,0.00,0.00,0.00,0.00,0.00,0.00,'2023-07-15 11:51:40','2023-07-15 11:51:40',NULL),(223,8747,254,31812,41111,13,345000.00,0.00,0.00,0.00,0.00,0.00,0.00,0.00,0.00,'2023-07-15 11:51:56','2023-07-15 11:51:56',NULL),(224,8747,256,31813,41111,13,366550.00,0.00,0.00,0.00,0.00,0.00,0.00,0.00,0.00,'2023-07-15 11:52:18','2023-07-15 11:52:18',NULL),(225,8747,258,31815,41111,13,177000.00,0.00,0.00,0.00,0.00,0.00,0.00,0.00,0.00,'2023-07-15 11:52:44','2023-07-15 11:52:44',NULL),(226,8747,260,31816,41111,13,266200.00,0.00,0.00,0.00,0.00,0.00,0.00,0.00,0.00,'2023-07-15 11:52:59','2023-07-15 11:52:59',NULL),(227,8747,262,31817,41111,13,246250.00,0.00,0.00,0.00,0.00,0.00,0.00,0.00,0.00,'2023-07-15 11:53:12','2023-07-15 11:53:12',NULL),(228,8747,264,31818,41111,13,257900.00,0.00,0.00,0.00,0.00,0.00,0.00,0.00,0.00,'2023-07-15 11:53:31','2023-07-15 11:53:31',NULL);
INSERT INTO `period_liquidation_iibb` VALUES (229,8747,266,31819,41111,13,248150.00,0.00,0.00,0.00,0.00,0.00,0.00,0.00,0.00,'2023-07-15 11:53:49','2023-07-15 11:53:49',NULL),(230,8747,268,31820,41111,13,373100.00,0.00,0.00,0.00,0.00,0.00,0.00,0.00,0.00,'2023-07-15 11:54:03','2023-07-15 11:54:03',NULL),(235,8747,278,30301,41025,13,726328.06,36316.40,0.00,0.00,0.00,0.00,0.00,36316.40,0.00,'2023-07-16 20:51:33','2023-07-16 20:51:33',NULL),(238,8747,283,33330,41121,12,0.00,0.00,0.00,0.00,0.00,0.00,0.00,0.00,0.00,'2023-07-17 01:02:17','2023-07-17 01:02:17',NULL),(239,8747,283,33330,41121,13,4042149.68,161685.99,0.00,0.00,0.00,525.82,0.00,161160.17,0.00,'2023-07-17 01:02:17','2023-07-17 01:02:17',NULL),(246,8747,292,24247,40829,12,1520000.00,76000.00,0.00,0.00,0.00,0.00,0.00,76000.00,0.00,'2023-07-19 14:00:32','2023-07-19 14:00:32',NULL),(247,8747,292,24247,40829,13,0.00,0.00,42584.16,0.00,0.00,0.00,0.00,0.00,42584.16,'2023-07-19 14:00:32','2023-07-19 14:00:32',NULL),(254,8747,307,34837,41211,13,1218195.65,54818.80,0.00,0.00,0.00,0.00,0.00,54818.80,0.00,'2023-07-19 18:09:11','2023-07-19 18:09:11',NULL),(255,8747,310,28790,40868,13,114920.00,5746.00,0.00,0.00,0.00,343.44,0.00,5402.56,0.00,'2023-07-21 14:51:59','2023-07-21 14:51:59',NULL),(283,8747,346,28791,40868,13,279860.00,13993.00,0.00,0.00,0.00,0.00,0.00,13993.00,0.00,'2023-08-17 14:25:38','2023-08-17 14:25:38',NULL),(292,8747,364,34838,41211,13,1223145.61,55041.55,0.00,0.00,0.00,0.00,0.00,55041.55,0.00,'2023-08-19 14:00:28','2023-08-19 14:00:28',NULL),(293,8747,366,30302,41025,13,849313.88,42465.69,0.00,0.00,0.00,0.00,0.00,42465.69,0.00,'2023-08-19 14:53:11','2023-08-19 14:53:11',NULL),(306,8747,382,33331,41121,12,0.00,0.00,0.00,0.00,0.00,0.00,0.00,0.00,0.00,'2023-08-28 13:16:19','2023-08-28 13:16:19',NULL),(307,8747,382,33331,41121,13,5539670.85,221586.83,0.00,0.00,0.00,120.51,0.00,221466.32,0.00,'2023-08-28 13:16:19','2023-08-28 13:16:19',NULL),(308,8747,384,24248,40829,12,2400000.00,120000.00,0.00,0.00,0.00,0.00,0.00,120000.00,0.00,'2023-08-28 13:50:55','2023-08-28 13:50:55',NULL),(309,8747,384,24248,40829,13,0.00,0.00,42584.16,0.00,0.00,0.00,0.00,0.00,42584.16,'2023-08-28 13:50:55','2023-08-28 13:50:55',NULL),(310,8747,386,25764,40866,13,10474187.58,471338.44,0.00,0.00,0.00,3806.01,0.00,467532.43,0.00,'2023-08-28 19:40:01','2023-08-28 19:40:01',NULL),(318,8747,401,30303,41025,13,1229467.72,61473.39,0.00,0.00,0.00,0.00,0.00,61473.39,0.00,'2023-09-18 23:20:53','2023-09-18 23:20:53',NULL),(321,8747,407,34839,41211,13,1423729.60,64067.83,0.00,0.00,0.00,0.00,0.00,64067.83,0.00,'2023-09-19 12:45:04','2023-09-19 12:45:04',NULL),(323,8747,413,28792,40868,13,296762.50,14838.13,0.00,0.00,0.00,0.00,0.00,14838.13,0.00,'2023-09-19 14:14:36','2023-09-19 14:14:36',NULL),(334,8747,429,33332,41121,12,0.00,0.00,0.00,0.00,0.00,0.00,0.00,0.00,0.00,'2023-09-20 12:31:12','2023-09-20 12:31:12',NULL),(335,8747,429,33332,41121,13,10366117.21,414644.69,0.00,0.00,0.00,169.18,0.00,414475.51,0.00,'2023-09-20 12:31:12','2023-09-20 12:31:12',NULL),(336,8747,431,24249,40829,12,3710000.00,185500.00,0.00,0.00,0.00,0.00,0.00,185500.00,0.00,'2023-09-21 12:04:51','2023-09-21 12:04:51',NULL),(337,8747,431,24249,40829,13,0.00,0.00,42584.16,0.00,0.00,0.00,0.00,0.00,42584.16,'2023-09-21 12:04:51','2023-09-21 12:04:51',NULL),(338,8747,433,25765,40866,13,9879679.38,444585.57,0.00,0.00,0.00,4582.81,0.00,440002.76,0.00,'2023-09-21 13:36:46','2023-09-21 13:36:46',NULL),(340,8747,437,34840,41211,13,1748576.36,78685.94,0.00,0.00,0.00,0.00,0.00,78685.94,0.00,'2023-10-16 17:28:11','2023-10-16 17:28:11',NULL),(342,8747,441,30304,41025,13,784194.85,39209.74,0.00,0.00,0.00,0.00,0.00,39209.74,0.00,'2023-10-16 15:26:35','2023-10-16 15:26:35',NULL),(345,8747,445,33333,41121,12,0.00,0.00,0.00,0.00,0.00,0.00,0.00,0.00,0.00,'2023-10-16 19:10:31','2023-10-16 19:10:31',NULL),(346,8747,445,33333,41121,13,5825208.08,233008.32,0.00,0.00,0.00,432.17,0.00,232576.15,0.00,'2023-10-16 19:10:31','2023-10-16 19:10:31',NULL);
INSERT INTO `period_liquidation_iibb` VALUES (348,8747,449,28793,40868,13,230338.00,11516.90,0.00,0.00,0.00,41.45,0.00,11475.45,0.00,'2023-10-17 22:25:26','2023-10-17 22:25:26',NULL),(365,8747,473,24250,40829,12,250000.00,3750.00,0.00,0.00,0.00,0.00,0.00,3750.00,0.00,'2023-10-23 14:47:27','2023-10-23 14:47:27',NULL),(366,8747,473,24250,40829,13,250000.00,5000.00,42584.16,0.00,0.00,0.00,0.00,0.00,37584.16,'2023-10-23 14:47:27','2023-10-23 14:47:27',NULL),(367,8747,475,25766,40866,13,10658467.78,479631.05,0.00,0.00,0.00,6092.64,0.00,473538.41,0.00,'2023-10-26 14:22:04','2023-10-26 14:22:04',NULL),(370,8747,481,34841,41211,13,1665664.94,74954.92,0.00,0.00,0.00,0.00,0.00,74954.92,0.00,'2023-11-14 20:51:24','2023-11-14 20:51:24',NULL),(371,8747,483,30305,41025,13,2024094.30,101204.72,0.00,0.00,0.00,0.00,0.00,101204.72,0.00,'2023-11-14 15:21:18','2023-11-14 15:21:18',NULL),(374,8747,487,33334,41121,12,0.00,0.00,0.00,0.00,0.00,0.00,0.00,0.00,0.00,'2023-11-15 06:48:30','2023-11-15 06:48:30',NULL),(375,8747,487,33334,41121,13,12526448.03,501057.92,0.00,0.00,0.00,7684.23,0.00,493373.69,0.00,'2023-11-15 06:48:30','2023-11-15 06:48:30',NULL),(376,8747,489,28794,40868,13,0.00,0.00,0.00,0.00,0.00,0.00,0.00,0.00,0.00,'2023-11-15 14:01:00','2023-11-15 14:01:00',NULL),(385,8747,497,24251,40829,12,250000.00,3750.00,0.00,0.00,0.00,0.00,0.00,3750.00,0.00,'2023-11-21 18:20:10','2023-11-21 18:20:10',NULL),(386,8747,497,24251,40829,13,250000.00,5000.00,37584.16,0.00,0.00,0.00,0.00,0.00,32584.16,'2023-11-21 18:20:10','2023-11-21 18:20:10',NULL),(389,8747,503,25767,40866,13,16292521.79,733163.48,0.00,0.00,0.00,4410.76,0.00,728752.72,0.00,'2023-11-21 16:51:16','2023-11-21 16:51:16',NULL),(391,8747,510,34842,41211,13,1717756.59,77299.05,0.00,0.00,0.00,0.00,0.00,77299.05,0.00,'2023-12-12 14:31:05','2023-12-12 14:31:05',NULL),(393,8747,514,30306,41025,13,1023108.01,51155.40,0.00,0.00,0.00,0.00,0.00,51155.40,0.00,'2023-12-12 14:58:35','2023-12-12 14:58:35',NULL),(396,8747,518,33335,41121,12,0.00,0.00,0.00,0.00,0.00,0.00,0.00,0.00,0.00,'2023-12-18 00:48:10','2023-12-18 00:48:10',NULL),(397,8747,518,33335,41121,13,10386778.41,415471.14,0.00,0.00,0.00,702.37,0.00,414768.77,0.00,'2023-12-18 00:48:10','2023-12-18 00:48:10',NULL),(399,8747,522,28795,40868,13,694500.00,34725.00,0.00,0.00,0.00,0.00,0.00,34725.00,0.00,'2023-12-20 01:39:14','2023-12-20 01:39:14',NULL),(436,8747,558,24252,40829,12,22485000.00,337275.00,0.00,0.00,0.00,0.00,0.00,337275.00,0.00,'2023-12-21 02:43:04','2023-12-21 02:43:04',NULL),(437,8747,558,24252,40829,13,22485000.00,449700.00,32584.16,0.00,0.00,0.00,0.00,417115.84,0.00,'2023-12-21 02:43:04','2023-12-21 02:43:04',NULL),(451,8747,573,34843,41211,13,1372432.44,61759.46,0.00,0.00,0.00,0.00,0.00,61759.46,0.00,'2024-01-15 15:05:07','2024-01-15 15:05:07',NULL),(453,8747,577,30307,41025,13,2060087.80,103004.39,0.00,0.00,0.00,0.00,0.00,103004.39,0.00,'2024-01-15 16:38:31','2024-01-15 16:38:31',NULL),(456,8747,581,33336,41121,12,0.00,0.00,0.00,0.00,0.00,0.00,0.00,0.00,0.00,'2024-01-16 22:27:30','2024-01-16 22:27:30',NULL),(457,8747,581,33336,41121,13,10127274.32,405090.97,0.00,0.00,0.00,14016.16,0.00,391074.81,0.00,'2024-01-16 22:27:30','2024-01-16 22:27:30',NULL),(458,8747,583,28796,40868,13,0.00,0.00,0.00,0.00,0.00,11097.98,0.00,0.00,11097.98,'2024-01-16 15:48:11','2024-01-16 15:48:11',NULL),(461,8747,587,24253,40829,12,10418396.70,156275.95,0.00,0.00,0.00,0.00,0.00,156275.95,0.00,'2024-01-17 19:06:07','2024-01-17 19:06:07',NULL),(462,8747,587,24253,40829,13,10418396.70,208367.93,0.00,0.00,0.00,0.00,0.00,208367.93,0.00,'2024-01-17 19:06:07','2024-01-17 19:06:07',NULL),(468,8747,599,25768,40866,13,18629415.46,838323.70,0.00,0.00,0.00,4608.74,0.00,833714.96,0.00,'2024-01-17 15:19:59','2024-01-17 15:19:59',NULL),(476,8747,611,39534,40829,12,0.00,0.00,0.00,0.00,0.00,0.00,0.00,0.00,0.00,'2024-02-06 20:04:47','2024-02-06 20:04:47',NULL),(477,8747,611,39534,40829,13,0.00,0.00,0.00,0.00,0.00,0.00,0.00,0.00,0.00,'2024-02-06 20:04:47','2024-02-06 20:04:47',NULL);
INSERT INTO `period_liquidation_iibb` VALUES (478,8747,613,39535,40829,12,0.00,0.00,0.00,0.00,0.00,0.00,0.00,0.00,0.00,'2024-02-06 20:05:35','2024-02-06 20:05:35',NULL),(479,8747,613,39535,40829,13,0.00,0.00,0.00,0.00,0.00,0.00,0.00,0.00,0.00,'2024-02-06 20:05:35','2024-02-06 20:05:35',NULL),(480,8747,615,39533,40829,12,0.00,0.00,0.00,0.00,0.00,0.00,0.00,0.00,0.00,'2024-02-06 20:08:42','2024-02-06 20:08:42',NULL),(481,8747,615,39533,40829,13,0.00,0.00,0.00,0.00,0.00,0.00,0.00,0.00,0.00,'2024-02-06 20:08:42','2024-02-06 20:08:42',NULL),(483,8747,622,34844,41211,13,1913804.06,86121.18,0.00,0.00,0.00,0.00,0.00,86121.18,0.00,'2024-02-13 10:34:04','2024-02-13 10:34:04',NULL),(485,8747,626,30308,41025,13,3202933.15,160146.66,0.00,0.00,0.00,0.00,0.00,160146.66,0.00,'2024-02-14 18:57:00','2024-02-14 18:57:00',NULL),(493,8747,635,28804,40868,13,7675250.00,383762.50,11097.98,0.00,0.00,0.00,0.00,372664.52,0.00,'2024-02-16 18:15:30','2024-02-16 18:15:30',NULL),(494,8747,637,25769,40866,13,19744266.13,888491.98,0.00,0.00,0.00,3352.91,0.00,885139.07,0.00,'2024-02-16 20:40:57','2024-02-16 20:40:57',NULL),(510,8747,658,25774,40866,13,21480258.85,966611.65,0.00,0.00,0.00,5217.10,0.00,961394.55,0.00,'2024-02-23 16:48:37','2024-02-23 16:48:37',NULL),(514,8747,664,34845,41211,13,2060531.41,92723.91,0.00,0.00,0.00,0.00,0.00,92723.91,0.00,'2024-03-14 15:19:59','2024-03-14 15:19:59',NULL),(516,8747,668,30309,41025,13,2634310.47,131715.52,0.00,0.00,0.00,1763.42,0.00,129952.10,0.00,'2024-03-14 13:27:55','2024-03-14 13:27:55',NULL),(527,8747,679,33337,41121,12,0.00,0.00,0.00,0.00,0.00,1899.75,0.00,0.00,1899.75,'2024-03-16 18:48:08','2024-03-16 18:48:08',NULL),(528,8747,679,33337,41121,13,14837482.99,593499.32,0.00,0.00,0.00,1117.84,0.00,592381.48,0.00,'2024-03-16 18:48:08','2024-03-16 18:48:08',NULL),(530,8747,683,28805,40868,13,2730000.00,136500.00,0.00,0.00,0.00,0.00,0.00,136500.00,0.00,'2024-03-16 20:03:14','2024-03-16 20:03:14',NULL),(542,8747,696,33338,41121,12,0.00,0.00,1899.75,0.00,0.00,0.00,0.00,0.00,1899.75,'2024-03-27 21:34:04','2024-03-27 21:34:04',NULL),(543,8747,696,33338,41121,13,25523143.33,1020925.73,0.00,0.00,0.00,13960.81,0.00,1006964.92,0.00,'2024-03-27 21:34:04','2024-03-27 21:34:04',NULL),(554,8747,708,24259,40829,12,17800000.00,400500.00,0.00,0.00,0.00,0.00,0.00,400500.00,0.00,'2024-03-28 16:18:31','2024-03-28 16:18:31',NULL),(555,8747,708,24259,40829,13,17800000.00,356000.00,0.00,0.00,0.00,0.00,0.00,356000.00,0.00,'2024-03-28 16:18:31','2024-03-28 16:18:31',NULL),(556,8747,710,25775,40866,13,33342152.87,1500396.88,0.00,0.00,0.00,5298.43,0.00,1495098.45,0.00,'2024-03-28 21:54:15','2024-03-28 21:54:15',NULL),(566,8747,724,30310,41025,13,2639515.74,131975.79,0.00,0.00,0.00,1680.33,0.00,130295.46,0.00,'2024-04-15 15:29:09','2024-04-15 15:29:09',NULL),(580,8747,740,28806,40868,13,2023800.00,101190.00,0.00,0.00,0.00,14884.12,0.00,86305.88,0.00,'2024-04-16 22:26:59','2024-04-16 22:26:59',NULL),(594,8747,756,34846,41211,13,2846334.75,128085.06,0.00,0.00,0.00,0.00,0.00,128085.06,0.00,'2024-04-17 13:29:21','2024-04-17 13:29:21',NULL),(602,8747,773,25776,40866,13,48930475.25,2201871.39,0.00,405285.81,0.00,5456.28,588762.28,1202367.02,0.00,'2024-04-20 03:07:44','2024-04-20 03:07:44',NULL),(603,8747,775,24260,40829,12,8150000.00,183375.00,0.00,0.00,0.00,0.00,0.00,183375.00,0.00,'2024-04-23 00:23:13','2024-04-23 00:23:13',NULL),(604,8747,775,24260,40829,13,8150000.00,163000.00,0.00,0.00,0.00,30395.18,0.00,132604.82,0.00,'2024-04-23 00:23:13','2024-04-23 00:23:13',NULL),(605,8747,777,24261,40829,12,11294821.45,254133.48,0.00,0.00,0.00,0.00,0.00,254133.48,0.00,'2024-04-23 00:55:10','2024-04-23 00:55:10',NULL),(606,8747,777,24261,40829,13,11294821.45,225896.43,0.00,0.00,0.00,12215.34,0.00,213681.09,0.00,'2024-04-23 00:55:10','2024-04-23 00:55:10',NULL),(622,8747,801,36344,40866,13,1069399.93,48123.00,0.00,19201.18,0.00,580.10,23398.24,4943.48,0.00,'2024-05-12 03:37:14','2024-05-12 03:37:14',NULL);
INSERT INTO `period_liquidation_iibb` VALUES (624,8747,812,34847,41211,13,2927145.04,131721.53,0.00,0.00,0.00,0.00,0.00,131721.53,0.00,'2024-05-13 11:55:23','2024-05-13 11:55:23',NULL),(647,8747,842,33339,41121,12,0.00,0.00,1899.75,0.00,0.00,0.00,0.00,0.00,1899.75,'2024-05-15 16:53:40','2024-05-15 16:53:40',NULL),(648,8747,842,33339,41121,13,31263228.37,1250529.13,0.00,0.00,0.00,2473.01,0.00,1248056.12,0.00,'2024-05-15 16:53:40','2024-05-15 16:53:40',NULL),(679,8747,875,30311,41025,13,3222538.60,161126.93,0.00,0.00,0.00,220.17,0.00,160906.76,0.00,'2024-05-20 18:26:03','2024-05-20 18:26:03',NULL),(696,8747,891,33340,41121,12,0.00,0.00,1899.75,0.00,0.00,46380.33,0.00,0.00,48280.08,'2024-05-22 17:32:10','2024-05-22 17:32:10',NULL),(697,8747,891,33340,41121,13,38829184.17,1553167.37,0.00,1050486.31,0.00,1466.52,0.00,501214.54,0.00,'2024-05-22 17:32:10','2024-05-22 17:32:10',NULL),(699,8747,896,28807,40868,13,4599000.00,229950.00,0.00,0.00,0.00,0.00,0.00,229950.00,0.00,'2024-05-22 21:56:21','2024-05-22 21:56:21',NULL),(708,8747,906,24262,40829,12,231345.45,4684.75,0.00,66501.23,0.00,0.00,0.00,0.00,61816.48,'2024-05-23 12:34:27','2024-05-23 12:34:27',NULL),(709,8747,906,24262,40829,13,231345.45,462.69,0.00,44334.17,0.00,58593.63,0.00,0.00,102465.11,'2024-05-23 12:34:27','2024-05-23 12:34:27',NULL),(750,8747,951,39702,42190,12,0.00,0.00,0.00,0.00,0.00,0.00,0.00,0.00,0.00,'2024-06-01 22:40:07','2024-06-01 22:40:07',NULL),(751,8747,951,39702,42190,13,0.00,0.00,0.00,0.00,0.00,0.00,0.00,0.00,0.00,'2024-06-01 22:40:07','2024-06-01 22:40:07',NULL),(760,8747,960,39703,42190,12,652695.04,0.00,0.00,0.00,0.00,0.00,0.00,0.00,0.00,'2024-06-01 23:47:32','2024-06-01 23:47:32',NULL),(761,8747,960,39703,42190,13,652695.04,13053.90,0.00,7739.66,0.00,0.00,0.00,5314.24,0.00,'2024-06-01 23:47:32','2024-06-01 23:47:32',NULL),(768,8747,967,36360,42190,12,0.00,0.00,0.00,0.00,0.00,0.00,0.00,0.00,0.00,'2024-06-02 00:11:04','2024-06-02 00:11:04',NULL),(769,8747,967,36360,42190,13,1652.91,82.65,0.00,0.00,0.00,0.00,0.00,82.65,0.00,'2024-06-02 00:11:04','2024-06-02 00:11:04',NULL),(816,8747,1010,36361,42190,12,10004628.10,229454.55,0.00,0.00,0.00,540.16,0.00,228914.39,0.00,'2024-06-02 14:38:46','2024-06-02 14:38:46',NULL),(817,8747,1010,36361,42190,13,130578.51,6528.93,0.00,0.00,0.00,0.00,0.00,6528.93,0.00,'2024-06-02 14:38:46','2024-06-02 14:38:46',NULL),(830,8747,1024,36362,42190,12,5785123.97,0.00,0.00,0.00,0.00,278.43,70000.00,0.00,70278.43,'2024-06-02 15:53:09','2024-06-02 15:53:09',NULL),(831,8747,1024,36362,42190,13,5785123.97,115702.48,0.00,0.00,0.00,1998.15,0.00,113704.33,0.00,'2024-06-02 15:53:09','2024-06-02 15:53:09',NULL),(842,8747,1035,36363,42190,12,10601646.28,0.00,70278.43,0.00,0.00,0.00,0.00,0.00,70278.43,'2024-06-02 17:09:24','2024-06-02 17:09:24',NULL),(843,8747,1035,36363,42190,13,10601646.28,212032.93,0.00,0.00,0.00,9503.46,0.00,202529.47,0.00,'2024-06-02 17:09:24','2024-06-02 17:09:24',NULL),(854,8747,1046,36364,42190,12,653480.18,0.00,70278.43,5190.22,0.00,0.00,0.00,0.00,75468.65,'2024-06-02 21:05:38','2024-06-02 21:05:38',NULL),(855,8747,1046,36364,42190,13,653480.18,13069.60,0.00,18531.11,0.00,13818.93,0.00,0.00,19280.44,'2024-06-02 21:05:38','2024-06-02 21:05:38',NULL),(864,8747,1056,36365,42190,12,2323386.92,0.00,75468.65,17891.10,0.00,0.00,0.00,0.00,93359.75,'2024-06-04 00:29:40','2024-06-04 00:29:40',NULL),(865,8747,1056,36365,42190,13,2323386.92,46467.74,19280.44,38334.86,0.00,14183.53,0.00,0.00,25331.09,'2024-06-04 00:29:40','2024-06-04 00:29:40',NULL),(886,8747,1078,36379,42190,12,0.00,0.00,0.00,0.00,0.00,0.00,0.00,0.00,0.00,'2024-06-04 11:10:13','2024-06-04 11:10:13',NULL),(887,8747,1078,36379,42190,13,0.00,0.00,0.00,0.00,0.00,-3111.63,0.00,3111.63,0.00,'2024-06-04 11:10:13','2024-06-04 11:10:13',NULL),(894,8747,1085,36366,42190,12,5466946.28,2181.82,93359.75,0.00,0.00,0.00,0.00,0.00,91177.93,'2024-06-04 11:41:44','2024-06-04 11:41:44',NULL),(895,8747,1085,36366,42190,13,5379673.55,107593.47,25331.09,6509.41,0.00,3304.26,0.00,72448.71,0.00,'2024-06-04 11:41:44','2024-06-04 11:41:44',NULL);
INSERT INTO `period_liquidation_iibb` VALUES (904,8747,1095,36367,42190,12,4295310.75,0.00,91177.93,0.00,0.00,0.00,0.00,0.00,91177.93,'2024-06-04 12:41:08','2024-06-04 12:41:08',NULL),(905,8747,1095,36367,42190,13,4295310.75,85906.22,0.00,5060.14,0.00,11050.67,49113.60,20681.81,0.00,'2024-06-04 12:41:08','2024-06-04 12:41:08',NULL),(914,8747,1105,36368,42190,12,0.00,0.00,91177.93,0.00,0.00,0.00,0.00,0.00,91177.93,'2024-06-04 13:17:39','2024-06-04 13:17:39',NULL),(915,8747,1105,36368,42190,13,0.00,0.00,0.00,120.00,0.00,8240.10,0.00,0.00,8360.10,'2024-06-04 13:17:39','2024-06-04 13:17:39',NULL),(922,8747,1113,36369,42190,12,22574759.68,0.00,91177.93,0.00,0.00,0.00,0.00,0.00,91177.93,'2024-06-04 17:06:04','2024-06-04 17:06:04',NULL),(923,8747,1113,36369,42190,13,22574759.68,451495.19,8360.10,25845.65,0.00,36767.85,0.00,380521.59,0.00,'2024-06-04 17:06:04','2024-06-04 17:06:04',NULL),(926,8747,1117,36370,42190,12,0.00,0.00,91177.93,0.00,0.00,0.00,0.00,0.00,91177.93,'2024-06-04 17:21:40','2024-06-04 17:21:40',NULL),(927,8747,1117,36370,42190,13,0.00,0.00,0.00,0.00,0.00,23377.80,0.00,0.00,23377.80,'2024-06-04 17:21:40','2024-06-04 17:21:40',NULL),(934,8747,1124,36371,42190,12,0.00,0.00,91177.93,0.00,0.00,0.00,0.00,0.00,91177.93,'2024-06-04 14:47:25','2024-06-04 14:47:25',NULL),(935,8747,1124,36371,42190,13,0.00,0.00,23377.80,44094.27,0.00,4244.57,0.00,0.00,71716.64,'2024-06-04 14:47:25','2024-06-04 14:47:25',NULL),(944,8747,1132,36375,42190,12,0.00,0.00,91177.93,0.00,0.00,333.21,0.00,0.00,91511.14,'2024-06-04 15:05:59','2024-06-04 15:05:59',NULL),(945,8747,1132,36375,42190,13,0.00,0.00,71716.64,35000.00,0.00,580.40,0.00,0.00,107297.04,'2024-06-04 15:05:59','2024-06-04 15:05:59',NULL),(950,8747,1137,36376,42190,12,0.00,0.00,91511.14,0.00,0.00,333.37,0.00,0.00,91844.51,'2024-06-04 21:15:06','2024-06-04 21:15:06',NULL),(951,8747,1137,36376,42190,13,0.00,0.00,107297.04,0.00,0.00,1554.20,0.00,0.00,108851.24,'2024-06-04 21:15:06','2024-06-04 21:15:06',NULL),(956,8747,1142,36377,42190,12,0.00,0.00,91844.51,0.00,0.00,0.00,0.00,0.00,91844.51,'2024-06-05 07:46:48','2024-06-05 07:46:48',NULL),(957,8747,1142,36377,42190,13,0.00,0.00,108851.24,0.00,0.00,1519.25,0.00,0.00,110370.49,'2024-06-05 07:46:48','2024-06-05 07:46:48',NULL),(964,8747,1150,36378,42190,12,6802713.70,0.00,91844.51,0.00,0.00,0.00,0.00,0.00,91844.51,'2024-06-05 05:16:22','2024-06-05 05:16:22',NULL),(965,8747,1150,36378,42190,13,6802713.70,136054.27,110370.49,0.00,0.00,562.26,66710.13,0.00,41588.61,'2024-06-05 05:16:22','2024-06-05 05:16:22',NULL),(974,8747,1168,36345,40866,13,418325.61,18824.65,0.00,15507.81,0.00,2612.05,21484.12,0.00,20779.33,'2024-06-08 22:32:07','2024-06-08 22:32:07',NULL),(980,8747,1180,36346,40866,13,783305.51,35248.75,20779.33,14548.97,10574.62,1665.65,20605.60,0.00,32925.42,'2024-06-09 03:46:02','2024-06-09 03:46:02',NULL),(989,8747,1198,36347,40866,13,1033813.10,46521.59,32925.42,24854.54,13956.47,2821.20,28764.09,0.00,56800.13,'2024-06-09 05:13:27','2024-06-09 05:13:27',NULL),(995,8747,1210,36348,40866,13,534906.84,24070.81,56800.13,16547.33,7221.24,657.42,25992.69,0.00,83148.00,'2024-06-09 06:25:00','2024-06-09 06:25:00',NULL),(1001,8747,1222,36349,40866,13,474006.47,21330.29,83148.00,16992.33,6399.09,2011.25,15107.78,0.00,102328.16,'2024-06-09 06:56:28','2024-06-09 06:56:28',NULL),(1007,8747,1234,36350,40866,13,682739.48,30723.28,102328.16,16208.41,9216.98,4876.23,19796.57,0.00,121703.07,'2024-06-09 17:15:41','2024-06-09 17:15:41',NULL),(1013,8747,1246,36351,40866,13,538901.69,24250.58,121703.07,17609.11,7275.17,687.37,22736.31,0.00,145760.45,'2024-06-10 00:45:27','2024-06-10 00:45:27',NULL),(1019,8747,1258,36352,40866,13,1922228.17,86500.27,145760.45,22113.09,25950.08,1379.91,15051.69,0.00,123754.95,'2024-06-10 04:10:19','2024-06-10 04:10:19',NULL),(1026,8747,1272,36353,40866,13,658790.28,29645.56,123754.95,38083.55,8893.67,1522.63,52259.74,0.00,194868.98,'2024-06-10 01:55:02','2024-06-10 01:55:02',NULL);
INSERT INTO `period_liquidation_iibb` VALUES (1032,8747,1284,36354,40866,13,643474.47,28956.35,194868.98,17796.57,8686.90,376.03,14825.03,0.00,207597.16,'2024-06-10 02:32:33','2024-06-10 02:32:33',NULL),(1038,8747,1296,36355,40866,13,869442.84,39124.93,207597.16,29409.63,11737.48,692.83,29198.02,0.00,239510.19,'2024-06-10 03:06:12','2024-06-10 03:06:12',NULL),(1057,8747,1319,28808,40868,13,4605000.00,230250.00,0.00,0.00,0.00,934.91,0.00,229315.09,0.00,'2024-06-17 15:40:57','2024-06-17 15:40:57',NULL),(1058,8747,1321,34848,41211,13,3183722.81,143267.53,0.00,0.00,0.00,0.00,0.00,143267.53,0.00,'2024-06-18 13:52:21','2024-06-18 13:52:21',NULL),(1059,8747,1323,30312,41025,13,1993932.26,99696.61,0.00,0.00,0.00,2350.63,0.00,97345.98,0.00,'2024-06-18 17:30:15','2024-06-18 17:30:15',NULL),(1072,8747,1337,24263,40829,12,9631345.45,195034.75,61816.48,56815.19,0.00,10778.74,0.00,65624.34,0.00,'2024-06-23 16:15:51','2024-06-23 16:15:51',NULL),(1073,8747,1337,24263,40829,13,9631345.45,19262.69,102465.11,6305.80,0.00,27598.27,0.00,0.00,117106.49,'2024-06-23 16:15:51','2024-06-23 16:15:51',NULL),(1085,8747,1359,25777,40866,13,55174280.79,2482842.64,0.00,2056931.99,0.00,5501.04,777511.14,0.00,357101.53,'2024-06-25 22:27:11','2024-06-25 22:27:11',NULL),(1090,8747,1369,25778,40866,13,53337008.47,2400165.38,357101.53,3531852.14,0.00,18197.88,1260290.69,0.00,2767276.86,'2024-07-01 04:59:54','2024-07-01 04:59:54',NULL),(1101,8747,1383,33341,41121,12,0.00,0.00,48280.08,0.00,0.00,9662.10,0.00,0.00,57942.18,'2024-07-01 18:32:05','2024-07-01 18:32:05',NULL),(1102,8747,1383,33341,41121,13,52477806.08,2099112.24,0.00,1241085.93,283636.34,2221.33,0.00,572168.64,0.00,'2024-07-01 18:32:05','2024-07-01 18:32:05',NULL),(1125,8747,1416,34849,41211,13,2581400.37,116163.02,0.00,0.00,0.00,0.00,0.00,116163.02,0.00,'2024-07-18 13:49:37','2024-07-18 13:49:37',NULL),(1126,8747,1418,30313,41025,13,6034190.60,301709.53,0.00,0.00,0.00,0.00,0.00,301709.53,0.00,'2024-07-18 14:38:05','2024-07-18 14:38:05',NULL),(1127,8747,1420,28809,40868,13,2967000.00,148350.00,0.00,0.00,0.00,9069.38,0.00,139280.62,0.00,'2024-07-22 13:26:05','2024-07-22 13:26:05',NULL),(1134,8747,1430,24264,40829,12,17168585.85,347663.86,0.00,0.00,0.00,0.00,0.00,347663.86,0.00,'2024-07-23 20:49:17','2024-07-23 20:49:17',NULL),(1135,8747,1430,24264,40829,13,17168585.85,34337.17,117106.49,0.00,0.00,27170.93,0.00,0.00,109940.25,'2024-07-23 20:49:17','2024-07-23 20:49:17',NULL),(1142,8747,1438,33342,41121,12,0.00,0.00,57942.18,0.00,0.00,0.00,0.00,0.00,57942.18,'2024-07-25 13:39:28','2024-07-25 13:39:28',NULL),(1143,8747,1438,33342,41121,13,40133058.02,1605322.32,0.00,1536051.49,1049516.34,0.00,0.00,0.00,980245.51,'2024-07-25 13:39:28','2024-07-25 13:39:28',NULL),(1145,8747,1443,25779,40866,13,59320645.59,2669429.05,2767276.86,1680718.18,0.00,19057.93,1475760.42,0.00,3273384.34,'2024-07-26 21:48:33','2024-07-26 21:48:33',NULL),(1159,8747,1463,30314,41025,13,4718449.23,235922.46,0.00,0.00,0.00,0.00,0.00,235922.46,0.00,'2024-08-19 14:14:09','2024-08-19 14:14:09',NULL),(1161,8747,1467,34850,41211,13,3170396.76,142667.85,0.00,0.00,0.00,0.00,0.00,142667.85,0.00,'2024-08-19 18:54:49','2024-08-19 18:54:49',NULL),(1170,8747,1483,33343,41121,12,0.00,0.00,57942.18,0.00,0.00,28813.05,0.00,0.00,86755.23,'2024-08-20 14:35:53','2024-08-20 14:35:53',NULL),(1171,8747,1483,33343,41121,13,99409366.27,3976374.65,980245.51,2841498.50,1448119.81,7406.54,0.00,0.00,1300895.71,'2024-08-20 14:35:53','2024-08-20 14:35:53',NULL),(1182,8747,1495,28810,40868,13,1097500.00,54875.00,0.00,0.00,0.00,59190.31,0.00,0.00,4315.31,'2024-08-21 13:22:47','2024-08-21 13:22:47',NULL),(1185,8747,1499,24265,40829,12,38342090.43,776427.33,0.00,0.00,0.00,0.00,0.00,776427.33,0.00,'2024-08-21 22:34:05','2024-08-21 22:34:05',NULL),(1186,8747,1499,24265,40829,13,38342090.43,72739.10,109940.25,0.00,0.00,10479.88,0.00,0.00,47681.03,'2024-08-21 22:34:05','2024-08-21 22:34:05',NULL);
INSERT INTO `period_liquidation_iibb` VALUES (1188,8747,1503,25780,40866,13,98956842.78,4453057.93,3273384.34,0.00,0.00,0.00,0.00,1179673.59,0.00,'2024-08-22 18:10:01','2024-08-22 18:10:01',NULL),(1203,8747,1525,28811,40868,13,0.00,0.00,4315.31,0.00,0.00,6298.73,0.00,0.00,10614.04,'2024-09-16 16:07:45','2024-09-16 16:07:45',NULL),(1214,8747,1537,34851,41211,13,5329514.13,239828.14,0.00,0.00,0.00,0.00,0.00,239828.14,0.00,'2024-09-16 21:02:12','2024-09-16 21:02:12',NULL),(1215,8747,1539,30315,41025,13,7968274.27,398413.71,0.00,0.00,0.00,0.00,0.00,398413.71,0.00,'2024-09-16 22:28:19','2024-09-16 22:28:19',NULL),(1222,8747,1549,25781,40866,13,86171939.13,3877737.26,0.00,1631018.55,0.00,32042.19,1351616.09,863060.43,0.00,'2024-09-24 20:53:34','2024-09-24 20:53:34',NULL),(1289,8747,1617,33344,41121,12,0.00,0.00,86755.23,0.00,0.00,0.00,0.00,0.00,86755.23,'2024-09-27 20:50:11','2024-09-27 20:50:11',NULL),(1290,8747,1617,33344,41121,13,117449385.15,4697975.41,1300895.71,239635.17,1309012.32,0.00,0.00,1848432.21,0.00,'2024-09-27 20:50:11','2024-09-27 20:50:11',NULL),(1312,8747,1645,30316,41025,13,8310796.01,415539.80,0.00,0.00,0.00,509.34,0.00,415030.46,0.00,'2024-10-20 23:21:59','2024-10-20 23:21:59',NULL),(1313,8747,1647,34852,41211,13,4503238.59,202645.74,0.00,0.00,0.00,0.00,0.00,202645.74,0.00,'2024-10-20 23:48:44','2024-10-20 23:48:44',NULL),(1314,8747,1649,28812,40868,13,4053000.00,202650.00,10614.04,0.00,0.00,17579.79,0.00,174456.17,0.00,'2024-10-23 14:15:11','2024-10-23 14:15:11',NULL),(1332,8747,1675,25782,40866,13,69869422.89,3144124.03,0.00,2091194.13,0.00,39641.62,1843540.20,0.00,830251.92,'2024-10-24 04:28:59','2024-10-24 04:28:59',NULL),(1335,8747,1678,3057,40815,13,0.00,0.00,0.00,0.00,0.00,0.00,0.00,0.00,0.00,'2024-11-05 14:28:16','2024-11-05 14:28:16',NULL),(1340,8747,1685,33345,41121,12,0.00,0.00,219240.07,0.00,0.00,0.00,0.00,0.00,219240.07,'2024-11-06 00:08:24','2024-11-06 00:08:24',NULL),(1341,8747,1685,33345,41121,13,156942976.48,6277719.06,0.00,601117.56,0.00,0.00,0.00,5676601.50,0.00,'2024-11-06 00:08:24','2024-11-06 00:08:24',NULL),(1365,8747,1735,25783,40866,13,86575362.67,3895891.32,8076773.19,2986818.92,0.00,28485.24,1320302.49,0.00,8516488.52,'2024-11-18 21:26:37','2024-11-18 21:26:37',NULL),(1366,8747,1737,30317,41025,13,9302272.39,465113.62,0.00,0.00,0.00,3117.52,0.00,461996.10,0.00,'2024-11-19 13:13:19','2024-11-19 13:13:19',NULL),(1388,8747,1758,28813,40868,13,0.00,0.00,0.00,0.00,0.00,5722.36,0.00,0.00,5722.36,'2024-11-21 21:45:25','2024-11-21 21:45:25',NULL),(1421,8747,1794,33346,41121,12,0.00,0.00,219240.07,0.00,0.00,0.00,25082.00,0.00,244322.07,'2024-11-26 12:17:39','2024-11-26 12:17:39',NULL),(1422,8747,1794,33346,41121,13,150859650.80,6034386.03,0.00,0.00,0.00,0.00,4396864.75,1637521.28,0.00,'2024-11-26 12:17:39','2024-11-26 12:17:39',NULL),(1425,8747,1800,34853,41211,13,4063677.54,182865.49,0.00,0.00,0.00,2592.46,0.00,180273.03,0.00,'2024-12-12 11:38:27','2024-12-12 11:38:27',NULL),(1427,8747,1804,34854,41211,13,5585086.35,251328.89,0.00,0.00,0.00,0.00,0.00,251328.89,0.00,'2024-12-12 19:22:58','2024-12-12 19:22:58',NULL),(1462,8747,1848,25784,40866,13,94746082.74,4263573.72,8516488.52,0.00,0.00,26465.49,5359342.33,0.00,9638722.62,'2024-12-14 06:35:37','2024-12-14 06:35:37',NULL),(1463,8747,1850,24269,40829,12,15506590.10,314008.45,0.00,0.00,0.00,0.00,162404.08,151604.37,0.00,'2024-12-14 14:41:36','2024-12-14 14:41:36',NULL),(1464,8747,1850,24269,40829,13,15506590.10,31013.18,0.00,0.00,0.00,0.00,170944.54,0.00,139931.36,'2024-12-14 14:41:36','2024-12-14 14:41:36',NULL),(1473,8747,1859,28814,40868,13,0.00,0.00,5722.36,0.00,0.00,16145.23,0.00,0.00,21867.59,'2024-12-20 12:29:44','2024-12-20 12:29:44',NULL),(1474,8747,1862,33347,41121,12,0.00,0.00,244322.07,0.00,0.00,0.00,36868.58,0.00,281190.65,'2024-12-21 21:09:58','2024-12-21 21:09:58',NULL),(1475,8747,1862,33347,41121,13,168753656.62,6750146.26,0.00,0.00,0.00,0.00,8423973.50,0.00,1673827.24,'2024-12-21 21:09:58','2024-12-21 21:09:58',NULL);
INSERT INTO `period_liquidation_iibb` VALUES (1500,8747,1892,30318,41025,13,11190566.07,559528.30,0.00,327927.70,0.00,2289.98,0.00,229310.62,0.00,'2025-01-14 00:01:09','2025-01-14 00:01:09',NULL),(1508,8747,1904,24270,40829,12,16212582.64,328304.80,0.00,0.00,0.00,0.00,12725.90,315578.90,0.00,'2025-01-15 15:55:22','2025-01-15 15:55:22',NULL),(1509,8747,1904,24270,40829,13,16212582.64,32425.17,139931.36,0.00,0.00,50919.48,456.34,0.00,158882.01,'2025-01-15 15:55:22','2025-01-15 15:55:22',NULL),(1512,8747,1908,25785,40866,13,65441473.27,2944866.30,9638722.62,0.00,0.00,23998.84,3947185.30,0.00,10665040.46,'2025-01-15 18:29:09','2025-01-15 18:29:09',NULL),(1532,8747,1930,43049,47684,12,0.00,0.00,0.00,0.00,0.00,0.00,208.28,0.00,208.28,'2025-01-16 17:51:54','2025-01-16 17:51:54',NULL),(1533,8747,1930,43049,47684,13,0.00,0.00,0.00,0.00,0.00,0.00,0.00,0.00,0.00,'2025-01-16 17:51:54','2025-01-16 17:51:54',NULL),(1534,8747,1932,34855,41211,13,4856725.49,218552.65,0.00,0.00,0.00,0.00,0.00,218552.65,0.00,'2025-01-20 14:05:23','2025-01-20 14:05:23',NULL),(1536,8747,1936,30319,41025,13,17806490.58,890324.53,0.00,307272.48,0.00,0.00,0.00,583052.05,0.00,'2025-01-22 14:07:27','2025-01-22 14:07:27',NULL),(1545,8747,1946,33348,41121,12,0.00,0.00,281190.65,0.00,0.00,0.00,22604.63,0.00,303795.28,'2025-01-22 18:46:29','2025-01-22 18:46:29',NULL),(1546,8747,1946,33348,41121,13,168126870.56,6725074.82,1673827.24,6058374.49,1459880.04,0.00,1689835.53,0.00,4156842.48,'2025-01-22 18:46:29','2025-01-22 18:46:29',NULL),(1548,8747,1950,28815,40868,13,0.00,0.00,21867.59,0.00,0.00,0.06,0.00,0.00,21867.65,'2025-01-23 16:27:29','2025-01-23 16:27:29',NULL),(1552,8747,1958,30323,41025,13,11249754.36,562487.72,0.00,0.00,0.00,1644.52,0.00,560843.20,0.00,'2025-02-12 19:16:43','2025-02-12 19:16:43',NULL),(1554,8747,1962,34859,41211,13,3902363.99,175606.38,0.00,0.00,0.00,2918.14,0.00,172688.24,0.00,'2025-02-13 14:47:40','2025-02-13 14:47:40',NULL),(1556,8747,1966,47584,47764,13,1423000.00,71150.00,0.00,0.00,0.00,0.00,0.00,71150.00,0.00,'2025-02-13 17:09:09','2025-02-13 17:09:09',NULL),(1608,8747,2024,28819,40868,13,0.00,0.00,21867.65,0.00,0.00,82.52,0.00,0.00,21950.17,'2025-02-19 20:17:39','2025-02-19 20:17:39',NULL),(1609,8747,2026,25789,40866,13,74811809.90,3366531.45,10665040.46,1963008.43,0.00,15653.08,1457295.97,0.00,10734466.49,'2025-02-19 20:35:14','2025-02-19 20:35:14',NULL),(1610,8747,2028,43051,47684,12,0.00,0.00,208.28,0.00,0.00,0.00,2094.95,0.00,2303.23,'2025-02-20 15:43:45','2025-02-20 15:43:45',NULL),(1611,8747,2028,43051,47684,13,1.66,0.00,0.00,0.00,0.00,0.00,0.00,0.00,0.00,'2025-02-20 15:43:45','2025-02-20 15:43:45',NULL),(1630,8747,2049,36384,42190,12,23457103.88,0.00,0.00,0.00,0.00,0.00,0.00,0.00,0.00,'2025-03-12 13:02:42','2025-03-12 13:02:42',NULL),(1631,8747,2049,36384,42190,13,23457103.88,469142.08,0.00,0.00,0.00,8642.42,0.00,460499.66,0.00,'2025-03-12 13:02:42','2025-03-12 13:02:42',NULL),(1634,8747,2053,36385,42190,12,22358303.48,0.00,0.00,0.00,0.00,0.00,0.00,0.00,0.00,'2025-03-12 16:26:40','2025-03-12 16:26:40',NULL),(1635,8747,2053,36385,42190,13,22358303.48,447166.07,0.00,0.00,0.00,29488.28,0.00,417677.79,0.00,'2025-03-12 16:26:40','2025-03-12 16:26:40',NULL),(1638,8747,2057,36386,42190,12,32554170.32,0.00,0.00,0.00,0.00,0.00,0.00,0.00,0.00,'2025-03-12 13:46:54','2025-03-12 13:46:54',NULL),(1639,8747,2057,36386,42190,13,32554170.32,651083.41,0.00,0.00,0.00,989.30,0.00,650094.11,0.00,'2025-03-12 13:46:54','2025-03-12 13:46:54',NULL),(1642,8747,2061,36390,42190,12,45531044.81,0.00,0.00,0.00,0.00,0.00,0.00,0.00,0.00,'2025-03-12 20:33:29','2025-03-12 20:33:29',NULL),(1643,8747,2061,36390,42190,13,45531044.81,910620.90,0.00,0.00,0.00,0.00,0.00,910620.90,0.00,'2025-03-12 20:33:29','2025-03-12 20:33:29',NULL),(1678,8747,2101,24274,40829,12,9381937.52,189984.23,0.00,156745.06,0.00,0.00,0.00,33239.17,0.00,'2025-03-15 17:11:46','2025-03-15 17:11:46',NULL),(1679,8747,2101,24274,40829,13,9381937.52,18763.88,158882.01,0.00,0.00,0.00,31490.69,0.00,171608.82,'2025-03-15 17:11:46','2025-03-15 17:11:46',NULL);
INSERT INTO `period_liquidation_iibb` VALUES (1700,8747,2123,24275,40829,12,19204256.60,388886.20,0.00,0.00,0.00,0.00,128041.79,260844.41,0.00,'2025-03-15 17:33:46','2025-03-15 17:33:46',NULL),(1701,8747,2123,24275,40829,13,19204256.60,38408.51,171608.82,0.00,0.00,0.00,13005.69,0.00,146206.00,'2025-03-15 17:33:46','2025-03-15 17:33:46',NULL),(1703,8747,2127,34860,41211,13,4667580.85,210041.14,0.00,0.00,0.00,28.41,0.00,210012.73,0.00,'2025-03-17 16:32:27','2025-03-17 16:32:27',NULL),(1704,8747,2129,43052,47684,12,0.00,0.00,2303.23,0.00,0.00,0.00,2393.88,0.00,4697.11,'2025-03-17 15:55:08','2025-03-17 15:55:08',NULL),(1705,8747,2129,43052,47684,13,0.00,0.00,0.00,0.00,0.00,0.00,0.00,0.00,0.00,'2025-03-17 15:55:08','2025-03-17 15:55:08',NULL),(1708,8747,2135,47585,47764,13,3154000.00,157700.00,0.00,0.00,0.00,0.00,0.00,157700.00,0.00,'2025-03-18 20:03:45','2025-03-18 20:03:45',NULL),(1709,8747,2137,25790,40866,13,92577476.07,4165986.42,10734466.49,0.00,0.00,19689.99,4371440.91,0.00,10959610.97,'2025-03-19 02:57:03','2025-03-19 02:57:03',NULL),(1724,8747,2153,33353,41121,12,0.00,0.00,333411.06,0.00,0.00,0.00,27704.92,0.00,361115.98,'2025-03-21 13:58:29','2025-03-21 13:58:29',NULL),(1725,8747,2153,33353,41121,13,171909939.73,6876397.59,0.00,0.00,0.00,0.00,1332860.82,5543536.77,0.00,'2025-03-21 13:58:29','2025-03-21 13:58:29',NULL),(1726,8747,2155,28820,40868,13,0.00,0.00,21950.17,0.00,0.00,0.00,0.00,0.00,21950.17,'2025-03-23 13:12:07','2025-03-23 13:12:07',NULL),(1734,8747,2171,30324,41025,13,6098227.11,304911.36,0.00,0.00,0.00,0.00,0.00,304911.36,0.00,'2025-03-25 20:01:09','2025-03-25 20:01:09',NULL),(1736,8747,2175,30325,41025,13,10485170.04,524258.50,0.00,0.00,0.00,0.00,0.00,524258.50,0.00,'2025-04-02 17:21:44','2025-04-02 17:21:44',NULL),(1738,8747,2179,47586,47764,13,2139000.00,106950.00,0.00,0.00,0.00,0.00,0.00,106950.00,0.00,'2025-04-14 16:34:53','2025-04-14 16:34:53',NULL),(1740,8747,2183,34861,41211,13,5409050.67,243407.28,0.00,0.00,0.00,0.00,0.00,243407.28,0.00,'2025-04-15 16:41:37','2025-04-15 16:41:37',NULL),(1747,8747,2191,43053,47684,12,0.00,0.00,4697.11,0.00,0.00,0.00,2228.01,0.00,6925.12,'2025-04-21 17:53:34','2025-04-21 17:53:34',NULL),(1748,8747,2191,43053,47684,13,0.00,0.00,0.00,0.00,0.00,0.00,382.70,0.00,382.70,'2025-04-21 17:53:34','2025-04-21 17:53:34',NULL),(1769,8747,2213,24276,40829,12,15998494.35,323969.51,0.00,116668.94,0.00,0.00,0.00,207300.57,0.00,'2025-04-21 18:43:17','2025-04-21 18:43:17',NULL),(1770,8747,2213,24276,40829,13,15998494.35,31996.99,146206.00,4560.00,0.00,12158.85,0.00,0.00,130927.86,'2025-04-21 18:43:17','2025-04-21 18:43:17',NULL),(1774,8747,2221,25791,40866,13,91754409.88,4128948.44,10959610.97,0.00,0.00,26217.19,1767206.04,0.00,8624085.76,'2025-04-21 19:59:14','2025-04-21 19:59:14',NULL),(1844,8747,2295,34862,41211,13,5829502.93,262327.63,0.00,0.00,0.00,0.00,0.00,262327.63,0.00,'2025-05-16 16:39:02','2025-05-16 16:39:02',NULL),(1853,8747,2305,43054,47684,12,0.00,0.00,6925.12,0.00,0.00,0.00,30780.25,0.00,37705.37,'2025-05-17 06:23:41','2025-05-17 06:23:41',NULL),(1854,8747,2305,43054,47684,13,0.00,0.00,382.70,0.00,0.00,0.00,60291.36,0.00,60674.06,'2025-05-17 06:23:41','2025-05-17 06:23:41',NULL),(1859,8747,2315,25792,40866,13,105319799.76,4739390.99,8624085.76,0.00,0.00,53609.89,4099740.63,0.00,8038045.29,'2025-05-17 17:41:40','2025-05-17 17:41:40',NULL),(1880,8747,2337,24277,40829,12,10620978.74,238972.02,0.00,309557.80,0.00,0.00,0.00,0.00,70585.78,'2025-05-18 00:45:33','2025-05-18 00:45:33',NULL),(1881,8747,2337,24277,40829,13,852330.97,15341.96,130927.86,7896.15,0.00,1008.64,0.00,0.00,124490.69,'2025-05-18 00:45:33','2025-05-18 00:45:33',NULL),(1891,8747,2349,47587,47764,13,2829000.00,141450.00,0.00,0.00,0.00,3361.92,0.00,138088.08,0.00,'2025-05-19 16:24:01','2025-05-19 16:24:01',NULL),(1912,8747,2372,33355,41121,12,0.00,0.00,1757597.40,0.00,0.00,0.00,50668.21,0.00,1808265.61,'2025-05-19 19:27:45','2025-05-19 19:27:45',NULL);
INSERT INTO `period_liquidation_iibb` VALUES (1913,8747,2372,33355,41121,13,198197212.97,7927888.52,1524595.02,0.00,0.00,0.00,14124415.50,0.00,7721122.00,'2025-05-19 19:27:45','2025-05-19 19:27:45',NULL),(1915,8747,2376,30326,41025,13,8652265.04,432613.25,0.00,0.00,0.00,0.00,0.00,432613.25,0.00,'2025-05-19 23:14:06','2025-05-19 23:14:06',NULL),(1916,8747,2378,28821,40868,13,0.00,0.00,21950.17,0.00,0.00,0.00,0.00,0.00,21950.17,'2025-05-20 12:46:49','2025-05-20 12:46:49',NULL),(1917,8747,2380,28822,40868,13,0.00,0.00,21950.17,0.00,0.00,0.00,0.00,0.00,21950.17,'2025-05-20 12:59:48','2025-05-20 12:59:48',NULL),(1919,8747,2384,34863,41211,13,4890503.72,220072.67,0.00,0.00,0.00,0.00,0.00,220072.67,0.00,'2025-06-18 15:59:22','2025-06-18 15:59:22',NULL),(1927,8747,2394,30327,41025,13,5820557.03,291027.85,0.00,0.00,0.00,2560.11,0.00,288467.74,0.00,'2025-06-19 01:50:32','2025-06-19 01:50:32',NULL),(1932,8747,2399,33356,41121,12,0.00,0.00,1808265.61,0.00,0.00,0.00,33976.28,0.00,1842241.89,'2025-06-18 23:26:28','2025-06-18 23:26:28',NULL),(1933,8747,2399,33356,41121,13,210988291.21,8439531.65,7721122.00,0.00,0.00,0.00,14431648.21,0.00,13713238.56,'2025-06-18 23:26:28','2025-06-18 23:26:28',NULL),(1940,8747,2408,43055,47684,12,0.00,0.00,37705.37,0.00,0.00,0.00,36680.68,0.00,74386.05,'2025-06-18 23:37:16','2025-06-18 23:37:16',NULL),(1941,8747,2408,43055,47684,13,0.00,0.00,60674.06,0.00,0.00,0.00,72741.97,0.00,133416.03,'2025-06-18 23:37:16','2025-06-18 23:37:16',NULL),(1947,8747,2421,25793,40866,13,69426765.23,3124204.44,8038045.29,3749860.25,0.00,23934.51,0.00,0.00,8687635.61,'2025-06-19 03:39:00','2025-06-19 03:39:00',NULL),(1948,8747,2423,28823,40868,13,0.00,0.00,21950.17,0.00,0.00,0.00,0.00,0.00,21950.17,'2025-06-23 13:57:02','2025-06-23 13:57:02',NULL),(1950,8747,2427,47588,47764,13,6057860.00,302893.00,0.00,0.00,0.00,11564.13,0.00,291328.87,0.00,'2025-06-23 17:50:32','2025-06-23 17:50:32',NULL),(1981,8747,2458,24278,40829,12,20999807.92,425246.11,70585.78,0.00,0.00,0.00,173776.80,180883.53,0.00,'2025-06-25 18:53:22','2025-06-25 18:53:22',NULL),(1982,8747,2458,24278,40829,13,20999807.92,41999.62,101219.72,0.00,0.00,29201.26,20774.52,0.00,109195.88,'2025-06-25 18:53:22','2025-06-25 18:53:22',NULL),(1984,8747,2462,34864,41211,13,5236642.68,235648.92,0.00,0.00,0.00,0.00,0.00,235648.92,0.00,'2025-07-15 17:14:06','2025-07-15 17:14:06',NULL),(1986,8747,2466,30328,41025,13,3007124.64,150356.23,0.00,0.00,0.00,0.00,0.00,150356.23,0.00,'2025-07-16 06:07:17','2025-07-16 06:07:17',NULL),(1988,8747,2470,49081,52767,13,9276567.98,417445.56,0.00,0.00,0.00,0.00,0.00,417445.56,0.00,'2025-07-17 23:05:01','2025-07-17 23:05:01',NULL),(2005,8747,2487,24279,40829,12,19641732.50,403647.55,0.00,0.00,0.00,0.00,0.00,403647.55,0.00,'2025-07-18 17:03:25','2025-07-18 17:03:25',NULL),(2006,8747,2487,24279,40829,13,19641732.50,34036.82,109195.88,2896.45,0.00,6082.95,0.00,0.00,84138.46,'2025-07-18 17:03:25','2025-07-18 17:03:25',NULL),(2013,8747,2501,25794,40866,13,62533358.63,2814001.14,8687635.61,4164890.86,0.00,48941.56,0.00,0.00,10087466.89,'2025-07-18 18:04:33','2025-07-18 18:04:33',NULL),(2024,8747,2511,43056,47684,12,0.00,0.00,74386.05,0.00,0.00,0.00,820158.44,0.00,894544.49,'2025-07-21 06:01:37','2025-07-21 06:01:37',NULL),(2025,8747,2511,43056,47684,13,0.00,0.00,133416.03,0.00,0.00,0.00,1022907.74,0.00,1156323.77,'2025-07-21 06:01:37','2025-07-21 06:01:37',NULL),(2027,8747,2515,47589,47764,13,6285044.00,314252.20,0.00,0.00,0.00,14924.40,0.00,299327.80,0.00,'2025-07-22 00:31:41','2025-07-22 00:31:41',NULL),(2029,8747,2519,49082,52767,13,2024347.84,91095.65,0.00,0.00,0.00,0.00,0.00,91095.65,0.00,'2025-07-22 18:13:38','2025-07-22 18:13:38',NULL),(2030,8747,2521,28824,40868,13,0.00,0.00,21950.17,0.00,0.00,0.00,0.00,0.00,21950.17,'2025-07-22 20:54:47','2025-07-22 20:54:47',NULL),(2043,8747,2535,43057,47684,12,0.00,0.00,894544.49,0.00,0.00,0.00,551414.68,0.00,1445959.17,'2025-08-16 20:46:40','2025-08-16 20:46:40',NULL);
INSERT INTO `period_liquidation_iibb` VALUES (2044,8747,2535,43057,47684,13,0.00,0.00,1156323.77,0.00,0.00,0.00,687395.30,0.00,1843719.07,'2025-08-16 20:46:40','2025-08-16 20:46:40',NULL),(2051,8747,2543,24280,40829,12,19346295.84,402144.20,0.00,0.00,0.00,0.00,0.00,402144.20,0.00,'2025-08-16 21:06:01','2025-08-16 21:06:01',NULL),(2052,8747,2543,24280,40829,13,19346295.84,26517.97,84138.46,0.00,0.00,22727.70,1900.50,0.00,82248.69,'2025-08-16 21:06:01','2025-08-16 21:06:01',NULL),(2057,8747,2553,25795,40866,13,108553771.35,4884919.71,10087466.89,0.00,0.00,37313.74,6476719.75,0.00,11716580.67,'2025-08-16 21:38:17','2025-08-16 21:38:17',NULL),(2059,8747,2557,47590,47764,13,5310300.00,265515.00,0.00,0.00,0.00,10944.62,0.00,254570.38,0.00,'2025-08-19 02:20:54','2025-08-19 02:20:54',NULL),(2061,8747,2561,30329,41025,13,2156415.81,107820.79,0.00,0.00,0.00,0.00,0.00,107820.79,0.00,'2025-08-20 00:11:59','2025-08-20 00:11:59',NULL),(2064,8747,2567,34865,41211,13,6133931.80,276026.93,0.00,0.00,0.00,0.00,0.00,276026.93,0.00,'2025-08-20 03:45:47','2025-08-20 03:45:47',NULL),(2066,8747,2571,49083,52767,13,19905387.90,895742.46,0.00,0.00,0.00,0.00,0.00,895742.46,0.00,'2025-08-21 20:07:04','2025-08-21 20:07:04',NULL),(2067,8747,2575,28825,40868,13,0.00,0.00,21950.17,0.00,0.00,0.00,0.00,0.00,21950.17,'2025-08-25 17:25:16','2025-08-25 17:25:16',NULL),(2069,8747,2579,47578,47764,13,2870000.00,143500.00,0.00,0.00,0.00,0.00,124762.18,18737.82,0.00,'2025-08-30 19:49:47','2025-08-30 19:49:47',NULL),(2070,8747,2581,47579,47764,13,3100000.00,155000.00,0.00,0.00,0.00,3228.82,49586.39,102184.79,0.00,'2025-08-30 19:51:31','2025-08-30 19:51:31',NULL),(2072,8747,2585,47580,47764,13,3070000.00,153500.00,0.00,0.00,0.00,0.00,72376.77,81123.23,0.00,'2025-08-30 19:53:55','2025-08-30 19:53:55',NULL),(2073,8747,2587,50593,53488,1,0.00,0.00,0.00,0.00,0.00,0.00,0.00,0.00,0.00,'2025-09-08 19:39:15','2025-09-08 19:39:15',NULL),(2074,8747,2587,50593,53488,13,0.00,0.00,0.00,0.00,0.00,0.00,0.00,0.00,0.00,'2025-09-08 19:39:15','2025-09-08 19:39:15',NULL),(2076,8747,2591,34866,41211,13,4813202.50,216594.11,0.00,0.00,0.00,0.00,0.00,216594.11,0.00,'2025-09-15 18:29:37','2025-09-15 18:29:37',NULL),(2078,8747,2595,30330,41025,13,9466259.07,473312.95,0.00,0.00,0.00,0.00,0.00,473312.95,0.00,'2025-09-15 15:58:59','2025-09-15 15:58:59',NULL),(2080,8747,2599,47591,47764,13,5820146.00,291007.30,0.00,0.00,0.00,11299.63,0.00,279707.67,0.00,'2025-09-15 16:37:15','2025-09-15 16:37:15',NULL),(2085,8747,2603,33358,41121,12,0.00,0.00,1861246.01,0.00,0.00,0.00,25143.07,0.00,1886389.08,'2025-09-15 17:51:09','2025-09-15 17:51:09',NULL),(2086,8747,2603,33358,41121,13,221864333.20,8874573.33,6758907.69,0.00,0.00,0.00,692492.09,1423173.55,0.00,'2025-09-15 17:51:09','2025-09-15 17:51:09',NULL),(2103,8747,2620,43058,47684,12,0.00,0.00,1445959.17,0.00,0.00,0.00,690824.82,0.00,2136783.99,'2025-09-15 18:25:17','2025-09-15 18:25:17',NULL),(2104,8747,2620,43058,47684,13,0.00,0.00,1843719.07,0.00,0.00,0.00,815368.79,0.00,2659087.86,'2025-09-15 18:25:17','2025-09-15 18:25:17',NULL),(2108,8747,2628,25796,40866,13,170915722.91,7691207.53,11716580.67,0.00,0.00,51110.78,5538032.22,0.00,9614516.14,'2025-09-16 04:23:01','2025-09-16 04:23:01',NULL),(2132,8747,2654,52100,53821,13,1400000.00,70000.00,0.00,0.00,0.00,17310.80,0.00,52689.20,0.00,'2025-09-16 16:58:09','2025-09-16 16:58:09',NULL),(2134,8747,2658,49084,52767,13,9613912.53,432626.06,0.00,0.00,0.00,0.00,0.00,432626.06,0.00,'2025-09-17 01:06:03','2025-09-17 01:06:03',NULL),(2135,8747,2661,33359,41121,12,0.00,0.00,1886389.08,0.00,0.00,0.00,38188.89,0.00,1924577.97,'2025-09-18 23:30:54','2025-09-18 23:30:54',NULL),(2136,8747,2661,33359,41121,13,241052781.30,9642111.25,0.00,0.00,0.00,0.00,1412977.32,8229133.93,0.00,'2025-09-18 23:30:54','2025-09-18 23:30:54',NULL),(2143,8747,2666,24266,40829,12,16302103.21,330117.59,0.00,239981.29,0.00,0.00,96031.70,0.00,5895.40,'2025-09-23 16:37:52','2025-09-23 16:37:52',NULL);
INSERT INTO `period_liquidation_iibb` VALUES (2144,8747,2666,24266,40829,13,16302103.21,32604.21,47681.03,0.00,0.00,10076.74,0.00,0.00,25153.56,'2025-09-23 16:37:52','2025-09-23 16:37:52',NULL),(2145,8747,2668,24268,40829,12,34414970.58,618481.42,0.00,0.00,0.00,0.00,0.00,618481.42,0.00,'2025-09-23 16:44:46','2025-09-23 16:44:46',NULL),(2146,8747,2668,24268,40829,13,34414970.58,254718.49,0.00,0.00,0.00,0.00,133114.21,121604.28,0.00,'2025-09-23 16:44:46','2025-09-23 16:44:46',NULL),(2151,8747,2673,24267,40829,12,56873387.76,1151686.10,5895.40,256849.63,0.00,0.00,67009.28,821931.79,0.00,'2025-09-23 16:54:05','2025-09-23 16:54:05',NULL),(2152,8747,2673,24267,40829,13,56873387.76,113746.78,25153.56,0.00,0.00,41672.31,22749.36,24171.55,0.00,'2025-09-23 16:54:05','2025-09-23 16:54:05',NULL),(2154,8747,2677,53614,47652,13,24858128.68,1242906.43,0.00,0.00,0.00,0.00,0.00,1242906.43,0.00,'2025-10-09 15:17:46','2025-10-09 15:17:46',NULL),(2156,8747,2681,30331,41025,13,9742087.76,487104.39,0.00,0.00,0.00,1578.62,0.00,485525.77,0.00,'2025-10-15 15:10:40','2025-10-15 15:10:40',NULL),(2158,8747,2685,47592,47764,13,10548089.60,527404.48,0.00,0.00,0.00,11115.88,0.00,516288.60,0.00,'2025-10-15 15:55:47','2025-10-15 15:55:47',NULL),(2171,8747,2697,43059,47684,12,0.00,0.00,2136783.99,0.00,0.00,0.00,708592.49,0.00,2845376.48,'2025-10-15 17:36:08','2025-10-15 17:36:08',NULL),(2172,8747,2697,43059,47684,13,0.00,0.00,2659087.86,0.00,0.00,0.00,821788.34,0.00,3480876.20,'2025-10-15 17:36:08','2025-10-15 17:36:08',NULL),(2174,8747,2701,34867,41211,13,6699642.11,301483.89,0.00,0.00,0.00,2195.81,0.00,299288.08,0.00,'2025-10-15 20:36:56','2025-10-15 20:36:56',NULL),(2185,8747,2712,24281,40829,12,16441426.73,344203.11,0.00,0.00,0.00,0.00,353634.34,0.00,9431.23,'2025-10-15 17:48:48','2025-10-15 17:48:48',NULL),(2186,8747,2712,24281,40829,13,16441426.73,22870.21,82248.69,0.00,0.00,66543.78,12325.43,0.00,138247.69,'2025-10-15 17:48:48','2025-10-15 17:48:48',NULL),(2195,8747,2722,24282,40829,12,21580235.57,451418.87,9431.23,210779.77,0.00,0.00,0.00,231207.87,0.00,'2025-10-15 18:58:11','2025-10-15 18:58:11',NULL),(2196,8747,2722,24282,40829,13,21580235.57,30343.50,138247.69,74743.52,0.00,0.00,0.00,0.00,182647.71,'2025-10-15 18:58:11','2025-10-15 18:58:11',NULL),(2207,8747,2744,25797,40866,13,106155902.22,4777015.60,9614516.14,0.00,0.00,45129.89,5573856.10,0.00,10456486.53,'2025-10-15 22:22:11','2025-10-15 22:22:11',NULL),(2208,8747,2745,3073,40815,13,247000.00,0.00,0.00,0.00,0.00,0.00,0.00,0.00,0.00,'2025-10-16 00:35:09','2025-10-16 00:35:09',NULL),(2210,8747,2749,49085,52767,13,12710631.76,571978.43,0.00,0.00,0.00,0.00,0.00,571978.43,0.00,'2025-10-20 15:22:12','2025-10-20 15:22:12',NULL),(2211,8747,2751,28827,40868,13,0.00,0.00,0.00,0.00,0.00,0.00,0.00,0.00,0.00,'2025-10-20 14:54:11','2025-10-20 14:54:11',NULL),(2212,8747,2753,28826,40868,13,0.00,0.00,21950.17,0.00,0.00,0.00,0.00,0.00,21950.17,'2025-10-20 15:01:50','2025-10-20 15:01:50',NULL),(2221,8747,2761,50594,53488,1,8380750.01,398085.63,0.00,0.00,0.00,0.00,0.00,398085.63,0.00,'2025-10-21 01:07:06','2025-10-21 01:07:06',NULL),(2222,8747,2761,50594,53488,13,0.00,0.00,0.00,0.00,0.00,0.00,0.00,0.00,0.00,'2025-10-21 01:07:06','2025-10-21 01:07:06',NULL),(2223,NULL,2763,53615,47652,13,0.00,0.00,0.00,0.00,0.00,8704.35,0.00,0.00,8704.35,'2025-10-20 14:12:10','2025-10-20 14:12:10',NULL),(2226,8747,2767,33360,41121,12,0.00,0.00,1924577.97,24970.53,0.00,0.00,0.00,0.00,1949548.50,'2025-10-24 00:06:26','2025-10-24 00:06:26',NULL),(2227,8747,2767,33360,41121,13,224224397.01,8968975.88,0.00,16215835.05,0.00,0.00,0.00,0.00,7246859.17,'2025-10-24 00:06:26','2025-10-24 00:06:26',NULL),(2231,8747,2776,52101,53821,13,17913774.30,895688.72,0.00,0.00,0.00,137238.11,0.00,758450.61,0.00,'2025-10-31 19:09:29','2025-10-31 19:09:29',NULL),(2234,8747,2781,33354,41121,12,0.00,0.00,361115.98,0.00,0.00,0.00,1396481.42,0.00,1757597.40,'2025-11-11 03:00:03','2025-11-11 03:00:03',NULL);
INSERT INTO `period_liquidation_iibb` VALUES (2235,8747,2781,33354,41121,13,199280326.09,7971213.04,0.00,0.00,0.00,0.00,9495808.06,0.00,1524595.02,'2025-11-11 03:00:03','2025-11-11 03:00:03',NULL),(2236,8747,2782,33357,41121,12,0.00,0.00,1842241.89,0.00,0.00,0.00,19004.12,0.00,1861246.01,'2025-11-11 03:00:09','2025-11-11 03:00:09',NULL),(2237,8747,2782,33357,41121,13,200715168.62,8028606.74,13713238.56,0.00,0.00,0.00,1074275.87,0.00,6758907.69,'2025-11-11 03:00:09','2025-11-11 03:00:09',NULL),(2242,8747,2785,50595,53488,1,6105750.02,290023.13,0.00,0.00,0.00,0.00,0.00,290023.13,0.00,'2025-11-12 00:00:14','2025-11-12 00:00:14',NULL),(2243,8747,2785,50595,53488,13,0.00,0.00,0.00,0.00,0.00,0.00,0.00,0.00,0.00,'2025-11-12 00:00:14','2025-11-12 00:00:14',NULL),(2245,8747,2790,34868,41211,13,5210978.99,234494.05,0.00,0.00,0.00,339.60,0.00,234154.45,0.00,'2025-11-17 15:08:25','2025-11-17 15:08:25',NULL),(2248,8747,2795,30332,41025,12,7829284.87,0.00,0.00,0.00,0.00,0.00,0.00,0.00,0.00,'2025-11-18 04:15:38','2025-11-18 16:06:35',NULL),(2249,8747,2795,30332,41025,13,7829284.87,391464.24,0.00,0.00,0.00,0.00,0.00,391464.24,0.00,'2025-11-18 04:15:38','2025-11-18 16:06:35',NULL),(2259,8747,2812,49086,52767,13,10556500.82,475042.54,0.00,0.00,0.00,0.00,0.00,475042.54,0.00,'2025-11-18 13:16:22','2025-11-18 13:16:22',NULL),(2260,8747,2814,25798,40866,13,137686839.43,6195907.77,10456486.53,0.00,0.00,30653.12,5974856.15,0.00,10266088.03,'2025-11-18 18:49:52','2025-11-18 18:49:52',NULL),(2261,8747,2815,33361,41121,12,0.00,0.00,1949548.50,24708.34,0.00,0.00,0.00,0.00,1974256.84,'2025-11-18 15:55:24','2025-11-18 15:55:24',NULL),(2262,8747,2815,33361,41121,13,207558267.66,8302330.71,7246859.17,13255288.40,0.00,0.00,0.00,0.00,12199816.86,'2025-11-18 15:55:24','2025-11-18 15:55:24',NULL),(2293,8747,2845,24283,40829,12,22081733.84,496839.01,0.00,0.00,0.00,0.00,0.00,496839.01,0.00,'2025-11-18 19:48:04','2025-11-18 19:48:04',NULL),(2294,8747,2845,24283,40829,13,778337.23,15566.74,182647.71,0.00,0.00,11112.29,0.00,0.00,178193.26,'2025-11-18 19:48:04','2025-11-18 19:48:04',NULL),(2298,8747,2853,52102,53821,13,9691735.54,484586.78,0.00,0.00,0.00,220721.84,0.00,263864.94,0.00,'2025-11-19 18:51:32','2025-11-19 18:51:32',NULL),(2303,8747,2863,47593,47764,13,10703708.00,535185.40,0.00,0.00,0.00,17578.84,0.00,517606.56,0.00,'2025-11-20 20:52:28','2025-11-20 20:52:28',NULL);

--
