-- Table structure for table `person_activities`
--

CREATE TABLE `person_activities` (
  `id` int(10) unsigned NOT NULL AUTO_INCREMENT,
  `user_id` int(10) unsigned DEFAULT NULL,
  `person_id` int(10) unsigned NOT NULL,
  `activity_id` int(10) unsigned NOT NULL,
  `is_principal` tinyint(1) NOT NULL DEFAULT '0',
  `created_at` timestamp NULL DEFAULT NULL,
  `updated_at` timestamp NULL DEFAULT NULL,
  `deleted_at` timestamp NULL DEFAULT NULL,
  PRIMARY KEY (`id`),
  KEY `person_activities_person_id_foreign` (`person_id`),
  KEY `person_activities_activity_id_foreign` (`activity_id`),
  CONSTRAINT `person_activities_activity_id_foreign` FOREIGN KEY (`activity_id`) REFERENCES `activities` (`id`),
  CONSTRAINT `person_activities_person_id_foreign` FOREIGN KEY (`person_id`) REFERENCES `persons` (`id`)
) ENGINE=InnoDB AUTO_INCREMENT=7 DEFAULT CHARSET=utf8mb4 COLLATE=utf8mb4_unicode_ci;

--
-- Dumping data for table `person_activities`
--

INSERT INTO `person_activities` VALUES (2,8031,40719,1,0,'2023-01-04 09:41:02','2023-01-04 09:41:02',NULL),(4,8286,40720,585,1,'2023-01-04 17:35:44','2023-01-04 17:35:44',NULL),(5,8286,40720,933,0,'2023-01-04 17:35:44','2023-01-04 17:35:44',NULL),(6,8286,40720,614,0,'2023-01-04 17:35:44','2023-01-04 17:35:44',NULL);

--
-- Table structure for table `person_cobrador`
--

CREATE TABLE `person_cobrador` (
  `id` bigint(20) unsigned NOT NULL AUTO_INCREMENT,
  `person_id` int(10) unsigned NOT NULL,
  `cobrador_id` bigint(20) unsigned NOT NULL,
  `created_at` timestamp NULL DEFAULT NULL,
  `updated_at` timestamp NULL DEFAULT NULL,
  `deleted_at` timestamp NULL DEFAULT NULL,
  PRIMARY KEY (`id`),
  KEY `person_cobrador_person_id_foreign` (`person_id`),
  KEY `person_cobrador_cobrador_id_foreign` (`cobrador_id`),
  CONSTRAINT `person_cobrador_cobrador_id_foreign` FOREIGN KEY (`cobrador_id`) REFERENCES `cobradores` (`id`),
  CONSTRAINT `person_cobrador_person_id_foreign` FOREIGN KEY (`person_id`) REFERENCES `persons` (`id`)
) ENGINE=InnoDB DEFAULT CHARSET=utf8mb4 COLLATE=utf8mb4_unicode_ci;

--
-- Dumping data for table `person_cobrador`
--


--
-- Table structure for table `person_configurations`
--

CREATE TABLE `person_configurations` (
  `id` int(10) unsigned NOT NULL AUTO_INCREMENT,
  `user_id` int(10) unsigned DEFAULT NULL,
  `person_id` int(10) unsigned NOT NULL,
  `period_id` int(10) unsigned DEFAULT NULL,
  `zone_id` int(10) unsigned DEFAULT NULL,
  `settle_calc_by_coef` int(11) NOT NULL DEFAULT '0',
  `created_at` timestamp NULL DEFAULT NULL,
  `updated_at` timestamp NULL DEFAULT NULL,
  `active` int(10) unsigned DEFAULT NULL,
  `enviarMail` int(11) DEFAULT '1',
  `honorario` decimal(16,2) DEFAULT '0.00',
  `cta_cte_tesoreria_cuenta_id` int(10) unsigned DEFAULT NULL,
  `month_close` int(10) unsigned DEFAULT NULL,
  `iva_condition_id` int(10) unsigned DEFAULT NULL,
  `obligation_sell` int(10) unsigned DEFAULT NULL,
  `obligation_buy` int(10) unsigned DEFAULT NULL,
  `obligation_iva` int(10) unsigned DEFAULT NULL,
  `obligation_electronic_receipt` int(10) unsigned DEFAULT NULL,
  `obligation_iibb` int(10) unsigned DEFAULT NULL,
  `obligation_other_taxes` int(10) unsigned DEFAULT NULL,
  `liquidation_start_period` varchar(7) COLLATE utf8mb4_unicode_ci DEFAULT NULL,
  `obligation_salaries` int(10) unsigned DEFAULT NULL,
  `empleada_domestica` tinyint(1) NOT NULL DEFAULT '0',
  `prorratear_iva` tinyint(1) NOT NULL DEFAULT '0',
  `is_itc` tinyint(1) NOT NULL DEFAULT '0',
  `priority_order` int(10) unsigned DEFAULT NULL,
  `person_id_administrador` int(11) DEFAULT NULL,
  `person_id_titular` int(11) DEFAULT NULL,
  `logo_path` varchar(180) COLLATE utf8mb4_unicode_ci DEFAULT NULL,
  `certificado_afip_path` varchar(180) COLLATE utf8mb4_unicode_ci DEFAULT NULL,
  `llave_afip_path` varchar(180) COLLATE utf8mb4_unicode_ci DEFAULT NULL,
  `access_electronic_receipt` int(10) unsigned DEFAULT '0',
  `ruta_logo_fa` varchar(100) COLLATE utf8mb4_unicode_ci DEFAULT NULL,
  `inicio_actividades` date DEFAULT NULL,
  `fecha_de_mono_to_ri` date DEFAULT NULL,
  `iibb` varchar(191) COLLATE utf8mb4_unicode_ci DEFAULT NULL,
  `fe_leyenda` varchar(191) COLLATE utf8mb4_unicode_ci DEFAULT NULL,
  `atencion_iva` tinyint(1) NOT NULL DEFAULT '0',
  `atencion_iva_comentario` varchar(191) COLLATE utf8mb4_unicode_ci DEFAULT NULL,
  `atencion_iibb` tinyint(1) NOT NULL DEFAULT '0',
  `atencion_iibb_comentario` varchar(191) COLLATE utf8mb4_unicode_ci DEFAULT NULL,
  `usar_multimoneda` tinyint(1) NOT NULL DEFAULT '0',
  `is_ag_per_ret` tinyint(1) NOT NULL DEFAULT '0',
  `deleted_at` timestamp NULL DEFAULT NULL,
  PRIMARY KEY (`id`),
  KEY `person_configurations_person_id_foreign` (`person_id`),
  KEY `person_configurations_period_id_foreign` (`period_id`),
  KEY `person_configurations_zone_id_foreign` (`zone_id`),
  KEY `person_configurations_iva_condition_id_foreign` (`iva_condition_id`),
  KEY `person_configurations_cta_cte_tesoreria_cuenta_id_foreign` (`cta_cte_tesoreria_cuenta_id`),
  CONSTRAINT `person_configurations_cta_cte_tesoreria_cuenta_id_foreign` FOREIGN KEY (`cta_cte_tesoreria_cuenta_id`) REFERENCES `cta_cte_tesoreria_cuentas` (`id`),
  CONSTRAINT `person_configurations_iva_condition_id_foreign` FOREIGN KEY (`iva_condition_id`) REFERENCES `iva_conditions` (`id`),
  CONSTRAINT `person_configurations_period_id_foreign` FOREIGN KEY (`period_id`) REFERENCES `periods` (`id`),
  CONSTRAINT `person_configurations_person_id_foreign` FOREIGN KEY (`person_id`) REFERENCES `persons` (`id`),
  CONSTRAINT `person_configurations_zone_id_foreign` FOREIGN KEY (`zone_id`) REFERENCES `zones` (`id`)
) ENGINE=InnoDB AUTO_INCREMENT=4 DEFAULT CHARSET=utf8mb4 COLLATE=utf8mb4_unicode_ci;

--
-- Dumping data for table `person_configurations`
--

INSERT INTO `person_configurations` VALUES (2,8031,40719,NULL,NULL,0,'2023-01-04 09:41:02','2023-01-04 09:41:02',2,1,0.00,NULL,12,1,NULL,NULL,NULL,NULL,1,NULL,'2023-1',NULL,0,0,0,2,40719,40719,NULL,NULL,NULL,0,NULL,NULL,NULL,NULL,NULL,0,NULL,0,NULL,0,0,NULL),(3,8286,40720,NULL,NULL,0,'2023-01-04 12:44:40','2023-01-04 17:35:44',2,1,0.00,NULL,12,2,1,1,1,0,3,NULL,'2022-11',1,0,1,1,1,40720,40720,NULL,NULL,NULL,0,NULL,'2021-07-01',NULL,'20-30532342-0',NULL,0,NULL,0,NULL,0,0,NULL);

--
-- Table structure for table `person_liquidators`
--

CREATE TABLE `person_liquidators` (
  `id` int(10) unsigned NOT NULL AUTO_INCREMENT,
  `user_id` int(10) unsigned DEFAULT NULL,
  `person_id` int(10) unsigned NOT NULL,
  `liquidator_id` int(10) unsigned NOT NULL,
  `created_at` timestamp NULL DEFAULT NULL,
  `updated_at` timestamp NULL DEFAULT NULL,
  `deleted_at` timestamp NULL DEFAULT NULL,
  PRIMARY KEY (`id`),
  KEY `person_liquidators_person_id_foreign` (`person_id`),
  KEY `person_liquidators_liquidator_id_foreign` (`liquidator_id`),
  CONSTRAINT `person_liquidators_liquidator_id_foreign` FOREIGN KEY (`liquidator_id`) REFERENCES `liquidators` (`id`),
  CONSTRAINT `person_liquidators_person_id_foreign` FOREIGN KEY (`person_id`) REFERENCES `persons` (`id`)
) ENGINE=InnoDB DEFAULT CHARSET=utf8mb4 COLLATE=utf8mb4_unicode_ci;

--
-- Dumping data for table `person_liquidators`
--


--
-- Table structure for table `person_pay_methods`
--

CREATE TABLE `person_pay_methods` (
  `id` int(10) unsigned NOT NULL AUTO_INCREMENT,
  `user_id` int(10) unsigned DEFAULT NULL,
  `person_id` int(10) unsigned NOT NULL,
  `pay_method_id` int(10) unsigned NOT NULL,
  `created_at` timestamp NULL DEFAULT NULL,
  `updated_at` timestamp NULL DEFAULT NULL,
  `deleted_at` timestamp NULL DEFAULT NULL,
  PRIMARY KEY (`id`),
  KEY `person_pay_methods_person_id_foreign` (`person_id`),
  KEY `person_pay_methods_pay_method_id_foreign` (`pay_method_id`),
  CONSTRAINT `person_pay_methods_pay_method_id_foreign` FOREIGN KEY (`pay_method_id`) REFERENCES `pay_methods` (`id`),
  CONSTRAINT `person_pay_methods_person_id_foreign` FOREIGN KEY (`person_id`) REFERENCES `persons` (`id`)
) ENGINE=InnoDB DEFAULT CHARSET=utf8mb4 COLLATE=utf8mb4_unicode_ci;

--
-- Dumping data for table `person_pay_methods`
--


--
-- Table structure for table `person_relationeds`
--

CREATE TABLE `person_relationeds` (
  `id` bigint(20) unsigned NOT NULL AUTO_INCREMENT,
  `user_id` int(10) unsigned DEFAULT NULL,
  `person_id` int(10) unsigned NOT NULL,
  `client_id` int(10) unsigned NOT NULL,
  `cliente_relationed_id` int(10) unsigned NOT NULL,
  `created_at` timestamp NULL DEFAULT NULL,
  `updated_at` timestamp NULL DEFAULT NULL,
  `deleted_at` timestamp NULL DEFAULT NULL,
  PRIMARY KEY (`id`),
  KEY `person_relationeds_person_id_foreign` (`person_id`),
  KEY `person_relationeds_client_id_foreign` (`client_id`),
  KEY `person_relationeds_cliente_relationed_id_foreign` (`cliente_relationed_id`),
  CONSTRAINT `person_relationeds_client_id_foreign` FOREIGN KEY (`client_id`) REFERENCES `persons` (`id`),
  CONSTRAINT `person_relationeds_cliente_relationed_id_foreign` FOREIGN KEY (`cliente_relationed_id`) REFERENCES `persons` (`id`),
  CONSTRAINT `person_relationeds_person_id_foreign` FOREIGN KEY (`person_id`) REFERENCES `persons` (`id`)
) ENGINE=InnoDB DEFAULT CHARSET=utf8mb4 COLLATE=utf8mb4_unicode_ci;

--
-- Dumping data for table `person_relationeds`
--


--
-- Table structure for table `person_types`
--

CREATE TABLE `person_types` (
  `id` int(10) unsigned NOT NULL AUTO_INCREMENT,
  `user_id` int(10) unsigned DEFAULT NULL,
  `description` varchar(180) COLLATE utf8mb4_unicode_ci NOT NULL,
  `created_at` timestamp NULL DEFAULT NULL,
  `updated_at` timestamp NULL DEFAULT NULL,
  `deleted_at` timestamp NULL DEFAULT NULL,
  PRIMARY KEY (`id`),
  UNIQUE KEY `person_types_description_unique` (`description`)
) ENGINE=InnoDB AUTO_INCREMENT=3 DEFAULT CHARSET=utf8mb4 COLLATE=utf8mb4_unicode_ci;

--
-- Dumping data for table `person_types`
--

INSERT INTO `person_types` VALUES (1,NULL,'Persona Humana',NULL,NULL,NULL),(2,NULL,'Persona Juridica',NULL,NULL,NULL);

--
-- Table structure for table `person_zone_actividad`
--

CREATE TABLE `person_zone_actividad` (
  `id` int(10) unsigned NOT NULL AUTO_INCREMENT,
  `user_id` int(10) unsigned DEFAULT NULL,
  `person_id` int(10) unsigned NOT NULL,
  `zone_id` int(10) unsigned NOT NULL,
  `actividad_id` int(10) unsigned NOT NULL,
  `calculo_iibb` int(11) NOT NULL,
  `coef` decimal(16,5) NOT NULL DEFAULT '0.00000',
  `alicuota` decimal(16,5) NOT NULL DEFAULT '0.00000',
  `cm_articulo_regimen_id` int(10) unsigned NOT NULL DEFAULT '1',
  `habilitado` tinyint(1) NOT NULL DEFAULT '1',
  `created_at` timestamp NULL DEFAULT NULL,
  `updated_at` timestamp NULL DEFAULT NULL,
  `deleted_at` timestamp NULL DEFAULT NULL,
  PRIMARY KEY (`id`),
  KEY `person_zone_actividad_person_id_foreign` (`person_id`),
  KEY `person_zone_actividad_zone_id_foreign` (`zone_id`),
  KEY `person_zone_actividad_actividad_id_foreign` (`actividad_id`),
  KEY `person_zone_actividad_cm_articulo_regimen_id_foreign` (`cm_articulo_regimen_id`),
  CONSTRAINT `person_zone_actividad_actividad_id_foreign` FOREIGN KEY (`actividad_id`) REFERENCES `activities` (`id`),
  CONSTRAINT `person_zone_actividad_cm_articulo_regimen_id_foreign` FOREIGN KEY (`cm_articulo_regimen_id`) REFERENCES `cm_articulos_regimenes` (`id`),
  CONSTRAINT `person_zone_actividad_person_id_foreign` FOREIGN KEY (`person_id`) REFERENCES `persons` (`id`),
  CONSTRAINT `person_zone_actividad_zone_id_foreign` FOREIGN KEY (`zone_id`) REFERENCES `zones` (`id`)
) ENGINE=InnoDB AUTO_INCREMENT=5 DEFAULT CHARSET=utf8mb4 COLLATE=utf8mb4_unicode_ci;

--
-- Dumping data for table `person_zone_actividad`
--

INSERT INTO `person_zone_actividad` VALUES (2,8286,40720,3,585,1,0.00000,0.00000,1,1,'2023-01-04 17:35:44','2023-01-04 17:35:44',NULL),(3,8286,40720,3,933,1,0.00000,0.00000,1,1,'2023-01-04 17:35:44','2023-01-04 17:35:44',NULL),(4,8286,40720,3,614,1,0.00000,0.00000,1,1,'2023-01-04 17:35:44','2023-01-04 17:35:44',NULL);

--
-- Table structure for table `person_zones`
--

CREATE TABLE `person_zones` (
  `id` int(10) unsigned NOT NULL AUTO_INCREMENT,
  `user_id` int(10) unsigned DEFAULT NULL,
  `sifere_coef` decimal(8,4) NOT NULL DEFAULT '0.0000',
  `iibb_aliquot` decimal(8,4) NOT NULL DEFAULT '0.0000',
  `zone_id` int(10) unsigned NOT NULL,
  `is_principal` tinyint(1) NOT NULL DEFAULT '0',
  `iibb_perception_id` int(10) unsigned DEFAULT NULL,
  `retention_id` int(10) unsigned DEFAULT NULL,
  `activity_id` int(10) unsigned DEFAULT NULL,
  `created_at` timestamp NULL DEFAULT NULL,
  `updated_at` timestamp NULL DEFAULT NULL,
  `person_id` int(10) unsigned NOT NULL,
  `deleted_at` timestamp NULL DEFAULT NULL,
  PRIMARY KEY (`id`),
  KEY `person_zones_zone_id_foreign` (`zone_id`),
  KEY `person_zones_person_id_foreign` (`person_id`),
  CONSTRAINT `person_zones_person_id_foreign` FOREIGN KEY (`person_id`) REFERENCES `persons` (`id`),
  CONSTRAINT `person_zones_zone_id_foreign` FOREIGN KEY (`zone_id`) REFERENCES `zones` (`id`)
) ENGINE=InnoDB AUTO_INCREMENT=4 DEFAULT CHARSET=utf8mb4 COLLATE=utf8mb4_unicode_ci;

--
-- Dumping data for table `person_zones`
--

INSERT INTO `person_zones` VALUES (1,8031,0.0000,0.0000,22,0,NULL,NULL,NULL,'2023-01-04 09:41:02','2023-01-04 09:41:02',40719,NULL),(3,8286,0.0000,0.0000,3,1,NULL,NULL,NULL,'2023-01-04 17:35:44','2023-01-04 17:35:44',40720,NULL);

--
-- Table structure for table `persons`
--

CREATE TABLE `persons` (
  `id` int(10) unsigned NOT NULL AUTO_INCREMENT,
  `user_id` int(10) unsigned DEFAULT NULL,
  `field_name1` varchar(255) COLLATE utf8mb4_unicode_ci NOT NULL,
  `fantasy_name` text COLLATE utf8mb4_unicode_ci,
  `field_name2` varchar(255) COLLATE utf8mb4_unicode_ci DEFAULT NULL,
  `document_type` varchar(10) COLLATE utf8mb4_unicode_ci NOT NULL,
  `document` varchar(30) COLLATE utf8mb4_unicode_ci NOT NULL,
  `cond_frente_al_iva_id` int(10) unsigned DEFAULT NULL,
  `country_id` int(10) unsigned DEFAULT NULL,
  `state_id` int(10) unsigned DEFAULT NULL,
  `zone_id` int(10) unsigned DEFAULT NULL,
  `plan_cuenta_id` int(10) unsigned DEFAULT NULL,
  `iva_creditos_tipo_id` int(10) unsigned DEFAULT NULL,
  `created_at` timestamp NULL DEFAULT NULL,
  `updated_at` timestamp NULL DEFAULT NULL,
  `activity_id` int(10) unsigned DEFAULT NULL,
  `address` varchar(500) COLLATE utf8mb4_unicode_ci DEFAULT NULL,
  `person_type_id` int(10) unsigned DEFAULT NULL,
  `fa_iva_condition_id` int(10) unsigned DEFAULT NULL,
  `fa_codigo_postal` varchar(180) COLLATE utf8mb4_unicode_ci DEFAULT NULL,
  `email` varchar(180) COLLATE utf8mb4_unicode_ci DEFAULT NULL,
  `deleted_at` timestamp NULL DEFAULT NULL,
  PRIMARY KEY (`id`),
  UNIQUE KEY `document_UNIQUE` (`document`),
  KEY `persons_zone_id_foreign` (`zone_id`),
  KEY `persons_person_type_id_foreign` (`person_type_id`),
  KEY `persons_plan_cuenta_id_foreign` (`plan_cuenta_id`),
  KEY `persons_iva_creditos_tipo_id_foreign` (`iva_creditos_tipo_id`),
  KEY `persons_cond_frente_al_iva_id_foreign` (`cond_frente_al_iva_id`),
  CONSTRAINT `persons_cond_frente_al_iva_id_foreign` FOREIGN KEY (`cond_frente_al_iva_id`) REFERENCES `condicion_frente_al_iva` (`id`),
  CONSTRAINT `persons_iva_creditos_tipo_id_foreign` FOREIGN KEY (`iva_creditos_tipo_id`) REFERENCES `iva_creditos_tipos` (`id`),
  CONSTRAINT `persons_person_type_id_foreign` FOREIGN KEY (`person_type_id`) REFERENCES `person_types` (`id`),
  CONSTRAINT `persons_plan_cuenta_id_foreign` FOREIGN KEY (`plan_cuenta_id`) REFERENCES `conta_plan_cuenta` (`id`),
  CONSTRAINT `persons_zone_id_foreign` FOREIGN KEY (`zone_id`) REFERENCES `zones` (`id`)
) ENGINE=InnoDB AUTO_INCREMENT=40858 DEFAULT CHARSET=utf8mb4 COLLATE=utf8mb4_unicode_ci;

--
-- Dumping data for table `persons`
--

INSERT INTO `persons` VALUES (3,NULL,'Larzabal Hernan',NULL,NULL,'cuit','20-28468190-9',NULL,NULL,22,22,NULL,NULL,'2018-05-12 20:55:07','2018-05-14 01:54:15',1,NULL,1,NULL,NULL,NULL,NULL),(40717,NULL,'Taxes Software',NULL,NULL,'cuit','30-71625124-8',NULL,NULL,22,22,NULL,NULL,NULL,NULL,NULL,NULL,2,NULL,NULL,NULL,NULL),(40718,NULL,'Consumidor Final',NULL,NULL,'cuit','20-11111111-2',NULL,NULL,22,22,NULL,NULL,NULL,NULL,NULL,NULL,NULL,NULL,NULL,NULL,NULL),(40719,8031,'Dusset Guillermo Luis',NULL,NULL,'cuit','20-23915154-0',NULL,NULL,NULL,NULL,NULL,NULL,'2023-01-04 15:40:39','2023-01-04 15:40:39',NULL,NULL,NULL,NULL,NULL,NULL,NULL),(40720,8286,'GÓMEZ MARTINA, Pedro Javier',NULL,NULL,'cuit','20-30532342-0',NULL,NULL,NULL,NULL,NULL,NULL,'2023-01-04 12:44:39','2023-01-04 17:35:44',NULL,'CASA 483 MZ 140 PC 8 0 - BARRIO: SANTA INES - RESISTENCIA - CHACO',1,NULL,NULL,NULL,NULL),(40721,8286,'34381964',NULL,NULL,'dni','34381964',NULL,NULL,NULL,NULL,NULL,NULL,'2023-01-04 18:31:21','2023-01-04 18:31:21',NULL,NULL,NULL,NULL,NULL,NULL,NULL),(40722,8286,'99-99999999-9',NULL,NULL,'cuit','99-99999999-9',NULL,NULL,NULL,NULL,NULL,NULL,'2023-01-04 18:31:22','2023-01-04 18:31:22',NULL,NULL,NULL,NULL,NULL,NULL,NULL),(40723,8286,'34898512',NULL,NULL,'dni','34898512',NULL,NULL,NULL,NULL,NULL,NULL,'2023-01-04 18:31:22','2023-01-04 18:31:22',NULL,NULL,NULL,NULL,NULL,NULL,NULL),(40724,8286,'27374411',NULL,NULL,'dni','27374411',NULL,NULL,NULL,NULL,NULL,NULL,'2023-01-04 18:31:22','2023-01-04 18:31:22',NULL,NULL,NULL,NULL,NULL,NULL,NULL),(40725,8286,'37477858',NULL,NULL,'dni','37477858',NULL,NULL,NULL,NULL,NULL,NULL,'2023-01-04 18:31:22','2023-01-04 18:31:22',NULL,NULL,NULL,NULL,NULL,NULL,NULL),(40726,8286,'40180839',NULL,NULL,'dni','40180839',NULL,NULL,NULL,NULL,NULL,NULL,'2023-01-04 18:31:22','2023-01-04 18:31:22',NULL,NULL,NULL,NULL,NULL,NULL,NULL),(40727,8286,'39617309',NULL,NULL,'dni','39617309',NULL,NULL,NULL,NULL,NULL,NULL,'2023-01-04 18:31:22','2023-01-04 18:31:22',NULL,NULL,NULL,NULL,NULL,NULL,NULL),(40728,8286,'32063749',NULL,NULL,'dni','32063749',NULL,NULL,NULL,NULL,NULL,NULL,'2023-01-04 18:31:22','2023-01-04 18:31:22',NULL,NULL,NULL,NULL,NULL,NULL,NULL),(40729,8286,'29767882',NULL,NULL,'dni','29767882',NULL,NULL,NULL,NULL,NULL,NULL,'2023-01-04 18:31:22','2023-01-04 18:31:22',NULL,NULL,NULL,NULL,NULL,NULL,NULL),(40730,8286,'34915684',NULL,NULL,'dni','34915684',NULL,NULL,NULL,NULL,NULL,NULL,'2023-01-04 18:31:23','2023-01-04 18:31:23',NULL,NULL,NULL,NULL,NULL,NULL,NULL),(40731,8286,'38136990',NULL,NULL,'dni','38136990',NULL,NULL,NULL,NULL,NULL,NULL,'2023-01-04 18:31:23','2023-01-04 18:31:23',NULL,NULL,NULL,NULL,NULL,NULL,NULL),(40732,8286,'37974163',NULL,NULL,'dni','37974163',NULL,NULL,NULL,NULL,NULL,NULL,'2023-01-04 18:31:23','2023-01-04 18:31:23',NULL,NULL,NULL,NULL,NULL,NULL,NULL),(40733,8286,'12793295',NULL,NULL,'dni','12793295',NULL,NULL,NULL,NULL,NULL,NULL,'2023-01-04 18:31:24','2023-01-04 18:31:24',NULL,NULL,NULL,NULL,NULL,NULL,NULL),(40734,8286,'41278455',NULL,NULL,'dni','41278455',NULL,NULL,NULL,NULL,NULL,NULL,'2023-01-04 18:31:24','2023-01-04 18:31:24',NULL,NULL,NULL,NULL,NULL,NULL,NULL),(40735,8286,'41760079',NULL,NULL,'dni','41760079',NULL,NULL,NULL,NULL,NULL,NULL,'2023-01-04 18:31:24','2023-01-04 18:31:24',NULL,NULL,NULL,NULL,NULL,NULL,NULL),(40736,8286,'41039009',NULL,NULL,'dni','41039009',NULL,NULL,NULL,NULL,NULL,NULL,'2023-01-04 18:31:24','2023-01-04 18:31:24',NULL,NULL,NULL,NULL,NULL,NULL,NULL),(40737,8286,'36368994',NULL,NULL,'dni','36368994',NULL,NULL,NULL,NULL,NULL,NULL,'2023-01-04 18:31:24','2023-01-04 18:31:24',NULL,NULL,NULL,NULL,NULL,NULL,NULL),(40738,8286,'22687706',NULL,NULL,'dni','22687706',NULL,NULL,NULL,NULL,NULL,NULL,'2023-01-04 18:31:25','2023-01-04 18:31:25',NULL,NULL,NULL,NULL,NULL,NULL,NULL),(40739,8286,'42029622',NULL,NULL,'dni','42029622',NULL,NULL,NULL,NULL,NULL,NULL,'2023-01-04 18:31:26','2023-01-04 18:31:26',NULL,NULL,NULL,NULL,NULL,NULL,NULL);
INSERT INTO `persons` VALUES (40740,8286,'ESMERALDA S. A. S.',NULL,NULL,'cuit','30-71724999-9',NULL,NULL,NULL,NULL,NULL,NULL,'2023-01-04 18:31:27','2023-01-04 18:31:27',NULL,NULL,NULL,NULL,NULL,NULL,NULL),(40741,8286,'42170687',NULL,NULL,'dni','42170687',NULL,NULL,NULL,NULL,NULL,NULL,'2023-01-04 18:31:28','2023-01-04 18:31:28',NULL,NULL,NULL,NULL,NULL,NULL,NULL),(40742,8286,'28301580',NULL,NULL,'dni','28301580',NULL,NULL,NULL,NULL,NULL,NULL,'2023-01-04 18:31:28','2023-01-04 18:31:28',NULL,NULL,NULL,NULL,NULL,NULL,NULL),(40743,8286,'36613782',NULL,NULL,'dni','36613782',NULL,NULL,NULL,NULL,NULL,NULL,'2023-01-04 18:31:28','2023-01-04 18:31:28',NULL,NULL,NULL,NULL,NULL,NULL,NULL),(40744,8286,'34899964',NULL,NULL,'dni','34899964',NULL,NULL,NULL,NULL,NULL,NULL,'2023-01-04 18:31:29','2023-01-04 18:31:29',NULL,NULL,NULL,NULL,NULL,NULL,NULL),(40745,8286,'40178167',NULL,NULL,'dni','40178167',NULL,NULL,NULL,NULL,NULL,NULL,'2023-01-04 18:31:29','2023-01-04 18:31:29',NULL,NULL,NULL,NULL,NULL,NULL,NULL),(40746,8286,'29561375',NULL,NULL,'dni','29561375',NULL,NULL,NULL,NULL,NULL,NULL,'2023-01-04 18:31:29','2023-01-04 18:31:29',NULL,NULL,NULL,NULL,NULL,NULL,NULL),(40747,8286,'35688446',NULL,NULL,'dni','35688446',NULL,NULL,NULL,NULL,NULL,NULL,'2023-01-04 18:31:29','2023-01-04 18:31:29',NULL,NULL,NULL,NULL,NULL,NULL,NULL),(40748,8286,'36020829',NULL,NULL,'dni','36020829',NULL,NULL,NULL,NULL,NULL,NULL,'2023-01-04 18:31:29','2023-01-04 18:31:29',NULL,NULL,NULL,NULL,NULL,NULL,NULL),(40749,8286,'39776930',NULL,NULL,'dni','39776930',NULL,NULL,NULL,NULL,NULL,NULL,'2023-01-04 18:31:29','2023-01-04 18:31:29',NULL,NULL,NULL,NULL,NULL,NULL,NULL),(40750,8286,'32708985',NULL,NULL,'dni','32708985',NULL,NULL,NULL,NULL,NULL,NULL,'2023-01-04 18:31:29','2023-01-04 18:31:29',NULL,NULL,NULL,NULL,NULL,NULL,NULL),(40751,8286,'25777057',NULL,NULL,'dni','25777057',NULL,NULL,NULL,NULL,NULL,NULL,'2023-01-04 18:31:30','2023-01-04 18:31:30',NULL,NULL,NULL,NULL,NULL,NULL,NULL),(40752,8286,'27274920',NULL,NULL,'dni','27274920',NULL,NULL,NULL,NULL,NULL,NULL,'2023-01-04 18:31:30','2023-01-04 18:31:30',NULL,NULL,NULL,NULL,NULL,NULL,NULL),(40753,8286,'23820812',NULL,NULL,'dni','23820812',NULL,NULL,NULL,NULL,NULL,NULL,'2023-01-04 18:31:30','2023-01-04 18:31:30',NULL,NULL,NULL,NULL,NULL,NULL,NULL),(40754,8286,'34300605',NULL,NULL,'dni','34300605',NULL,NULL,NULL,NULL,NULL,NULL,'2023-01-04 18:31:30','2023-01-04 18:31:30',NULL,NULL,NULL,NULL,NULL,NULL,NULL),(40755,8286,'30412509',NULL,NULL,'dni','30412509',NULL,NULL,NULL,NULL,NULL,NULL,'2023-01-04 18:31:30','2023-01-04 18:31:30',NULL,NULL,NULL,NULL,NULL,NULL,NULL),(40756,8286,'38121525',NULL,NULL,'dni','38121525',NULL,NULL,NULL,NULL,NULL,NULL,'2023-01-04 18:31:31','2023-01-04 18:31:31',NULL,NULL,NULL,NULL,NULL,NULL,NULL),(40757,8286,'40585879',NULL,NULL,'dni','40585879',NULL,NULL,NULL,NULL,NULL,NULL,'2023-01-04 18:31:31','2023-01-04 18:31:31',NULL,NULL,NULL,NULL,NULL,NULL,NULL),(40758,8286,'36197956',NULL,NULL,'dni','36197956',NULL,NULL,NULL,NULL,NULL,NULL,'2023-01-04 18:31:31','2023-01-04 18:31:31',NULL,NULL,NULL,NULL,NULL,NULL,NULL),(40759,8286,'26388635',NULL,NULL,'dni','26388635',NULL,NULL,NULL,NULL,NULL,NULL,'2023-01-04 18:31:32','2023-01-04 18:31:32',NULL,NULL,NULL,NULL,NULL,NULL,NULL),(40760,8286,'40178406',NULL,NULL,'dni','40178406',NULL,NULL,NULL,NULL,NULL,NULL,'2023-01-04 18:31:32','2023-01-04 18:31:32',NULL,NULL,NULL,NULL,NULL,NULL,NULL),(40761,8286,'43617113',NULL,NULL,'dni','43617113',NULL,NULL,NULL,NULL,NULL,NULL,'2023-01-04 18:31:32','2023-01-04 18:31:32',NULL,NULL,NULL,NULL,NULL,NULL,NULL),(40762,8286,'31749154',NULL,NULL,'dni','31749154',NULL,NULL,NULL,NULL,NULL,NULL,'2023-01-04 18:31:32','2023-01-04 18:31:32',NULL,NULL,NULL,NULL,NULL,NULL,NULL),(40763,8286,'32671931',NULL,NULL,'dni','32671931',NULL,NULL,NULL,NULL,NULL,NULL,'2023-01-04 18:31:32','2023-01-04 18:31:32',NULL,NULL,NULL,NULL,NULL,NULL,NULL),(40764,8286,'11111111',NULL,NULL,'dni','11111111',NULL,NULL,NULL,NULL,NULL,NULL,'2023-01-04 18:31:33','2023-01-04 18:31:33',NULL,NULL,NULL,NULL,NULL,NULL,NULL);
INSERT INTO `persons` VALUES (40765,8286,'22164379',NULL,NULL,'dni','22164379',NULL,NULL,NULL,NULL,NULL,NULL,'2023-01-04 18:31:34','2023-01-04 18:31:34',NULL,NULL,NULL,NULL,NULL,NULL,NULL),(40766,8286,'33353011',NULL,NULL,'dni','33353011',NULL,NULL,NULL,NULL,NULL,NULL,'2023-01-04 18:31:38','2023-01-04 18:31:38',NULL,NULL,NULL,NULL,NULL,NULL,NULL),(40767,8286,'RUVIRA SERVICIOS S.A.',NULL,NULL,'cuit','30-71152286-3',NULL,NULL,NULL,NULL,NULL,NULL,'2023-01-04 18:31:40','2023-01-04 18:31:40',NULL,NULL,NULL,NULL,NULL,NULL,NULL),(40768,8286,'FERNANDEZ HECTOR ARNALDO',NULL,NULL,'cuit','20-35079207-5',NULL,NULL,NULL,NULL,NULL,NULL,'2023-01-04 18:31:40','2023-01-04 18:31:40',NULL,NULL,NULL,NULL,NULL,NULL,NULL),(40769,8286,'LEIVA DANIEL',NULL,NULL,'cuit','20-43787854-5',NULL,NULL,NULL,NULL,NULL,NULL,'2023-01-04 18:31:41','2023-01-04 18:31:41',NULL,NULL,NULL,NULL,NULL,NULL,NULL),(40770,8286,'IBAÑEZ GONZALO EMANUEL',NULL,NULL,'cuit','20-42275531-5',NULL,NULL,NULL,NULL,NULL,NULL,'2023-01-04 18:31:41','2023-01-04 18:31:41',NULL,NULL,NULL,NULL,NULL,NULL,NULL),(40771,8286,'DELGADO DARIO DE JESUS',NULL,NULL,'cuit','20-26247481-0',NULL,NULL,NULL,NULL,NULL,NULL,'2023-01-04 18:31:41','2023-01-04 18:31:41',NULL,NULL,NULL,NULL,NULL,NULL,NULL),(40772,8286,'ROMAN MATIAS MAXIMILIANO',NULL,NULL,'cuit','20-39615865-6',NULL,NULL,NULL,NULL,NULL,NULL,'2023-01-04 18:31:41','2023-01-04 18:31:41',NULL,NULL,NULL,NULL,NULL,NULL,NULL),(40773,8286,'QEIS S. A. S.',NULL,NULL,'cuit','30-71767848-2',NULL,NULL,NULL,NULL,NULL,NULL,'2023-01-04 18:31:41','2023-01-04 18:31:41',NULL,NULL,NULL,NULL,NULL,NULL,NULL),(40774,8286,'GERINGUELLI WALTER EDUARDO',NULL,NULL,'cuit','20-37793232-4',NULL,NULL,NULL,NULL,NULL,NULL,'2023-01-04 18:31:41','2023-01-04 18:31:41',NULL,NULL,NULL,NULL,NULL,NULL,NULL),(40775,8286,'LOPEZ EMANUEL',NULL,NULL,'cuit','20-41516287-2',NULL,NULL,NULL,NULL,NULL,NULL,'2023-01-04 18:31:41','2023-01-04 18:31:41',NULL,NULL,NULL,NULL,NULL,NULL,NULL),(40776,8286,'AGUIRRE SANTIAGO LUIS',NULL,NULL,'cuit','20-45371538-9',NULL,NULL,NULL,NULL,NULL,NULL,'2023-01-04 18:31:41','2023-01-04 18:31:41',NULL,NULL,NULL,NULL,NULL,NULL,NULL),(40777,8286,'MARTINEZ LAUTARO BERNABE',NULL,NULL,'cuit','20-43478208-3',NULL,NULL,NULL,NULL,NULL,NULL,'2023-01-04 18:31:42','2023-01-04 18:31:42',NULL,NULL,NULL,NULL,NULL,NULL,NULL),(40778,8286,'SEGOVIA SABINA MAIRA',NULL,NULL,'cuit','27-35469992-9',NULL,NULL,NULL,NULL,NULL,NULL,'2023-01-04 18:31:42','2023-01-04 18:31:42',NULL,NULL,NULL,NULL,NULL,NULL,NULL),(40779,8286,'ARAMBULO FRANCIS OSMAR',NULL,NULL,'cuit','20-37479444-3',NULL,NULL,NULL,NULL,NULL,NULL,'2023-01-04 18:31:42','2023-01-04 18:31:42',NULL,NULL,NULL,NULL,NULL,NULL,NULL),(40780,8286,'VALLEJOS KEVIN ISAIAS DAVID',NULL,NULL,'cuit','20-43343639-4',NULL,NULL,NULL,NULL,NULL,NULL,'2023-01-04 18:31:42','2023-01-04 18:31:42',NULL,NULL,NULL,NULL,NULL,NULL,NULL),(40781,8286,'ROJO LUCAS GASTON',NULL,NULL,'cuit','20-40180837-0',NULL,NULL,NULL,NULL,NULL,NULL,'2023-01-04 18:31:42','2023-01-04 18:31:42',NULL,NULL,NULL,NULL,NULL,NULL,NULL),(40782,8286,'LEZAMA ARIEL ALEJANDRO',NULL,NULL,'cuit','20-40607625-4',NULL,NULL,NULL,NULL,NULL,NULL,'2023-01-04 18:31:42','2023-01-04 18:31:42',NULL,NULL,NULL,NULL,NULL,NULL,NULL),(40783,8286,'ESTIGARRIBIA RODRIGO DANIEL',NULL,NULL,'cuit','20-39181004-5',NULL,NULL,NULL,NULL,NULL,NULL,'2023-01-04 18:31:42','2023-01-04 18:31:42',NULL,NULL,NULL,NULL,NULL,NULL,NULL),(40784,8286,'GUTIERREZ ALEJANDRO ISMAEL',NULL,NULL,'cuit','20-32063623-0',NULL,NULL,NULL,NULL,NULL,NULL,'2023-01-04 18:31:42','2023-01-04 18:31:42',NULL,NULL,NULL,NULL,NULL,NULL,NULL),(40785,8286,'ORTIZ DANIELA ELIZABETH',NULL,NULL,'cuit','27-34478916-4',NULL,NULL,NULL,NULL,NULL,NULL,'2023-01-04 18:31:42','2023-01-04 18:31:42',NULL,NULL,NULL,NULL,NULL,NULL,NULL),(40786,8286,'MANSILLA GABRIELA ARACELI',NULL,NULL,'cuit','27-38937422-4',NULL,NULL,NULL,NULL,NULL,NULL,'2023-01-04 18:31:42','2023-01-04 18:31:42',NULL,NULL,NULL,NULL,NULL,NULL,NULL);
INSERT INTO `persons` VALUES (40787,8286,'LUJAN FRANCO ARIEL',NULL,NULL,'cuit','23-34915684-9',NULL,NULL,NULL,NULL,NULL,NULL,'2023-01-04 18:31:42','2023-01-04 18:31:42',NULL,NULL,NULL,NULL,NULL,NULL,NULL),(40788,8286,'PICCHIO ZAMUDIO ALVARO EMANUEL',NULL,NULL,'cuit','20-38876059-2',NULL,NULL,NULL,NULL,NULL,NULL,'2023-01-04 18:31:42','2023-01-04 18:31:42',NULL,NULL,NULL,NULL,NULL,NULL,NULL),(40789,8286,'WESTTESTEN GUILLERMO GERMAN',NULL,NULL,'cuit','20-34301044-4',NULL,NULL,NULL,NULL,NULL,NULL,'2023-01-04 18:31:42','2023-01-04 18:31:42',NULL,NULL,NULL,NULL,NULL,NULL,NULL),(40790,8286,'SOSA EMILIANO RAFAEL',NULL,NULL,'cuit','20-38713202-4',NULL,NULL,NULL,NULL,NULL,NULL,'2023-01-04 18:31:43','2023-01-04 18:31:43',NULL,NULL,NULL,NULL,NULL,NULL,NULL),(40791,8286,'SOTELO PABLO LEONARDO',NULL,NULL,'cuit','20-36506829-2',NULL,NULL,NULL,NULL,NULL,NULL,'2023-01-04 18:31:43','2023-01-04 18:31:43',NULL,NULL,NULL,NULL,NULL,NULL,NULL),(40792,8286,'CORRALES ALAN MIQUEAS',NULL,NULL,'cuit','20-47366560-4',NULL,NULL,NULL,NULL,NULL,NULL,'2023-01-04 18:31:43','2023-01-04 18:31:43',NULL,NULL,NULL,NULL,NULL,NULL,NULL),(40793,8286,'FERREIRO BRAIAN JONATAN',NULL,NULL,'cuit','20-29498295-8',NULL,NULL,NULL,NULL,NULL,NULL,'2023-01-04 18:31:43','2023-01-04 18:31:43',NULL,NULL,NULL,NULL,NULL,NULL,NULL),(40794,8286,'SEGOVIA LUCAS NATANAEL',NULL,NULL,'cuit','20-41429989-0',NULL,NULL,NULL,NULL,NULL,NULL,'2023-01-04 18:31:43','2023-01-04 18:31:43',NULL,NULL,NULL,NULL,NULL,NULL,NULL),(40795,8286,'MOLINA MAURICIO DARIO',NULL,NULL,'cuit','20-37711647-0',NULL,NULL,NULL,NULL,NULL,NULL,'2023-01-04 18:31:43','2023-01-04 18:31:43',NULL,NULL,NULL,NULL,NULL,NULL,NULL),(40796,8286,'BARBERO SOTELO MATHIAS ALEJANDRO',NULL,NULL,'cuit','20-38765858-1',NULL,NULL,NULL,NULL,NULL,NULL,'2023-01-04 18:31:43','2023-01-04 18:31:43',NULL,NULL,NULL,NULL,NULL,NULL,NULL),(40797,8286,'CEJAS ARIEL SEBASTIAN',NULL,NULL,'cuit','20-35969768-7',NULL,NULL,NULL,NULL,NULL,NULL,'2023-01-04 18:31:43','2023-01-04 18:31:43',NULL,NULL,NULL,NULL,NULL,NULL,NULL),(40798,8286,'LEGUIZA CLAUDIO EMANUEL',NULL,NULL,'cuit','20-38194006-4',NULL,NULL,NULL,NULL,NULL,NULL,'2023-01-04 18:31:43','2023-01-04 18:31:43',NULL,NULL,NULL,NULL,NULL,NULL,NULL),(40799,8286,'ABREU LAVAGNO DAFNE NAHIARA',NULL,NULL,'cuit','27-42406452-7',NULL,NULL,NULL,NULL,NULL,NULL,'2023-01-04 18:31:43','2023-01-04 18:31:43',NULL,NULL,NULL,NULL,NULL,NULL,NULL),(40800,8286,'VALENZUELA MAIRA ROSANA',NULL,NULL,'cuit','23-35769068-4',NULL,NULL,NULL,NULL,NULL,NULL,'2023-01-04 18:31:43','2023-01-04 18:31:43',NULL,NULL,NULL,NULL,NULL,NULL,NULL),(40801,8286,'ARAYA KOROVAICHUK PABLO IVAN',NULL,NULL,'cuit','23-42537794-9',NULL,NULL,NULL,NULL,NULL,NULL,'2023-01-04 18:31:43','2023-01-04 18:31:43',NULL,NULL,NULL,NULL,NULL,NULL,NULL),(40802,8286,'PRIETO RAUL RICARDO',NULL,NULL,'cuit','20-40836946-1',NULL,NULL,NULL,NULL,NULL,NULL,'2023-01-04 18:31:43','2023-01-04 18:31:43',NULL,NULL,NULL,NULL,NULL,NULL,NULL),(40803,8286,'SERVIGOM S.R.L.',NULL,NULL,'cuit','30-71017903-0',NULL,NULL,NULL,NULL,NULL,NULL,'2023-01-04 18:31:44','2023-01-04 18:31:44',NULL,NULL,NULL,NULL,NULL,NULL,NULL),(40804,8286,'ROMERO JORGE DANIEL',NULL,NULL,'cuit','20-28661206-8',NULL,NULL,NULL,NULL,NULL,NULL,'2023-01-04 18:31:44','2023-01-04 18:31:44',NULL,NULL,NULL,NULL,NULL,NULL,NULL),(40805,8286,'RAMOS ALEXIS JONATHAN',NULL,NULL,'cuit','20-39938292-1',NULL,NULL,NULL,NULL,NULL,NULL,'2023-01-04 18:31:44','2023-01-04 18:31:44',NULL,NULL,NULL,NULL,NULL,NULL,NULL),(40806,8286,'TALAVERA GIANFRANCO ALBERTO',NULL,NULL,'cuit','20-37793833-0',NULL,NULL,NULL,NULL,NULL,NULL,'2023-01-04 18:31:44','2023-01-04 18:31:44',NULL,NULL,NULL,NULL,NULL,NULL,NULL),(40807,8286,'ROLON EDUARDO CARLOS',NULL,NULL,'cuit','23-33685131-9',NULL,NULL,NULL,NULL,NULL,NULL,'2023-01-04 18:31:44','2023-01-04 18:31:44',NULL,NULL,NULL,NULL,NULL,NULL,NULL),(40808,8286,'GOMEZ JUAN IGNACIO',NULL,NULL,'cuit','20-36210692-4',NULL,NULL,NULL,NULL,NULL,NULL,'2023-01-04 18:31:44','2023-01-04 18:31:44',NULL,NULL,NULL,NULL,NULL,NULL,NULL);
INSERT INTO `persons` VALUES (40809,8286,'GOMEZ EMANUEL GUSTAVO EZEQUIEL',NULL,NULL,'cuit','20-35497137-3',NULL,NULL,NULL,NULL,NULL,NULL,'2023-01-04 18:31:44','2023-01-04 18:31:44',NULL,NULL,NULL,NULL,NULL,NULL,NULL),(40810,8286,'GALARZA SEBASTIAN ABEL',NULL,NULL,'cuit','23-30789770-9',NULL,NULL,NULL,NULL,NULL,NULL,'2023-01-04 18:31:44','2023-01-04 18:31:44',NULL,NULL,NULL,NULL,NULL,NULL,NULL),(40811,8286,'LOPEZ LAUTARO GASTON ANDRES',NULL,NULL,'cuit','20-44387143-9',NULL,NULL,NULL,NULL,NULL,NULL,'2023-01-04 18:31:44','2023-01-04 18:31:44',NULL,NULL,NULL,NULL,NULL,NULL,NULL),(40812,8286,'BARRIONUEVO MIGUEL OSCAR',NULL,NULL,'cuit','20-21598053-8',NULL,NULL,NULL,NULL,NULL,NULL,'2023-01-04 18:31:44','2023-01-04 18:31:44',NULL,NULL,NULL,NULL,NULL,NULL,NULL),(40813,8286,'SANCHEZ DARIO IVAN',NULL,NULL,'cuit','20-34941081-9',NULL,NULL,NULL,NULL,NULL,NULL,'2023-01-04 18:31:44','2023-01-04 18:31:44',NULL,NULL,NULL,NULL,NULL,NULL,NULL),(40814,8286,'MAKSIMCHUK ALEJANDRO DAVID',NULL,NULL,'cuit','20-39308325-6',NULL,NULL,NULL,NULL,NULL,NULL,'2023-01-04 18:31:45','2023-01-04 18:31:45',NULL,NULL,NULL,NULL,NULL,NULL,NULL),(40815,8286,'GONZALEZ SANCHEZ ROCIO MAGALI',NULL,NULL,'cuit','27-38120879-1',NULL,NULL,NULL,NULL,NULL,NULL,'2023-01-04 18:31:45','2023-01-04 18:31:45',NULL,NULL,NULL,NULL,NULL,NULL,NULL),(40816,8286,'MANSILLA ALEJANDRO ARIEL',NULL,NULL,'cuit','20-33549348-7',NULL,NULL,NULL,NULL,NULL,NULL,'2023-01-04 18:31:45','2023-01-04 18:31:45',NULL,NULL,NULL,NULL,NULL,NULL,NULL),(40817,8286,'RODRIGUEZ GIANCARLO FABIAN',NULL,NULL,'cuit','20-35301997-0',NULL,NULL,NULL,NULL,NULL,NULL,'2023-01-04 18:31:45','2023-01-04 18:31:45',NULL,NULL,NULL,NULL,NULL,NULL,NULL),(40818,8286,'CUENCA EDEN ARNALDO',NULL,NULL,'cuit','20-34219795-8',NULL,NULL,NULL,NULL,NULL,NULL,'2023-01-04 18:31:45','2023-01-04 18:31:45',NULL,NULL,NULL,NULL,NULL,NULL,NULL),(40819,8286,'DISTRIBUCIONES AR',NULL,NULL,'cuit','30-71781457-2',NULL,NULL,NULL,NULL,NULL,NULL,'2023-01-04 18:31:55','2023-01-04 18:31:55',NULL,NULL,NULL,NULL,NULL,NULL,NULL),(40820,8286,'ZANEL ENZO RODRIGO',NULL,NULL,'cuit','20-26694086-7',NULL,NULL,NULL,NULL,NULL,NULL,'2023-01-04 18:31:55','2023-01-04 18:31:55',NULL,NULL,NULL,NULL,NULL,NULL,NULL),(40821,8286,'DROCEZESKY SERGIO GUSTAVO',NULL,NULL,'cuit','20-22905686-8',NULL,NULL,NULL,NULL,NULL,NULL,'2023-01-04 18:31:55','2023-01-04 18:31:55',NULL,NULL,NULL,NULL,NULL,NULL,NULL),(40822,8286,'ALIBABA SRL',NULL,NULL,'cuit','33-71442191-9',NULL,NULL,NULL,NULL,NULL,NULL,'2023-01-04 18:31:55','2023-01-04 18:31:55',NULL,NULL,NULL,NULL,NULL,NULL,NULL),(40823,8286,'AMX ARGENTINA SOCIEDAD ANONIMA',NULL,NULL,'cuit','30-66328849-7',NULL,NULL,NULL,NULL,NULL,NULL,'2023-01-04 18:31:56','2023-01-04 18:31:56',NULL,NULL,NULL,NULL,NULL,NULL,NULL),(40824,8286,'ME DOLPHINGCELL',NULL,NULL,'cuit','30-71739112-4',NULL,NULL,NULL,NULL,NULL,NULL,'2023-01-04 18:31:57','2023-01-04 18:31:57',NULL,NULL,NULL,NULL,NULL,NULL,NULL),(40825,8286,'IMPORT FLEX SRL',NULL,NULL,'cuit','30-71643798-8',NULL,NULL,NULL,NULL,NULL,NULL,'2023-01-04 18:31:57','2023-01-04 18:31:57',NULL,NULL,NULL,NULL,NULL,NULL,NULL),(40826,8286,'VIGNOLO ILUMINACION SRL',NULL,NULL,'cuit','30-70884513-9',NULL,NULL,NULL,NULL,NULL,NULL,'2023-01-04 18:31:57','2023-01-04 18:31:57',NULL,NULL,NULL,NULL,NULL,NULL,NULL),(40827,8286,'COBRANZAS REGIONALES S.A.',NULL,NULL,'cuit','30-70721370-8',NULL,NULL,NULL,NULL,NULL,NULL,'2023-01-04 18:31:57','2023-01-04 18:31:57',NULL,NULL,NULL,NULL,NULL,NULL,NULL),(40828,8286,'UNIMACO S.A.',NULL,NULL,'cuit','30-70899230-1',NULL,NULL,NULL,NULL,NULL,NULL,'2023-01-04 18:31:57','2023-01-04 18:31:57',NULL,NULL,NULL,NULL,NULL,NULL,NULL),(40829,8286,'HOPE SRL',NULL,NULL,'cuit','30-71669956-7',NULL,NULL,NULL,NULL,NULL,NULL,'2023-01-04 18:31:57','2023-01-04 18:31:57',NULL,NULL,NULL,NULL,NULL,NULL,NULL),(40830,8286,'CELCITY S.R.L.',NULL,NULL,'cuit','30-71060377-0',NULL,NULL,NULL,NULL,NULL,NULL,'2023-01-04 18:31:58','2023-01-04 18:31:58',NULL,NULL,NULL,NULL,NULL,NULL,NULL);
INSERT INTO `persons` VALUES (40831,8286,'POSNET SOCIEDAD DE RESPONSABILIDAD LIMITADA',NULL,NULL,'cuit','30-62017749-7',NULL,NULL,NULL,NULL,NULL,NULL,'2023-01-04 18:31:58','2023-01-04 18:31:58',NULL,NULL,NULL,NULL,NULL,NULL,NULL),(40832,8286,'INDUSTRIAS PLASTICAS CHACO SOCIEDAD ANONIMA',NULL,NULL,'cuit','30-71501926-0',NULL,NULL,NULL,NULL,NULL,NULL,'2023-01-04 18:31:58','2023-01-04 18:31:58',NULL,NULL,NULL,NULL,NULL,NULL,NULL),(40833,8286,'37438567',NULL,NULL,'dni','37438567',NULL,NULL,NULL,NULL,NULL,NULL,'2023-01-04 18:53:36','2023-01-04 18:53:36',NULL,NULL,NULL,NULL,NULL,NULL,NULL),(40834,8286,'29409970',NULL,NULL,'dni','29409970',NULL,NULL,NULL,NULL,NULL,NULL,'2023-01-04 18:53:37','2023-01-04 18:53:37',NULL,NULL,NULL,NULL,NULL,NULL,NULL),(40835,8286,'28001187',NULL,NULL,'dni','28001187',NULL,NULL,NULL,NULL,NULL,NULL,'2023-01-04 18:53:37','2023-01-04 18:53:37',NULL,NULL,NULL,NULL,NULL,NULL,NULL),(40836,8286,'39181004',NULL,NULL,'dni','39181004',NULL,NULL,NULL,NULL,NULL,NULL,'2023-01-04 18:53:37','2023-01-04 18:53:37',NULL,NULL,NULL,NULL,NULL,NULL,NULL),(40837,8286,'36972496',NULL,NULL,'dni','36972496',NULL,NULL,NULL,NULL,NULL,NULL,'2023-01-04 18:53:37','2023-01-04 18:53:37',NULL,NULL,NULL,NULL,NULL,NULL,NULL),(40838,8286,'32729084',NULL,NULL,'dni','32729084',NULL,NULL,NULL,NULL,NULL,NULL,'2023-01-04 18:53:37','2023-01-04 18:53:37',NULL,NULL,NULL,NULL,NULL,NULL,NULL),(40839,8286,'28111520',NULL,NULL,'dni','28111520',NULL,NULL,NULL,NULL,NULL,NULL,'2023-01-04 18:53:38','2023-01-04 18:53:38',NULL,NULL,NULL,NULL,NULL,NULL,NULL),(40840,8286,'39177845',NULL,NULL,'dni','39177845',NULL,NULL,NULL,NULL,NULL,NULL,'2023-01-04 18:53:38','2023-01-04 18:53:38',NULL,NULL,NULL,NULL,NULL,NULL,NULL),(40841,8286,'43377306',NULL,NULL,'dni','43377306',NULL,NULL,NULL,NULL,NULL,NULL,'2023-01-04 18:53:38','2023-01-04 18:53:38',NULL,NULL,NULL,NULL,NULL,NULL,NULL),(40842,8286,'32213266',NULL,NULL,'dni','32213266',NULL,NULL,NULL,NULL,NULL,NULL,'2023-01-04 18:53:38','2023-01-04 18:53:38',NULL,NULL,NULL,NULL,NULL,NULL,NULL),(40843,8286,'41974734',NULL,NULL,'dni','41974734',NULL,NULL,NULL,NULL,NULL,NULL,'2023-01-04 18:53:39','2023-01-04 18:53:39',NULL,NULL,NULL,NULL,NULL,NULL,NULL),(40844,8286,'25135680',NULL,NULL,'dni','25135680',NULL,NULL,NULL,NULL,NULL,NULL,'2023-01-04 18:53:39','2023-01-04 18:53:39',NULL,NULL,NULL,NULL,NULL,NULL,NULL),(40845,8286,'37796723',NULL,NULL,'dni','37796723',NULL,NULL,NULL,NULL,NULL,NULL,'2023-01-04 18:53:39','2023-01-04 18:53:39',NULL,NULL,NULL,NULL,NULL,NULL,NULL),(40846,8286,'37507878',NULL,NULL,'dni','37507878',NULL,NULL,NULL,NULL,NULL,NULL,'2023-01-04 18:53:39','2023-01-04 18:53:39',NULL,NULL,NULL,NULL,NULL,NULL,NULL),(40847,8286,'INNOCENTI YAMILA DE LOS MILAGROS Y PIGNATTA MAXIMILIANO',NULL,NULL,'cuit','30-71557887-1',NULL,NULL,NULL,NULL,NULL,NULL,'2023-01-04 18:54:18','2023-01-04 18:54:18',NULL,NULL,NULL,NULL,NULL,NULL,NULL),(40848,8286,'CARPINTERIA RIVADAVIA SA',NULL,NULL,'cuit','30-70876823-1',NULL,NULL,NULL,NULL,NULL,NULL,'2023-01-04 18:54:18','2023-01-04 18:54:18',NULL,NULL,NULL,NULL,NULL,NULL,NULL),(40849,8286,'TEMPORETTI DIEGO OSCAR',NULL,NULL,'cuit','23-26407464-9',NULL,NULL,NULL,NULL,NULL,NULL,'2023-01-04 18:54:18','2023-01-04 18:54:18',NULL,NULL,NULL,NULL,NULL,NULL,NULL),(40850,8286,'CASA AIDES S A',NULL,NULL,'cuit','30-52588208-6',NULL,NULL,NULL,NULL,NULL,NULL,'2023-01-04 18:54:18','2023-01-04 18:54:18',NULL,NULL,NULL,NULL,NULL,NULL,NULL),(40851,8286,'UGRAND SAS',NULL,NULL,'cuit','30-71675668-4',NULL,NULL,NULL,NULL,NULL,NULL,'2023-01-04 18:54:18','2023-01-04 18:54:18',NULL,NULL,NULL,NULL,NULL,NULL,NULL),(40852,8286,'GRUPO FULL S.R.L.',NULL,NULL,'cuit','30-71510140-4',NULL,NULL,NULL,NULL,NULL,NULL,'2023-01-04 18:54:18','2023-01-04 18:54:18',NULL,NULL,NULL,NULL,NULL,NULL,NULL),(40853,8286,'ZANEL JAZMIN MARIA',NULL,NULL,'cuit','27-41863809-0',NULL,NULL,NULL,NULL,NULL,NULL,'2023-01-04 18:54:18','2023-01-04 18:54:18',NULL,NULL,NULL,NULL,NULL,NULL,NULL);
INSERT INTO `persons` VALUES (40854,8286,'MEUCCI MARIA ALICIA',NULL,NULL,'cuit','27-17017183-2',NULL,NULL,NULL,NULL,NULL,NULL,'2023-01-04 18:54:18','2023-01-04 18:54:18',NULL,NULL,NULL,NULL,NULL,NULL,NULL),(40855,8286,'MAYCAR SOCIEDAD ANONIMA',NULL,NULL,'cuit','30-61286533-3',NULL,NULL,NULL,NULL,NULL,NULL,'2023-01-04 18:54:18','2023-01-04 18:54:18',NULL,NULL,NULL,NULL,NULL,NULL,NULL),(40856,8286,'PONTEC S.A.',NULL,NULL,'cuit','30-71565406-3',NULL,NULL,NULL,NULL,NULL,NULL,'2023-01-04 18:54:18','2023-01-04 18:54:18',NULL,NULL,NULL,NULL,NULL,NULL,NULL),(40857,8286,'COOPERATIVA DE TRABAJO JOSE M ESTRADA LTDA',NULL,NULL,'cuit','30-68608846-0',NULL,NULL,NULL,NULL,NULL,NULL,'2023-01-04 18:54:18','2023-01-04 18:54:18',NULL,NULL,NULL,NULL,NULL,NULL,NULL);

--
-- Table structure for table `persons_datos`
--

CREATE TABLE `persons_datos` (
  `id` bigint(20) unsigned NOT NULL AUTO_INCREMENT,
  `user_id` int(10) unsigned DEFAULT NULL,
  `person_id` int(10) unsigned NOT NULL,
  `dato_1` longtext COLLATE utf8mb4_unicode_ci,
  `dato_2` longtext COLLATE utf8mb4_unicode_ci,
  `dato_3` longtext COLLATE utf8mb4_unicode_ci,
  `dato_4` longtext COLLATE utf8mb4_unicode_ci,
  `dato_5` longtext COLLATE utf8mb4_unicode_ci,
  `created_at` timestamp NULL DEFAULT NULL,
  `updated_at` timestamp NULL DEFAULT NULL,
  `deleted_at` timestamp NULL DEFAULT NULL,
  PRIMARY KEY (`id`),
  KEY `persons_datos_person_id_foreign` (`person_id`),
  CONSTRAINT `persons_datos_person_id_foreign` FOREIGN KEY (`person_id`) REFERENCES `persons` (`id`)
) ENGINE=InnoDB DEFAULT CHARSET=utf8mb4 COLLATE=utf8mb4_unicode_ci;

--
-- Dumping data for table `persons_datos`
--


--
-- Table structure for table `persons_sicore`
--

CREATE TABLE `persons_sicore` (
  `id` bigint(20) unsigned NOT NULL AUTO_INCREMENT,
  `person_id` int(10) unsigned NOT NULL,
  `is_inscripto` tinyint(1) NOT NULL,
  `sicore_regimen_id` bigint(20) unsigned NOT NULL,
  `deleted_at` timestamp NULL DEFAULT NULL,
  `created_at` timestamp NULL DEFAULT NULL,
  `updated_at` timestamp NULL DEFAULT NULL,
  PRIMARY KEY (`id`),
  KEY `persons_sicore_person_id_foreign` (`person_id`),
  KEY `persons_sicore_sicore_regimen_id_foreign` (`sicore_regimen_id`),
  CONSTRAINT `persons_sicore_person_id_foreign` FOREIGN KEY (`person_id`) REFERENCES `persons` (`id`),
  CONSTRAINT `persons_sicore_sicore_regimen_id_foreign` FOREIGN KEY (`sicore_regimen_id`) REFERENCES `sicore_regimenes` (`id`)
) ENGINE=InnoDB DEFAULT CHARSET=utf8mb4 COLLATE=utf8mb4_unicode_ci;

--
-- Dumping data for table `persons_sicore`
--


--
-- Table structure for table `presupuesto_config`
--

CREATE TABLE `presupuesto_config` (
  `id` int(10) unsigned NOT NULL AUTO_INCREMENT,
  `user_id` int(10) unsigned DEFAULT NULL,
  `person_id` int(10) unsigned NOT NULL,
  `num_inicial` int(10) unsigned NOT NULL DEFAULT '0',
  `created_at` timestamp NULL DEFAULT NULL,
  `updated_at` timestamp NULL DEFAULT NULL,
  `deleted_at` timestamp NULL DEFAULT NULL,
  PRIMARY KEY (`id`),
  KEY `presupuesto_config_person_id_foreign` (`person_id`),
  CONSTRAINT `presupuesto_config_person_id_foreign` FOREIGN KEY (`person_id`) REFERENCES `persons` (`id`)
) ENGINE=InnoDB DEFAULT CHARSET=utf8mb4 COLLATE=utf8mb4_unicode_ci;

--
-- Dumping data for table `presupuesto_config`
--


--
-- Table structure for table `presupuestos`
--

CREATE TABLE `presupuestos` (
  `id` int(10) unsigned NOT NULL AUTO_INCREMENT,
  `user_id` int(10) unsigned NOT NULL,
  `fecha` date NOT NULL DEFAULT '2019-12-23',
  `punto_venta_id` int(10) unsigned NOT NULL,
  `system_tax_id` int(10) unsigned NOT NULL DEFAULT '7',
  `numero` int(10) unsigned NOT NULL,
  `person_id` int(10) unsigned NOT NULL,
  `person_id_receptor` int(10) unsigned NOT NULL DEFAULT '3',
  `texto` longtext COLLATE utf8mb4_unicode_ci,
  `iva_si_no` tinyint(1) NOT NULL DEFAULT '0',
  `neto` decimal(16,2) NOT NULL DEFAULT '0.00',
  `iva` decimal(16,2) NOT NULL DEFAULT '0.00',
  `total` decimal(16,2) NOT NULL DEFAULT '0.00',
  `comentario` varchar(191) COLLATE utf8mb4_unicode_ci DEFAULT NULL,
  `created_at` timestamp NULL DEFAULT NULL,
  `updated_at` timestamp NULL DEFAULT NULL,
  `deleted_at` timestamp NULL DEFAULT NULL,
  PRIMARY KEY (`id`),
  KEY `presupuestos_punto_venta_id_foreign` (`punto_venta_id`),
  KEY `presupuestos_person_id_foreign` (`person_id`),
  KEY `presupuestos_person_id_receptor_foreign` (`person_id_receptor`),
  KEY `presupuestos_system_tax_id_foreign` (`system_tax_id`),
  CONSTRAINT `presupuestos_person_id_foreign` FOREIGN KEY (`person_id`) REFERENCES `persons` (`id`),
  CONSTRAINT `presupuestos_person_id_receptor_foreign` FOREIGN KEY (`person_id_receptor`) REFERENCES `persons` (`id`),
  CONSTRAINT `presupuestos_punto_venta_id_foreign` FOREIGN KEY (`punto_venta_id`) REFERENCES `fact_elec_puntos_venta` (`id`),
  CONSTRAINT `presupuestos_system_tax_id_foreign` FOREIGN KEY (`system_tax_id`) REFERENCES `system_taxes` (`id`)
) ENGINE=InnoDB DEFAULT CHARSET=utf8mb4 COLLATE=utf8mb4_unicode_ci;

--
-- Dumping data for table `presupuestos`
--


--
-- Table structure for table `querys`
--

CREATE TABLE `querys` (
  `id` bigint(20) unsigned NOT NULL AUTO_INCREMENT,
  `user_id` int(10) unsigned DEFAULT NULL,
  `descripcion` varchar(191) COLLATE utf8mb4_unicode_ci DEFAULT NULL,
  `habilitado` tinyint(1) NOT NULL DEFAULT '1',
  `created_at` timestamp NULL DEFAULT NULL,
  `updated_at` timestamp NULL DEFAULT NULL,
  `deleted_at` timestamp NULL DEFAULT NULL,
  PRIMARY KEY (`id`)
) ENGINE=InnoDB AUTO_INCREMENT=2 DEFAULT CHARSET=utf8mb4 COLLATE=utf8mb4_unicode_ci;

--
-- Dumping data for table `querys`
--

INSERT INTO `querys` VALUES (1,NULL,'Factura Electronica Masiva Productos',1,'2023-01-04 09:40:57','2023-01-04 09:40:57',NULL);

--
-- Table structure for table `querys_details`
--

CREATE TABLE `querys_details` (
  `id` bigint(20) unsigned NOT NULL AUTO_INCREMENT,
  `user_id` int(10) unsigned DEFAULT NULL,
  `person_id` int(10) unsigned DEFAULT NULL,
  `query_id` bigint(20) unsigned NOT NULL,
  `descripcion` longtext COLLATE utf8mb4_unicode_ci,
  `created_at` timestamp NULL DEFAULT NULL,
  `updated_at` timestamp NULL DEFAULT NULL,
  `deleted_at` timestamp NULL DEFAULT NULL,
  PRIMARY KEY (`id`),
  KEY `querys_details_query_id_foreign` (`query_id`),
  KEY `querys_details_person_id_foreign` (`person_id`),
  CONSTRAINT `querys_details_person_id_foreign` FOREIGN KEY (`person_id`) REFERENCES `persons` (`id`),
  CONSTRAINT `querys_details_query_id_foreign` FOREIGN KEY (`query_id`) REFERENCES `querys` (`id`)
) ENGINE=InnoDB DEFAULT CHARSET=utf8mb4 COLLATE=utf8mb4_unicode_ci;

--
-- Dumping data for table `querys_details`
--


--
-- Table structure for table `queue_proceso_resultado`
--

CREATE TABLE `queue_proceso_resultado` (
  `id` int(10) unsigned NOT NULL AUTO_INCREMENT,
  `user_id` int(10) unsigned DEFAULT NULL,
  `queue_proceso_id` int(10) unsigned DEFAULT NULL,
  `resultado` longtext COLLATE utf8mb4_unicode_ci,
  `created_at` timestamp NULL DEFAULT NULL,
  `updated_at` timestamp NULL DEFAULT NULL,
  `deleted_at` timestamp NULL DEFAULT NULL,
  PRIMARY KEY (`id`),
  KEY `queue_proceso_resultado_queue_proceso_id_foreign` (`queue_proceso_id`),
  CONSTRAINT `queue_proceso_resultado_queue_proceso_id_foreign` FOREIGN KEY (`queue_proceso_id`) REFERENCES `queue_procesos` (`id`)
) ENGINE=InnoDB DEFAULT CHARSET=utf8mb4 COLLATE=utf8mb4_unicode_ci;

--
-- Dumping data for table `queue_proceso_resultado`
--


--
-- Table structure for table `queue_procesos`
--

CREATE TABLE `queue_procesos` (
  `id` int(10) unsigned NOT NULL AUTO_INCREMENT,
  `user_id` int(10) unsigned DEFAULT NULL,
  `descripcion` text COLLATE utf8mb4_unicode_ci NOT NULL,
  `created_at` timestamp NULL DEFAULT NULL,
  `updated_at` timestamp NULL DEFAULT NULL,
  `deleted_at` timestamp NULL DEFAULT NULL,
  PRIMARY KEY (`id`)
) ENGINE=InnoDB AUTO_INCREMENT=5 DEFAULT CHARSET=utf8mb4 COLLATE=utf8mb4_unicode_ci;

--
-- Dumping data for table `queue_procesos`
--

INSERT INTO `queue_procesos` VALUES (1,NULL,'Importar - Excel',NULL,NULL,NULL),(2,NULL,'Importar - Mis Comprobantes',NULL,NULL,NULL),(3,NULL,'Importar - Portal IVA','2023-01-04 09:40:57','2023-01-04 09:40:57',NULL),(4,NULL,'Importar - Archivos PEM F8011','2023-01-04 09:41:01','2023-01-04 09:41:01',NULL);

--
-- Table structure for table `receipt_dc_ordenes`
--

CREATE TABLE `receipt_dc_ordenes` (
  `id` bigint(20) unsigned NOT NULL AUTO_INCREMENT,
  `user_id` int(10) unsigned DEFAULT NULL,
  `receipt_id` int(10) unsigned NOT NULL,
  `dc_orden_id` bigint(20) unsigned NOT NULL,
  `dc_orden_id_oc` bigint(20) unsigned NOT NULL,
  `importe` decimal(16,2) NOT NULL DEFAULT '0.00',
  `created_at` timestamp NULL DEFAULT NULL,
  `updated_at` timestamp NULL DEFAULT NULL,
  `deleted_at` timestamp NULL DEFAULT NULL,
  PRIMARY KEY (`id`),
  KEY `receipt_dc_ordenes_receipt_id_foreign` (`receipt_id`),
  KEY `receipt_dc_ordenes_dc_orden_id_foreign` (`dc_orden_id`),
  KEY `receipt_dc_ordenes_dc_orden_id_oc_foreign` (`dc_orden_id_oc`),
  CONSTRAINT `receipt_dc_ordenes_dc_orden_id_foreign` FOREIGN KEY (`dc_orden_id`) REFERENCES `dc_ordenes` (`id`),
  CONSTRAINT `receipt_dc_ordenes_dc_orden_id_oc_foreign` FOREIGN KEY (`dc_orden_id_oc`) REFERENCES `dc_ordenes` (`id`),
  CONSTRAINT `receipt_dc_ordenes_receipt_id_foreign` FOREIGN KEY (`receipt_id`) REFERENCES `receipts` (`id`)
) ENGINE=InnoDB DEFAULT CHARSET=utf8mb4 COLLATE=utf8mb4_unicode_ci;

--
-- Dumping data for table `receipt_dc_ordenes`
--


--
-- Table structure for table `receipt_taxes`
--

CREATE TABLE `receipt_taxes` (
  `id` int(10) unsigned NOT NULL AUTO_INCREMENT,
  `user_id` int(10) unsigned DEFAULT NULL,
  `receipt_id` int(10) unsigned NOT NULL,
  `tax_id` int(10) unsigned DEFAULT NULL,
  `amount` decimal(16,2) NOT NULL,
  `tax_amount` decimal(16,2) NOT NULL DEFAULT '0.00',
  `taxable_iibb` int(11) NOT NULL DEFAULT '0',
  `iva_iibb` int(11) NOT NULL DEFAULT '0',
  `created_at` timestamp NULL DEFAULT NULL,
  `updated_at` timestamp NULL DEFAULT NULL,
  `deleted_at` timestamp NULL DEFAULT NULL,
  PRIMARY KEY (`id`),
  KEY `receipt_taxes_receipt_id_foreign` (`receipt_id`),
  CONSTRAINT `receipt_taxes_receipt_id_foreign` FOREIGN KEY (`receipt_id`) REFERENCES `receipts` (`id`)
) ENGINE=InnoDB AUTO_INCREMENT=903 DEFAULT CHARSET=utf8mb4 COLLATE=utf8mb4_unicode_ci;

--
-- Dumping data for table `receipt_taxes`
--

INSERT INTO `receipt_taxes` VALUES (585,NULL,580,2,18760.33,3939.67,2,1,'2023-01-06 18:18:48',NULL,NULL),(586,NULL,581,2,18760.33,3939.67,2,1,'2023-01-06 18:18:48',NULL,NULL),(587,NULL,582,2,14545.45,3054.55,2,1,'2023-01-06 18:18:48',NULL,NULL),(588,NULL,583,2,18760.33,3939.67,2,1,'2023-01-06 18:18:49',NULL,NULL),(589,NULL,584,2,16859.50,3540.50,2,1,'2023-01-06 18:18:49',NULL,NULL),(590,NULL,585,2,13553.72,2846.28,2,1,'2023-01-06 18:18:49',NULL,NULL),(591,NULL,586,2,15289.26,3210.74,2,1,'2023-01-06 18:18:49',NULL,NULL),(592,NULL,587,2,11900.83,2499.17,2,1,'2023-01-06 18:18:49',NULL,NULL),(593,NULL,588,2,175527.27,36860.73,2,1,'2023-01-06 18:18:49',NULL,NULL),(594,NULL,589,2,29421.49,6178.51,2,1,'2023-01-06 18:18:49',NULL,NULL),(595,NULL,590,2,37190.08,7809.92,2,1,'2023-01-06 18:18:49',NULL,NULL),(596,NULL,591,2,28842.98,6057.02,2,1,'2023-01-06 18:18:49',NULL,NULL),(597,NULL,592,2,12438.02,2611.98,2,1,'2023-01-06 18:18:49',NULL,NULL),(598,NULL,593,2,13884.30,2915.70,2,1,'2023-01-06 18:18:49',NULL,NULL),(599,NULL,594,2,14876.03,3123.97,2,1,'2023-01-06 18:18:49',NULL,NULL),(600,NULL,595,2,25950.41,5449.59,2,1,'2023-01-06 18:18:49',NULL,NULL),(601,NULL,596,2,32066.12,6733.88,2,1,'2023-01-06 18:18:49',NULL,NULL),(602,NULL,597,2,14793.39,3106.61,2,1,'2023-01-06 18:18:49',NULL,NULL),(603,NULL,598,2,17355.37,3644.63,2,1,'2023-01-06 18:18:49',NULL,NULL),(604,NULL,599,2,13223.14,2776.86,2,1,'2023-01-06 18:18:49',NULL,NULL),(605,NULL,600,2,16528.93,3471.07,2,1,'2023-01-06 18:18:49',NULL,NULL),(606,NULL,601,2,25752.07,5407.93,2,1,'2023-01-06 18:18:49',NULL,NULL),(607,NULL,602,2,16776.86,3523.14,2,1,'2023-01-06 18:18:49',NULL,NULL),(608,NULL,603,2,13884.30,2915.70,2,1,'2023-01-06 18:18:49',NULL,NULL),(609,NULL,604,2,15785.12,3314.88,2,1,'2023-01-06 18:18:49',NULL,NULL),(610,NULL,605,2,16776.86,3523.14,2,1,'2023-01-06 18:18:49',NULL,NULL),(611,NULL,606,2,20743.80,4356.20,2,1,'2023-01-06 18:18:49',NULL,NULL),(612,NULL,607,2,14710.74,3089.26,2,1,'2023-01-06 18:18:49',NULL,NULL),(613,NULL,608,2,9090.91,1909.09,2,1,'2023-01-06 18:18:49',NULL,NULL),(614,NULL,609,2,20661.16,4338.84,2,1,'2023-01-06 18:18:49',NULL,NULL),(615,NULL,610,2,14132.23,2967.77,2,1,'2023-01-06 18:18:49',NULL,NULL),(616,NULL,611,2,6270.00,1316.70,2,1,'2023-01-06 18:18:50',NULL,NULL),(617,NULL,612,2,1322.00,277.62,2,1,'2023-01-06 18:18:50',NULL,NULL),(618,NULL,613,2,33512.40,7037.60,2,1,'2023-01-06 18:18:50',NULL,NULL),(619,NULL,614,2,13842.98,2907.02,2,1,'2023-01-06 18:18:50',NULL,NULL),(620,NULL,615,2,16000.00,3360.00,2,1,'2023-01-06 18:18:50',NULL,NULL),(621,NULL,616,2,15206.61,3193.39,2,1,'2023-01-06 18:18:50',NULL,NULL),(622,NULL,617,2,10743.80,2256.20,2,1,'2023-01-06 18:18:50',NULL,NULL),(623,NULL,618,2,16917.36,3552.64,2,1,'2023-01-06 18:18:50',NULL,NULL),(624,NULL,619,2,13884.30,2915.70,2,1,'2023-01-06 18:18:50',NULL,NULL),(625,NULL,620,2,17024.79,3575.21,2,1,'2023-01-06 18:18:50',NULL,NULL),(626,NULL,621,2,15289.26,3210.74,2,1,'2023-01-06 18:18:50',NULL,NULL),(627,NULL,622,2,14380.17,3019.83,2,1,'2023-01-06 18:18:50',NULL,NULL),(628,NULL,623,2,26446.28,5553.72,2,1,'2023-01-06 18:18:50',NULL,NULL),(629,NULL,624,2,23966.94,5033.06,2,1,'2023-01-06 18:18:50',NULL,NULL),(630,NULL,625,2,9504.13,1995.87,2,1,'2023-01-06 18:18:50',NULL,NULL),(631,NULL,626,2,16421.49,3448.51,2,1,'2023-01-06 18:18:50',NULL,NULL),(632,NULL,627,2,20826.45,4373.55,2,1,'2023-01-06 18:18:50',NULL,NULL),(633,NULL,628,2,11074.38,2325.62,2,1,'2023-01-06 18:18:50',NULL,NULL),(634,NULL,629,2,16611.57,3488.43,2,1,'2023-01-06 18:18:50',NULL,NULL),(635,NULL,630,2,17024.79,3575.21,2,1,'2023-01-06 18:18:50',NULL,NULL),(636,NULL,631,2,18429.75,3870.25,2,1,'2023-01-06 18:18:50',NULL,NULL),(637,NULL,632,2,22727.27,4772.73,2,1,'2023-01-06 18:18:50',NULL,NULL),(638,NULL,633,2,15991.74,3358.26,2,1,'2023-01-06 18:18:50',NULL,NULL),(639,NULL,634,2,13553.72,2846.28,2,1,'2023-01-06 18:18:50',NULL,NULL),(640,NULL,635,2,14214.88,2985.12,2,1,'2023-01-06 18:18:50',NULL,NULL),(641,NULL,636,2,17190.08,3609.92,2,1,'2023-01-06 18:18:50',NULL,NULL);
INSERT INTO `receipt_taxes` VALUES (642,NULL,637,2,17190.08,3609.92,2,1,'2023-01-06 18:18:50',NULL,NULL),(643,NULL,638,2,14909.09,3130.91,2,1,'2023-01-06 18:18:50',NULL,NULL),(644,NULL,639,2,82644.63,17355.37,2,1,'2023-01-06 18:18:50',NULL,NULL),(645,NULL,640,2,16760.33,3519.67,2,1,'2023-01-06 18:18:50',NULL,NULL),(646,NULL,641,2,13388.43,2811.57,2,1,'2023-01-06 18:18:50',NULL,NULL),(647,NULL,642,2,15454.55,3245.45,2,1,'2023-01-06 18:18:51',NULL,NULL),(648,NULL,643,2,16942.15,3557.85,2,1,'2023-01-06 18:18:51',NULL,NULL),(649,NULL,644,2,17037.19,3577.81,2,1,'2023-01-06 18:18:51',NULL,NULL),(650,NULL,645,2,16115.70,3384.30,2,1,'2023-01-06 18:18:51',NULL,NULL),(651,NULL,646,2,11570.25,2429.75,2,1,'2023-01-06 18:18:51',NULL,NULL),(652,NULL,647,2,13305.79,2794.21,2,1,'2023-01-06 18:18:51',NULL,NULL),(653,NULL,648,2,15537.19,3262.81,2,1,'2023-01-06 18:18:51',NULL,NULL),(654,NULL,649,2,15454.55,3245.45,2,1,'2023-01-06 18:18:51',NULL,NULL),(655,NULL,650,2,16942.15,3557.85,2,1,'2023-01-06 18:18:51',NULL,NULL),(656,NULL,651,2,31983.47,6716.53,2,1,'2023-01-06 18:18:51',NULL,NULL),(657,NULL,652,2,13305.79,2794.21,2,1,'2023-01-06 18:18:51',NULL,NULL),(658,NULL,653,2,17272.73,3627.27,2,1,'2023-01-06 18:18:51',NULL,NULL),(659,NULL,654,2,16363.64,3436.36,2,1,'2023-01-06 18:18:51',NULL,NULL),(660,NULL,655,2,16528.93,3471.07,2,1,'2023-01-06 18:18:51',NULL,NULL),(661,NULL,656,2,16859.50,3540.50,2,1,'2023-01-06 18:18:51',NULL,NULL),(662,NULL,657,2,31239.67,6560.33,2,1,'2023-01-06 18:18:51',NULL,NULL),(663,NULL,658,2,39231.40,8238.60,2,1,'2023-01-06 18:18:51',NULL,NULL),(664,NULL,659,2,19008.26,3991.74,2,1,'2023-01-06 18:18:51',NULL,NULL),(665,NULL,660,2,15785.12,3314.88,2,1,'2023-01-06 18:18:51',NULL,NULL),(666,NULL,661,2,12338.66,2591.12,2,1,'2023-01-06 18:18:51',NULL,NULL),(667,NULL,662,2,15702.48,3297.52,2,1,'2023-01-06 18:18:51',NULL,NULL),(668,NULL,663,2,15206.61,3193.39,2,1,'2023-01-06 18:18:51',NULL,NULL),(669,NULL,664,2,17355.37,3644.63,2,1,'2023-01-06 18:18:51',NULL,NULL),(670,NULL,665,2,12066.12,2533.88,2,1,'2023-01-06 18:18:51',NULL,NULL),(671,NULL,666,2,14545.45,3054.55,2,1,'2023-01-06 18:18:51',NULL,NULL),(672,NULL,667,2,16363.64,3436.36,2,1,'2023-01-06 18:18:51',NULL,NULL),(673,NULL,668,2,16363.64,3436.36,2,1,'2023-01-06 18:18:51',NULL,NULL),(674,NULL,669,2,17190.08,3609.92,2,1,'2023-01-06 18:18:51',NULL,NULL),(675,NULL,670,2,17190.08,3609.92,2,1,'2023-01-06 18:18:51',NULL,NULL),(676,NULL,671,2,6280.00,1318.80,2,1,'2023-01-06 18:18:51',NULL,NULL),(677,NULL,672,2,14958.68,3141.32,2,1,'2023-01-06 18:18:51',NULL,NULL),(678,NULL,673,2,17272.73,3627.27,2,1,'2023-01-06 18:18:51',NULL,NULL),(679,NULL,674,2,16528.93,3471.07,2,1,'2023-01-06 18:18:52',NULL,NULL),(680,NULL,675,2,15206.61,3193.39,2,1,'2023-01-06 18:18:52',NULL,NULL),(681,NULL,676,2,17107.44,3592.56,2,1,'2023-01-06 18:18:52',NULL,NULL),(682,NULL,677,2,15619.83,3280.17,2,1,'2023-01-06 18:18:52',NULL,NULL),(683,NULL,678,2,15702.48,3297.52,2,1,'2023-01-06 18:18:52',NULL,NULL),(684,NULL,679,2,12892.56,2707.44,2,1,'2023-01-06 18:18:52',NULL,NULL),(685,NULL,680,2,14380.17,3019.83,2,1,'2023-01-06 18:18:52',NULL,NULL),(686,NULL,681,2,14236.78,2989.72,2,1,'2023-01-06 18:18:52',NULL,NULL),(687,NULL,682,2,26280.99,5519.01,2,1,'2023-01-06 18:18:52',NULL,NULL),(688,NULL,683,2,14380.17,3019.83,2,1,'2023-01-06 18:18:52',NULL,NULL),(689,NULL,684,2,16528.93,3471.07,2,1,'2023-01-06 18:18:52',NULL,NULL),(690,NULL,685,2,19008.26,3991.74,2,1,'2023-01-06 18:18:52',NULL,NULL),(691,NULL,686,2,23553.72,4946.28,2,1,'2023-01-06 18:18:52',NULL,NULL),(692,NULL,687,2,15619.83,3280.17,2,1,'2023-01-06 18:18:52',NULL,NULL),(693,NULL,688,2,13553.72,2846.28,2,1,'2023-01-06 18:18:52',NULL,NULL),(694,NULL,689,2,14876.03,3123.97,2,1,'2023-01-06 18:18:52',NULL,NULL),(695,NULL,690,2,26611.57,5588.43,2,1,'2023-01-06 18:18:52',NULL,NULL),(696,NULL,691,2,15619.83,3280.17,2,1,'2023-01-06 18:18:52',NULL,NULL),(697,NULL,692,2,16033.06,3366.94,2,1,'2023-01-06 18:18:52',NULL,NULL),(698,NULL,693,2,15950.41,3349.59,2,1,'2023-01-06 18:18:52',NULL,NULL);
INSERT INTO `receipt_taxes` VALUES (699,NULL,694,2,16528.93,3471.07,2,1,'2023-01-06 18:18:52',NULL,NULL),(700,NULL,695,2,30413.22,6386.78,2,1,'2023-01-06 18:18:52',NULL,NULL),(701,NULL,696,2,67024.79,14075.21,2,1,'2023-01-06 18:18:52',NULL,NULL),(702,NULL,697,2,17355.37,3644.63,2,1,'2023-01-06 18:18:52',NULL,NULL),(703,NULL,698,2,16528.93,3471.07,2,1,'2023-01-06 18:18:52',NULL,NULL),(704,NULL,699,2,24049.59,5050.41,2,1,'2023-01-06 18:18:52',NULL,NULL),(705,NULL,700,2,16363.64,3436.36,2,1,'2023-01-06 18:18:52',NULL,NULL),(706,NULL,701,2,17284.72,3629.79,2,1,'2023-01-06 18:18:52',NULL,NULL),(707,NULL,702,2,16942.15,3557.85,2,1,'2023-01-06 18:18:52',NULL,NULL),(708,NULL,703,2,22561.98,4738.02,2,1,'2023-01-06 18:18:52',NULL,NULL),(709,NULL,704,2,16363.64,3436.36,2,1,'2023-01-06 18:18:52',NULL,NULL),(710,NULL,705,2,15289.26,3210.74,2,1,'2023-01-06 18:18:52',NULL,NULL),(711,NULL,706,2,14049.59,2950.41,2,1,'2023-01-06 18:18:53',NULL,NULL),(712,NULL,707,2,35041.32,7358.68,2,1,'2023-01-06 18:18:53',NULL,NULL),(713,NULL,708,2,16611.57,3488.43,2,1,'2023-01-06 18:18:53',NULL,NULL),(714,NULL,709,2,24628.10,5171.90,2,1,'2023-01-06 18:18:53',NULL,NULL),(715,NULL,710,2,13636.36,2863.64,2,1,'2023-01-06 18:18:53',NULL,NULL),(716,NULL,711,2,15785.12,3314.88,2,1,'2023-01-06 18:18:53',NULL,NULL),(717,NULL,712,2,16225.62,3407.38,2,1,'2023-01-06 18:18:53',NULL,NULL),(718,NULL,713,2,17272.73,3627.27,2,1,'2023-01-06 18:18:53',NULL,NULL),(719,NULL,714,2,17355.37,3644.63,2,1,'2023-01-06 18:18:53',NULL,NULL),(720,NULL,715,2,17107.44,3592.56,2,1,'2023-01-06 18:18:53',NULL,NULL),(721,NULL,716,2,123966.94,26033.06,2,1,'2023-01-06 18:18:53',NULL,NULL),(722,NULL,717,2,18181.82,3818.18,2,1,'2023-01-06 18:18:53',NULL,NULL),(723,NULL,718,2,16942.15,3557.85,2,1,'2023-01-06 18:18:53',NULL,NULL),(724,NULL,719,2,16942.15,3557.85,2,1,'2023-01-06 18:18:53',NULL,NULL),(725,NULL,720,2,17314.05,3635.95,2,1,'2023-01-06 18:18:53',NULL,NULL),(726,NULL,721,2,16694.21,3505.79,2,1,'2023-01-06 18:18:53',NULL,NULL),(727,NULL,722,2,17355.37,3644.63,2,1,'2023-01-06 18:18:53',NULL,NULL),(728,NULL,723,2,15454.55,3245.45,2,1,'2023-01-06 18:18:53',NULL,NULL),(729,NULL,724,2,17355.37,3644.63,2,1,'2023-01-06 18:18:53',NULL,NULL),(730,NULL,725,2,16198.35,3401.65,2,1,'2023-01-06 18:18:53',NULL,NULL),(731,NULL,726,2,16611.57,3488.43,2,1,'2023-01-06 18:18:53',NULL,NULL),(732,NULL,727,2,25702.48,5397.52,2,1,'2023-01-06 18:18:53',NULL,NULL),(733,NULL,728,2,17190.08,3609.92,2,1,'2023-01-06 18:18:53',NULL,NULL),(734,NULL,729,2,86768.60,18221.40,2,1,'2023-01-06 18:18:53',NULL,NULL),(735,NULL,730,2,16694.21,3505.79,2,1,'2023-01-06 18:18:53',NULL,NULL),(736,NULL,731,2,20661.16,4338.84,2,1,'2023-01-06 18:18:53',NULL,NULL),(737,NULL,732,2,35289.26,7410.74,2,1,'2023-01-06 18:18:53',NULL,NULL),(738,NULL,733,2,16818.18,3531.82,2,1,'2023-01-06 18:18:53',NULL,NULL),(739,NULL,734,2,16756.20,3518.80,2,1,'2023-01-06 18:18:53',NULL,NULL),(740,NULL,735,2,17024.79,3575.21,2,1,'2023-01-06 18:18:53',NULL,NULL),(741,NULL,736,2,14793.39,3106.61,2,1,'2023-01-06 18:18:54',NULL,NULL),(742,NULL,737,2,56198.35,11801.65,2,1,'2023-01-06 18:18:54',NULL,NULL),(743,NULL,738,2,15289.26,3210.74,2,1,'2023-01-06 18:18:54',NULL,NULL),(744,NULL,739,2,16280.99,3419.01,2,1,'2023-01-06 18:18:54',NULL,NULL),(745,NULL,740,2,15289.26,3210.74,2,1,'2023-01-06 18:18:54',NULL,NULL),(746,NULL,741,2,27355.37,5744.63,2,1,'2023-01-06 18:18:54',NULL,NULL),(747,NULL,742,2,29504.13,6195.87,2,1,'2023-01-06 18:18:54',NULL,NULL),(748,NULL,743,2,16363.64,3436.36,2,1,'2023-01-06 18:18:54',NULL,NULL),(749,NULL,744,2,15289.26,3210.74,2,1,'2023-01-06 18:18:54',NULL,NULL),(750,NULL,745,2,14628.10,3071.90,2,1,'2023-01-06 18:18:54',NULL,NULL),(751,NULL,746,2,16363.64,3436.36,2,1,'2023-01-06 18:18:54',NULL,NULL),(752,NULL,747,2,17024.79,3575.21,2,1,'2023-01-06 18:18:54',NULL,NULL),(753,NULL,748,2,33140.50,6959.50,2,1,'2023-01-06 18:18:54',NULL,NULL),(754,NULL,749,2,15950.41,3349.59,2,1,'2023-01-06 18:18:54',NULL,NULL),(755,NULL,750,2,16942.15,3557.85,2,1,'2023-01-06 18:18:54',NULL,NULL);
INSERT INTO `receipt_taxes` VALUES (756,NULL,751,2,16983.47,3566.53,2,1,'2023-01-06 18:18:54',NULL,NULL),(757,NULL,752,2,15371.90,3228.10,2,1,'2023-01-06 18:18:54',NULL,NULL),(758,NULL,753,2,15950.41,3349.59,2,1,'2023-01-06 18:18:54',NULL,NULL),(759,NULL,754,2,16363.64,3436.36,2,1,'2023-01-06 18:18:54',NULL,NULL),(760,NULL,755,2,62809.92,13190.08,2,1,'2023-01-06 18:18:54',NULL,NULL),(761,NULL,756,2,151024.79,31715.21,2,1,'2023-01-06 18:18:54',NULL,NULL),(762,NULL,757,2,17272.73,3627.27,2,1,'2023-01-06 18:18:54',NULL,NULL),(763,NULL,758,2,177024.79,37175.21,2,1,'2023-01-06 18:18:54',NULL,NULL),(764,NULL,759,2,17190.08,3609.92,2,1,'2023-01-06 18:18:54',NULL,NULL),(765,NULL,760,2,18016.53,3783.47,2,1,'2023-01-06 18:18:54',NULL,NULL),(766,NULL,761,2,18512.40,3887.60,2,1,'2023-01-06 18:18:54',NULL,NULL),(767,NULL,762,2,23305.79,4894.21,2,1,'2023-01-06 18:18:54',NULL,NULL),(768,NULL,763,2,21322.31,4477.69,2,1,'2023-01-06 18:18:54',NULL,NULL),(769,NULL,764,2,15289.26,3210.74,2,1,'2023-01-06 18:18:54',NULL,NULL),(770,NULL,765,2,11404.96,2395.04,2,1,'2023-01-06 18:18:55',NULL,NULL),(771,NULL,766,2,13884.30,2915.70,2,1,'2023-01-06 18:18:55',NULL,NULL),(772,NULL,767,2,11404.96,2395.04,2,1,'2023-01-06 18:18:55',NULL,NULL),(773,NULL,768,2,9008.26,1891.74,2,1,'2023-01-06 18:18:55',NULL,NULL),(774,NULL,769,2,17768.60,3731.40,2,1,'2023-01-06 18:18:55',NULL,NULL),(775,NULL,770,2,14297.52,3002.48,2,1,'2023-01-06 18:18:55',NULL,NULL),(776,NULL,771,2,6612.00,1388.52,2,1,'2023-01-06 18:18:55',NULL,NULL),(777,NULL,772,2,15289.26,3210.74,2,1,'2023-01-06 18:18:55',NULL,NULL),(778,NULL,773,2,14628.10,3071.90,2,1,'2023-01-06 18:18:55',NULL,NULL),(779,NULL,774,2,15537.19,3262.81,2,1,'2023-01-06 18:18:55',NULL,NULL),(780,NULL,775,2,33140.50,6959.50,2,1,'2023-01-06 18:18:55',NULL,NULL),(781,NULL,776,2,16942.15,3557.85,2,1,'2023-01-06 18:18:55',NULL,NULL),(782,NULL,777,2,15950.41,3349.59,2,1,'2023-01-06 18:18:55',NULL,NULL),(783,NULL,778,2,16735.54,3514.46,2,1,'2023-01-06 18:18:55',NULL,NULL),(784,NULL,779,2,15041.32,3158.68,2,1,'2023-01-06 18:18:55',NULL,NULL),(785,NULL,780,2,1819.00,381.99,2,1,'2023-01-06 18:18:55',NULL,NULL),(786,NULL,781,2,2314.40,486.02,2,1,'2023-01-06 18:18:55',NULL,NULL),(787,NULL,782,2,19504.13,4095.87,2,1,'2023-01-06 18:18:55',NULL,NULL),(788,NULL,783,2,62809.92,13190.08,2,1,'2023-01-06 18:18:55',NULL,NULL),(789,NULL,784,2,150991.74,31708.26,2,1,'2023-01-06 18:18:55',NULL,NULL),(790,NULL,785,2,59504.13,12495.87,2,1,'2023-01-06 18:18:55',NULL,NULL),(791,NULL,786,2,16363.64,3436.36,2,1,'2023-01-06 18:18:55',NULL,NULL),(792,NULL,787,2,10743.80,2256.20,2,1,'2023-01-06 18:18:55',NULL,NULL),(793,NULL,788,2,17272.73,3627.27,2,1,'2023-01-06 18:18:55',NULL,NULL),(794,NULL,789,2,82644.63,17355.37,2,1,'2023-01-06 18:18:55',NULL,NULL),(795,NULL,790,2,44628.10,9371.90,2,1,'2023-01-06 18:18:55',NULL,NULL),(796,NULL,791,2,41322.31,8677.69,2,1,'2023-01-06 18:18:55',NULL,NULL),(797,NULL,792,2,18016.53,3783.47,2,1,'2023-01-06 18:18:55',NULL,NULL),(798,NULL,793,2,18512.40,3887.60,2,1,'2023-01-06 18:18:56',NULL,NULL),(799,NULL,794,2,23305.79,4894.21,2,1,'2023-01-06 18:18:56',NULL,NULL),(800,NULL,795,2,21322.31,4477.69,2,1,'2023-01-06 18:18:56',NULL,NULL),(801,NULL,796,2,18429.75,3870.25,2,1,'2023-01-06 18:18:56',NULL,NULL),(802,NULL,797,2,20661.16,4338.84,2,1,'2023-01-06 18:18:56',NULL,NULL),(803,NULL,798,2,12809.92,2690.08,2,1,'2023-01-06 18:18:56',NULL,NULL),(804,NULL,799,2,14297.52,3002.48,2,1,'2023-01-06 18:18:56',NULL,NULL),(805,NULL,800,2,17768.60,3731.40,2,1,'2023-01-06 18:18:56',NULL,NULL),(806,NULL,801,2,20413.22,4286.78,2,1,'2023-01-06 18:18:56',NULL,NULL),(807,NULL,802,2,13884.30,2915.70,2,1,'2023-01-06 18:18:56',NULL,NULL),(808,NULL,803,2,19256.20,4043.80,2,1,'2023-01-06 18:18:56',NULL,NULL),(809,NULL,804,2,19504.13,4095.87,2,1,'2023-01-06 18:18:56',NULL,NULL),(810,NULL,805,2,20165.29,4234.71,2,1,'2023-01-06 18:18:56',NULL,NULL),(811,NULL,806,2,34049.59,7150.41,2,1,'2023-01-06 18:18:56',NULL,NULL),(812,NULL,807,2,11239.67,2360.33,2,1,'2023-01-06 18:18:56',NULL,NULL);
INSERT INTO `receipt_taxes` VALUES (813,NULL,808,2,13223.14,2776.86,2,1,'2023-01-06 18:18:56',NULL,NULL),(814,NULL,809,2,20661.16,4338.84,2,1,'2023-01-06 18:18:56',NULL,NULL),(815,NULL,810,2,22314.05,4685.95,2,1,'2023-01-06 18:18:56',NULL,NULL),(816,NULL,811,2,29834.71,6265.29,2,1,'2023-01-06 18:18:56',NULL,NULL),(817,NULL,812,2,17024.79,3575.21,2,1,'2023-01-06 18:18:56',NULL,NULL),(818,NULL,813,2,7355.37,1544.63,2,1,'2023-01-06 18:18:56',NULL,NULL),(819,NULL,814,2,9669.42,2030.58,2,1,'2023-01-06 18:18:56',NULL,NULL),(820,NULL,815,2,20330.58,4269.42,2,1,'2023-01-06 18:18:56',NULL,NULL),(821,NULL,816,2,16611.57,3488.43,2,1,'2023-01-06 18:18:56',NULL,NULL),(822,NULL,817,2,33884.30,7115.70,2,1,'2023-01-06 18:18:56',NULL,NULL),(823,NULL,818,2,19008.26,3991.74,2,1,'2023-01-06 18:18:56',NULL,NULL),(824,NULL,819,2,23471.07,4928.93,2,1,'2023-01-06 18:18:56',NULL,NULL),(825,NULL,820,2,36363.64,7636.36,2,1,'2023-01-06 18:18:56',NULL,NULL),(826,NULL,821,2,10082.64,2117.36,2,1,'2023-01-06 18:18:56',NULL,NULL),(827,NULL,822,2,15702.48,3297.52,2,1,'2023-01-06 18:18:56',NULL,NULL),(828,NULL,823,2,18595.04,3904.96,2,1,'2023-01-06 18:18:56',NULL,NULL),(829,NULL,824,2,32066.12,6733.88,2,1,'2023-01-06 18:18:57',NULL,NULL),(830,NULL,825,2,18264.46,3835.54,2,1,'2023-01-06 18:18:57',NULL,NULL),(831,NULL,826,2,22190.08,4659.92,2,1,'2023-01-06 18:18:57',NULL,NULL),(832,NULL,827,2,17603.31,3696.69,2,1,'2023-01-06 18:18:57',NULL,NULL),(833,NULL,828,2,31735.54,6664.46,2,1,'2023-01-06 18:18:57',NULL,NULL),(834,NULL,829,2,19090.91,4009.09,2,1,'2023-01-06 18:18:57',NULL,NULL),(835,NULL,830,2,33057.85,6942.15,2,1,'2023-01-06 18:18:57',NULL,NULL),(836,NULL,831,2,7520.66,1579.34,2,1,'2023-01-06 18:18:57',NULL,NULL),(837,NULL,832,2,22479.34,4720.66,2,1,'2023-01-06 18:18:57',NULL,NULL),(838,NULL,833,2,17644.63,3705.37,2,1,'2023-01-06 18:18:57',NULL,NULL),(839,NULL,834,2,12892.56,2707.44,2,1,'2023-01-06 18:18:57',NULL,NULL),(840,NULL,835,2,11652.89,2447.11,2,1,'2023-01-06 18:18:57',NULL,NULL),(841,NULL,836,2,63223.14,13276.86,2,1,'2023-01-06 18:18:57',NULL,NULL),(842,NULL,837,2,35371.90,7428.10,2,1,'2023-01-06 18:18:57',NULL,NULL),(843,NULL,838,2,18595.04,3904.96,2,1,'2023-01-06 18:18:57',NULL,NULL),(844,NULL,839,2,17603.31,3696.69,2,1,'2023-01-06 18:18:57',NULL,NULL),(845,NULL,840,2,2066.12,433.88,2,1,'2023-01-06 18:18:57',NULL,NULL),(846,NULL,841,2,11074.38,2325.62,2,1,'2023-01-06 18:18:57',NULL,NULL),(847,NULL,842,2,9752.07,2047.93,2,1,'2023-01-06 18:18:57',NULL,NULL),(848,NULL,843,2,19338.84,4061.16,2,1,'2023-01-06 18:18:57',NULL,NULL),(849,NULL,844,2,14876.03,3123.97,2,1,'2023-01-06 18:18:57',NULL,NULL),(850,NULL,845,2,7107.44,1492.56,2,1,'2023-01-06 18:18:57',NULL,NULL),(851,NULL,846,2,15702.48,3297.52,2,1,'2023-01-06 18:18:57',NULL,NULL),(852,NULL,847,2,8925.62,1874.38,2,1,'2023-01-06 18:18:57',NULL,NULL),(853,NULL,848,2,24214.88,5085.12,2,1,'2023-01-06 18:18:57',NULL,NULL),(854,NULL,849,2,29090.91,6109.09,2,1,'2023-01-06 18:18:57',NULL,NULL),(855,NULL,850,2,16528.93,3471.07,2,1,'2023-01-06 18:18:57',NULL,NULL),(856,NULL,851,2,19214.88,4035.12,2,1,'2023-01-06 18:18:57',NULL,NULL),(857,NULL,852,2,13140.50,2759.50,2,1,'2023-01-06 18:18:57',NULL,NULL),(858,NULL,853,2,23553.72,4946.28,2,1,'2023-01-06 18:18:57',NULL,NULL),(859,NULL,854,2,8066.12,1693.88,2,1,'2023-01-06 18:18:57',NULL,NULL),(860,NULL,855,2,8181.82,1718.18,2,1,'2023-01-06 18:18:57',NULL,NULL),(861,NULL,856,2,4132.23,867.77,2,1,'2023-01-06 18:18:57',NULL,NULL),(862,NULL,857,2,18264.46,3835.54,2,1,'2023-01-06 18:18:58',NULL,NULL),(863,NULL,858,2,1818.18,381.82,2,1,'2023-01-06 18:18:58',NULL,NULL),(864,NULL,859,2,7933.88,1666.12,2,1,'2023-01-06 18:18:58',NULL,NULL),(865,NULL,860,2,32532.00,6831.72,2,1,'2023-01-06 18:18:58',NULL,NULL),(866,NULL,861,2,19350.00,4063.50,2,1,'2023-01-06 18:18:58',NULL,NULL),(867,NULL,862,2,12727.27,2672.73,2,1,'2023-01-06 18:18:58',NULL,NULL),(868,NULL,863,2,13223.14,2776.86,2,1,'2023-01-06 18:18:58',NULL,NULL),(869,8286,864,2,255101.60,53571.34,2,1,'2023-01-06 18:22:01','2023-01-06 18:22:01',NULL);
INSERT INTO `receipt_taxes` VALUES (870,8286,865,2,12008.59,2521.80,2,1,'2023-01-06 18:22:01','2023-01-06 18:22:01',NULL),(871,8286,866,2,13149.80,2761.46,2,1,'2023-01-06 18:22:01','2023-01-06 18:22:01',NULL),(872,8286,867,2,75999.20,15959.83,2,1,'2023-01-06 18:22:01','2023-01-06 18:22:01',NULL),(873,8286,867,7,15306.75,0.00,2,1,'2023-01-06 18:22:01','2023-01-06 18:22:01',NULL),(874,8286,868,2,173553.86,36446.31,2,1,'2023-01-06 18:22:01','2023-01-06 18:22:01',NULL),(875,8286,869,2,31191.36,6550.19,2,1,'2023-01-06 18:22:01','2023-01-06 18:22:01',NULL),(876,8286,870,2,126681.24,26603.06,2,1,'2023-01-06 18:22:01','2023-01-06 18:22:01',NULL),(877,8286,870,7,10217.47,0.00,2,1,'2023-01-06 18:22:01','2023-01-06 18:22:01',NULL),(878,8286,871,2,84333.28,17709.99,2,1,'2023-01-06 18:22:01','2023-01-06 18:22:01',NULL),(879,8286,871,7,10217.47,0.00,2,1,'2023-01-06 18:22:01','2023-01-06 18:22:01',NULL),(880,8286,872,2,19669.60,4130.62,2,1,'2023-01-06 18:22:01','2023-01-06 18:22:01',NULL),(881,8286,873,2,99173.63,20826.46,2,1,'2023-01-06 18:22:01','2023-01-06 18:22:01',NULL),(882,8286,874,2,110745.40,23256.53,2,1,'2023-01-06 18:22:01','2023-01-06 18:22:01',NULL),(883,8286,875,1,4104.42,430.96,2,1,'2023-01-06 18:22:01','2023-01-06 18:22:01',NULL),(884,8286,876,6,0.00,0.00,2,1,'2023-01-06 18:22:01','2023-01-06 18:22:01',NULL),(885,8286,877,6,0.00,0.00,2,1,'2023-01-06 18:22:01','2023-01-06 18:22:01',NULL),(886,8286,878,6,0.00,0.00,2,1,'2023-01-06 18:22:01','2023-01-06 18:22:01',NULL),(887,8286,879,2,446.30,93.72,2,1,'2023-01-06 18:22:01','2023-01-06 18:22:01',NULL),(888,8286,880,2,282900.00,59409.00,2,1,'2023-01-06 18:22:02','2023-01-06 18:22:02',NULL),(889,8286,881,2,429286.61,90150.19,2,1,'2023-01-06 18:22:02','2023-01-06 18:22:02',NULL),(890,8286,882,2,12020.62,2524.33,2,1,'2023-01-06 18:22:02','2023-01-06 18:22:02',NULL),(891,8286,883,1,1265.16,132.84,2,1,'2023-01-06 18:22:02','2023-01-06 18:22:02',NULL),(892,8286,884,2,429256.80,90143.93,2,1,'2023-01-06 18:22:02','2023-01-06 18:22:02',NULL),(893,8286,885,2,429286.61,90150.19,2,1,'2023-01-06 18:22:02','2023-01-06 18:22:02',NULL),(894,8286,886,2,16642.31,3494.89,2,1,'2023-01-06 18:22:02','2023-01-06 18:22:02',NULL),(895,8286,886,7,582.48,0.00,2,1,'2023-01-06 18:22:02','2023-01-06 18:22:02',NULL),(896,8286,887,2,27477.43,5770.26,2,1,'2023-01-06 18:22:02','2023-01-06 18:22:02',NULL),(897,8286,888,2,18958.41,3981.27,2,1,'2023-01-06 18:22:02','2023-01-06 18:22:02',NULL),(898,8286,889,1,440500.00,46252.50,2,1,'2023-01-06 18:22:02','2023-01-06 18:22:02',NULL),(899,8286,890,2,4346.00,912.66,2,1,'2023-01-06 18:22:02','2023-01-06 18:22:02',NULL),(900,8286,890,7,184.05,0.00,2,1,'2023-01-06 18:22:02','2023-01-06 18:22:02',NULL),(901,8286,891,2,35120.00,7375.20,2,1,'2023-01-06 18:22:02','2023-01-06 18:22:02',NULL),(902,8286,892,2,2006.75,421.42,2,1,'2023-01-06 18:22:02','2023-01-06 18:22:02',NULL);

--
-- Table structure for table `receipt_types`
--

CREATE TABLE `receipt_types` (
  `id` int(10) unsigned NOT NULL AUTO_INCREMENT,
  `user_id` int(10) unsigned DEFAULT NULL,
  `created_at` timestamp NULL DEFAULT NULL,
  `updated_at` timestamp NULL DEFAULT NULL,
  `name` varchar(255) COLLATE utf8mb4_unicode_ci NOT NULL,
  `code` varchar(255) COLLATE utf8mb4_unicode_ci DEFAULT NULL,
  `credit` int(11) DEFAULT '0',
  `agroup_iva_module` int(10) unsigned DEFAULT NULL,
  `sell_no_taxabled` int(11) DEFAULT '0',
  `buy_no_taxabled` int(11) DEFAULT '0',
  `iva_condition_id` int(11) DEFAULT NULL,
  `is_fce_pyme` tinyint(1) NOT NULL DEFAULT '0',
  `afip_comprobante_id` int(11) DEFAULT NULL,
  `tipo` varchar(255) COLLATE utf8mb4_unicode_ci DEFAULT NULL,
  `letra` varchar(255) COLLATE utf8mb4_unicode_ci DEFAULT NULL,
  `facta_electronica` int(10) unsigned NOT NULL DEFAULT '0',
  `is_stock_lpg` tinyint(1) NOT NULL DEFAULT '0',
  `show_from_total` tinyint(1) NOT NULL DEFAULT '0',
  `deleted_at` timestamp NULL DEFAULT NULL,
  PRIMARY KEY (`id`)
) ENGINE=InnoDB AUTO_INCREMENT=66 DEFAULT CHARSET=utf8mb4 COLLATE=utf8mb4_unicode_ci;

--
-- Dumping data for table `receipt_types`
--

INSERT INTO `receipt_types` VALUES (1,NULL,NULL,'2019-07-29 22:19:32','Factura A','1',0,1,0,0,2,0,1,'Factura','A',1,0,0,NULL),(2,NULL,NULL,'2019-07-29 22:19:32','Nota de débito A','2',0,1,0,0,2,0,2,'Nota de Débito','A',1,0,0,NULL),(3,NULL,NULL,'2019-07-29 22:19:32','Nota de crédito A','3',1,NULL,0,0,2,0,3,'Nota de Crédito','A',1,0,0,NULL),(4,NULL,NULL,'2023-01-04 09:40:49','Factura B','6',0,2,0,1,2,0,6,'Factura','B',1,0,1,NULL),(5,NULL,NULL,'2023-01-04 09:40:49','Nota de débito B','7',0,2,0,1,2,0,7,'Nota de Débito','B',1,0,1,NULL),(6,NULL,NULL,'2023-01-04 09:40:49','Nota de crédito B','8',1,NULL,0,1,2,0,8,'Nota de Crédito','B',1,0,1,NULL),(7,NULL,NULL,'2019-07-29 22:19:32','Factura C','11',0,0,1,1,1,0,11,'Factura','C',1,0,0,NULL),(8,NULL,NULL,'2019-07-29 22:19:32','Nota de débito C','12',0,0,1,1,1,0,12,'Nota de Débito','C',1,0,0,NULL),(9,NULL,NULL,'2019-07-29 22:19:32','Nota de crédito C','13',1,NULL,1,1,1,0,13,'Nota de Crédito','C',1,0,0,NULL),(10,NULL,NULL,NULL,'RECIBO A','4',0,1,0,0,2,0,4,'RECIBO','A',0,0,0,NULL),(11,NULL,NULL,'2023-01-04 09:40:49','RECIBO B','9',0,2,0,1,2,0,9,'RECIBO','B',0,0,1,NULL),(12,NULL,NULL,NULL,'RECIBO C','15',0,0,1,1,1,0,15,'RECIBO','C',0,0,0,NULL),(13,NULL,NULL,'2020-02-27 02:46:40','Factura E','19',0,0,1,0,2,0,19,'Factura','E',0,0,0,NULL),(14,NULL,NULL,'2020-02-27 02:46:40','Nota de débito E','20',0,0,1,0,2,0,20,'Nota de Débito','E',0,0,0,NULL),(15,NULL,NULL,'2020-02-27 02:46:40','Nota de Crédito E','21',1,NULL,1,0,2,0,21,'Nota de Crédito','E',0,0,0,NULL),(16,NULL,NULL,'2023-01-04 09:40:55','Factura M','51',0,1,0,0,2,0,51,'Factura','M',1,0,0,NULL),(17,NULL,NULL,'2020-02-27 02:46:40','Despacho de Importacion','66',0,NULL,0,0,0,0,66,NULL,NULL,0,0,0,NULL),(18,NULL,NULL,'2023-01-04 09:40:55','Nota de Credito M','53',1,NULL,0,0,2,0,53,'Nota de Crédito','M',1,0,0,NULL),(19,NULL,NULL,'2023-01-04 09:40:55','Nota de Debito M','52',1,1,0,0,2,0,52,'Nota de Débito','M',1,0,0,NULL),(20,NULL,NULL,NULL,'Recibo M','54',0,1,0,0,2,0,54,'RECIBO','M',0,0,0,NULL),(21,NULL,NULL,NULL,'Recibo E',NULL,1,0,1,0,2,0,NULL,'RECIBO','E',0,0,0,NULL),(22,NULL,'2019-05-14 21:22:16','2023-01-04 09:40:49','Liquidacion Primaria de Granos','33',0,1,0,0,2,0,33,'Liquidacion Primaria de Granos','A',0,1,0,NULL),(23,NULL,'2019-11-05 19:00:05','2019-11-05 19:00:05','FACTURA DE CRÉDITO ELECTRÓNICA MiPyMEs (FCE) A','201',0,1,0,0,2,1,201,'FACTURA DE CRÉDITO ELECTRÓNICA MiPyMEs (FCE)','A',1,0,0,NULL),(24,NULL,'2019-11-05 19:00:05','2019-11-05 19:00:05','NOTA DE DEBITO ELECTRÓNICA MiPyMEs (FCE) A','202',0,1,0,0,2,1,202,'NOTA DEBITO DE CRÉDITO ELECTRÓNICA MiPyMEs (FCE)','A',1,0,0,NULL),(25,NULL,'2019-11-05 19:00:05','2019-11-05 19:00:05','NOTA DE CREDITO ELECTRÓNICA MiPyMEs (FCE) A','203',1,NULL,0,0,2,1,203,'NOTA CREDITO DE CRÉDITO ELECTRÓNICA MiPyMEs (FCE)','A',1,0,0,NULL),(26,NULL,'2019-11-05 19:00:05','2023-01-04 09:40:49','FACTURA DE CRÉDITO ELECTRÓNICA MiPyMEs (FCE) B','206',0,2,0,1,2,1,206,'FACTURA DE CRÉDITO ELECTRÓNICA MiPyMEs (FCE)','B',1,0,1,NULL),(27,NULL,'2019-11-05 19:00:05','2023-01-04 09:40:49','NOTA DE DEBITO ELECTRÓNICA MiPyMEs (FCE) B','207',0,2,0,1,2,1,207,'NOTA DEBITO DE CRÉDITO ELECTRÓNICA MiPyMEs (FCE)','B',1,0,1,NULL),(28,NULL,'2019-11-05 19:00:05','2023-01-04 09:40:49','NOTA DE CREDITO ELECTRÓNICA MiPyMEs (FCE) B','208',1,NULL,0,1,2,1,208,'NOTA CREDITO DE CRÉDITO ELECTRÓNICA MiPyMEs (FCE)','B',1,0,1,NULL),(29,NULL,'2019-11-05 19:00:05','2019-11-05 19:00:05','FACTURA DE CRÉDITO ELECTRÓNICA MiPyMEs (FCE) C','211',0,0,1,1,1,1,211,'FACTURA DE CRÉDITO ELECTRÓNICA MiPyMEs (FCE)','C',1,0,0,NULL),(30,NULL,'2019-11-05 19:00:05','2019-11-05 19:00:05','NOTA DE DEBITO ELECTRÓNICA MiPyMEs (FCE) C','212',0,0,1,1,1,1,212,'NOTA DEBITO DE CRÉDITO ELECTRÓNICA MiPyMEs (FCE)','C',1,0,0,NULL),(31,NULL,'2019-11-05 19:00:05','2019-11-05 19:00:05','NOTA DE CRÉDITO ELECTRÓNICA MiPyMEs (FCE) C','213',1,NULL,1,1,1,1,213,'NOTA CREDITO DE CRÉDITO ELECTRÓNICA MiPyMEs (FCE)','C',1,0,0,NULL);
INSERT INTO `receipt_types` VALUES (32,NULL,'2020-01-28 01:59:55','2023-01-04 09:40:49','Tique (Informe Diario Z)','83',0,2,0,0,2,0,83,'Cierre Diario Informe Z','Z',0,0,1,NULL),(33,NULL,'2020-02-19 04:48:11','2020-02-19 04:48:11','Comprobantes de Compra de Bienes No Registrables a Consumidores Finales','49',0,1,0,0,2,0,49,'Comprobantes de Compra de Bienes No Registrables','a Consumidores Finales',0,0,0,NULL),(34,NULL,'2023-01-04 09:40:47','2023-01-04 09:41:01','Cuenta de Venta y Líquido Producto A','60',0,1,0,0,2,1,60,'Cuentas de Venta y Liquido Producto A','A',1,0,0,NULL),(35,NULL,'2023-01-04 09:40:47','2023-01-04 09:41:01','Cuenta de Venta y Líquido Producto B','61',0,2,0,1,2,1,61,'Cuentas de Venta y Liquido Producto B','B',1,0,1,NULL),(36,NULL,'2023-01-04 09:40:47','2023-01-04 09:40:50','Liquidaciones A','63',0,1,0,0,2,1,63,'Liquidaciones A','A',1,0,0,NULL),(37,NULL,'2023-01-04 09:40:47','2023-01-04 09:40:50','Liquidaciones B','64',0,2,0,1,2,1,64,'Liquidaciones B','B',1,0,1,NULL),(38,NULL,'2023-01-04 09:40:49','2023-01-04 09:40:52','Tique Factura A','81',0,1,0,0,2,1,81,'Tique Factura','A',0,0,0,NULL),(39,NULL,'2023-01-04 09:40:49','2023-01-04 09:40:52','Tique Factura B','82',0,2,0,1,2,1,82,'Tique Factura','B',0,0,1,NULL),(40,NULL,'2023-01-04 09:40:49','2023-01-04 09:40:53','OTROS COMPROBANTES QUE NO CUMPLEN O ESTÁN EXCEPTUADOS DE LA R.G. 1415 Y SUS MODIF','99',0,1,1,1,1,1,99,'OTROS COMPROBANTES QUE NO CUMPLEN O ESTÁN EXCEPTUADOS DE LA R.G. 1415 Y SUS MODIF ','OTROS',0,0,0,NULL),(41,NULL,'2023-01-04 09:40:50','2023-01-04 09:40:50','Liquidacion de Compra A - Sector Pecuario','183',0,1,0,0,2,0,183,'Liquidacion de Compra','A',0,0,0,NULL),(42,NULL,'2023-01-04 09:40:50','2023-01-04 09:40:50','Liquidacion de Compra B - Sector Pecuario','185',0,2,0,1,2,0,185,'Liquidacion de Compra','B',0,0,1,NULL),(43,NULL,'2023-01-04 09:40:51','2023-01-04 09:40:52','Liquidacion de Venta Directa A - Sector Pecuario','190',0,1,0,0,2,1,190,'Liquidacion de Venta Directa','A',0,0,0,NULL),(44,NULL,'2023-01-04 09:40:51','2023-01-04 09:40:52','Liquidacion de Venta Directa B - Sector Pecuario','191',0,2,0,1,2,1,191,'Liquidacion de Venta Directa','B',0,0,0,NULL),(45,NULL,'2023-01-04 09:40:52','2023-01-04 09:40:52','Liquidacion Secundaria de Granos','331',0,1,0,0,2,1,331,'Liquidacion Secundaria de Granos','LSG',0,0,0,NULL),(46,NULL,'2023-01-04 09:40:52','2023-01-04 09:40:52','Certificado de Deposito','332',0,1,0,0,2,1,332,'Certificado de Deposito','CD',0,0,0,NULL),(47,NULL,'2023-01-04 09:40:52','2023-01-04 09:40:52','Liquidacion de Servicios Publicos Clase A','17',0,1,0,0,2,1,17,'Liquidacion de Servicios Publicos Clase A','LSPCA',0,0,0,NULL),(48,NULL,'2023-01-04 09:40:53','2023-01-04 09:40:53','Liquidacion de Servicios Publicos Clase B','18',0,2,0,1,2,1,18,'Liquidacion de Servicios Publicos Clase B','LSPCA',1,0,0,NULL),(49,NULL,NULL,NULL,'Factura Clase T','195',0,1,0,0,2,0,195,'Factura Clase T','T',0,0,0,NULL),(50,NULL,NULL,NULL,'Nota de Debito Clase T','196',0,1,0,0,2,0,196,'Factura Clase T','T',0,0,0,NULL),(51,NULL,NULL,NULL,'Nota de Credito Clase T','197',1,NULL,0,0,2,0,197,'Factura Clase T','T',0,0,0,NULL),(52,NULL,NULL,'2023-01-04 09:41:01','Cuenta de Venta y Líquido Producto A - Sector Pecuario','180',0,1,0,0,2,0,180,'Cuenta de Venta y Líquido Producto A','A',0,0,0,NULL),(53,NULL,NULL,'2023-01-04 09:41:01','Cuenta de Venta y Líquido Producto B - Sector Pecuario','182',0,2,0,1,2,0,182,'Cuenta de Venta y Líquido Producto B','B',0,0,0,NULL),(54,NULL,NULL,NULL,'Liquidación de Compra A','183',0,1,0,0,2,0,183,'Liquidación de Compra A ','A',0,0,0,NULL),(55,NULL,NULL,NULL,'Liquidación de Compra B','185',0,2,0,1,2,0,185,'Liquidación de Compra B ','B',0,0,0,NULL),(56,NULL,NULL,NULL,'Liquidación de Compra Directa A','186',0,1,0,0,2,0,186,'Liquidación de Compra Directa A','A',0,0,0,NULL),(57,NULL,NULL,NULL,'Liquidación de Compra Directa B','188',0,2,0,1,2,0,188,'Liquidación de Compra Directa B ','B',0,0,0,NULL);
INSERT INTO `receipt_types` VALUES (58,NULL,NULL,NULL,'Liquidación de Compra Directa C','189',0,0,1,1,1,0,189,'Liquidación de Compra Directa C ','C',0,0,0,NULL),(59,NULL,NULL,NULL,'Liquidación de Venta Directa A','190',0,1,0,0,2,0,190,'Liquidación de Venta Directa A','A',0,0,0,NULL),(60,NULL,NULL,NULL,'Liquidación de Venta Directa B','191',0,2,0,1,2,0,191,'Liquidación de Venta Directa B ','B',0,0,0,NULL),(61,NULL,NULL,NULL,'Tique Factura C','109',0,0,0,1,1,0,109,NULL,'C',1,0,0,NULL),(62,NULL,NULL,NULL,'Tique Nota de Débito A','115',0,1,0,0,2,0,115,'Tique Nota de Débito A','A',1,0,0,NULL),(63,NULL,NULL,NULL,'Tique Nota de Crédito C','114',1,0,1,1,1,0,114,'Tique Nota de Crédito C','C',1,0,0,NULL),(64,NULL,NULL,NULL,'Otro Comprobante A que cumple con la RG 1415','39',0,1,0,0,2,0,39,'Otro Comprobante A que cumple con la RG 1415','A',0,0,0,NULL),(65,NULL,NULL,NULL,'Tique Nota de Crédito A','112',1,0,0,0,2,0,112,'Tique Nota de Crédito A','A',0,0,0,NULL);

--
-- Table structure for table `receipts`
--

CREATE TABLE `receipts` (
  `id` int(10) unsigned NOT NULL AUTO_INCREMENT,
  `user_id` int(10) unsigned DEFAULT NULL,
  `type_id` int(10) unsigned NOT NULL,
  `type_receipt_id` int(10) unsigned DEFAULT NULL,
  `comprobanteAfip` int(11) DEFAULT NULL,
  `fact_elec_receipt_id` int(10) unsigned DEFAULT NULL,
  `period_id` int(10) unsigned NOT NULL,
  `zone_id` int(10) unsigned DEFAULT NULL,
  `plan_cuenta_id` int(10) unsigned DEFAULT NULL,
  `conta_centro_costo_id` bigint(20) unsigned DEFAULT NULL,
  `activity_id` int(10) unsigned DEFAULT NULL,
  `iva_creditos_tipo_id` int(10) unsigned NOT NULL DEFAULT '1',
  `retention_type_id` int(10) unsigned DEFAULT NULL,
  `person_id_owner` int(10) unsigned NOT NULL,
  `person_id_relationed` int(10) unsigned DEFAULT NULL,
  `number` int(8) unsigned zerofill DEFAULT NULL,
  `hasta` int(8) unsigned zerofill DEFAULT NULL,
  `reference` int(11) DEFAULT NULL,
  `receipt_date` date DEFAULT NULL,
  `expiration_date` date DEFAULT NULL,
  `code_ticket` int(4) unsigned zerofill DEFAULT NULL,
  `status_id` int(10) unsigned DEFAULT NULL,
  `tax_account_id` int(10) unsigned DEFAULT NULL,
  `amount` decimal(16,2) NOT NULL,
  `pendiente` decimal(10,2) NOT NULL DEFAULT '0.00',
  `moneda_id` int(10) unsigned NOT NULL DEFAULT '1',
  `cotizacion` decimal(9,2) NOT NULL DEFAULT '1.00',
  `dc_firma_id` bigint(20) unsigned NOT NULL DEFAULT '3',
  `file` varchar(255) COLLATE utf8mb4_unicode_ci DEFAULT NULL,
  `comentario` longtext COLLATE utf8mb4_unicode_ci,
  `created_at` timestamp NULL DEFAULT NULL,
  `updated_at` timestamp NULL DEFAULT NULL,
  `deleted_at` timestamp NULL DEFAULT NULL,
  PRIMARY KEY (`id`),
  KEY `receipts_type_id_foreign` (`type_id`),
  KEY `receipts_type_receipt_id_foreign` (`type_receipt_id`),
  KEY `receipts_tax_account_id_foreign` (`tax_account_id`),
  KEY `receipts_zone_id_foreign` (`zone_id`),
  KEY `receipts_activity_id_foreign` (`activity_id`),
  KEY `receipts_retention_type_id_foreign` (`retention_type_id`),
  KEY `receipts_status_id_foreign` (`status_id`),
  KEY `receipts_person_id_owner_foreign` (`person_id_owner`),
  KEY `receipts_person_id_relationed_foreign` (`person_id_relationed`),
  KEY `receipts_period_id_foreign` (`period_id`),
  KEY `receipts_plan_cuenta_id_foreign` (`plan_cuenta_id`),
  KEY `receipts_fact_elec_receipt_id_foreign` (`fact_elec_receipt_id`),
  KEY `receipts_iva_creditos_tipo_id_foreign` (`iva_creditos_tipo_id`),
  KEY `receipts_conta_centro_costo_id_foreign` (`conta_centro_costo_id`),
  KEY `receipts_moneda_id_foreign` (`moneda_id`),
  KEY `receipts_dc_firma_id_foreign` (`dc_firma_id`),
  CONSTRAINT `receipts_activity_id_foreign` FOREIGN KEY (`activity_id`) REFERENCES `activities` (`id`),
  CONSTRAINT `receipts_conta_centro_costo_id_foreign` FOREIGN KEY (`conta_centro_costo_id`) REFERENCES `conta_centro_costos` (`id`),
  CONSTRAINT `receipts_dc_firma_id_foreign` FOREIGN KEY (`dc_firma_id`) REFERENCES `dc_firmas` (`id`),
  CONSTRAINT `receipts_fact_elec_receipt_id_foreign` FOREIGN KEY (`fact_elec_receipt_id`) REFERENCES `fact_elec_receipts` (`id`),
  CONSTRAINT `receipts_iva_creditos_tipo_id_foreign` FOREIGN KEY (`iva_creditos_tipo_id`) REFERENCES `iva_creditos_tipos` (`id`),
  CONSTRAINT `receipts_moneda_id_foreign` FOREIGN KEY (`moneda_id`) REFERENCES `monedas` (`id`),
  CONSTRAINT `receipts_period_id_foreign` FOREIGN KEY (`period_id`) REFERENCES `periods` (`id`),
  CONSTRAINT `receipts_person_id_owner_foreign` FOREIGN KEY (`person_id_owner`) REFERENCES `persons` (`id`),
  CONSTRAINT `receipts_person_id_relationed_foreign` FOREIGN KEY (`person_id_relationed`) REFERENCES `persons` (`id`),
  CONSTRAINT `receipts_plan_cuenta_id_foreign` FOREIGN KEY (`plan_cuenta_id`) REFERENCES `conta_plan_cuenta` (`id`),
  CONSTRAINT `receipts_retention_type_id_foreign` FOREIGN KEY (`retention_type_id`) REFERENCES `retention_types` (`id`),
  CONSTRAINT `receipts_status_id_foreign` FOREIGN KEY (`status_id`) REFERENCES `status` (`id`),
  CONSTRAINT `receipts_tax_account_id_foreign` FOREIGN KEY (`tax_account_id`) REFERENCES `tax_accounts` (`id`),
  CONSTRAINT `receipts_type_id_foreign` FOREIGN KEY (`type_id`) REFERENCES `types` (`id`),
  CONSTRAINT `receipts_type_receipt_id_foreign` FOREIGN KEY (`type_receipt_id`) REFERENCES `receipt_types` (`id`),
  CONSTRAINT `receipts_zone_id_foreign` FOREIGN KEY (`zone_id`) REFERENCES `zones` (`id`)
) ENGINE=InnoDB AUTO_INCREMENT=893 DEFAULT CHARSET=utf8mb4 COLLATE=utf8mb4_unicode_ci;

--
-- Dumping data for table `receipts`
--

INSERT INTO `receipts` VALUES (1,NULL,1,5,NULL,NULL,3209,3,NULL,NULL,585,1,NULL,40720,40721,00000001,NULL,NULL,'2022-12-07','2022-12-07',0003,1,NULL,22700.00,22700.00,1,1.00,3,NULL,'','2023-01-04 18:31:21','2023-01-06 11:35:14','2023-01-06 11:35:14'),(2,NULL,1,4,NULL,NULL,3209,3,NULL,NULL,585,1,NULL,40720,40721,00001953,NULL,NULL,'2022-12-07','2022-12-07',0003,1,NULL,22700.00,22700.00,1,1.00,3,NULL,'','2023-01-04 18:31:21','2023-01-06 11:35:14','2023-01-06 11:35:14'),(3,NULL,1,4,NULL,NULL,3209,3,NULL,NULL,585,1,NULL,40720,40722,00001954,NULL,NULL,'2022-12-07','2022-12-07',0003,1,NULL,20400.00,20400.00,1,1.00,3,NULL,'','2023-01-04 18:31:22','2023-01-06 11:35:14','2023-01-06 11:35:14'),(4,NULL,1,4,NULL,NULL,3209,3,NULL,NULL,585,1,NULL,40720,40722,00001955,NULL,NULL,'2022-12-07','2022-12-07',0003,1,NULL,16400.00,16400.00,1,1.00,3,NULL,'','2023-01-04 18:31:22','2023-01-06 11:35:14','2023-01-06 11:35:14'),(5,NULL,1,4,NULL,NULL,3209,3,NULL,NULL,585,1,NULL,40720,40722,00001956,NULL,NULL,'2022-12-07','2022-12-07',0003,1,NULL,18500.00,18500.00,1,1.00,3,NULL,'','2023-01-04 18:31:22','2023-01-06 11:35:14','2023-01-06 11:35:14'),(6,NULL,1,4,NULL,NULL,3209,3,NULL,NULL,585,1,NULL,40720,40722,00001957,NULL,NULL,'2022-12-07','2022-12-07',0003,1,NULL,14400.00,14400.00,1,1.00,3,NULL,'','2023-01-04 18:31:22','2023-01-06 11:35:14','2023-01-06 11:35:14'),(7,NULL,1,4,NULL,NULL,3209,3,NULL,NULL,585,1,NULL,40720,40723,00001958,NULL,NULL,'2022-12-07','2022-12-07',0003,1,NULL,212388.00,212388.00,1,1.00,3,NULL,'','2023-01-04 18:31:22','2023-01-06 11:35:14','2023-01-06 11:35:14'),(8,NULL,1,4,NULL,NULL,3209,3,NULL,NULL,585,1,NULL,40720,40724,00001959,NULL,NULL,'2022-12-07','2022-12-07',0003,1,NULL,35600.00,35600.00,1,1.00,3,NULL,'','2023-01-04 18:31:22','2023-01-06 11:35:14','2023-01-06 11:35:14'),(9,NULL,1,4,NULL,NULL,3209,3,NULL,NULL,585,1,NULL,40720,40725,00001960,NULL,NULL,'2022-12-07','2022-12-07',0003,1,NULL,45000.00,45000.00,1,1.00,3,NULL,'','2023-01-04 18:31:22','2023-01-06 11:35:14','2023-01-06 11:35:14'),(10,NULL,1,4,NULL,NULL,3209,3,NULL,NULL,585,1,NULL,40720,40726,00001961,NULL,NULL,'2022-12-07','2022-12-07',0003,1,NULL,34900.00,34900.00,1,1.00,3,NULL,'','2023-01-04 18:31:22','2023-01-06 11:35:14','2023-01-06 11:35:14'),(11,NULL,1,4,NULL,NULL,3209,3,NULL,NULL,585,1,NULL,40720,40722,00001962,NULL,NULL,'2022-12-07','2022-12-07',0003,1,NULL,15050.00,15050.00,1,1.00,3,NULL,'','2023-01-04 18:31:22','2023-01-06 11:35:14','2023-01-06 11:35:14'),(12,NULL,1,4,NULL,NULL,3209,3,NULL,NULL,585,1,NULL,40720,40722,00001963,NULL,NULL,'2022-12-07','2022-12-07',0003,1,NULL,16800.00,16800.00,1,1.00,3,NULL,'','2023-01-04 18:31:22','2023-01-06 11:35:14','2023-01-06 11:35:14'),(13,NULL,1,4,NULL,NULL,3209,3,NULL,NULL,585,1,NULL,40720,40722,00001964,NULL,NULL,'2022-12-07','2022-12-07',0003,1,NULL,18000.00,18000.00,1,1.00,3,NULL,'','2023-01-04 18:31:22','2023-01-06 11:35:14','2023-01-06 11:35:14'),(14,NULL,1,4,NULL,NULL,3209,3,NULL,NULL,585,1,NULL,40720,40727,00001965,NULL,NULL,'2022-12-07','2022-12-07',0003,1,NULL,31400.00,31400.00,1,1.00,3,NULL,'','2023-01-04 18:31:22','2023-01-06 11:35:14','2023-01-06 11:35:14'),(15,NULL,1,4,NULL,NULL,3209,3,NULL,NULL,585,1,NULL,40720,40728,00001966,NULL,NULL,'2022-12-07','2022-12-07',0003,1,NULL,38800.00,38800.00,1,1.00,3,NULL,'','2023-01-04 18:31:22','2023-01-06 11:35:14','2023-01-06 11:35:14'),(16,NULL,1,4,NULL,NULL,3209,3,NULL,NULL,585,1,NULL,40720,40722,00001967,NULL,NULL,'2022-12-07','2022-12-07',0003,1,NULL,17900.00,17900.00,1,1.00,3,NULL,'','2023-01-04 18:31:22','2023-01-06 11:35:14','2023-01-06 11:35:14'),(17,NULL,1,4,NULL,NULL,3209,3,NULL,NULL,585,1,NULL,40720,40729,00001968,NULL,NULL,'2022-12-07','2022-12-07',0003,1,NULL,21000.00,21000.00,1,1.00,3,NULL,'','2023-01-04 18:31:22','2023-01-06 11:35:14','2023-01-06 11:35:14'),(18,NULL,1,4,NULL,NULL,3209,3,NULL,NULL,585,1,NULL,40720,40722,00001969,NULL,NULL,'2022-12-07','2022-12-07',0003,1,NULL,16000.00,16000.00,1,1.00,3,NULL,'','2023-01-04 18:31:22','2023-01-06 11:35:14','2023-01-06 11:35:14');
INSERT INTO `receipts` VALUES (19,NULL,1,4,NULL,NULL,3209,3,NULL,NULL,585,1,NULL,40720,40722,00001970,NULL,NULL,'2022-12-07','2022-12-07',0003,1,NULL,20000.00,20000.00,1,1.00,3,NULL,'','2023-01-04 18:31:23','2023-01-06 11:35:14','2023-01-06 11:35:14'),(20,NULL,1,4,NULL,NULL,3209,3,NULL,NULL,585,1,NULL,40720,40730,00001971,NULL,NULL,'2022-12-07','2022-12-07',0003,1,NULL,31160.00,31160.00,1,1.00,3,NULL,'','2023-01-04 18:31:23','2023-01-06 11:35:14','2023-01-06 11:35:14'),(21,NULL,1,4,NULL,NULL,3209,3,NULL,NULL,585,1,NULL,40720,40722,00001972,NULL,NULL,'2022-12-07','2022-12-07',0003,1,NULL,20300.00,20300.00,1,1.00,3,NULL,'','2023-01-04 18:31:23','2023-01-06 11:35:14','2023-01-06 11:35:14'),(22,NULL,1,4,NULL,NULL,3209,3,NULL,NULL,585,1,NULL,40720,40722,00001973,NULL,NULL,'2022-12-07','2022-12-07',0003,1,NULL,16800.00,16800.00,1,1.00,3,NULL,'','2023-01-04 18:31:23','2023-01-06 11:35:14','2023-01-06 11:35:14'),(23,NULL,1,4,NULL,NULL,3209,3,NULL,NULL,585,1,NULL,40720,40722,00001974,NULL,NULL,'2022-12-07','2022-12-07',0003,1,NULL,19100.00,19100.00,1,1.00,3,NULL,'','2023-01-04 18:31:23','2023-01-06 11:35:14','2023-01-06 11:35:14'),(24,NULL,1,4,NULL,NULL,3209,3,NULL,NULL,585,1,NULL,40720,40722,00001975,NULL,NULL,'2022-12-07','2022-12-07',0003,1,NULL,20300.00,20300.00,1,1.00,3,NULL,'','2023-01-04 18:31:23','2023-01-06 11:35:14','2023-01-06 11:35:14'),(25,NULL,1,4,NULL,NULL,3209,3,NULL,NULL,585,1,NULL,40720,40731,00001976,NULL,NULL,'2022-12-07','2022-12-07',0003,1,NULL,25100.00,25100.00,1,1.00,3,NULL,'','2023-01-04 18:31:23','2023-01-06 11:35:14','2023-01-06 11:35:14'),(26,NULL,1,4,NULL,NULL,3209,3,NULL,NULL,585,1,NULL,40720,40722,00001977,NULL,NULL,'2022-12-07','2022-12-07',0003,1,NULL,17800.00,17800.00,1,1.00,3,NULL,'','2023-01-04 18:31:23','2023-01-06 11:35:14','2023-01-06 11:35:14'),(27,NULL,1,4,NULL,NULL,3209,3,NULL,NULL,585,1,NULL,40720,40722,00001978,NULL,NULL,'2022-12-07','2022-12-07',0003,1,NULL,11000.00,11000.00,1,1.00,3,NULL,'','2023-01-04 18:31:23','2023-01-06 11:35:14','2023-01-06 11:35:14'),(28,NULL,1,4,NULL,NULL,3209,3,NULL,NULL,585,1,NULL,40720,40732,00001979,NULL,NULL,'2022-12-07','2022-12-07',0003,1,NULL,25000.00,25000.00,1,1.00,3,NULL,'','2023-01-04 18:31:23','2023-01-06 11:35:14','2023-01-06 11:35:14'),(29,NULL,1,4,NULL,NULL,3209,3,NULL,NULL,585,1,NULL,40720,40722,00001980,NULL,NULL,'2022-12-07','2022-12-07',0003,1,NULL,17100.00,17100.00,1,1.00,3,NULL,'','2023-01-04 18:31:23','2023-01-06 11:35:14','2023-01-06 11:35:14'),(30,NULL,1,4,NULL,NULL,3209,3,NULL,NULL,585,1,NULL,40720,40724,00001981,NULL,NULL,'2022-12-07','2022-12-07',0003,1,NULL,40550.00,40550.00,1,1.00,3,NULL,'','2023-01-04 18:31:23','2023-01-06 11:35:14','2023-01-06 11:35:14'),(31,NULL,1,4,NULL,NULL,3209,3,NULL,NULL,585,1,NULL,40720,40722,00001982,NULL,NULL,'2022-12-07','2022-12-07',0003,1,NULL,16750.00,16750.00,1,1.00,3,NULL,'','2023-01-04 18:31:23','2023-01-06 11:35:14','2023-01-06 11:35:14'),(32,NULL,1,4,NULL,NULL,3209,3,NULL,NULL,585,1,NULL,40720,40722,00001983,NULL,NULL,'2022-12-07','2022-12-07',0003,1,NULL,19360.00,19360.00,1,1.00,3,NULL,'','2023-01-04 18:31:23','2023-01-06 11:35:14','2023-01-06 11:35:14'),(33,NULL,1,4,NULL,NULL,3209,3,NULL,NULL,585,1,NULL,40720,40722,00001984,NULL,NULL,'2022-12-07','2022-12-07',0003,1,NULL,18400.00,18400.00,1,1.00,3,NULL,'','2023-01-04 18:31:23','2023-01-06 11:35:14','2023-01-06 11:35:14'),(34,NULL,1,4,NULL,NULL,3209,3,NULL,NULL,585,1,NULL,40720,40722,00001985,NULL,NULL,'2022-12-07','2022-12-07',0003,1,NULL,13000.00,13000.00,1,1.00,3,NULL,'','2023-01-04 18:31:24','2023-01-06 11:35:14','2023-01-06 11:35:14'),(35,NULL,1,4,NULL,NULL,3209,3,NULL,NULL,585,1,NULL,40720,40722,00001986,NULL,NULL,'2022-12-07','2022-12-07',0003,1,NULL,20470.00,20470.00,1,1.00,3,NULL,'','2023-01-04 18:31:24','2023-01-06 11:35:14','2023-01-06 11:35:14'),(36,NULL,1,4,NULL,NULL,3209,3,NULL,NULL,585,1,NULL,40720,40722,00001987,NULL,NULL,'2022-12-07','2022-12-07',0003,1,NULL,16800.00,16800.00,1,1.00,3,NULL,'','2023-01-04 18:31:24','2023-01-06 11:35:14','2023-01-06 11:35:14');
INSERT INTO `receipts` VALUES (37,NULL,1,4,NULL,NULL,3209,3,NULL,NULL,585,1,NULL,40720,40722,00001988,NULL,NULL,'2022-12-07','2022-12-07',0003,1,NULL,20600.00,20600.00,1,1.00,3,NULL,'','2023-01-04 18:31:24','2023-01-06 11:35:14','2023-01-06 11:35:14'),(38,NULL,1,4,NULL,NULL,3209,3,NULL,NULL,585,1,NULL,40720,40722,00001989,NULL,NULL,'2022-12-07','2022-12-07',0003,1,NULL,18500.00,18500.00,1,1.00,3,NULL,'','2023-01-04 18:31:24','2023-01-06 11:35:14','2023-01-06 11:35:14'),(39,NULL,1,4,NULL,NULL,3209,3,NULL,NULL,585,1,NULL,40720,40722,00001990,NULL,NULL,'2022-12-07','2022-12-07',0003,1,NULL,17400.00,17400.00,1,1.00,3,NULL,'','2023-01-04 18:31:24','2023-01-06 11:35:14','2023-01-06 11:35:14'),(40,NULL,1,4,NULL,NULL,3209,3,NULL,NULL,585,1,NULL,40720,40733,00001991,NULL,NULL,'2022-12-07','2022-12-07',0003,1,NULL,32000.00,32000.00,1,1.00,3,NULL,'','2023-01-04 18:31:24','2023-01-06 11:35:14','2023-01-06 11:35:14'),(41,NULL,1,4,NULL,NULL,3209,3,NULL,NULL,585,1,NULL,40720,40734,00001992,NULL,NULL,'2022-12-07','2022-12-07',0003,1,NULL,29000.00,29000.00,1,1.00,3,NULL,'','2023-01-04 18:31:24','2023-01-06 11:35:14','2023-01-06 11:35:14'),(42,NULL,1,4,NULL,NULL,3209,3,NULL,NULL,585,1,NULL,40720,40722,00001993,NULL,NULL,'2022-12-07','2022-12-07',0003,1,NULL,11500.00,11500.00,1,1.00,3,NULL,'','2023-01-04 18:31:24','2023-01-06 11:35:14','2023-01-06 11:35:14'),(43,NULL,1,4,NULL,NULL,3209,3,NULL,NULL,585,1,NULL,40720,40722,00001994,NULL,NULL,'2022-12-07','2022-12-07',0003,1,NULL,19870.00,19870.00,1,1.00,3,NULL,'','2023-01-04 18:31:24','2023-01-06 11:35:14','2023-01-06 11:35:14'),(44,NULL,1,4,NULL,NULL,3209,3,NULL,NULL,585,1,NULL,40720,40735,00001995,NULL,NULL,'2022-12-07','2022-12-07',0003,1,NULL,25200.00,25200.00,1,1.00,3,NULL,'','2023-01-04 18:31:24','2023-01-06 11:35:14','2023-01-06 11:35:14'),(45,NULL,1,4,NULL,NULL,3209,3,NULL,NULL,585,1,NULL,40720,40722,00001996,NULL,NULL,'2022-12-07','2022-12-07',0003,1,NULL,13400.00,13400.00,1,1.00,3,NULL,'','2023-01-04 18:31:24','2023-01-06 11:35:14','2023-01-06 11:35:14'),(46,NULL,1,4,NULL,NULL,3209,3,NULL,NULL,585,1,NULL,40720,40722,00001997,NULL,NULL,'2022-12-07','2022-12-07',0003,1,NULL,20100.00,20100.00,1,1.00,3,NULL,'','2023-01-04 18:31:24','2023-01-06 11:35:14','2023-01-06 11:35:14'),(47,NULL,1,4,NULL,NULL,3209,3,NULL,NULL,585,1,NULL,40720,40722,00001998,NULL,NULL,'2022-12-07','2022-12-07',0003,1,NULL,20600.00,20600.00,1,1.00,3,NULL,'','2023-01-04 18:31:24','2023-01-06 11:35:14','2023-01-06 11:35:14'),(48,NULL,1,4,NULL,NULL,3209,3,NULL,NULL,585,1,NULL,40720,40736,00001999,NULL,NULL,'2022-12-07','2022-12-07',0003,1,NULL,22300.00,22300.00,1,1.00,3,NULL,'','2023-01-04 18:31:24','2023-01-06 11:35:14','2023-01-06 11:35:14'),(49,NULL,1,4,NULL,NULL,3209,3,NULL,NULL,585,1,NULL,40720,40728,00002000,NULL,NULL,'2022-12-07','2022-12-07',0003,1,NULL,27500.00,27500.00,1,1.00,3,NULL,'','2023-01-04 18:31:24','2023-01-06 11:35:14','2023-01-06 11:35:14'),(50,NULL,1,4,NULL,NULL,3209,3,NULL,NULL,585,1,NULL,40720,40722,00002001,NULL,NULL,'2022-12-07','2022-12-07',0003,1,NULL,19350.00,19350.00,1,1.00,3,NULL,'','2023-01-04 18:31:24','2023-01-06 11:35:14','2023-01-06 11:35:14'),(51,NULL,1,4,NULL,NULL,3209,3,NULL,NULL,585,1,NULL,40720,40722,00002002,NULL,NULL,'2022-12-07','2022-12-07',0003,1,NULL,16400.00,16400.00,1,1.00,3,NULL,'','2023-01-04 18:31:24','2023-01-06 11:35:15','2023-01-06 11:35:15'),(52,NULL,1,4,NULL,NULL,3209,3,NULL,NULL,585,1,NULL,40720,40722,00002003,NULL,NULL,'2022-12-07','2022-12-07',0003,1,NULL,17200.00,17200.00,1,1.00,3,NULL,'','2023-01-04 18:31:24','2023-01-06 11:35:15','2023-01-06 11:35:15'),(53,NULL,1,4,NULL,NULL,3209,3,NULL,NULL,585,1,NULL,40720,40722,00002004,NULL,NULL,'2022-12-07','2022-12-07',0003,1,NULL,20800.00,20800.00,1,1.00,3,NULL,'','2023-01-04 18:31:24','2023-01-06 11:35:15','2023-01-06 11:35:15'),(54,NULL,1,4,NULL,NULL,3209,3,NULL,NULL,585,1,NULL,40720,40722,00002005,NULL,NULL,'2022-12-07','2022-12-07',0003,1,NULL,20800.00,20800.00,1,1.00,3,NULL,'','2023-01-04 18:31:24','2023-01-06 11:35:15','2023-01-06 11:35:15');
INSERT INTO `receipts` VALUES (55,NULL,1,4,NULL,NULL,3209,3,NULL,NULL,585,1,NULL,40720,40722,00002006,NULL,NULL,'2022-12-07','2022-12-07',0003,1,NULL,18040.00,18040.00,1,1.00,3,NULL,'','2023-01-04 18:31:24','2023-01-06 11:35:15','2023-01-06 11:35:15'),(56,NULL,1,4,NULL,NULL,3209,3,NULL,NULL,585,1,NULL,40720,40737,00002007,NULL,NULL,'2022-12-07','2022-12-07',0003,1,NULL,100000.00,100000.00,1,1.00,3,NULL,'','2023-01-04 18:31:24','2023-01-06 11:35:15','2023-01-06 11:35:15'),(57,NULL,1,4,NULL,NULL,3209,3,NULL,NULL,585,1,NULL,40720,40722,00002008,NULL,NULL,'2022-12-07','2022-12-07',0003,1,NULL,20280.00,20280.00,1,1.00,3,NULL,'','2023-01-04 18:31:24','2023-01-06 11:35:15','2023-01-06 11:35:15'),(58,NULL,1,4,NULL,NULL,3209,3,NULL,NULL,585,1,NULL,40720,40722,00002009,NULL,NULL,'2022-12-07','2022-12-07',0003,1,NULL,16200.00,16200.00,1,1.00,3,NULL,'','2023-01-04 18:31:25','2023-01-06 11:35:15','2023-01-06 11:35:15'),(59,NULL,1,4,NULL,NULL,3209,3,NULL,NULL,585,1,NULL,40720,40722,00002010,NULL,NULL,'2022-12-07','2022-12-07',0003,1,NULL,18700.00,18700.00,1,1.00,3,NULL,'','2023-01-04 18:31:25','2023-01-06 11:35:15','2023-01-06 11:35:15'),(60,NULL,1,4,NULL,NULL,3209,3,NULL,NULL,585,1,NULL,40720,40722,00002011,NULL,NULL,'2022-12-07','2022-12-07',0003,1,NULL,20500.00,20500.00,1,1.00,3,NULL,'','2023-01-04 18:31:25','2023-01-06 11:35:15','2023-01-06 11:35:15'),(61,NULL,1,4,NULL,NULL,3209,3,NULL,NULL,585,1,NULL,40720,40722,00002012,NULL,NULL,'2022-12-07','2022-12-07',0003,1,NULL,20615.00,20615.00,1,1.00,3,NULL,'','2023-01-04 18:31:25','2023-01-06 11:35:15','2023-01-06 11:35:15'),(62,NULL,1,4,NULL,NULL,3209,3,NULL,NULL,585,1,NULL,40720,40722,00002013,NULL,NULL,'2022-12-07','2022-12-07',0003,1,NULL,19500.00,19500.00,1,1.00,3,NULL,'','2023-01-04 18:31:25','2023-01-06 11:35:15','2023-01-06 11:35:15'),(63,NULL,1,4,NULL,NULL,3209,3,NULL,NULL,585,1,NULL,40720,40722,00002014,NULL,NULL,'2022-12-07','2022-12-07',0003,1,NULL,14000.00,14000.00,1,1.00,3,NULL,'','2023-01-04 18:31:25','2023-01-06 11:35:15','2023-01-06 11:35:15'),(64,NULL,1,4,NULL,NULL,3209,3,NULL,NULL,585,1,NULL,40720,40722,00002015,NULL,NULL,'2022-12-07','2022-12-07',0003,1,NULL,16100.00,16100.00,1,1.00,3,NULL,'','2023-01-04 18:31:25','2023-01-06 11:35:15','2023-01-06 11:35:15'),(65,NULL,1,4,NULL,NULL,3209,3,NULL,NULL,585,1,NULL,40720,40722,00002016,NULL,NULL,'2022-12-07','2022-12-07',0003,1,NULL,18800.00,18800.00,1,1.00,3,NULL,'','2023-01-04 18:31:25','2023-01-06 11:35:15','2023-01-06 11:35:15'),(66,NULL,1,4,NULL,NULL,3209,3,NULL,NULL,585,1,NULL,40720,40722,00002017,NULL,NULL,'2022-12-07','2022-12-07',0003,1,NULL,18700.00,18700.00,1,1.00,3,NULL,'','2023-01-04 18:31:25','2023-01-06 11:35:15','2023-01-06 11:35:15'),(67,NULL,1,4,NULL,NULL,3209,3,NULL,NULL,585,1,NULL,40720,40722,00002018,NULL,NULL,'2022-12-07','2022-12-07',0003,1,NULL,20500.00,20500.00,1,1.00,3,NULL,'','2023-01-04 18:31:25','2023-01-06 11:35:15','2023-01-06 11:35:15'),(68,NULL,1,4,NULL,NULL,3209,3,NULL,NULL,585,1,NULL,40720,40738,00002019,NULL,NULL,'2022-12-07','2022-12-07',0003,1,NULL,38700.00,38700.00,1,1.00,3,NULL,'','2023-01-04 18:31:25','2023-01-06 11:35:15','2023-01-06 11:35:15'),(69,NULL,1,4,NULL,NULL,3209,3,NULL,NULL,585,1,NULL,40720,40722,00002020,NULL,NULL,'2022-12-07','2022-12-07',0003,1,NULL,16100.00,16100.00,1,1.00,3,NULL,'','2023-01-04 18:31:25','2023-01-06 11:35:15','2023-01-06 11:35:15'),(70,NULL,1,4,NULL,NULL,3209,3,NULL,NULL,585,1,NULL,40720,40722,00002021,NULL,NULL,'2022-12-07','2022-12-07',0003,1,NULL,20900.00,20900.00,1,1.00,3,NULL,'','2023-01-04 18:31:25','2023-01-06 11:35:15','2023-01-06 11:35:15'),(71,NULL,1,4,NULL,NULL,3209,3,NULL,NULL,585,1,NULL,40720,40722,00002022,NULL,NULL,'2022-12-07','2022-12-07',0003,1,NULL,19800.00,19800.00,1,1.00,3,NULL,'','2023-01-04 18:31:25','2023-01-06 11:35:15','2023-01-06 11:35:15'),(72,NULL,1,4,NULL,NULL,3209,3,NULL,NULL,585,1,NULL,40720,40722,00002023,NULL,NULL,'2022-12-07','2022-12-07',0003,1,NULL,20000.00,20000.00,1,1.00,3,NULL,'','2023-01-04 18:31:25','2023-01-06 11:35:15','2023-01-06 11:35:15');
INSERT INTO `receipts` VALUES (73,NULL,1,4,NULL,NULL,3209,3,NULL,NULL,585,1,NULL,40720,40722,00002024,NULL,NULL,'2022-12-07','2022-12-07',0003,1,NULL,20400.00,20400.00,1,1.00,3,NULL,'','2023-01-04 18:31:26','2023-01-06 11:35:15','2023-01-06 11:35:15'),(74,NULL,1,4,NULL,NULL,3209,3,NULL,NULL,585,1,NULL,40720,40724,00002025,NULL,NULL,'2022-12-07','2022-12-07',0003,1,NULL,37800.00,37800.00,1,1.00,3,NULL,'','2023-01-04 18:31:26','2023-01-06 11:35:15','2023-01-06 11:35:15'),(75,NULL,1,4,NULL,NULL,3209,3,NULL,NULL,585,1,NULL,40720,40737,00002026,NULL,NULL,'2022-12-07','2022-12-07',0003,1,NULL,47470.00,47470.00,1,1.00,3,NULL,'','2023-01-04 18:31:26','2023-01-06 11:35:15','2023-01-06 11:35:15'),(76,NULL,1,4,NULL,NULL,3209,3,NULL,NULL,585,1,NULL,40720,40739,00002027,NULL,NULL,'2022-12-07','2022-12-07',0003,1,NULL,23000.00,23000.00,1,1.00,3,NULL,'','2023-01-04 18:31:26','2023-01-06 11:35:15','2023-01-06 11:35:15'),(77,NULL,1,4,NULL,NULL,3209,3,NULL,NULL,585,1,NULL,40720,40722,00002028,NULL,NULL,'2022-12-07','2022-12-07',0003,1,NULL,19100.00,19100.00,1,1.00,3,NULL,'','2023-01-04 18:31:26','2023-01-06 11:35:15','2023-01-06 11:35:15'),(78,NULL,1,4,NULL,NULL,3209,3,NULL,NULL,585,1,NULL,40720,40722,00002029,NULL,NULL,'2022-12-07','2022-12-07',0003,1,NULL,14929.78,14929.78,1,1.00,3,NULL,'','2023-01-04 18:31:26','2023-01-06 11:35:15','2023-01-06 11:35:15'),(79,NULL,1,4,NULL,NULL,3209,3,NULL,NULL,585,1,NULL,40720,40722,00002030,NULL,NULL,'2022-12-07','2022-12-07',0003,1,NULL,19000.00,19000.00,1,1.00,3,NULL,'','2023-01-04 18:31:26','2023-01-06 11:35:15','2023-01-06 11:35:15'),(80,NULL,1,4,NULL,NULL,3209,3,NULL,NULL,585,1,NULL,40720,40722,00002031,NULL,NULL,'2022-12-07','2022-12-07',0003,1,NULL,18400.00,18400.00,1,1.00,3,NULL,'','2023-01-04 18:31:26','2023-01-06 11:35:15','2023-01-06 11:35:15'),(81,NULL,1,4,NULL,NULL,3209,3,NULL,NULL,585,1,NULL,40720,40722,00002032,NULL,NULL,'2022-12-07','2022-12-07',0003,1,NULL,21000.00,21000.00,1,1.00,3,NULL,'','2023-01-04 18:31:26','2023-01-06 11:35:15','2023-01-06 11:35:15'),(82,NULL,1,4,NULL,NULL,3209,3,NULL,NULL,585,1,NULL,40720,40722,00002033,NULL,NULL,'2022-12-07','2022-12-07',0003,1,NULL,14600.00,14600.00,1,1.00,3,NULL,'','2023-01-04 18:31:26','2023-01-06 11:35:15','2023-01-06 11:35:15'),(83,NULL,1,4,NULL,NULL,3209,3,NULL,NULL,585,1,NULL,40720,40722,00002034,NULL,NULL,'2022-12-07','2022-12-07',0003,1,NULL,17600.00,17600.00,1,1.00,3,NULL,'','2023-01-04 18:31:26','2023-01-06 11:35:15','2023-01-06 11:35:15'),(84,NULL,1,4,NULL,NULL,3209,3,NULL,NULL,585,1,NULL,40720,40722,00002035,NULL,NULL,'2022-12-07','2022-12-07',0003,1,NULL,19800.00,19800.00,1,1.00,3,NULL,'','2023-01-04 18:31:26','2023-01-06 11:35:15','2023-01-06 11:35:15'),(85,NULL,1,4,NULL,NULL,3209,3,NULL,NULL,585,1,NULL,40720,40722,00002036,NULL,NULL,'2022-12-07','2022-12-07',0003,1,NULL,19800.00,19800.00,1,1.00,3,NULL,'','2023-01-04 18:31:27','2023-01-06 11:35:15','2023-01-06 11:35:15'),(86,NULL,1,4,NULL,NULL,3209,3,NULL,NULL,585,1,NULL,40720,40722,00002037,NULL,NULL,'2022-12-07','2022-12-07',0003,1,NULL,20800.00,20800.00,1,1.00,3,NULL,'','2023-01-04 18:31:27','2023-01-06 11:35:15','2023-01-06 11:35:15'),(87,NULL,1,4,NULL,NULL,3209,3,NULL,NULL,585,1,NULL,40720,40722,00002038,NULL,NULL,'2022-12-07','2022-12-07',0003,1,NULL,20800.00,20800.00,1,1.00,3,NULL,'','2023-01-04 18:31:27','2023-01-06 11:35:15','2023-01-06 11:35:15'),(88,NULL,1,1,NULL,NULL,3209,3,NULL,NULL,585,1,NULL,40720,40740,00000010,NULL,NULL,'2022-12-07','2022-12-07',0003,1,NULL,7586.70,7586.70,1,1.00,3,NULL,'','2023-01-04 18:31:27','2023-01-06 11:35:15','2023-01-06 11:35:15'),(89,NULL,1,1,NULL,NULL,3209,3,NULL,NULL,585,1,NULL,40720,40740,00000011,NULL,NULL,'2022-12-07','2022-12-07',0003,1,NULL,1599.62,1599.62,1,1.00,3,NULL,'','2023-01-04 18:31:27','2023-01-06 11:35:15','2023-01-06 11:35:15'),(90,NULL,1,4,NULL,NULL,3209,3,NULL,NULL,585,1,NULL,40720,40721,00001951,NULL,NULL,'2022-12-07','2022-12-07',0003,1,NULL,22700.00,22700.00,1,1.00,3,NULL,'','2023-01-04 18:31:27','2023-01-06 11:35:15','2023-01-06 11:35:15');
INSERT INTO `receipts` VALUES (91,NULL,1,4,NULL,NULL,3209,3,NULL,NULL,585,1,NULL,40720,40722,00001952,NULL,NULL,'2022-12-07','2022-12-07',0003,1,NULL,17600.00,17600.00,1,1.00,3,NULL,'','2023-01-04 18:31:27','2023-01-06 11:35:15','2023-01-06 11:35:15'),(92,NULL,1,1,NULL,NULL,3209,3,NULL,NULL,585,1,NULL,40720,40740,00000012,NULL,NULL,'2022-12-12','2022-12-12',0003,1,NULL,7598.80,7598.80,1,1.00,3,NULL,'','2023-01-04 18:31:27','2023-01-06 11:35:15','2023-01-06 11:35:15'),(93,NULL,1,4,NULL,NULL,3209,3,NULL,NULL,585,1,NULL,40720,40722,00002039,NULL,NULL,'2022-12-14','2022-12-14',0003,1,NULL,18100.00,18100.00,1,1.00,3,NULL,'','2023-01-04 18:31:27','2023-01-06 11:35:15','2023-01-06 11:35:15'),(94,NULL,1,4,NULL,NULL,3209,3,NULL,NULL,585,1,NULL,40720,40722,00002040,NULL,NULL,'2022-12-14','2022-12-14',0003,1,NULL,20900.00,20900.00,1,1.00,3,NULL,'','2023-01-04 18:31:27','2023-01-06 11:35:15','2023-01-06 11:35:15'),(95,NULL,1,4,NULL,NULL,3209,3,NULL,NULL,585,1,NULL,40720,40722,00002041,NULL,NULL,'2022-12-14','2022-12-14',0003,1,NULL,20000.00,20000.00,1,1.00,3,NULL,'','2023-01-04 18:31:28','2023-01-06 11:35:15','2023-01-06 11:35:15'),(96,NULL,1,4,NULL,NULL,3209,3,NULL,NULL,585,1,NULL,40720,40722,00002042,NULL,NULL,'2022-12-14','2022-12-14',0003,1,NULL,18400.00,18400.00,1,1.00,3,NULL,'','2023-01-04 18:31:28','2023-01-06 11:35:15','2023-01-06 11:35:15'),(97,NULL,1,4,NULL,NULL,3209,3,NULL,NULL,585,1,NULL,40720,40722,00002043,NULL,NULL,'2022-12-14','2022-12-14',0003,1,NULL,20700.00,20700.00,1,1.00,3,NULL,'','2023-01-04 18:31:28','2023-01-06 11:35:15','2023-01-06 11:35:15'),(98,NULL,1,4,NULL,NULL,3209,3,NULL,NULL,585,1,NULL,40720,40722,00002044,NULL,NULL,'2022-12-14','2022-12-14',0003,1,NULL,18900.00,18900.00,1,1.00,3,NULL,'','2023-01-04 18:31:28','2023-01-06 11:35:15','2023-01-06 11:35:15'),(99,NULL,1,4,NULL,NULL,3209,3,NULL,NULL,585,1,NULL,40720,40722,00002045,NULL,NULL,'2022-12-14','2022-12-14',0003,1,NULL,19000.00,19000.00,1,1.00,3,NULL,'','2023-01-04 18:31:28','2023-01-06 11:35:15','2023-01-06 11:35:15'),(100,NULL,1,4,NULL,NULL,3209,3,NULL,NULL,585,1,NULL,40720,40722,00002046,NULL,NULL,'2022-12-14','2022-12-14',0003,1,NULL,15600.00,15600.00,1,1.00,3,NULL,'','2023-01-04 18:31:28','2023-01-06 11:35:15','2023-01-06 11:35:15'),(101,NULL,1,4,NULL,NULL,3209,3,NULL,NULL,585,1,NULL,40720,40722,00002047,NULL,NULL,'2022-12-14','2022-12-14',0003,1,NULL,17400.00,17400.00,1,1.00,3,NULL,'','2023-01-04 18:31:28','2023-01-06 11:35:15','2023-01-06 11:35:15'),(102,NULL,1,4,NULL,NULL,3209,3,NULL,NULL,585,1,NULL,40720,40722,00002048,NULL,NULL,'2022-12-14','2022-12-14',0003,1,NULL,17226.50,17226.50,1,1.00,3,NULL,'','2023-01-04 18:31:28','2023-01-06 11:35:15','2023-01-06 11:35:15'),(103,NULL,1,4,NULL,NULL,3209,3,NULL,NULL,585,1,NULL,40720,40741,00002049,NULL,NULL,'2022-12-14','2022-12-14',0003,1,NULL,31800.00,31800.00,1,1.00,3,NULL,'','2023-01-04 18:31:28','2023-01-06 11:35:15','2023-01-06 11:35:15'),(104,NULL,1,4,NULL,NULL,3209,3,NULL,NULL,585,1,NULL,40720,40722,00002050,NULL,NULL,'2022-12-14','2022-12-14',0003,1,NULL,17400.00,17400.00,1,1.00,3,NULL,'','2023-01-04 18:31:28','2023-01-06 11:35:15','2023-01-06 11:35:15'),(105,NULL,1,4,NULL,NULL,3209,3,NULL,NULL,585,1,NULL,40720,40722,00002051,NULL,NULL,'2022-12-14','2022-12-14',0003,1,NULL,20000.00,20000.00,1,1.00,3,NULL,'','2023-01-04 18:31:28','2023-01-06 11:35:15','2023-01-06 11:35:15'),(106,NULL,1,4,NULL,NULL,3209,3,NULL,NULL,585,1,NULL,40720,40742,00002052,NULL,NULL,'2022-12-14','2022-12-14',0003,1,NULL,23000.00,23000.00,1,1.00,3,NULL,'','2023-01-04 18:31:28','2023-01-06 11:35:15','2023-01-06 11:35:15'),(107,NULL,1,4,NULL,NULL,3209,3,NULL,NULL,585,1,NULL,40720,40743,00002053,NULL,NULL,'2022-12-14','2022-12-14',0003,1,NULL,28500.00,28500.00,1,1.00,3,NULL,'','2023-01-04 18:31:28','2023-01-06 11:35:15','2023-01-06 11:35:15'),(108,NULL,1,4,NULL,NULL,3209,3,NULL,NULL,585,1,NULL,40720,40722,00002054,NULL,NULL,'2022-12-14','2022-12-14',0003,1,NULL,18900.00,18900.00,1,1.00,3,NULL,'','2023-01-04 18:31:28','2023-01-06 11:35:15','2023-01-06 11:35:15');
INSERT INTO `receipts` VALUES (109,NULL,1,4,NULL,NULL,3209,3,NULL,NULL,585,1,NULL,40720,40722,00002055,NULL,NULL,'2022-12-14','2022-12-14',0003,1,NULL,16400.00,16400.00,1,1.00,3,NULL,'','2023-01-04 18:31:28','2023-01-06 11:35:15','2023-01-06 11:35:15'),(110,NULL,1,4,NULL,NULL,3209,3,NULL,NULL,585,1,NULL,40720,40722,00002056,NULL,NULL,'2022-12-14','2022-12-14',0003,1,NULL,18000.00,18000.00,1,1.00,3,NULL,'','2023-01-04 18:31:29','2023-01-06 11:35:16','2023-01-06 11:35:16'),(111,NULL,1,4,NULL,NULL,3209,3,NULL,NULL,585,1,NULL,40720,40744,00002057,NULL,NULL,'2022-12-14','2022-12-14',0003,1,NULL,32200.00,32200.00,1,1.00,3,NULL,'','2023-01-04 18:31:29','2023-01-06 11:35:16','2023-01-06 11:35:16'),(112,NULL,1,4,NULL,NULL,3209,3,NULL,NULL,585,1,NULL,40720,40722,00002058,NULL,NULL,'2022-12-14','2022-12-14',0003,1,NULL,18900.00,18900.00,1,1.00,3,NULL,'','2023-01-04 18:31:29','2023-01-06 11:35:16','2023-01-06 11:35:16'),(113,NULL,1,4,NULL,NULL,3209,3,NULL,NULL,585,1,NULL,40720,40722,00002059,NULL,NULL,'2022-12-14','2022-12-14',0003,1,NULL,19400.00,19400.00,1,1.00,3,NULL,'','2023-01-04 18:31:29','2023-01-06 11:35:16','2023-01-06 11:35:16'),(114,NULL,1,4,NULL,NULL,3209,3,NULL,NULL,585,1,NULL,40720,40722,00002060,NULL,NULL,'2022-12-14','2022-12-14',0003,1,NULL,19300.00,19300.00,1,1.00,3,NULL,'','2023-01-04 18:31:29','2023-01-06 11:35:16','2023-01-06 11:35:16'),(115,NULL,1,4,NULL,NULL,3209,3,NULL,NULL,585,1,NULL,40720,40722,00002061,NULL,NULL,'2022-12-14','2022-12-14',0003,1,NULL,20000.00,20000.00,1,1.00,3,NULL,'','2023-01-04 18:31:29','2023-01-06 11:35:16','2023-01-06 11:35:16'),(116,NULL,1,4,NULL,NULL,3209,3,NULL,NULL,585,1,NULL,40720,40745,00002062,NULL,NULL,'2022-12-14','2022-12-14',0003,1,NULL,36800.00,36800.00,1,1.00,3,NULL,'','2023-01-04 18:31:29','2023-01-06 11:35:16','2023-01-06 11:35:16'),(117,NULL,1,4,NULL,NULL,3209,3,NULL,NULL,585,1,NULL,40720,40746,00002063,NULL,NULL,'2022-12-14','2022-12-14',0003,1,NULL,81100.00,81100.00,1,1.00,3,NULL,'','2023-01-04 18:31:29','2023-01-06 11:35:16','2023-01-06 11:35:16'),(118,NULL,1,4,NULL,NULL,3209,3,NULL,NULL,585,1,NULL,40720,40722,00002064,NULL,NULL,'2022-12-14','2022-12-14',0003,1,NULL,21000.00,21000.00,1,1.00,3,NULL,'','2023-01-04 18:31:29','2023-01-06 11:35:16','2023-01-06 11:35:16'),(119,NULL,1,4,NULL,NULL,3209,3,NULL,NULL,585,1,NULL,40720,40722,00002065,NULL,NULL,'2022-12-14','2022-12-14',0003,1,NULL,20000.00,20000.00,1,1.00,3,NULL,'','2023-01-04 18:31:29','2023-01-06 11:35:16','2023-01-06 11:35:16'),(120,NULL,1,4,NULL,NULL,3209,3,NULL,NULL,585,1,NULL,40720,40747,00002066,NULL,NULL,'2022-12-14','2022-12-14',0003,1,NULL,29100.00,29100.00,1,1.00,3,NULL,'','2023-01-04 18:31:29','2023-01-06 11:35:16','2023-01-06 11:35:16'),(121,NULL,1,4,NULL,NULL,3209,3,NULL,NULL,585,1,NULL,40720,40722,00002067,NULL,NULL,'2022-12-14','2022-12-14',0003,1,NULL,19800.00,19800.00,1,1.00,3,NULL,'','2023-01-04 18:31:29','2023-01-06 11:35:16','2023-01-06 11:35:16'),(122,NULL,1,4,NULL,NULL,3209,3,NULL,NULL,585,1,NULL,40720,40722,00002068,NULL,NULL,'2022-12-14','2022-12-14',0003,1,NULL,20914.51,20914.51,1,1.00,3,NULL,'','2023-01-04 18:31:29','2023-01-06 11:35:16','2023-01-06 11:35:16'),(123,NULL,1,4,NULL,NULL,3209,3,NULL,NULL,585,1,NULL,40720,40722,00002069,NULL,NULL,'2022-12-14','2022-12-14',0003,1,NULL,20500.00,20500.00,1,1.00,3,NULL,'','2023-01-04 18:31:29','2023-01-06 11:35:16','2023-01-06 11:35:16'),(124,NULL,1,4,NULL,NULL,3209,3,NULL,NULL,585,1,NULL,40720,40748,00002070,NULL,NULL,'2022-12-14','2022-12-14',0003,1,NULL,27300.00,27300.00,1,1.00,3,NULL,'','2023-01-04 18:31:29','2023-01-06 11:35:16','2023-01-06 11:35:16'),(125,NULL,1,4,NULL,NULL,3209,3,NULL,NULL,585,1,NULL,40720,40722,00002071,NULL,NULL,'2022-12-14','2022-12-14',0003,1,NULL,19800.00,19800.00,1,1.00,3,NULL,'','2023-01-04 18:31:29','2023-01-06 11:35:16','2023-01-06 11:35:16'),(126,NULL,1,4,NULL,NULL,3209,3,NULL,NULL,585,1,NULL,40720,40722,00002072,NULL,NULL,'2022-12-14','2022-12-14',0003,1,NULL,18500.00,18500.00,1,1.00,3,NULL,'','2023-01-04 18:31:29','2023-01-06 11:35:16','2023-01-06 11:35:16');
INSERT INTO `receipts` VALUES (127,NULL,1,4,NULL,NULL,3209,3,NULL,NULL,585,1,NULL,40720,40722,00002073,NULL,NULL,'2022-12-14','2022-12-14',0003,1,NULL,17000.00,17000.00,1,1.00,3,NULL,'','2023-01-04 18:31:29','2023-01-06 11:35:16','2023-01-06 11:35:16'),(128,NULL,1,4,NULL,NULL,3209,3,NULL,NULL,585,1,NULL,40720,40749,00002074,NULL,NULL,'2022-12-14','2022-12-14',0003,1,NULL,42400.00,42400.00,1,1.00,3,NULL,'','2023-01-04 18:31:29','2023-01-06 11:35:16','2023-01-06 11:35:16'),(129,NULL,1,4,NULL,NULL,3209,3,NULL,NULL,585,1,NULL,40720,40722,00002075,NULL,NULL,'2022-12-14','2022-12-14',0003,1,NULL,20100.00,20100.00,1,1.00,3,NULL,'','2023-01-04 18:31:29','2023-01-06 11:35:16','2023-01-06 11:35:16'),(130,NULL,1,4,NULL,NULL,3209,3,NULL,NULL,585,1,NULL,40720,40750,00002076,NULL,NULL,'2022-12-14','2022-12-14',0003,1,NULL,29800.00,29800.00,1,1.00,3,NULL,'','2023-01-04 18:31:29','2023-01-06 11:35:16','2023-01-06 11:35:16'),(131,NULL,1,4,NULL,NULL,3209,3,NULL,NULL,585,1,NULL,40720,40722,00002077,NULL,NULL,'2022-12-14','2022-12-14',0003,1,NULL,16500.00,16500.00,1,1.00,3,NULL,'','2023-01-04 18:31:29','2023-01-06 11:35:16','2023-01-06 11:35:16'),(132,NULL,1,4,NULL,NULL,3209,3,NULL,NULL,585,1,NULL,40720,40722,00002078,NULL,NULL,'2022-12-14','2022-12-14',0003,1,NULL,19100.00,19100.00,1,1.00,3,NULL,'','2023-01-04 18:31:29','2023-01-06 11:35:16','2023-01-06 11:35:16'),(133,NULL,1,4,NULL,NULL,3209,3,NULL,NULL,585,1,NULL,40720,40722,00002079,NULL,NULL,'2022-12-14','2022-12-14',0003,1,NULL,19633.00,19633.00,1,1.00,3,NULL,'','2023-01-04 18:31:29','2023-01-06 11:35:16','2023-01-06 11:35:16'),(134,NULL,1,4,NULL,NULL,3209,3,NULL,NULL,585,1,NULL,40720,40722,00002080,NULL,NULL,'2022-12-14','2022-12-14',0003,1,NULL,20900.00,20900.00,1,1.00,3,NULL,'','2023-01-04 18:31:29','2023-01-06 11:35:16','2023-01-06 11:35:16'),(135,NULL,1,4,NULL,NULL,3209,3,NULL,NULL,585,1,NULL,40720,40722,00002081,NULL,NULL,'2022-12-14','2022-12-14',0003,1,NULL,21000.00,21000.00,1,1.00,3,NULL,'','2023-01-04 18:31:30','2023-01-06 11:35:16','2023-01-06 11:35:16'),(136,NULL,1,4,NULL,NULL,3209,3,NULL,NULL,585,1,NULL,40720,40722,00002082,NULL,NULL,'2022-12-14','2022-12-14',0003,1,NULL,20700.00,20700.00,1,1.00,3,NULL,'','2023-01-04 18:31:30','2023-01-06 11:35:16','2023-01-06 11:35:16'),(137,NULL,1,4,NULL,NULL,3209,3,NULL,NULL,585,1,NULL,40720,40751,00002083,NULL,NULL,'2022-12-14','2022-12-14',0003,1,NULL,150000.00,150000.00,1,1.00,3,NULL,'','2023-01-04 18:31:30','2023-01-06 11:35:16','2023-01-06 11:35:16'),(138,NULL,1,4,NULL,NULL,3209,3,NULL,NULL,585,1,NULL,40720,40752,00002084,NULL,NULL,'2022-12-14','2022-12-14',0003,1,NULL,22000.00,22000.00,1,1.00,3,NULL,'','2023-01-04 18:31:30','2023-01-06 11:35:16','2023-01-06 11:35:16'),(139,NULL,1,4,NULL,NULL,3209,3,NULL,NULL,585,1,NULL,40720,40722,00002085,NULL,NULL,'2022-12-14','2022-12-14',0003,1,NULL,20500.00,20500.00,1,1.00,3,NULL,'','2023-01-04 18:31:30','2023-01-06 11:35:16','2023-01-06 11:35:16'),(140,NULL,1,4,NULL,NULL,3209,3,NULL,NULL,585,1,NULL,40720,40722,00002086,NULL,NULL,'2022-12-14','2022-12-14',0003,1,NULL,20500.00,20500.00,1,1.00,3,NULL,'','2023-01-04 18:31:30','2023-01-06 11:35:16','2023-01-06 11:35:16'),(141,NULL,1,4,NULL,NULL,3209,3,NULL,NULL,585,1,NULL,40720,40722,00002087,NULL,NULL,'2022-12-14','2022-12-14',0003,1,NULL,20950.00,20950.00,1,1.00,3,NULL,'','2023-01-04 18:31:30','2023-01-06 11:35:16','2023-01-06 11:35:16'),(142,NULL,1,4,NULL,NULL,3209,3,NULL,NULL,585,1,NULL,40720,40722,00002088,NULL,NULL,'2022-12-14','2022-12-14',0003,1,NULL,20200.00,20200.00,1,1.00,3,NULL,'','2023-01-04 18:31:30','2023-01-06 11:35:16','2023-01-06 11:35:16'),(143,NULL,1,4,NULL,NULL,3209,3,NULL,NULL,585,1,NULL,40720,40722,00002089,NULL,NULL,'2022-12-14','2022-12-14',0003,1,NULL,21000.00,21000.00,1,1.00,3,NULL,'','2023-01-04 18:31:30','2023-01-06 11:35:16','2023-01-06 11:35:16'),(144,NULL,1,4,NULL,NULL,3209,3,NULL,NULL,585,1,NULL,40720,40722,00002090,NULL,NULL,'2022-12-14','2022-12-14',0003,1,NULL,18700.00,18700.00,1,1.00,3,NULL,'','2023-01-04 18:31:30','2023-01-06 11:35:16','2023-01-06 11:35:16');
INSERT INTO `receipts` VALUES (145,NULL,1,4,NULL,NULL,3209,3,NULL,NULL,585,1,NULL,40720,40722,00002091,NULL,NULL,'2022-12-14','2022-12-14',0003,1,NULL,21000.00,21000.00,1,1.00,3,NULL,'','2023-01-04 18:31:30','2023-01-06 11:35:16','2023-01-06 11:35:16'),(146,NULL,1,4,NULL,NULL,3209,3,NULL,NULL,585,1,NULL,40720,40722,00002092,NULL,NULL,'2022-12-14','2022-12-14',0003,1,NULL,19600.00,19600.00,1,1.00,3,NULL,'','2023-01-04 18:31:30','2023-01-06 11:35:16','2023-01-06 11:35:16'),(147,NULL,1,4,NULL,NULL,3209,3,NULL,NULL,585,1,NULL,40720,40722,00002093,NULL,NULL,'2022-12-14','2022-12-14',0003,1,NULL,20100.00,20100.00,1,1.00,3,NULL,'','2023-01-04 18:31:30','2023-01-06 11:35:16','2023-01-06 11:35:16'),(148,NULL,1,4,NULL,NULL,3209,3,NULL,NULL,585,1,NULL,40720,40737,00002094,NULL,NULL,'2022-12-14','2022-12-14',0003,1,NULL,31100.00,31100.00,1,1.00,3,NULL,'','2023-01-04 18:31:30','2023-01-06 11:35:16','2023-01-06 11:35:16'),(149,NULL,1,4,NULL,NULL,3209,3,NULL,NULL,585,1,NULL,40720,40722,00002095,NULL,NULL,'2022-12-14','2022-12-14',0003,1,NULL,20800.00,20800.00,1,1.00,3,NULL,'','2023-01-04 18:31:30','2023-01-06 11:35:16','2023-01-06 11:35:16'),(150,NULL,1,4,NULL,NULL,3209,3,NULL,NULL,585,1,NULL,40720,40753,00002096,NULL,NULL,'2022-12-14','2022-12-14',0003,1,NULL,104990.00,104990.00,1,1.00,3,NULL,'','2023-01-04 18:31:30','2023-01-06 11:35:16','2023-01-06 11:35:16'),(151,NULL,1,4,NULL,NULL,3209,3,NULL,NULL,585,1,NULL,40720,40722,00002097,NULL,NULL,'2022-12-14','2022-12-14',0003,1,NULL,20200.00,20200.00,1,1.00,3,NULL,'','2023-01-04 18:31:30','2023-01-06 11:35:16','2023-01-06 11:35:16'),(152,NULL,1,4,NULL,NULL,3209,3,NULL,NULL,585,1,NULL,40720,40754,00002098,NULL,NULL,'2022-12-14','2022-12-14',0003,1,NULL,25000.00,25000.00,1,1.00,3,NULL,'','2023-01-04 18:31:30','2023-01-06 11:35:16','2023-01-06 11:35:16'),(153,NULL,1,4,NULL,NULL,3209,3,NULL,NULL,585,1,NULL,40720,40755,00002099,NULL,NULL,'2022-12-14','2022-12-14',0003,1,NULL,42700.00,42700.00,1,1.00,3,NULL,'','2023-01-04 18:31:30','2023-01-06 11:35:16','2023-01-06 11:35:16'),(154,NULL,1,4,NULL,NULL,3209,3,NULL,NULL,585,1,NULL,40720,40722,00002100,NULL,NULL,'2022-12-14','2022-12-14',0003,1,NULL,20350.00,20350.00,1,1.00,3,NULL,'','2023-01-04 18:31:30','2023-01-06 11:35:16','2023-01-06 11:35:16'),(155,NULL,1,4,NULL,NULL,3209,3,NULL,NULL,585,1,NULL,40720,40722,00002101,NULL,NULL,'2022-12-14','2022-12-14',0003,1,NULL,20275.00,20275.00,1,1.00,3,NULL,'','2023-01-04 18:31:30','2023-01-06 11:35:16','2023-01-06 11:35:16'),(156,NULL,1,4,NULL,NULL,3209,3,NULL,NULL,585,1,NULL,40720,40722,00002102,NULL,NULL,'2022-12-14','2022-12-14',0003,1,NULL,20600.00,20600.00,1,1.00,3,NULL,'','2023-01-04 18:31:31','2023-01-06 11:35:16','2023-01-06 11:35:16'),(157,NULL,1,4,NULL,NULL,3209,3,NULL,NULL,585,1,NULL,40720,40722,00002103,NULL,NULL,'2022-12-14','2022-12-14',0003,1,NULL,17900.00,17900.00,1,1.00,3,NULL,'','2023-01-04 18:31:31','2023-01-06 11:35:16','2023-01-06 11:35:16'),(158,NULL,1,4,NULL,NULL,3209,3,NULL,NULL,585,1,NULL,40720,40756,00002104,NULL,NULL,'2022-12-14','2022-12-14',0003,1,NULL,68000.00,68000.00,1,1.00,3,NULL,'','2023-01-04 18:31:31','2023-01-06 11:35:16','2023-01-06 11:35:16'),(159,NULL,1,4,NULL,NULL,3209,3,NULL,NULL,585,1,NULL,40720,40722,00002105,NULL,NULL,'2022-12-14','2022-12-14',0003,1,NULL,18500.00,18500.00,1,1.00,3,NULL,'','2023-01-04 18:31:31','2023-01-06 11:35:16','2023-01-06 11:35:16'),(160,NULL,1,4,NULL,NULL,3209,3,NULL,NULL,585,1,NULL,40720,40722,00002106,NULL,NULL,'2022-12-14','2022-12-14',0003,1,NULL,19700.00,19700.00,1,1.00,3,NULL,'','2023-01-04 18:31:31','2023-01-06 11:35:16','2023-01-06 11:35:16'),(161,NULL,1,4,NULL,NULL,3209,3,NULL,NULL,585,1,NULL,40720,40722,00002107,NULL,NULL,'2022-12-14','2022-12-14',0003,1,NULL,18500.00,18500.00,1,1.00,3,NULL,'','2023-01-04 18:31:31','2023-01-06 11:35:16','2023-01-06 11:35:16'),(162,NULL,1,4,NULL,NULL,3209,3,NULL,NULL,585,1,NULL,40720,40757,00002108,NULL,NULL,'2022-12-14','2022-12-14',0003,1,NULL,33100.00,33100.00,1,1.00,3,NULL,'','2023-01-04 18:31:31','2023-01-06 11:35:16','2023-01-06 11:35:16');
INSERT INTO `receipts` VALUES (163,NULL,1,4,NULL,NULL,3209,3,NULL,NULL,585,1,NULL,40720,40732,00002109,NULL,NULL,'2022-12-14','2022-12-14',0003,1,NULL,35700.00,35700.00,1,1.00,3,NULL,'','2023-01-04 18:31:31','2023-01-06 11:35:16','2023-01-06 11:35:16'),(164,NULL,1,4,NULL,NULL,3209,3,NULL,NULL,585,1,NULL,40720,40722,00002110,NULL,NULL,'2022-12-14','2022-12-14',0003,1,NULL,19800.00,19800.00,1,1.00,3,NULL,'','2023-01-04 18:31:31','2023-01-06 11:35:16','2023-01-06 11:35:16'),(165,NULL,1,4,NULL,NULL,3209,3,NULL,NULL,585,1,NULL,40720,40722,00002111,NULL,NULL,'2022-12-14','2022-12-14',0003,1,NULL,18500.00,18500.00,1,1.00,3,NULL,'','2023-01-04 18:31:31','2023-01-06 11:35:16','2023-01-06 11:35:16'),(166,NULL,1,4,NULL,NULL,3209,3,NULL,NULL,585,1,NULL,40720,40722,00002112,NULL,NULL,'2022-12-14','2022-12-14',0003,1,NULL,17700.00,17700.00,1,1.00,3,NULL,'','2023-01-04 18:31:31','2023-01-06 11:35:16','2023-01-06 11:35:16'),(167,NULL,1,4,NULL,NULL,3209,3,NULL,NULL,585,1,NULL,40720,40722,00002113,NULL,NULL,'2022-12-14','2022-12-14',0003,1,NULL,19800.00,19800.00,1,1.00,3,NULL,'','2023-01-04 18:31:31','2023-01-06 11:35:16','2023-01-06 11:35:16'),(168,NULL,1,4,NULL,NULL,3209,3,NULL,NULL,585,1,NULL,40720,40722,00002114,NULL,NULL,'2022-12-14','2022-12-14',0003,1,NULL,20600.00,20600.00,1,1.00,3,NULL,'','2023-01-04 18:31:31','2023-01-06 11:35:16','2023-01-06 11:35:16'),(169,NULL,1,4,NULL,NULL,3209,3,NULL,NULL,585,1,NULL,40720,40758,00002115,NULL,NULL,'2022-12-14','2022-12-14',0003,1,NULL,40100.00,40100.00,1,1.00,3,NULL,'','2023-01-04 18:31:31','2023-01-06 11:35:16','2023-01-06 11:35:16'),(170,NULL,1,4,NULL,NULL,3209,3,NULL,NULL,585,1,NULL,40720,40722,00002116,NULL,NULL,'2022-12-14','2022-12-14',0003,1,NULL,19300.00,19300.00,1,1.00,3,NULL,'','2023-01-04 18:31:31','2023-01-06 11:35:16','2023-01-06 11:35:16'),(171,NULL,1,4,NULL,NULL,3209,3,NULL,NULL,585,1,NULL,40720,40722,00002117,NULL,NULL,'2022-12-14','2022-12-14',0003,1,NULL,20500.00,20500.00,1,1.00,3,NULL,'','2023-01-04 18:31:31','2023-01-06 11:35:16','2023-01-06 11:35:16'),(172,NULL,1,4,NULL,NULL,3209,3,NULL,NULL,585,1,NULL,40720,40722,00002118,NULL,NULL,'2022-12-14','2022-12-14',0003,1,NULL,20550.00,20550.00,1,1.00,3,NULL,'','2023-01-04 18:31:31','2023-01-06 11:35:16','2023-01-06 11:35:16'),(173,NULL,1,4,NULL,NULL,3209,3,NULL,NULL,585,1,NULL,40720,40722,00002119,NULL,NULL,'2022-12-14','2022-12-14',0003,1,NULL,18600.00,18600.00,1,1.00,3,NULL,'','2023-01-04 18:31:32','2023-01-06 11:35:17','2023-01-06 11:35:17'),(174,NULL,1,4,NULL,NULL,3209,3,NULL,NULL,585,1,NULL,40720,40722,00002120,NULL,NULL,'2022-12-14','2022-12-14',0003,1,NULL,19300.00,19300.00,1,1.00,3,NULL,'','2023-01-04 18:31:32','2023-01-06 11:35:17','2023-01-06 11:35:17'),(175,NULL,1,4,NULL,NULL,3209,3,NULL,NULL,585,1,NULL,40720,40722,00002121,NULL,NULL,'2022-12-14','2022-12-14',0003,1,NULL,19800.00,19800.00,1,1.00,3,NULL,'','2023-01-04 18:31:32','2023-01-06 11:35:17','2023-01-06 11:35:17'),(176,NULL,1,4,NULL,NULL,3209,3,NULL,NULL,585,1,NULL,40720,40759,00002122,NULL,NULL,'2022-12-14','2022-12-14',0003,1,NULL,76000.00,76000.00,1,1.00,3,NULL,'','2023-01-04 18:31:32','2023-01-06 11:35:17','2023-01-06 11:35:17'),(177,NULL,1,4,NULL,NULL,3209,3,NULL,NULL,585,1,NULL,40720,40760,00002123,NULL,NULL,'2022-12-14','2022-12-14',0003,1,NULL,182740.00,182740.00,1,1.00,3,NULL,'','2023-01-04 18:31:32','2023-01-06 11:35:17','2023-01-06 11:35:17'),(178,NULL,1,4,NULL,NULL,3209,3,NULL,NULL,585,1,NULL,40720,40722,00002124,NULL,NULL,'2022-12-14','2022-12-14',0003,1,NULL,20900.00,20900.00,1,1.00,3,NULL,'','2023-01-04 18:31:32','2023-01-06 11:35:17','2023-01-06 11:35:17'),(179,NULL,1,4,NULL,NULL,3209,3,NULL,NULL,585,1,NULL,40720,40761,00002125,NULL,NULL,'2022-12-14','2022-12-14',0003,1,NULL,214200.00,214200.00,1,1.00,3,NULL,'','2023-01-04 18:31:32','2023-01-06 11:35:17','2023-01-06 11:35:17'),(180,NULL,1,4,NULL,NULL,3209,3,NULL,NULL,585,1,NULL,40720,40722,00002126,NULL,NULL,'2022-12-14','2022-12-14',0003,1,NULL,20800.00,20800.00,1,1.00,3,NULL,'','2023-01-04 18:31:32','2023-01-06 11:35:17','2023-01-06 11:35:17');
INSERT INTO `receipts` VALUES (181,NULL,1,4,NULL,NULL,3209,3,NULL,NULL,585,1,NULL,40720,40762,00002127,NULL,NULL,'2022-12-14','2022-12-14',0003,1,NULL,21800.00,21800.00,1,1.00,3,NULL,'','2023-01-04 18:31:32','2023-01-06 11:35:17','2023-01-06 11:35:17'),(182,NULL,1,4,NULL,NULL,3209,3,NULL,NULL,585,1,NULL,40720,40763,00002128,NULL,NULL,'2022-12-14','2022-12-14',0003,1,NULL,22400.00,22400.00,1,1.00,3,NULL,'','2023-01-04 18:31:32','2023-01-06 11:35:17','2023-01-06 11:35:17'),(183,NULL,1,4,NULL,NULL,3209,3,NULL,NULL,585,1,NULL,40720,40737,00002129,NULL,NULL,'2022-12-14','2022-12-14',0003,1,NULL,28200.00,28200.00,1,1.00,3,NULL,'','2023-01-04 18:31:32','2023-01-06 11:35:17','2023-01-06 11:35:17'),(184,NULL,1,4,NULL,NULL,3209,3,NULL,NULL,585,1,NULL,40720,40728,00002130,NULL,NULL,'2022-12-14','2022-12-14',0003,1,NULL,25800.00,25800.00,1,1.00,3,NULL,'','2023-01-04 18:31:32','2023-01-06 11:35:17','2023-01-06 11:35:17'),(185,NULL,1,4,NULL,NULL,3209,3,NULL,NULL,585,1,NULL,40720,40722,00002131,NULL,NULL,'2022-12-14','2022-12-14',0003,1,NULL,18500.00,18500.00,1,1.00,3,NULL,'','2023-01-04 18:31:32','2023-01-06 11:35:17','2023-01-06 11:35:17'),(186,NULL,1,4,NULL,NULL,3209,3,NULL,NULL,585,1,NULL,40720,40722,00002132,NULL,NULL,'2022-12-14','2022-12-14',0003,1,NULL,13800.00,13800.00,1,1.00,3,NULL,'','2023-01-04 18:31:32','2023-01-06 11:35:17','2023-01-06 11:35:17'),(187,NULL,1,4,NULL,NULL,3209,3,NULL,NULL,585,1,NULL,40720,40722,00002133,NULL,NULL,'2022-12-14','2022-12-14',0003,1,NULL,16800.00,16800.00,1,1.00,3,NULL,'','2023-01-04 18:31:32','2023-01-06 11:35:17','2023-01-06 11:35:17'),(188,NULL,1,4,NULL,NULL,3209,3,NULL,NULL,585,1,NULL,40720,40722,00002134,NULL,NULL,'2022-12-14','2022-12-14',0003,1,NULL,13800.00,13800.00,1,1.00,3,NULL,'','2023-01-04 18:31:32','2023-01-06 11:35:17','2023-01-06 11:35:17'),(189,NULL,1,4,NULL,NULL,3209,3,NULL,NULL,585,1,NULL,40720,40722,00002135,NULL,NULL,'2022-12-14','2022-12-14',0003,1,NULL,10900.00,10900.00,1,1.00,3,NULL,'','2023-01-04 18:31:32','2023-01-06 11:35:17','2023-01-06 11:35:17'),(190,NULL,1,4,NULL,NULL,3209,3,NULL,NULL,585,1,NULL,40720,40722,00002136,NULL,NULL,'2022-12-14','2022-12-14',0003,1,NULL,21500.00,21500.00,1,1.00,3,NULL,'','2023-01-04 18:31:32','2023-01-06 11:35:17','2023-01-06 11:35:17'),(191,NULL,1,4,NULL,NULL,3209,3,NULL,NULL,585,1,NULL,40720,40722,00002137,NULL,NULL,'2022-12-14','2022-12-14',0003,1,NULL,17300.00,17300.00,1,1.00,3,NULL,'','2023-01-04 18:31:32','2023-01-06 11:35:17','2023-01-06 11:35:17'),(192,NULL,1,1,NULL,NULL,3209,3,NULL,NULL,585,1,NULL,40720,40740,00000013,NULL,NULL,'2022-12-19','2022-12-19',0003,1,NULL,8000.52,8000.52,1,1.00,3,NULL,'','2023-01-04 18:31:32','2023-01-06 11:35:17','2023-01-06 11:35:17'),(193,NULL,1,4,NULL,NULL,3209,3,NULL,NULL,585,1,NULL,40720,40722,00002138,NULL,NULL,'2022-12-20','2022-12-20',0003,1,NULL,18500.00,18500.00,1,1.00,3,NULL,'','2023-01-04 18:31:32','2023-01-06 11:35:17','2023-01-06 11:35:17'),(194,NULL,1,4,NULL,NULL,3209,3,NULL,NULL,585,1,NULL,40720,40722,00002139,NULL,NULL,'2022-12-20','2022-12-20',0003,1,NULL,17700.00,17700.00,1,1.00,3,NULL,'','2023-01-04 18:31:33','2023-01-06 11:35:17','2023-01-06 11:35:17'),(195,NULL,1,4,NULL,NULL,3209,3,NULL,NULL,585,1,NULL,40720,40722,00002140,NULL,NULL,'2022-12-20','2022-12-20',0003,1,NULL,18800.00,18800.00,1,1.00,3,NULL,'','2023-01-04 18:31:33','2023-01-06 11:35:17','2023-01-06 11:35:17'),(196,NULL,1,4,NULL,NULL,3209,3,NULL,NULL,585,1,NULL,40720,40758,00002141,NULL,NULL,'2022-12-20','2022-12-20',0003,1,NULL,40100.00,40100.00,1,1.00,3,NULL,'','2023-01-04 18:31:33','2023-01-06 11:35:17','2023-01-06 11:35:17'),(197,NULL,1,4,NULL,NULL,3209,3,NULL,NULL,585,1,NULL,40720,40722,00002142,NULL,NULL,'2022-12-20','2022-12-20',0003,1,NULL,20500.00,20500.00,1,1.00,3,NULL,'','2023-01-04 18:31:33','2023-01-06 11:35:17','2023-01-06 11:35:17'),(198,NULL,1,4,NULL,NULL,3209,3,NULL,NULL,585,1,NULL,40720,40722,00002143,NULL,NULL,'2022-12-20','2022-12-20',0003,1,NULL,19300.00,19300.00,1,1.00,3,NULL,'','2023-01-04 18:31:33','2023-01-06 11:35:17','2023-01-06 11:35:17');
INSERT INTO `receipts` VALUES (199,NULL,1,4,NULL,NULL,3209,3,NULL,NULL,585,1,NULL,40720,40722,00002144,NULL,NULL,'2022-12-20','2022-12-20',0003,1,NULL,20250.00,20250.00,1,1.00,3,NULL,'','2023-01-04 18:31:33','2023-01-06 11:35:17','2023-01-06 11:35:17'),(200,NULL,1,4,NULL,NULL,3209,3,NULL,NULL,585,1,NULL,40720,40722,00002145,NULL,NULL,'2022-12-20','2022-12-20',0003,1,NULL,18200.00,18200.00,1,1.00,3,NULL,'','2023-01-04 18:31:33','2023-01-06 11:35:17','2023-01-06 11:35:17'),(201,NULL,1,1,NULL,NULL,3209,3,NULL,NULL,585,1,NULL,40720,40740,00000014,NULL,NULL,'2022-12-20','2022-12-20',0003,1,NULL,2200.99,2200.99,1,1.00,3,NULL,'','2023-01-04 18:31:33','2023-01-06 11:35:17','2023-01-06 11:35:17'),(202,NULL,1,4,NULL,NULL,3209,3,NULL,NULL,585,1,NULL,40720,40764,00002146,NULL,NULL,'2022-12-26','2022-12-26',0003,1,NULL,23600.00,23600.00,1,1.00,3,NULL,'','2023-01-04 18:31:33','2023-01-06 11:35:17','2023-01-06 11:35:17'),(203,NULL,1,4,NULL,NULL,3209,3,NULL,NULL,585,1,NULL,40720,40759,00002147,NULL,NULL,'2022-12-26','2022-12-26',0003,1,NULL,76000.00,76000.00,1,1.00,3,NULL,'','2023-01-04 18:31:33','2023-01-06 11:35:17','2023-01-06 11:35:17'),(204,NULL,1,4,NULL,NULL,3209,3,NULL,NULL,585,1,NULL,40720,40760,00002148,NULL,NULL,'2022-12-26','2022-12-26',0003,1,NULL,182700.00,182700.00,1,1.00,3,NULL,'','2023-01-04 18:31:34','2023-01-06 11:35:17','2023-01-06 11:35:17'),(205,NULL,1,4,NULL,NULL,3209,3,NULL,NULL,585,1,NULL,40720,40765,00002149,NULL,NULL,'2022-12-26','2022-12-26',0003,1,NULL,72000.00,72000.00,1,1.00,3,NULL,'','2023-01-04 18:31:34','2023-01-06 11:35:17','2023-01-06 11:35:17'),(206,NULL,1,4,NULL,NULL,3209,3,NULL,NULL,585,1,NULL,40720,40764,00002150,NULL,NULL,'2022-12-26','2022-12-26',0003,1,NULL,19800.00,19800.00,1,1.00,3,NULL,'','2023-01-04 18:31:34','2023-01-06 11:35:17','2023-01-06 11:35:17'),(207,NULL,1,4,NULL,NULL,3209,3,NULL,NULL,585,1,NULL,40720,40764,00002151,NULL,NULL,'2022-12-26','2022-12-26',0003,1,NULL,13000.00,13000.00,1,1.00,3,NULL,'','2023-01-04 18:31:34','2023-01-06 11:35:17','2023-01-06 11:35:17'),(208,NULL,1,4,NULL,NULL,3209,3,NULL,NULL,585,1,NULL,40720,40764,00002152,NULL,NULL,'2022-12-26','2022-12-26',0003,1,NULL,20900.00,20900.00,1,1.00,3,NULL,'','2023-01-04 18:31:34','2023-01-06 11:35:18','2023-01-06 11:35:18'),(209,NULL,1,4,NULL,NULL,3209,3,NULL,NULL,585,1,NULL,40720,40761,00002153,NULL,NULL,'2022-12-26','2022-12-26',0003,1,NULL,100000.00,100000.00,1,1.00,3,NULL,'','2023-01-04 18:31:34','2023-01-06 11:35:18','2023-01-06 11:35:18'),(210,NULL,1,4,NULL,NULL,3209,3,NULL,NULL,585,1,NULL,40720,40761,00002154,NULL,NULL,'2022-12-26','2022-12-26',0003,1,NULL,54000.00,54000.00,1,1.00,3,NULL,'','2023-01-04 18:31:34','2023-01-06 11:35:18','2023-01-06 11:35:18'),(211,NULL,1,4,NULL,NULL,3209,3,NULL,NULL,585,1,NULL,40720,40761,00002155,NULL,NULL,'2022-12-26','2022-12-26',0003,1,NULL,50000.00,50000.00,1,1.00,3,NULL,'','2023-01-04 18:31:34','2023-01-06 11:35:18','2023-01-06 11:35:18'),(212,NULL,1,4,NULL,NULL,3209,3,NULL,NULL,585,1,NULL,40720,40764,00002156,NULL,NULL,'2022-12-26','2022-12-26',0003,1,NULL,21800.00,21800.00,1,1.00,3,NULL,'','2023-01-04 18:31:34','2023-01-06 11:35:18','2023-01-06 11:35:18'),(213,NULL,1,4,NULL,NULL,3209,3,NULL,NULL,585,1,NULL,40720,40764,00002157,NULL,NULL,'2022-12-26','2022-12-26',0003,1,NULL,22400.00,22400.00,1,1.00,3,NULL,'','2023-01-04 18:31:34','2023-01-06 11:35:18','2023-01-06 11:35:18'),(214,NULL,1,4,NULL,NULL,3209,3,NULL,NULL,585,1,NULL,40720,40764,00002158,NULL,NULL,'2022-12-26','2022-12-26',0003,1,NULL,28200.00,28200.00,1,1.00,3,NULL,'','2023-01-04 18:31:34','2023-01-06 11:35:18','2023-01-06 11:35:18'),(215,NULL,1,4,NULL,NULL,3209,3,NULL,NULL,585,1,NULL,40720,40764,00002159,NULL,NULL,'2022-12-26','2022-12-26',0003,1,NULL,25800.00,25800.00,1,1.00,3,NULL,'','2023-01-04 18:31:34','2023-01-06 11:35:18','2023-01-06 11:35:18'),(216,NULL,1,4,NULL,NULL,3209,3,NULL,NULL,585,1,NULL,40720,40764,00002160,NULL,NULL,'2022-12-26','2022-12-26',0003,1,NULL,22300.00,22300.00,1,1.00,3,NULL,'','2023-01-04 18:31:35','2023-01-06 11:35:18','2023-01-06 11:35:18');
INSERT INTO `receipts` VALUES (217,NULL,1,4,NULL,NULL,3209,3,NULL,NULL,585,1,NULL,40720,40764,00002161,NULL,NULL,'2022-12-26','2022-12-26',0003,1,NULL,25000.00,25000.00,1,1.00,3,NULL,'','2023-01-04 18:31:35','2023-01-06 11:35:18','2023-01-06 11:35:18'),(218,NULL,1,4,NULL,NULL,3209,3,NULL,NULL,585,1,NULL,40720,40764,00002162,NULL,NULL,'2022-12-26','2022-12-26',0003,1,NULL,15500.00,15500.00,1,1.00,3,NULL,'','2023-01-04 18:31:35','2023-01-06 11:35:18','2023-01-06 11:35:18'),(219,NULL,1,4,NULL,NULL,3209,3,NULL,NULL,585,1,NULL,40720,40764,00002163,NULL,NULL,'2022-12-26','2022-12-26',0003,1,NULL,17300.00,17300.00,1,1.00,3,NULL,'','2023-01-04 18:31:35','2023-01-06 11:35:18','2023-01-06 11:35:18'),(220,NULL,1,4,NULL,NULL,3209,3,NULL,NULL,585,1,NULL,40720,40764,00002164,NULL,NULL,'2022-12-26','2022-12-26',0003,1,NULL,21500.00,21500.00,1,1.00,3,NULL,'','2023-01-04 18:31:35','2023-01-06 11:35:18','2023-01-06 11:35:18'),(221,NULL,1,4,NULL,NULL,3209,3,NULL,NULL,585,1,NULL,40720,40764,00002165,NULL,NULL,'2022-12-26','2022-12-26',0003,1,NULL,24700.00,24700.00,1,1.00,3,NULL,'','2023-01-04 18:31:35','2023-01-06 11:35:18','2023-01-06 11:35:18'),(222,NULL,1,4,NULL,NULL,3209,3,NULL,NULL,585,1,NULL,40720,40764,00002166,NULL,NULL,'2022-12-26','2022-12-26',0003,1,NULL,16800.00,16800.00,1,1.00,3,NULL,'','2023-01-04 18:31:35','2023-01-06 11:35:18','2023-01-06 11:35:18'),(223,NULL,1,4,NULL,NULL,3209,3,NULL,NULL,585,1,NULL,40720,40764,00002167,NULL,NULL,'2022-12-26','2022-12-26',0003,1,NULL,23300.00,23300.00,1,1.00,3,NULL,'','2023-01-04 18:31:35','2023-01-06 11:35:18','2023-01-06 11:35:18'),(224,NULL,1,4,NULL,NULL,3209,3,NULL,NULL,585,1,NULL,40720,40764,00002168,NULL,NULL,'2022-12-26','2022-12-26',0003,1,NULL,23600.00,23600.00,1,1.00,3,NULL,'','2023-01-04 18:31:35','2023-01-06 11:35:18','2023-01-06 11:35:18'),(225,NULL,1,4,NULL,NULL,3209,3,NULL,NULL,585,1,NULL,40720,40764,00002169,NULL,NULL,'2022-12-26','2022-12-26',0003,1,NULL,24400.00,24400.00,1,1.00,3,NULL,'','2023-01-04 18:31:35','2023-01-06 11:35:18','2023-01-06 11:35:18'),(226,NULL,1,4,NULL,NULL,3209,3,NULL,NULL,585,1,NULL,40720,40764,00002170,NULL,NULL,'2022-12-26','2022-12-26',0003,1,NULL,41200.00,41200.00,1,1.00,3,NULL,'','2023-01-04 18:31:35','2023-01-06 11:35:18','2023-01-06 11:35:18'),(227,NULL,1,4,NULL,NULL,3209,3,NULL,NULL,585,1,NULL,40720,40764,00002171,NULL,NULL,'2022-12-26','2022-12-26',0003,1,NULL,13600.00,13600.00,1,1.00,3,NULL,'','2023-01-04 18:31:35','2023-01-06 11:35:18','2023-01-06 11:35:18'),(228,NULL,1,4,NULL,NULL,3209,3,NULL,NULL,585,1,NULL,40720,40764,00002172,NULL,NULL,'2022-12-26','2022-12-26',0003,1,NULL,16000.00,16000.00,1,1.00,3,NULL,'','2023-01-04 18:31:35','2023-01-06 11:35:18','2023-01-06 11:35:18'),(229,NULL,1,4,NULL,NULL,3209,3,NULL,NULL,585,1,NULL,40720,40764,00002173,NULL,NULL,'2022-12-26','2022-12-26',0003,1,NULL,25000.00,25000.00,1,1.00,3,NULL,'','2023-01-04 18:31:35','2023-01-06 11:35:18','2023-01-06 11:35:18'),(230,NULL,1,4,NULL,NULL,3209,3,NULL,NULL,585,1,NULL,40720,40764,00002174,NULL,NULL,'2022-12-26','2022-12-26',0003,1,NULL,27000.00,27000.00,1,1.00,3,NULL,'','2023-01-04 18:31:35','2023-01-06 11:35:18','2023-01-06 11:35:18'),(231,NULL,1,4,NULL,NULL,3209,3,NULL,NULL,585,1,NULL,40720,40764,00002175,NULL,NULL,'2022-12-26','2022-12-26',0003,1,NULL,36100.00,36100.00,1,1.00,3,NULL,'','2023-01-04 18:31:36','2023-01-06 11:35:18','2023-01-06 11:35:18'),(232,NULL,1,4,NULL,NULL,3209,3,NULL,NULL,585,1,NULL,40720,40764,00002176,NULL,NULL,'2022-12-26','2022-12-26',0003,1,NULL,20600.00,20600.00,1,1.00,3,NULL,'','2023-01-04 18:31:36','2023-01-06 11:35:18','2023-01-06 11:35:18'),(233,NULL,1,4,NULL,NULL,3209,3,NULL,NULL,585,1,NULL,40720,40764,00002177,NULL,NULL,'2022-12-26','2022-12-26',0003,1,NULL,8900.00,8900.00,1,1.00,3,NULL,'','2023-01-04 18:31:36','2023-01-06 11:35:18','2023-01-06 11:35:18'),(234,NULL,1,4,NULL,NULL,3209,3,NULL,NULL,585,1,NULL,40720,40764,00002178,NULL,NULL,'2022-12-26','2022-12-26',0003,1,NULL,11700.00,11700.00,1,1.00,3,NULL,'','2023-01-04 18:31:36','2023-01-06 11:35:18','2023-01-06 11:35:18');
INSERT INTO `receipts` VALUES (235,NULL,1,4,NULL,NULL,3209,3,NULL,NULL,585,1,NULL,40720,40764,00002179,NULL,NULL,'2022-12-26','2022-12-26',0003,1,NULL,24600.00,24600.00,1,1.00,3,NULL,'','2023-01-04 18:31:36','2023-01-06 11:35:18','2023-01-06 11:35:18'),(236,NULL,1,4,NULL,NULL,3209,3,NULL,NULL,585,1,NULL,40720,40764,00002180,NULL,NULL,'2022-12-26','2022-12-26',0003,1,NULL,20100.00,20100.00,1,1.00,3,NULL,'','2023-01-04 18:31:36','2023-01-06 11:35:18','2023-01-06 11:35:18'),(237,NULL,1,4,NULL,NULL,3209,3,NULL,NULL,585,1,NULL,40720,40764,00002181,NULL,NULL,'2022-12-26','2022-12-26',0003,1,NULL,41000.00,41000.00,1,1.00,3,NULL,'','2023-01-04 18:31:36','2023-01-06 11:35:18','2023-01-06 11:35:18'),(238,NULL,1,4,NULL,NULL,3209,3,NULL,NULL,585,1,NULL,40720,40764,00002182,NULL,NULL,'2022-12-26','2022-12-26',0003,1,NULL,23000.00,23000.00,1,1.00,3,NULL,'','2023-01-04 18:31:36','2023-01-06 11:35:18','2023-01-06 11:35:18'),(239,NULL,1,4,NULL,NULL,3209,3,NULL,NULL,585,1,NULL,40720,40764,00002183,NULL,NULL,'2022-12-26','2022-12-26',0003,1,NULL,28400.00,28400.00,1,1.00,3,NULL,'','2023-01-04 18:31:36','2023-01-06 11:35:18','2023-01-06 11:35:18'),(240,NULL,1,4,NULL,NULL,3209,3,NULL,NULL,585,1,NULL,40720,40737,00002184,NULL,NULL,'2022-12-26','2022-12-26',0003,1,NULL,44000.00,44000.00,1,1.00,3,NULL,'','2023-01-04 18:31:36','2023-01-06 11:35:18','2023-01-06 11:35:18'),(241,NULL,1,4,NULL,NULL,3209,3,NULL,NULL,585,1,NULL,40720,40764,00002185,NULL,NULL,'2022-12-26','2022-12-26',0003,1,NULL,12200.00,12200.00,1,1.00,3,NULL,'','2023-01-04 18:31:36','2023-01-06 11:35:18','2023-01-06 11:35:18'),(242,NULL,1,4,NULL,NULL,3209,3,NULL,NULL,585,1,NULL,40720,40764,00002186,NULL,NULL,'2022-12-26','2022-12-26',0003,1,NULL,19000.00,19000.00,1,1.00,3,NULL,'','2023-01-04 18:31:36','2023-01-06 11:35:18','2023-01-06 11:35:18'),(243,NULL,1,4,NULL,NULL,3209,3,NULL,NULL,585,1,NULL,40720,40764,00002187,NULL,NULL,'2022-12-26','2022-12-26',0003,1,NULL,22500.00,22500.00,1,1.00,3,NULL,'','2023-01-04 18:31:36','2023-01-06 11:35:18','2023-01-06 11:35:18'),(244,NULL,1,4,NULL,NULL,3209,3,NULL,NULL,585,1,NULL,40720,40764,00002188,NULL,NULL,'2022-12-26','2022-12-26',0003,1,NULL,38800.00,38800.00,1,1.00,3,NULL,'','2023-01-04 18:31:37','2023-01-06 11:35:18','2023-01-06 11:35:18'),(245,NULL,1,4,NULL,NULL,3209,3,NULL,NULL,585,1,NULL,40720,40764,00002189,NULL,NULL,'2022-12-26','2022-12-26',0003,1,NULL,22100.00,22100.00,1,1.00,3,NULL,'','2023-01-04 18:31:37','2023-01-06 11:35:18','2023-01-06 11:35:18'),(246,NULL,1,4,NULL,NULL,3209,3,NULL,NULL,585,1,NULL,40720,40764,00002190,NULL,NULL,'2022-12-26','2022-12-26',0003,1,NULL,26850.00,26850.00,1,1.00,3,NULL,'','2023-01-04 18:31:37','2023-01-06 11:35:18','2023-01-06 11:35:18'),(247,NULL,1,4,NULL,NULL,3209,3,NULL,NULL,585,1,NULL,40720,40764,00002191,NULL,NULL,'2022-12-26','2022-12-26',0003,1,NULL,21300.00,21300.00,1,1.00,3,NULL,'','2023-01-04 18:31:37','2023-01-06 11:35:18','2023-01-06 11:35:18'),(248,NULL,1,4,NULL,NULL,3209,3,NULL,NULL,585,1,NULL,40720,40764,00002192,NULL,NULL,'2022-12-26','2022-12-26',0003,1,NULL,38400.00,38400.00,1,1.00,3,NULL,'','2023-01-04 18:31:37','2023-01-06 11:35:18','2023-01-06 11:35:18'),(249,NULL,1,4,NULL,NULL,3209,3,NULL,NULL,585,1,NULL,40720,40764,00002193,NULL,NULL,'2022-12-26','2022-12-26',0003,1,NULL,23100.00,23100.00,1,1.00,3,NULL,'','2023-01-04 18:31:37','2023-01-06 11:35:18','2023-01-06 11:35:18'),(250,NULL,1,4,NULL,NULL,3209,3,NULL,NULL,585,1,NULL,40720,40764,00002194,NULL,NULL,'2022-12-26','2022-12-26',0003,1,NULL,40000.00,40000.00,1,1.00,3,NULL,'','2023-01-04 18:31:37','2023-01-06 11:35:18','2023-01-06 11:35:18'),(251,NULL,1,4,NULL,NULL,3209,3,NULL,NULL,585,1,NULL,40720,40764,00002195,NULL,NULL,'2022-12-26','2022-12-26',0003,1,NULL,9100.00,9100.00,1,1.00,3,NULL,'','2023-01-04 18:31:37','2023-01-06 11:35:18','2023-01-06 11:35:18'),(252,NULL,1,4,NULL,NULL,3209,3,NULL,NULL,585,1,NULL,40720,40764,00002196,NULL,NULL,'2022-12-26','2022-12-26',0003,1,NULL,27200.00,27200.00,1,1.00,3,NULL,'','2023-01-04 18:31:37','2023-01-06 11:35:18','2023-01-06 11:35:18');
INSERT INTO `receipts` VALUES (253,NULL,1,4,NULL,NULL,3209,3,NULL,NULL,585,1,NULL,40720,40764,00002197,NULL,NULL,'2022-12-26','2022-12-26',0003,1,NULL,21350.00,21350.00,1,1.00,3,NULL,'','2023-01-04 18:31:37','2023-01-06 11:35:18','2023-01-06 11:35:18'),(254,NULL,1,4,NULL,NULL,3209,3,NULL,NULL,585,1,NULL,40720,40764,00002198,NULL,NULL,'2022-12-26','2022-12-26',0003,1,NULL,15600.00,15600.00,1,1.00,3,NULL,'','2023-01-04 18:31:37','2023-01-06 11:35:18','2023-01-06 11:35:18'),(255,NULL,1,4,NULL,NULL,3209,3,NULL,NULL,585,1,NULL,40720,40764,00002199,NULL,NULL,'2022-12-26','2022-12-26',0003,1,NULL,14100.00,14100.00,1,1.00,3,NULL,'','2023-01-04 18:31:37','2023-01-06 11:35:18','2023-01-06 11:35:18'),(256,NULL,1,4,NULL,NULL,3209,3,NULL,NULL,585,1,NULL,40720,40766,00002200,NULL,NULL,'2022-12-26','2022-12-26',0003,1,NULL,76500.00,76500.00,1,1.00,3,NULL,'','2023-01-04 18:31:38','2023-01-06 11:35:18','2023-01-06 11:35:18'),(257,NULL,1,4,NULL,NULL,3209,3,NULL,NULL,585,1,NULL,40720,40764,00002201,NULL,NULL,'2022-12-26','2022-12-26',0003,1,NULL,42800.00,42800.00,1,1.00,3,NULL,'','2023-01-04 18:31:38','2023-01-06 11:35:18','2023-01-06 11:35:18'),(258,NULL,1,4,NULL,NULL,3209,3,NULL,NULL,585,1,NULL,40720,40764,00002202,NULL,NULL,'2022-12-26','2022-12-26',0003,1,NULL,22500.00,22500.00,1,1.00,3,NULL,'','2023-01-04 18:31:38','2023-01-06 11:35:18','2023-01-06 11:35:18'),(259,NULL,1,4,NULL,NULL,3209,3,NULL,NULL,585,1,NULL,40720,40764,00002203,NULL,NULL,'2022-12-26','2022-12-26',0003,1,NULL,21300.00,21300.00,1,1.00,3,NULL,'','2023-01-04 18:31:38','2023-01-06 11:35:18','2023-01-06 11:35:18'),(260,NULL,1,4,NULL,NULL,3209,3,NULL,NULL,585,1,NULL,40720,40764,00002204,NULL,NULL,'2022-12-26','2022-12-26',0003,1,NULL,2500.00,2500.00,1,1.00,3,NULL,'','2023-01-04 18:31:38','2023-01-06 11:35:18','2023-01-06 11:35:18'),(261,NULL,1,4,NULL,NULL,3209,3,NULL,NULL,585,1,NULL,40720,40764,00002205,NULL,NULL,'2022-12-26','2022-12-26',0003,1,NULL,13400.00,13400.00,1,1.00,3,NULL,'','2023-01-04 18:31:38','2023-01-06 11:35:18','2023-01-06 11:35:18'),(262,NULL,1,4,NULL,NULL,3209,3,NULL,NULL,585,1,NULL,40720,40764,00002206,NULL,NULL,'2022-12-26','2022-12-26',0003,1,NULL,11800.00,11800.00,1,1.00,3,NULL,'','2023-01-04 18:31:38','2023-01-06 11:35:18','2023-01-06 11:35:18'),(263,NULL,1,4,NULL,NULL,3209,3,NULL,NULL,585,1,NULL,40720,40764,00002207,NULL,NULL,'2022-12-26','2022-12-26',0003,1,NULL,23400.00,23400.00,1,1.00,3,NULL,'','2023-01-04 18:31:38','2023-01-06 11:35:18','2023-01-06 11:35:18'),(264,NULL,1,4,NULL,NULL,3209,3,NULL,NULL,585,1,NULL,40720,40764,00002208,NULL,NULL,'2022-12-26','2022-12-26',0003,1,NULL,18000.00,18000.00,1,1.00,3,NULL,'','2023-01-04 18:31:38','2023-01-06 11:35:18','2023-01-06 11:35:18'),(265,NULL,1,4,NULL,NULL,3209,3,NULL,NULL,585,1,NULL,40720,40764,00002209,NULL,NULL,'2022-12-26','2022-12-26',0003,1,NULL,8600.00,8600.00,1,1.00,3,NULL,'','2023-01-04 18:31:38','2023-01-06 11:35:18','2023-01-06 11:35:18'),(266,NULL,1,4,NULL,NULL,3209,3,NULL,NULL,585,1,NULL,40720,40764,00002210,NULL,NULL,'2022-12-26','2022-12-26',0003,1,NULL,19000.00,19000.00,1,1.00,3,NULL,'','2023-01-04 18:31:38','2023-01-06 11:35:18','2023-01-06 11:35:18'),(267,NULL,1,4,NULL,NULL,3209,3,NULL,NULL,585,1,NULL,40720,40764,00002211,NULL,NULL,'2022-12-26','2022-12-26',0003,1,NULL,10800.00,10800.00,1,1.00,3,NULL,'','2023-01-04 18:31:38','2023-01-06 11:35:18','2023-01-06 11:35:18'),(268,NULL,1,4,NULL,NULL,3209,3,NULL,NULL,585,1,NULL,40720,40764,00002212,NULL,NULL,'2022-12-26','2022-12-26',0003,1,NULL,29300.00,29300.00,1,1.00,3,NULL,'','2023-01-04 18:31:39','2023-01-06 11:35:18','2023-01-06 11:35:18'),(269,NULL,1,4,NULL,NULL,3209,3,NULL,NULL,585,1,NULL,40720,40764,00002213,NULL,NULL,'2022-12-26','2022-12-26',0003,1,NULL,35200.00,35200.00,1,1.00,3,NULL,'','2023-01-04 18:31:39','2023-01-06 11:35:18','2023-01-06 11:35:18'),(270,NULL,1,4,NULL,NULL,3209,3,NULL,NULL,585,1,NULL,40720,40764,00002214,NULL,NULL,'2022-12-26','2022-12-26',0003,1,NULL,20000.00,20000.00,1,1.00,3,NULL,'','2023-01-04 18:31:39','2023-01-06 11:35:18','2023-01-06 11:35:18');
INSERT INTO `receipts` VALUES (271,NULL,1,4,NULL,NULL,3209,3,NULL,NULL,585,1,NULL,40720,40764,00002215,NULL,NULL,'2022-12-26','2022-12-26',0003,1,NULL,23250.00,23250.00,1,1.00,3,NULL,'','2023-01-04 18:31:39','2023-01-06 11:35:19','2023-01-06 11:35:19'),(272,NULL,1,4,NULL,NULL,3209,3,NULL,NULL,585,1,NULL,40720,40764,00002216,NULL,NULL,'2022-12-26','2022-12-26',0003,1,NULL,15900.00,15900.00,1,1.00,3,NULL,'','2023-01-04 18:31:39','2023-01-06 11:35:19','2023-01-06 11:35:19'),(273,NULL,1,4,NULL,NULL,3209,3,NULL,NULL,585,1,NULL,40720,40764,00002217,NULL,NULL,'2022-12-26','2022-12-26',0003,1,NULL,28500.00,28500.00,1,1.00,3,NULL,'','2023-01-04 18:31:39','2023-01-06 11:35:19','2023-01-06 11:35:19'),(274,NULL,1,4,NULL,NULL,3209,3,NULL,NULL,585,1,NULL,40720,40764,00002218,NULL,NULL,'2022-12-26','2022-12-26',0003,1,NULL,9760.00,9760.00,1,1.00,3,NULL,'','2023-01-04 18:31:39','2023-01-06 11:35:19','2023-01-06 11:35:19'),(275,NULL,1,4,NULL,NULL,3209,3,NULL,NULL,585,1,NULL,40720,40764,00002219,NULL,NULL,'2022-12-26','2022-12-26',0003,1,NULL,9900.00,9900.00,1,1.00,3,NULL,'','2023-01-04 18:31:39','2023-01-06 11:35:19','2023-01-06 11:35:19'),(276,NULL,1,4,NULL,NULL,3209,3,NULL,NULL,585,1,NULL,40720,40764,00002220,NULL,NULL,'2022-12-26','2022-12-26',0003,1,NULL,5000.00,5000.00,1,1.00,3,NULL,'','2023-01-04 18:31:39','2023-01-06 11:35:19','2023-01-06 11:35:19'),(277,NULL,1,4,NULL,NULL,3209,3,NULL,NULL,585,1,NULL,40720,40764,00002221,NULL,NULL,'2022-12-26','2022-12-26',0003,1,NULL,22100.00,22100.00,1,1.00,3,NULL,'','2023-01-04 18:31:39','2023-01-06 11:35:19','2023-01-06 11:35:19'),(278,NULL,1,4,NULL,NULL,3209,3,NULL,NULL,585,1,NULL,40720,40764,00002222,NULL,NULL,'2022-12-26','2022-12-26',0003,1,NULL,2200.00,2200.00,1,1.00,3,NULL,'','2023-01-04 18:31:40','2023-01-06 11:35:19','2023-01-06 11:35:19'),(279,NULL,1,4,NULL,NULL,3209,3,NULL,NULL,585,1,NULL,40720,40764,00002223,NULL,NULL,'2022-12-26','2022-12-26',0003,1,NULL,9600.00,9600.00,1,1.00,3,NULL,'','2023-01-04 18:31:40','2023-01-06 11:35:19','2023-01-06 11:35:19'),(280,NULL,1,1,NULL,NULL,3209,3,NULL,NULL,585,1,NULL,40720,40767,00000015,NULL,NULL,'2022-12-26','2022-12-26',0003,1,NULL,2800.42,2800.42,1,1.00,3,NULL,'','2023-01-04 18:31:40','2023-01-06 11:35:19','2023-01-06 11:35:19'),(281,NULL,1,1,NULL,NULL,3209,3,NULL,NULL,585,1,NULL,40720,40740,00000016,NULL,NULL,'2022-12-27','2022-12-27',0003,1,NULL,39363.72,39363.72,1,1.00,3,NULL,'','2023-01-04 18:31:40','2023-01-06 11:35:19','2023-01-06 11:35:19'),(282,NULL,1,1,NULL,NULL,3209,3,NULL,NULL,585,1,NULL,40720,40740,00000017,NULL,NULL,'2022-12-27','2022-12-27',0003,1,NULL,23413.50,23413.50,1,1.00,3,NULL,'','2023-01-04 18:31:40','2023-01-06 11:35:19','2023-01-06 11:35:19'),(283,NULL,1,1,NULL,NULL,3209,3,NULL,NULL,585,1,NULL,40720,40740,00000001,NULL,NULL,'2022-12-28','2022-12-28',0007,1,NULL,174.60,174.60,1,1.00,3,NULL,'','2023-01-04 18:31:40','2023-01-06 11:35:19','2023-01-06 11:35:19'),(284,NULL,1,4,NULL,NULL,3209,3,NULL,NULL,585,1,NULL,40720,40740,00000001,NULL,NULL,'2022-12-29','2022-12-29',0007,1,NULL,144.30,144.30,1,1.00,3,NULL,'','2023-01-04 18:31:40','2023-01-06 11:35:19','2023-01-06 11:35:19'),(285,NULL,1,4,NULL,NULL,3209,3,NULL,NULL,585,1,NULL,40720,40740,00000002,NULL,NULL,'2022-12-29','2022-12-29',0007,1,NULL,144.30,144.30,1,1.00,3,NULL,'','2023-01-04 18:31:40','2023-01-06 11:35:19','2023-01-06 11:35:19'),(286,NULL,1,4,NULL,NULL,3209,3,NULL,NULL,585,1,NULL,40720,40768,00000003,NULL,NULL,'2022-12-29','2022-12-29',0007,1,NULL,9175.68,9175.68,1,1.00,3,NULL,'','2023-01-04 18:31:40','2023-01-06 11:35:19','2023-01-06 11:35:19'),(287,NULL,1,4,NULL,NULL,3209,3,NULL,NULL,585,1,NULL,40720,40740,00000004,NULL,NULL,'2022-12-29','2022-12-29',0007,1,NULL,129.87,129.87,1,1.00,3,NULL,'','2023-01-04 18:31:40','2023-01-06 11:35:19','2023-01-06 11:35:19'),(288,NULL,1,4,NULL,NULL,3209,3,NULL,NULL,585,1,NULL,40720,40740,00000005,NULL,NULL,'2022-12-29','2022-12-29',0007,1,NULL,129.87,129.87,1,1.00,3,NULL,'','2023-01-04 18:31:41','2023-01-06 11:35:19','2023-01-06 11:35:19');
INSERT INTO `receipts` VALUES (289,NULL,1,4,NULL,NULL,3209,3,NULL,NULL,585,1,NULL,40720,40740,00000006,NULL,NULL,'2022-12-29','2022-12-29',0007,1,NULL,129.87,129.87,1,1.00,3,NULL,'','2023-01-04 18:31:41','2023-01-06 11:35:19','2023-01-06 11:35:19'),(290,NULL,1,4,NULL,NULL,3209,3,NULL,NULL,585,1,NULL,40720,40740,00000007,NULL,NULL,'2022-12-29','2022-12-29',0007,1,NULL,129.87,129.87,1,1.00,3,NULL,'','2023-01-04 18:31:41','2023-01-06 11:35:19','2023-01-06 11:35:19'),(291,NULL,1,4,NULL,NULL,3209,3,NULL,NULL,585,1,NULL,40720,40740,00000008,NULL,NULL,'2022-12-29','2022-12-29',0007,1,NULL,1298.70,1298.70,1,1.00,3,NULL,'','2023-01-04 18:31:41','2023-01-06 11:35:19','2023-01-06 11:35:19'),(292,NULL,1,4,NULL,NULL,3209,3,NULL,NULL,585,1,NULL,40720,40769,00000009,NULL,NULL,'2022-12-29','2022-12-29',0007,1,NULL,12353.76,12353.76,1,1.00,3,NULL,'','2023-01-04 18:31:41','2023-01-06 11:35:19','2023-01-06 11:35:19'),(293,NULL,1,4,NULL,NULL,3209,3,NULL,NULL,585,1,NULL,40720,40770,00000010,NULL,NULL,'2022-12-29','2022-12-29',0007,1,NULL,3313.44,3313.44,1,1.00,3,NULL,'','2023-01-04 18:31:41','2023-01-06 11:35:19','2023-01-06 11:35:19'),(294,NULL,1,4,NULL,NULL,3209,3,NULL,NULL,585,1,NULL,40720,40771,00000011,NULL,NULL,'2022-12-29','2022-12-29',0007,1,NULL,6117.12,6117.12,1,1.00,3,NULL,'','2023-01-04 18:31:41','2023-01-06 11:35:19','2023-01-06 11:35:19'),(295,NULL,1,4,NULL,NULL,3209,3,NULL,NULL,585,1,NULL,40720,40772,00000012,NULL,NULL,'2022-12-29','2022-12-29',0007,1,NULL,11745.72,11745.72,1,1.00,3,NULL,'','2023-01-04 18:31:41','2023-01-06 11:35:19','2023-01-06 11:35:19'),(296,NULL,1,4,NULL,NULL,3209,3,NULL,NULL,585,1,NULL,40720,40773,00000013,NULL,NULL,'2022-12-29','2022-12-29',0007,1,NULL,8665.92,8665.92,1,1.00,3,NULL,'','2023-01-04 18:31:41','2023-01-06 11:35:19','2023-01-06 11:35:19'),(297,NULL,1,4,NULL,NULL,3209,3,NULL,NULL,585,1,NULL,40720,40774,00000014,NULL,NULL,'2022-12-29','2022-12-29',0007,1,NULL,2259.36,2259.36,1,1.00,3,NULL,'','2023-01-04 18:31:41','2023-01-06 11:35:19','2023-01-06 11:35:19'),(298,NULL,1,4,NULL,NULL,3209,3,NULL,NULL,585,1,NULL,40720,40775,00000015,NULL,NULL,'2022-12-29','2022-12-29',0007,1,NULL,11214.72,11214.72,1,1.00,3,NULL,'','2023-01-04 18:31:41','2023-01-06 11:35:19','2023-01-06 11:35:19'),(299,NULL,1,4,NULL,NULL,3209,3,NULL,NULL,585,1,NULL,40720,40776,00000016,NULL,NULL,'2022-12-29','2022-12-29',0007,1,NULL,6626.88,6626.88,1,1.00,3,NULL,'','2023-01-04 18:31:41','2023-01-06 11:35:19','2023-01-06 11:35:19'),(300,NULL,1,4,NULL,NULL,3209,3,NULL,NULL,585,1,NULL,40720,40777,00000017,NULL,NULL,'2022-12-29','2022-12-29',0007,1,NULL,2433.60,2433.60,1,1.00,3,NULL,'','2023-01-04 18:31:42','2023-01-06 11:35:19','2023-01-06 11:35:19'),(301,NULL,1,4,NULL,NULL,3209,3,NULL,NULL,585,1,NULL,40720,40777,00000018,NULL,NULL,'2022-12-29','2022-12-29',0007,1,NULL,665.28,665.28,1,1.00,3,NULL,'','2023-01-04 18:31:42','2023-01-06 11:35:19','2023-01-06 11:35:19'),(302,NULL,1,4,NULL,NULL,3209,3,NULL,NULL,585,1,NULL,40720,40778,00000019,NULL,NULL,'2022-12-29','2022-12-29',0007,1,NULL,373.82,373.82,1,1.00,3,NULL,'','2023-01-04 18:31:42','2023-01-06 11:35:19','2023-01-06 11:35:19'),(303,NULL,1,4,NULL,NULL,3209,3,NULL,NULL,585,1,NULL,40720,40779,00000020,NULL,NULL,'2022-12-29','2022-12-29',0007,1,NULL,21528.72,21528.72,1,1.00,3,NULL,'','2023-01-04 18:31:42','2023-01-06 11:35:19','2023-01-06 11:35:19'),(304,NULL,1,4,NULL,NULL,3209,3,NULL,NULL,585,1,NULL,40720,40779,00000021,NULL,NULL,'2022-12-29','2022-12-29',0007,1,NULL,1500.00,1500.00,1,1.00,3,NULL,'','2023-01-04 18:31:42','2023-01-06 11:35:19','2023-01-06 11:35:19'),(305,NULL,1,4,NULL,NULL,3209,3,NULL,NULL,585,1,NULL,40720,40780,00000022,NULL,NULL,'2022-12-29','2022-12-29',0007,1,NULL,8784.36,8784.36,1,1.00,3,NULL,'','2023-01-04 18:31:42','2023-01-06 11:35:19','2023-01-06 11:35:19'),(306,NULL,1,4,NULL,NULL,3209,3,NULL,NULL,585,1,NULL,40720,40781,00000023,NULL,NULL,'2022-12-29','2022-12-29',0007,1,NULL,13551.12,13551.12,1,1.00,3,NULL,'','2023-01-04 18:31:42','2023-01-06 11:35:19','2023-01-06 11:35:19');
INSERT INTO `receipts` VALUES (307,NULL,1,4,NULL,NULL,3209,3,NULL,NULL,585,1,NULL,40720,40782,00000024,NULL,NULL,'2022-12-29','2022-12-29',0007,1,NULL,52229.14,52229.14,1,1.00,3,NULL,'','2023-01-04 18:31:42','2023-01-06 11:35:19','2023-01-06 11:35:19'),(308,NULL,1,4,NULL,NULL,3209,3,NULL,NULL,585,1,NULL,40720,40781,00000025,NULL,NULL,'2022-12-29','2022-12-29',0007,1,NULL,15246.00,15246.00,1,1.00,3,NULL,'','2023-01-04 18:31:42','2023-01-06 11:35:19','2023-01-06 11:35:19'),(309,NULL,1,4,NULL,NULL,3209,3,NULL,NULL,585,1,NULL,40720,40783,00000026,NULL,NULL,'2022-12-29','2022-12-29',0007,1,NULL,11172.24,11172.24,1,1.00,3,NULL,'','2023-01-04 18:31:42','2023-01-06 11:35:19','2023-01-06 11:35:19'),(310,NULL,1,4,NULL,NULL,3209,3,NULL,NULL,585,1,NULL,40720,40784,00000027,NULL,NULL,'2022-12-29','2022-12-29',0007,1,NULL,9389.88,9389.88,1,1.00,3,NULL,'','2023-01-04 18:31:42','2023-01-06 11:35:19','2023-01-06 11:35:19'),(311,NULL,1,4,NULL,NULL,3209,3,NULL,NULL,585,1,NULL,40720,40785,00000028,NULL,NULL,'2022-12-29','2022-12-29',0007,1,NULL,14273.28,14273.28,1,1.00,3,NULL,'','2023-01-04 18:31:42','2023-01-06 11:35:19','2023-01-06 11:35:19'),(312,NULL,1,4,NULL,NULL,3209,3,NULL,NULL,585,1,NULL,40720,40786,00000029,NULL,NULL,'2022-12-29','2022-12-29',0007,1,NULL,9175.68,9175.68,1,1.00,3,NULL,'','2023-01-04 18:31:42','2023-01-06 11:35:19','2023-01-06 11:35:19'),(313,NULL,1,4,NULL,NULL,3209,3,NULL,NULL,585,1,NULL,40720,40787,00000030,NULL,NULL,'2022-12-29','2022-12-29',0007,1,NULL,21307.97,21307.97,1,1.00,3,NULL,'','2023-01-04 18:31:42','2023-01-06 11:35:19','2023-01-06 11:35:19'),(314,NULL,1,4,NULL,NULL,3209,3,NULL,NULL,585,1,NULL,40720,40788,00000031,NULL,NULL,'2022-12-29','2022-12-29',0007,1,NULL,17841.60,17841.60,1,1.00,3,NULL,'','2023-01-04 18:31:42','2023-01-06 11:35:19','2023-01-06 11:35:19'),(315,NULL,1,4,NULL,NULL,3209,3,NULL,NULL,585,1,NULL,40720,40789,00000032,NULL,NULL,'2022-12-29','2022-12-29',0007,1,NULL,1189.44,1189.44,1,1.00,3,NULL,'','2023-01-04 18:31:43','2023-01-06 11:35:19','2023-01-06 11:35:19'),(316,NULL,1,4,NULL,NULL,3209,3,NULL,NULL,585,1,NULL,40720,40773,00000033,NULL,NULL,'2022-12-29','2022-12-29',0007,1,NULL,20900.16,20900.16,1,1.00,3,NULL,'','2023-01-04 18:31:43','2023-01-06 11:35:19','2023-01-06 11:35:19'),(317,NULL,1,4,NULL,NULL,3209,3,NULL,NULL,585,1,NULL,40720,40790,00000034,NULL,NULL,'2022-12-29','2022-12-29',0007,1,NULL,18986.72,18986.72,1,1.00,3,NULL,'','2023-01-04 18:31:43','2023-01-06 11:35:19','2023-01-06 11:35:19'),(318,NULL,1,4,NULL,NULL,3209,3,NULL,NULL,585,1,NULL,40720,40791,00000035,NULL,NULL,'2022-12-29','2022-12-29',0007,1,NULL,17970.32,17970.32,1,1.00,3,NULL,'','2023-01-04 18:31:43','2023-01-06 11:35:19','2023-01-06 11:35:19'),(319,NULL,1,1,NULL,NULL,3209,3,NULL,NULL,585,1,NULL,40720,40740,00000002,NULL,NULL,'2022-12-29','2022-12-29',0007,1,NULL,174.60,174.60,1,1.00,3,NULL,'','2023-01-04 18:31:43','2023-01-06 11:35:19','2023-01-06 11:35:19'),(320,NULL,1,1,NULL,NULL,3209,3,NULL,NULL,585,1,NULL,40720,40740,00000003,NULL,NULL,'2022-12-29','2022-12-29',0007,1,NULL,1901.43,1901.43,1,1.00,3,NULL,'','2023-01-04 18:31:43','2023-01-06 11:35:19','2023-01-06 11:35:19'),(321,NULL,1,1,NULL,NULL,3209,3,NULL,NULL,585,1,NULL,40720,40740,00000004,NULL,NULL,'2022-12-29','2022-12-29',0007,1,NULL,1901.43,1901.43,1,1.00,3,NULL,'','2023-01-04 18:31:43','2023-01-06 11:35:19','2023-01-06 11:35:19'),(322,NULL,1,1,NULL,NULL,3209,3,NULL,NULL,585,1,NULL,40720,40740,00000005,NULL,NULL,'2022-12-29','2022-12-29',0007,1,NULL,1901.43,1901.43,1,1.00,3,NULL,'','2023-01-04 18:31:43','2023-01-06 11:35:19','2023-01-06 11:35:19'),(323,NULL,1,4,NULL,NULL,3209,3,NULL,NULL,585,1,NULL,40720,40792,00000045,NULL,NULL,'2022-12-30','2022-12-30',0007,1,NULL,26783.64,26783.64,1,1.00,3,NULL,'','2023-01-04 18:31:43','2023-01-06 11:35:19','2023-01-06 11:35:19'),(324,NULL,1,4,NULL,NULL,3209,3,NULL,NULL,585,1,NULL,40720,40793,00000046,NULL,NULL,'2022-12-30','2022-12-30',0007,1,NULL,8146.49,8146.49,1,1.00,3,NULL,'','2023-01-04 18:31:43','2023-01-06 11:35:19','2023-01-06 11:35:19');
INSERT INTO `receipts` VALUES (325,NULL,1,4,NULL,NULL,3209,3,NULL,NULL,585,1,NULL,40720,40794,00000047,NULL,NULL,'2022-12-30','2022-12-30',0007,1,NULL,67320.00,67320.00,1,1.00,3,NULL,'','2023-01-04 18:31:43','2023-01-06 11:35:19','2023-01-06 11:35:19'),(326,NULL,1,4,NULL,NULL,3209,3,NULL,NULL,585,1,NULL,40720,40795,00000048,NULL,NULL,'2022-12-30','2022-12-30',0007,1,NULL,43989.90,43989.90,1,1.00,3,NULL,'','2023-01-04 18:31:43','2023-01-06 11:35:19','2023-01-06 11:35:19'),(327,NULL,1,4,NULL,NULL,3209,3,NULL,NULL,585,1,NULL,40720,40796,00000049,NULL,NULL,'2022-12-30','2022-12-30',0007,1,NULL,7639.92,7639.92,1,1.00,3,NULL,'','2023-01-04 18:31:43','2023-01-06 11:35:19','2023-01-06 11:35:19'),(328,NULL,1,4,NULL,NULL,3209,3,NULL,NULL,585,1,NULL,40720,40797,00000050,NULL,NULL,'2022-12-30','2022-12-30',0007,1,NULL,10315.98,10315.98,1,1.00,3,NULL,'','2023-01-04 18:31:43','2023-01-06 11:35:19','2023-01-06 11:35:19'),(329,NULL,1,4,NULL,NULL,3209,3,NULL,NULL,585,1,NULL,40720,40787,00000051,NULL,NULL,'2022-12-30','2022-12-30',0007,1,NULL,8716.90,8716.90,1,1.00,3,NULL,'','2023-01-04 18:31:43','2023-01-06 11:35:20','2023-01-06 11:35:20'),(330,NULL,1,4,NULL,NULL,3209,3,NULL,NULL,585,1,NULL,40720,40798,00000052,NULL,NULL,'2022-12-30','2022-12-30',0007,1,NULL,19995.12,19995.12,1,1.00,3,NULL,'','2023-01-04 18:31:43','2023-01-06 11:35:20','2023-01-06 11:35:20'),(331,NULL,1,4,NULL,NULL,3209,3,NULL,NULL,585,1,NULL,40720,40799,00000053,NULL,NULL,'2022-12-30','2022-12-30',0007,1,NULL,1380.60,1380.60,1,1.00,3,NULL,'','2023-01-04 18:31:43','2023-01-06 11:35:20','2023-01-06 11:35:20'),(332,NULL,1,4,NULL,NULL,3209,3,NULL,NULL,585,1,NULL,40720,40800,00000054,NULL,NULL,'2022-12-30','2022-12-30',0007,1,NULL,21664.80,21664.80,1,1.00,3,NULL,'','2023-01-04 18:31:43','2023-01-06 11:35:20','2023-01-06 11:35:20'),(333,NULL,1,4,NULL,NULL,3209,3,NULL,NULL,585,1,NULL,40720,40801,00000055,NULL,NULL,'2022-12-30','2022-12-30',0007,1,NULL,1784.16,1784.16,1,1.00,3,NULL,'','2023-01-04 18:31:43','2023-01-06 11:35:20','2023-01-06 11:35:20'),(334,NULL,1,4,NULL,NULL,3209,3,NULL,NULL,585,1,NULL,40720,40802,00000056,NULL,NULL,'2022-12-30','2022-12-30',0007,1,NULL,7267.20,7267.20,1,1.00,3,NULL,'','2023-01-04 18:31:43','2023-01-06 11:35:20','2023-01-06 11:35:20'),(335,NULL,1,4,NULL,NULL,3209,3,NULL,NULL,585,1,NULL,40720,40803,00000057,NULL,NULL,'2022-12-30','2022-12-30',0007,1,NULL,33644.16,33644.16,1,1.00,3,NULL,'','2023-01-04 18:31:44','2023-01-06 11:35:20','2023-01-06 11:35:20'),(336,NULL,1,4,NULL,NULL,3209,3,NULL,NULL,585,1,NULL,40720,40804,00000036,NULL,NULL,'2022-12-30','2022-12-30',0007,1,NULL,1380.60,1380.60,1,1.00,3,NULL,'','2023-01-04 18:31:44','2023-01-06 11:35:20','2023-01-06 11:35:20'),(337,NULL,1,4,NULL,NULL,3209,3,NULL,NULL,585,1,NULL,40720,40805,00000037,NULL,NULL,'2022-12-30','2022-12-30',0007,1,NULL,28546.56,28546.56,1,1.00,3,NULL,'','2023-01-04 18:31:44','2023-01-06 11:35:20','2023-01-06 11:35:20'),(338,NULL,1,4,NULL,NULL,3209,3,NULL,NULL,585,1,NULL,40720,40773,00000038,NULL,NULL,'2022-12-30','2022-12-30',0007,1,NULL,8665.92,8665.92,1,1.00,3,NULL,'','2023-01-04 18:31:44','2023-01-06 11:35:20','2023-01-06 11:35:20'),(339,NULL,1,4,NULL,NULL,3209,3,NULL,NULL,585,1,NULL,40720,40806,00000039,NULL,NULL,'2022-12-30','2022-12-30',0007,1,NULL,828.36,828.36,1,1.00,3,NULL,'','2023-01-04 18:31:44','2023-01-06 11:35:20','2023-01-06 11:35:20'),(340,NULL,1,4,NULL,NULL,3209,3,NULL,NULL,585,1,NULL,40720,40807,00000040,NULL,NULL,'2022-12-30','2022-12-30',0007,1,NULL,10823.76,10823.76,1,1.00,3,NULL,'','2023-01-04 18:31:44','2023-01-06 11:35:20','2023-01-06 11:35:20'),(341,NULL,1,4,NULL,NULL,3209,3,NULL,NULL,585,1,NULL,40720,40808,00000041,NULL,NULL,'2022-12-30','2022-12-30',0007,1,NULL,3117.31,3117.31,1,1.00,3,NULL,'','2023-01-04 18:31:44','2023-01-06 11:35:20','2023-01-06 11:35:20'),(342,NULL,1,4,NULL,NULL,3209,3,NULL,NULL,585,1,NULL,40720,40809,00000042,NULL,NULL,'2022-12-30','2022-12-30',0007,1,NULL,7136.64,7136.64,1,1.00,3,NULL,'','2023-01-04 18:31:44','2023-01-06 11:35:20','2023-01-06 11:35:20');
INSERT INTO `receipts` VALUES (343,NULL,1,4,NULL,NULL,3209,3,NULL,NULL,585,1,NULL,40720,40810,00000043,NULL,NULL,'2022-12-30','2022-12-30',0007,1,NULL,4332.96,4332.96,1,1.00,3,NULL,'','2023-01-04 18:31:44','2023-01-06 11:35:20','2023-01-06 11:35:20'),(344,NULL,1,4,NULL,NULL,3209,3,NULL,NULL,585,1,NULL,40720,40789,00000044,NULL,NULL,'2022-12-30','2022-12-30',0007,1,NULL,3940.92,3940.92,1,1.00,3,NULL,'','2023-01-04 18:31:44','2023-01-06 11:35:20','2023-01-06 11:35:20'),(345,NULL,1,1,NULL,NULL,3209,3,NULL,NULL,585,1,NULL,40720,40740,00000006,NULL,NULL,'2022-12-30','2022-12-30',0007,1,NULL,5565.93,5565.93,1,1.00,3,NULL,'','2023-01-04 18:31:44','2023-01-06 11:35:20','2023-01-06 11:35:20'),(346,NULL,1,4,NULL,NULL,3209,3,NULL,NULL,585,1,NULL,40720,40811,00000058,NULL,NULL,'2022-12-31','2022-12-31',0007,1,NULL,8665.92,8665.92,1,1.00,3,NULL,'','2023-01-04 18:31:44','2023-01-06 11:35:20','2023-01-06 11:35:20'),(347,NULL,1,4,NULL,NULL,3209,3,NULL,NULL,585,1,NULL,40720,40786,00000059,NULL,NULL,'2022-12-31','2022-12-31',0007,1,NULL,509.76,509.76,1,1.00,3,NULL,'','2023-01-04 18:31:44','2023-01-06 11:35:20','2023-01-06 11:35:20'),(348,NULL,1,4,NULL,NULL,3209,3,NULL,NULL,585,1,NULL,40720,40812,00000060,NULL,NULL,'2022-12-31','2022-12-31',0007,1,NULL,16312.32,16312.32,1,1.00,3,NULL,'','2023-01-04 18:31:44','2023-01-06 11:35:20','2023-01-06 11:35:20'),(349,NULL,1,4,NULL,NULL,3209,3,NULL,NULL,585,1,NULL,40720,40813,00000061,NULL,NULL,'2022-12-31','2022-12-31',0007,1,NULL,8413.20,8413.20,1,1.00,3,NULL,'','2023-01-04 18:31:44','2023-01-06 11:35:20','2023-01-06 11:35:20'),(350,NULL,1,4,NULL,NULL,3209,3,NULL,NULL,585,1,NULL,40720,40779,00000062,NULL,NULL,'2022-12-31','2022-12-31',0007,1,NULL,750.00,750.00,1,1.00,3,NULL,'','2023-01-04 18:31:44','2023-01-06 11:35:20','2023-01-06 11:35:20'),(351,NULL,1,4,NULL,NULL,3209,3,NULL,NULL,585,1,NULL,40720,40779,00000063,NULL,NULL,'2022-12-31','2022-12-31',0007,1,NULL,400.00,400.00,1,1.00,3,NULL,'','2023-01-04 18:31:45','2023-01-06 11:35:20','2023-01-06 11:35:20'),(352,NULL,1,4,NULL,NULL,3209,3,NULL,NULL,585,1,NULL,40720,40814,00000064,NULL,NULL,'2022-12-31','2022-12-31',0007,1,NULL,14273.28,14273.28,1,1.00,3,NULL,'','2023-01-04 18:31:45','2023-01-06 11:35:20','2023-01-06 11:35:20'),(353,NULL,1,4,NULL,NULL,3209,3,NULL,NULL,585,1,NULL,40720,40815,00000065,NULL,NULL,'2022-12-31','2022-12-31',0007,1,NULL,6117.12,6117.12,1,1.00,3,NULL,'','2023-01-04 18:31:45','2023-01-06 11:35:20','2023-01-06 11:35:20'),(354,NULL,1,4,NULL,NULL,3209,3,NULL,NULL,585,1,NULL,40720,40816,00000066,NULL,NULL,'2022-12-31','2022-12-31',0007,1,NULL,20000.00,20000.00,1,1.00,3,NULL,'','2023-01-04 18:31:45','2023-01-06 11:35:20','2023-01-06 11:35:20'),(355,NULL,1,4,NULL,NULL,3209,3,NULL,NULL,585,1,NULL,40720,40817,00000067,NULL,NULL,'2022-12-31','2022-12-31',0007,1,NULL,10356.88,10356.88,1,1.00,3,NULL,'','2023-01-04 18:31:45','2023-01-06 11:35:20','2023-01-06 11:35:20'),(356,NULL,1,4,NULL,NULL,3209,3,NULL,NULL,585,1,NULL,40720,40818,00000068,NULL,NULL,'2022-12-31','2022-12-31',0007,1,NULL,12931.60,12931.60,1,1.00,3,NULL,'','2023-01-04 18:31:45','2023-01-06 11:35:20','2023-01-06 11:35:20'),(357,NULL,1,4,NULL,NULL,3209,3,NULL,NULL,585,1,NULL,40720,40722,00002224,NULL,NULL,'2022-12-31','2022-12-31',0003,1,NULL,15400.00,15400.00,1,1.00,3,NULL,'','2023-01-04 18:31:45','2023-01-06 11:35:20','2023-01-06 11:35:20'),(358,NULL,1,4,NULL,NULL,3209,3,NULL,NULL,585,1,NULL,40720,40722,00002225,NULL,NULL,'2022-12-31','2022-12-31',0003,1,NULL,16000.00,16000.00,1,1.00,3,NULL,'','2023-01-04 18:31:45','2023-01-06 11:35:20','2023-01-06 11:35:20'),(359,8286,2,1,NULL,NULL,3209,3,217,NULL,585,1,NULL,40720,40819,00000003,NULL,NULL,'2022-12-06','2022-12-06',0001,1,NULL,308672.94,308672.94,1,1.00,3,NULL,'','2023-01-04 18:31:55','2023-01-06 11:35:20','2023-01-06 11:35:20'),(360,8286,2,1,NULL,NULL,3209,3,217,NULL,585,1,NULL,40720,40820,00010422,NULL,NULL,'2022-12-06','2022-12-06',0018,1,NULL,14530.39,14530.39,1,1.00,3,NULL,'','2023-01-04 18:31:55','2023-01-06 11:35:20','2023-01-06 11:35:20');
INSERT INTO `receipts` VALUES (361,8286,2,1,NULL,NULL,3209,3,217,NULL,585,1,NULL,40720,40821,00000221,NULL,NULL,'2022-12-06','2022-12-06',0008,1,NULL,15911.26,15911.26,1,1.00,3,NULL,'','2023-01-04 18:31:55','2023-01-06 11:35:20','2023-01-06 11:35:20'),(362,8286,2,1,NULL,NULL,3209,3,217,NULL,585,1,NULL,40720,40822,00003305,NULL,NULL,'2022-12-09','2022-12-09',0010,1,NULL,107265.78,107265.78,1,1.00,3,NULL,'','2023-01-04 18:31:55','2023-01-06 11:35:20','2023-01-06 11:35:20'),(363,8286,2,1,NULL,NULL,3209,3,217,NULL,585,1,NULL,40720,40822,00003322,NULL,NULL,'2022-12-14','2022-12-14',0010,1,NULL,210000.17,210000.17,1,1.00,3,NULL,'','2023-01-04 18:31:55','2023-01-06 11:35:20','2023-01-06 11:35:20'),(364,8286,2,1,NULL,NULL,3209,3,217,NULL,585,1,NULL,40720,40822,00003319,NULL,NULL,'2022-12-14','2022-12-14',0010,1,NULL,37741.55,37741.55,1,1.00,3,NULL,'','2023-01-04 18:31:56','2023-01-06 11:35:20','2023-01-06 11:35:20'),(365,8286,2,1,NULL,NULL,3209,3,217,NULL,585,1,NULL,40720,40822,00003321,NULL,NULL,'2022-12-14','2022-12-14',0010,1,NULL,163501.77,163501.77,1,1.00,3,NULL,'','2023-01-04 18:31:56','2023-01-06 11:35:20','2023-01-06 11:35:20'),(366,8286,2,1,NULL,NULL,3209,3,217,NULL,585,1,NULL,40720,40822,00003318,NULL,NULL,'2022-12-14','2022-12-14',0010,1,NULL,112260.74,112260.74,1,1.00,3,NULL,'','2023-01-04 18:31:56','2023-01-06 11:35:20','2023-01-06 11:35:20'),(367,8286,2,1,NULL,NULL,3209,3,217,NULL,585,1,NULL,40720,40822,00003347,NULL,NULL,'2022-12-19','2022-12-19',0010,1,NULL,23800.22,23800.22,1,1.00,3,NULL,'','2023-01-04 18:31:56','2023-01-06 11:35:20','2023-01-06 11:35:20'),(368,8286,2,1,NULL,NULL,3209,3,217,NULL,585,1,NULL,40720,40822,00003346,NULL,NULL,'2022-12-19','2022-12-19',0010,1,NULL,120000.09,120000.09,1,1.00,3,NULL,'','2023-01-04 18:31:56','2023-01-06 11:35:20','2023-01-06 11:35:20'),(369,8286,2,1,NULL,NULL,3209,3,217,NULL,585,1,NULL,40720,40822,00003344,NULL,NULL,'2022-12-19','2022-12-19',0010,1,NULL,134001.93,134001.93,1,1.00,3,NULL,'','2023-01-04 18:31:56','2023-01-06 11:35:20','2023-01-06 11:35:20'),(370,8286,2,3,NULL,NULL,3209,3,217,NULL,585,1,NULL,40720,40820,00001162,NULL,NULL,'2022-12-20','2022-12-20',0018,1,NULL,4535.38,4535.38,1,1.00,3,NULL,'','2023-01-04 18:31:56','2023-01-06 11:35:21','2023-01-06 11:35:21'),(371,8286,2,4,NULL,NULL,3209,3,250,NULL,585,1,NULL,40720,40823,00040642,NULL,NULL,'2022-12-22','2022-12-22',1213,1,NULL,0.00,0.00,1,1.00,3,NULL,'','2023-01-04 18:31:56','2023-01-06 11:35:21','2023-01-06 11:35:21'),(372,8286,2,4,NULL,NULL,3209,3,250,NULL,585,1,NULL,40720,40823,00040647,NULL,NULL,'2022-12-22','2022-12-22',1213,1,NULL,0.00,0.00,1,1.00,3,NULL,'','2023-01-04 18:31:56','2023-01-06 11:35:21','2023-01-06 11:35:21'),(373,8286,2,4,NULL,NULL,3209,3,250,NULL,585,1,NULL,40720,40823,00040644,NULL,NULL,'2022-12-22','2022-12-22',1213,1,NULL,0.00,0.00,1,1.00,3,NULL,'','2023-01-04 18:31:57','2023-01-06 11:35:21','2023-01-06 11:35:21'),(374,8286,2,1,NULL,NULL,3209,3,217,NULL,585,1,NULL,40720,40820,00010824,NULL,NULL,'2022-12-23','2022-12-23',0018,1,NULL,540.02,540.02,1,1.00,3,NULL,'','2023-01-04 18:31:57','2023-01-06 11:35:21','2023-01-06 11:35:21'),(375,8286,2,1,NULL,NULL,3209,3,217,NULL,585,1,NULL,40720,40824,00000041,NULL,NULL,'2022-12-26','2022-12-26',0001,1,NULL,342309.00,342309.00,1,1.00,3,NULL,'','2023-01-04 18:31:57','2023-01-06 11:35:21','2023-01-06 11:35:21'),(376,8286,2,4,NULL,NULL,3209,3,217,NULL,585,1,NULL,40720,40825,00000130,NULL,NULL,'2022-12-26','2022-12-26',0001,1,NULL,519436.80,519436.80,1,1.00,3,NULL,'','2023-01-04 18:31:57','2023-01-06 11:35:21','2023-01-06 11:35:21'),(377,8286,2,4,NULL,NULL,3209,3,217,NULL,585,1,NULL,40720,40826,00011424,NULL,NULL,'2022-12-27','2022-12-27',0008,1,NULL,14544.95,14544.95,1,1.00,3,NULL,'','2023-01-04 18:31:57','2023-01-06 11:35:21','2023-01-06 11:35:21'),(378,8286,2,4,NULL,NULL,3209,3,217,NULL,585,1,NULL,40720,40827,00147697,NULL,NULL,'2022-12-29','2022-12-29',0009,1,NULL,1398.00,1398.00,1,1.00,3,NULL,'','2023-01-04 18:31:57','2023-01-06 11:35:21','2023-01-06 11:35:21');
INSERT INTO `receipts` VALUES (379,8286,2,1,NULL,NULL,3209,3,217,NULL,585,1,NULL,40720,40825,00001388,NULL,NULL,'2022-12-29','2022-12-29',0001,1,NULL,519400.73,519400.73,1,1.00,3,NULL,'','2023-01-04 18:31:57','2023-01-06 11:35:21','2023-01-06 11:35:21'),(380,8286,2,6,NULL,NULL,3209,3,217,NULL,585,1,NULL,40720,40825,00000006,NULL,NULL,'2022-12-29','2022-12-29',0001,1,NULL,519436.80,519436.80,1,1.00,3,NULL,'','2023-01-04 18:31:57','2023-01-06 11:35:21','2023-01-06 11:35:21'),(381,8286,2,1,NULL,NULL,3209,3,217,NULL,585,1,NULL,40720,40828,00021618,NULL,NULL,'2022-12-30','2022-12-30',0255,1,NULL,20719.68,20719.68,1,1.00,3,NULL,'','2023-01-04 18:31:57','2023-01-06 11:35:21','2023-01-06 11:35:21'),(382,8286,2,1,NULL,NULL,3209,3,217,NULL,585,1,NULL,40720,40829,00000337,NULL,NULL,'2022-12-30','2022-12-30',0005,1,NULL,33247.69,33247.69,1,1.00,3,NULL,'','2023-01-04 18:31:57','2023-01-06 11:35:21','2023-01-06 11:35:21'),(383,8286,2,1,NULL,NULL,3209,3,217,NULL,585,1,NULL,40720,40820,00010994,NULL,NULL,'2022-12-30','2022-12-30',0018,1,NULL,22939.68,22939.68,1,1.00,3,NULL,'','2023-01-04 18:31:57','2023-01-06 11:35:21','2023-01-06 11:35:21'),(384,8286,2,1,NULL,NULL,3209,3,217,NULL,585,1,NULL,40720,40830,00002778,NULL,NULL,'2022-12-30','2022-12-30',0009,1,NULL,486752.50,486752.50,1,1.00,3,NULL,'','2023-01-04 18:31:58','2023-01-06 11:35:21','2023-01-06 11:35:21'),(385,8286,2,4,NULL,NULL,3209,3,217,NULL,585,1,NULL,40720,40831,10230056,NULL,NULL,'2022-12-31','2022-12-31',0006,1,NULL,5442.71,5442.71,1,1.00,3,NULL,'','2023-01-04 18:31:58','2023-01-06 11:35:21','2023-01-06 11:35:21'),(386,8286,2,1,NULL,NULL,3209,3,217,NULL,585,1,NULL,40720,40832,00001437,NULL,NULL,'2022-12-31','2022-12-31',0005,1,NULL,42495.20,42495.20,1,1.00,3,NULL,'','2023-01-04 18:31:58','2023-01-06 11:35:21','2023-01-06 11:35:21'),(387,8286,2,1,NULL,NULL,3209,3,217,NULL,585,1,NULL,40720,40827,00198093,NULL,NULL,'2022-12-31','2022-12-31',0007,1,NULL,2428.17,2428.17,1,1.00,3,NULL,'','2023-01-04 18:31:58','2023-01-06 11:35:21','2023-01-06 11:35:21'),(388,NULL,1,1,NULL,NULL,3208,3,NULL,NULL,585,1,NULL,40720,40740,00000009,NULL,NULL,'2022-11-22','2022-11-22',0003,1,NULL,3200.00,3200.00,1,1.00,3,NULL,'','2023-01-04 18:53:36','2023-01-06 11:35:20','2023-01-06 11:35:20'),(389,NULL,1,4,NULL,NULL,3208,3,NULL,NULL,585,1,NULL,40720,40722,00001815,NULL,NULL,'2022-11-29','2022-11-29',0003,1,NULL,19650.00,19650.00,1,1.00,3,NULL,'','2023-01-04 18:53:36','2023-01-06 11:35:20','2023-01-06 11:35:20'),(390,NULL,1,4,NULL,NULL,3208,3,NULL,NULL,585,1,NULL,40720,40722,00001816,NULL,NULL,'2022-11-29','2022-11-29',0003,1,NULL,19300.00,19300.00,1,1.00,3,NULL,'','2023-01-04 18:53:36','2023-01-06 11:35:20','2023-01-06 11:35:20'),(391,NULL,1,4,NULL,NULL,3208,3,NULL,NULL,585,1,NULL,40720,40722,00001817,NULL,NULL,'2022-11-29','2022-11-29',0003,1,NULL,20550.00,20550.00,1,1.00,3,NULL,'','2023-01-04 18:53:36','2023-01-06 11:35:20','2023-01-06 11:35:20'),(392,NULL,1,4,NULL,NULL,3208,3,NULL,NULL,585,1,NULL,40720,40722,00001818,NULL,NULL,'2022-11-29','2022-11-29',0003,1,NULL,15827.44,15827.44,1,1.00,3,NULL,'','2023-01-04 18:53:36','2023-01-06 11:35:20','2023-01-06 11:35:20'),(393,NULL,1,4,NULL,NULL,3208,3,NULL,NULL,585,1,NULL,40720,40833,00001819,NULL,NULL,'2022-11-29','2022-11-29',0003,1,NULL,41300.00,41300.00,1,1.00,3,NULL,'','2023-01-04 18:53:36','2023-01-06 11:35:20','2023-01-06 11:35:20'),(394,NULL,1,4,NULL,NULL,3208,3,NULL,NULL,585,1,NULL,40720,40722,00001820,NULL,NULL,'2022-11-29','2022-11-29',0003,1,NULL,11400.00,11400.00,1,1.00,3,NULL,'','2023-01-04 18:53:36','2023-01-06 11:35:20','2023-01-06 11:35:20'),(395,NULL,1,4,NULL,NULL,3208,3,NULL,NULL,585,1,NULL,40720,40722,00001821,NULL,NULL,'2022-11-29','2022-11-29',0003,1,NULL,20690.00,20690.00,1,1.00,3,NULL,'','2023-01-04 18:53:36','2023-01-06 11:35:20','2023-01-06 11:35:20'),(396,NULL,1,4,NULL,NULL,3208,3,NULL,NULL,585,1,NULL,40720,40722,00001822,NULL,NULL,'2022-11-29','2022-11-29',0003,1,NULL,17700.00,17700.00,1,1.00,3,NULL,'','2023-01-04 18:53:36','2023-01-06 11:35:20','2023-01-06 11:35:20');
INSERT INTO `receipts` VALUES (397,NULL,1,4,NULL,NULL,3208,3,NULL,NULL,585,1,NULL,40720,40722,00001823,NULL,NULL,'2022-11-29','2022-11-29',0003,1,NULL,20000.00,20000.00,1,1.00,3,NULL,'','2023-01-04 18:53:36','2023-01-06 11:35:20','2023-01-06 11:35:20'),(398,NULL,1,4,NULL,NULL,3208,3,NULL,NULL,585,1,NULL,40720,40722,00001824,NULL,NULL,'2022-11-29','2022-11-29',0003,1,NULL,19500.00,19500.00,1,1.00,3,NULL,'','2023-01-04 18:53:36','2023-01-06 11:35:20','2023-01-06 11:35:20'),(399,NULL,1,4,NULL,NULL,3208,3,NULL,NULL,585,1,NULL,40720,40722,00001825,NULL,NULL,'2022-11-29','2022-11-29',0003,1,NULL,18400.00,18400.00,1,1.00,3,NULL,'','2023-01-04 18:53:36','2023-01-06 11:35:20','2023-01-06 11:35:20'),(400,NULL,1,4,NULL,NULL,3208,3,NULL,NULL,585,1,NULL,40720,40722,00001826,NULL,NULL,'2022-11-29','2022-11-29',0003,1,NULL,17200.00,17200.00,1,1.00,3,NULL,'','2023-01-04 18:53:36','2023-01-06 11:35:20','2023-01-06 11:35:20'),(401,NULL,1,4,NULL,NULL,3208,3,NULL,NULL,585,1,NULL,40720,40722,00001827,NULL,NULL,'2022-11-29','2022-11-29',0003,1,NULL,20300.00,20300.00,1,1.00,3,NULL,'','2023-01-04 18:53:36','2023-01-06 11:35:20','2023-01-06 11:35:20'),(402,NULL,1,4,NULL,NULL,3208,3,NULL,NULL,585,1,NULL,40720,40722,00001828,NULL,NULL,'2022-11-29','2022-11-29',0003,1,NULL,19900.00,19900.00,1,1.00,3,NULL,'','2023-01-04 18:53:36','2023-01-06 11:35:20','2023-01-06 11:35:20'),(403,NULL,1,4,NULL,NULL,3208,3,NULL,NULL,585,1,NULL,40720,40722,00001829,NULL,NULL,'2022-11-29','2022-11-29',0003,1,NULL,19475.00,19475.00,1,1.00,3,NULL,'','2023-01-04 18:53:36','2023-01-06 11:35:20','2023-01-06 11:35:20'),(404,NULL,1,4,NULL,NULL,3208,3,NULL,NULL,585,1,NULL,40720,40722,00001830,NULL,NULL,'2022-11-29','2022-11-29',0003,1,NULL,21100.00,21100.00,1,1.00,3,NULL,'','2023-01-04 18:53:36','2023-01-06 11:35:20','2023-01-06 11:35:20'),(405,NULL,1,4,NULL,NULL,3208,3,NULL,NULL,585,1,NULL,40720,40722,00001831,NULL,NULL,'2022-11-29','2022-11-29',0003,1,NULL,20900.00,20900.00,1,1.00,3,NULL,'','2023-01-04 18:53:36','2023-01-06 11:35:21','2023-01-06 11:35:21'),(406,NULL,1,4,NULL,NULL,3208,3,NULL,NULL,585,1,NULL,40720,40722,00001832,NULL,NULL,'2022-11-29','2022-11-29',0003,1,NULL,13400.00,13400.00,1,1.00,3,NULL,'','2023-01-04 18:53:36','2023-01-06 11:35:21','2023-01-06 11:35:21'),(407,NULL,1,4,NULL,NULL,3208,3,NULL,NULL,585,1,NULL,40720,40722,00001833,NULL,NULL,'2022-11-29','2022-11-29',0003,1,NULL,16800.00,16800.00,1,1.00,3,NULL,'','2023-01-04 18:53:36','2023-01-06 11:35:21','2023-01-06 11:35:21'),(408,NULL,1,4,NULL,NULL,3208,3,NULL,NULL,585,1,NULL,40720,40722,00001834,NULL,NULL,'2022-11-29','2022-11-29',0003,1,NULL,17550.00,17550.00,1,1.00,3,NULL,'','2023-01-04 18:53:36','2023-01-06 11:35:21','2023-01-06 11:35:21'),(409,NULL,1,4,NULL,NULL,3208,3,NULL,NULL,585,1,NULL,40720,40737,00001835,NULL,NULL,'2022-11-29','2022-11-29',0003,1,NULL,41100.00,41100.00,1,1.00,3,NULL,'','2023-01-04 18:53:36','2023-01-06 11:35:21','2023-01-06 11:35:21'),(410,NULL,1,4,NULL,NULL,3208,3,NULL,NULL,585,1,NULL,40720,40722,00001836,NULL,NULL,'2022-11-29','2022-11-29',0003,1,NULL,20300.00,20300.00,1,1.00,3,NULL,'','2023-01-04 18:53:36','2023-01-06 11:35:21','2023-01-06 11:35:21'),(411,NULL,1,4,NULL,NULL,3208,3,NULL,NULL,585,1,NULL,40720,40722,00001837,NULL,NULL,'2022-11-29','2022-11-29',0003,1,NULL,14800.00,14800.00,1,1.00,3,NULL,'','2023-01-04 18:53:36','2023-01-06 11:35:21','2023-01-06 11:35:21'),(412,NULL,1,4,NULL,NULL,3208,3,NULL,NULL,585,1,NULL,40720,40722,00001838,NULL,NULL,'2022-11-29','2022-11-29',0003,1,NULL,13870.00,13870.00,1,1.00,3,NULL,'','2023-01-04 18:53:36','2023-01-06 11:35:21','2023-01-06 11:35:21'),(413,NULL,1,4,NULL,NULL,3208,3,NULL,NULL,585,1,NULL,40720,40722,00001839,NULL,NULL,'2022-11-29','2022-11-29',0003,1,NULL,15200.00,15200.00,1,1.00,3,NULL,'','2023-01-04 18:53:36','2023-01-06 11:35:21','2023-01-06 11:35:21'),(414,NULL,1,4,NULL,NULL,3208,3,NULL,NULL,585,1,NULL,40720,40834,00001840,NULL,NULL,'2022-11-29','2022-11-29',0003,1,NULL,32700.00,32700.00,1,1.00,3,NULL,'','2023-01-04 18:53:37','2023-01-06 11:35:21','2023-01-06 11:35:21');
INSERT INTO `receipts` VALUES (415,NULL,1,4,NULL,NULL,3208,3,NULL,NULL,585,1,NULL,40720,40722,00001841,NULL,NULL,'2022-11-29','2022-11-29',0003,1,NULL,18300.00,18300.00,1,1.00,3,NULL,'','2023-01-04 18:53:37','2023-01-06 11:35:21','2023-01-06 11:35:21'),(416,NULL,1,4,NULL,NULL,3208,3,NULL,NULL,585,1,NULL,40720,40722,00001842,NULL,NULL,'2022-11-29','2022-11-29',0003,1,NULL,20800.00,20800.00,1,1.00,3,NULL,'','2023-01-04 18:53:37','2023-01-06 11:35:21','2023-01-06 11:35:21'),(417,NULL,1,4,NULL,NULL,3208,3,NULL,NULL,585,1,NULL,40720,40722,00001843,NULL,NULL,'2022-11-29','2022-11-29',0003,1,NULL,20600.00,20600.00,1,1.00,3,NULL,'','2023-01-04 18:53:37','2023-01-06 11:35:21','2023-01-06 11:35:21'),(418,NULL,1,4,NULL,NULL,3208,3,NULL,NULL,585,1,NULL,40720,40835,00001844,NULL,NULL,'2022-11-29','2022-11-29',0003,1,NULL,53000.00,53000.00,1,1.00,3,NULL,'','2023-01-04 18:53:37','2023-01-06 11:35:21','2023-01-06 11:35:21'),(419,NULL,1,4,NULL,NULL,3208,3,NULL,NULL,585,1,NULL,40720,40722,00001845,NULL,NULL,'2022-11-29','2022-11-29',0003,1,NULL,16000.00,16000.00,1,1.00,3,NULL,'','2023-01-04 18:53:37','2023-01-06 11:35:21','2023-01-06 11:35:21'),(420,NULL,1,4,NULL,NULL,3208,3,NULL,NULL,585,1,NULL,40720,40722,00001846,NULL,NULL,'2022-11-29','2022-11-29',0003,1,NULL,17400.00,17400.00,1,1.00,3,NULL,'','2023-01-04 18:53:37','2023-01-06 11:35:21','2023-01-06 11:35:21'),(421,NULL,1,4,NULL,NULL,3208,3,NULL,NULL,585,1,NULL,40720,40722,00001847,NULL,NULL,'2022-11-29','2022-11-29',0003,1,NULL,19500.00,19500.00,1,1.00,3,NULL,'','2023-01-04 18:53:37','2023-01-06 11:35:21','2023-01-06 11:35:21'),(422,NULL,1,4,NULL,NULL,3208,3,NULL,NULL,585,1,NULL,40720,40722,00001848,NULL,NULL,'2022-11-29','2022-11-29',0003,1,NULL,19200.00,19200.00,1,1.00,3,NULL,'','2023-01-04 18:53:37','2023-01-06 11:35:21','2023-01-06 11:35:21'),(423,NULL,1,4,NULL,NULL,3208,3,NULL,NULL,585,1,NULL,40720,40722,00001871,NULL,NULL,'2022-11-30','2022-11-30',0003,1,NULL,16700.00,16700.00,1,1.00,3,NULL,'','2023-01-04 18:53:37','2023-01-06 11:35:21','2023-01-06 11:35:21'),(424,NULL,1,4,NULL,NULL,3208,3,NULL,NULL,585,1,NULL,40720,40722,00001872,NULL,NULL,'2022-11-30','2022-11-30',0003,1,NULL,20000.00,20000.00,1,1.00,3,NULL,'','2023-01-04 18:53:37','2023-01-06 11:35:21','2023-01-06 11:35:21'),(425,NULL,1,4,NULL,NULL,3208,3,NULL,NULL,585,1,NULL,40720,40836,00001873,NULL,NULL,'2022-11-30','2022-11-30',0003,1,NULL,28000.00,28000.00,1,1.00,3,NULL,'','2023-01-04 18:53:37','2023-01-06 11:35:21','2023-01-06 11:35:21'),(426,NULL,1,4,NULL,NULL,3208,3,NULL,NULL,585,1,NULL,40720,40745,00001874,NULL,NULL,'2022-11-30','2022-11-30',0003,1,NULL,26800.00,26800.00,1,1.00,3,NULL,'','2023-01-04 18:53:37','2023-01-06 11:35:21','2023-01-06 11:35:21'),(427,NULL,1,4,NULL,NULL,3208,3,NULL,NULL,585,1,NULL,40720,40837,00001875,NULL,NULL,'2022-11-30','2022-11-30',0003,1,NULL,27000.00,27000.00,1,1.00,3,NULL,'','2023-01-04 18:53:37','2023-01-06 11:35:21','2023-01-06 11:35:21'),(428,NULL,1,4,NULL,NULL,3208,3,NULL,NULL,585,1,NULL,40720,40722,00001876,NULL,NULL,'2022-11-30','2022-11-30',0003,1,NULL,20200.00,20200.00,1,1.00,3,NULL,'','2023-01-04 18:53:37','2023-01-06 11:35:21','2023-01-06 11:35:21'),(429,NULL,1,4,NULL,NULL,3208,3,NULL,NULL,585,1,NULL,40720,40722,00001877,NULL,NULL,'2022-11-30','2022-11-30',0003,1,NULL,17930.96,17930.96,1,1.00,3,NULL,'','2023-01-04 18:53:37','2023-01-06 11:35:21','2023-01-06 11:35:21'),(430,NULL,1,4,NULL,NULL,3208,3,NULL,NULL,585,1,NULL,40720,40722,00001878,NULL,NULL,'2022-11-30','2022-11-30',0003,1,NULL,20700.00,20700.00,1,1.00,3,NULL,'','2023-01-04 18:53:37','2023-01-06 11:35:22','2023-01-06 11:35:22'),(431,NULL,1,4,NULL,NULL,3208,3,NULL,NULL,585,1,NULL,40720,40722,00001879,NULL,NULL,'2022-11-30','2022-11-30',0003,1,NULL,15900.00,15900.00,1,1.00,3,NULL,'','2023-01-04 18:53:37','2023-01-06 11:35:22','2023-01-06 11:35:22'),(432,NULL,1,4,NULL,NULL,3208,3,NULL,NULL,585,1,NULL,40720,40838,00001880,NULL,NULL,'2022-11-30','2022-11-30',0003,1,NULL,40000.00,40000.00,1,1.00,3,NULL,'','2023-01-04 18:53:37','2023-01-06 11:35:22','2023-01-06 11:35:22');
INSERT INTO `receipts` VALUES (433,NULL,1,4,NULL,NULL,3208,3,NULL,NULL,585,1,NULL,40720,40747,00001881,NULL,NULL,'2022-11-30','2022-11-30',0003,1,NULL,35600.00,35600.00,1,1.00,3,NULL,'','2023-01-04 18:53:37','2023-01-06 11:35:22','2023-01-06 11:35:22'),(434,NULL,1,4,NULL,NULL,3208,3,NULL,NULL,585,1,NULL,40720,40722,00001882,NULL,NULL,'2022-11-30','2022-11-30',0003,1,NULL,20000.00,20000.00,1,1.00,3,NULL,'','2023-01-04 18:53:37','2023-01-06 11:35:22','2023-01-06 11:35:22'),(435,NULL,1,4,NULL,NULL,3208,3,NULL,NULL,585,1,NULL,40720,40722,00001883,NULL,NULL,'2022-11-30','2022-11-30',0003,1,NULL,16900.00,16900.00,1,1.00,3,NULL,'','2023-01-04 18:53:37','2023-01-06 11:35:22','2023-01-06 11:35:22'),(436,NULL,1,4,NULL,NULL,3208,3,NULL,NULL,585,1,NULL,40720,40722,00001884,NULL,NULL,'2022-11-30','2022-11-30',0003,1,NULL,18700.00,18700.00,1,1.00,3,NULL,'','2023-01-04 18:53:37','2023-01-06 11:35:22','2023-01-06 11:35:22'),(437,NULL,1,4,NULL,NULL,3208,3,NULL,NULL,585,1,NULL,40720,40722,00001885,NULL,NULL,'2022-11-30','2022-11-30',0003,1,NULL,18400.00,18400.00,1,1.00,3,NULL,'','2023-01-04 18:53:37','2023-01-06 11:35:22','2023-01-06 11:35:22'),(438,NULL,1,4,NULL,NULL,3208,3,NULL,NULL,585,1,NULL,40720,40722,00001886,NULL,NULL,'2022-11-30','2022-11-30',0003,1,NULL,20100.00,20100.00,1,1.00,3,NULL,'','2023-01-04 18:53:37','2023-01-06 11:35:22','2023-01-06 11:35:22'),(439,NULL,1,4,NULL,NULL,3208,3,NULL,NULL,585,1,NULL,40720,40722,00001887,NULL,NULL,'2022-11-30','2022-11-30',0003,1,NULL,17100.00,17100.00,1,1.00,3,NULL,'','2023-01-04 18:53:37','2023-01-06 11:35:22','2023-01-06 11:35:22'),(440,NULL,1,4,NULL,NULL,3208,3,NULL,NULL,585,1,NULL,40720,40722,00001888,NULL,NULL,'2022-11-30','2022-11-30',0003,1,NULL,14400.00,14400.00,1,1.00,3,NULL,'','2023-01-04 18:53:37','2023-01-06 11:35:22','2023-01-06 11:35:22'),(441,NULL,1,4,NULL,NULL,3208,3,NULL,NULL,585,1,NULL,40720,40839,00001889,NULL,NULL,'2022-11-30','2022-11-30',0003,1,NULL,29200.00,29200.00,1,1.00,3,NULL,'','2023-01-04 18:53:38','2023-01-06 11:35:22','2023-01-06 11:35:22'),(442,NULL,1,4,NULL,NULL,3208,3,NULL,NULL,585,1,NULL,40720,40722,00001890,NULL,NULL,'2022-11-30','2022-11-30',0003,1,NULL,20100.00,20100.00,1,1.00,3,NULL,'','2023-01-04 18:53:38','2023-01-06 11:35:22','2023-01-06 11:35:22'),(443,NULL,1,4,NULL,NULL,3208,3,NULL,NULL,585,1,NULL,40720,40722,00001891,NULL,NULL,'2022-11-30','2022-11-30',0003,1,NULL,18500.00,18500.00,1,1.00,3,NULL,'','2023-01-04 18:53:38','2023-01-06 11:35:22','2023-01-06 11:35:22'),(444,NULL,1,4,NULL,NULL,3208,3,NULL,NULL,585,1,NULL,40720,40840,00001892,NULL,NULL,'2022-11-30','2022-11-30',0003,1,NULL,30000.00,30000.00,1,1.00,3,NULL,'','2023-01-04 18:53:38','2023-01-06 11:35:22','2023-01-06 11:35:22'),(445,NULL,1,4,NULL,NULL,3208,3,NULL,NULL,585,1,NULL,40720,40722,00001893,NULL,NULL,'2022-11-30','2022-11-30',0003,1,NULL,19300.00,19300.00,1,1.00,3,NULL,'','2023-01-04 18:53:38','2023-01-06 11:35:22','2023-01-06 11:35:22'),(446,NULL,1,4,NULL,NULL,3208,3,NULL,NULL,585,1,NULL,40720,40841,00001894,NULL,NULL,'2022-11-30','2022-11-30',0003,1,NULL,24200.00,24200.00,1,1.00,3,NULL,'','2023-01-04 18:53:38','2023-01-06 11:35:22','2023-01-06 11:35:22'),(447,NULL,1,4,NULL,NULL,3208,3,NULL,NULL,585,1,NULL,40720,40722,00001895,NULL,NULL,'2022-11-30','2022-11-30',0003,1,NULL,16200.00,16200.00,1,1.00,3,NULL,'','2023-01-04 18:53:38','2023-01-06 11:35:22','2023-01-06 11:35:22'),(448,NULL,1,4,NULL,NULL,3208,3,NULL,NULL,585,1,NULL,40720,40722,00001896,NULL,NULL,'2022-11-30','2022-11-30',0003,1,NULL,20300.00,20300.00,1,1.00,3,NULL,'','2023-01-04 18:53:38','2023-01-06 11:35:22','2023-01-06 11:35:22'),(449,NULL,1,4,NULL,NULL,3208,3,NULL,NULL,585,1,NULL,40720,40722,00001897,NULL,NULL,'2022-11-30','2022-11-30',0003,1,NULL,16800.00,16800.00,1,1.00,3,NULL,'','2023-01-04 18:53:38','2023-01-06 11:35:22','2023-01-06 11:35:22'),(450,NULL,1,4,NULL,NULL,3208,3,NULL,NULL,585,1,NULL,40720,40722,00001898,NULL,NULL,'2022-11-30','2022-11-30',0003,1,NULL,20550.00,20550.00,1,1.00,3,NULL,'','2023-01-04 18:53:38','2023-01-06 11:35:22','2023-01-06 11:35:22');
INSERT INTO `receipts` VALUES (451,NULL,1,4,NULL,NULL,3208,3,NULL,NULL,585,1,NULL,40720,40722,00001899,NULL,NULL,'2022-11-30','2022-11-30',0003,1,NULL,8500.00,8500.00,1,1.00,3,NULL,'','2023-01-04 18:53:38','2023-01-06 11:35:22','2023-01-06 11:35:22'),(452,NULL,1,4,NULL,NULL,3208,3,NULL,NULL,585,1,NULL,40720,40722,00001900,NULL,NULL,'2022-11-30','2022-11-30',0003,1,NULL,18800.00,18800.00,1,1.00,3,NULL,'','2023-01-04 18:53:38','2023-01-06 11:35:22','2023-01-06 11:35:22'),(453,NULL,1,4,NULL,NULL,3208,3,NULL,NULL,585,1,NULL,40720,40721,00001901,NULL,NULL,'2022-11-30','2022-11-30',0003,1,NULL,33400.00,33400.00,1,1.00,3,NULL,'','2023-01-04 18:53:38','2023-01-06 11:35:22','2023-01-06 11:35:22'),(454,NULL,1,4,NULL,NULL,3208,3,NULL,NULL,585,1,NULL,40720,40722,00001902,NULL,NULL,'2022-11-30','2022-11-30',0003,1,NULL,17700.00,17700.00,1,1.00,3,NULL,'','2023-01-04 18:53:38','2023-01-06 11:35:22','2023-01-06 11:35:22'),(455,NULL,1,4,NULL,NULL,3208,3,NULL,NULL,585,1,NULL,40720,40722,00001903,NULL,NULL,'2022-11-30','2022-11-30',0003,1,NULL,19600.00,19600.00,1,1.00,3,NULL,'','2023-01-04 18:53:38','2023-01-06 11:35:22','2023-01-06 11:35:22'),(456,NULL,1,4,NULL,NULL,3208,3,NULL,NULL,585,1,NULL,40720,40744,00001904,NULL,NULL,'2022-11-30','2022-11-30',0003,1,NULL,28200.00,28200.00,1,1.00,3,NULL,'','2023-01-04 18:53:38','2023-01-06 11:35:22','2023-01-06 11:35:22'),(457,NULL,1,4,NULL,NULL,3208,3,NULL,NULL,585,1,NULL,40720,40722,00001905,NULL,NULL,'2022-11-30','2022-11-30',0003,1,NULL,18000.00,18000.00,1,1.00,3,NULL,'','2023-01-04 18:53:38','2023-01-06 11:35:22','2023-01-06 11:35:22'),(458,NULL,1,4,NULL,NULL,3208,3,NULL,NULL,585,1,NULL,40720,40722,00001906,NULL,NULL,'2022-11-30','2022-11-30',0003,1,NULL,20250.00,20250.00,1,1.00,3,NULL,'','2023-01-04 18:53:38','2023-01-06 11:35:22','2023-01-06 11:35:22'),(459,NULL,1,4,NULL,NULL,3208,3,NULL,NULL,585,1,NULL,40720,40722,00001907,NULL,NULL,'2022-11-30','2022-11-30',0003,1,NULL,21000.00,21000.00,1,1.00,3,NULL,'','2023-01-04 18:53:38','2023-01-06 11:35:22','2023-01-06 11:35:22'),(460,NULL,1,4,NULL,NULL,3208,3,NULL,NULL,585,1,NULL,40720,40722,00001908,NULL,NULL,'2022-11-30','2022-11-30',0003,1,NULL,19700.00,19700.00,1,1.00,3,NULL,'','2023-01-04 18:53:38','2023-01-06 11:35:22','2023-01-06 11:35:22'),(461,NULL,1,4,NULL,NULL,3208,3,NULL,NULL,585,1,NULL,40720,40842,00001909,NULL,NULL,'2022-11-30','2022-11-30',0003,1,NULL,27200.00,27200.00,1,1.00,3,NULL,'','2023-01-04 18:53:38','2023-01-06 11:35:22','2023-01-06 11:35:22'),(462,NULL,1,4,NULL,NULL,3208,3,NULL,NULL,585,1,NULL,40720,40722,00001910,NULL,NULL,'2022-11-30','2022-11-30',0003,1,NULL,17000.00,17000.00,1,1.00,3,NULL,'','2023-01-04 18:53:38','2023-01-06 11:35:22','2023-01-06 11:35:22'),(463,NULL,1,4,NULL,NULL,3208,3,NULL,NULL,585,1,NULL,40720,40747,00001911,NULL,NULL,'2022-11-30','2022-11-30',0003,1,NULL,40900.00,40900.00,1,1.00,3,NULL,'','2023-01-04 18:53:38','2023-01-06 11:35:22','2023-01-06 11:35:22'),(464,NULL,1,4,NULL,NULL,3208,3,NULL,NULL,585,1,NULL,40720,40722,00001912,NULL,NULL,'2022-11-30','2022-11-30',0003,1,NULL,19300.00,19300.00,1,1.00,3,NULL,'','2023-01-04 18:53:38','2023-01-06 11:35:22','2023-01-06 11:35:22'),(465,NULL,1,4,NULL,NULL,3208,3,NULL,NULL,585,1,NULL,40720,40722,00001913,NULL,NULL,'2022-11-30','2022-11-30',0003,1,NULL,20800.00,20800.00,1,1.00,3,NULL,'','2023-01-04 18:53:38','2023-01-06 11:35:22','2023-01-06 11:35:22'),(466,NULL,1,4,NULL,NULL,3208,3,NULL,NULL,585,1,NULL,40720,40737,00001914,NULL,NULL,'2022-11-30','2022-11-30',0003,1,NULL,78097.00,78097.00,1,1.00,3,NULL,'','2023-01-04 18:53:38','2023-01-06 11:35:22','2023-01-06 11:35:22'),(467,NULL,1,4,NULL,NULL,3208,3,NULL,NULL,585,1,NULL,40720,40722,00001915,NULL,NULL,'2022-11-30','2022-11-30',0003,1,NULL,18000.00,18000.00,1,1.00,3,NULL,'','2023-01-04 18:53:38','2023-01-06 11:35:22','2023-01-06 11:35:22'),(468,NULL,1,4,NULL,NULL,3208,3,NULL,NULL,585,1,NULL,40720,40722,00001916,NULL,NULL,'2022-11-30','2022-11-30',0003,1,NULL,17000.00,17000.00,1,1.00,3,NULL,'','2023-01-04 18:53:39','2023-01-06 11:35:22','2023-01-06 11:35:22');
INSERT INTO `receipts` VALUES (469,NULL,1,4,NULL,NULL,3208,3,NULL,NULL,585,1,NULL,40720,40722,00001917,NULL,NULL,'2022-11-30','2022-11-30',0003,1,NULL,12900.00,12900.00,1,1.00,3,NULL,'','2023-01-04 18:53:39','2023-01-06 11:35:22','2023-01-06 11:35:22'),(470,NULL,1,4,NULL,NULL,3208,3,NULL,NULL,585,1,NULL,40720,40722,00001918,NULL,NULL,'2022-11-30','2022-11-30',0003,1,NULL,19364.68,19364.68,1,1.00,3,NULL,'','2023-01-04 18:53:39','2023-01-06 11:35:22','2023-01-06 11:35:22'),(471,NULL,1,4,NULL,NULL,3208,3,NULL,NULL,585,1,NULL,40720,40722,00001919,NULL,NULL,'2022-11-30','2022-11-30',0003,1,NULL,17350.00,17350.00,1,1.00,3,NULL,'','2023-01-04 18:53:39','2023-01-06 11:35:22','2023-01-06 11:35:22'),(472,NULL,1,4,NULL,NULL,3208,3,NULL,NULL,585,1,NULL,40720,40724,00001920,NULL,NULL,'2022-11-30','2022-11-30',0003,1,NULL,30000.00,30000.00,1,1.00,3,NULL,'','2023-01-04 18:53:39','2023-01-06 11:35:22','2023-01-06 11:35:22'),(473,NULL,1,4,NULL,NULL,3208,3,NULL,NULL,585,1,NULL,40720,40843,00001921,NULL,NULL,'2022-11-30','2022-11-30',0003,1,NULL,25000.00,25000.00,1,1.00,3,NULL,'','2023-01-04 18:53:39','2023-01-06 11:35:22','2023-01-06 11:35:22'),(474,NULL,1,4,NULL,NULL,3208,3,NULL,NULL,585,1,NULL,40720,40722,00001922,NULL,NULL,'2022-11-30','2022-11-30',0003,1,NULL,21000.00,21000.00,1,1.00,3,NULL,'','2023-01-04 18:53:39','2023-01-06 11:35:22','2023-01-06 11:35:22'),(475,NULL,1,4,NULL,NULL,3208,3,NULL,NULL,585,1,NULL,40720,40731,00001923,NULL,NULL,'2022-11-30','2022-11-30',0003,1,NULL,24100.00,24100.00,1,1.00,3,NULL,'','2023-01-04 18:53:39','2023-01-06 11:35:22','2023-01-06 11:35:22'),(476,NULL,1,4,NULL,NULL,3208,3,NULL,NULL,585,1,NULL,40720,40722,00001924,NULL,NULL,'2022-11-30','2022-11-30',0003,1,NULL,17700.00,17700.00,1,1.00,3,NULL,'','2023-01-04 18:53:39','2023-01-06 11:35:22','2023-01-06 11:35:22'),(477,NULL,1,4,NULL,NULL,3208,3,NULL,NULL,585,1,NULL,40720,40722,00001925,NULL,NULL,'2022-11-30','2022-11-30',0003,1,NULL,20200.00,20200.00,1,1.00,3,NULL,'','2023-01-04 18:53:39','2023-01-06 11:35:22','2023-01-06 11:35:22'),(478,NULL,1,4,NULL,NULL,3208,3,NULL,NULL,585,1,NULL,40720,40722,00001926,NULL,NULL,'2022-11-30','2022-11-30',0003,1,NULL,20080.00,20080.00,1,1.00,3,NULL,'','2023-01-04 18:53:39','2023-01-06 11:35:22','2023-01-06 11:35:22'),(479,NULL,1,4,NULL,NULL,3208,3,NULL,NULL,585,1,NULL,40720,40722,00001927,NULL,NULL,'2022-11-30','2022-11-30',0003,1,NULL,20200.00,20200.00,1,1.00,3,NULL,'','2023-01-04 18:53:39','2023-01-06 11:35:22','2023-01-06 11:35:22'),(480,NULL,1,4,NULL,NULL,3208,3,NULL,NULL,585,1,NULL,40720,40722,00001928,NULL,NULL,'2022-11-30','2022-11-30',0003,1,NULL,20700.00,20700.00,1,1.00,3,NULL,'','2023-01-04 18:53:39','2023-01-06 11:35:22','2023-01-06 11:35:22'),(481,NULL,1,4,NULL,NULL,3208,3,NULL,NULL,585,1,NULL,40720,40844,00001929,NULL,NULL,'2022-11-30','2022-11-30',0003,1,NULL,37900.00,37900.00,1,1.00,3,NULL,'','2023-01-04 18:53:39','2023-01-06 11:35:22','2023-01-06 11:35:22'),(482,NULL,1,4,NULL,NULL,3208,3,NULL,NULL,585,1,NULL,40720,40845,00001930,NULL,NULL,'2022-11-30','2022-11-30',0003,1,NULL,25400.00,25400.00,1,1.00,3,NULL,'','2023-01-04 18:53:39','2023-01-06 11:35:22','2023-01-06 11:35:22'),(483,NULL,1,4,NULL,NULL,3208,3,NULL,NULL,585,1,NULL,40720,40722,00001931,NULL,NULL,'2022-11-30','2022-11-30',0003,1,NULL,19500.00,19500.00,1,1.00,3,NULL,'','2023-01-04 18:53:39','2023-01-06 11:35:22','2023-01-06 11:35:22'),(484,NULL,1,4,NULL,NULL,3208,3,NULL,NULL,585,1,NULL,40720,40722,00001932,NULL,NULL,'2022-11-30','2022-11-30',0003,1,NULL,18700.00,18700.00,1,1.00,3,NULL,'','2023-01-04 18:53:39','2023-01-06 11:35:22','2023-01-06 11:35:22'),(485,NULL,1,4,NULL,NULL,3208,3,NULL,NULL,585,1,NULL,40720,40722,00001933,NULL,NULL,'2022-11-30','2022-11-30',0003,1,NULL,17500.00,17500.00,1,1.00,3,NULL,'','2023-01-04 18:53:39','2023-01-06 11:35:22','2023-01-06 11:35:22'),(486,NULL,1,4,NULL,NULL,3208,3,NULL,NULL,585,1,NULL,40720,40722,00001934,NULL,NULL,'2022-11-30','2022-11-30',0003,1,NULL,19900.00,19900.00,1,1.00,3,NULL,'','2023-01-04 18:53:39','2023-01-06 11:35:22','2023-01-06 11:35:22');
INSERT INTO `receipts` VALUES (487,NULL,1,4,NULL,NULL,3208,3,NULL,NULL,585,1,NULL,40720,40722,00001935,NULL,NULL,'2022-11-30','2022-11-30',0003,1,NULL,21000.00,21000.00,1,1.00,3,NULL,'','2023-01-04 18:53:39','2023-01-06 11:35:22','2023-01-06 11:35:22'),(488,NULL,1,4,NULL,NULL,3208,3,NULL,NULL,585,1,NULL,40720,40722,00001936,NULL,NULL,'2022-11-30','2022-11-30',0003,1,NULL,18300.00,18300.00,1,1.00,3,NULL,'','2023-01-04 18:53:39','2023-01-06 11:35:22','2023-01-06 11:35:22'),(489,NULL,1,4,NULL,NULL,3208,3,NULL,NULL,585,1,NULL,40720,40722,00001937,NULL,NULL,'2022-11-30','2022-11-30',0003,1,NULL,19100.00,19100.00,1,1.00,3,NULL,'','2023-01-04 18:53:39','2023-01-06 11:35:22','2023-01-06 11:35:22'),(490,NULL,1,4,NULL,NULL,3208,3,NULL,NULL,585,1,NULL,40720,40722,00001938,NULL,NULL,'2022-11-30','2022-11-30',0003,1,NULL,20300.00,20300.00,1,1.00,3,NULL,'','2023-01-04 18:53:39','2023-01-06 11:35:22','2023-01-06 11:35:22'),(491,NULL,1,4,NULL,NULL,3208,3,NULL,NULL,585,1,NULL,40720,40846,00001939,NULL,NULL,'2022-11-30','2022-11-30',0003,1,NULL,21600.00,21600.00,1,1.00,3,NULL,'','2023-01-04 18:53:39','2023-01-06 11:35:22','2023-01-06 11:35:22'),(492,NULL,1,4,NULL,NULL,3208,3,NULL,NULL,585,1,NULL,40720,40722,00001940,NULL,NULL,'2022-11-30','2022-11-30',0003,1,NULL,20245.00,20245.00,1,1.00,3,NULL,'','2023-01-04 18:53:39','2023-01-06 11:35:22','2023-01-06 11:35:22'),(493,NULL,1,4,NULL,NULL,3208,3,NULL,NULL,585,1,NULL,40720,40722,00001941,NULL,NULL,'2022-11-30','2022-11-30',0003,1,NULL,18900.00,18900.00,1,1.00,3,NULL,'','2023-01-04 18:53:39','2023-01-06 11:35:22','2023-01-06 11:35:22'),(494,NULL,1,4,NULL,NULL,3208,3,NULL,NULL,585,1,NULL,40720,40722,00001942,NULL,NULL,'2022-11-30','2022-11-30',0003,1,NULL,18600.00,18600.00,1,1.00,3,NULL,'','2023-01-04 18:53:39','2023-01-06 11:35:22','2023-01-06 11:35:22'),(495,NULL,1,4,NULL,NULL,3208,3,NULL,NULL,585,1,NULL,40720,40722,00001943,NULL,NULL,'2022-11-30','2022-11-30',0003,1,NULL,18600.00,18600.00,1,1.00,3,NULL,'','2023-01-04 18:53:40','2023-01-06 11:35:23','2023-01-06 11:35:23'),(496,NULL,1,4,NULL,NULL,3208,3,NULL,NULL,585,1,NULL,40720,40722,00001944,NULL,NULL,'2022-11-30','2022-11-30',0003,1,NULL,20800.00,20800.00,1,1.00,3,NULL,'','2023-01-04 18:53:40','2023-01-06 11:35:23','2023-01-06 11:35:23'),(497,NULL,1,4,NULL,NULL,3208,3,NULL,NULL,585,1,NULL,40720,40845,00001945,NULL,NULL,'2022-11-30','2022-11-30',0003,1,NULL,24600.00,24600.00,1,1.00,3,NULL,'','2023-01-04 18:53:40','2023-01-06 11:35:23','2023-01-06 11:35:23'),(498,NULL,1,4,NULL,NULL,3208,3,NULL,NULL,585,1,NULL,40720,40737,00001946,NULL,NULL,'2022-11-30','2022-11-30',0003,1,NULL,42122.00,42122.00,1,1.00,3,NULL,'','2023-01-04 18:53:40','2023-01-06 11:35:23','2023-01-06 11:35:23'),(499,NULL,1,4,NULL,NULL,3208,3,NULL,NULL,585,1,NULL,40720,40722,00001947,NULL,NULL,'2022-11-30','2022-11-30',0003,1,NULL,18100.00,18100.00,1,1.00,3,NULL,'','2023-01-04 18:53:40','2023-01-06 11:35:23','2023-01-06 11:35:23'),(500,NULL,1,4,NULL,NULL,3208,3,NULL,NULL,585,1,NULL,40720,40722,00001948,NULL,NULL,'2022-11-30','2022-11-30',0003,1,NULL,19500.00,19500.00,1,1.00,3,NULL,'','2023-01-04 18:53:40','2023-01-06 11:35:23','2023-01-06 11:35:23'),(501,NULL,1,4,NULL,NULL,3208,3,NULL,NULL,585,1,NULL,40720,40722,00001949,NULL,NULL,'2022-11-30','2022-11-30',0003,1,NULL,19500.00,19500.00,1,1.00,3,NULL,'','2023-01-04 18:53:40','2023-01-06 11:35:23','2023-01-06 11:35:23'),(502,NULL,1,4,NULL,NULL,3208,3,NULL,NULL,585,1,NULL,40720,40722,00001950,NULL,NULL,'2022-11-30','2022-11-30',0003,1,NULL,15700.00,15700.00,1,1.00,3,NULL,'','2023-01-04 18:53:40','2023-01-06 11:35:23','2023-01-06 11:35:23'),(503,NULL,1,4,NULL,NULL,3208,3,NULL,NULL,585,1,NULL,40720,40722,00001849,NULL,NULL,'2022-11-30','2022-11-30',0003,1,NULL,19600.00,19600.00,1,1.00,3,NULL,'','2023-01-04 18:53:40','2023-01-06 11:35:23','2023-01-06 11:35:23'),(504,NULL,1,4,NULL,NULL,3208,3,NULL,NULL,585,1,NULL,40720,40722,00001850,NULL,NULL,'2022-11-30','2022-11-30',0003,1,NULL,18000.00,18000.00,1,1.00,3,NULL,'','2023-01-04 18:53:40','2023-01-06 11:35:23','2023-01-06 11:35:23');
INSERT INTO `receipts` VALUES (505,NULL,1,4,NULL,NULL,3208,3,NULL,NULL,585,1,NULL,40720,40722,00001851,NULL,NULL,'2022-11-30','2022-11-30',0003,1,NULL,21000.00,21000.00,1,1.00,3,NULL,'','2023-01-04 18:53:40','2023-01-06 11:35:23','2023-01-06 11:35:23'),(506,NULL,1,4,NULL,NULL,3208,3,NULL,NULL,585,1,NULL,40720,40722,00001852,NULL,NULL,'2022-11-30','2022-11-30',0003,1,NULL,20900.00,20900.00,1,1.00,3,NULL,'','2023-01-04 18:53:40','2023-01-06 11:35:23','2023-01-06 11:35:23'),(507,NULL,1,4,NULL,NULL,3208,3,NULL,NULL,585,1,NULL,40720,40722,00001853,NULL,NULL,'2022-11-30','2022-11-30',0003,1,NULL,17300.00,17300.00,1,1.00,3,NULL,'','2023-01-04 18:53:40','2023-01-06 11:35:23','2023-01-06 11:35:23'),(508,NULL,1,4,NULL,NULL,3208,3,NULL,NULL,585,1,NULL,40720,40839,00001854,NULL,NULL,'2022-11-30','2022-11-30',0003,1,NULL,36500.00,36500.00,1,1.00,3,NULL,'','2023-01-04 18:53:40','2023-01-06 11:35:23','2023-01-06 11:35:23'),(509,NULL,1,4,NULL,NULL,3208,3,NULL,NULL,585,1,NULL,40720,40722,00001855,NULL,NULL,'2022-11-30','2022-11-30',0003,1,NULL,21200.00,21200.00,1,1.00,3,NULL,'','2023-01-04 18:53:41','2023-01-06 11:35:23','2023-01-06 11:35:23'),(510,NULL,1,4,NULL,NULL,3208,3,NULL,NULL,585,1,NULL,40720,40722,00001856,NULL,NULL,'2022-11-30','2022-11-30',0003,1,NULL,20700.00,20700.00,1,1.00,3,NULL,'','2023-01-04 18:53:41','2023-01-06 11:35:23','2023-01-06 11:35:23'),(511,NULL,1,4,NULL,NULL,3208,3,NULL,NULL,585,1,NULL,40720,40722,00001857,NULL,NULL,'2022-11-30','2022-11-30',0003,1,NULL,15800.00,15800.00,1,1.00,3,NULL,'','2023-01-04 18:53:41','2023-01-06 11:35:23','2023-01-06 11:35:23'),(512,NULL,1,4,NULL,NULL,3208,3,NULL,NULL,585,1,NULL,40720,40722,00001858,NULL,NULL,'2022-11-30','2022-11-30',0003,1,NULL,20600.00,20600.00,1,1.00,3,NULL,'','2023-01-04 18:53:41','2023-01-06 11:35:23','2023-01-06 11:35:23'),(513,NULL,1,4,NULL,NULL,3208,3,NULL,NULL,585,1,NULL,40720,40722,00001859,NULL,NULL,'2022-11-30','2022-11-30',0003,1,NULL,21100.00,21100.00,1,1.00,3,NULL,'','2023-01-04 18:53:41','2023-01-06 11:35:23','2023-01-06 11:35:23'),(514,NULL,1,4,NULL,NULL,3208,3,NULL,NULL,585,1,NULL,40720,40722,00001860,NULL,NULL,'2022-11-30','2022-11-30',0003,1,NULL,18500.00,18500.00,1,1.00,3,NULL,'','2023-01-04 18:53:41','2023-01-06 11:35:23','2023-01-06 11:35:23'),(515,NULL,1,4,NULL,NULL,3208,3,NULL,NULL,585,1,NULL,40720,40722,00001861,NULL,NULL,'2022-11-30','2022-11-30',0003,1,NULL,21200.00,21200.00,1,1.00,3,NULL,'','2023-01-04 18:53:41','2023-01-06 11:35:23','2023-01-06 11:35:23'),(516,NULL,1,4,NULL,NULL,3208,3,NULL,NULL,585,1,NULL,40720,40722,00001862,NULL,NULL,'2022-11-30','2022-11-30',0003,1,NULL,17700.00,17700.00,1,1.00,3,NULL,'','2023-01-04 18:53:41','2023-01-06 11:35:23','2023-01-06 11:35:23'),(517,NULL,1,4,NULL,NULL,3208,3,NULL,NULL,585,1,NULL,40720,40722,00001863,NULL,NULL,'2022-11-30','2022-11-30',0003,1,NULL,21200.00,21200.00,1,1.00,3,NULL,'','2023-01-04 18:53:41','2023-01-06 11:35:23','2023-01-06 11:35:23'),(518,NULL,1,4,NULL,NULL,3208,3,NULL,NULL,585,1,NULL,40720,40745,00001864,NULL,NULL,'2022-11-30','2022-11-30',0003,1,NULL,32400.00,32400.00,1,1.00,3,NULL,'','2023-01-04 18:53:41','2023-01-06 11:35:23','2023-01-06 11:35:23'),(519,NULL,1,4,NULL,NULL,3208,3,NULL,NULL,585,1,NULL,40720,40722,00001865,NULL,NULL,'2022-11-30','2022-11-30',0003,1,NULL,18800.00,18800.00,1,1.00,3,NULL,'','2023-01-04 18:53:41','2023-01-06 11:35:23','2023-01-06 11:35:23'),(520,NULL,1,4,NULL,NULL,3208,3,NULL,NULL,585,1,NULL,40720,40722,00001866,NULL,NULL,'2022-11-30','2022-11-30',0003,1,NULL,17850.00,17850.00,1,1.00,3,NULL,'','2023-01-04 18:53:41','2023-01-06 11:35:23','2023-01-06 11:35:23'),(521,NULL,1,4,NULL,NULL,3208,3,NULL,NULL,585,1,NULL,40720,40722,00001867,NULL,NULL,'2022-11-30','2022-11-30',0003,1,NULL,19700.00,19700.00,1,1.00,3,NULL,'','2023-01-04 18:53:42','2023-01-06 11:35:23','2023-01-06 11:35:23'),(522,NULL,1,4,NULL,NULL,3208,3,NULL,NULL,585,1,NULL,40720,40722,00001868,NULL,NULL,'2022-11-30','2022-11-30',0003,1,NULL,16000.00,16000.00,1,1.00,3,NULL,'','2023-01-04 18:53:42','2023-01-06 11:35:23','2023-01-06 11:35:23');
INSERT INTO `receipts` VALUES (523,NULL,1,4,NULL,NULL,3208,3,NULL,NULL,585,1,NULL,40720,40722,00001869,NULL,NULL,'2022-11-30','2022-11-30',0003,1,NULL,17900.00,17900.00,1,1.00,3,NULL,'','2023-01-04 18:53:42','2023-01-06 11:35:23','2023-01-06 11:35:23'),(524,NULL,1,4,NULL,NULL,3208,3,NULL,NULL,585,1,NULL,40720,40722,00001870,NULL,NULL,'2022-11-30','2022-11-30',0003,1,NULL,18300.00,18300.00,1,1.00,3,NULL,'','2023-01-04 18:53:42','2023-01-06 11:35:23','2023-01-06 11:35:23'),(525,8286,2,4,NULL,NULL,3208,3,217,NULL,585,1,NULL,40720,40847,00005031,NULL,NULL,'2022-11-01','2022-11-01',0001,1,NULL,7520.00,7520.00,1,1.00,3,NULL,'','2023-01-04 18:54:18','2023-01-05 18:09:27','2023-01-05 18:09:27'),(526,8286,2,4,NULL,NULL,3208,3,217,NULL,585,1,NULL,40720,40848,00007307,NULL,NULL,'2022-11-01','2022-11-01',0007,1,NULL,137050.00,137050.00,1,1.00,3,NULL,'','2023-01-04 18:54:18','2023-01-05 18:09:27','2023-01-05 18:09:27'),(527,8286,2,7,NULL,NULL,3208,3,250,NULL,585,1,NULL,40720,40849,00000119,NULL,NULL,'2022-11-01','2022-11-01',0001,1,NULL,18687.50,18687.50,1,1.00,3,NULL,'','2023-01-04 18:54:18','2023-01-05 18:09:27','2023-01-05 18:09:27'),(528,8286,2,1,NULL,NULL,3208,3,217,NULL,585,1,NULL,40720,40850,00008157,NULL,NULL,'2022-11-03','2022-11-03',0012,1,NULL,4691.04,4691.04,1,1.00,3,NULL,'','2023-01-04 18:54:18','2023-01-05 18:09:27','2023-01-05 18:09:27'),(529,8286,2,1,NULL,NULL,3208,3,217,NULL,585,1,NULL,40720,40851,00000252,NULL,NULL,'2022-11-10','2022-11-10',0004,1,NULL,104549.96,104549.96,1,1.00,3,NULL,'','2023-01-04 18:54:18','2023-01-05 18:09:27','2023-01-05 18:09:27'),(530,8286,2,1,NULL,NULL,3208,3,217,NULL,585,1,NULL,40720,40851,00000247,NULL,NULL,'2022-11-10','2022-11-10',0004,1,NULL,66722.55,66722.55,1,1.00,3,NULL,'','2023-01-04 18:54:18','2023-01-05 18:09:27','2023-01-05 18:09:27'),(531,8286,2,1,NULL,NULL,3208,3,217,NULL,585,1,NULL,40720,40851,00000251,NULL,NULL,'2022-11-10','2022-11-10',0004,1,NULL,418500.08,418500.08,1,1.00,3,NULL,'','2023-01-04 18:54:18','2023-01-05 18:09:27','2023-01-05 18:09:27'),(532,8286,2,1,NULL,NULL,3208,3,217,NULL,585,1,NULL,40720,40851,00000294,NULL,NULL,'2022-11-14','2022-11-14',0004,1,NULL,630399.80,630399.80,1,1.00,3,NULL,'','2023-01-04 18:54:18','2023-01-05 18:09:27','2023-01-05 18:09:27'),(533,8286,2,1,NULL,NULL,3208,3,217,NULL,585,1,NULL,40720,40820,00010187,NULL,NULL,'2022-11-15','2022-11-15',0018,1,NULL,27184.19,27184.19,1,1.00,3,NULL,'','2023-01-04 18:54:18','2023-01-05 18:09:27','2023-01-05 18:09:27'),(534,8286,2,1,NULL,NULL,3208,3,217,NULL,585,1,NULL,40720,40852,00000093,NULL,NULL,'2022-11-16','2022-11-16',0016,1,NULL,310050.00,310050.00,1,1.00,3,NULL,'','2023-01-04 18:54:18','2023-01-05 18:09:27','2023-01-05 18:09:27'),(535,8286,2,1,NULL,NULL,3208,3,217,NULL,585,1,NULL,40720,40853,00000069,NULL,NULL,'2022-11-16','2022-11-16',0001,1,NULL,36382.00,36382.00,1,1.00,3,NULL,'','2023-01-04 18:54:18','2023-01-05 18:09:27','2023-01-05 18:09:27'),(536,8286,2,4,NULL,NULL,3208,3,217,NULL,585,1,NULL,40720,40854,00003673,NULL,NULL,'2022-11-17','2022-11-17',0019,1,NULL,4868.99,4868.99,1,1.00,3,NULL,'','2023-01-04 18:54:18','2023-01-05 18:09:27','2023-01-05 18:09:27'),(537,8286,2,4,NULL,NULL,3208,3,217,NULL,585,1,NULL,40720,40852,00000016,NULL,NULL,'2022-11-18','2022-11-18',0016,1,NULL,151500.00,151500.00,1,1.00,3,NULL,'','2023-01-04 18:54:18','2023-01-05 18:09:27','2023-01-05 18:09:27'),(538,8286,2,4,NULL,NULL,3208,3,217,NULL,585,1,NULL,40720,40855,00071423,NULL,NULL,'2022-11-26','2022-11-26',1317,1,NULL,45292.82,45292.82,1,1.00,3,NULL,'','2023-01-04 18:54:18','2023-01-05 18:09:27','2023-01-05 18:09:27'),(539,8286,2,4,NULL,NULL,3208,3,217,NULL,585,1,NULL,40720,40856,00035613,NULL,NULL,'2022-11-28','2022-11-28',0006,1,NULL,49975.00,49975.00,1,1.00,3,NULL,'','2023-01-04 18:54:18','2023-01-05 18:09:27','2023-01-05 18:09:27'),(540,8286,2,12,NULL,NULL,3208,3,250,NULL,585,1,NULL,40720,40857,00020184,NULL,NULL,'2022-11-28','2022-11-28',0006,1,NULL,56100.00,56100.00,1,1.00,3,NULL,'','2023-01-04 18:54:18','2023-01-05 18:09:27','2023-01-05 18:09:27');
INSERT INTO `receipts` VALUES (541,8286,2,1,NULL,NULL,3208,3,217,NULL,585,1,NULL,40720,40853,00000079,NULL,NULL,'2022-11-28','2022-11-28',0001,1,NULL,658026.00,658026.00,1,1.00,3,NULL,'','2023-01-04 18:54:18','2023-01-05 18:09:27','2023-01-05 18:09:27'),(542,8286,2,4,NULL,NULL,3208,3,217,NULL,585,1,NULL,40720,40856,00035643,NULL,NULL,'2022-11-29','2022-11-29',0006,1,NULL,102348.80,102348.80,1,1.00,3,NULL,'','2023-01-04 18:54:18','2023-01-05 18:09:27','2023-01-05 18:09:27'),(543,8286,2,4,NULL,NULL,3208,3,217,NULL,585,1,NULL,40720,40856,00035644,NULL,NULL,'2022-11-29','2022-11-29',0006,1,NULL,102348.80,102348.80,1,1.00,3,NULL,'','2023-01-04 18:54:18','2023-01-05 18:09:27','2023-01-05 18:09:27'),(544,8286,2,4,NULL,NULL,3208,3,217,NULL,585,1,NULL,40720,40831,10131820,NULL,NULL,'2022-11-30','2022-11-30',0006,1,NULL,5134.64,5134.64,1,1.00,3,NULL,'','2023-01-04 18:54:18','2023-01-05 18:09:27','2023-01-05 18:09:27'),(545,8286,2,1,NULL,NULL,3208,3,217,NULL,585,1,NULL,40720,40827,00153003,NULL,NULL,'2022-11-30','2022-11-30',0004,1,NULL,2096.17,2096.17,1,1.00,3,NULL,'','2023-01-04 18:54:19','2023-01-05 18:09:27','2023-01-05 18:09:27'),(546,8286,2,1,NULL,NULL,3208,3,217,NULL,585,1,NULL,40720,40830,00002674,NULL,NULL,'2022-11-30','2022-11-30',0009,1,NULL,211665.88,211665.88,1,1.00,3,NULL,'','2023-01-04 18:54:19','2023-01-05 18:09:27','2023-01-05 18:09:27'),(547,8286,3,1,NULL,NULL,3208,NULL,NULL,NULL,NULL,1,3,40720,40827,21323596,NULL,21323596,'2022-11-23',NULL,0002,1,NULL,177.99,0.00,1,1.00,3,NULL,'','2023-01-04 19:07:25','2023-01-06 11:35:28','2023-01-06 11:35:28'),(548,8286,3,1,NULL,NULL,3208,NULL,NULL,NULL,NULL,1,3,40720,40827,21322892,NULL,21322892,'2022-11-15',NULL,0002,1,NULL,171.85,0.00,1,1.00,3,NULL,'','2023-01-04 19:07:25','2023-01-06 11:35:28','2023-01-06 11:35:28'),(549,8286,3,1,NULL,NULL,3208,NULL,NULL,NULL,NULL,1,3,40720,40827,21322579,NULL,21322579,'2022-11-11',NULL,0002,1,NULL,162.65,0.00,1,1.00,3,NULL,'','2023-01-04 19:07:25','2023-01-06 11:35:28','2023-01-06 11:35:28'),(550,8286,3,1,NULL,NULL,3208,NULL,NULL,NULL,NULL,1,3,40720,40827,21321543,NULL,21321543,'2022-11-03',NULL,0002,1,NULL,322.22,0.00,1,1.00,3,NULL,'','2023-01-04 19:07:25','2023-01-06 11:35:28','2023-01-06 11:35:28'),(553,8286,2,6,NULL,NULL,3208,3,217,NULL,585,1,NULL,40720,40847,00005031,00005031,NULL,'2022-11-01',NULL,0001,1,NULL,7520.00,7520.00,1,1.00,3,NULL,'','2023-01-05 18:22:30','2023-01-06 11:35:21','2023-01-06 11:35:21'),(554,8286,2,6,NULL,NULL,3208,3,217,NULL,585,1,NULL,40720,40848,00007307,00007307,NULL,'2022-11-01',NULL,0007,1,NULL,137050.00,137050.00,1,1.00,3,NULL,'','2023-01-05 18:22:30','2023-01-06 11:35:21','2023-01-06 11:35:21'),(555,8286,2,11,NULL,NULL,3208,3,250,NULL,585,1,NULL,40720,40849,00000119,00000119,NULL,'2022-11-01',NULL,0001,1,NULL,18687.50,18687.50,1,1.00,3,NULL,'','2023-01-05 18:22:30','2023-01-06 11:35:21','2023-01-06 11:35:21'),(556,8286,2,1,NULL,NULL,3208,3,217,NULL,585,1,NULL,40720,40850,00008157,00008157,NULL,'2022-11-03',NULL,0012,1,NULL,4670.66,4670.66,1,1.00,3,NULL,'','2023-01-05 18:22:30','2023-01-06 11:35:21','2023-01-06 11:35:21'),(557,8286,2,1,NULL,NULL,3208,3,217,NULL,585,1,NULL,40720,40851,00000252,00000252,NULL,'2022-11-10',NULL,0004,1,NULL,114484.57,114484.57,1,1.00,3,NULL,'','2023-01-05 18:22:30','2023-01-06 11:35:21','2023-01-06 11:35:21'),(558,8286,2,1,NULL,NULL,3208,3,217,NULL,585,1,NULL,40720,40851,00000247,00000247,NULL,'2022-11-10',NULL,0004,1,NULL,73062.70,73062.70,1,1.00,3,NULL,'','2023-01-05 18:22:30','2023-01-06 11:35:21','2023-01-06 11:35:21'),(559,8286,2,1,NULL,NULL,3208,3,217,NULL,585,1,NULL,40720,40851,00000251,00000251,NULL,'2022-11-10',NULL,0004,1,NULL,458267.05,458267.05,1,1.00,3,NULL,'','2023-01-05 18:22:30','2023-01-06 11:35:21','2023-01-06 11:35:21'),(560,8286,2,1,NULL,NULL,3208,3,217,NULL,585,1,NULL,40720,40851,00000294,00000294,NULL,'2022-11-14',NULL,0004,1,NULL,690302.05,690302.05,1,1.00,3,NULL,'','2023-01-05 18:22:30','2023-01-06 11:35:21','2023-01-06 11:35:21');
INSERT INTO `receipts` VALUES (561,8286,2,1,NULL,NULL,3208,3,217,NULL,585,1,NULL,40720,40820,00010187,00010187,NULL,'2022-11-15',NULL,0018,1,NULL,29529.81,29529.81,1,1.00,3,NULL,'','2023-01-05 18:22:30','2023-01-06 11:35:21','2023-01-06 11:35:21'),(562,8286,2,1,NULL,NULL,3208,3,217,NULL,585,1,NULL,40720,40852,00000093,00000093,NULL,'2022-11-16',NULL,0016,1,NULL,310050.00,310050.00,1,1.00,3,NULL,'','2023-01-05 18:22:30','2023-01-06 11:35:21','2023-01-06 11:35:21'),(563,8286,2,1,NULL,NULL,3208,3,217,NULL,585,1,NULL,40720,40853,00000069,00000069,NULL,'2022-11-16',NULL,0001,1,NULL,36382.00,36382.00,1,1.00,3,NULL,'','2023-01-05 18:22:30','2023-01-06 11:35:21','2023-01-06 11:35:21'),(564,8286,2,6,NULL,NULL,3208,3,217,NULL,585,1,NULL,40720,40854,00003673,00003673,NULL,'2022-11-17',NULL,0019,1,NULL,4868.99,4868.99,1,1.00,3,NULL,'','2023-01-05 18:22:30','2023-01-06 11:35:21','2023-01-06 11:35:21'),(565,8286,2,6,NULL,NULL,3208,3,217,NULL,585,1,NULL,40720,40852,00000016,00000016,NULL,'2022-11-18',NULL,0016,1,NULL,151500.00,151500.00,1,1.00,3,NULL,'','2023-01-05 18:22:30','2023-01-06 11:35:21','2023-01-06 11:35:21'),(566,8286,2,6,NULL,NULL,3208,3,217,NULL,585,1,NULL,40720,40855,00071423,00071423,NULL,'2022-11-26',NULL,1317,1,NULL,45048.99,45048.99,1,1.00,3,NULL,'','2023-01-05 18:22:30','2023-01-06 11:35:21','2023-01-06 11:35:21'),(567,8286,2,6,NULL,NULL,3208,3,217,NULL,585,1,NULL,40720,40856,00035613,00035613,NULL,'2022-11-28',NULL,0006,1,NULL,49975.00,49975.00,1,1.00,3,NULL,'','2023-01-05 18:22:31','2023-01-06 11:35:21','2023-01-06 11:35:21'),(568,8286,2,15,NULL,NULL,3208,3,250,NULL,585,1,NULL,40720,40857,00020184,00020184,NULL,'2022-11-28',NULL,0006,1,NULL,56100.00,56100.00,1,1.00,3,NULL,'','2023-01-05 18:22:31','2023-01-06 11:35:21','2023-01-06 11:35:21'),(569,8286,2,1,NULL,NULL,3208,3,217,NULL,585,1,NULL,40720,40853,00000079,00000079,NULL,'2022-11-28',NULL,0001,1,NULL,658026.00,658026.00,1,1.00,3,NULL,'','2023-01-05 18:22:31','2023-01-06 11:35:21','2023-01-06 11:35:21'),(570,8286,2,6,NULL,NULL,3208,3,217,NULL,585,1,NULL,40720,40856,00035643,00035643,NULL,'2022-11-29',NULL,0006,1,NULL,102348.81,102348.81,1,1.00,3,NULL,'','2023-01-05 18:22:31','2023-01-06 11:35:21','2023-01-06 11:35:21'),(571,8286,2,6,NULL,NULL,3208,3,217,NULL,585,1,NULL,40720,40856,00035644,00035644,NULL,'2022-11-29',NULL,0006,1,NULL,102348.81,102348.81,1,1.00,3,NULL,'','2023-01-05 18:22:31','2023-01-06 11:35:21','2023-01-06 11:35:21'),(572,8286,2,6,NULL,NULL,3208,3,217,NULL,585,1,NULL,40720,40831,10131820,10131820,NULL,'2022-11-30',NULL,0006,1,NULL,4961.00,4961.00,1,1.00,3,NULL,'','2023-01-05 18:22:31','2023-01-06 11:35:21','2023-01-06 11:35:21'),(573,8286,2,1,NULL,NULL,3208,3,217,NULL,585,1,NULL,40720,40827,00153003,00153003,NULL,'2022-11-30',NULL,0004,1,NULL,2096.17,2096.17,1,1.00,3,NULL,'','2023-01-05 18:22:31','2023-01-06 11:35:21','2023-01-06 11:35:21'),(574,8286,2,1,NULL,NULL,3208,3,217,NULL,585,1,NULL,40720,40830,00002674,00002674,NULL,'2022-11-30',NULL,0009,1,NULL,228587.15,228587.15,1,1.00,3,NULL,'','2023-01-05 18:22:31','2023-01-06 11:35:21','2023-01-06 11:35:21'),(580,8286,1,4,6,NULL,3209,3,NULL,NULL,585,1,NULL,40720,40721,00001951,NULL,NULL,'2022-12-07','2022-12-07',0003,1,NULL,22700.00,22700.00,1,1.00,3,NULL,'','2023-01-06 18:18:48',NULL,NULL),(581,8286,1,5,7,NULL,3209,3,NULL,NULL,585,1,NULL,40720,40721,00000001,NULL,NULL,'2022-12-07','2022-12-07',0003,1,NULL,22700.00,22700.00,1,1.00,3,NULL,'','2023-01-06 18:18:48',NULL,NULL),(582,8286,1,4,6,NULL,3209,3,NULL,NULL,585,1,NULL,40720,40722,00001952,NULL,NULL,'2022-12-07','2022-12-07',0003,1,NULL,17600.00,17600.00,1,1.00,3,NULL,'','2023-01-06 18:18:48',NULL,NULL),(583,8286,1,4,6,NULL,3209,3,NULL,NULL,585,1,NULL,40720,40721,00001953,NULL,NULL,'2022-12-07','2022-12-07',0003,1,NULL,22700.00,22700.00,1,1.00,3,NULL,'','2023-01-06 18:18:49',NULL,NULL),(584,8286,1,4,6,NULL,3209,3,NULL,NULL,585,1,NULL,40720,40722,00001954,NULL,NULL,'2022-12-07','2022-12-07',0003,1,NULL,20400.00,20400.00,1,1.00,3,NULL,'','2023-01-06 18:18:49',NULL,NULL);
INSERT INTO `receipts` VALUES (585,8286,1,4,6,NULL,3209,3,NULL,NULL,585,1,NULL,40720,40722,00001955,NULL,NULL,'2022-12-07','2022-12-07',0003,1,NULL,16400.00,16400.00,1,1.00,3,NULL,'','2023-01-06 18:18:49',NULL,NULL),(586,8286,1,4,6,NULL,3209,3,NULL,NULL,585,1,NULL,40720,40722,00001956,NULL,NULL,'2022-12-07','2022-12-07',0003,1,NULL,18500.00,18500.00,1,1.00,3,NULL,'','2023-01-06 18:18:49',NULL,NULL),(587,8286,1,4,6,NULL,3209,3,NULL,NULL,585,1,NULL,40720,40722,00001957,NULL,NULL,'2022-12-07','2022-12-07',0003,1,NULL,14400.00,14400.00,1,1.00,3,NULL,'','2023-01-06 18:18:49',NULL,NULL),(588,8286,1,4,6,NULL,3209,3,NULL,NULL,585,1,NULL,40720,40723,00001958,NULL,NULL,'2022-12-07','2022-12-07',0003,1,NULL,212388.00,212388.00,1,1.00,3,NULL,'','2023-01-06 18:18:49',NULL,NULL),(589,8286,1,4,6,NULL,3209,3,NULL,NULL,585,1,NULL,40720,40724,00001959,NULL,NULL,'2022-12-07','2022-12-07',0003,1,NULL,35600.00,35600.00,1,1.00,3,NULL,'','2023-01-06 18:18:49',NULL,NULL),(590,8286,1,4,6,NULL,3209,3,NULL,NULL,585,1,NULL,40720,40725,00001960,NULL,NULL,'2022-12-07','2022-12-07',0003,1,NULL,45000.00,45000.00,1,1.00,3,NULL,'','2023-01-06 18:18:49',NULL,NULL),(591,8286,1,4,6,NULL,3209,3,NULL,NULL,585,1,NULL,40720,40726,00001961,NULL,NULL,'2022-12-07','2022-12-07',0003,1,NULL,34900.00,34900.00,1,1.00,3,NULL,'','2023-01-06 18:18:49',NULL,NULL),(592,8286,1,4,6,NULL,3209,3,NULL,NULL,585,1,NULL,40720,40722,00001962,NULL,NULL,'2022-12-07','2022-12-07',0003,1,NULL,15050.00,15050.00,1,1.00,3,NULL,'','2023-01-06 18:18:49',NULL,NULL),(593,8286,1,4,6,NULL,3209,3,NULL,NULL,585,1,NULL,40720,40722,00001963,NULL,NULL,'2022-12-07','2022-12-07',0003,1,NULL,16800.00,16800.00,1,1.00,3,NULL,'','2023-01-06 18:18:49',NULL,NULL),(594,8286,1,4,6,NULL,3209,3,NULL,NULL,585,1,NULL,40720,40722,00001964,NULL,NULL,'2022-12-07','2022-12-07',0003,1,NULL,18000.00,18000.00,1,1.00,3,NULL,'','2023-01-06 18:18:49',NULL,NULL),(595,8286,1,4,6,NULL,3209,3,NULL,NULL,585,1,NULL,40720,40727,00001965,NULL,NULL,'2022-12-07','2022-12-07',0003,1,NULL,31400.00,31400.00,1,1.00,3,NULL,'','2023-01-06 18:18:49',NULL,NULL),(596,8286,1,4,6,NULL,3209,3,NULL,NULL,585,1,NULL,40720,40728,00001966,NULL,NULL,'2022-12-07','2022-12-07',0003,1,NULL,38800.00,38800.00,1,1.00,3,NULL,'','2023-01-06 18:18:49',NULL,NULL),(597,8286,1,4,6,NULL,3209,3,NULL,NULL,585,1,NULL,40720,40722,00001967,NULL,NULL,'2022-12-07','2022-12-07',0003,1,NULL,17900.00,17900.00,1,1.00,3,NULL,'','2023-01-06 18:18:49',NULL,NULL),(598,8286,1,4,6,NULL,3209,3,NULL,NULL,585,1,NULL,40720,40729,00001968,NULL,NULL,'2022-12-07','2022-12-07',0003,1,NULL,21000.00,21000.00,1,1.00,3,NULL,'','2023-01-06 18:18:49',NULL,NULL),(599,8286,1,4,6,NULL,3209,3,NULL,NULL,585,1,NULL,40720,40722,00001969,NULL,NULL,'2022-12-07','2022-12-07',0003,1,NULL,16000.00,16000.00,1,1.00,3,NULL,'','2023-01-06 18:18:49',NULL,NULL),(600,8286,1,4,6,NULL,3209,3,NULL,NULL,585,1,NULL,40720,40722,00001970,NULL,NULL,'2022-12-07','2022-12-07',0003,1,NULL,20000.00,20000.00,1,1.00,3,NULL,'','2023-01-06 18:18:49',NULL,NULL),(601,8286,1,4,6,NULL,3209,3,NULL,NULL,585,1,NULL,40720,40730,00001971,NULL,NULL,'2022-12-07','2022-12-07',0003,1,NULL,31160.00,31160.00,1,1.00,3,NULL,'','2023-01-06 18:18:49',NULL,NULL),(602,8286,1,4,6,NULL,3209,3,NULL,NULL,585,1,NULL,40720,40722,00001972,NULL,NULL,'2022-12-07','2022-12-07',0003,1,NULL,20300.00,20300.00,1,1.00,3,NULL,'','2023-01-06 18:18:49',NULL,NULL),(603,8286,1,4,6,NULL,3209,3,NULL,NULL,585,1,NULL,40720,40722,00001973,NULL,NULL,'2022-12-07','2022-12-07',0003,1,NULL,16800.00,16800.00,1,1.00,3,NULL,'','2023-01-06 18:18:49',NULL,NULL),(604,8286,1,4,6,NULL,3209,3,NULL,NULL,585,1,NULL,40720,40722,00001974,NULL,NULL,'2022-12-07','2022-12-07',0003,1,NULL,19100.00,19100.00,1,1.00,3,NULL,'','2023-01-06 18:18:49',NULL,NULL),(605,8286,1,4,6,NULL,3209,3,NULL,NULL,585,1,NULL,40720,40722,00001975,NULL,NULL,'2022-12-07','2022-12-07',0003,1,NULL,20300.00,20300.00,1,1.00,3,NULL,'','2023-01-06 18:18:49',NULL,NULL);
INSERT INTO `receipts` VALUES (606,8286,1,4,6,NULL,3209,3,NULL,NULL,585,1,NULL,40720,40731,00001976,NULL,NULL,'2022-12-07','2022-12-07',0003,1,NULL,25100.00,25100.00,1,1.00,3,NULL,'','2023-01-06 18:18:49',NULL,NULL),(607,8286,1,4,6,NULL,3209,3,NULL,NULL,585,1,NULL,40720,40722,00001977,NULL,NULL,'2022-12-07','2022-12-07',0003,1,NULL,17800.00,17800.00,1,1.00,3,NULL,'','2023-01-06 18:18:49',NULL,NULL),(608,8286,1,4,6,NULL,3209,3,NULL,NULL,585,1,NULL,40720,40722,00001978,NULL,NULL,'2022-12-07','2022-12-07',0003,1,NULL,11000.00,11000.00,1,1.00,3,NULL,'','2023-01-06 18:18:49',NULL,NULL),(609,8286,1,4,6,NULL,3209,3,NULL,NULL,585,1,NULL,40720,40732,00001979,NULL,NULL,'2022-12-07','2022-12-07',0003,1,NULL,25000.00,25000.00,1,1.00,3,NULL,'','2023-01-06 18:18:49',NULL,NULL),(610,8286,1,4,6,NULL,3209,3,NULL,NULL,585,1,NULL,40720,40722,00001980,NULL,NULL,'2022-12-07','2022-12-07',0003,1,NULL,17100.00,17100.00,1,1.00,3,NULL,'','2023-01-06 18:18:49',NULL,NULL),(611,8286,1,1,1,NULL,3209,3,NULL,NULL,585,1,NULL,40720,40740,00000010,NULL,NULL,'2022-12-07','2022-12-07',0003,1,NULL,7586.70,7586.70,1,1.00,3,NULL,'','2023-01-06 18:18:50',NULL,NULL),(612,8286,1,1,1,NULL,3209,3,NULL,NULL,585,1,NULL,40720,40740,00000011,NULL,NULL,'2022-12-07','2022-12-07',0003,1,NULL,1599.62,1599.62,1,1.00,3,NULL,'','2023-01-06 18:18:50',NULL,NULL),(613,8286,1,4,6,NULL,3209,3,NULL,NULL,585,1,NULL,40720,40724,00001981,NULL,NULL,'2022-12-07','2022-12-07',0003,1,NULL,40550.00,40550.00,1,1.00,3,NULL,'','2023-01-06 18:18:50',NULL,NULL),(614,8286,1,4,6,NULL,3209,3,NULL,NULL,585,1,NULL,40720,40722,00001982,NULL,NULL,'2022-12-07','2022-12-07',0003,1,NULL,16750.00,16750.00,1,1.00,3,NULL,'','2023-01-06 18:18:50',NULL,NULL),(615,8286,1,4,6,NULL,3209,3,NULL,NULL,585,1,NULL,40720,40722,00001983,NULL,NULL,'2022-12-07','2022-12-07',0003,1,NULL,19360.00,19360.00,1,1.00,3,NULL,'','2023-01-06 18:18:50',NULL,NULL),(616,8286,1,4,6,NULL,3209,3,NULL,NULL,585,1,NULL,40720,40722,00001984,NULL,NULL,'2022-12-07','2022-12-07',0003,1,NULL,18400.00,18400.00,1,1.00,3,NULL,'','2023-01-06 18:18:50',NULL,NULL),(617,8286,1,4,6,NULL,3209,3,NULL,NULL,585,1,NULL,40720,40722,00001985,NULL,NULL,'2022-12-07','2022-12-07',0003,1,NULL,13000.00,13000.00,1,1.00,3,NULL,'','2023-01-06 18:18:50',NULL,NULL),(618,8286,1,4,6,NULL,3209,3,NULL,NULL,585,1,NULL,40720,40722,00001986,NULL,NULL,'2022-12-07','2022-12-07',0003,1,NULL,20470.00,20470.00,1,1.00,3,NULL,'','2023-01-06 18:18:50',NULL,NULL),(619,8286,1,4,6,NULL,3209,3,NULL,NULL,585,1,NULL,40720,40722,00001987,NULL,NULL,'2022-12-07','2022-12-07',0003,1,NULL,16800.00,16800.00,1,1.00,3,NULL,'','2023-01-06 18:18:50',NULL,NULL),(620,8286,1,4,6,NULL,3209,3,NULL,NULL,585,1,NULL,40720,40722,00001988,NULL,NULL,'2022-12-07','2022-12-07',0003,1,NULL,20600.00,20600.00,1,1.00,3,NULL,'','2023-01-06 18:18:50',NULL,NULL),(621,8286,1,4,6,NULL,3209,3,NULL,NULL,585,1,NULL,40720,40722,00001989,NULL,NULL,'2022-12-07','2022-12-07',0003,1,NULL,18500.00,18500.00,1,1.00,3,NULL,'','2023-01-06 18:18:50',NULL,NULL),(622,8286,1,4,6,NULL,3209,3,NULL,NULL,585,1,NULL,40720,40722,00001990,NULL,NULL,'2022-12-07','2022-12-07',0003,1,NULL,17400.00,17400.00,1,1.00,3,NULL,'','2023-01-06 18:18:50',NULL,NULL),(623,8286,1,4,6,NULL,3209,3,NULL,NULL,585,1,NULL,40720,40733,00001991,NULL,NULL,'2022-12-07','2022-12-07',0003,1,NULL,32000.00,32000.00,1,1.00,3,NULL,'','2023-01-06 18:18:50',NULL,NULL),(624,8286,1,4,6,NULL,3209,3,NULL,NULL,585,1,NULL,40720,40734,00001992,NULL,NULL,'2022-12-07','2022-12-07',0003,1,NULL,29000.00,29000.00,1,1.00,3,NULL,'','2023-01-06 18:18:50',NULL,NULL),(625,8286,1,4,6,NULL,3209,3,NULL,NULL,585,1,NULL,40720,40722,00001993,NULL,NULL,'2022-12-07','2022-12-07',0003,1,NULL,11500.00,11500.00,1,1.00,3,NULL,'','2023-01-06 18:18:50',NULL,NULL),(626,8286,1,4,6,NULL,3209,3,NULL,NULL,585,1,NULL,40720,40722,00001994,NULL,NULL,'2022-12-07','2022-12-07',0003,1,NULL,19870.00,19870.00,1,1.00,3,NULL,'','2023-01-06 18:18:50',NULL,NULL);
INSERT INTO `receipts` VALUES (627,8286,1,4,6,NULL,3209,3,NULL,NULL,585,1,NULL,40720,40735,00001995,NULL,NULL,'2022-12-07','2022-12-07',0003,1,NULL,25200.00,25200.00,1,1.00,3,NULL,'','2023-01-06 18:18:50',NULL,NULL),(628,8286,1,4,6,NULL,3209,3,NULL,NULL,585,1,NULL,40720,40722,00001996,NULL,NULL,'2022-12-07','2022-12-07',0003,1,NULL,13400.00,13400.00,1,1.00,3,NULL,'','2023-01-06 18:18:50',NULL,NULL),(629,8286,1,4,6,NULL,3209,3,NULL,NULL,585,1,NULL,40720,40722,00001997,NULL,NULL,'2022-12-07','2022-12-07',0003,1,NULL,20100.00,20100.00,1,1.00,3,NULL,'','2023-01-06 18:18:50',NULL,NULL),(630,8286,1,4,6,NULL,3209,3,NULL,NULL,585,1,NULL,40720,40722,00001998,NULL,NULL,'2022-12-07','2022-12-07',0003,1,NULL,20600.00,20600.00,1,1.00,3,NULL,'','2023-01-06 18:18:50',NULL,NULL),(631,8286,1,4,6,NULL,3209,3,NULL,NULL,585,1,NULL,40720,40736,00001999,NULL,NULL,'2022-12-07','2022-12-07',0003,1,NULL,22300.00,22300.00,1,1.00,3,NULL,'','2023-01-06 18:18:50',NULL,NULL),(632,8286,1,4,6,NULL,3209,3,NULL,NULL,585,1,NULL,40720,40728,00002000,NULL,NULL,'2022-12-07','2022-12-07',0003,1,NULL,27500.00,27500.00,1,1.00,3,NULL,'','2023-01-06 18:18:50',NULL,NULL),(633,8286,1,4,6,NULL,3209,3,NULL,NULL,585,1,NULL,40720,40722,00002001,NULL,NULL,'2022-12-07','2022-12-07',0003,1,NULL,19350.00,19350.00,1,1.00,3,NULL,'','2023-01-06 18:18:50',NULL,NULL),(634,8286,1,4,6,NULL,3209,3,NULL,NULL,585,1,NULL,40720,40722,00002002,NULL,NULL,'2022-12-07','2022-12-07',0003,1,NULL,16400.00,16400.00,1,1.00,3,NULL,'','2023-01-06 18:18:50',NULL,NULL),(635,8286,1,4,6,NULL,3209,3,NULL,NULL,585,1,NULL,40720,40722,00002003,NULL,NULL,'2022-12-07','2022-12-07',0003,1,NULL,17200.00,17200.00,1,1.00,3,NULL,'','2023-01-06 18:18:50',NULL,NULL),(636,8286,1,4,6,NULL,3209,3,NULL,NULL,585,1,NULL,40720,40722,00002004,NULL,NULL,'2022-12-07','2022-12-07',0003,1,NULL,20800.00,20800.00,1,1.00,3,NULL,'','2023-01-06 18:18:50',NULL,NULL),(637,8286,1,4,6,NULL,3209,3,NULL,NULL,585,1,NULL,40720,40722,00002005,NULL,NULL,'2022-12-07','2022-12-07',0003,1,NULL,20800.00,20800.00,1,1.00,3,NULL,'','2023-01-06 18:18:50',NULL,NULL),(638,8286,1,4,6,NULL,3209,3,NULL,NULL,585,1,NULL,40720,40722,00002006,NULL,NULL,'2022-12-07','2022-12-07',0003,1,NULL,18040.00,18040.00,1,1.00,3,NULL,'','2023-01-06 18:18:50',NULL,NULL),(639,8286,1,4,6,NULL,3209,3,NULL,NULL,585,1,NULL,40720,40737,00002007,NULL,NULL,'2022-12-07','2022-12-07',0003,1,NULL,100000.00,100000.00,1,1.00,3,NULL,'','2023-01-06 18:18:50',NULL,NULL),(640,8286,1,4,6,NULL,3209,3,NULL,NULL,585,1,NULL,40720,40722,00002008,NULL,NULL,'2022-12-07','2022-12-07',0003,1,NULL,20280.00,20280.00,1,1.00,3,NULL,'','2023-01-06 18:18:50',NULL,NULL),(641,8286,1,4,6,NULL,3209,3,NULL,NULL,585,1,NULL,40720,40722,00002009,NULL,NULL,'2022-12-07','2022-12-07',0003,1,NULL,16200.00,16200.00,1,1.00,3,NULL,'','2023-01-06 18:18:50',NULL,NULL),(642,8286,1,4,6,NULL,3209,3,NULL,NULL,585,1,NULL,40720,40722,00002010,NULL,NULL,'2022-12-07','2022-12-07',0003,1,NULL,18700.00,18700.00,1,1.00,3,NULL,'','2023-01-06 18:18:51',NULL,NULL),(643,8286,1,4,6,NULL,3209,3,NULL,NULL,585,1,NULL,40720,40722,00002011,NULL,NULL,'2022-12-07','2022-12-07',0003,1,NULL,20500.00,20500.00,1,1.00,3,NULL,'','2023-01-06 18:18:51',NULL,NULL),(644,8286,1,4,6,NULL,3209,3,NULL,NULL,585,1,NULL,40720,40722,00002012,NULL,NULL,'2022-12-07','2022-12-07',0003,1,NULL,20615.00,20615.00,1,1.00,3,NULL,'','2023-01-06 18:18:51',NULL,NULL),(645,8286,1,4,6,NULL,3209,3,NULL,NULL,585,1,NULL,40720,40722,00002013,NULL,NULL,'2022-12-07','2022-12-07',0003,1,NULL,19500.00,19500.00,1,1.00,3,NULL,'','2023-01-06 18:18:51',NULL,NULL),(646,8286,1,4,6,NULL,3209,3,NULL,NULL,585,1,NULL,40720,40722,00002014,NULL,NULL,'2022-12-07','2022-12-07',0003,1,NULL,14000.00,14000.00,1,1.00,3,NULL,'','2023-01-06 18:18:51',NULL,NULL),(647,8286,1,4,6,NULL,3209,3,NULL,NULL,585,1,NULL,40720,40722,00002015,NULL,NULL,'2022-12-07','2022-12-07',0003,1,NULL,16100.00,16100.00,1,1.00,3,NULL,'','2023-01-06 18:18:51',NULL,NULL);
INSERT INTO `receipts` VALUES (648,8286,1,4,6,NULL,3209,3,NULL,NULL,585,1,NULL,40720,40722,00002016,NULL,NULL,'2022-12-07','2022-12-07',0003,1,NULL,18800.00,18800.00,1,1.00,3,NULL,'','2023-01-06 18:18:51',NULL,NULL),(649,8286,1,4,6,NULL,3209,3,NULL,NULL,585,1,NULL,40720,40722,00002017,NULL,NULL,'2022-12-07','2022-12-07',0003,1,NULL,18700.00,18700.00,1,1.00,3,NULL,'','2023-01-06 18:18:51',NULL,NULL),(650,8286,1,4,6,NULL,3209,3,NULL,NULL,585,1,NULL,40720,40722,00002018,NULL,NULL,'2022-12-07','2022-12-07',0003,1,NULL,20500.00,20500.00,1,1.00,3,NULL,'','2023-01-06 18:18:51',NULL,NULL),(651,8286,1,4,6,NULL,3209,3,NULL,NULL,585,1,NULL,40720,40738,00002019,NULL,NULL,'2022-12-07','2022-12-07',0003,1,NULL,38700.00,38700.00,1,1.00,3,NULL,'','2023-01-06 18:18:51',NULL,NULL),(652,8286,1,4,6,NULL,3209,3,NULL,NULL,585,1,NULL,40720,40722,00002020,NULL,NULL,'2022-12-07','2022-12-07',0003,1,NULL,16100.00,16100.00,1,1.00,3,NULL,'','2023-01-06 18:18:51',NULL,NULL),(653,8286,1,4,6,NULL,3209,3,NULL,NULL,585,1,NULL,40720,40722,00002021,NULL,NULL,'2022-12-07','2022-12-07',0003,1,NULL,20900.00,20900.00,1,1.00,3,NULL,'','2023-01-06 18:18:51',NULL,NULL),(654,8286,1,4,6,NULL,3209,3,NULL,NULL,585,1,NULL,40720,40722,00002022,NULL,NULL,'2022-12-07','2022-12-07',0003,1,NULL,19800.00,19800.00,1,1.00,3,NULL,'','2023-01-06 18:18:51',NULL,NULL),(655,8286,1,4,6,NULL,3209,3,NULL,NULL,585,1,NULL,40720,40722,00002023,NULL,NULL,'2022-12-07','2022-12-07',0003,1,NULL,20000.00,20000.00,1,1.00,3,NULL,'','2023-01-06 18:18:51',NULL,NULL),(656,8286,1,4,6,NULL,3209,3,NULL,NULL,585,1,NULL,40720,40722,00002024,NULL,NULL,'2022-12-07','2022-12-07',0003,1,NULL,20400.00,20400.00,1,1.00,3,NULL,'','2023-01-06 18:18:51',NULL,NULL),(657,8286,1,4,6,NULL,3209,3,NULL,NULL,585,1,NULL,40720,40724,00002025,NULL,NULL,'2022-12-07','2022-12-07',0003,1,NULL,37800.00,37800.00,1,1.00,3,NULL,'','2023-01-06 18:18:51',NULL,NULL),(658,8286,1,4,6,NULL,3209,3,NULL,NULL,585,1,NULL,40720,40737,00002026,NULL,NULL,'2022-12-07','2022-12-07',0003,1,NULL,47470.00,47470.00,1,1.00,3,NULL,'','2023-01-06 18:18:51',NULL,NULL),(659,8286,1,4,6,NULL,3209,3,NULL,NULL,585,1,NULL,40720,40739,00002027,NULL,NULL,'2022-12-07','2022-12-07',0003,1,NULL,23000.00,23000.00,1,1.00,3,NULL,'','2023-01-06 18:18:51',NULL,NULL),(660,8286,1,4,6,NULL,3209,3,NULL,NULL,585,1,NULL,40720,40722,00002028,NULL,NULL,'2022-12-07','2022-12-07',0003,1,NULL,19100.00,19100.00,1,1.00,3,NULL,'','2023-01-06 18:18:51',NULL,NULL),(661,8286,1,4,6,NULL,3209,3,NULL,NULL,585,1,NULL,40720,40722,00002029,NULL,NULL,'2022-12-07','2022-12-07',0003,1,NULL,14929.78,14929.78,1,1.00,3,NULL,'','2023-01-06 18:18:51',NULL,NULL),(662,8286,1,4,6,NULL,3209,3,NULL,NULL,585,1,NULL,40720,40722,00002030,NULL,NULL,'2022-12-07','2022-12-07',0003,1,NULL,19000.00,19000.00,1,1.00,3,NULL,'','2023-01-06 18:18:51',NULL,NULL),(663,8286,1,4,6,NULL,3209,3,NULL,NULL,585,1,NULL,40720,40722,00002031,NULL,NULL,'2022-12-07','2022-12-07',0003,1,NULL,18400.00,18400.00,1,1.00,3,NULL,'','2023-01-06 18:18:51',NULL,NULL),(664,8286,1,4,6,NULL,3209,3,NULL,NULL,585,1,NULL,40720,40722,00002032,NULL,NULL,'2022-12-07','2022-12-07',0003,1,NULL,21000.00,21000.00,1,1.00,3,NULL,'','2023-01-06 18:18:51',NULL,NULL),(665,8286,1,4,6,NULL,3209,3,NULL,NULL,585,1,NULL,40720,40722,00002033,NULL,NULL,'2022-12-07','2022-12-07',0003,1,NULL,14600.00,14600.00,1,1.00,3,NULL,'','2023-01-06 18:18:51',NULL,NULL),(666,8286,1,4,6,NULL,3209,3,NULL,NULL,585,1,NULL,40720,40722,00002034,NULL,NULL,'2022-12-07','2022-12-07',0003,1,NULL,17600.00,17600.00,1,1.00,3,NULL,'','2023-01-06 18:18:51',NULL,NULL),(667,8286,1,4,6,NULL,3209,3,NULL,NULL,585,1,NULL,40720,40722,00002035,NULL,NULL,'2022-12-07','2022-12-07',0003,1,NULL,19800.00,19800.00,1,1.00,3,NULL,'','2023-01-06 18:18:51',NULL,NULL),(668,8286,1,4,6,NULL,3209,3,NULL,NULL,585,1,NULL,40720,40722,00002036,NULL,NULL,'2022-12-07','2022-12-07',0003,1,NULL,19800.00,19800.00,1,1.00,3,NULL,'','2023-01-06 18:18:51',NULL,NULL);
INSERT INTO `receipts` VALUES (669,8286,1,4,6,NULL,3209,3,NULL,NULL,585,1,NULL,40720,40722,00002037,NULL,NULL,'2022-12-07','2022-12-07',0003,1,NULL,20800.00,20800.00,1,1.00,3,NULL,'','2023-01-06 18:18:51',NULL,NULL),(670,8286,1,4,6,NULL,3209,3,NULL,NULL,585,1,NULL,40720,40722,00002038,NULL,NULL,'2022-12-07','2022-12-07',0003,1,NULL,20800.00,20800.00,1,1.00,3,NULL,'','2023-01-06 18:18:51',NULL,NULL),(671,8286,1,1,1,NULL,3209,3,NULL,NULL,585,1,NULL,40720,40740,00000012,NULL,NULL,'2022-12-12','2022-12-12',0003,1,NULL,7598.80,7598.80,1,1.00,3,NULL,'','2023-01-06 18:18:51',NULL,NULL),(672,8286,1,4,6,NULL,3209,3,NULL,NULL,585,1,NULL,40720,40722,00002039,NULL,NULL,'2022-12-14','2022-12-14',0003,1,NULL,18100.00,18100.00,1,1.00,3,NULL,'','2023-01-06 18:18:51',NULL,NULL),(673,8286,1,4,6,NULL,3209,3,NULL,NULL,585,1,NULL,40720,40722,00002040,NULL,NULL,'2022-12-14','2022-12-14',0003,1,NULL,20900.00,20900.00,1,1.00,3,NULL,'','2023-01-06 18:18:51',NULL,NULL),(674,8286,1,4,6,NULL,3209,3,NULL,NULL,585,1,NULL,40720,40722,00002041,NULL,NULL,'2022-12-14','2022-12-14',0003,1,NULL,20000.00,20000.00,1,1.00,3,NULL,'','2023-01-06 18:18:52',NULL,NULL),(675,8286,1,4,6,NULL,3209,3,NULL,NULL,585,1,NULL,40720,40722,00002042,NULL,NULL,'2022-12-14','2022-12-14',0003,1,NULL,18400.00,18400.00,1,1.00,3,NULL,'','2023-01-06 18:18:52',NULL,NULL),(676,8286,1,4,6,NULL,3209,3,NULL,NULL,585,1,NULL,40720,40722,00002043,NULL,NULL,'2022-12-14','2022-12-14',0003,1,NULL,20700.00,20700.00,1,1.00,3,NULL,'','2023-01-06 18:18:52',NULL,NULL),(677,8286,1,4,6,NULL,3209,3,NULL,NULL,585,1,NULL,40720,40722,00002044,NULL,NULL,'2022-12-14','2022-12-14',0003,1,NULL,18900.00,18900.00,1,1.00,3,NULL,'','2023-01-06 18:18:52',NULL,NULL),(678,8286,1,4,6,NULL,3209,3,NULL,NULL,585,1,NULL,40720,40722,00002045,NULL,NULL,'2022-12-14','2022-12-14',0003,1,NULL,19000.00,19000.00,1,1.00,3,NULL,'','2023-01-06 18:18:52',NULL,NULL),(679,8286,1,4,6,NULL,3209,3,NULL,NULL,585,1,NULL,40720,40722,00002046,NULL,NULL,'2022-12-14','2022-12-14',0003,1,NULL,15600.00,15600.00,1,1.00,3,NULL,'','2023-01-06 18:18:52',NULL,NULL),(680,8286,1,4,6,NULL,3209,3,NULL,NULL,585,1,NULL,40720,40722,00002047,NULL,NULL,'2022-12-14','2022-12-14',0003,1,NULL,17400.00,17400.00,1,1.00,3,NULL,'','2023-01-06 18:18:52',NULL,NULL),(681,8286,1,4,6,NULL,3209,3,NULL,NULL,585,1,NULL,40720,40722,00002048,NULL,NULL,'2022-12-14','2022-12-14',0003,1,NULL,17226.50,17226.50,1,1.00,3,NULL,'','2023-01-06 18:18:52',NULL,NULL),(682,8286,1,4,6,NULL,3209,3,NULL,NULL,585,1,NULL,40720,40741,00002049,NULL,NULL,'2022-12-14','2022-12-14',0003,1,NULL,31800.00,31800.00,1,1.00,3,NULL,'','2023-01-06 18:18:52',NULL,NULL),(683,8286,1,4,6,NULL,3209,3,NULL,NULL,585,1,NULL,40720,40722,00002050,NULL,NULL,'2022-12-14','2022-12-14',0003,1,NULL,17400.00,17400.00,1,1.00,3,NULL,'','2023-01-06 18:18:52',NULL,NULL),(684,8286,1,4,6,NULL,3209,3,NULL,NULL,585,1,NULL,40720,40722,00002051,NULL,NULL,'2022-12-14','2022-12-14',0003,1,NULL,20000.00,20000.00,1,1.00,3,NULL,'','2023-01-06 18:18:52',NULL,NULL),(685,8286,1,4,6,NULL,3209,3,NULL,NULL,585,1,NULL,40720,40742,00002052,NULL,NULL,'2022-12-14','2022-12-14',0003,1,NULL,23000.00,23000.00,1,1.00,3,NULL,'','2023-01-06 18:18:52',NULL,NULL),(686,8286,1,4,6,NULL,3209,3,NULL,NULL,585,1,NULL,40720,40743,00002053,NULL,NULL,'2022-12-14','2022-12-14',0003,1,NULL,28500.00,28500.00,1,1.00,3,NULL,'','2023-01-06 18:18:52',NULL,NULL),(687,8286,1,4,6,NULL,3209,3,NULL,NULL,585,1,NULL,40720,40722,00002054,NULL,NULL,'2022-12-14','2022-12-14',0003,1,NULL,18900.00,18900.00,1,1.00,3,NULL,'','2023-01-06 18:18:52',NULL,NULL),(688,8286,1,4,6,NULL,3209,3,NULL,NULL,585,1,NULL,40720,40722,00002055,NULL,NULL,'2022-12-14','2022-12-14',0003,1,NULL,16400.00,16400.00,1,1.00,3,NULL,'','2023-01-06 18:18:52',NULL,NULL),(689,8286,1,4,6,NULL,3209,3,NULL,NULL,585,1,NULL,40720,40722,00002056,NULL,NULL,'2022-12-14','2022-12-14',0003,1,NULL,18000.00,18000.00,1,1.00,3,NULL,'','2023-01-06 18:18:52',NULL,NULL);
INSERT INTO `receipts` VALUES (690,8286,1,4,6,NULL,3209,3,NULL,NULL,585,1,NULL,40720,40744,00002057,NULL,NULL,'2022-12-14','2022-12-14',0003,1,NULL,32200.00,32200.00,1,1.00,3,NULL,'','2023-01-06 18:18:52',NULL,NULL),(691,8286,1,4,6,NULL,3209,3,NULL,NULL,585,1,NULL,40720,40722,00002058,NULL,NULL,'2022-12-14','2022-12-14',0003,1,NULL,18900.00,18900.00,1,1.00,3,NULL,'','2023-01-06 18:18:52',NULL,NULL),(692,8286,1,4,6,NULL,3209,3,NULL,NULL,585,1,NULL,40720,40722,00002059,NULL,NULL,'2022-12-14','2022-12-14',0003,1,NULL,19400.00,19400.00,1,1.00,3,NULL,'','2023-01-06 18:18:52',NULL,NULL),(693,8286,1,4,6,NULL,3209,3,NULL,NULL,585,1,NULL,40720,40722,00002060,NULL,NULL,'2022-12-14','2022-12-14',0003,1,NULL,19300.00,19300.00,1,1.00,3,NULL,'','2023-01-06 18:18:52',NULL,NULL),(694,8286,1,4,6,NULL,3209,3,NULL,NULL,585,1,NULL,40720,40722,00002061,NULL,NULL,'2022-12-14','2022-12-14',0003,1,NULL,20000.00,20000.00,1,1.00,3,NULL,'','2023-01-06 18:18:52',NULL,NULL),(695,8286,1,4,6,NULL,3209,3,NULL,NULL,585,1,NULL,40720,40745,00002062,NULL,NULL,'2022-12-14','2022-12-14',0003,1,NULL,36800.00,36800.00,1,1.00,3,NULL,'','2023-01-06 18:18:52',NULL,NULL),(696,8286,1,4,6,NULL,3209,3,NULL,NULL,585,1,NULL,40720,40746,00002063,NULL,NULL,'2022-12-14','2022-12-14',0003,1,NULL,81100.00,81100.00,1,1.00,3,NULL,'','2023-01-06 18:18:52',NULL,NULL),(697,8286,1,4,6,NULL,3209,3,NULL,NULL,585,1,NULL,40720,40722,00002064,NULL,NULL,'2022-12-14','2022-12-14',0003,1,NULL,21000.00,21000.00,1,1.00,3,NULL,'','2023-01-06 18:18:52',NULL,NULL),(698,8286,1,4,6,NULL,3209,3,NULL,NULL,585,1,NULL,40720,40722,00002065,NULL,NULL,'2022-12-14','2022-12-14',0003,1,NULL,20000.00,20000.00,1,1.00,3,NULL,'','2023-01-06 18:18:52',NULL,NULL),(699,8286,1,4,6,NULL,3209,3,NULL,NULL,585,1,NULL,40720,40747,00002066,NULL,NULL,'2022-12-14','2022-12-14',0003,1,NULL,29100.00,29100.00,1,1.00,3,NULL,'','2023-01-06 18:18:52',NULL,NULL),(700,8286,1,4,6,NULL,3209,3,NULL,NULL,585,1,NULL,40720,40722,00002067,NULL,NULL,'2022-12-14','2022-12-14',0003,1,NULL,19800.00,19800.00,1,1.00,3,NULL,'','2023-01-06 18:18:52',NULL,NULL),(701,8286,1,4,6,NULL,3209,3,NULL,NULL,585,1,NULL,40720,40722,00002068,NULL,NULL,'2022-12-14','2022-12-14',0003,1,NULL,20914.51,20914.51,1,1.00,3,NULL,'','2023-01-06 18:18:52',NULL,NULL),(702,8286,1,4,6,NULL,3209,3,NULL,NULL,585,1,NULL,40720,40722,00002069,NULL,NULL,'2022-12-14','2022-12-14',0003,1,NULL,20500.00,20500.00,1,1.00,3,NULL,'','2023-01-06 18:18:52',NULL,NULL),(703,8286,1,4,6,NULL,3209,3,NULL,NULL,585,1,NULL,40720,40748,00002070,NULL,NULL,'2022-12-14','2022-12-14',0003,1,NULL,27300.00,27300.00,1,1.00,3,NULL,'','2023-01-06 18:18:52',NULL,NULL),(704,8286,1,4,6,NULL,3209,3,NULL,NULL,585,1,NULL,40720,40722,00002071,NULL,NULL,'2022-12-14','2022-12-14',0003,1,NULL,19800.00,19800.00,1,1.00,3,NULL,'','2023-01-06 18:18:52',NULL,NULL),(705,8286,1,4,6,NULL,3209,3,NULL,NULL,585,1,NULL,40720,40722,00002072,NULL,NULL,'2022-12-14','2022-12-14',0003,1,NULL,18500.00,18500.00,1,1.00,3,NULL,'','2023-01-06 18:18:52',NULL,NULL),(706,8286,1,4,6,NULL,3209,3,NULL,NULL,585,1,NULL,40720,40722,00002073,NULL,NULL,'2022-12-14','2022-12-14',0003,1,NULL,17000.00,17000.00,1,1.00,3,NULL,'','2023-01-06 18:18:53',NULL,NULL),(707,8286,1,4,6,NULL,3209,3,NULL,NULL,585,1,NULL,40720,40749,00002074,NULL,NULL,'2022-12-14','2022-12-14',0003,1,NULL,42400.00,42400.00,1,1.00,3,NULL,'','2023-01-06 18:18:53',NULL,NULL),(708,8286,1,4,6,NULL,3209,3,NULL,NULL,585,1,NULL,40720,40722,00002075,NULL,NULL,'2022-12-14','2022-12-14',0003,1,NULL,20100.00,20100.00,1,1.00,3,NULL,'','2023-01-06 18:18:53',NULL,NULL),(709,8286,1,4,6,NULL,3209,3,NULL,NULL,585,1,NULL,40720,40750,00002076,NULL,NULL,'2022-12-14','2022-12-14',0003,1,NULL,29800.00,29800.00,1,1.00,3,NULL,'','2023-01-06 18:18:53',NULL,NULL),(710,8286,1,4,6,NULL,3209,3,NULL,NULL,585,1,NULL,40720,40722,00002077,NULL,NULL,'2022-12-14','2022-12-14',0003,1,NULL,16500.00,16500.00,1,1.00,3,NULL,'','2023-01-06 18:18:53',NULL,NULL);
INSERT INTO `receipts` VALUES (711,8286,1,4,6,NULL,3209,3,NULL,NULL,585,1,NULL,40720,40722,00002078,NULL,NULL,'2022-12-14','2022-12-14',0003,1,NULL,19100.00,19100.00,1,1.00,3,NULL,'','2023-01-06 18:18:53',NULL,NULL),(712,8286,1,4,6,NULL,3209,3,NULL,NULL,585,1,NULL,40720,40722,00002079,NULL,NULL,'2022-12-14','2022-12-14',0003,1,NULL,19633.00,19633.00,1,1.00,3,NULL,'','2023-01-06 18:18:53',NULL,NULL),(713,8286,1,4,6,NULL,3209,3,NULL,NULL,585,1,NULL,40720,40722,00002080,NULL,NULL,'2022-12-14','2022-12-14',0003,1,NULL,20900.00,20900.00,1,1.00,3,NULL,'','2023-01-06 18:18:53',NULL,NULL),(714,8286,1,4,6,NULL,3209,3,NULL,NULL,585,1,NULL,40720,40722,00002081,NULL,NULL,'2022-12-14','2022-12-14',0003,1,NULL,21000.00,21000.00,1,1.00,3,NULL,'','2023-01-06 18:18:53',NULL,NULL),(715,8286,1,4,6,NULL,3209,3,NULL,NULL,585,1,NULL,40720,40722,00002082,NULL,NULL,'2022-12-14','2022-12-14',0003,1,NULL,20700.00,20700.00,1,1.00,3,NULL,'','2023-01-06 18:18:53',NULL,NULL),(716,8286,1,4,6,NULL,3209,3,NULL,NULL,585,1,NULL,40720,40751,00002083,NULL,NULL,'2022-12-14','2022-12-14',0003,1,NULL,150000.00,150000.00,1,1.00,3,NULL,'','2023-01-06 18:18:53',NULL,NULL),(717,8286,1,4,6,NULL,3209,3,NULL,NULL,585,1,NULL,40720,40752,00002084,NULL,NULL,'2022-12-14','2022-12-14',0003,1,NULL,22000.00,22000.00,1,1.00,3,NULL,'','2023-01-06 18:18:53',NULL,NULL),(718,8286,1,4,6,NULL,3209,3,NULL,NULL,585,1,NULL,40720,40722,00002085,NULL,NULL,'2022-12-14','2022-12-14',0003,1,NULL,20500.00,20500.00,1,1.00,3,NULL,'','2023-01-06 18:18:53',NULL,NULL),(719,8286,1,4,6,NULL,3209,3,NULL,NULL,585,1,NULL,40720,40722,00002086,NULL,NULL,'2022-12-14','2022-12-14',0003,1,NULL,20500.00,20500.00,1,1.00,3,NULL,'','2023-01-06 18:18:53',NULL,NULL),(720,8286,1,4,6,NULL,3209,3,NULL,NULL,585,1,NULL,40720,40722,00002087,NULL,NULL,'2022-12-14','2022-12-14',0003,1,NULL,20950.00,20950.00,1,1.00,3,NULL,'','2023-01-06 18:18:53',NULL,NULL),(721,8286,1,4,6,NULL,3209,3,NULL,NULL,585,1,NULL,40720,40722,00002088,NULL,NULL,'2022-12-14','2022-12-14',0003,1,NULL,20200.00,20200.00,1,1.00,3,NULL,'','2023-01-06 18:18:53',NULL,NULL),(722,8286,1,4,6,NULL,3209,3,NULL,NULL,585,1,NULL,40720,40722,00002089,NULL,NULL,'2022-12-14','2022-12-14',0003,1,NULL,21000.00,21000.00,1,1.00,3,NULL,'','2023-01-06 18:18:53',NULL,NULL),(723,8286,1,4,6,NULL,3209,3,NULL,NULL,585,1,NULL,40720,40722,00002090,NULL,NULL,'2022-12-14','2022-12-14',0003,1,NULL,18700.00,18700.00,1,1.00,3,NULL,'','2023-01-06 18:18:53',NULL,NULL),(724,8286,1,4,6,NULL,3209,3,NULL,NULL,585,1,NULL,40720,40722,00002091,NULL,NULL,'2022-12-14','2022-12-14',0003,1,NULL,21000.00,21000.00,1,1.00,3,NULL,'','2023-01-06 18:18:53',NULL,NULL),(725,8286,1,4,6,NULL,3209,3,NULL,NULL,585,1,NULL,40720,40722,00002092,NULL,NULL,'2022-12-14','2022-12-14',0003,1,NULL,19600.00,19600.00,1,1.00,3,NULL,'','2023-01-06 18:18:53',NULL,NULL),(726,8286,1,4,6,NULL,3209,3,NULL,NULL,585,1,NULL,40720,40722,00002093,NULL,NULL,'2022-12-14','2022-12-14',0003,1,NULL,20100.00,20100.00,1,1.00,3,NULL,'','2023-01-06 18:18:53',NULL,NULL),(727,8286,1,4,6,NULL,3209,3,NULL,NULL,585,1,NULL,40720,40737,00002094,NULL,NULL,'2022-12-14','2022-12-14',0003,1,NULL,31100.00,31100.00,1,1.00,3,NULL,'','2023-01-06 18:18:53',NULL,NULL),(728,8286,1,4,6,NULL,3209,3,NULL,NULL,585,1,NULL,40720,40722,00002095,NULL,NULL,'2022-12-14','2022-12-14',0003,1,NULL,20800.00,20800.00,1,1.00,3,NULL,'','2023-01-06 18:18:53',NULL,NULL),(729,8286,1,4,6,NULL,3209,3,NULL,NULL,585,1,NULL,40720,40753,00002096,NULL,NULL,'2022-12-14','2022-12-14',0003,1,NULL,104990.00,104990.00,1,1.00,3,NULL,'','2023-01-06 18:18:53',NULL,NULL),(730,8286,1,4,6,NULL,3209,3,NULL,NULL,585,1,NULL,40720,40722,00002097,NULL,NULL,'2022-12-14','2022-12-14',0003,1,NULL,20200.00,20200.00,1,1.00,3,NULL,'','2023-01-06 18:18:53',NULL,NULL),(731,8286,1,4,6,NULL,3209,3,NULL,NULL,585,1,NULL,40720,40754,00002098,NULL,NULL,'2022-12-14','2022-12-14',0003,1,NULL,25000.00,25000.00,1,1.00,3,NULL,'','2023-01-06 18:18:53',NULL,NULL);
INSERT INTO `receipts` VALUES (732,8286,1,4,6,NULL,3209,3,NULL,NULL,585,1,NULL,40720,40755,00002099,NULL,NULL,'2022-12-14','2022-12-14',0003,1,NULL,42700.00,42700.00,1,1.00,3,NULL,'','2023-01-06 18:18:53',NULL,NULL),(733,8286,1,4,6,NULL,3209,3,NULL,NULL,585,1,NULL,40720,40722,00002100,NULL,NULL,'2022-12-14','2022-12-14',0003,1,NULL,20350.00,20350.00,1,1.00,3,NULL,'','2023-01-06 18:18:53',NULL,NULL),(734,8286,1,4,6,NULL,3209,3,NULL,NULL,585,1,NULL,40720,40722,00002101,NULL,NULL,'2022-12-14','2022-12-14',0003,1,NULL,20275.00,20275.00,1,1.00,3,NULL,'','2023-01-06 18:18:53',NULL,NULL),(735,8286,1,4,6,NULL,3209,3,NULL,NULL,585,1,NULL,40720,40722,00002102,NULL,NULL,'2022-12-14','2022-12-14',0003,1,NULL,20600.00,20600.00,1,1.00,3,NULL,'','2023-01-06 18:18:53',NULL,NULL),(736,8286,1,4,6,NULL,3209,3,NULL,NULL,585,1,NULL,40720,40722,00002103,NULL,NULL,'2022-12-14','2022-12-14',0003,1,NULL,17900.00,17900.00,1,1.00,3,NULL,'','2023-01-06 18:18:54',NULL,NULL),(737,8286,1,4,6,NULL,3209,3,NULL,NULL,585,1,NULL,40720,40756,00002104,NULL,NULL,'2022-12-14','2022-12-14',0003,1,NULL,68000.00,68000.00,1,1.00,3,NULL,'','2023-01-06 18:18:54',NULL,NULL),(738,8286,1,4,6,NULL,3209,3,NULL,NULL,585,1,NULL,40720,40722,00002105,NULL,NULL,'2022-12-14','2022-12-14',0003,1,NULL,18500.00,18500.00,1,1.00,3,NULL,'','2023-01-06 18:18:54',NULL,NULL),(739,8286,1,4,6,NULL,3209,3,NULL,NULL,585,1,NULL,40720,40722,00002106,NULL,NULL,'2022-12-14','2022-12-14',0003,1,NULL,19700.00,19700.00,1,1.00,3,NULL,'','2023-01-06 18:18:54',NULL,NULL),(740,8286,1,4,6,NULL,3209,3,NULL,NULL,585,1,NULL,40720,40722,00002107,NULL,NULL,'2022-12-14','2022-12-14',0003,1,NULL,18500.00,18500.00,1,1.00,3,NULL,'','2023-01-06 18:18:54',NULL,NULL),(741,8286,1,4,6,NULL,3209,3,NULL,NULL,585,1,NULL,40720,40757,00002108,NULL,NULL,'2022-12-14','2022-12-14',0003,1,NULL,33100.00,33100.00,1,1.00,3,NULL,'','2023-01-06 18:18:54',NULL,NULL),(742,8286,1,4,6,NULL,3209,3,NULL,NULL,585,1,NULL,40720,40732,00002109,NULL,NULL,'2022-12-14','2022-12-14',0003,1,NULL,35700.00,35700.00,1,1.00,3,NULL,'','2023-01-06 18:18:54',NULL,NULL),(743,8286,1,4,6,NULL,3209,3,NULL,NULL,585,1,NULL,40720,40722,00002110,NULL,NULL,'2022-12-14','2022-12-14',0003,1,NULL,19800.00,19800.00,1,1.00,3,NULL,'','2023-01-06 18:18:54',NULL,NULL),(744,8286,1,4,6,NULL,3209,3,NULL,NULL,585,1,NULL,40720,40722,00002111,NULL,NULL,'2022-12-14','2022-12-14',0003,1,NULL,18500.00,18500.00,1,1.00,3,NULL,'','2023-01-06 18:18:54',NULL,NULL),(745,8286,1,4,6,NULL,3209,3,NULL,NULL,585,1,NULL,40720,40722,00002112,NULL,NULL,'2022-12-14','2022-12-14',0003,1,NULL,17700.00,17700.00,1,1.00,3,NULL,'','2023-01-06 18:18:54',NULL,NULL),(746,8286,1,4,6,NULL,3209,3,NULL,NULL,585,1,NULL,40720,40722,00002113,NULL,NULL,'2022-12-14','2022-12-14',0003,1,NULL,19800.00,19800.00,1,1.00,3,NULL,'','2023-01-06 18:18:54',NULL,NULL),(747,8286,1,4,6,NULL,3209,3,NULL,NULL,585,1,NULL,40720,40722,00002114,NULL,NULL,'2022-12-14','2022-12-14',0003,1,NULL,20600.00,20600.00,1,1.00,3,NULL,'','2023-01-06 18:18:54',NULL,NULL),(748,8286,1,4,6,NULL,3209,3,NULL,NULL,585,1,NULL,40720,40758,00002115,NULL,NULL,'2022-12-14','2022-12-14',0003,1,NULL,40100.00,40100.00,1,1.00,3,NULL,'','2023-01-06 18:18:54',NULL,NULL),(749,8286,1,4,6,NULL,3209,3,NULL,NULL,585,1,NULL,40720,40722,00002116,NULL,NULL,'2022-12-14','2022-12-14',0003,1,NULL,19300.00,19300.00,1,1.00,3,NULL,'','2023-01-06 18:18:54',NULL,NULL),(750,8286,1,4,6,NULL,3209,3,NULL,NULL,585,1,NULL,40720,40722,00002117,NULL,NULL,'2022-12-14','2022-12-14',0003,1,NULL,20500.00,20500.00,1,1.00,3,NULL,'','2023-01-06 18:18:54',NULL,NULL),(751,8286,1,4,6,NULL,3209,3,NULL,NULL,585,1,NULL,40720,40722,00002118,NULL,NULL,'2022-12-14','2022-12-14',0003,1,NULL,20550.00,20550.00,1,1.00,3,NULL,'','2023-01-06 18:18:54',NULL,NULL),(752,8286,1,4,6,NULL,3209,3,NULL,NULL,585,1,NULL,40720,40722,00002119,NULL,NULL,'2022-12-14','2022-12-14',0003,1,NULL,18600.00,18600.00,1,1.00,3,NULL,'','2023-01-06 18:18:54',NULL,NULL);
INSERT INTO `receipts` VALUES (753,8286,1,4,6,NULL,3209,3,NULL,NULL,585,1,NULL,40720,40722,00002120,NULL,NULL,'2022-12-14','2022-12-14',0003,1,NULL,19300.00,19300.00,1,1.00,3,NULL,'','2023-01-06 18:18:54',NULL,NULL),(754,8286,1,4,6,NULL,3209,3,NULL,NULL,585,1,NULL,40720,40722,00002121,NULL,NULL,'2022-12-14','2022-12-14',0003,1,NULL,19800.00,19800.00,1,1.00,3,NULL,'','2023-01-06 18:18:54',NULL,NULL),(755,8286,1,4,6,NULL,3209,3,NULL,NULL,585,1,NULL,40720,40759,00002122,NULL,NULL,'2022-12-14','2022-12-14',0003,1,NULL,76000.00,76000.00,1,1.00,3,NULL,'','2023-01-06 18:18:54',NULL,NULL),(756,8286,1,4,6,NULL,3209,3,NULL,NULL,585,1,NULL,40720,40760,00002123,NULL,NULL,'2022-12-14','2022-12-14',0003,1,NULL,182740.00,182740.00,1,1.00,3,NULL,'','2023-01-06 18:18:54',NULL,NULL),(757,8286,1,4,6,NULL,3209,3,NULL,NULL,585,1,NULL,40720,40722,00002124,NULL,NULL,'2022-12-14','2022-12-14',0003,1,NULL,20900.00,20900.00,1,1.00,3,NULL,'','2023-01-06 18:18:54',NULL,NULL),(758,8286,1,4,6,NULL,3209,3,NULL,NULL,585,1,NULL,40720,40761,00002125,NULL,NULL,'2022-12-14','2022-12-14',0003,1,NULL,214200.00,214200.00,1,1.00,3,NULL,'','2023-01-06 18:18:54',NULL,NULL),(759,8286,1,4,6,NULL,3209,3,NULL,NULL,585,1,NULL,40720,40722,00002126,NULL,NULL,'2022-12-14','2022-12-14',0003,1,NULL,20800.00,20800.00,1,1.00,3,NULL,'','2023-01-06 18:18:54',NULL,NULL),(760,8286,1,4,6,NULL,3209,3,NULL,NULL,585,1,NULL,40720,40762,00002127,NULL,NULL,'2022-12-14','2022-12-14',0003,1,NULL,21800.00,21800.00,1,1.00,3,NULL,'','2023-01-06 18:18:54',NULL,NULL),(761,8286,1,4,6,NULL,3209,3,NULL,NULL,585,1,NULL,40720,40763,00002128,NULL,NULL,'2022-12-14','2022-12-14',0003,1,NULL,22400.00,22400.00,1,1.00,3,NULL,'','2023-01-06 18:18:54',NULL,NULL),(762,8286,1,4,6,NULL,3209,3,NULL,NULL,585,1,NULL,40720,40737,00002129,NULL,NULL,'2022-12-14','2022-12-14',0003,1,NULL,28200.00,28200.00,1,1.00,3,NULL,'','2023-01-06 18:18:54',NULL,NULL),(763,8286,1,4,6,NULL,3209,3,NULL,NULL,585,1,NULL,40720,40728,00002130,NULL,NULL,'2022-12-14','2022-12-14',0003,1,NULL,25800.00,25800.00,1,1.00,3,NULL,'','2023-01-06 18:18:54',NULL,NULL),(764,8286,1,4,6,NULL,3209,3,NULL,NULL,585,1,NULL,40720,40722,00002131,NULL,NULL,'2022-12-14','2022-12-14',0003,1,NULL,18500.00,18500.00,1,1.00,3,NULL,'','2023-01-06 18:18:54',NULL,NULL),(765,8286,1,4,6,NULL,3209,3,NULL,NULL,585,1,NULL,40720,40722,00002132,NULL,NULL,'2022-12-14','2022-12-14',0003,1,NULL,13800.00,13800.00,1,1.00,3,NULL,'','2023-01-06 18:18:55',NULL,NULL),(766,8286,1,4,6,NULL,3209,3,NULL,NULL,585,1,NULL,40720,40722,00002133,NULL,NULL,'2022-12-14','2022-12-14',0003,1,NULL,16800.00,16800.00,1,1.00,3,NULL,'','2023-01-06 18:18:55',NULL,NULL),(767,8286,1,4,6,NULL,3209,3,NULL,NULL,585,1,NULL,40720,40722,00002134,NULL,NULL,'2022-12-14','2022-12-14',0003,1,NULL,13800.00,13800.00,1,1.00,3,NULL,'','2023-01-06 18:18:55',NULL,NULL),(768,8286,1,4,6,NULL,3209,3,NULL,NULL,585,1,NULL,40720,40722,00002135,NULL,NULL,'2022-12-14','2022-12-14',0003,1,NULL,10900.00,10900.00,1,1.00,3,NULL,'','2023-01-06 18:18:55',NULL,NULL),(769,8286,1,4,6,NULL,3209,3,NULL,NULL,585,1,NULL,40720,40722,00002136,NULL,NULL,'2022-12-14','2022-12-14',0003,1,NULL,21500.00,21500.00,1,1.00,3,NULL,'','2023-01-06 18:18:55',NULL,NULL),(770,8286,1,4,6,NULL,3209,3,NULL,NULL,585,1,NULL,40720,40722,00002137,NULL,NULL,'2022-12-14','2022-12-14',0003,1,NULL,17300.00,17300.00,1,1.00,3,NULL,'','2023-01-06 18:18:55',NULL,NULL),(771,8286,1,1,1,NULL,3209,3,NULL,NULL,585,1,NULL,40720,40740,00000013,NULL,NULL,'2022-12-19','2022-12-19',0003,1,NULL,8000.52,8000.52,1,1.00,3,NULL,'','2023-01-06 18:18:55',NULL,NULL),(772,8286,1,4,6,NULL,3209,3,NULL,NULL,585,1,NULL,40720,40722,00002138,NULL,NULL,'2022-12-20','2022-12-20',0003,1,NULL,18500.00,18500.00,1,1.00,3,NULL,'','2023-01-06 18:18:55',NULL,NULL),(773,8286,1,4,6,NULL,3209,3,NULL,NULL,585,1,NULL,40720,40722,00002139,NULL,NULL,'2022-12-20','2022-12-20',0003,1,NULL,17700.00,17700.00,1,1.00,3,NULL,'','2023-01-06 18:18:55',NULL,NULL);
INSERT INTO `receipts` VALUES (774,8286,1,4,6,NULL,3209,3,NULL,NULL,585,1,NULL,40720,40722,00002140,NULL,NULL,'2022-12-20','2022-12-20',0003,1,NULL,18800.00,18800.00,1,1.00,3,NULL,'','2023-01-06 18:18:55',NULL,NULL),(775,8286,1,4,6,NULL,3209,3,NULL,NULL,585,1,NULL,40720,40758,00002141,NULL,NULL,'2022-12-20','2022-12-20',0003,1,NULL,40100.00,40100.00,1,1.00,3,NULL,'','2023-01-06 18:18:55',NULL,NULL),(776,8286,1,4,6,NULL,3209,3,NULL,NULL,585,1,NULL,40720,40722,00002142,NULL,NULL,'2022-12-20','2022-12-20',0003,1,NULL,20500.00,20500.00,1,1.00,3,NULL,'','2023-01-06 18:18:55',NULL,NULL),(777,8286,1,4,6,NULL,3209,3,NULL,NULL,585,1,NULL,40720,40722,00002143,NULL,NULL,'2022-12-20','2022-12-20',0003,1,NULL,19300.00,19300.00,1,1.00,3,NULL,'','2023-01-06 18:18:55',NULL,NULL),(778,8286,1,4,6,NULL,3209,3,NULL,NULL,585,1,NULL,40720,40722,00002144,NULL,NULL,'2022-12-20','2022-12-20',0003,1,NULL,20250.00,20250.00,1,1.00,3,NULL,'','2023-01-06 18:18:55',NULL,NULL),(779,8286,1,4,6,NULL,3209,3,NULL,NULL,585,1,NULL,40720,40722,00002145,NULL,NULL,'2022-12-20','2022-12-20',0003,1,NULL,18200.00,18200.00,1,1.00,3,NULL,'','2023-01-06 18:18:55',NULL,NULL),(780,8286,1,1,1,NULL,3209,3,NULL,NULL,585,1,NULL,40720,40740,00000014,NULL,NULL,'2022-12-20','2022-12-20',0003,1,NULL,2200.99,2200.99,1,1.00,3,NULL,'','2023-01-06 18:18:55',NULL,NULL),(781,8286,1,1,1,NULL,3209,3,NULL,NULL,585,1,NULL,40720,40767,00000015,NULL,NULL,'2022-12-26','2022-12-26',0003,1,NULL,2800.42,2800.42,1,1.00,3,NULL,'','2023-01-06 18:18:55',NULL,NULL),(782,8286,1,4,6,NULL,3209,3,NULL,NULL,585,1,NULL,40720,40764,00002146,NULL,NULL,'2022-12-26','2022-12-26',0003,1,NULL,23600.00,23600.00,1,1.00,3,NULL,'','2023-01-06 18:18:55',NULL,NULL),(783,8286,1,4,6,NULL,3209,3,NULL,NULL,585,1,NULL,40720,40759,00002147,NULL,NULL,'2022-12-26','2022-12-26',0003,1,NULL,76000.00,76000.00,1,1.00,3,NULL,'','2023-01-06 18:18:55',NULL,NULL),(784,8286,1,4,6,NULL,3209,3,NULL,NULL,585,1,NULL,40720,40760,00002148,NULL,NULL,'2022-12-26','2022-12-26',0003,1,NULL,182700.00,182700.00,1,1.00,3,NULL,'','2023-01-06 18:18:55',NULL,NULL),(785,8286,1,4,6,NULL,3209,3,NULL,NULL,585,1,NULL,40720,40765,00002149,NULL,NULL,'2022-12-26','2022-12-26',0003,1,NULL,72000.00,72000.00,1,1.00,3,NULL,'','2023-01-06 18:18:55',NULL,NULL),(786,8286,1,4,6,NULL,3209,3,NULL,NULL,585,1,NULL,40720,40764,00002150,NULL,NULL,'2022-12-26','2022-12-26',0003,1,NULL,19800.00,19800.00,1,1.00,3,NULL,'','2023-01-06 18:18:55',NULL,NULL),(787,8286,1,4,6,NULL,3209,3,NULL,NULL,585,1,NULL,40720,40764,00002151,NULL,NULL,'2022-12-26','2022-12-26',0003,1,NULL,13000.00,13000.00,1,1.00,3,NULL,'','2023-01-06 18:18:55',NULL,NULL),(788,8286,1,4,6,NULL,3209,3,NULL,NULL,585,1,NULL,40720,40764,00002152,NULL,NULL,'2022-12-26','2022-12-26',0003,1,NULL,20900.00,20900.00,1,1.00,3,NULL,'','2023-01-06 18:18:55',NULL,NULL),(789,8286,1,4,6,NULL,3209,3,NULL,NULL,585,1,NULL,40720,40761,00002153,NULL,NULL,'2022-12-26','2022-12-26',0003,1,NULL,100000.00,100000.00,1,1.00,3,NULL,'','2023-01-06 18:18:55',NULL,NULL),(790,8286,1,4,6,NULL,3209,3,NULL,NULL,585,1,NULL,40720,40761,00002154,NULL,NULL,'2022-12-26','2022-12-26',0003,1,NULL,54000.00,54000.00,1,1.00,3,NULL,'','2023-01-06 18:18:55',NULL,NULL),(791,8286,1,4,6,NULL,3209,3,NULL,NULL,585,1,NULL,40720,40761,00002155,NULL,NULL,'2022-12-26','2022-12-26',0003,1,NULL,50000.00,50000.00,1,1.00,3,NULL,'','2023-01-06 18:18:55',NULL,NULL),(792,8286,1,4,6,NULL,3209,3,NULL,NULL,585,1,NULL,40720,40764,00002156,NULL,NULL,'2022-12-26','2022-12-26',0003,1,NULL,21800.00,21800.00,1,1.00,3,NULL,'','2023-01-06 18:18:55',NULL,NULL),(793,8286,1,4,6,NULL,3209,3,NULL,NULL,585,1,NULL,40720,40764,00002157,NULL,NULL,'2022-12-26','2022-12-26',0003,1,NULL,22400.00,22400.00,1,1.00,3,NULL,'','2023-01-06 18:18:56',NULL,NULL),(794,8286,1,4,6,NULL,3209,3,NULL,NULL,585,1,NULL,40720,40764,00002158,NULL,NULL,'2022-12-26','2022-12-26',0003,1,NULL,28200.00,28200.00,1,1.00,3,NULL,'','2023-01-06 18:18:56',NULL,NULL);
INSERT INTO `receipts` VALUES (795,8286,1,4,6,NULL,3209,3,NULL,NULL,585,1,NULL,40720,40764,00002159,NULL,NULL,'2022-12-26','2022-12-26',0003,1,NULL,25800.00,25800.00,1,1.00,3,NULL,'','2023-01-06 18:18:56',NULL,NULL),(796,8286,1,4,6,NULL,3209,3,NULL,NULL,585,1,NULL,40720,40764,00002160,NULL,NULL,'2022-12-26','2022-12-26',0003,1,NULL,22300.00,22300.00,1,1.00,3,NULL,'','2023-01-06 18:18:56',NULL,NULL),(797,8286,1,4,6,NULL,3209,3,NULL,NULL,585,1,NULL,40720,40764,00002161,NULL,NULL,'2022-12-26','2022-12-26',0003,1,NULL,25000.00,25000.00,1,1.00,3,NULL,'','2023-01-06 18:18:56',NULL,NULL),(798,8286,1,4,6,NULL,3209,3,NULL,NULL,585,1,NULL,40720,40764,00002162,NULL,NULL,'2022-12-26','2022-12-26',0003,1,NULL,15500.00,15500.00,1,1.00,3,NULL,'','2023-01-06 18:18:56',NULL,NULL),(799,8286,1,4,6,NULL,3209,3,NULL,NULL,585,1,NULL,40720,40764,00002163,NULL,NULL,'2022-12-26','2022-12-26',0003,1,NULL,17300.00,17300.00,1,1.00,3,NULL,'','2023-01-06 18:18:56',NULL,NULL),(800,8286,1,4,6,NULL,3209,3,NULL,NULL,585,1,NULL,40720,40764,00002164,NULL,NULL,'2022-12-26','2022-12-26',0003,1,NULL,21500.00,21500.00,1,1.00,3,NULL,'','2023-01-06 18:18:56',NULL,NULL),(801,8286,1,4,6,NULL,3209,3,NULL,NULL,585,1,NULL,40720,40764,00002165,NULL,NULL,'2022-12-26','2022-12-26',0003,1,NULL,24700.00,24700.00,1,1.00,3,NULL,'','2023-01-06 18:18:56',NULL,NULL),(802,8286,1,4,6,NULL,3209,3,NULL,NULL,585,1,NULL,40720,40764,00002166,NULL,NULL,'2022-12-26','2022-12-26',0003,1,NULL,16800.00,16800.00,1,1.00,3,NULL,'','2023-01-06 18:18:56',NULL,NULL),(803,8286,1,4,6,NULL,3209,3,NULL,NULL,585,1,NULL,40720,40764,00002167,NULL,NULL,'2022-12-26','2022-12-26',0003,1,NULL,23300.00,23300.00,1,1.00,3,NULL,'','2023-01-06 18:18:56',NULL,NULL),(804,8286,1,4,6,NULL,3209,3,NULL,NULL,585,1,NULL,40720,40764,00002168,NULL,NULL,'2022-12-26','2022-12-26',0003,1,NULL,23600.00,23600.00,1,1.00,3,NULL,'','2023-01-06 18:18:56',NULL,NULL),(805,8286,1,4,6,NULL,3209,3,NULL,NULL,585,1,NULL,40720,40764,00002169,NULL,NULL,'2022-12-26','2022-12-26',0003,1,NULL,24400.00,24400.00,1,1.00,3,NULL,'','2023-01-06 18:18:56',NULL,NULL),(806,8286,1,4,6,NULL,3209,3,NULL,NULL,585,1,NULL,40720,40764,00002170,NULL,NULL,'2022-12-26','2022-12-26',0003,1,NULL,41200.00,41200.00,1,1.00,3,NULL,'','2023-01-06 18:18:56',NULL,NULL),(807,8286,1,4,6,NULL,3209,3,NULL,NULL,585,1,NULL,40720,40764,00002171,NULL,NULL,'2022-12-26','2022-12-26',0003,1,NULL,13600.00,13600.00,1,1.00,3,NULL,'','2023-01-06 18:18:56',NULL,NULL),(808,8286,1,4,6,NULL,3209,3,NULL,NULL,585,1,NULL,40720,40764,00002172,NULL,NULL,'2022-12-26','2022-12-26',0003,1,NULL,16000.00,16000.00,1,1.00,3,NULL,'','2023-01-06 18:18:56',NULL,NULL),(809,8286,1,4,6,NULL,3209,3,NULL,NULL,585,1,NULL,40720,40764,00002173,NULL,NULL,'2022-12-26','2022-12-26',0003,1,NULL,25000.00,25000.00,1,1.00,3,NULL,'','2023-01-06 18:18:56',NULL,NULL),(810,8286,1,4,6,NULL,3209,3,NULL,NULL,585,1,NULL,40720,40764,00002174,NULL,NULL,'2022-12-26','2022-12-26',0003,1,NULL,27000.00,27000.00,1,1.00,3,NULL,'','2023-01-06 18:18:56',NULL,NULL),(811,8286,1,4,6,NULL,3209,3,NULL,NULL,585,1,NULL,40720,40764,00002175,NULL,NULL,'2022-12-26','2022-12-26',0003,1,NULL,36100.00,36100.00,1,1.00,3,NULL,'','2023-01-06 18:18:56',NULL,NULL),(812,8286,1,4,6,NULL,3209,3,NULL,NULL,585,1,NULL,40720,40764,00002176,NULL,NULL,'2022-12-26','2022-12-26',0003,1,NULL,20600.00,20600.00,1,1.00,3,NULL,'','2023-01-06 18:18:56',NULL,NULL),(813,8286,1,4,6,NULL,3209,3,NULL,NULL,585,1,NULL,40720,40764,00002177,NULL,NULL,'2022-12-26','2022-12-26',0003,1,NULL,8900.00,8900.00,1,1.00,3,NULL,'','2023-01-06 18:18:56',NULL,NULL),(814,8286,1,4,6,NULL,3209,3,NULL,NULL,585,1,NULL,40720,40764,00002178,NULL,NULL,'2022-12-26','2022-12-26',0003,1,NULL,11700.00,11700.00,1,1.00,3,NULL,'','2023-01-06 18:18:56',NULL,NULL),(815,8286,1,4,6,NULL,3209,3,NULL,NULL,585,1,NULL,40720,40764,00002179,NULL,NULL,'2022-12-26','2022-12-26',0003,1,NULL,24600.00,24600.00,1,1.00,3,NULL,'','2023-01-06 18:18:56',NULL,NULL);
INSERT INTO `receipts` VALUES (816,8286,1,4,6,NULL,3209,3,NULL,NULL,585,1,NULL,40720,40764,00002180,NULL,NULL,'2022-12-26','2022-12-26',0003,1,NULL,20100.00,20100.00,1,1.00,3,NULL,'','2023-01-06 18:18:56',NULL,NULL),(817,8286,1,4,6,NULL,3209,3,NULL,NULL,585,1,NULL,40720,40764,00002181,NULL,NULL,'2022-12-26','2022-12-26',0003,1,NULL,41000.00,41000.00,1,1.00,3,NULL,'','2023-01-06 18:18:56',NULL,NULL),(818,8286,1,4,6,NULL,3209,3,NULL,NULL,585,1,NULL,40720,40764,00002182,NULL,NULL,'2022-12-26','2022-12-26',0003,1,NULL,23000.00,23000.00,1,1.00,3,NULL,'','2023-01-06 18:18:56',NULL,NULL),(819,8286,1,4,6,NULL,3209,3,NULL,NULL,585,1,NULL,40720,40764,00002183,NULL,NULL,'2022-12-26','2022-12-26',0003,1,NULL,28400.00,28400.00,1,1.00,3,NULL,'','2023-01-06 18:18:56',NULL,NULL),(820,8286,1,4,6,NULL,3209,3,NULL,NULL,585,1,NULL,40720,40737,00002184,NULL,NULL,'2022-12-26','2022-12-26',0003,1,NULL,44000.00,44000.00,1,1.00,3,NULL,'','2023-01-06 18:18:56',NULL,NULL),(821,8286,1,4,6,NULL,3209,3,NULL,NULL,585,1,NULL,40720,40764,00002185,NULL,NULL,'2022-12-26','2022-12-26',0003,1,NULL,12200.00,12200.00,1,1.00,3,NULL,'','2023-01-06 18:18:56',NULL,NULL),(822,8286,1,4,6,NULL,3209,3,NULL,NULL,585,1,NULL,40720,40764,00002186,NULL,NULL,'2022-12-26','2022-12-26',0003,1,NULL,19000.00,19000.00,1,1.00,3,NULL,'','2023-01-06 18:18:56',NULL,NULL),(823,8286,1,4,6,NULL,3209,3,NULL,NULL,585,1,NULL,40720,40764,00002187,NULL,NULL,'2022-12-26','2022-12-26',0003,1,NULL,22500.00,22500.00,1,1.00,3,NULL,'','2023-01-06 18:18:56',NULL,NULL),(824,8286,1,4,6,NULL,3209,3,NULL,NULL,585,1,NULL,40720,40764,00002188,NULL,NULL,'2022-12-26','2022-12-26',0003,1,NULL,38800.00,38800.00,1,1.00,3,NULL,'','2023-01-06 18:18:57',NULL,NULL),(825,8286,1,4,6,NULL,3209,3,NULL,NULL,585,1,NULL,40720,40764,00002189,NULL,NULL,'2022-12-26','2022-12-26',0003,1,NULL,22100.00,22100.00,1,1.00,3,NULL,'','2023-01-06 18:18:57',NULL,NULL),(826,8286,1,4,6,NULL,3209,3,NULL,NULL,585,1,NULL,40720,40764,00002190,NULL,NULL,'2022-12-26','2022-12-26',0003,1,NULL,26850.00,26850.00,1,1.00,3,NULL,'','2023-01-06 18:18:57',NULL,NULL),(827,8286,1,4,6,NULL,3209,3,NULL,NULL,585,1,NULL,40720,40764,00002191,NULL,NULL,'2022-12-26','2022-12-26',0003,1,NULL,21300.00,21300.00,1,1.00,3,NULL,'','2023-01-06 18:18:57',NULL,NULL),(828,8286,1,4,6,NULL,3209,3,NULL,NULL,585,1,NULL,40720,40764,00002192,NULL,NULL,'2022-12-26','2022-12-26',0003,1,NULL,38400.00,38400.00,1,1.00,3,NULL,'','2023-01-06 18:18:57',NULL,NULL),(829,8286,1,4,6,NULL,3209,3,NULL,NULL,585,1,NULL,40720,40764,00002193,NULL,NULL,'2022-12-26','2022-12-26',0003,1,NULL,23100.00,23100.00,1,1.00,3,NULL,'','2023-01-06 18:18:57',NULL,NULL),(830,8286,1,4,6,NULL,3209,3,NULL,NULL,585,1,NULL,40720,40764,00002194,NULL,NULL,'2022-12-26','2022-12-26',0003,1,NULL,40000.00,40000.00,1,1.00,3,NULL,'','2023-01-06 18:18:57',NULL,NULL),(831,8286,1,4,6,NULL,3209,3,NULL,NULL,585,1,NULL,40720,40764,00002195,NULL,NULL,'2022-12-26','2022-12-26',0003,1,NULL,9100.00,9100.00,1,1.00,3,NULL,'','2023-01-06 18:18:57',NULL,NULL),(832,8286,1,4,6,NULL,3209,3,NULL,NULL,585,1,NULL,40720,40764,00002196,NULL,NULL,'2022-12-26','2022-12-26',0003,1,NULL,27200.00,27200.00,1,1.00,3,NULL,'','2023-01-06 18:18:57',NULL,NULL),(833,8286,1,4,6,NULL,3209,3,NULL,NULL,585,1,NULL,40720,40764,00002197,NULL,NULL,'2022-12-26','2022-12-26',0003,1,NULL,21350.00,21350.00,1,1.00,3,NULL,'','2023-01-06 18:18:57',NULL,NULL),(834,8286,1,4,6,NULL,3209,3,NULL,NULL,585,1,NULL,40720,40764,00002198,NULL,NULL,'2022-12-26','2022-12-26',0003,1,NULL,15600.00,15600.00,1,1.00,3,NULL,'','2023-01-06 18:18:57',NULL,NULL),(835,8286,1,4,6,NULL,3209,3,NULL,NULL,585,1,NULL,40720,40764,00002199,NULL,NULL,'2022-12-26','2022-12-26',0003,1,NULL,14100.00,14100.00,1,1.00,3,NULL,'','2023-01-06 18:18:57',NULL,NULL),(836,8286,1,4,6,NULL,3209,3,NULL,NULL,585,1,NULL,40720,40766,00002200,NULL,NULL,'2022-12-26','2022-12-26',0003,1,NULL,76500.00,76500.00,1,1.00,3,NULL,'','2023-01-06 18:18:57',NULL,NULL);
INSERT INTO `receipts` VALUES (837,8286,1,4,6,NULL,3209,3,NULL,NULL,585,1,NULL,40720,40764,00002201,NULL,NULL,'2022-12-26','2022-12-26',0003,1,NULL,42800.00,42800.00,1,1.00,3,NULL,'','2023-01-06 18:18:57',NULL,NULL),(838,8286,1,4,6,NULL,3209,3,NULL,NULL,585,1,NULL,40720,40764,00002202,NULL,NULL,'2022-12-26','2022-12-26',0003,1,NULL,22500.00,22500.00,1,1.00,3,NULL,'','2023-01-06 18:18:57',NULL,NULL),(839,8286,1,4,6,NULL,3209,3,NULL,NULL,585,1,NULL,40720,40764,00002203,NULL,NULL,'2022-12-26','2022-12-26',0003,1,NULL,21300.00,21300.00,1,1.00,3,NULL,'','2023-01-06 18:18:57',NULL,NULL),(840,8286,1,4,6,NULL,3209,3,NULL,NULL,585,1,NULL,40720,40764,00002204,NULL,NULL,'2022-12-26','2022-12-26',0003,1,NULL,2500.00,2500.00,1,1.00,3,NULL,'','2023-01-06 18:18:57',NULL,NULL),(841,8286,1,4,6,NULL,3209,3,NULL,NULL,585,1,NULL,40720,40764,00002205,NULL,NULL,'2022-12-26','2022-12-26',0003,1,NULL,13400.00,13400.00,1,1.00,3,NULL,'','2023-01-06 18:18:57',NULL,NULL),(842,8286,1,4,6,NULL,3209,3,NULL,NULL,585,1,NULL,40720,40764,00002206,NULL,NULL,'2022-12-26','2022-12-26',0003,1,NULL,11800.00,11800.00,1,1.00,3,NULL,'','2023-01-06 18:18:57',NULL,NULL),(843,8286,1,4,6,NULL,3209,3,NULL,NULL,585,1,NULL,40720,40764,00002207,NULL,NULL,'2022-12-26','2022-12-26',0003,1,NULL,23400.00,23400.00,1,1.00,3,NULL,'','2023-01-06 18:18:57',NULL,NULL),(844,8286,1,4,6,NULL,3209,3,NULL,NULL,585,1,NULL,40720,40764,00002208,NULL,NULL,'2022-12-26','2022-12-26',0003,1,NULL,18000.00,18000.00,1,1.00,3,NULL,'','2023-01-06 18:18:57',NULL,NULL),(845,8286,1,4,6,NULL,3209,3,NULL,NULL,585,1,NULL,40720,40764,00002209,NULL,NULL,'2022-12-26','2022-12-26',0003,1,NULL,8600.00,8600.00,1,1.00,3,NULL,'','2023-01-06 18:18:57',NULL,NULL),(846,8286,1,4,6,NULL,3209,3,NULL,NULL,585,1,NULL,40720,40764,00002210,NULL,NULL,'2022-12-26','2022-12-26',0003,1,NULL,19000.00,19000.00,1,1.00,3,NULL,'','2023-01-06 18:18:57',NULL,NULL),(847,8286,1,4,6,NULL,3209,3,NULL,NULL,585,1,NULL,40720,40764,00002211,NULL,NULL,'2022-12-26','2022-12-26',0003,1,NULL,10800.00,10800.00,1,1.00,3,NULL,'','2023-01-06 18:18:57',NULL,NULL),(848,8286,1,4,6,NULL,3209,3,NULL,NULL,585,1,NULL,40720,40764,00002212,NULL,NULL,'2022-12-26','2022-12-26',0003,1,NULL,29300.00,29300.00,1,1.00,3,NULL,'','2023-01-06 18:18:57',NULL,NULL),(849,8286,1,4,6,NULL,3209,3,NULL,NULL,585,1,NULL,40720,40764,00002213,NULL,NULL,'2022-12-26','2022-12-26',0003,1,NULL,35200.00,35200.00,1,1.00,3,NULL,'','2023-01-06 18:18:57',NULL,NULL),(850,8286,1,4,6,NULL,3209,3,NULL,NULL,585,1,NULL,40720,40764,00002214,NULL,NULL,'2022-12-26','2022-12-26',0003,1,NULL,20000.00,20000.00,1,1.00,3,NULL,'','2023-01-06 18:18:57',NULL,NULL),(851,8286,1,4,6,NULL,3209,3,NULL,NULL,585,1,NULL,40720,40764,00002215,NULL,NULL,'2022-12-26','2022-12-26',0003,1,NULL,23250.00,23250.00,1,1.00,3,NULL,'','2023-01-06 18:18:57',NULL,NULL),(852,8286,1,4,6,NULL,3209,3,NULL,NULL,585,1,NULL,40720,40764,00002216,NULL,NULL,'2022-12-26','2022-12-26',0003,1,NULL,15900.00,15900.00,1,1.00,3,NULL,'','2023-01-06 18:18:57',NULL,NULL),(853,8286,1,4,6,NULL,3209,3,NULL,NULL,585,1,NULL,40720,40764,00002217,NULL,NULL,'2022-12-26','2022-12-26',0003,1,NULL,28500.00,28500.00,1,1.00,3,NULL,'','2023-01-06 18:18:57',NULL,NULL),(854,8286,1,4,6,NULL,3209,3,NULL,NULL,585,1,NULL,40720,40764,00002218,NULL,NULL,'2022-12-26','2022-12-26',0003,1,NULL,9760.00,9760.00,1,1.00,3,NULL,'','2023-01-06 18:18:57',NULL,NULL),(855,8286,1,4,6,NULL,3209,3,NULL,NULL,585,1,NULL,40720,40764,00002219,NULL,NULL,'2022-12-26','2022-12-26',0003,1,NULL,9900.00,9900.00,1,1.00,3,NULL,'','2023-01-06 18:18:57',NULL,NULL),(856,8286,1,4,6,NULL,3209,3,NULL,NULL,585,1,NULL,40720,40764,00002220,NULL,NULL,'2022-12-26','2022-12-26',0003,1,NULL,5000.00,5000.00,1,1.00,3,NULL,'','2023-01-06 18:18:57',NULL,NULL),(857,8286,1,4,6,NULL,3209,3,NULL,NULL,585,1,NULL,40720,40764,00002221,NULL,NULL,'2022-12-26','2022-12-26',0003,1,NULL,22100.00,22100.00,1,1.00,3,NULL,'','2023-01-06 18:18:58',NULL,NULL);
INSERT INTO `receipts` VALUES (858,8286,1,4,6,NULL,3209,3,NULL,NULL,585,1,NULL,40720,40764,00002222,NULL,NULL,'2022-12-26','2022-12-26',0003,1,NULL,2200.00,2200.00,1,1.00,3,NULL,'','2023-01-06 18:18:58',NULL,NULL),(859,8286,1,4,6,NULL,3209,3,NULL,NULL,585,1,NULL,40720,40764,00002223,NULL,NULL,'2022-12-26','2022-12-26',0003,1,NULL,9600.00,9600.00,1,1.00,3,NULL,'','2023-01-06 18:18:58',NULL,NULL),(860,8286,1,1,1,NULL,3209,3,NULL,NULL,585,1,NULL,40720,40740,00000016,NULL,NULL,'2022-12-27','2022-12-27',0003,1,NULL,39363.72,39363.72,1,1.00,3,NULL,'','2023-01-06 18:18:58',NULL,NULL),(861,8286,1,1,1,NULL,3209,3,NULL,NULL,585,1,NULL,40720,40740,00000017,NULL,NULL,'2022-12-27','2022-12-27',0003,1,NULL,23413.50,23413.50,1,1.00,3,NULL,'','2023-01-06 18:18:58',NULL,NULL),(862,8286,1,4,6,NULL,3209,3,NULL,NULL,585,1,NULL,40720,40722,00002224,NULL,NULL,'2022-12-31','2022-12-31',0003,1,NULL,15400.00,15400.00,1,1.00,3,NULL,'','2023-01-06 18:18:58',NULL,NULL),(863,8286,1,4,6,NULL,3209,3,NULL,NULL,585,1,NULL,40720,40722,00002225,NULL,NULL,'2022-12-31','2022-12-31',0003,1,NULL,16000.00,16000.00,1,1.00,3,NULL,'','2023-01-06 18:18:58',NULL,NULL),(864,8286,2,1,NULL,NULL,3209,3,217,NULL,585,1,NULL,40720,40819,00000003,NULL,NULL,'2022-12-06','2022-12-06',0001,1,NULL,308672.94,308672.94,1,1.00,3,NULL,'','2023-01-06 18:22:01','2023-01-06 18:22:01',NULL),(865,8286,2,1,NULL,NULL,3209,3,217,NULL,585,1,NULL,40720,40820,00010422,NULL,NULL,'2022-12-06','2022-12-06',0018,1,NULL,14530.39,14530.39,1,1.00,3,NULL,'','2023-01-06 18:22:01','2023-01-06 18:22:01',NULL),(866,8286,2,1,NULL,NULL,3209,3,217,NULL,585,1,NULL,40720,40821,00000221,NULL,NULL,'2022-12-06','2022-12-06',0008,1,NULL,15911.26,15911.26,1,1.00,3,NULL,'','2023-01-06 18:22:01','2023-01-06 18:22:01',NULL),(867,8286,2,1,NULL,NULL,3209,3,217,NULL,585,1,NULL,40720,40822,00003305,NULL,NULL,'2022-12-09','2022-12-09',0010,1,NULL,107265.78,107265.78,1,1.00,3,NULL,'','2023-01-06 18:22:01','2023-01-06 18:22:01',NULL),(868,8286,2,1,NULL,NULL,3209,3,217,NULL,585,1,NULL,40720,40822,00003322,NULL,NULL,'2022-12-14','2022-12-14',0010,1,NULL,210000.17,210000.17,1,1.00,3,NULL,'','2023-01-06 18:22:01','2023-01-06 18:22:01',NULL),(869,8286,2,1,NULL,NULL,3209,3,217,NULL,585,1,NULL,40720,40822,00003319,NULL,NULL,'2022-12-14','2022-12-14',0010,1,NULL,37741.55,37741.55,1,1.00,3,NULL,'','2023-01-06 18:22:01','2023-01-06 18:22:01',NULL),(870,8286,2,1,NULL,NULL,3209,3,217,NULL,585,1,NULL,40720,40822,00003321,NULL,NULL,'2022-12-14','2022-12-14',0010,1,NULL,163501.77,163501.77,1,1.00,3,NULL,'','2023-01-06 18:22:01','2023-01-06 18:22:01',NULL),(871,8286,2,1,NULL,NULL,3209,3,217,NULL,585,1,NULL,40720,40822,00003318,NULL,NULL,'2022-12-14','2022-12-14',0010,1,NULL,112260.74,112260.74,1,1.00,3,NULL,'','2023-01-06 18:22:01','2023-01-06 18:22:01',NULL),(872,8286,2,1,NULL,NULL,3209,3,217,NULL,585,1,NULL,40720,40822,00003347,NULL,NULL,'2022-12-19','2022-12-19',0010,1,NULL,23800.22,23800.22,1,1.00,3,NULL,'','2023-01-06 18:22:01','2023-01-06 18:22:01',NULL),(873,8286,2,1,NULL,NULL,3209,3,217,NULL,585,1,NULL,40720,40822,00003346,NULL,NULL,'2022-12-19','2022-12-19',0010,1,NULL,120000.09,120000.09,1,1.00,3,NULL,'','2023-01-06 18:22:01','2023-01-06 18:22:01',NULL),(874,8286,2,1,NULL,NULL,3209,3,217,NULL,585,1,NULL,40720,40822,00003344,NULL,NULL,'2022-12-19','2022-12-19',0010,1,NULL,134001.93,134001.93,1,1.00,3,NULL,'','2023-01-06 18:22:01','2023-01-06 18:22:01',NULL),(875,8286,2,3,NULL,NULL,3209,3,217,NULL,585,1,NULL,40720,40820,00001162,NULL,NULL,'2022-12-20','2022-12-20',0018,1,NULL,4535.38,4535.38,1,1.00,3,NULL,'','2023-01-06 18:22:01','2023-01-06 18:22:01',NULL),(876,8286,2,4,NULL,NULL,3209,3,250,NULL,585,1,NULL,40720,40823,00040642,NULL,NULL,'2022-12-22','2022-12-22',1213,1,NULL,0.00,0.00,1,1.00,3,NULL,'','2023-01-06 18:22:01','2023-01-06 18:22:01',NULL),(877,8286,2,4,NULL,NULL,3209,3,250,NULL,585,1,NULL,40720,40823,00040647,NULL,NULL,'2022-12-22','2022-12-22',1213,1,NULL,0.00,0.00,1,1.00,3,NULL,'','2023-01-06 18:22:01','2023-01-06 18:22:01',NULL);
INSERT INTO `receipts` VALUES (878,8286,2,4,NULL,NULL,3209,3,250,NULL,585,1,NULL,40720,40823,00040644,NULL,NULL,'2022-12-22','2022-12-22',1213,1,NULL,0.00,0.00,1,1.00,3,NULL,'','2023-01-06 18:22:01','2023-01-06 18:22:01',NULL),(879,8286,2,1,NULL,NULL,3209,3,217,NULL,585,1,NULL,40720,40820,00010824,NULL,NULL,'2022-12-23','2022-12-23',0018,1,NULL,540.02,540.02,1,1.00,3,NULL,'','2023-01-06 18:22:01','2023-01-06 18:22:01',NULL),(880,8286,2,1,NULL,NULL,3209,3,217,NULL,585,1,NULL,40720,40824,00000041,NULL,NULL,'2022-12-26','2022-12-26',0001,1,NULL,342309.00,342309.00,1,1.00,3,NULL,'','2023-01-06 18:22:02','2023-01-06 18:22:02',NULL),(881,8286,2,4,NULL,NULL,3209,3,217,NULL,585,1,NULL,40720,40825,00000130,NULL,NULL,'2022-12-26','2022-12-26',0001,1,NULL,519436.80,519436.80,1,1.00,3,NULL,'','2023-01-06 18:22:02','2023-01-06 18:22:02',NULL),(882,8286,2,4,NULL,NULL,3209,3,217,NULL,585,1,NULL,40720,40826,00011424,NULL,NULL,'2022-12-27','2022-12-27',0008,1,NULL,14544.95,14544.95,1,1.00,3,NULL,'','2023-01-06 18:22:02','2023-01-06 18:22:02',NULL),(883,8286,2,4,NULL,NULL,3209,3,217,NULL,585,1,NULL,40720,40827,00147697,NULL,NULL,'2022-12-29','2022-12-29',0009,1,NULL,1398.00,1398.00,1,1.00,3,NULL,'','2023-01-06 18:22:02','2023-01-06 18:22:02',NULL),(884,8286,2,1,NULL,NULL,3209,3,217,NULL,585,1,NULL,40720,40825,00001388,NULL,NULL,'2022-12-29','2022-12-29',0001,1,NULL,519400.73,519400.73,1,1.00,3,NULL,'','2023-01-06 18:22:02','2023-01-06 18:22:02',NULL),(885,8286,2,6,NULL,NULL,3209,3,217,NULL,585,1,NULL,40720,40825,00000006,NULL,NULL,'2022-12-29','2022-12-29',0001,1,NULL,519436.80,519436.80,1,1.00,3,NULL,'','2023-01-06 18:22:02','2023-01-06 18:22:02',NULL),(886,8286,2,1,NULL,NULL,3209,3,217,NULL,585,1,NULL,40720,40828,00021618,NULL,NULL,'2022-12-30','2022-12-30',0255,1,NULL,20719.68,20719.68,1,1.00,3,NULL,'','2023-01-06 18:22:02','2023-01-06 18:22:02',NULL),(887,8286,2,1,NULL,NULL,3209,3,217,NULL,585,1,NULL,40720,40829,00000337,NULL,NULL,'2022-12-30','2022-12-30',0005,1,NULL,33247.69,33247.69,1,1.00,3,NULL,'','2023-01-06 18:22:02','2023-01-06 18:22:02',NULL),(888,8286,2,1,NULL,NULL,3209,3,217,NULL,585,1,NULL,40720,40820,00010994,NULL,NULL,'2022-12-30','2022-12-30',0018,1,NULL,22939.68,22939.68,1,1.00,3,NULL,'','2023-01-06 18:22:02','2023-01-06 18:22:02',NULL),(889,8286,2,1,NULL,NULL,3209,3,217,NULL,585,1,NULL,40720,40830,00002778,NULL,NULL,'2022-12-30','2022-12-30',0009,1,NULL,486752.50,486752.50,1,1.00,3,NULL,'','2023-01-06 18:22:02','2023-01-06 18:22:02',NULL),(890,8286,2,4,NULL,NULL,3209,3,217,NULL,585,1,NULL,40720,40831,10230056,NULL,NULL,'2022-12-31','2022-12-31',0006,1,NULL,5442.71,5442.71,1,1.00,3,NULL,'','2023-01-06 18:22:02','2023-01-06 18:22:02',NULL),(891,8286,2,1,NULL,NULL,3209,3,217,NULL,585,1,NULL,40720,40832,00001437,NULL,NULL,'2022-12-31','2022-12-31',0005,1,NULL,42495.20,42495.20,1,1.00,3,NULL,'','2023-01-06 18:22:02','2023-01-06 18:22:02',NULL),(892,8286,2,1,NULL,NULL,3209,3,217,NULL,585,1,NULL,40720,40827,00198093,NULL,NULL,'2022-12-31','2022-12-31',0007,1,NULL,2428.17,2428.17,1,1.00,3,NULL,'','2023-01-06 18:22:02','2023-01-06 18:22:02',NULL);

--
