-- Table structure for table `blogs`
--

CREATE TABLE `blogs` (
  `id` int(10) unsigned NOT NULL AUTO_INCREMENT,
  `user_id` int(10) unsigned DEFAULT NULL,
  `fecha` date NOT NULL,
  `file` varchar(191) COLLATE utf8mb4_unicode_ci DEFAULT NULL,
  `blogs_categoria_id` int(10) unsigned NOT NULL,
  `blogs_categoria_sub_id` int(10) unsigned NOT NULL,
  `path` varchar(191) COLLATE utf8mb4_unicode_ci NOT NULL,
  `titulo` varchar(191) COLLATE utf8mb4_unicode_ci NOT NULL,
  `contenido` longtext COLLATE utf8mb4_unicode_ci NOT NULL,
  `autor` varchar(191) COLLATE utf8mb4_unicode_ci NOT NULL,
  `publicar` tinyint(1) NOT NULL DEFAULT '0',
  `created_at` timestamp NULL DEFAULT NULL,
  `updated_at` timestamp NULL DEFAULT NULL,
  `deleted_at` timestamp NULL DEFAULT NULL,
  PRIMARY KEY (`id`),
  KEY `blogs_blogs_categoria_id_foreign` (`blogs_categoria_id`),
  KEY `blogs_blogs_categoria_sub_id_foreign` (`blogs_categoria_sub_id`),
  CONSTRAINT `blogs_blogs_categoria_id_foreign` FOREIGN KEY (`blogs_categoria_id`) REFERENCES `blogs_categorias` (`id`),
  CONSTRAINT `blogs_blogs_categoria_sub_id_foreign` FOREIGN KEY (`blogs_categoria_sub_id`) REFERENCES `blogs_categorias_sub` (`id`)
) ENGINE=InnoDB DEFAULT CHARSET=utf8mb4 COLLATE=utf8mb4_unicode_ci;

--
-- Dumping data for table `blogs`
--


--
-- Table structure for table `blogs_categorias`
--

CREATE TABLE `blogs_categorias` (
  `id` int(10) unsigned NOT NULL AUTO_INCREMENT,
  `user_id` int(10) unsigned DEFAULT NULL,
  `descripcion` varchar(191) COLLATE utf8mb4_unicode_ci DEFAULT NULL,
  `created_at` timestamp NULL DEFAULT NULL,
  `updated_at` timestamp NULL DEFAULT NULL,
  `deleted_at` timestamp NULL DEFAULT NULL,
  PRIMARY KEY (`id`)
) ENGINE=InnoDB DEFAULT CHARSET=utf8mb4 COLLATE=utf8mb4_unicode_ci;

--
-- Dumping data for table `blogs_categorias`
--


--
-- Table structure for table `blogs_categorias_sub`
--

CREATE TABLE `blogs_categorias_sub` (
  `id` int(10) unsigned NOT NULL AUTO_INCREMENT,
  `user_id` int(10) unsigned DEFAULT NULL,
  `blogs_categoria_id` int(10) unsigned NOT NULL,
  `descripcion` varchar(191) COLLATE utf8mb4_unicode_ci NOT NULL,
  `created_at` timestamp NULL DEFAULT NULL,
  `updated_at` timestamp NULL DEFAULT NULL,
  `deleted_at` timestamp NULL DEFAULT NULL,
  PRIMARY KEY (`id`),
  KEY `blogs_categorias_sub_blogs_categoria_id_foreign` (`blogs_categoria_id`),
  CONSTRAINT `blogs_categorias_sub_blogs_categoria_id_foreign` FOREIGN KEY (`blogs_categoria_id`) REFERENCES `blogs_categorias` (`id`)
) ENGINE=InnoDB DEFAULT CHARSET=utf8mb4 COLLATE=utf8mb4_unicode_ci;

--
-- Dumping data for table `blogs_categorias_sub`
--


--
-- Table structure for table `bs_per_alicuotas`
--

CREATE TABLE `bs_per_alicuotas` (
  `id` int(10) unsigned NOT NULL AUTO_INCREMENT,
  `anio` int(10) unsigned NOT NULL,
  `min_no_imponible` decimal(16,2) NOT NULL DEFAULT '0.00',
  `desde` decimal(16,2) NOT NULL DEFAULT '0.00',
  `hasta` decimal(16,2) NOT NULL DEFAULT '0.00',
  `impuesto` decimal(16,2) NOT NULL DEFAULT '0.00',
  `mas_porcentaje` decimal(16,4) NOT NULL DEFAULT '0.0000',
  `excedente` decimal(16,2) NOT NULL DEFAULT '0.00',
  `created_at` timestamp NULL DEFAULT NULL,
  `updated_at` timestamp NULL DEFAULT NULL,
  `deleted_at` timestamp NULL DEFAULT NULL,
  PRIMARY KEY (`id`)
) ENGINE=InnoDB AUTO_INCREMENT=21 DEFAULT CHARSET=utf8mb4 COLLATE=utf8mb4_unicode_ci;

--
-- Dumping data for table `bs_per_alicuotas`
--

INSERT INTO `bs_per_alicuotas` VALUES (1,2017,950000.00,0.00,999999999.99,0.00,0.0050,950000.00,'2019-11-19 21:09:50','2019-11-19 21:09:50',NULL),(2,2018,1050000.00,0.00,999999999.99,0.00,0.0025,1050000.00,'2019-11-19 21:09:50','2019-11-19 21:09:50',NULL),(3,2019,2000000.00,0.00,3000000.00,0.00,0.0050,0.00,'2019-11-19 21:09:50','2022-12-12 09:16:10',NULL),(4,2019,2000000.00,3000000.00,6500000.00,15000.00,0.0075,3000000.00,'2019-11-19 21:09:50','2022-12-12 09:16:10',NULL),(5,2019,2000000.00,6500000.00,18000000.00,41250.00,0.0100,6500000.00,'2019-11-19 21:09:50','2022-12-12 09:16:10',NULL),(6,2019,2000000.00,18000000.00,999999999.99,156250.00,0.0125,18000000.00,'2022-12-12 09:16:10','2022-12-12 09:16:10',NULL),(7,2020,2000000.00,0.00,3000000.00,0.00,0.0050,0.00,'2022-12-12 09:16:15','2022-12-12 09:16:15',NULL),(8,2020,2000000.00,3000000.00,6500000.00,15000.00,0.0075,3000000.00,'2022-12-12 09:16:15','2022-12-12 09:16:15',NULL),(9,2020,2000000.00,6500000.00,18000000.00,41250.00,0.0100,6500000.00,'2022-12-12 09:16:15','2022-12-12 09:16:15',NULL),(10,2020,2000000.00,18000000.00,999999999.99,156250.00,0.0125,18000000.00,'2022-12-12 09:16:15','2022-12-12 09:16:15',NULL),(11,2021,6000000.00,0.00,3000000.00,0.00,0.0050,0.00,'2022-12-12 09:16:21','2022-12-12 09:16:21',NULL),(12,2021,6000000.00,3000000.00,6500000.00,15000.00,0.0075,3000000.00,'2022-12-12 09:16:21','2022-12-12 09:16:21',NULL),(13,2021,6000000.00,6500000.00,18000000.00,41250.00,0.0100,6500000.00,'2022-12-12 09:16:21','2022-12-12 09:16:21',NULL),(14,2021,6000000.00,18000000.00,999999999.99,156250.00,0.0125,18000000.00,'2022-12-12 09:16:21','2022-12-12 09:16:21',NULL),(15,2022,11282141.08,0.00,5641070.54,0.00,0.0050,0.00,'2023-05-30 15:07:40','2023-05-30 15:07:40',NULL),(16,2022,11282141.08,5641070.54,12222319.51,28205.35,0.0075,5641070.54,'2023-05-30 15:07:40','2023-05-30 15:07:40',NULL),(17,2022,11282141.08,12222319.51,33846423.25,77564.72,0.0100,12222319.51,'2023-05-30 15:07:40','2023-05-30 15:07:40',NULL),(18,2022,11282141.08,33846423.25,188035684.71,293802.76,0.0125,33846423.25,'2023-05-30 15:07:40','2023-05-30 15:07:40',NULL),(19,2022,11282141.08,188035684.71,564107054.14,2221171.53,0.0150,188035684.71,'2023-05-30 15:07:40','2023-05-30 15:07:40',NULL),(20,2022,11282141.08,564107054.14,999999999999.00,7682242.07,0.0175,564107054.14,'2023-05-30 15:07:40','2023-05-30 15:07:40',NULL);

--
-- Table structure for table `bs_per_ddjjs`
--

CREATE TABLE `bs_per_ddjjs` (
  `id` int(10) unsigned NOT NULL AUTO_INCREMENT,
  `user_id` int(10) unsigned DEFAULT NULL,
  `anio` int(10) unsigned NOT NULL,
  `person_id` int(10) unsigned NOT NULL,
  `total_bienes_gravados` decimal(16,2) NOT NULL DEFAULT '0.00',
  `total_bienes_exentos` decimal(16,2) NOT NULL DEFAULT '0.00',
  `min_no_imponible` decimal(16,2) NOT NULL DEFAULT '0.00',
  `base_imponible` decimal(16,2) NOT NULL DEFAULT '0.00',
  `impuesto_determinado` decimal(16,2) NOT NULL DEFAULT '0.00',
  `saldo_a_pagar` decimal(16,2) NOT NULL DEFAULT '0.00',
  `saldo_a_favor` decimal(16,2) NOT NULL DEFAULT '0.00',
  `comentario` varchar(191) COLLATE utf8mb4_unicode_ci DEFAULT NULL,
  `created_at` timestamp NULL DEFAULT NULL,
  `updated_at` timestamp NULL DEFAULT NULL,
  `deleted_at` timestamp NULL DEFAULT NULL,
  PRIMARY KEY (`id`),
  KEY `bs_per_ddjjs_person_id_foreign` (`person_id`),
  CONSTRAINT `bs_per_ddjjs_person_id_foreign` FOREIGN KEY (`person_id`) REFERENCES `persons` (`id`)
) ENGINE=InnoDB DEFAULT CHARSET=utf8mb4 COLLATE=utf8mb4_unicode_ci;

--
-- Dumping data for table `bs_per_ddjjs`
--


--
-- Table structure for table `bs_pers_conceptos`
--

CREATE TABLE `bs_pers_conceptos` (
  `id` int(10) unsigned NOT NULL AUTO_INCREMENT,
  `nombre` varchar(191) COLLATE utf8mb4_unicode_ci NOT NULL,
  `status` tinyint(1) NOT NULL DEFAULT '1',
  `created_at` timestamp NULL DEFAULT NULL,
  `updated_at` timestamp NULL DEFAULT NULL,
  `deleted_at` timestamp NULL DEFAULT NULL,
  PRIMARY KEY (`id`)
) ENGINE=InnoDB AUTO_INCREMENT=12 DEFAULT CHARSET=utf8mb4 COLLATE=utf8mb4_unicode_ci;

--
-- Dumping data for table `bs_pers_conceptos`
--

INSERT INTO `bs_pers_conceptos` VALUES (1,'Inmuebles',1,'2019-11-19 21:09:50','2019-11-19 21:09:50',NULL),(2,'Derechos Reales',1,'2019-11-19 21:09:50','2019-11-19 21:09:50',NULL),(3,'Naves y Aeronaves',1,'2019-11-19 21:09:50','2019-11-19 21:09:50',NULL),(4,'Automotores y otros rodados',1,'2019-11-19 21:09:50','2019-11-19 21:09:50',NULL),(5,'Dinero y depósitos en dinero',1,'2019-11-19 21:09:50','2019-11-19 21:09:50',NULL),(6,'Títulos, acciones, cuotas o participaciones sociales y otros títulos valores',1,'2019-11-19 21:09:50','2019-11-19 21:09:50',NULL),(7,'Patrimonio de empresas o explotaciones unipersonales',1,'2019-11-19 21:09:50','2019-11-19 21:09:50',NULL),(8,'Créditos y debentures',1,'2019-11-19 21:09:50','2019-11-19 21:09:50',NULL),(9,'Derechos de propiedad científica, literaria o artística, marcas, patentes y sus licencias',1,'2019-11-19 21:09:50','2019-11-19 21:09:50',NULL),(10,'Otros Bienes (incluye semovientes, antigüedades, objetos de colección, objetos de arte, ...)',1,'2019-11-19 21:09:50','2019-11-19 21:09:50',NULL),(11,'Objetos Personales y del Hogar',1,'2019-11-19 21:09:50','2019-11-19 21:09:50',NULL);

--
-- Table structure for table `bs_pers_detail_anticipos`
--

CREATE TABLE `bs_pers_detail_anticipos` (
  `id` int(10) unsigned NOT NULL AUTO_INCREMENT,
  `bs_per_ddjj_id` int(10) unsigned NOT NULL,
  `person_id` int(10) unsigned NOT NULL,
  `ganan_concepto_anticipo_id` int(10) unsigned NOT NULL,
  `importe` decimal(16,2) NOT NULL DEFAULT '0.00',
  `created_at` timestamp NULL DEFAULT NULL,
  `updated_at` timestamp NULL DEFAULT NULL,
  `deleted_at` timestamp NULL DEFAULT NULL,
  PRIMARY KEY (`id`),
  KEY `bs_pers_detail_anticipos_bs_per_ddjj_id_foreign` (`bs_per_ddjj_id`),
  KEY `bs_pers_detail_anticipos_person_id_foreign` (`person_id`),
  KEY `bs_pers_detail_anticipos_ganan_concepto_anticipo_id_foreign` (`ganan_concepto_anticipo_id`),
  CONSTRAINT `bs_pers_detail_anticipos_bs_per_ddjj_id_foreign` FOREIGN KEY (`bs_per_ddjj_id`) REFERENCES `bs_per_ddjjs` (`id`),
  CONSTRAINT `bs_pers_detail_anticipos_ganan_concepto_anticipo_id_foreign` FOREIGN KEY (`ganan_concepto_anticipo_id`) REFERENCES `ganan_conceptos_anticipos` (`id`),
  CONSTRAINT `bs_pers_detail_anticipos_person_id_foreign` FOREIGN KEY (`person_id`) REFERENCES `persons` (`id`)
) ENGINE=InnoDB DEFAULT CHARSET=utf8mb4 COLLATE=utf8mb4_unicode_ci;

--
-- Dumping data for table `bs_pers_detail_anticipos`
--


--
-- Table structure for table `bs_pers_detail_bienes`
--

CREATE TABLE `bs_pers_detail_bienes` (
  `id` int(10) unsigned NOT NULL AUTO_INCREMENT,
  `bs_per_ddjj_id` int(10) unsigned NOT NULL,
  `person_id` int(10) unsigned NOT NULL,
  `bs_pers_concepto_id` int(10) unsigned NOT NULL,
  `concepto` varchar(191) COLLATE utf8mb4_unicode_ci DEFAULT NULL,
  `importe_gravado` decimal(16,2) NOT NULL DEFAULT '0.00',
  `importe_exento` decimal(16,2) NOT NULL DEFAULT '0.00',
  `comentario` varchar(191) COLLATE utf8mb4_unicode_ci DEFAULT NULL,
  `created_at` timestamp NULL DEFAULT NULL,
  `updated_at` timestamp NULL DEFAULT NULL,
  `deleted_at` timestamp NULL DEFAULT NULL,
  PRIMARY KEY (`id`),
  KEY `bs_pers_detail_bienes_bs_per_ddjj_id_foreign` (`bs_per_ddjj_id`),
  KEY `bs_pers_detail_bienes_person_id_foreign` (`person_id`),
  KEY `bs_pers_detail_bienes_bs_pers_concepto_id_foreign` (`bs_pers_concepto_id`),
  CONSTRAINT `bs_pers_detail_bienes_bs_per_ddjj_id_foreign` FOREIGN KEY (`bs_per_ddjj_id`) REFERENCES `bs_per_ddjjs` (`id`),
  CONSTRAINT `bs_pers_detail_bienes_bs_pers_concepto_id_foreign` FOREIGN KEY (`bs_pers_concepto_id`) REFERENCES `bs_pers_conceptos` (`id`),
  CONSTRAINT `bs_pers_detail_bienes_person_id_foreign` FOREIGN KEY (`person_id`) REFERENCES `persons` (`id`)
) ENGINE=InnoDB DEFAULT CHARSET=utf8mb4 COLLATE=utf8mb4_unicode_ci;

--
-- Dumping data for table `bs_pers_detail_bienes`
--


--
-- Table structure for table `calle`
--

CREATE TABLE `calle` (
  `id` int(10) unsigned NOT NULL AUTO_INCREMENT,
  `user_id` int(10) unsigned DEFAULT NULL,
  `localidad_id` int(10) unsigned NOT NULL,
  `descripcion` varchar(191) COLLATE utf8mb4_unicode_ci NOT NULL,
  `desdealt` int(10) unsigned DEFAULT NULL,
  `hastaalt` int(10) unsigned DEFAULT NULL,
  `codpostal` int(10) unsigned DEFAULT NULL,
  `habilitado` tinyint(1) NOT NULL DEFAULT '1',
  `created_at` timestamp NULL DEFAULT NULL,
  `updated_at` timestamp NULL DEFAULT NULL,
  `deleted_at` timestamp NULL DEFAULT NULL,
  PRIMARY KEY (`id`),
  KEY `calle_localidad_id_foreign` (`localidad_id`),
  CONSTRAINT `calle_localidad_id_foreign` FOREIGN KEY (`localidad_id`) REFERENCES `localidad` (`id`)
) ENGINE=InnoDB AUTO_INCREMENT=2 DEFAULT CHARSET=utf8mb4 COLLATE=utf8mb4_unicode_ci;

--
-- Dumping data for table `calle`
--

INSERT INTO `calle` VALUES (1,NULL,1,'Ramon Falcon',6800,7500,1408,1,'2020-05-28 20:55:23','2020-05-28 20:55:23',NULL);

--
-- Table structure for table `categorias_iibb`
--

CREATE TABLE `categorias_iibb` (
  `id` int(10) unsigned NOT NULL AUTO_INCREMENT,
  `categoria` varchar(255) COLLATE utf8mb4_unicode_ci DEFAULT NULL,
  `impuesto` decimal(16,2) DEFAULT NULL,
  `anual` decimal(16,2) DEFAULT NULL,
  `facAnual` decimal(16,2) DEFAULT NULL,
  `superficie` int(11) DEFAULT NULL,
  `energia` int(11) DEFAULT NULL,
  `comentario` varchar(255) COLLATE utf8mb4_unicode_ci DEFAULT NULL,
  `vigente` varchar(255) COLLATE utf8mb4_unicode_ci NOT NULL DEFAULT '1',
  `created_at` timestamp NULL DEFAULT NULL,
  `updated_at` timestamp NULL DEFAULT NULL,
  `deleted_at` timestamp NULL DEFAULT NULL,
  PRIMARY KEY (`id`)
) ENGINE=InnoDB AUTO_INCREMENT=9 DEFAULT CHARSET=utf8mb4 COLLATE=utf8mb4_unicode_ci;

--
-- Dumping data for table `categorias_iibb`
--

INSERT INTO `categorias_iibb` VALUES (1,'A',1850.00,11100.00,370000.00,30,3300,NULL,'1',NULL,'2022-12-12 09:16:22',NULL),(2,'B',2750.00,16500.00,550000.00,45,5000,NULL,'1',NULL,'2022-12-12 09:16:22',NULL),(3,'C',3850.00,23100.00,770000.00,60,6700,NULL,'1',NULL,'2022-12-12 09:16:22',NULL),(4,'D',5300.00,31800.00,1060000.00,85,10000,NULL,'1',NULL,'2022-12-12 09:16:22',NULL),(5,'E',7000.00,42000.00,1400000.00,110,13000,NULL,'1',NULL,'2022-12-12 09:16:22',NULL),(6,'F',8750.00,52500.00,1750000.00,150,16500,NULL,'1',NULL,'2022-12-12 09:16:22',NULL),(7,'G',10500.00,63000.00,2100000.00,200,20000,NULL,'1',NULL,'2022-12-12 09:16:22',NULL),(8,'H',13000.00,78000.00,2600000.00,200,20000,NULL,'1',NULL,'2022-12-12 09:16:22',NULL);

--
-- Table structure for table `categorias_monotributo`
--

CREATE TABLE `categorias_monotributo` (
  `id` int(10) unsigned NOT NULL AUTO_INCREMENT,
  `categoria` varchar(255) COLLATE utf8mb4_unicode_ci DEFAULT NULL,
  `facAnual` decimal(16,2) DEFAULT NULL,
  `facMensual` decimal(16,2) DEFAULT NULL,
  `actividad` varchar(255) COLLATE utf8mb4_unicode_ci DEFAULT NULL,
  `empleados` varchar(255) COLLATE utf8mb4_unicode_ci DEFAULT NULL,
  `superficie` int(11) DEFAULT NULL,
  `energia` int(11) DEFAULT NULL,
  `alquileres` decimal(16,2) DEFAULT NULL,
  `impuesto_servicio` decimal(16,2) DEFAULT NULL,
  `impuesto_venta` decimal(16,2) DEFAULT NULL,
  `sipa` decimal(16,2) DEFAULT NULL,
  `obraSocial` decimal(16,2) DEFAULT NULL,
  `totalServicio` decimal(16,2) DEFAULT NULL,
  `totalVenta` decimal(16,2) DEFAULT NULL,
  `comentario` varchar(255) COLLATE utf8mb4_unicode_ci DEFAULT NULL,
  `desde` date DEFAULT NULL,
  `hasta` date DEFAULT NULL,
  `vigente` varchar(255) COLLATE utf8mb4_unicode_ci NOT NULL DEFAULT '0',
  `created_at` timestamp NULL DEFAULT NULL,
  `updated_at` timestamp NULL DEFAULT NULL,
  `deleted_at` timestamp NULL DEFAULT NULL,
  PRIMARY KEY (`id`)
) ENGINE=InnoDB AUTO_INCREMENT=15 DEFAULT CHARSET=utf8mb4 COLLATE=utf8mb4_unicode_ci;

--
-- Dumping data for table `categorias_monotributo`
--

INSERT INTO `categorias_monotributo` VALUES (1,'A',1414762.00,117896.00,'No Excluida','0',30,3330,230178.48,496.85,496.85,2192.15,3061.75,5750.75,5750.75,NULL,'2018-01-01',NULL,'1',NULL,NULL,NULL),(2,'B',2103025.00,175252.00,'No Excluida','0',45,5000,230178.48,957.27,957.27,2411.36,3061.75,6430.38,6430.38,NULL,'2018-01-01',NULL,'1',NULL,NULL,NULL),(3,'C',2944235.00,245352.00,'No Excluida','0',60,6700,460356.93,1636.83,1512.56,2652.52,3061.75,7351.10,7226.83,NULL,'2018-01-01',NULL,'1',NULL,NULL,NULL),(4,'D',3656604.00,304717.00,'No Excluida','0',85,10000,460356.93,2689.05,2484.46,2917.75,3638.26,9245.06,9040.47,NULL,'2018-01-01',NULL,'1',NULL,NULL,NULL),(5,'E',4305799.00,358816.00,'No Excluida','0',110,13000,573619.32,5115.04,3967.80,3209.55,4452.02,12776.61,11629.37,NULL,'2018-01-01',NULL,'1',NULL,NULL,NULL),(6,'F',5382248.00,448520.00,'No Excluida','0',150,16500,575446.12,7036.89,5180.81,3530.49,5145.02,15712.40,13856.32,NULL,'2018-01-01',NULL,'1',NULL,NULL,NULL),(7,'G',6458698.00,538224.00,'No Excluida','0',200,20000,690535.39,8951.39,6459.54,3883.53,5512.52,18347.44,15855.59,NULL,'2018-01-01',NULL,'1',NULL,NULL,NULL),(8,'H',7996484.00,666373.00,'No Excluida','0',200,20000,920713.84,20460.26,15856.76,4271.88,6615.02,31347.16,26743.66,NULL,'2018-01-01',NULL,'1',NULL,NULL,NULL),(9,'I',8949911.00,745825.00,'Venta de Bs Muebles','0',200,20000,920713.84,NULL,25575.36,4699.08,8190.03,NULL,38464.47,NULL,'2018-01-01',NULL,'1',NULL,NULL,NULL),(10,'J',10257028.00,854752.00,'Venta de Bs Muebles','0',200,20000,920713.84,NULL,30054.72,5169.03,9166.53,NULL,44390.28,NULL,'2018-01-01',NULL,'1',NULL,NULL,NULL),(11,'K',11379612.00,948301.00,'Venta de Bs Muebles','0',200,20000,920713.84,NULL,34526.76,5685.87,10505.29,NULL,50717.92,NULL,'2018-01-01',NULL,'1',NULL,NULL,NULL),(12,'Monotributo Social',1414762.00,117896.00,'No Excluida','0',0,0,0.00,0.00,0.00,0.00,0.00,0.00,0.00,NULL,'2018-01-01',NULL,'1','2020-02-27 02:46:40','2020-02-27 02:46:40',NULL),(13,'A Exento',1414762.00,117896.00,NULL,NULL,NULL,NULL,230178.48,0.00,0.00,2192.15,3061.75,5253.90,5253.90,'',NULL,NULL,'0',NULL,NULL,NULL),(14,'B Exento',2103025.00,175252.00,NULL,NULL,NULL,NULL,230178.48,0.00,0.00,2411.36,3061.75,5473.11,5473.11,'',NULL,NULL,'0',NULL,NULL,NULL);

--
-- Table structure for table `charlas_details`
--

CREATE TABLE `charlas_details` (
  `id` int(10) unsigned NOT NULL AUTO_INCREMENT,
  `user_id` int(10) unsigned DEFAULT NULL,
  `charla` longtext COLLATE utf8mb4_unicode_ci NOT NULL,
  `person_id` int(10) unsigned NOT NULL,
  `status` int(10) unsigned NOT NULL DEFAULT '1',
  `created_at` timestamp NULL DEFAULT NULL,
  `updated_at` timestamp NULL DEFAULT NULL,
  `deleted_at` timestamp NULL DEFAULT NULL,
  PRIMARY KEY (`id`),
  KEY `charlas_details_person_id_foreign` (`person_id`),
  CONSTRAINT `charlas_details_person_id_foreign` FOREIGN KEY (`person_id`) REFERENCES `persons` (`id`)
) ENGINE=InnoDB DEFAULT CHARSET=utf8mb4 COLLATE=utf8mb4_unicode_ci;

--
-- Dumping data for table `charlas_details`
--

DELIMITER ;;
/*!50003 CREATE*/ /*!50017 DEFINER=`forge`@`%`*/ /*!50003 TRIGGER `CharlaDetail_BD` BEFORE DELETE ON `charlas_details` FOR EACH ROW insert into back_up_charlas_details (charla,person_id,modificado)
values(old.charla,old.person_id,now()) */;;
DELIMITER ;

--
-- Table structure for table `chequeras_tipos`
--

CREATE TABLE `chequeras_tipos` (
  `id` int(10) unsigned NOT NULL AUTO_INCREMENT,
  `user_id` int(10) unsigned DEFAULT NULL,
  `descripcion` text COLLATE utf8mb4_unicode_ci NOT NULL,
  `habilitado` tinyint(1) NOT NULL DEFAULT '1',
  `created_at` timestamp NULL DEFAULT NULL,
  `updated_at` timestamp NULL DEFAULT NULL,
  `deleted_at` timestamp NULL DEFAULT NULL,
  PRIMARY KEY (`id`)
) ENGINE=InnoDB AUTO_INCREMENT=4 DEFAULT CHARSET=utf8mb4 COLLATE=utf8mb4_unicode_ci;

--
-- Dumping data for table `chequeras_tipos`
--

INSERT INTO `chequeras_tipos` VALUES (1,NULL,'Fisica',1,NULL,NULL,NULL),(2,NULL,'Electronica',1,NULL,NULL,NULL),(3,NULL,'Transferencias',1,NULL,NULL,NULL);

--
-- Table structure for table `cheques_transfer_emitidas`
--

CREATE TABLE `cheques_transfer_emitidas` (
  `id` bigint(20) unsigned NOT NULL AUTO_INCREMENT,
  `user_id` int(10) unsigned DEFAULT NULL,
  `person_id` int(10) unsigned NOT NULL,
  `cta_cte_cliente_detail_id` int(10) unsigned DEFAULT NULL,
  `cta_cte_tesoreria_detail_id` int(10) unsigned DEFAULT NULL,
  `cta_cte_tesoreria_cuenta_id` int(10) unsigned NOT NULL,
  `cta_cte_tesoreria_banco_cheq_id` int(10) unsigned NOT NULL,
  `fecha_emision` date NOT NULL,
  `fecha_cobro` date NOT NULL,
  `numero_cheque` int(11) NOT NULL,
  `importe` decimal(16,2) NOT NULL DEFAULT '0.00',
  `created_at` timestamp NULL DEFAULT NULL,
  `updated_at` timestamp NULL DEFAULT NULL,
  `deleted_at` timestamp NULL DEFAULT NULL,
  PRIMARY KEY (`id`),
  KEY `cheques_transfer_emitidas_person_id_foreign` (`person_id`),
  KEY `cheques_transfer_emitidas_cta_cte_cliente_detail_id_foreign` (`cta_cte_cliente_detail_id`),
  KEY `cheques_transfer_emitidas_cta_cte_tesoreria_detail_id_foreign` (`cta_cte_tesoreria_detail_id`),
  KEY `cheques_transfer_emitidas_cta_cte_tesoreria_cuenta_id_foreign` (`cta_cte_tesoreria_cuenta_id`),
  KEY `cte_tes_ban_che_id_foreign` (`cta_cte_tesoreria_banco_cheq_id`),
  CONSTRAINT `cheques_transfer_emitidas_cta_cte_cliente_detail_id_foreign` FOREIGN KEY (`cta_cte_cliente_detail_id`) REFERENCES `cta_cte_cliente_details` (`id`),
  CONSTRAINT `cheques_transfer_emitidas_cta_cte_tesoreria_cuenta_id_foreign` FOREIGN KEY (`cta_cte_tesoreria_cuenta_id`) REFERENCES `cta_cte_tesoreria_cuentas` (`id`),
  CONSTRAINT `cheques_transfer_emitidas_cta_cte_tesoreria_detail_id_foreign` FOREIGN KEY (`cta_cte_tesoreria_detail_id`) REFERENCES `cta_cte_tesoreria_detail` (`id`),
  CONSTRAINT `cheques_transfer_emitidas_person_id_foreign` FOREIGN KEY (`person_id`) REFERENCES `persons` (`id`),
  CONSTRAINT `cte_tes_ban_che_id_foreign` FOREIGN KEY (`cta_cte_tesoreria_banco_cheq_id`) REFERENCES `cta_cte_tesoreria_banco_cheq` (`id`)
) ENGINE=InnoDB DEFAULT CHARSET=utf8mb4 COLLATE=utf8mb4_unicode_ci;

--
-- Dumping data for table `cheques_transfer_emitidas`
--


--
-- Table structure for table `claves`
--

CREATE TABLE `claves` (
  `id` int(10) unsigned NOT NULL AUTO_INCREMENT,
  `user_id` int(10) unsigned DEFAULT NULL,
  `name` varchar(255) COLLATE utf8mb4_unicode_ci NOT NULL,
  `created_at` timestamp NULL DEFAULT NULL,
  `updated_at` timestamp NULL DEFAULT NULL,
  `deleted_at` timestamp NULL DEFAULT NULL,
  PRIMARY KEY (`id`)
) ENGINE=InnoDB AUTO_INCREMENT=44 DEFAULT CHARSET=utf8mb4 COLLATE=utf8mb4_unicode_ci;

--
-- Dumping data for table `claves`
--

INSERT INTO `claves` VALUES (1,8213,'clave de afip',NULL,'2022-12-13 21:33:21',NULL),(2,NULL,'Clave Ciudad',NULL,NULL,NULL),(3,NULL,'Clave ARBA',NULL,NULL,NULL),(4,NULL,'Clave ANSES',NULL,NULL,NULL),(5,NULL,'Catedral',NULL,NULL,NULL),(6,NULL,'CEMIBA',NULL,NULL,NULL),(7,NULL,'COMPRA ARG',NULL,NULL,NULL),(8,NULL,'Consejo Ciencias Economicas',NULL,NULL,NULL),(9,NULL,'Correo',NULL,NULL,NULL),(10,NULL,'CUR',NULL,NULL,NULL),(11,NULL,'Firma Digital',NULL,NULL,NULL),(12,NULL,'Interbanking',NULL,NULL,NULL),(13,NULL,'Banco Citibank',NULL,NULL,NULL),(14,NULL,'Banco Ciudad',NULL,NULL,NULL),(15,NULL,'Banco Frances',NULL,NULL,NULL),(16,NULL,'Banco Galicia',NULL,NULL,NULL),(17,NULL,'Banco HSBC',NULL,NULL,NULL),(18,NULL,'Banco Itau',NULL,NULL,NULL),(19,NULL,'Banco Nacion',NULL,NULL,NULL),(20,NULL,'Banco Macro',NULL,NULL,NULL),(21,NULL,'Banco Patagonia',NULL,NULL,NULL),(22,NULL,'Banco Provincia',NULL,NULL,NULL),(23,NULL,'Banco Santander',NULL,NULL,NULL),(24,NULL,'Banco Supervielle',NULL,NULL,NULL),(25,NULL,'Seguridad e Higiene',NULL,NULL,NULL),(26,NULL,'Sindicato - ANSES',NULL,NULL,NULL),(27,NULL,'Sindicato - AOT',NULL,NULL,NULL),(28,NULL,'Sindicato - ATSA',NULL,NULL,NULL),(29,NULL,'Sindicato - Camioneros',NULL,NULL,NULL),(30,NULL,'Sindicato - Guinchero',NULL,NULL,NULL),(31,NULL,'Sindicato - IERIC',NULL,NULL,NULL),(32,NULL,'Sindicato - La Estrella',NULL,NULL,NULL),(33,NULL,'Sindicato - Nemesis',NULL,NULL,NULL),(34,NULL,'Sindicato - Pasta',NULL,NULL,NULL),(35,NULL,'Sindicato - SEC',NULL,NULL,NULL),(36,NULL,'Sindicato - SICOP',NULL,NULL,NULL),(37,NULL,'Sindicato - SOCAYA',NULL,NULL,NULL),(38,NULL,'Sindicato - UTHGRA',NULL,NULL,NULL),(39,NULL,'Sindicato - INACAP',NULL,NULL,NULL),(40,NULL,'Sindicato - Otro',NULL,NULL,NULL),(41,NULL,'Otra',NULL,NULL,NULL),(42,NULL,'Prisma - Firma Digital',NULL,NULL,NULL),(43,NULL,'Sindicato - FATSA',NULL,NULL,NULL);

--
-- Table structure for table `claves_details`
--

CREATE TABLE `claves_details` (
  `id` int(10) unsigned NOT NULL AUTO_INCREMENT,
  `user_id` int(10) unsigned DEFAULT NULL,
  `clave` varchar(255) COLLATE utf8mb4_unicode_ci DEFAULT NULL,
  `valor` varchar(255) COLLATE utf8mb4_unicode_ci NOT NULL,
  `comentario` varchar(255) COLLATE utf8mb4_unicode_ci DEFAULT NULL,
  `clave_id` int(10) unsigned NOT NULL,
  `person_id` int(10) unsigned NOT NULL,
  `status` int(10) unsigned NOT NULL DEFAULT '1',
  `created_at` timestamp NULL DEFAULT NULL,
  `updated_at` timestamp NULL DEFAULT NULL,
  `deleted_at` timestamp NULL DEFAULT NULL,
  PRIMARY KEY (`id`),
  KEY `claves_details_clave_id_foreign` (`clave_id`),
  KEY `claves_details_person_id_foreign` (`person_id`),
  CONSTRAINT `claves_details_clave_id_foreign` FOREIGN KEY (`clave_id`) REFERENCES `claves` (`id`),
  CONSTRAINT `claves_details_person_id_foreign` FOREIGN KEY (`person_id`) REFERENCES `persons` (`id`)
) ENGINE=InnoDB AUTO_INCREMENT=14 DEFAULT CHARSET=utf8mb4 COLLATE=utf8mb4_unicode_ci;

--
-- Dumping data for table `claves_details`
--

INSERT INTO `claves_details` VALUES (10,8213,'clave de afip','Plottier09',NULL,1,40719,1,'2022-12-13 21:38:48','2022-12-13 21:38:48',NULL),(13,8213,'clave fiscal','Plottier338','CORREO',1,40728,1,'2022-12-14 13:56:55','2022-12-14 13:56:55',NULL);
DELIMITER ;;
/*!50003 CREATE*/ /*!50017 DEFINER=`forge`@`%`*/ /*!50003 TRIGGER `ClavesDetail_BD` BEFORE DELETE ON `claves_details` FOR EACH ROW insert into back_up_claves_details (clave,valor,comentario,clave_id,person_id,modificado)
values(old.clave,old.valor,old.comentario,old.clave_id,old.person_id,now()) */;;
DELIMITER ;

--
-- Table structure for table `claves_mails`
--

CREATE TABLE `claves_mails` (
  `id` int(10) unsigned NOT NULL AUTO_INCREMENT,
  `description` varchar(180) COLLATE utf8mb4_unicode_ci NOT NULL,
  `class` int(10) unsigned NOT NULL,
  `class_description` varchar(180) COLLATE utf8mb4_unicode_ci NOT NULL,
  `path` varchar(255) COLLATE utf8mb4_unicode_ci DEFAULT NULL,
  `created_at` timestamp NULL DEFAULT NULL,
  `updated_at` timestamp NULL DEFAULT NULL,
  PRIMARY KEY (`id`)
) ENGINE=InnoDB AUTO_INCREMENT=6 DEFAULT CHARSET=utf8mb4 COLLATE=utf8mb4_unicode_ci;

--
-- Dumping data for table `claves_mails`
--

INSERT INTO `claves_mails` VALUES (1,'Listado de Claves',1,'Claves','claves_mails/claves_listado',NULL,NULL),(3,'Listado de Mails',2,'Mails','claves_mails/mails_listado',NULL,NULL),(5,'Listado de Charlas',3,'Charlas','claves_mails/charlas_listado',NULL,NULL);

--
-- Table structure for table `cm_articulos_regimenes`
--

CREATE TABLE `cm_articulos_regimenes` (
  `id` int(10) unsigned NOT NULL AUTO_INCREMENT,
  `user_id` int(11) DEFAULT NULL,
  `descripcion` longtext COLLATE utf8mb4_unicode_ci,
  `codigo` int(11) DEFAULT NULL,
  `habilitado` tinyint(1) NOT NULL DEFAULT '0',
  `created_at` timestamp NULL DEFAULT NULL,
  `updated_at` timestamp NULL DEFAULT NULL,
  `deleted_at` timestamp NULL DEFAULT NULL,
  PRIMARY KEY (`id`)
) ENGINE=InnoDB AUTO_INCREMENT=11 DEFAULT CHARSET=utf8mb4 COLLATE=utf8mb4_unicode_ci;

--
-- Dumping data for table `cm_articulos_regimenes`
--

INSERT INTO `cm_articulos_regimenes` VALUES (1,NULL,'Articulo 2',2,1,'2022-12-12 09:16:15','2022-12-12 09:16:16',NULL),(2,NULL,'Articulo 6',6,0,'2022-12-12 09:16:15','2022-12-12 09:16:16',NULL),(3,NULL,'Articulo 7',7,0,'2022-12-12 09:16:15','2022-12-12 09:16:16',NULL),(4,NULL,'Articulo 8',8,0,'2022-12-12 09:16:15','2022-12-12 09:16:16',NULL),(5,NULL,'Articulo 9',9,0,'2022-12-12 09:16:15','2022-12-12 09:16:16',NULL),(6,NULL,'Articulo 10',10,0,'2022-12-12 09:16:15','2022-12-12 09:16:16',NULL),(7,NULL,'Articulo 11',11,0,'2022-12-12 09:16:15','2022-12-12 09:16:16',NULL),(8,NULL,'Articulo 12',12,0,'2022-12-12 09:16:15','2022-12-12 09:16:16',NULL),(9,NULL,'Articulo 13',13,0,'2022-12-12 09:16:15','2022-12-12 09:16:16',NULL),(10,NULL,'Articulo 14',14,1,'2022-12-12 09:16:15','2022-12-12 09:16:16',NULL);

--
-- Table structure for table `cobradores`
--

CREATE TABLE `cobradores` (
  `id` bigint(20) unsigned NOT NULL AUTO_INCREMENT,
  `descripcion` text COLLATE utf8mb4_unicode_ci NOT NULL,
  `habilitado` tinyint(1) NOT NULL DEFAULT '1',
  `created_at` timestamp NULL DEFAULT NULL,
  `updated_at` timestamp NULL DEFAULT NULL,
  `deleted_at` timestamp NULL DEFAULT NULL,
  PRIMARY KEY (`id`)
) ENGINE=InnoDB DEFAULT CHARSET=utf8mb4 COLLATE=utf8mb4_unicode_ci;

--
-- Dumping data for table `cobradores`
--


--
-- Table structure for table `condicion_frente_al_iva`
--

CREATE TABLE `condicion_frente_al_iva` (
  `id` int(10) unsigned NOT NULL AUTO_INCREMENT,
  `user_id` int(10) unsigned DEFAULT NULL,
  `codigo_afip` int(11) DEFAULT NULL,
  `descripcion` text COLLATE utf8mb4_unicode_ci NOT NULL,
  `show_comprobantes_a` tinyint(1) NOT NULL DEFAULT '0',
  `show_comprobantes_b` tinyint(1) NOT NULL DEFAULT '0',
  `habilitado` tinyint(1) NOT NULL DEFAULT '1',
  `created_at` timestamp NULL DEFAULT NULL,
  `updated_at` timestamp NULL DEFAULT NULL,
  `deleted_at` timestamp NULL DEFAULT NULL,
  PRIMARY KEY (`id`)
) ENGINE=InnoDB AUTO_INCREMENT=17 DEFAULT CHARSET=utf8mb4 COLLATE=utf8mb4_unicode_ci;

--
-- Dumping data for table `condicion_frente_al_iva`
--

INSERT INTO `condicion_frente_al_iva` VALUES (1,NULL,1,'IVA Responsable Inscripto',1,0,1,NULL,NULL,NULL),(2,NULL,2,'IVA Responsable no Inscripto',0,0,1,NULL,NULL,NULL),(3,NULL,3,'IVA no Responsable',0,0,1,NULL,NULL,NULL),(4,NULL,4,'IVA Sujeto Exento',0,1,1,NULL,NULL,NULL),(5,NULL,5,'Consumidor Final',0,1,1,NULL,NULL,NULL),(6,NULL,6,'Responsable Monotributo',1,0,1,NULL,NULL,NULL),(7,NULL,7,'Sujeto no Categorizado',0,1,1,NULL,NULL,NULL),(8,NULL,8,'Proveedor del Exterior',0,1,1,NULL,NULL,NULL),(9,NULL,9,'Cliente del Exterior',0,1,1,NULL,NULL,NULL),(10,NULL,10,'IVA Liberado – Ley Nº 19.640',0,1,1,NULL,NULL,NULL),(11,NULL,11,'IVA Responsable Inscripto – Agente de Percepción',0,0,1,NULL,NULL,NULL),(12,NULL,12,'Pequeño Contribuyente Eventual',0,0,1,NULL,NULL,NULL),(13,NULL,13,'Monotributista Social',1,0,1,NULL,NULL,NULL),(14,NULL,14,'Pequeño Contribuyente Eventual Social',0,0,1,NULL,NULL,NULL),(15,NULL,NULL,'Monotributista Trabajador Independiente Promovido',1,0,1,NULL,NULL,NULL),(16,NULL,NULL,'IVA No Alcanzado',0,1,1,NULL,NULL,NULL);

--
-- Table structure for table `condiciones_venta`
--

CREATE TABLE `condiciones_venta` (
  `id` int(10) unsigned NOT NULL AUTO_INCREMENT,
  `descripcion` varchar(100) COLLATE utf8mb4_unicode_ci NOT NULL,
  `created_at` timestamp NULL DEFAULT NULL,
  `updated_at` timestamp NULL DEFAULT NULL,
  PRIMARY KEY (`id`)
) ENGINE=InnoDB AUTO_INCREMENT=9 DEFAULT CHARSET=utf8mb4 COLLATE=utf8mb4_unicode_ci;

--
-- Dumping data for table `condiciones_venta`
--

INSERT INTO `condiciones_venta` VALUES (1,'Contado',NULL,NULL),(2,'Tarjeta de Debito',NULL,NULL),(3,'Tarjeta de Credito',NULL,NULL),(4,'Cuenta Corriente',NULL,NULL),(5,'Cheque',NULL,NULL),(6,'Ticket',NULL,NULL),(7,'Transferencia',NULL,NULL),(8,'Otra',NULL,NULL);

--
-- Table structure for table `consultas`
--

CREATE TABLE `consultas` (
  `id` int(10) unsigned NOT NULL AUTO_INCREMENT,
  `user_id` int(11) DEFAULT NULL,
  `descripcion` varchar(191) COLLATE utf8mb4_unicode_ci DEFAULT NULL,
  `habilitado` tinyint(1) NOT NULL DEFAULT '1',
  `created_at` timestamp NULL DEFAULT NULL,
  `updated_at` timestamp NULL DEFAULT NULL,
  `deleted_at` timestamp NULL DEFAULT NULL,
  PRIMARY KEY (`id`)
) ENGINE=InnoDB AUTO_INCREMENT=4 DEFAULT CHARSET=utf8mb4 COLLATE=utf8mb4_unicode_ci;

--
-- Dumping data for table `consultas`
--

INSERT INTO `consultas` VALUES (1,NULL,'Estado Liquidaciones',1,NULL,NULL,NULL),(2,NULL,'Consumo',1,NULL,NULL,NULL),(3,NULL,'Resultado Liquidacion Hijas',1,'2023-03-12 23:46:55','2023-03-12 23:46:55',NULL);

--
-- Table structure for table `consultas_aux`
--

CREATE TABLE `consultas_aux` (
  `id` int(10) unsigned NOT NULL AUTO_INCREMENT,
  `user_id` int(11) DEFAULT NULL,
  `consulta_id` int(10) unsigned NOT NULL,
  `person_id` int(10) unsigned DEFAULT NULL,
  `descripcion` longtext COLLATE utf8mb4_unicode_ci,
  `estado` tinyint(1) NOT NULL DEFAULT '0',
  `created_at` timestamp NULL DEFAULT NULL,
  `updated_at` timestamp NULL DEFAULT NULL,
  `deleted_at` timestamp NULL DEFAULT NULL,
  PRIMARY KEY (`id`),
  KEY `consultas_aux_consulta_id_foreign` (`consulta_id`),
  KEY `consultas_aux_person_id_foreign` (`person_id`),
  CONSTRAINT `consultas_aux_consulta_id_foreign` FOREIGN KEY (`consulta_id`) REFERENCES `consultas` (`id`),
  CONSTRAINT `consultas_aux_person_id_foreign` FOREIGN KEY (`person_id`) REFERENCES `persons` (`id`)
) ENGINE=InnoDB AUTO_INCREMENT=3 DEFAULT CHARSET=utf8mb4 COLLATE=utf8mb4_unicode_ci;

--
-- Dumping data for table `consultas_aux`
--

INSERT INTO `consultas_aux` VALUES (2,NULL,1,NULL,'[{\"id\":40728,\"user_id\":8213,\"field_name1\":\"ALVAREZ MARCELO ALBERTO\",\"field_name2\":null,\"document_type\":\"cuit\",\"document\":\"20-18445281-3\",\"cond_frente_al_iva_id\":null,\"country_id\":null,\"state_id\":null,\"zone_id\":null,\"plan_cuenta_id\":null,\"iva_creditos_tipo_id\":null,\"created_at\":\"2022-12-12T20:08:48.000000Z\",\"updated_at\":\"2022-12-12T20:08:48.000000Z\",\"activity_id\":null,\"address\":\"AVDA 12 DE DICIEMBRE 0\\r\\nPICUN LEUFU\",\"person_type_id\":1,\"fa_iva_condition_id\":null,\"fa_codigo_postal\":null,\"email\":null,\"deleted_at\":null,\"status_liq_iva\":\"Pendiente\",\"status_liq_iibb\":\"Pendiente\",\"estado\":\"INCOMPLETO\",\"otros\":\"\",\"configuration\":[{\"id\":11,\"user_id\":8213,\"person_id\":40728,\"period_id\":null,\"zone_id\":null,\"settle_calc_by_coef\":0,\"created_at\":\"2022-12-12T20:08:48.000000Z\",\"updated_at\":\"2022-12-12T22:49:20.000000Z\",\"active\":2,\"enviarMail\":1,\"honorario\":\"0.00\",\"cta_cte_tesoreria_cuenta_id\":null,\"month_close\":12,\"iva_condition_id\":2,\"obligation_sell\":1,\"obligation_buy\":1,\"obligation_iva\":1,\"obligation_electronic_receipt\":1,\"obligation_iibb\":3,\"obligation_other_taxes\":null,\"liquidation_start_period\":\"2022-11\",\"obligation_salaries\":0,\"empleada_domestica\":0,\"prorratear_iva\":0,\"is_itc\":0,\"priority_order\":1,\"person_id_administrador\":40728,\"person_id_titular\":40728,\"logo_path\":null,\"certificado_afip_path\":null,\"llave_afip_path\":null,\"access_electronic_receipt\":0,\"ruta_logo_fa\":null,\"inicio_actividades\":\"2018-09-01T03:00:00.000000Z\",\"iibb\":\"18531309\",\"fe_leyenda\":null,\"atencion_iva\":0,\"atencion_iva_comentario\":null,\"atencion_iibb\":0,\"atencion_iibb_comentario\":null,\"deleted_at\":null}],\"liquidador\":{\"id\":10,\"user_id\":8213,\"person_id\":40728,\"liquidator_id\":8,\"created_at\":\"2022-12-12T22:49:20.000000Z\",\"updated_at\":\"2022-12-12T22:49:20.000000Z\",\"deleted_at\":null,\"liquidador\":{\"id\":8,\"user_id\":8213,\"name\":\"Pablo\",\"created_at\":\"2022-12-12T16:25:41.000000Z\",\"updated_at\":\"2022-12-12T16:25:41.000000Z\",\"deleted_at\":null}},\"periods\":[{\"id\":13542,\"user_id\":null,\"code\":\"2022-11\",\"year\":2022,\"period_number\":11,\"date_from\":\"2022-11-01\",\"date_to\":\"2022-11-30\",\"created_at\":null,\"updated_at\":null,\"person_id\":40728,\"conta_status\":0,\"deleted_at\":null,\"syj_periods_status_id\":1,\"syj_sin_asiento\":0,\"syj_asiento_modificado\":0,\"syj_periods_status_emp_dom_id\":1,\"syj_periods_status_emp_dom\":{\"id\":1,\"user_id\":null,\"descripcion\":\"Sin Usar\",\"habilitado\":1,\"created_at\":null,\"updated_at\":null,\"deleted_at\":null},\"syj_periods_status\":{\"id\":1,\"user_id\":null,\"descripcion\":\"Sin Usar\",\"habilitado\":1,\"created_at\":null,\"updated_at\":null,\"deleted_at\":null}}]}]',1,'2022-12-13 19:15:57','2022-12-13 19:15:58',NULL);

--
-- Table structure for table `conta_asientos`
--

CREATE TABLE `conta_asientos` (
  `id` int(10) unsigned NOT NULL AUTO_INCREMENT,
  `user_id` int(10) unsigned DEFAULT NULL,
  `person_id` int(10) unsigned DEFAULT NULL,
  `period_id` int(10) unsigned DEFAULT NULL,
  `tipo_asiento_id` int(10) unsigned NOT NULL,
  `debe_cta_cte_tesoreria_cuenta_id` int(10) unsigned DEFAULT NULL,
  `haber_cta_cte_tesoreria_cuenta_id` int(10) unsigned DEFAULT NULL,
  `ctactecheque_id` int(10) unsigned DEFAULT NULL,
  `num_asiento` int(11) DEFAULT NULL,
  `fecha_registracion` date DEFAULT NULL,
  `fecha_vencimiento` date DEFAULT NULL,
  `total` decimal(16,2) NOT NULL,
  `adjunto` text COLLATE utf8mb4_unicode_ci,
  `comentario` varchar(255) COLLATE utf8mb4_unicode_ci DEFAULT NULL,
  `radioChecked` int(11) DEFAULT NULL,
  `status` int(11) NOT NULL DEFAULT '1',
  `CuentaTipo_id` int(10) unsigned DEFAULT NULL,
  `CentroCosto_id` int(10) unsigned DEFAULT NULL,
  `pagado` int(10) unsigned DEFAULT NULL,
  `created_at` timestamp NULL DEFAULT NULL,
  `updated_at` timestamp NULL DEFAULT NULL,
  `deleted_at` timestamp NULL DEFAULT NULL,
  PRIMARY KEY (`id`),
  KEY `conta_asientos_person_id_foreign` (`person_id`),
  KEY `conta_asientos_period_id_foreign` (`period_id`),
  KEY `conta_asientos_tipo_asiento_id_foreign` (`tipo_asiento_id`),
  KEY `conta_asientos_cuentatipo_id_foreign` (`CuentaTipo_id`),
  KEY `conta_asientos_centrocosto_id_foreign` (`CentroCosto_id`),
  KEY `conta_asientos_ctactecheque_id_foreign` (`ctactecheque_id`),
  KEY `conta_asientos_haber_cta_cte_tesoreria_cuenta_id_foreign` (`haber_cta_cte_tesoreria_cuenta_id`),
  KEY `conta_asientos_debe_cta_cte_tesoreria_cuenta_id_foreign` (`debe_cta_cte_tesoreria_cuenta_id`),
  CONSTRAINT `conta_asientos_centrocosto_id_foreign` FOREIGN KEY (`CentroCosto_id`) REFERENCES `ctactegastos_centrocosto` (`id`),
  CONSTRAINT `conta_asientos_ctactecheque_id_foreign` FOREIGN KEY (`ctactecheque_id`) REFERENCES `ctacte_cheques` (`id`),
  CONSTRAINT `conta_asientos_cuentatipo_id_foreign` FOREIGN KEY (`CuentaTipo_id`) REFERENCES `ctactegastos_cuenta_tipo` (`idCuentaTipo`),
  CONSTRAINT `conta_asientos_debe_cta_cte_tesoreria_cuenta_id_foreign` FOREIGN KEY (`debe_cta_cte_tesoreria_cuenta_id`) REFERENCES `cta_cte_tesoreria_cuentas` (`id`),
  CONSTRAINT `conta_asientos_haber_cta_cte_tesoreria_cuenta_id_foreign` FOREIGN KEY (`haber_cta_cte_tesoreria_cuenta_id`) REFERENCES `cta_cte_tesoreria_cuentas` (`id`),
  CONSTRAINT `conta_asientos_period_id_foreign` FOREIGN KEY (`period_id`) REFERENCES `periods` (`id`),
  CONSTRAINT `conta_asientos_person_id_foreign` FOREIGN KEY (`person_id`) REFERENCES `persons` (`id`),
  CONSTRAINT `conta_asientos_tipo_asiento_id_foreign` FOREIGN KEY (`tipo_asiento_id`) REFERENCES `conta_tipo_asientos` (`id`)
) ENGINE=InnoDB DEFAULT CHARSET=utf8mb4 COLLATE=utf8mb4_unicode_ci;

--
-- Dumping data for table `conta_asientos`
--


--
-- Table structure for table `conta_asientos_details`
--

CREATE TABLE `conta_asientos_details` (
  `id` int(10) unsigned NOT NULL AUTO_INCREMENT,
  `user_id` int(10) unsigned DEFAULT NULL,
  `conta_asiento_id` int(10) unsigned NOT NULL,
  `person_id` int(10) unsigned DEFAULT NULL,
  `period_id` int(10) unsigned DEFAULT NULL,
  `tipo_asiento_id` int(10) unsigned NOT NULL,
  `cta_cte_tesoreria_cuenta_id` int(10) unsigned DEFAULT NULL,
  `saldo_id` int(10) unsigned NOT NULL,
  `monto` decimal(16,2) NOT NULL,
  `created_at` timestamp NULL DEFAULT NULL,
  `updated_at` timestamp NULL DEFAULT NULL,
  `deleted_at` timestamp NULL DEFAULT NULL,
  PRIMARY KEY (`id`),
  KEY `conta_asientos_details_conta_asiento_id_foreign` (`conta_asiento_id`),
  KEY `conta_asientos_details_person_id_foreign` (`person_id`),
  KEY `conta_asientos_details_period_id_foreign` (`period_id`),
  KEY `conta_asientos_details_tipo_asiento_id_foreign` (`tipo_asiento_id`),
  KEY `conta_asientos_details_saldo_id_foreign` (`saldo_id`),
  KEY `conta_asientos_details_cta_cte_tesoreria_cuenta_id_foreign` (`cta_cte_tesoreria_cuenta_id`),
  CONSTRAINT `conta_asientos_details_conta_asiento_id_foreign` FOREIGN KEY (`conta_asiento_id`) REFERENCES `conta_asientos` (`id`),
  CONSTRAINT `conta_asientos_details_cta_cte_tesoreria_cuenta_id_foreign` FOREIGN KEY (`cta_cte_tesoreria_cuenta_id`) REFERENCES `cta_cte_tesoreria_cuentas` (`id`),
  CONSTRAINT `conta_asientos_details_period_id_foreign` FOREIGN KEY (`period_id`) REFERENCES `periods` (`id`),
  CONSTRAINT `conta_asientos_details_person_id_foreign` FOREIGN KEY (`person_id`) REFERENCES `persons` (`id`),
  CONSTRAINT `conta_asientos_details_saldo_id_foreign` FOREIGN KEY (`saldo_id`) REFERENCES `conta_tipo_saldos` (`id`),
  CONSTRAINT `conta_asientos_details_tipo_asiento_id_foreign` FOREIGN KEY (`tipo_asiento_id`) REFERENCES `conta_tipo_asientos` (`id`)
) ENGINE=InnoDB DEFAULT CHARSET=utf8mb4 COLLATE=utf8mb4_unicode_ci;

--
-- Dumping data for table `conta_asientos_details`
--


--
-- Table structure for table `conta_centro_costo_plan_cuenta`
--

CREATE TABLE `conta_centro_costo_plan_cuenta` (
  `id` bigint(20) unsigned NOT NULL AUTO_INCREMENT,
  `user_id` int(10) unsigned DEFAULT NULL,
  `conta_centro_costo_id` bigint(20) unsigned DEFAULT NULL,
  `conta_plan_cuenta_id` int(10) unsigned NOT NULL,
  `created_at` timestamp NULL DEFAULT NULL,
  `updated_at` timestamp NULL DEFAULT NULL,
  `deleted_at` timestamp NULL DEFAULT NULL,
  PRIMARY KEY (`id`),
  KEY `conta_centro_costo_plan_cuenta_conta_centro_costo_id_foreign` (`conta_centro_costo_id`),
  KEY `conta_centro_costo_plan_cuenta_conta_plan_cuenta_id_foreign` (`conta_plan_cuenta_id`),
  CONSTRAINT `conta_centro_costo_plan_cuenta_conta_centro_costo_id_foreign` FOREIGN KEY (`conta_centro_costo_id`) REFERENCES `conta_centro_costos` (`id`),
  CONSTRAINT `conta_centro_costo_plan_cuenta_conta_plan_cuenta_id_foreign` FOREIGN KEY (`conta_plan_cuenta_id`) REFERENCES `conta_plan_cuenta` (`id`)
) ENGINE=InnoDB DEFAULT CHARSET=utf8mb4 COLLATE=utf8mb4_unicode_ci;

--
-- Dumping data for table `conta_centro_costo_plan_cuenta`
--


--
-- Table structure for table `conta_centro_costos`
--

CREATE TABLE `conta_centro_costos` (
  `id` bigint(20) unsigned NOT NULL AUTO_INCREMENT,
  `user_id` int(10) unsigned DEFAULT NULL,
  `person_id` int(10) unsigned NOT NULL,
  `descripcion` text COLLATE utf8mb4_unicode_ci NOT NULL,
  `habilitado` tinyint(1) NOT NULL DEFAULT '1',
  `created_at` timestamp NULL DEFAULT NULL,
  `updated_at` timestamp NULL DEFAULT NULL,
  `deleted_at` timestamp NULL DEFAULT NULL,
  PRIMARY KEY (`id`),
  KEY `conta_centro_costos_person_id_foreign` (`person_id`),
  CONSTRAINT `conta_centro_costos_person_id_foreign` FOREIGN KEY (`person_id`) REFERENCES `persons` (`id`)
) ENGINE=InnoDB DEFAULT CHARSET=utf8mb4 COLLATE=utf8mb4_unicode_ci;

--
-- Dumping data for table `conta_centro_costos`
--


--
-- Table structure for table `conta_plan_cuenta`
--

CREATE TABLE `conta_plan_cuenta` (
  `id` int(10) unsigned NOT NULL AUTO_INCREMENT,
  `user_id` int(10) unsigned DEFAULT NULL,
  `codigo` int(11) NOT NULL,
  `tipo_cuenta_id` int(10) unsigned NOT NULL,
  `saldo_id` int(10) unsigned NOT NULL,
  `padre` int(11) NOT NULL,
  `nombre` varchar(255) COLLATE utf8mb4_unicode_ci NOT NULL,
  `rubro` varchar(255) COLLATE utf8mb4_unicode_ci DEFAULT NULL,
  `comentario` varchar(255) COLLATE utf8mb4_unicode_ci DEFAULT NULL,
  `status` int(10) unsigned NOT NULL DEFAULT '1',
  `no_editable` int(11) NOT NULL DEFAULT '1',
  `tes_cta_cte` tinyint(1) NOT NULL DEFAULT '0',
  `tes_cuenta_origen` tinyint(1) NOT NULL DEFAULT '0',
  `tes_cuenta_destino` tinyint(1) NOT NULL DEFAULT '0',
  `conta_asientos` tinyint(1) NOT NULL DEFAULT '0',
  `deleted_at` timestamp NULL DEFAULT NULL,
  PRIMARY KEY (`id`),
  KEY `conta_plan_cuenta_tipo_cuenta_id_foreign` (`tipo_cuenta_id`),
  KEY `conta_plan_cuenta_saldo_id_foreign` (`saldo_id`),
  CONSTRAINT `conta_plan_cuenta_saldo_id_foreign` FOREIGN KEY (`saldo_id`) REFERENCES `conta_tipo_saldos` (`id`),
  CONSTRAINT `conta_plan_cuenta_tipo_cuenta_id_foreign` FOREIGN KEY (`tipo_cuenta_id`) REFERENCES `conta_tipo_cuentas` (`id`)
) ENGINE=InnoDB AUTO_INCREMENT=1027 DEFAULT CHARSET=utf8mb4 COLLATE=utf8mb4_unicode_ci;

--
-- Dumping data for table `conta_plan_cuenta`
--

INSERT INTO `conta_plan_cuenta` VALUES (1,NULL,1000000,1,1,0,'ACTIVO','Activo',NULL,1,1,0,0,0,0,NULL),(2,NULL,1100000,2,1,1000000,'ACTIVO CORRIENTE','Activo',NULL,1,1,0,0,0,0,NULL),(3,NULL,1110000,3,1,1100000,'CAJA Y BANCOS','Activo',NULL,1,1,0,0,0,0,NULL),(4,NULL,1110100,4,1,1110000,'CAJAS','Activo',NULL,1,1,0,0,0,0,NULL),(5,NULL,1110101,5,1,1110100,'Caja Oficina','Activo',NULL,0,1,0,0,0,0,NULL),(6,NULL,1110102,5,1,1110100,'Caja Casa','Activo',NULL,0,1,0,0,0,0,NULL),(7,NULL,1110103,5,1,1110100,'Caja Dolares Casa','Activo',NULL,0,1,0,0,0,0,NULL),(8,NULL,1110104,5,1,1110100,'Banco Santander 015-372795/5','Activo',NULL,0,1,0,0,0,0,'2020-12-31 13:34:22'),(9,NULL,1110200,4,1,1110000,'BANCOS','Activo',NULL,1,1,0,0,0,0,NULL),(10,NULL,1110201,5,1,1110200,'Banco Santander Rio Cta Corriente','Activo',NULL,1,2,1,1,1,0,'2020-12-31 13:34:22'),(11,NULL,1110202,5,1,1110200,'Banco Santander Rio Cta Corriente DOLARES','Activo',NULL,1,2,1,1,1,0,'2020-12-31 13:34:22'),(12,NULL,1130000,3,1,1100000,'CREDITOS POR VENTAS','Activo',NULL,1,1,0,0,0,0,NULL),(13,NULL,1130101,5,1,1130100,'Clientes - Deudores','Activo',NULL,1,2,0,0,0,1,NULL),(14,NULL,1130102,5,1,1130100,'Deudores por ventas comunes','Activo',NULL,1,1,0,0,0,1,NULL),(15,NULL,1130103,5,1,1130100,'Deudores por ventas morosos','Activo',NULL,1,1,0,0,0,1,NULL),(16,NULL,1130104,5,1,1130100,'Deudores en gestión judicial','Activo',NULL,1,1,0,0,0,1,NULL),(17,NULL,1130105,5,1,1130100,'Previsión deudores incobrables','Activo',NULL,1,1,0,0,0,1,NULL),(18,NULL,1140000,3,1,1100000,'OTROS CREDITOS','Activo',NULL,1,1,0,0,0,0,NULL),(19,NULL,1140100,4,1,1140000,'Retenciones Sufridas','Activo',NULL,1,1,0,0,0,0,NULL),(20,NULL,1140301,5,1,1140300,'Anticipos Impuesto a las Ganancias','Activo',NULL,1,2,0,0,1,1,NULL),(21,NULL,1140102,5,1,1140100,'Retenciones Ingr. Brutos','Activo',NULL,0,1,0,0,0,0,NULL),(22,NULL,1140329,5,1,1140300,'Anticipo Impto.Ganancia Mínima Presunta','Activo',NULL,1,1,0,0,0,1,NULL),(23,NULL,1140105,5,1,1140100,'Retenciones Impuesto a las Ganancias','Activo',NULL,1,2,1,0,0,1,NULL),(24,NULL,1140106,5,1,1140100,'Impuesto a las Ganancias (Saldo a favor)','Activo',NULL,1,1,0,0,0,1,NULL),(25,NULL,1140107,5,1,1140100,'Retenciones de IVA','Activo',NULL,1,2,1,0,0,1,NULL),(26,NULL,1140200,4,1,1140000,'CREDITOS DIVERSOS','Activo',NULL,1,1,0,0,0,0,NULL),(27,NULL,1140201,5,1,1140200,'Anticipos de proveedores','Activo',NULL,1,1,0,0,0,1,NULL),(28,NULL,1140205,5,1,1140200,'Depósito en garantía alquileres','Activo',NULL,1,1,0,0,0,1,NULL),(29,NULL,1140206,5,1,1140200,'Derechos adquiridos a devengar','Activo',NULL,1,1,0,0,0,1,NULL),(30,NULL,1140207,5,1,1140200,'Intereses a devengar','Activo',NULL,1,1,0,0,0,1,NULL),(31,NULL,1140208,5,1,1140200,'Cuentas a rendir - Directores','Activo',NULL,1,1,0,0,0,1,NULL),(32,NULL,1140210,5,1,1140200,'Alquileres no devengados','Activo',NULL,1,1,0,0,0,1,NULL),(33,NULL,1150000,3,1,1100000,'BIENES DE CAMBIO','Activo',NULL,1,1,0,0,0,0,NULL),(34,NULL,1150400,4,1,1150000,'MERCADERIA DE REVENTA','Activo',NULL,1,1,0,0,0,0,NULL),(35,NULL,1200000,2,1,1000000,'ACTIVO NO CORRIENTE','Activo',NULL,1,1,0,0,0,0,NULL),(36,NULL,1220000,3,1,1200000,'BIENES DE USO','Activo',NULL,1,1,0,0,0,0,NULL),(37,NULL,1220100,4,1,1220000,'EQUIPOS DE COMPUTACION','Activo',NULL,1,1,0,0,0,0,NULL),(38,NULL,1220101,5,1,1220100,'Equipos de computación valores históricos','Activo',NULL,1,1,0,0,0,1,NULL),(39,NULL,1220102,5,1,1220100,'Equipos de computación ajuste','Activo',NULL,1,1,0,0,0,1,NULL),(40,NULL,1220108,5,1,1220100,'Amortización Acumulada Equipos de comput.','Activo',NULL,1,1,0,0,0,1,'2020-12-31 13:34:22'),(41,NULL,1220200,4,1,1220000,'INSTALACIONES','Activo',NULL,1,1,0,0,0,0,NULL),(42,NULL,1220201,5,1,1220200,'Instalaciones valores históricos','Activo',NULL,1,1,0,0,0,1,NULL),(43,NULL,1220202,5,1,1220200,'Instalaciones ajuste','Activo',NULL,1,1,0,0,0,1,NULL),(44,NULL,1220206,5,1,1220200,'Amortización Acumulada Instalaciones','Activo',NULL,1,1,0,0,0,1,NULL),(45,NULL,1220300,4,1,1220000,'MUEBLES Y UTILES','Activo',NULL,1,1,0,0,0,0,NULL);
INSERT INTO `conta_plan_cuenta` VALUES (46,NULL,1220301,5,1,1220300,'Muebles y utiles valores históricos','Activo',NULL,1,1,0,0,0,1,NULL),(47,NULL,1220302,5,1,1220300,'Muebles y utiles ajuste','Activo',NULL,1,1,0,0,0,1,NULL),(48,NULL,1220306,5,1,1220300,'Amortización Acumulada Muebles y Útiles','Activo',NULL,1,1,0,0,0,1,NULL),(49,NULL,1230000,3,1,1200000,'ACTIVOS INTANGIBLES','Activo',NULL,1,1,0,0,0,0,NULL),(50,NULL,1230101,5,1,1230100,'Gastos de organización valores historicos','Activo',NULL,1,1,0,0,0,1,NULL),(51,NULL,1230102,5,1,1230100,'Gastos de organización ajuste','Activo',NULL,1,1,0,0,0,1,NULL),(52,NULL,1230103,5,1,1230100,'Amortización acumulada gs. de organización','Activo',NULL,1,1,0,0,0,1,NULL),(53,NULL,2000000,1,2,0,'PASIVO','Pasivo',NULL,1,1,0,0,0,0,NULL),(54,NULL,2100000,2,2,2000000,'PASIVO CORRIENTE','Pasivo',NULL,1,1,0,0,0,0,NULL),(55,NULL,2110000,3,2,2100000,'Deudas','Pasivo',NULL,1,1,0,0,0,0,NULL),(56,NULL,2110100,4,2,2110000,'Comerciales','Pasivo',NULL,1,1,0,0,0,0,NULL),(57,NULL,2110101,5,2,2110100,'Proveedores en Cta. Cte. locales','Pasivo',NULL,1,2,0,0,0,1,NULL),(58,NULL,2110102,5,2,2110100,'Proveedores en cta. cte. exterior','Pasivo',NULL,1,1,0,0,0,1,NULL),(59,NULL,2110103,5,2,2110100,'Derechos de exhibición a devengar','Pasivo',NULL,1,1,0,0,0,1,NULL),(60,NULL,2110104,5,2,2110100,'Cheques emitidos ','Pasivo',NULL,1,2,1,1,1,1,NULL),(61,NULL,2110200,4,2,2110000,'REMUNERACIONES Y CARGAS SOCIALES','Pasivo',NULL,1,1,0,0,0,0,NULL),(62,NULL,2110201,5,2,2110200,'Sueldos y Jornales a pagar','Pasivo',NULL,1,2,0,0,1,1,NULL),(63,NULL,2110202,5,2,2110200,'Cargas sociales a pagar','Pasivo',NULL,1,1,0,0,0,1,NULL),(64,NULL,2110203,5,2,2110200,'Sindicatos a Pagar','Pasivo',NULL,1,1,0,0,0,1,NULL),(65,NULL,2110300,4,2,2110000,'CARGAS FISCALES','Pasivo',NULL,1,1,0,0,0,0,NULL),(67,NULL,2110301,5,2,2110300,'IVA Debito Fiscal','Pasivo',NULL,1,2,0,0,0,1,NULL),(68,NULL,1140222,5,1,1140200,'IVA Credito Fiscal','Activo',NULL,1,2,0,0,0,1,NULL),(69,NULL,2110303,5,2,2110300,'Impuestos Internos','Pasivo',NULL,1,1,0,0,0,1,NULL),(70,NULL,2110304,5,2,2110300,'Impuestos al Combustible','Pasivo',NULL,1,1,0,0,0,1,NULL),(71,NULL,2110601,5,2,2110600,'IVA Retenciones de terceros','Pasivo',NULL,1,1,0,0,0,1,NULL),(72,NULL,2110306,5,2,2110300,'IVA Percepciones realiz.por terceros','Pasivo',NULL,1,2,0,0,0,1,NULL),(73,NULL,2110307,5,2,2110300,'IVA Saldo a favor','Pasivo',NULL,1,1,0,0,0,1,NULL),(74,NULL,2110308,5,2,2110300,'IVA a pagar','Pasivo',NULL,1,2,0,0,0,1,NULL),(75,NULL,2110309,5,2,2110300,'Percepciones Ingresos Brutos','Pasivo',NULL,1,1,0,0,0,1,NULL),(76,NULL,2110310,5,2,2110300,'Otros Pagos AFIP','Pasivo',NULL,1,1,0,0,0,1,NULL),(78,NULL,2110350,5,2,2110300,'Impuesto a los Ingresos Brutos Pasivo','Pasivo',NULL,1,1,0,0,0,1,NULL),(79,NULL,2110313,5,2,2110300,'Impuesto a las Ganancias','Pasivo',NULL,1,1,0,0,0,1,NULL),(80,NULL,2110314,5,2,2110300,'Impuesto a la Ganancia Mínima Presunta','Pasivo',NULL,1,1,0,0,0,1,NULL),(81,NULL,2110602,5,2,2110600,'AFIP - Retenciones Impuesto a las Ganancias','Pasivo',NULL,1,1,0,0,0,1,NULL),(82,NULL,2110316,5,2,2110300,'AFIP - Plan de Facilidades Decreto 338/02','Pasivo',NULL,1,1,0,0,0,1,NULL),(83,NULL,2200000,2,2,2000000,'PASIVO NO CORRIENTE','Pasivo',NULL,1,1,0,0,0,0,NULL),(84,NULL,3000000,1,2,0,'PATRIMONIO NETO','Patrimonio Neto',NULL,1,1,0,0,0,0,NULL),(85,NULL,3100000,2,2,3000000,'APORTE DE LOS PROPIETARIOS','Patrimonio Neto',NULL,1,1,0,0,0,0,NULL),(86,NULL,3110100,4,2,3110000,'CAPITAL SOCIAL','Patrimonio Neto',NULL,1,1,0,0,0,0,NULL),(87,NULL,3110101,5,2,3110100,'Acciones en circulación','Patrimonio Neto',NULL,1,1,0,0,0,1,NULL),(88,NULL,3110102,5,2,3110100,'Ajuste del Capital','Patrimonio Neto',NULL,1,2,0,0,0,1,NULL),(89,NULL,3110103,5,2,3110100,'Aportes Irrevocables Futuras Suscripciones','Patrimonio Neto',NULL,1,1,0,0,0,1,NULL),(90,NULL,3400000,2,2,3000000,'RESULTADOS','Patrimonio Neto',NULL,1,1,0,0,0,0,NULL),(91,NULL,3410101,5,2,3410100,'Resultado del ejercicio','Patrimonio Neto',NULL,1,1,0,0,0,1,NULL);
INSERT INTO `conta_plan_cuenta` VALUES (92,NULL,3410102,5,2,3410100,'Resultado ejercicios anteriores','Patrimonio Neto',NULL,1,1,0,0,0,1,NULL),(93,NULL,3410103,5,2,3410100,'A.R.E.A.','Patrimonio Neto',NULL,1,1,0,0,0,1,NULL),(94,NULL,4000000,1,2,0,'INGRESOS','Result. Positivo',NULL,1,1,0,0,0,0,NULL),(95,NULL,4100000,2,2,4000000,'INGRESOS ORDINARIOS','Result. Positivo',NULL,1,1,0,0,0,0,NULL),(96,NULL,4110101,5,2,4110100,'VENTAS','Result. Positivo',NULL,1,2,0,0,0,1,NULL),(97,NULL,4110102,5,2,4110100,'Honorarios','Result. Positivo',NULL,1,1,0,0,0,1,NULL),(98,NULL,4110103,5,2,4110100,'Sueldo Vane','Result. Positivo',NULL,0,1,0,0,0,0,'2020-12-31 13:34:22'),(99,NULL,4110104,5,2,4110100,'Descuentos obtenidos','Result. Positivo',NULL,1,1,0,0,0,1,NULL),(100,NULL,4110105,5,2,4110100,'Reintegros por exportaciones','Result. Positivo',NULL,1,1,0,0,0,1,NULL),(101,NULL,4120000,3,2,4100000,'OTROS INGRESOS','Result. Positivo',NULL,1,1,0,0,0,0,NULL),(102,NULL,4120101,5,2,4120100,'Intereses Cobrados','Result. Positivo',NULL,1,1,0,0,0,1,NULL),(103,NULL,4120102,5,2,4120100,'Diferencias de cambio','Result. Positivo',NULL,1,1,0,0,0,1,NULL),(104,NULL,4120103,5,2,4120100,'Descuentos obtenidos','Result. Positivo',NULL,1,1,0,0,0,1,NULL),(107,NULL,5000000,1,1,0,'GASTOS','Result. Negativo',NULL,1,1,0,0,0,0,NULL),(108,NULL,5100000,2,1,5000000,'GASTOS ORDINARIOS','Result. Negativo',NULL,1,1,0,0,0,0,NULL),(109,NULL,5110100,4,1,5110000,'ASIENTO DE SUELDO','Result. Negativo',NULL,1,1,0,0,0,0,NULL),(110,NULL,5110101,5,1,5110100,'Sueldos','Result. Negativo',NULL,1,1,0,0,0,1,NULL),(111,NULL,5110102,5,1,5110100,'Contribuciones','Result. Negativo',NULL,1,1,0,0,0,1,NULL),(112,NULL,5110103,5,1,5110100,'Sindicato','Result. Negativo',NULL,1,1,0,0,0,1,NULL),(113,NULL,5120100,4,1,5120000,'GASTOS DE OPERACION','Result. Negativo',NULL,1,1,0,0,0,0,NULL),(114,NULL,5120101,5,1,5120100,'ACA','Result. Negativo',NULL,1,1,0,0,0,1,'2020-12-31 13:34:22'),(115,NULL,5120102,5,1,5120100,'Aereos','Result. Negativo',NULL,1,1,0,0,0,1,NULL),(116,NULL,5120103,5,1,5120100,'Alquiler','Result. Negativo',NULL,1,1,0,0,0,1,NULL),(117,NULL,5120104,5,1,5120100,'AGUA AYSA','Result. Negativo',NULL,1,1,0,0,0,1,'2020-12-31 13:34:22'),(118,NULL,5120105,5,1,5120100,'TV Cablevision','Result. Negativo',NULL,1,1,0,0,0,1,'2020-12-31 13:34:22'),(119,NULL,5120106,5,1,5120100,'Caja Jubilacion Consejo','Result. Negativo',NULL,1,1,0,0,0,1,NULL),(120,NULL,5120107,5,1,5120100,'Celulares','Result. Negativo',NULL,1,1,0,0,0,1,NULL),(121,NULL,5120108,5,1,5120100,'Cheques','Result. Negativo',NULL,1,1,0,0,0,1,NULL),(122,NULL,5120109,5,1,5120100,'Club la Nacion','Result. Negativo',NULL,0,1,0,0,0,0,'2020-12-31 13:34:22'),(123,NULL,5120110,5,1,5120100,'Comida','Result. Negativo',NULL,1,1,0,0,0,1,'2020-12-31 13:34:22'),(124,NULL,5120111,5,1,5120100,'Diario Clarin','Result. Negativo',NULL,0,1,0,0,0,0,'2020-12-31 13:34:22'),(125,NULL,5120112,5,1,5120100,'Digital Ocean','Result. Negativo',NULL,0,1,0,0,0,0,'2020-12-31 13:34:22'),(126,NULL,5120113,5,1,5120100,'Fletes y acarreos','Result. Negativo',NULL,1,1,0,0,0,1,NULL),(127,NULL,5120114,5,1,5120100,'Luz Edesur','Result. Negativo',NULL,1,1,0,0,0,1,'2020-12-31 13:34:22'),(128,NULL,5120115,5,1,5120100,'Movilidad y Viáticos','Result. Negativo',NULL,1,1,0,0,0,1,NULL),(129,NULL,5120116,5,1,5120100,'Mantenimiento','Result. Negativo',NULL,1,1,0,0,0,1,'2020-12-31 13:34:22'),(130,NULL,5120117,5,1,5120100,'IVA No Computable','Result. Negativo',NULL,1,1,0,0,0,1,'2020-12-31 13:34:22'),(131,NULL,5120118,5,1,5120100,'Entretenimiento','Result. Negativo',NULL,1,1,0,0,0,1,'2020-12-31 13:34:22'),(132,NULL,5120119,5,1,5120100,'Amortización Bienes de Uso','Result. Negativo',NULL,1,1,0,0,0,1,NULL),(133,NULL,5120120,5,1,5120100,'Errepar','Result. Negativo',NULL,0,1,0,0,0,0,'2020-12-31 13:34:22'),(134,NULL,5120121,5,1,5120100,'Hosting Página Web To Webs','Result. Negativo',NULL,0,1,0,0,0,0,'2020-12-31 13:34:22'),(135,NULL,5120122,5,1,5120100,'Gastos varios','Result. Negativo',NULL,1,1,0,0,0,1,NULL);
INSERT INTO `conta_plan_cuenta` VALUES (136,NULL,5120123,5,1,5120100,'Ajuste por redondeo','Result. Negativo',NULL,1,2,0,0,0,1,NULL),(137,NULL,5120124,5,1,5120100,'Deudores Incobrables','Result. Negativo',NULL,1,1,0,0,0,1,NULL),(138,NULL,5120125,5,1,5120100,'Faby Goncalves','Result. Negativo',NULL,0,1,0,0,0,0,'2020-12-31 13:34:22'),(139,NULL,5130100,4,1,5130000,'GASTOS FINANCIEROS','Result. Negativo',NULL,1,1,0,0,0,0,NULL),(140,NULL,5130101,5,1,5130100,'Intereses y Gastos bancarios','Result. Negativo',NULL,1,2,0,0,1,1,NULL),(141,NULL,5130102,5,1,5130100,'Intereses Proveedores','Result. Negativo',NULL,1,1,0,0,0,1,NULL),(142,NULL,5130103,5,1,5130100,'Damian Financiera','Result. Negativo',NULL,0,1,0,0,0,0,'2020-12-31 13:34:22'),(143,NULL,5130104,5,1,5130100,'Diferencias de cambio','Result. Negativo',NULL,1,1,0,0,0,1,NULL),(144,NULL,5130105,5,1,5130100,'Diferencia de Cambio Bces. en M.Extranjera','Result. Negativo',NULL,1,1,0,0,0,1,'2020-12-31 13:34:22'),(145,NULL,5130106,5,1,5130100,'Diferencia tipo cambio Vendedor/Comprador','Result. Negativo',NULL,1,1,0,0,0,1,NULL),(146,NULL,5130107,5,1,5130100,'Diferencia por conversion en Bce. en Mon. Extranj.','Result. Negativo',NULL,1,1,0,0,0,1,'2020-12-31 13:34:22'),(147,NULL,5130108,5,1,5130100,'Diferencia de cambio CMV','Result. Negativo',NULL,1,1,0,0,0,1,'2020-12-31 13:34:22'),(148,NULL,5130109,5,1,5130100,'Diferencia de cambio PT','Result. Negativo',NULL,1,1,0,0,0,1,'2020-12-31 13:34:22'),(149,NULL,5130110,5,1,5130100,'Resultado por Exposición a la Inflación','Result. Negativo',NULL,1,1,0,0,0,1,'2020-12-31 13:34:22'),(150,NULL,5130111,5,1,5130100,'Diferencia de cambio PE','Result. Negativo',NULL,1,1,0,0,0,1,'2020-12-31 13:34:22'),(151,NULL,5130112,5,1,5130100,'Diferencia de cambio Ds.Vtas.','Result. Negativo',NULL,1,1,0,0,0,1,'2020-12-31 13:34:22'),(152,NULL,5130113,5,1,5130100,'Diferencia de cambio ME','Result. Negativo',NULL,1,1,0,0,0,1,NULL),(153,NULL,5130114,5,1,5130100,'Descuentos otorgados','Result. Negativo',NULL,1,1,0,0,0,1,NULL),(154,NULL,5140100,4,1,5140000,'IMPUESTOS','Result. Negativo',NULL,1,1,0,0,0,0,NULL),(155,NULL,5140101,5,1,5140100,'Impuesto a las Ganancias','Result. Negativo',NULL,1,1,0,0,0,1,NULL),(156,NULL,5140164,5,1,5140100,'Impuesto a los Ingresos Brutos','Result. Negativo',NULL,1,2,0,0,0,1,NULL),(157,NULL,5140102,5,1,5140100,'Impuesto al Debito y Credito Bancario','Result. Negativo',NULL,1,1,0,0,0,1,NULL),(158,NULL,5200000,2,1,5000000,'GASTOS EXTRAORDINARIOS','Result. Negativo',NULL,1,1,0,0,0,0,NULL),(159,NULL,5210101,5,1,5210100,'Pérdida por venta bienes de uso','Result. Negativo',NULL,1,1,0,0,0,1,NULL),(160,NULL,5210102,5,1,5210100,'Inversiones','Result. Negativo',NULL,1,1,0,0,0,1,NULL),(161,NULL,5210103,5,1,5210100,'Amortizaciones extraordinarias','Result. Negativo',NULL,1,1,0,0,0,1,NULL),(162,NULL,1140103,5,1,1140100,'Retenciones SUSS','Activo',NULL,1,2,1,0,0,1,NULL),(163,NULL,1110122,5,1,1110100,'Banco Patagonia Cta. Cte.','Activo',NULL,0,1,0,0,0,0,NULL),(164,NULL,1110106,5,1,1110100,'Banco HSBC','Activo',NULL,0,1,0,0,0,0,'2020-12-31 13:34:22'),(165,NULL,1110123,5,1,1110100,'Banco Ciudad Cta. Cte.','Activo',NULL,0,1,0,0,0,0,NULL),(166,NULL,1110124,5,1,1110100,'Banco Nacion Cta. Cte.','Activo',NULL,0,1,0,0,0,0,NULL),(167,NULL,1110109,5,1,1110100,'Banco Galicia Vane','Activo',NULL,0,1,0,0,0,0,'2020-12-31 13:34:22'),(168,NULL,1110110,5,1,1110100,'Banco Frances Vane','Activo',NULL,0,1,0,0,0,0,'2020-12-31 13:34:22'),(169,NULL,1110111,5,1,1110100,'Banco Patagonia In Time SRL','Activo',NULL,0,1,0,0,0,0,'2020-12-31 13:34:22'),(170,NULL,1110112,5,1,1110100,'Banco Ciudad In Time SRL','Activo',NULL,0,1,0,0,0,0,'2020-12-31 13:34:22'),(171,NULL,1110113,5,1,1110100,'Banco Provincia In Time SRL','Activo',NULL,0,1,0,0,0,0,'2020-12-31 13:34:22'),(172,NULL,1110114,5,1,1110100,'Banco Macro PedimeOnline','Activo',NULL,0,1,0,0,0,0,'2020-12-31 13:34:22'),(173,NULL,1110115,5,1,1110100,'Banco Patagonia Problema Resuelto','Activo',NULL,0,1,0,0,0,0,'2020-12-31 13:34:22');
INSERT INTO `conta_plan_cuenta` VALUES (174,NULL,1110116,5,1,1110100,'Banco Patagonia Graciela','Activo',NULL,0,1,0,0,0,0,'2020-12-31 13:34:22'),(175,NULL,1110117,5,1,1110100,'Banco Patagonia Omar','Activo',NULL,0,1,0,0,0,0,'2020-12-31 13:34:22'),(176,NULL,1110118,5,1,1110100,'Cheques','Activo',NULL,1,2,1,1,1,0,NULL),(177,NULL,5120126,5,1,5120100,'Gisela Larzabal','Result. Negativo',NULL,0,1,0,0,0,0,'2020-12-31 13:34:22'),(178,NULL,5120127,5,1,5120100,'Google','Result. Negativo',NULL,1,1,0,0,0,1,'2020-12-31 13:34:22'),(179,NULL,5120128,5,1,5120100,'Seguro Moto','Result. Negativo',NULL,0,1,0,0,0,0,'2020-12-31 13:34:22'),(180,NULL,5120129,5,1,5120100,'Sueldo Agustina','Result. Negativo',NULL,0,1,0,0,0,0,NULL),(181,NULL,5120130,5,1,5120100,'Sueldo Betty','Result. Negativo',NULL,0,1,0,0,0,0,'2020-12-31 13:34:22'),(182,NULL,5120131,5,1,5120100,'Sueldo Elizabet','Result. Negativo',NULL,0,1,0,0,0,0,'2020-12-31 13:34:22'),(183,NULL,5120132,5,1,5120100,'Sueldo Florencia','Result. Negativo',NULL,0,1,0,0,0,0,'2020-12-31 13:34:22'),(184,NULL,5120133,5,1,5120100,'Sueldo Graciela','Result. Negativo',NULL,0,1,0,0,0,0,'2020-12-31 13:34:22'),(185,NULL,5120134,5,1,5120100,'Sueldo Franco Sanchez','Result. Negativo',NULL,0,1,0,0,0,0,'2020-12-31 13:34:22'),(186,NULL,5120135,5,1,5120100,'Sueldo Santiago Sanchez','Result. Negativo',NULL,0,1,0,0,0,0,'2020-12-31 13:34:22'),(187,NULL,5120136,5,1,5120100,'Sueldo Jose Luis','Result. Negativo',NULL,0,1,0,0,0,0,'2020-12-31 13:34:22'),(188,NULL,5120137,5,1,5120100,'Publicidad','Result. Negativo',NULL,1,1,0,0,0,1,NULL),(189,NULL,5120138,5,1,5120100,'Las Nieves','Result. Negativo',NULL,0,1,0,0,0,0,'2020-12-31 13:34:22'),(190,NULL,5120139,5,1,5120100,'Sueldo Lidia','Result. Negativo',NULL,0,1,0,0,0,0,'2020-12-31 13:34:22'),(191,NULL,5120140,5,1,5120100,'Cargas Sociales','Result. Negativo',NULL,1,1,0,0,0,1,NULL),(192,NULL,5120141,5,1,5120100,'Honorarios','Result. Negativo',NULL,1,1,0,0,0,1,NULL),(193,NULL,5120142,5,1,5120100,'Telefono Fijo','Result. Negativo',NULL,1,1,0,0,0,1,NULL),(194,NULL,5120143,5,1,5120100,'ONE DRIVE','Result. Negativo',NULL,0,1,0,0,0,0,'2020-12-31 13:34:22'),(195,NULL,5120144,5,1,5120100,'OSDE','Result. Negativo',NULL,0,1,0,0,0,0,'2020-12-31 13:34:22'),(196,NULL,5120145,5,1,5120100,'SAS Constitucion','Result. Negativo',NULL,0,1,0,0,0,0,'2020-12-31 13:34:22'),(197,NULL,5120146,5,1,5120100,'Seguro de Vida Zurich','Result. Negativo',NULL,0,1,0,0,0,0,'2020-12-31 13:34:22'),(198,NULL,5120147,5,1,5120100,'Seguros','Result. Negativo',NULL,1,1,0,0,0,1,NULL),(199,NULL,5120148,5,1,5120100,'Internet','Result. Negativo',NULL,1,1,0,0,0,1,NULL),(200,NULL,5120149,5,1,5120100,'Seguro de Retiro Zurich','Result. Negativo',NULL,0,1,0,0,0,0,'2020-12-31 13:34:22'),(201,NULL,5140165,5,1,5140100,'Monotributo','Result. Negativo',NULL,1,2,0,0,1,1,NULL),(202,NULL,5140104,5,1,5140100,'IVA In Time SRL','Result. Negativo',NULL,0,1,0,0,0,0,'2020-12-31 13:34:22'),(203,NULL,5140105,5,1,5140100,'Autonomos','Result. Negativo',NULL,1,2,0,0,1,1,NULL),(204,NULL,5140106,5,1,5140100,'Multas Impositivas','Result. Negativo',NULL,1,1,0,0,0,1,NULL),(207,NULL,5120150,5,1,5120100,'Vanesa Gastos','Result. Negativo',NULL,0,1,0,0,0,0,'2020-12-31 13:34:22'),(208,NULL,5140166,5,1,5140100,'Impuesto a los Ingresos Brutos - BS AS','Result. Negativo',NULL,1,1,0,0,0,1,NULL),(209,NULL,5140107,5,1,5140100,'SIRCREB','Result. Negativo',NULL,1,1,0,0,0,1,NULL),(210,NULL,5140108,5,1,5140100,'Consejo Ciencias Economicas','Result. Negativo',NULL,0,1,0,0,0,0,'2020-12-31 13:34:22'),(211,NULL,5120152,5,1,5120100,'Albano Andres','Result. Negativo',NULL,0,1,0,0,0,0,'2020-12-31 13:34:22'),(212,NULL,5120153,5,1,5120100,'Tarjeta Visa','Result. Negativo',NULL,1,1,0,0,0,1,NULL),(213,NULL,5120154,5,1,5120100,'Tarjeta American Express','Result. Negativo',NULL,1,1,0,0,0,1,NULL),(214,NULL,5120155,5,1,5120100,'Tarjeta Mastercard','Result. Negativo',NULL,1,1,0,0,0,1,NULL),(215,NULL,5120156,5,1,5120100,'Imp. Municipales','Result. Negativo',NULL,1,2,0,0,0,1,'2020-12-31 13:34:22');
INSERT INTO `conta_plan_cuenta` VALUES (216,NULL,5120157,5,1,5120100,'Perc/Ret. Imp. Ganancias','Result. Negativo',NULL,1,2,0,0,0,1,NULL),(217,NULL,5120158,5,1,5120100,'Compras','Result. Negativo',NULL,1,2,0,0,0,1,NULL),(218,NULL,4110106,5,2,4110100,'Ventas No Gravadas','Result. Positivo',NULL,1,2,0,0,0,1,NULL),(219,NULL,6110103,5,1,6110100,'Pagos AFIP','Movimiento',NULL,1,2,0,0,1,1,NULL),(220,NULL,5140167,5,1,5140100,'Perc IVA -RG3337','Result. Negativo',NULL,1,2,0,0,0,1,NULL),(221,NULL,5140109,5,1,5140100,'Imps. Internos','Result. Negativo',NULL,1,2,0,0,0,1,NULL),(222,NULL,5140110,5,1,5140100,'Imp. Gasoil','Result. Negativo',NULL,1,2,0,0,0,1,NULL),(223,NULL,5140111,5,1,5140100,'Imp. Hídricos','Result. Negativo',NULL,1,2,0,0,0,1,NULL),(224,NULL,5140112,5,1,5140100,'ITC','Result. Negativo',NULL,1,2,0,0,0,1,NULL),(225,NULL,5140113,5,1,5140100,'Perc IIBB  Buenos Aires','Result. Negativo',NULL,1,2,0,0,0,1,NULL),(226,NULL,5140114,5,1,5140100,'Perc IIBB  Capital Federal','Result. Negativo',NULL,1,2,0,0,0,1,NULL),(227,NULL,5140115,5,1,5140100,'Perc IIBB  Catamarca','Result. Negativo',NULL,1,2,0,0,0,1,NULL),(228,NULL,5140116,5,1,5140100,'Perc IIBB  Chaco','Result. Negativo',NULL,1,2,0,0,0,1,NULL),(229,NULL,5140117,5,1,5140100,'Perc IIBB  Chubut','Result. Negativo',NULL,1,2,0,0,0,1,NULL),(230,NULL,5140118,5,1,5140100,'Perc IIBB  Córdoba','Result. Negativo',NULL,1,2,0,0,0,1,NULL),(231,NULL,5140119,5,1,5140100,'Perc IIBB  Corrientes','Result. Negativo',NULL,1,2,0,0,0,1,NULL),(232,NULL,5140120,5,1,5140100,'Perc IIBB  Entre Ríos','Result. Negativo',NULL,1,2,0,0,0,1,NULL),(233,NULL,5140121,5,1,5140100,'Perc IIBB  Formosa','Result. Negativo',NULL,1,2,0,0,0,1,NULL),(234,NULL,5140122,5,1,5140100,'Perc IIBB  Jujuy','Result. Negativo',NULL,1,2,0,0,0,1,NULL),(235,NULL,5140123,5,1,5140100,'Perc IIBB  La Pampa','Result. Negativo',NULL,1,2,0,0,0,1,NULL),(236,NULL,5140124,5,1,5140100,'Perc IIBB  La Rioja','Result. Negativo',NULL,1,2,0,0,0,1,NULL),(237,NULL,5140125,5,1,5140100,'Perc IIBB  Mendoza','Result. Negativo',NULL,1,2,0,0,0,1,NULL),(238,NULL,5140126,5,1,5140100,'Perc IIBB  Misiones','Result. Negativo',NULL,1,2,0,0,0,1,NULL),(239,NULL,5140127,5,1,5140100,'Perc IIBB  Neuquén','Result. Negativo',NULL,1,2,0,0,0,1,NULL),(240,NULL,5140128,5,1,5140100,'Perc IIBB  Pascua Lama','Result. Negativo',NULL,1,2,0,0,0,1,NULL),(241,NULL,5140129,5,1,5140100,'Perc IIBB  Río Negro','Result. Negativo',NULL,1,2,0,0,0,1,NULL),(242,NULL,5140130,5,1,5140100,'Perc IIBB  Salta','Result. Negativo',NULL,1,2,0,0,0,1,NULL),(243,NULL,5140131,5,1,5140100,'Perc IIBB  San Juan','Result. Negativo',NULL,1,2,0,0,0,1,NULL),(244,NULL,5140132,5,1,5140100,'Perc IIBB  San Luis','Result. Negativo',NULL,1,2,0,0,0,1,NULL),(245,NULL,5140133,5,1,5140100,'Perc IIBB  Santa Cruz','Result. Negativo',NULL,1,2,0,0,0,1,NULL),(246,NULL,5140134,5,1,5140100,'Perc IIBB  Santa Fe','Result. Negativo',NULL,1,2,0,0,0,1,NULL),(247,NULL,5140135,5,1,5140100,'Perc IIBB  Santiago del Estero','Result. Negativo',NULL,1,2,0,0,0,1,NULL),(248,NULL,5140136,5,1,5140100,'Perc IIBB  Tierra del Fuego','Result. Negativo',NULL,1,2,0,0,0,1,NULL),(249,NULL,5140137,5,1,5140100,'Perc IIBB  Tucuman','Result. Negativo',NULL,1,2,0,0,0,1,NULL),(250,NULL,5140138,5,1,5140100,'Compras No Gravadas','Result. Negativo',NULL,1,2,0,0,0,1,NULL),(251,NULL,1140108,5,1,1140100,'Retenciones de IIBB Buenos Aires','Activo',NULL,1,2,1,0,0,1,NULL),(252,NULL,1140109,5,1,1140100,'Retenciones de IIBB Capital Federal','Activo',NULL,1,2,1,0,0,1,NULL),(253,NULL,1140110,5,1,1140100,'Retenciones de IIBB Catamarca','Activo',NULL,1,2,1,0,0,1,NULL),(254,NULL,1140111,5,1,1140100,'Retenciones de IIBB Chaco','Activo',NULL,1,2,1,0,0,1,NULL),(255,NULL,1140112,5,1,1140100,'Retenciones de IIBB Chubut','Activo',NULL,1,2,1,0,0,1,NULL),(256,NULL,1140113,5,1,1140100,'Retenciones de IIBB Córdoba','Activo',NULL,1,2,1,0,0,1,NULL),(257,NULL,1140114,5,1,1140100,'Retenciones de IIBB Corrientes','Activo',NULL,1,2,1,0,0,1,NULL);
INSERT INTO `conta_plan_cuenta` VALUES (258,NULL,1140115,5,1,1140100,'Retenciones de IIBB Entre Ríos','Activo',NULL,1,2,1,0,0,1,NULL),(259,NULL,1140116,5,1,1140100,'Retenciones de IIBB Formosa','Activo',NULL,1,2,1,0,0,1,NULL),(260,NULL,1140117,5,1,1140100,'Retenciones de IIBB Jujuy','Activo',NULL,1,2,1,0,0,1,NULL),(261,NULL,1140118,5,1,1140100,'Retenciones de IIBB La Pampa','Activo',NULL,1,2,1,0,0,1,NULL),(262,NULL,1140119,5,1,1140100,'Retenciones de IIBB La Rioja','Activo',NULL,1,2,1,0,0,1,NULL),(263,NULL,1140120,5,1,1140100,'Retenciones de IIBB Mendoza','Activo',NULL,1,2,1,0,0,1,NULL),(264,NULL,1140121,5,1,1140100,'Retenciones de IIBB Misiones','Activo',NULL,1,2,1,0,0,1,NULL),(265,NULL,1140122,5,1,1140100,'Retenciones de IIBB Neuquén','Activo',NULL,1,2,1,0,0,1,NULL),(266,NULL,1140123,5,1,1140100,'Retenciones de IIBB Pascua Lama','Activo',NULL,1,2,1,0,0,1,NULL),(267,NULL,1140124,5,1,1140100,'Retenciones de IIBB Río Negro','Activo',NULL,1,2,1,0,0,1,NULL),(268,NULL,1140125,5,1,1140100,'Retenciones de IIBB Salta','Activo',NULL,1,2,1,0,0,1,NULL),(269,NULL,1140126,5,1,1140100,'Retenciones de IIBB San Juan','Activo',NULL,1,2,1,0,0,1,NULL),(270,NULL,1140127,5,1,1140100,'Retenciones de IIBB San Luis','Activo',NULL,1,2,1,0,0,1,NULL),(271,NULL,1140128,5,1,1140100,'Retenciones de IIBB Santa Cruz','Activo',NULL,1,2,1,0,0,1,NULL),(272,NULL,1140129,5,1,1140100,'Retenciones de IIBB Santa Fe','Activo',NULL,1,2,1,0,0,1,NULL),(273,NULL,1140130,5,1,1140100,'Retenciones de IIBB Santiago del Estero','Activo',NULL,1,2,1,0,0,1,NULL),(274,NULL,1140131,5,1,1140100,'Retenciones de IIBB Tierra del Fuego','Activo',NULL,1,2,1,0,0,1,NULL),(275,NULL,1140132,5,1,1140100,'Retenciones de IIBB Tucuman','Activo',NULL,1,2,1,0,0,1,NULL),(276,NULL,5140168,5,1,5140100,'SIRCREB Buenos Aires','Result. Negativo',NULL,1,2,0,0,0,1,NULL),(277,NULL,5140139,5,1,5140100,'SIRCREB Capital Federal','Result. Negativo',NULL,1,2,0,0,0,1,NULL),(278,NULL,5140140,5,1,5140100,'SIRCREB Catamarca','Result. Negativo',NULL,1,2,0,0,0,1,NULL),(279,NULL,5140141,5,1,5140100,'SIRCREB Chaco','Result. Negativo',NULL,1,2,0,0,0,1,NULL),(280,NULL,5140142,5,1,5140100,'SIRCREB Chubut','Result. Negativo',NULL,1,2,0,0,0,1,NULL),(281,NULL,5140143,5,1,5140100,'SIRCREB Córdoba','Result. Negativo',NULL,1,2,0,0,0,1,NULL),(282,NULL,5140144,5,1,5140100,'SIRCREB Corrientes','Result. Negativo',NULL,1,2,0,0,0,1,NULL),(283,NULL,5140145,5,1,5140100,'SIRCREB Entre Ríos','Result. Negativo',NULL,1,2,0,0,0,1,NULL),(284,NULL,5140146,5,1,5140100,'SIRCREB Formosa','Result. Negativo',NULL,1,2,0,0,0,1,NULL),(285,NULL,5140147,5,1,5140100,'SIRCREB Jujuy','Result. Negativo',NULL,1,2,0,0,0,1,NULL),(286,NULL,5140148,5,1,5140100,'SIRCREB La Pampa','Result. Negativo',NULL,1,2,0,0,0,1,NULL),(287,NULL,5140149,5,1,5140100,'SIRCREB La Rioja','Result. Negativo',NULL,1,2,0,0,0,1,NULL),(288,NULL,5140150,5,1,5140100,'SIRCREB Mendoza','Result. Negativo',NULL,1,2,0,0,0,1,NULL),(289,NULL,5140151,5,1,5140100,'SIRCREB Misiones','Result. Negativo',NULL,1,2,0,0,0,1,NULL),(290,NULL,5140152,5,1,5140100,'SIRCREB Neuquén','Result. Negativo',NULL,1,2,0,0,0,1,NULL),(291,NULL,5140153,5,1,5140100,'SIRCREB Pascua Lama','Result. Negativo',NULL,1,2,0,0,0,1,NULL),(292,NULL,5140154,5,1,5140100,'SIRCREB Río Negro','Result. Negativo',NULL,1,2,0,0,0,1,NULL),(293,NULL,5140155,5,1,5140100,'SIRCREB Salta','Result. Negativo',NULL,1,2,0,0,0,1,NULL),(294,NULL,5140156,5,1,5140100,'SIRCREB San Juan','Result. Negativo',NULL,1,2,0,0,0,1,NULL),(295,NULL,5140157,5,1,5140100,'SIRCREB San Luis','Result. Negativo',NULL,1,2,0,0,0,1,NULL),(296,NULL,5140158,5,1,5140100,'SIRCREB Santa Cruz','Result. Negativo',NULL,1,2,0,0,0,1,NULL),(297,NULL,5140159,5,1,5140100,'SIRCREB Santa Fe','Result. Negativo',NULL,1,2,0,0,0,1,NULL),(298,NULL,5140160,5,1,5140100,'SIRCREB Santiago del Estero','Result. Negativo',NULL,1,2,0,0,0,1,NULL),(299,NULL,5140161,5,1,5140100,'SIRCREB Tierra del Fuego','Result. Negativo',NULL,1,2,0,0,0,1,NULL),(300,NULL,5140162,5,1,5140100,'SIRCREB Tucuman','Result. Negativo',NULL,1,2,0,0,0,1,NULL);
INSERT INTO `conta_plan_cuenta` VALUES (301,NULL,1140326,5,1,1140300,'IIBB a Favor Buenos Aires','Activo',NULL,1,2,0,0,0,1,NULL),(302,NULL,1140302,5,1,1140300,'IIBB a Favor Capital Federal','Activo',NULL,1,2,0,0,0,1,NULL),(303,NULL,1140303,5,1,1140300,'IIBB a Favor Catamarca','Activo',NULL,1,2,0,0,0,1,NULL),(304,NULL,1140304,5,1,1140300,'IIBB a Favor Chaco','Activo',NULL,1,2,0,0,0,1,NULL),(305,NULL,1140305,5,1,1140300,'IIBB a Favor Chubut','Activo',NULL,1,2,0,0,0,1,NULL),(306,NULL,1140306,5,1,1140300,'IIBB a Favor Córdoba','Activo',NULL,1,2,0,0,0,1,NULL),(307,NULL,1140307,5,1,1140300,'IIBB a Favor Corrientes','Activo',NULL,1,2,0,0,0,1,NULL),(308,NULL,1140308,5,1,1140300,'IIBB a Favor Entre Ríos','Activo',NULL,1,2,0,0,0,1,NULL),(309,NULL,1140309,5,1,1140300,'IIBB a Favor Formosa','Activo',NULL,1,2,0,0,0,1,NULL),(310,NULL,1140310,5,1,1140300,'IIBB a Favor Jujuy','Activo',NULL,1,2,0,0,0,1,NULL),(311,NULL,1140311,5,1,1140300,'IIBB a Favor La Pampa','Activo',NULL,1,2,0,0,0,1,NULL),(312,NULL,1140312,5,1,1140300,'IIBB a Favor La Rioja','Activo',NULL,1,2,0,0,0,1,NULL),(313,NULL,1140313,5,1,1140300,'IIBB a Favor Mendoza','Activo',NULL,1,2,0,0,0,1,NULL),(314,NULL,1140314,5,1,1140300,'IIBB a Favor Misiones','Activo',NULL,1,2,0,0,0,1,NULL),(315,NULL,1140315,5,1,1140300,'IIBB a Favor Neuquén','Activo',NULL,1,2,0,0,0,1,NULL),(316,NULL,1140316,5,1,1140300,'IIBB a Favor Pascua Lama','Activo',NULL,1,2,0,0,0,1,NULL),(317,NULL,1140317,5,1,1140300,'IIBB a Favor Río Negro','Activo',NULL,1,2,0,0,0,1,NULL),(318,NULL,1140318,5,1,1140300,'IIBB a Favor Salta','Activo',NULL,1,2,0,0,0,1,NULL),(319,NULL,1140319,5,1,1140300,'IIBB a Favor San Juan','Activo',NULL,1,2,0,0,0,1,NULL),(320,NULL,1140320,5,1,1140300,'IIBB a Favor San Luis','Activo',NULL,1,2,0,0,0,1,NULL),(321,NULL,1140321,5,1,1140300,'IIBB a Favor Santa Cruz','Activo',NULL,1,2,0,0,0,1,NULL),(322,NULL,1140322,5,1,1140300,'IIBB a Favor Santa Fe','Activo',NULL,1,2,0,0,0,1,NULL),(323,NULL,1140323,5,1,1140300,'IIBB a Favor Santiago del Estero','Activo',NULL,1,2,0,0,0,1,NULL),(324,NULL,1140324,5,1,1140300,'IIBB a Favor Tierra del Fuego','Activo',NULL,1,2,0,0,0,1,NULL),(325,NULL,1140325,5,1,1140300,'IIBB a Favor Tucuman','Activo',NULL,1,2,0,0,0,1,NULL),(326,NULL,2110317,5,2,2110300,'IIBB a Pagar Buenos Aires','Pasivo',NULL,1,2,0,0,0,1,NULL),(327,NULL,2110318,5,2,2110300,'IIBB a Pagar Capital Federal','Pasivo',NULL,1,2,0,0,0,1,NULL),(328,NULL,2110319,5,2,2110300,'IIBB a Pagar Catamarca','Pasivo',NULL,1,2,0,0,0,1,NULL),(329,NULL,2110320,5,2,2110300,'IIBB a Pagar Chaco','Pasivo',NULL,1,2,0,0,0,1,NULL),(330,NULL,2110321,5,2,2110300,'IIBB a Pagar Chubut','Pasivo',NULL,1,2,0,0,0,1,NULL),(331,NULL,2110322,5,2,2110300,'IIBB a Pagar Córdoba','Pasivo',NULL,1,2,0,0,0,1,NULL),(332,NULL,2110323,5,2,2110300,'IIBB a Pagar Corrientes','Pasivo',NULL,1,2,0,0,0,1,NULL),(333,NULL,2110324,5,2,2110300,'IIBB a Pagar Entre Ríos','Pasivo',NULL,1,2,0,0,0,1,NULL),(334,NULL,2110325,5,2,2110300,'IIBB a Pagar Formosa','Pasivo',NULL,1,2,0,0,0,1,NULL),(335,NULL,2110326,5,2,2110300,'IIBB a Pagar Jujuy','Pasivo',NULL,1,2,0,0,0,1,NULL),(336,NULL,2110327,5,2,2110300,'IIBB a Pagar La Pampa','Pasivo',NULL,1,2,0,0,0,1,NULL),(337,NULL,2110328,5,2,2110300,'IIBB a Pagar La Rioja','Pasivo',NULL,1,2,0,0,0,1,NULL),(338,NULL,2110329,5,2,2110300,'IIBB a Pagar Mendoza','Pasivo',NULL,1,2,0,0,0,1,NULL),(339,NULL,2110330,5,2,2110300,'IIBB a Pagar Misiones','Pasivo',NULL,1,2,0,0,0,1,NULL),(340,NULL,2110331,5,2,2110300,'IIBB a Pagar Neuquén','Pasivo',NULL,1,2,0,0,0,1,NULL),(341,NULL,2110332,5,2,2110300,'IIBB a Pagar Pascua Lama','Pasivo',NULL,1,2,0,0,0,1,NULL),(342,NULL,2110333,5,2,2110300,'IIBB a Pagar Río Negro','Pasivo',NULL,1,2,0,0,0,1,NULL),(343,NULL,2110334,5,2,2110300,'IIBB a Pagar Salta','Pasivo',NULL,1,2,0,0,0,1,NULL),(344,NULL,2110335,5,2,2110300,'IIBB a Pagar San Juan','Pasivo',NULL,1,2,0,0,0,1,NULL),(345,NULL,2110336,5,2,2110300,'IIBB a Pagar San Luis','Pasivo',NULL,1,2,0,0,0,1,NULL),(346,NULL,2110337,5,2,2110300,'IIBB a Pagar Santa Cruz','Pasivo',NULL,1,2,0,0,0,1,NULL);
INSERT INTO `conta_plan_cuenta` VALUES (347,NULL,2110338,5,2,2110300,'IIBB a Pagar Santa Fe','Pasivo',NULL,1,2,0,0,0,1,NULL),(348,NULL,2110339,5,2,2110300,'IIBB a Pagar Santiago del Estero','Pasivo',NULL,1,2,0,0,0,1,NULL),(349,NULL,2110340,5,2,2110300,'IIBB a Pagar Tierra del Fuego','Pasivo',NULL,1,2,0,0,0,1,NULL),(350,NULL,2110341,5,2,2110300,'IIBB a Pagar Tucuman','Pasivo',NULL,1,2,0,0,0,1,NULL),(351,NULL,6110101,5,1,6110100,'BANCO SIRCREB','Movimiento',NULL,1,2,0,0,1,1,NULL),(352,NULL,6110102,5,1,6110100,'Compensacion','Movimiento',NULL,1,2,0,0,0,1,'2020-12-31 13:34:22'),(353,NULL,1140327,5,1,1140300,'IVA Saldo Tecnico','Activo',NULL,1,2,0,0,0,1,NULL),(354,NULL,1140328,5,1,1140300,'IVA Saldo Libre Disponibilidad','Activo',NULL,1,2,0,0,0,1,NULL),(355,NULL,6000000,1,1,0,'Movimiento','Movimiento',NULL,1,1,0,0,0,0,NULL),(356,NULL,6100000,2,1,6000000,'Movimiento','Movimiento',NULL,1,1,0,0,0,0,NULL),(357,NULL,6110000,3,1,6100000,'Movimiento','Movimiento',NULL,1,1,0,0,0,0,NULL),(358,NULL,4110000,3,2,4100000,'Ingresos Operativos','Result. Positivo',NULL,1,1,0,0,0,0,NULL),(359,NULL,1110120,5,1,1110100,'Caja en Pesos','Activo',NULL,1,2,1,1,1,0,NULL),(360,NULL,1140211,5,1,1140200,'Retenciones Bancarias de Ganancias a Favor','Activo',NULL,1,2,0,0,1,1,NULL),(361,NULL,1220104,5,1,1220100,'Equipos de Computación','Activo',NULL,1,1,0,0,0,1,NULL),(362,NULL,1220105,5,1,1220100,'Computadoras','Activo',NULL,1,1,0,0,0,1,NULL),(363,NULL,1220304,5,1,1220300,'Muebles y Utiles','Activo',NULL,1,1,0,0,0,1,NULL),(364,NULL,2110105,5,2,2110100,'Anticipo de Clientes','Pasivo',NULL,1,2,0,0,1,1,NULL),(365,NULL,2110401,5,2,2110400,'Provision Honorarios','Pasivo',NULL,1,1,0,0,0,1,NULL),(366,NULL,2110106,5,2,2110100,'Cta. Cte Directores','Pasivo',NULL,1,1,0,0,0,1,NULL),(367,NULL,2110107,5,2,2110100,'Provisión Honorarios Directores','Pasivo',NULL,1,1,0,0,0,1,NULL),(368,NULL,2110110,5,2,2110100,'Cuenta Particular Socio 1','Pasivo',NULL,1,1,0,0,0,1,NULL),(369,NULL,3110104,5,2,3110100,'Capital','Patrimonio Neto',NULL,1,1,0,0,0,1,NULL),(370,NULL,1120000,3,1,1100000,'INVERSIONES','Activo',NULL,1,1,0,0,0,0,NULL),(371,NULL,1160000,3,1,1100000,'OTROS ACTIVOS','Activo',NULL,1,1,0,0,0,0,NULL),(372,NULL,1160100,4,1,1160000,'OTROS','Activo',NULL,1,1,0,0,0,0,NULL),(373,NULL,2110400,4,2,2110000,'Provision de Honorarios','Pasivo',NULL,1,1,0,0,0,0,NULL),(374,NULL,3410100,4,1,3410000,'RESULTADOS ACUMULADOS','Patrimonio Neto',NULL,1,1,0,0,0,0,NULL),(375,NULL,3420000,3,1,3400000,'GANACIAS RESERVADAS','Patrimonio Neto',NULL,1,1,0,0,0,0,NULL),(376,NULL,3420100,4,1,3420000,'Rerva Legal','Patrimonio Neto',NULL,1,1,0,0,0,0,NULL),(377,NULL,1220400,4,1,1220000,'INMUEBLES','Activo',NULL,1,1,0,0,0,0,NULL),(378,NULL,1220500,4,1,1220000,'RODADOS','Activo',NULL,1,1,0,0,0,0,NULL),(379,NULL,1220600,4,1,1220000,'MAQUINARIAS','Activo',NULL,1,1,0,0,0,0,NULL),(380,NULL,1220204,5,1,1220200,'Instalaciones','Activo',NULL,1,1,0,0,0,1,NULL),(381,NULL,3420101,5,2,3420100,'Reserva Legal','Patrimonio Neto',NULL,1,1,0,0,0,1,NULL),(382,NULL,3420102,5,2,3420100,'Reserva Legal','Patrimonio Neto',NULL,1,1,0,0,0,1,'2020-12-31 13:34:22'),(383,NULL,3410105,5,2,3410100,'Resultado no asignado','Patrimonio Neto',NULL,1,1,0,0,0,1,NULL),(384,NULL,1110121,5,1,1110100,'Caja en Dolares','Activo',NULL,1,2,1,1,1,0,NULL),(385,NULL,1120100,4,1,1120000,'TEMPORARIAS','Activo',NULL,1,1,0,0,0,0,NULL),(386,NULL,1120101,5,1,1120100,'PLAZO FIJO','Activo',NULL,1,1,0,0,0,1,NULL),(387,NULL,1120200,4,1,1120000,'PERMANENTES','Activo',NULL,1,1,0,0,0,0,NULL),(388,NULL,1120201,5,1,1120200,'ACCIONES','Activo',NULL,1,1,0,0,0,1,NULL),(389,NULL,1220401,5,1,1220400,'Inmuebles','Activo',NULL,1,1,0,0,0,1,NULL),(390,NULL,1220501,5,1,1220500,'Vehiculos','Activo',NULL,1,1,0,0,0,1,NULL),(391,NULL,1220601,5,1,1220600,'Maquinarias','Activo',NULL,1,1,0,0,0,1,NULL),(392,NULL,1150401,5,1,1150400,'MERCADERIAS','Activo',NULL,1,1,0,0,0,1,NULL),(393,NULL,1160101,5,1,1160100,'OTROS','Activo',NULL,1,1,0,0,0,1,NULL),(394,NULL,1230100,4,1,1230000,'INTANGIBLES','Activo',NULL,1,1,0,0,0,0,NULL);
INSERT INTO `conta_plan_cuenta` VALUES (395,NULL,2110119,5,2,2110100,'Cuenta Particular Socio 2','Pasivo',NULL,1,1,0,0,0,1,NULL),(396,NULL,5120160,5,1,5120100,'Comisiones Y gastos Bancarios','Result. Negativo',NULL,1,1,0,0,0,1,NULL),(397,NULL,4110100,4,2,4110000,'Ingresos Operativos','Result. Positivo',NULL,1,1,0,0,0,0,NULL),(398,NULL,4120100,4,2,4120000,'OTROS INGRESOS','Result. Positivo',NULL,1,1,0,0,0,0,NULL),(399,NULL,5110000,3,1,5100000,'GASTOS ORDINARIOS','Result. Negativo',NULL,1,1,0,0,0,0,NULL),(400,NULL,5120000,3,1,5100000,'GASTOS DE OPERACION','Result. Negativo',NULL,1,1,0,0,0,0,NULL),(401,NULL,5130000,3,1,5100000,'GASTOS DE OPERACION','Result. Negativo',NULL,1,1,0,0,0,0,NULL),(402,NULL,5140000,3,1,5100000,'GASTOS DE OPERACION','Result. Negativo',NULL,1,1,0,0,0,0,NULL),(403,NULL,5210000,3,1,5200000,'GASTOS EXTRAORDINARIOS','Result. Negativo',NULL,1,1,0,0,0,0,NULL),(404,NULL,5210100,4,1,5210000,'GASTOS EXTRAORDINARIOS','Result. Negativo',NULL,1,1,0,0,0,0,NULL),(405,NULL,6110100,4,1,6110000,'Movimiento','Movimiento',NULL,1,1,0,0,0,0,NULL),(406,NULL,1130100,4,1,1130000,'Operaciones Ordinarias','Activo',NULL,1,1,0,0,0,0,NULL),(407,NULL,3110000,3,2,3100000,'CAPITAL SOCIAL','Patrimonio Neto',NULL,1,1,0,0,0,0,NULL),(408,NULL,3410000,3,2,3400000,'RESULTADOS ANTERIORES','Patrimonio Neto',NULL,1,1,0,0,0,0,NULL),(409,NULL,5110101,5,2,5110000,'IVA Crédito Fiscal No computable','Result. Negativo',NULL,1,2,0,0,1,1,NULL),(410,NULL,1110203,5,1,1110200,'Banco ICBC Cta. Cte.','Activo',NULL,1,2,1,1,1,0,NULL),(411,NULL,2110342,5,2,2110300,'Provisión Impuesto a las Ganancias','Pasivo',NULL,1,1,0,0,0,1,NULL),(412,NULL,5120107,5,2,5120000,'Amortización Muebles y Útiles','Result. Negativo',NULL,1,1,0,0,0,1,NULL),(413,NULL,5120102,5,2,5120000,'Amortización Equipos','Result. Negativo',NULL,1,1,0,0,0,1,NULL),(414,NULL,1220109,5,1,1220100,'Amortizacion Acumulada Equipos','Activo',NULL,1,1,0,0,0,1,NULL),(415,NULL,1220602,5,1,1220600,'Amortización Acumulada Maquinarias','Activo',NULL,1,1,0,0,0,1,NULL),(416,NULL,1160102,5,1,1160100,'Materias Primas','Activo',NULL,1,1,0,0,0,1,NULL),(417,NULL,1110204,5,1,1110200,'Banco Itaú Cta. Cte.','Activo',NULL,1,2,1,1,1,0,NULL),(418,NULL,2110113,5,2,2110100,'Deudas Bancarias','Pasivo',NULL,1,2,0,1,1,1,NULL),(419,NULL,1220502,5,1,1220500,'Rodados','Activo',NULL,1,1,0,0,0,1,NULL),(420,NULL,1220503,5,1,1220500,'Amortización Acumulada Rodados','Activo',NULL,1,1,0,0,0,1,NULL),(421,NULL,5120105,5,2,5120000,'Amortización Rodados','Result. Negativo',NULL,1,1,0,0,0,1,'2020-12-31 13:34:22'),(422,NULL,5120109,5,2,5120000,'Amortización Maquinarias','Result. Negativo',NULL,1,1,0,0,0,1,'2020-12-31 13:34:22'),(423,NULL,1220504,5,1,1220500,'Accesorios','Activo',NULL,1,1,0,0,0,1,NULL),(424,NULL,1220505,5,1,1220500,'Amortización Acumulada Accesorios','Activo',NULL,1,1,0,0,0,1,NULL),(425,NULL,1110205,5,1,1110200,'Banco Galicia Cta. Cte.','Activo',NULL,1,2,1,1,1,0,NULL),(426,NULL,3420101,5,2,3420000,'Reserva Facultativa','Patrimonio Neto',NULL,1,1,0,0,0,1,NULL),(427,NULL,1140212,5,1,1140200,'Créditos por Impuestos Diferidos','Activo',NULL,1,1,0,0,0,1,NULL),(428,NULL,1160103,5,1,1160100,'Fondo de Comercio','Activo',NULL,1,1,0,0,0,1,NULL),(429,NULL,1160104,5,1,1160100,'Amortizacion Acumulada Fondo de Comercio','Activo',NULL,1,1,0,0,0,1,NULL),(430,NULL,1140213,5,1,1140200,'Intereses a devengar AGIP','Activo',NULL,1,1,0,0,0,1,NULL),(431,NULL,2110343,5,2,2110300,'PFP IIBB','Pasivo',NULL,1,1,0,0,0,1,'2020-12-31 13:34:22'),(432,NULL,1140330,5,1,1140300,'Pago a Cuenta ITC','Activo',NULL,1,2,0,0,0,1,NULL),(433,NULL,2110114,5,2,2110100,'Préstamo','Pasivo',NULL,1,2,0,1,1,1,NULL),(434,NULL,1160106,5,1,1160100,'Productos','Activo',NULL,1,1,0,0,0,1,NULL),(435,NULL,2110345,5,2,2110300,'Intereses a devengar PFP','Pasivo',NULL,1,1,0,0,0,1,NULL),(436,NULL,1110206,5,1,1110200,'Banco Provincia Cta. Cte.','Activo',NULL,1,2,1,1,1,0,NULL),(437,NULL,1140215,5,1,1140200,'Imp. Ley 25413 Cred 0.6%','Activo',NULL,1,1,0,0,0,1,NULL);
INSERT INTO `conta_plan_cuenta` VALUES (438,NULL,2110402,5,2,2110400,'Honorarios Directorio a Pagar','Pasivo',NULL,1,1,0,0,0,1,NULL),(439,NULL,3110101,5,2,3110100,'Reserva para Futuras Inversiones','Patrimonio Neto',NULL,1,1,0,0,0,1,NULL),(440,NULL,1130106,5,1,1130100,'TEAC - Trabajos Ejecutados a Certificar','Activo',NULL,1,1,0,0,0,1,NULL),(441,NULL,2110115,5,2,2110100,'Leasing','Pasivo',NULL,1,2,0,1,1,1,NULL),(442,NULL,1110207,5,1,1110200,'Banco Comafi Cta. Cte','Activo',NULL,1,2,1,1,1,0,NULL),(443,NULL,2110500,4,2,2110000,'Deudas Financieras','Pasivo',NULL,1,1,0,0,0,0,NULL),(444,NULL,2110501,5,2,2110500,'Banco Santander Rio Cta Cte','Pasivo',NULL,1,1,0,0,0,1,NULL),(446,NULL,2210000,3,2,2200000,'Deudas','Pasivo',NULL,1,1,0,0,0,0,NULL),(447,NULL,2210100,4,2,2210000,'Otras Deudas','Pasivo',NULL,1,1,0,0,0,0,NULL),(448,NULL,2210101,5,2,2210100,'Planes de Pagos AFIP','Pasivo',NULL,1,2,0,1,1,1,NULL),(449,NULL,2110502,5,2,2110500,'Leasing','Pasivo',NULL,1,1,0,0,0,1,NULL),(450,NULL,6110101,5,1,6110000,'Cheques Rechazados','Movimiento',NULL,1,2,0,0,1,1,NULL),(451,NULL,1110208,5,1,1110200,'Banco Patagonia Taxes Software','Activo',NULL,1,2,1,1,1,0,NULL),(452,NULL,1110209,5,1,1110200,'Banco Macro Cta. Cte.','Activo',NULL,1,2,1,1,1,0,NULL),(453,NULL,1120202,5,1,1120200,'Inversión Central Caribe','Activo',NULL,1,1,0,0,0,1,'2020-12-31 13:34:22'),(454,NULL,1120102,5,1,1120100,'Otras Inversiones','Activo',NULL,1,1,0,0,0,1,NULL),(455,NULL,1140216,5,1,1140200,'Otros Créditos','Activo',NULL,1,1,0,0,0,1,NULL),(456,NULL,2110403,5,2,2110400,'Provisión Honorarios Socio Gerente','Pasivo',NULL,1,1,0,0,0,1,NULL),(457,NULL,1110210,5,1,1110200,'Cheque Diferido Banco Santander Rio','Activo',NULL,1,2,1,1,1,0,'2020-12-31 13:34:22'),(458,NULL,1110211,5,1,1110200,'Cheque Diferido Banco Macro','Activo',NULL,1,2,1,1,1,0,'2020-12-31 13:34:22'),(459,NULL,2110204,5,2,2110200,'Moratoria SUSS a pagar','Pasivo',NULL,1,1,0,0,0,1,NULL),(460,NULL,2110344,5,2,2110300,'Impuestos Municipales a Pagar','Pasivo',NULL,1,1,0,0,0,1,NULL),(461,NULL,5110103,5,2,5110000,'Amortización Instalaciones','Result. Negativo',NULL,1,1,0,0,0,1,NULL),(462,NULL,5120110,5,2,5120000,'Amortización Equipos de comput.','Result. Negativo',NULL,1,1,0,0,0,1,'2020-12-31 13:34:22'),(463,NULL,2110118,5,2,2110100,'Cuenta Particular Socio 3','Pasivo',NULL,1,1,0,0,0,1,NULL),(464,NULL,2110120,5,2,2110100,'Cuenta Particular Socio 4','Pasivo',NULL,1,1,0,0,0,1,NULL),(465,NULL,3110102,5,2,3110100,'Otras Reservas','Patrimonio Neto',NULL,1,1,0,0,0,1,NULL),(466,NULL,1140331,5,1,1140300,'IGMP (Saldo a Favor)','Activo',NULL,1,1,0,0,0,1,NULL),(467,NULL,5110104,5,2,5110000,'Interés','Result. Negativo',NULL,1,2,0,0,1,1,NULL),(468,NULL,1150402,5,1,1150400,'Productos en Proceso','Activo',NULL,1,1,0,0,0,1,NULL),(469,NULL,2110205,5,2,2110200,'Depósitos en Garantía Socio Gerente','Pasivo',NULL,1,1,0,0,0,1,NULL),(470,NULL,2110346,5,2,2110300,'Fondos Embargados','Pasivo',NULL,1,1,0,0,0,1,NULL),(471,NULL,2110347,5,2,2110300,'Cuota Solid.','Pasivo',NULL,1,1,0,0,0,1,'2020-12-31 13:34:22'),(472,NULL,1140332,5,1,1140300,'Anticipo Honorarios Directores','Activo',NULL,1,1,0,0,0,1,NULL),(473,NULL,2110348,5,2,2110300,'SICORE a Pagar','Pasivo',NULL,1,1,0,0,0,1,NULL),(474,NULL,1110212,5,1,1110200,'Banco Credicoop Cta. Cte.','Activo',NULL,1,2,1,1,1,0,NULL),(475,NULL,1110213,5,1,1110200,'Banco Superville Cta. Cte.','Activo',NULL,1,2,1,1,1,0,NULL),(476,NULL,5110105,5,2,5110000,'RECPAM','Result. Negativo',NULL,1,2,0,0,0,1,NULL),(477,NULL,1110125,5,1,1110100,'Caja Reales','Activo',NULL,1,2,1,1,1,0,NULL),(478,NULL,5140169,5,1,5140100,'CO2 - Imp. Al Carbono','Result. Negativo',NULL,1,2,0,0,0,1,NULL),(479,NULL,1140300,4,1,1140000,'Anticipo de Impuestos','Activo',NULL,1,1,0,0,0,0,NULL),(480,NULL,2110600,4,2,2110000,'Retenciones Efectuadas','Pasivo',NULL,1,1,0,0,0,0,NULL),(481,NULL,4200000,2,2,4000000,'INGRESOS EXTRAORDINARIOS','Result. Positivo',NULL,1,1,0,0,0,0,NULL),(1001,NULL,5140170,5,1,5140100,'SIRTAC Córdoba','Result. Negativo',NULL,1,2,0,0,0,1,NULL);
INSERT INTO `conta_plan_cuenta` VALUES (1002,NULL,5140171,5,1,5140100,'SIRTAC Corrientes','Result. Negativo',NULL,1,2,0,0,0,1,NULL),(1003,NULL,5140172,5,1,5140100,'SIRTAC Chaco','Result. Negativo',NULL,1,2,0,0,0,1,NULL),(1004,NULL,5140173,5,1,5140100,'SIRTAC Chubut','Result. Negativo',NULL,1,2,0,0,0,1,NULL),(1005,NULL,5140174,5,1,5140100,'SIRTAC Entre Ríos','Result. Negativo',NULL,1,2,0,0,0,1,NULL),(1006,NULL,5140175,5,1,5140100,'SIRTAC Formosa','Result. Negativo',NULL,1,2,0,0,0,1,NULL),(1007,NULL,5140176,5,1,5140100,'SIRTAC Jujuy','Result. Negativo',NULL,1,2,0,0,0,1,NULL),(1008,NULL,5140177,5,1,5140100,'SIRTAC La Pampa','Result. Negativo',NULL,1,2,0,0,0,1,NULL),(1009,NULL,5140178,5,1,5140100,'SIRTAC La Rioja','Result. Negativo',NULL,1,2,0,0,0,1,NULL),(1010,NULL,5140179,5,1,5140100,'SIRTAC Mendoza','Result. Negativo',NULL,1,2,0,0,0,1,NULL),(1011,NULL,5140180,5,1,5140100,'SIRTAC Misiones','Result. Negativo',NULL,1,2,0,0,0,1,NULL),(1012,NULL,5140181,5,1,5140100,'SIRTAC Neuquén','Result. Negativo',NULL,1,2,0,0,0,1,NULL),(1013,NULL,5140182,5,1,5140100,'SIRTAC Río Negro','Result. Negativo',NULL,1,2,0,0,0,1,NULL),(1014,NULL,5140183,5,1,5140100,'SIRTAC Salta','Result. Negativo',NULL,1,2,0,0,0,1,NULL),(1015,NULL,5140184,5,1,5140100,'SIRTAC San Juan','Result. Negativo',NULL,1,2,0,0,0,1,NULL),(1016,NULL,5140185,5,1,5140100,'SIRTAC San Luis','Result. Negativo',NULL,1,2,0,0,0,1,NULL),(1017,NULL,5140186,5,1,5140100,'SIRTAC Santa Cruz','Result. Negativo',NULL,1,2,0,0,0,1,NULL),(1018,NULL,5140187,5,1,5140100,'SIRTAC Santa Fe','Result. Negativo',NULL,1,2,0,0,0,1,NULL),(1019,NULL,5140188,5,1,5140100,'SIRTAC Santiago del Estero','Result. Negativo',NULL,1,2,0,0,0,1,NULL),(1020,NULL,5140189,5,1,5140100,'SIRTAC Tierra del Fuego','Result. Negativo',NULL,1,2,0,0,0,1,NULL),(1021,NULL,5140190,5,1,5140100,'SIRTAC Tucuman','Result. Negativo',NULL,1,2,0,0,0,1,NULL),(1022,NULL,5140191,5,1,5140100,'SIRTAC Capital Federal','Result. Negativo',NULL,1,2,0,0,0,1,NULL),(1023,NULL,5140192,5,1,5140100,'SIRTAC Buenos Aires','Result. Negativo',NULL,1,2,0,0,0,1,NULL),(1024,NULL,5140193,5,1,5140100,'SIRTAC Catamarca','Result. Negativo',NULL,1,2,0,0,0,1,NULL),(1025,NULL,5140194,5,1,5140100,'SIRTAC Pascua Lama','Result. Negativo',NULL,1,2,0,0,0,1,NULL),(1026,NULL,6110104,5,1,6110100,'BANCO SIRTAC','Movimiento',NULL,1,2,0,0,1,1,NULL);

--
-- Table structure for table `conta_tipo_asientos`
--

CREATE TABLE `conta_tipo_asientos` (
  `id` int(10) unsigned NOT NULL AUTO_INCREMENT,
  `nombre` varchar(255) COLLATE utf8mb4_unicode_ci DEFAULT NULL,
  `created_at` timestamp NULL DEFAULT NULL,
  `updated_at` timestamp NULL DEFAULT NULL,
  `deleted_at` timestamp NULL DEFAULT NULL,
  `orden` int(11) DEFAULT NULL,
  PRIMARY KEY (`id`)
) ENGINE=InnoDB AUTO_INCREMENT=25 DEFAULT CHARSET=utf8mb4 COLLATE=utf8mb4_unicode_ci;

--
-- Dumping data for table `conta_tipo_asientos`
--

INSERT INTO `conta_tipo_asientos` VALUES (1,'Sueldos',NULL,NULL,NULL,11),(2,'Ingresos',NULL,NULL,NULL,9),(3,'Egresos',NULL,NULL,NULL,10),(4,'Amortizaciones',NULL,NULL,NULL,4),(5,'Banco',NULL,NULL,NULL,15),(6,'Ganancias',NULL,NULL,NULL,12),(7,'Retenciones',NULL,NULL,NULL,13),(8,'SIRCREB',NULL,NULL,NULL,14),(9,'Compensaciones',NULL,NULL,NULL,16),(10,'Pagos AFIP',NULL,NULL,NULL,17),(11,'Ajustes',NULL,NULL,NULL,3),(12,'Saldos Iniciales',NULL,NULL,NULL,1),(13,'Cancelacion de Iniciales',NULL,NULL,NULL,2),(14,'Patrimonio Neto',NULL,NULL,NULL,8),(15,'Liquidaciones IVA',NULL,NULL,NULL,18),(16,'Liquidacion IIBB',NULL,NULL,NULL,19),(17,'Asientos de Cierre',NULL,NULL,NULL,5),(18,'Reclasificacion',NULL,NULL,NULL,6),(19,'Otros',NULL,NULL,NULL,7),(20,'Cobranzas','2019-10-02 03:20:37','2019-10-02 03:20:37',NULL,NULL),(21,'Pagos','2019-10-02 03:20:37','2019-10-02 03:20:37',NULL,NULL),(22,'Tesoreria','2019-10-19 02:10:24','2019-10-19 02:10:24',NULL,NULL),(23,'Ajuste por Inflacion','2020-03-01 06:39:20','2020-03-01 06:39:20',NULL,NULL),(24,'SIRTAC','2023-10-16 21:23:13','2023-10-16 21:23:13',NULL,20);

--
-- Table structure for table `conta_tipo_cuentas`
--

CREATE TABLE `conta_tipo_cuentas` (
  `id` int(10) unsigned NOT NULL AUTO_INCREMENT,
  `tipo_cuenta` varchar(255) COLLATE utf8mb4_unicode_ci DEFAULT NULL,
  `created_at` timestamp NULL DEFAULT NULL,
  `updated_at` timestamp NULL DEFAULT NULL,
  `deleted_at` timestamp NULL DEFAULT NULL,
  PRIMARY KEY (`id`)
) ENGINE=InnoDB AUTO_INCREMENT=6 DEFAULT CHARSET=utf8mb4 COLLATE=utf8mb4_unicode_ci;

--
-- Dumping data for table `conta_tipo_cuentas`
--

INSERT INTO `conta_tipo_cuentas` VALUES (1,'Rubro',NULL,NULL,NULL),(2,'SubRubro',NULL,NULL,NULL),(3,'Grupo',NULL,NULL,NULL),(4,'SubGrupo',NULL,NULL,NULL),(5,'Cuenta',NULL,NULL,NULL);

--
-- Table structure for table `conta_tipo_saldos`
--

CREATE TABLE `conta_tipo_saldos` (
  `id` int(10) unsigned NOT NULL AUTO_INCREMENT,
  `saldo` varchar(255) COLLATE utf8mb4_unicode_ci DEFAULT NULL,
  `created_at` timestamp NULL DEFAULT NULL,
  `updated_at` timestamp NULL DEFAULT NULL,
  `deleted_at` timestamp NULL DEFAULT NULL,
  PRIMARY KEY (`id`)
) ENGINE=InnoDB AUTO_INCREMENT=3 DEFAULT CHARSET=utf8mb4 COLLATE=utf8mb4_unicode_ci;

--
-- Dumping data for table `conta_tipo_saldos`
--

INSERT INTO `conta_tipo_saldos` VALUES (1,'Deudor',NULL,NULL,NULL),(2,'Acreedor',NULL,NULL,NULL);

--
-- Table structure for table `control_cuits_afip`
--

CREATE TABLE `control_cuits_afip` (
  `id` int(10) unsigned NOT NULL AUTO_INCREMENT,
  `user_id` int(10) unsigned DEFAULT NULL,
  `person_id` int(10) unsigned NOT NULL,
  `field_name1` varchar(191) COLLATE utf8mb4_unicode_ci DEFAULT NULL,
  `cuit` varchar(191) COLLATE utf8mb4_unicode_ci DEFAULT NULL,
  `error` varchar(191) COLLATE utf8mb4_unicode_ci DEFAULT NULL,
  `created_at` timestamp NULL DEFAULT NULL,
  `updated_at` timestamp NULL DEFAULT NULL,
  `deleted_at` timestamp NULL DEFAULT NULL,
  PRIMARY KEY (`id`),
  KEY `control_cuits_afip_person_id_foreign` (`person_id`),
  CONSTRAINT `control_cuits_afip_person_id_foreign` FOREIGN KEY (`person_id`) REFERENCES `persons` (`id`)
) ENGINE=InnoDB DEFAULT CHARSET=utf8mb4 COLLATE=utf8mb4_unicode_ci;

--
-- Dumping data for table `control_cuits_afip`
--


--
-- Table structure for table `control_general`
--

CREATE TABLE `control_general` (
  `id` int(10) unsigned NOT NULL AUTO_INCREMENT,
  `description` varchar(180) COLLATE utf8mb4_unicode_ci NOT NULL,
  `class` int(10) unsigned NOT NULL,
  `class_description` varchar(180) COLLATE utf8mb4_unicode_ci NOT NULL,
  `path` varchar(255) COLLATE utf8mb4_unicode_ci DEFAULT NULL,
  `created_at` timestamp NULL DEFAULT NULL,
  `updated_at` timestamp NULL DEFAULT NULL,
  PRIMARY KEY (`id`),
  UNIQUE KEY `control_general_description_unique` (`description`)
) ENGINE=InnoDB AUTO_INCREMENT=6 DEFAULT CHARSET=utf8mb4 COLLATE=utf8mb4_unicode_ci;

--
-- Dumping data for table `control_general`
--

INSERT INTO `control_general` VALUES (1,'Ingresos - Egresos - Resultado',1,'Proyeccion Ganancias','control_general/proyecGanancias',NULL,NULL),(2,'IVA',2,'IVA','control_general/iva',NULL,NULL),(3,'IIBB',3,'IIBB','control_general/iibb',NULL,NULL),(4,'Por Mes',4,'Vto. Impuestos','control_general/vto',NULL,NULL),(5,'Por Impuesto',4,'Vto. Impuestos','control_general/vtoPorImpuestos',NULL,NULL);

--
-- Table structure for table `cta_cte_cliente`
--

CREATE TABLE `cta_cte_cliente` (
  `id` int(10) unsigned NOT NULL AUTO_INCREMENT,
  `user_id` int(10) unsigned DEFAULT NULL,
  `tipo_asiento_id` int(10) unsigned NOT NULL,
  `person_id` int(10) unsigned NOT NULL,
  `person_id_relationed` int(10) unsigned NOT NULL,
  `cta_cte_tesoreria_cuenta_id` int(10) unsigned DEFAULT NULL,
  `period_id` int(10) unsigned NOT NULL,
  `saldo_id` int(10) unsigned NOT NULL,
  `compensado` tinyint(1) NOT NULL DEFAULT '0',
  `fecha` date DEFAULT NULL,
  `total` decimal(16,2) NOT NULL,
  `moneda_id` int(10) unsigned NOT NULL DEFAULT '1',
  `cotizacion` decimal(9,2) NOT NULL DEFAULT '1.00',
  `comentario` varchar(191) COLLATE utf8mb4_unicode_ci DEFAULT NULL,
  `file` varchar(191) COLLATE utf8mb4_unicode_ci DEFAULT NULL,
  `created_at` timestamp NULL DEFAULT NULL,
  `updated_at` timestamp NULL DEFAULT NULL,
  `deleted_at` timestamp NULL DEFAULT NULL,
  PRIMARY KEY (`id`),
  KEY `cta_cte_cliente_person_id_foreign` (`person_id`),
  KEY `cta_cte_cliente_person_id_relationed_foreign` (`person_id_relationed`),
  KEY `cta_cte_cliente_period_id_foreign` (`period_id`),
  KEY `cta_cte_cliente_saldo_id_foreign` (`saldo_id`),
  KEY `cta_cte_cliente_tipo_asiento_id_foreign` (`tipo_asiento_id`),
  KEY `cta_cte_cliente_cta_cte_tesoreria_cuenta_id_foreign` (`cta_cte_tesoreria_cuenta_id`),
  KEY `cta_cte_cliente_moneda_id_foreign` (`moneda_id`),
  CONSTRAINT `cta_cte_cliente_cta_cte_tesoreria_cuenta_id_foreign` FOREIGN KEY (`cta_cte_tesoreria_cuenta_id`) REFERENCES `cta_cte_tesoreria_cuentas` (`id`),
  CONSTRAINT `cta_cte_cliente_moneda_id_foreign` FOREIGN KEY (`moneda_id`) REFERENCES `monedas` (`id`),
  CONSTRAINT `cta_cte_cliente_period_id_foreign` FOREIGN KEY (`period_id`) REFERENCES `periods` (`id`),
  CONSTRAINT `cta_cte_cliente_person_id_foreign` FOREIGN KEY (`person_id`) REFERENCES `persons` (`id`),
  CONSTRAINT `cta_cte_cliente_person_id_relationed_foreign` FOREIGN KEY (`person_id_relationed`) REFERENCES `persons` (`id`),
  CONSTRAINT `cta_cte_cliente_saldo_id_foreign` FOREIGN KEY (`saldo_id`) REFERENCES `conta_tipo_saldos` (`id`),
  CONSTRAINT `cta_cte_cliente_tipo_asiento_id_foreign` FOREIGN KEY (`tipo_asiento_id`) REFERENCES `conta_tipo_asientos` (`id`)
) ENGINE=InnoDB AUTO_INCREMENT=695 DEFAULT CHARSET=utf8mb4 COLLATE=utf8mb4_unicode_ci;

--
-- Dumping data for table `cta_cte_cliente`
--

INSERT INTO `cta_cte_cliente` VALUES (410,8213,2,40728,41078,13,13542,1,0,'2022-11-01',10920.00,1,1.00,'Factura A N°: 0006-00000431',NULL,'2022-12-21 11:25:22','2022-12-21 11:25:22',NULL),(411,8213,2,40728,41079,13,13542,1,0,'2022-11-01',1990.00,1,1.00,'Factura B N°: 0006-00009883',NULL,'2022-12-21 11:25:22','2022-12-21 11:25:22',NULL),(412,8213,2,40728,41079,13,13542,1,0,'2022-11-01',1790.00,1,1.00,'Factura B N°: 0006-00009884',NULL,'2022-12-21 11:25:22','2022-12-21 11:25:22',NULL),(413,8213,2,40728,41080,13,13542,1,0,'2022-11-01',5958.00,1,1.00,'Factura B N°: 0006-00009885',NULL,'2022-12-21 11:25:23','2022-12-21 11:25:23',NULL),(414,8213,2,40728,41081,13,13542,1,0,'2022-11-01',7548.00,1,1.00,'Factura B N°: 0006-00009886',NULL,'2022-12-21 11:25:23','2022-12-21 11:25:23',NULL),(415,8213,2,40728,41082,13,13542,1,0,'2022-11-01',2200.00,1,1.00,'Factura B N°: 0006-00009887',NULL,'2022-12-21 11:25:23','2022-12-21 11:25:23',NULL),(416,8213,2,40728,41083,13,13542,1,0,'2022-11-01',4880.00,1,1.00,'Factura B N°: 0006-00009888',NULL,'2022-12-21 11:25:23','2022-12-21 11:25:23',NULL),(417,8213,2,40728,41084,13,13542,1,0,'2022-11-01',4880.00,1,1.00,'Factura B N°: 0006-00009889',NULL,'2022-12-21 11:25:23','2022-12-21 11:25:23',NULL),(418,8213,2,40728,41085,13,13542,1,0,'2022-11-02',2000.00,1,1.00,'Factura B N°: 0006-00009890',NULL,'2022-12-21 11:25:23','2022-12-21 11:25:23',NULL),(419,8213,2,40728,41086,13,13542,1,0,'2022-11-02',350.00,1,1.00,'Factura B N°: 0006-00009891',NULL,'2022-12-21 11:25:23','2022-12-21 11:25:23',NULL),(420,8213,2,40728,41087,13,13542,1,0,'2022-11-02',1970.00,1,1.00,'Factura B N°: 0006-00009892',NULL,'2022-12-21 11:25:23','2022-12-21 11:25:23',NULL),(421,8213,2,40728,41088,13,13542,1,0,'2022-11-02',3026.00,1,1.00,'Factura B N°: 0006-00009893',NULL,'2022-12-21 11:25:23','2022-12-21 11:25:23',NULL),(422,8213,2,40728,41089,13,13542,1,0,'2022-11-02',1700.00,1,1.00,'Factura B N°: 0006-00009894',NULL,'2022-12-21 11:25:23','2022-12-21 11:25:23',NULL),(423,8213,2,40728,41090,13,13542,1,0,'2022-11-02',1630.00,1,1.00,'Factura B N°: 0006-00009895',NULL,'2022-12-21 11:25:23','2022-12-21 11:25:23',NULL),(424,8213,2,40728,41091,13,13542,1,0,'2022-11-02',2800.00,1,1.00,'Factura B N°: 0006-00009896',NULL,'2022-12-21 11:25:24','2022-12-21 11:25:24',NULL),(425,8213,2,40728,41092,13,13542,1,0,'2022-11-02',2184.00,1,1.00,'Factura B N°: 0006-00009897',NULL,'2022-12-21 11:25:24','2022-12-21 11:25:24',NULL),(426,8213,2,40728,41093,13,13542,1,0,'2022-11-02',6600.00,1,1.00,'Factura B N°: 0006-00009898',NULL,'2022-12-21 11:25:24','2022-12-21 11:25:24',NULL),(427,8213,2,40728,41094,13,13542,1,0,'2022-11-02',3470.00,1,1.00,'Factura B N°: 0006-00009899',NULL,'2022-12-21 11:25:24','2022-12-21 11:25:24',NULL),(428,8213,2,40728,41086,13,13542,1,0,'2022-11-02',900.00,1,1.00,'Factura B N°: 0006-00009900',NULL,'2022-12-21 11:25:24','2022-12-21 11:25:24',NULL),(429,8213,2,40728,41095,13,13542,1,0,'2022-11-02',4200.00,1,1.00,'Factura B N°: 0006-00009901',NULL,'2022-12-21 11:25:24','2022-12-21 11:25:24',NULL),(430,8213,2,40728,41096,13,13542,1,0,'2022-11-02',13680.00,1,1.00,'Factura B N°: 0006-00009902',NULL,'2022-12-21 11:25:24','2022-12-21 11:25:24',NULL),(431,8213,2,40728,41097,13,13542,1,0,'2022-11-03',7797.00,1,1.00,'Factura B N°: 0006-00009903',NULL,'2022-12-21 11:25:24','2022-12-21 11:25:24',NULL),(432,8213,2,40728,41098,13,13542,1,0,'2022-11-03',3140.00,1,1.00,'Factura B N°: 0006-00009904',NULL,'2022-12-21 11:25:24','2022-12-21 11:25:24',NULL),(433,8213,2,40728,41099,13,13542,1,0,'2022-11-03',9535.00,1,1.00,'Factura B N°: 0006-00009905',NULL,'2022-12-21 11:25:24','2022-12-21 11:25:24',NULL),(434,8213,2,40728,41100,13,13542,1,0,'2022-11-03',10795.00,1,1.00,'Factura B N°: 0006-00009906',NULL,'2022-12-21 11:25:24','2022-12-21 11:25:24',NULL),(435,8213,2,40728,41101,13,13542,1,0,'2022-11-03',13500.00,1,1.00,'Factura B N°: 0006-00009907',NULL,'2022-12-21 11:25:25','2022-12-21 11:25:25',NULL);
INSERT INTO `cta_cte_cliente` VALUES (436,8213,2,40728,41102,13,13542,1,0,'2022-11-03',2290.00,1,1.00,'Factura B N°: 0006-00009908',NULL,'2022-12-21 11:25:25','2022-12-21 11:25:25',NULL),(437,8213,2,40728,41103,13,13542,1,0,'2022-11-03',3600.00,1,1.00,'Factura B N°: 0006-00009909',NULL,'2022-12-21 11:25:25','2022-12-21 11:25:25',NULL),(438,8213,2,40728,41104,13,13542,1,0,'2022-11-03',24487.00,1,1.00,'Factura B N°: 0006-00009910',NULL,'2022-12-21 11:25:25','2022-12-21 11:25:25',NULL),(439,8213,2,40728,41105,13,13542,1,0,'2022-11-04',5225.00,1,1.00,'Factura B N°: 0006-00009911',NULL,'2022-12-21 11:25:25','2022-12-21 11:25:25',NULL),(440,8213,2,40728,41106,13,13542,1,0,'2022-11-04',1850.00,1,1.00,'Factura B N°: 0006-00009912',NULL,'2022-12-21 11:25:25','2022-12-21 11:25:25',NULL),(441,8213,2,40728,41086,13,13542,1,0,'2022-11-04',570.00,1,1.00,'Factura B N°: 0006-00009913',NULL,'2022-12-21 11:25:25','2022-12-21 11:25:25',NULL),(442,8213,2,40728,41086,13,13542,1,0,'2022-11-04',660.00,1,1.00,'Factura B N°: 0006-00009914',NULL,'2022-12-21 11:25:25','2022-12-21 11:25:25',NULL),(443,8213,2,40728,41107,13,13542,1,0,'2022-11-04',2650.00,1,1.00,'Factura B N°: 0006-00009915',NULL,'2022-12-21 11:25:25','2022-12-21 11:25:25',NULL),(444,8213,2,40728,41086,13,13542,1,0,'2022-11-04',700.00,1,1.00,'Factura B N°: 0006-00009916',NULL,'2022-12-21 11:25:25','2022-12-21 11:25:25',NULL),(445,8213,2,40728,41108,13,13542,1,0,'2022-11-04',1500.00,1,1.00,'Factura B N°: 0006-00009917',NULL,'2022-12-21 11:25:25','2022-12-21 11:25:25',NULL),(446,8213,2,40728,41109,13,13542,1,0,'2022-11-04',3350.00,1,1.00,'Factura B N°: 0006-00009918',NULL,'2022-12-21 11:25:25','2022-12-21 11:25:25',NULL),(447,8213,2,40728,41079,13,13542,1,0,'2022-11-04',6000.00,1,1.00,'Factura B N°: 0006-00009919',NULL,'2022-12-21 11:25:25','2022-12-21 11:25:25',NULL),(448,8213,2,40728,41082,13,13542,1,0,'2022-11-04',4928.00,1,1.00,'Factura B N°: 0006-00009920',NULL,'2022-12-21 11:25:25','2022-12-21 11:25:25',NULL),(449,8213,2,40728,41088,13,13542,1,0,'2022-11-04',3200.00,1,1.00,'Factura B N°: 0006-00009921',NULL,'2022-12-21 11:25:25','2022-12-21 11:25:25',NULL),(450,8213,2,40728,41110,13,13542,1,0,'2022-11-04',1911.00,1,1.00,'Factura B N°: 0006-00009922',NULL,'2022-12-21 11:25:25','2022-12-21 11:25:25',NULL),(451,8213,2,40728,41079,13,13542,1,0,'2022-11-05',4805.00,1,1.00,'Factura B N°: 0006-00009923',NULL,'2022-12-21 11:25:25','2022-12-21 11:25:25',NULL),(452,8213,2,40728,41086,13,13542,1,0,'2022-11-05',820.00,1,1.00,'Factura B N°: 0006-00009924',NULL,'2022-12-21 11:25:26','2022-12-21 11:25:26',NULL),(453,8213,2,40728,41111,13,13542,1,0,'2022-11-05',777.00,1,1.00,'Factura B N°: 0006-00009925',NULL,'2022-12-21 11:25:26','2022-12-21 11:25:26',NULL),(454,8213,2,40728,41112,13,13542,1,0,'2022-11-05',14000.00,1,1.00,'Factura B N°: 0006-00009926',NULL,'2022-12-21 11:25:26','2022-12-21 11:25:26',NULL),(455,8213,2,40728,41112,13,13542,1,0,'2022-11-05',14000.00,1,1.00,'Factura B N°: 0006-00009927',NULL,'2022-12-21 11:25:26','2022-12-21 11:25:26',NULL),(456,8213,2,40728,41113,13,13542,1,0,'2022-11-05',480.00,1,1.00,'Factura B N°: 0006-00009928',NULL,'2022-12-21 11:25:26','2022-12-21 11:25:26',NULL),(457,8213,2,40728,41114,13,13542,1,0,'2022-11-05',320.00,1,1.00,'Factura B N°: 0006-00009929',NULL,'2022-12-21 11:25:26','2022-12-21 11:25:26',NULL),(458,8213,2,40728,41115,13,13542,1,0,'2022-11-05',200.00,1,1.00,'Factura B N°: 0006-00009930',NULL,'2022-12-21 11:25:26','2022-12-21 11:25:26',NULL),(459,8213,2,40728,41116,13,13542,1,0,'2022-11-05',3090.00,1,1.00,'Factura B N°: 0006-00009931',NULL,'2022-12-21 11:25:26','2022-12-21 11:25:26',NULL),(460,8213,2,40728,41086,13,13542,1,0,'2022-11-05',890.00,1,1.00,'Factura B N°: 0006-00009932',NULL,'2022-12-21 11:25:26','2022-12-21 11:25:26',NULL),(461,8213,2,40728,41117,13,13542,1,0,'2022-11-07',2675.00,1,1.00,'Factura A N°: 0006-00000432',NULL,'2022-12-21 11:25:26','2022-12-21 11:25:26',NULL);
INSERT INTO `cta_cte_cliente` VALUES (462,8213,2,40728,41086,13,13542,1,0,'2022-11-07',680.00,1,1.00,'Factura B N°: 0006-00009933',NULL,'2022-12-21 11:25:26','2022-12-21 11:25:26',NULL),(463,8213,2,40728,41118,13,13542,1,0,'2022-11-07',2400.00,1,1.00,'Factura B N°: 0006-00009934',NULL,'2022-12-21 11:25:26','2022-12-21 11:25:26',NULL),(464,8213,2,40728,41119,13,13542,1,0,'2022-11-07',35600.00,1,1.00,'Factura B N°: 0006-00009935',NULL,'2022-12-21 11:25:26','2022-12-21 11:25:26',NULL),(465,8213,2,40728,41119,13,13542,1,0,'2022-11-07',21500.00,1,1.00,'Factura B N°: 0006-00009936',NULL,'2022-12-21 11:25:26','2022-12-21 11:25:26',NULL),(466,8213,2,40728,41120,13,13542,1,0,'2022-11-07',4860.00,1,1.00,'Factura B N°: 0006-00009937',NULL,'2022-12-21 11:25:26','2022-12-21 11:25:26',NULL),(467,8213,2,40728,41121,13,13542,1,0,'2022-11-07',2950.00,1,1.00,'Factura B N°: 0006-00009938',NULL,'2022-12-21 11:25:26','2022-12-21 11:25:26',NULL),(468,8213,2,40728,41122,13,13542,1,0,'2022-11-07',7477.00,1,1.00,'Factura B N°: 0006-00009939',NULL,'2022-12-21 11:25:26','2022-12-21 11:25:26',NULL),(469,8213,2,40728,41123,13,13542,1,0,'2022-11-08',47850.00,1,1.00,'Factura B N°: 0006-00009940',NULL,'2022-12-21 11:25:27','2022-12-21 11:25:27',NULL),(470,8213,2,40728,41124,13,13542,1,0,'2022-11-08',4790.00,1,1.00,'Factura B N°: 0006-00009941',NULL,'2022-12-21 11:25:27','2022-12-21 11:25:27',NULL),(471,8213,2,40728,41125,13,13542,1,0,'2022-11-08',3995.00,1,1.00,'Factura B N°: 0006-00009942',NULL,'2022-12-21 11:25:27','2022-12-21 11:25:27',NULL),(472,8213,2,40728,41126,13,13542,1,0,'2022-11-08',6260.00,1,1.00,'Factura B N°: 0006-00009943',NULL,'2022-12-21 11:25:27','2022-12-21 11:25:27',NULL),(473,8213,2,40728,41127,13,13542,1,0,'2022-11-08',4700.00,1,1.00,'Factura B N°: 0006-00009944',NULL,'2022-12-21 11:25:27','2022-12-21 11:25:27',NULL),(474,8213,2,40728,41086,13,13542,1,0,'2022-11-08',550.00,1,1.00,'Factura B N°: 0006-00009945',NULL,'2022-12-21 11:25:27','2022-12-21 11:25:27',NULL),(475,8213,2,40728,41086,13,13542,1,0,'2022-11-08',248.00,1,1.00,'Factura B N°: 0006-00009946',NULL,'2022-12-21 11:25:27','2022-12-21 11:25:27',NULL),(476,8213,2,40728,41086,13,13542,1,0,'2022-11-08',950.00,1,1.00,'Factura B N°: 0006-00009947',NULL,'2022-12-21 11:25:27','2022-12-21 11:25:27',NULL),(477,8213,2,40728,41128,13,13542,1,0,'2022-11-08',3000.00,1,1.00,'Factura B N°: 0006-00009948',NULL,'2022-12-21 11:25:27','2022-12-21 11:25:27',NULL),(478,8213,2,40728,41086,13,13542,1,0,'2022-11-08',650.00,1,1.00,'Factura B N°: 0006-00009949',NULL,'2022-12-21 11:25:27','2022-12-21 11:25:27',NULL),(479,8213,2,40728,41129,13,13542,1,0,'2022-11-08',2750.00,1,1.00,'Factura B N°: 0006-00009950',NULL,'2022-12-21 11:25:27','2022-12-21 11:25:27',NULL),(480,8213,2,40728,41130,13,13542,1,0,'2022-11-09',14730.00,1,1.00,'Factura A N°: 0006-00000433',NULL,'2022-12-21 11:25:27','2022-12-21 11:25:27',NULL),(481,8213,2,40728,41131,13,13542,1,0,'2022-11-09',5310.00,1,1.00,'Factura B N°: 0006-00009951',NULL,'2022-12-21 11:25:27','2022-12-21 11:25:27',NULL),(482,8213,2,40728,41132,13,13542,1,0,'2022-11-09',1750.00,1,1.00,'Factura B N°: 0006-00009952',NULL,'2022-12-21 11:25:27','2022-12-21 11:25:27',NULL),(483,8213,2,40728,41133,13,13542,1,0,'2022-11-09',2770.00,1,1.00,'Factura B N°: 0006-00009953',NULL,'2022-12-21 11:25:27','2022-12-21 11:25:27',NULL),(484,8213,2,40728,41134,13,13542,1,0,'2022-11-09',61935.00,1,1.00,'Factura B N°: 0006-00009954',NULL,'2022-12-21 11:25:27','2022-12-21 11:25:27',NULL),(485,8213,2,40728,41135,13,13542,1,0,'2022-11-09',1506.00,1,1.00,'Factura B N°: 0006-00009955',NULL,'2022-12-21 11:25:27','2022-12-21 11:25:27',NULL),(486,8213,2,40728,41136,13,13542,1,0,'2022-11-10',630.00,1,1.00,'Factura A N°: 0006-00000434',NULL,'2022-12-21 11:25:27','2022-12-21 11:25:27',NULL),(487,8213,2,40728,41137,13,13542,1,0,'2022-11-10',1524.00,1,1.00,'Factura B N°: 0006-00009956',NULL,'2022-12-21 11:25:27','2022-12-21 11:25:27',NULL);
INSERT INTO `cta_cte_cliente` VALUES (488,8213,2,40728,41079,13,13542,1,0,'2022-11-10',4248.00,1,1.00,'Factura B N°: 0006-00009957',NULL,'2022-12-21 11:25:27','2022-12-21 11:25:27',NULL),(489,8213,2,40728,41136,13,13542,1,0,'2022-11-10',630.00,1,1.00,'Factura B N°: 0006-00009958',NULL,'2022-12-21 11:25:27','2022-12-21 11:25:27',NULL),(490,8213,2,40728,41079,13,13542,1,0,'2022-11-10',4150.00,1,1.00,'Factura B N°: 0006-00009959',NULL,'2022-12-21 11:25:27','2022-12-21 11:25:27',NULL),(491,8213,2,40728,41138,13,13542,1,0,'2022-11-10',3650.00,1,1.00,'Factura B N°: 0006-00009960',NULL,'2022-12-21 11:25:27','2022-12-21 11:25:27',NULL),(492,8213,2,40728,41139,13,13542,1,0,'2022-11-10',3490.00,1,1.00,'Factura B N°: 0006-00009961',NULL,'2022-12-21 11:25:27','2022-12-21 11:25:27',NULL),(493,8213,2,40728,41140,13,13542,1,0,'2022-11-10',6839.00,1,1.00,'Factura B N°: 0006-00009962',NULL,'2022-12-21 11:25:27','2022-12-21 11:25:27',NULL),(494,8213,2,40728,41141,13,13542,1,0,'2022-11-10',4180.00,1,1.00,'Factura B N°: 0006-00009963',NULL,'2022-12-21 11:25:27','2022-12-21 11:25:27',NULL),(495,8213,2,40728,41142,13,13542,1,0,'2022-11-10',3590.00,1,1.00,'Factura B N°: 0006-00009964',NULL,'2022-12-21 11:25:28','2022-12-21 11:25:28',NULL),(496,8213,2,40728,41079,13,13542,1,0,'2022-11-10',4680.00,1,1.00,'Factura B N°: 0006-00009965',NULL,'2022-12-21 11:25:28','2022-12-21 11:25:28',NULL),(497,8213,2,40728,41143,13,13542,1,0,'2022-11-11',11920.00,1,1.00,'Factura B N°: 0006-00009966',NULL,'2022-12-21 11:25:28','2022-12-21 11:25:28',NULL),(498,8213,2,40728,41086,13,13542,1,0,'2022-11-12',735.00,1,1.00,'Factura B N°: 0006-00009967',NULL,'2022-12-21 11:25:28','2022-12-21 11:25:28',NULL),(499,8213,2,40728,41086,13,13542,1,0,'2022-11-12',500.00,1,1.00,'Factura B N°: 0006-00009968',NULL,'2022-12-21 11:25:28','2022-12-21 11:25:28',NULL),(500,8213,2,40728,41144,13,13542,1,0,'2022-11-12',1530.00,1,1.00,'Factura B N°: 0006-00009969',NULL,'2022-12-21 11:25:28','2022-12-21 11:25:28',NULL),(501,8213,2,40728,41145,13,13542,1,0,'2022-11-12',19510.00,1,1.00,'Factura B N°: 0006-00009970',NULL,'2022-12-21 11:25:28','2022-12-21 11:25:28',NULL),(502,8213,2,40728,41086,13,13542,1,0,'2022-11-12',700.00,1,1.00,'Factura B N°: 0006-00009971',NULL,'2022-12-21 11:25:28','2022-12-21 11:25:28',NULL),(503,8213,2,40728,41086,13,13542,1,0,'2022-11-12',635.00,1,1.00,'Factura B N°: 0006-00009972',NULL,'2022-12-21 11:25:28','2022-12-21 11:25:28',NULL),(504,8213,2,40728,41146,13,13542,1,0,'2022-11-12',2480.00,1,1.00,'Factura B N°: 0006-00009973',NULL,'2022-12-21 11:25:28','2022-12-21 11:25:28',NULL),(505,8213,2,40728,41147,13,13542,1,0,'2022-11-12',1355.00,1,1.00,'Factura B N°: 0006-00009974',NULL,'2022-12-21 11:25:28','2022-12-21 11:25:28',NULL),(506,8213,2,40728,41148,13,13542,1,0,'2022-11-12',9178.40,1,1.00,'Factura B N°: 0006-00009975',NULL,'2022-12-21 11:25:28','2022-12-21 11:25:28',NULL),(507,8213,2,40728,41149,13,13542,1,0,'2022-11-12',1760.00,1,1.00,'Factura B N°: 0006-00009976',NULL,'2022-12-21 11:25:28','2022-12-21 11:25:28',NULL),(508,8213,2,40728,41086,13,13542,1,0,'2022-11-12',110.00,1,1.00,'Factura B N°: 0006-00009977',NULL,'2022-12-21 11:25:28','2022-12-21 11:25:28',NULL),(509,8213,2,40728,41086,13,13542,1,0,'2022-11-12',700.00,1,1.00,'Factura B N°: 0006-00009978',NULL,'2022-12-21 11:25:29','2022-12-21 11:25:29',NULL),(510,8213,2,40728,41086,13,13542,1,0,'2022-11-12',325.00,1,1.00,'Factura B N°: 0006-00009979',NULL,'2022-12-21 11:25:29','2022-12-21 11:25:29',NULL),(511,8213,2,40728,41150,13,13542,1,0,'2022-11-14',2770.00,1,1.00,'Factura B N°: 0006-00009980',NULL,'2022-12-21 11:25:29','2022-12-21 11:25:29',NULL),(512,8213,2,40728,41151,13,13542,1,0,'2022-11-14',3690.00,1,1.00,'Factura B N°: 0006-00009981',NULL,'2022-12-21 11:25:29','2022-12-21 11:25:29',NULL),(513,8213,2,40728,41152,13,13542,1,0,'2022-11-14',2385.00,1,1.00,'Factura B N°: 0006-00009982',NULL,'2022-12-21 11:25:29','2022-12-21 11:25:29',NULL);
INSERT INTO `cta_cte_cliente` VALUES (514,8213,2,40728,41153,13,13542,1,0,'2022-11-14',6528.00,1,1.00,'Factura B N°: 0006-00009983',NULL,'2022-12-21 11:25:29','2022-12-21 11:25:29',NULL),(515,8213,2,40728,41154,13,13542,1,0,'2022-11-14',2360.00,1,1.00,'Factura B N°: 0006-00009984',NULL,'2022-12-21 11:25:29','2022-12-21 11:25:29',NULL),(516,8213,2,40728,41155,13,13542,1,0,'2022-11-14',2002.00,1,1.00,'Factura B N°: 0006-00009985',NULL,'2022-12-21 11:25:29','2022-12-21 11:25:29',NULL),(517,8213,2,40728,41156,13,13542,1,0,'2022-11-14',3986.00,1,1.00,'Factura B N°: 0006-00009986',NULL,'2022-12-21 11:25:29','2022-12-21 11:25:29',NULL),(518,8213,2,40728,41157,13,13542,1,0,'2022-11-14',2360.00,1,1.00,'Factura B N°: 0006-00009987',NULL,'2022-12-21 11:25:29','2022-12-21 11:25:29',NULL),(519,8213,2,40728,41158,13,13542,1,0,'2022-11-14',1836.00,1,1.00,'Factura B N°: 0006-00009988',NULL,'2022-12-21 11:25:29','2022-12-21 11:25:29',NULL),(520,8213,2,40728,41159,13,13542,1,0,'2022-11-15',6655.20,1,1.00,'Factura B N°: 0006-00009989',NULL,'2022-12-21 11:25:29','2022-12-21 11:25:29',NULL),(521,8213,2,40728,41086,13,13542,1,0,'2022-11-15',850.00,1,1.00,'Factura B N°: 0006-00009990',NULL,'2022-12-21 11:25:29','2022-12-21 11:25:29',NULL),(522,8213,2,40728,41160,13,13542,1,0,'2022-11-15',3490.00,1,1.00,'Factura B N°: 0006-00009991',NULL,'2022-12-21 11:25:29','2022-12-21 11:25:29',NULL),(523,8213,2,40728,41100,13,13542,1,0,'2022-11-15',1740.00,1,1.00,'Factura B N°: 0006-00009992',NULL,'2022-12-21 11:25:29','2022-12-21 11:25:29',NULL),(524,8213,2,40728,41086,13,13542,1,0,'2022-11-15',700.00,1,1.00,'Factura B N°: 0006-00009993',NULL,'2022-12-21 11:25:29','2022-12-21 11:25:29',NULL),(525,8213,2,40728,41086,13,13542,1,0,'2022-11-15',880.00,1,1.00,'Factura B N°: 0006-00009994',NULL,'2022-12-21 11:25:29','2022-12-21 11:25:29',NULL),(526,8213,2,40728,41086,13,13542,1,0,'2022-11-15',290.00,1,1.00,'Factura B N°: 0006-00009995',NULL,'2022-12-21 11:25:30','2022-12-21 11:25:30',NULL),(527,8213,2,40728,41161,13,13542,1,0,'2022-11-15',9630.00,1,1.00,'Factura B N°: 0006-00009996',NULL,'2022-12-21 11:25:30','2022-12-21 11:25:30',NULL),(528,8213,2,40728,41162,13,13542,1,0,'2022-11-15',2680.00,1,1.00,'Factura B N°: 0006-00009997',NULL,'2022-12-21 11:25:30','2022-12-21 11:25:30',NULL),(529,8213,2,40728,41086,13,13542,1,0,'2022-11-16',999.00,1,1.00,'Factura B N°: 0006-00009998',NULL,'2022-12-21 11:25:30','2022-12-21 11:25:30',NULL),(530,8213,2,40728,41163,13,13542,1,0,'2022-11-16',5800.00,1,1.00,'Factura B N°: 0006-00009999',NULL,'2022-12-21 11:25:30','2022-12-21 11:25:30',NULL),(531,8213,2,40728,41164,13,13542,1,0,'2022-11-16',3630.00,1,1.00,'Factura B N°: 0006-00010000',NULL,'2022-12-21 11:25:30','2022-12-21 11:25:30',NULL),(532,8213,2,40728,41165,13,13542,1,0,'2022-11-16',34018.00,1,1.00,'Factura B N°: 0006-00010001',NULL,'2022-12-21 11:25:30','2022-12-21 11:25:30',NULL),(533,8213,2,40728,41166,13,13542,1,0,'2022-11-16',6090.00,1,1.00,'Factura B N°: 0006-00010002',NULL,'2022-12-21 11:25:30','2022-12-21 11:25:30',NULL),(534,8213,2,40728,41167,13,13542,1,0,'2022-11-16',12360.00,1,1.00,'Factura B N°: 0006-00010003',NULL,'2022-12-21 11:25:30','2022-12-21 11:25:30',NULL),(535,8213,2,40728,41082,13,13542,1,0,'2022-11-16',2700.00,1,1.00,'Factura B N°: 0006-00010004',NULL,'2022-12-21 11:25:30','2022-12-21 11:25:30',NULL),(536,8213,2,40728,41079,13,13542,1,0,'2022-11-16',840.00,1,1.00,'Factura B N°: 0006-00010005',NULL,'2022-12-21 11:25:30','2022-12-21 11:25:30',NULL),(537,8213,2,40728,41168,13,13542,1,0,'2022-11-16',7230.00,1,1.00,'Factura B N°: 0006-00010006',NULL,'2022-12-21 11:25:31','2022-12-21 11:25:31',NULL),(538,8213,2,40728,41079,13,13542,1,0,'2022-11-16',2430.00,1,1.00,'Factura B N°: 0006-00010007',NULL,'2022-12-21 11:25:31','2022-12-21 11:25:31',NULL),(539,8213,2,40728,41086,13,13542,1,0,'2022-11-17',975.00,1,1.00,'Factura B N°: 0006-00010008',NULL,'2022-12-21 11:25:31','2022-12-21 11:25:31',NULL);
INSERT INTO `cta_cte_cliente` VALUES (540,8213,2,40728,41169,13,13542,1,0,'2022-11-17',4670.00,1,1.00,'Factura B N°: 0006-00010009',NULL,'2022-12-21 11:25:31','2022-12-21 11:25:31',NULL),(541,8213,2,40728,41170,13,13542,1,0,'2022-11-17',16226.00,1,1.00,'Factura B N°: 0006-00010010',NULL,'2022-12-21 11:25:31','2022-12-21 11:25:31',NULL),(542,8213,2,40728,41171,13,13542,1,0,'2022-11-17',4670.00,1,1.00,'Factura B N°: 0006-00010011',NULL,'2022-12-21 11:25:31','2022-12-21 11:25:31',NULL),(543,8213,2,40728,41086,13,13542,1,0,'2022-11-17',360.00,1,1.00,'Factura B N°: 0006-00010012',NULL,'2022-12-21 11:25:31','2022-12-21 11:25:31',NULL),(544,8213,2,40728,41172,13,13542,1,0,'2022-11-17',12184.00,1,1.00,'Factura B N°: 0006-00010013',NULL,'2022-12-21 11:25:31','2022-12-21 11:25:31',NULL),(545,8213,2,40728,41093,13,13542,1,0,'2022-11-17',1605.00,1,1.00,'Factura B N°: 0006-00010014',NULL,'2022-12-21 11:25:31','2022-12-21 11:25:31',NULL),(546,8213,2,40728,41079,13,13542,1,0,'2022-11-17',480.00,1,1.00,'Factura B N°: 0006-00010015',NULL,'2022-12-21 11:25:31','2022-12-21 11:25:31',NULL),(547,8213,2,40728,41173,13,13542,1,0,'2022-11-17',8987.00,1,1.00,'Factura B N°: 0006-00010016',NULL,'2022-12-21 11:25:31','2022-12-21 11:25:31',NULL),(548,8213,2,40728,41174,13,13542,1,0,'2022-11-17',5500.00,1,1.00,'Factura B N°: 0006-00010017',NULL,'2022-12-21 11:25:32','2022-12-21 11:25:32',NULL),(549,8213,2,40728,41175,13,13542,1,0,'2022-11-17',5590.00,1,1.00,'Factura B N°: 0006-00010018',NULL,'2022-12-21 11:25:32','2022-12-21 11:25:32',NULL),(550,8213,2,40728,41176,13,13542,1,0,'2022-11-17',5970.00,1,1.00,'Factura B N°: 0006-00010019',NULL,'2022-12-21 11:25:32','2022-12-21 11:25:32',NULL),(551,8213,2,40728,41177,13,13542,1,0,'2022-11-17',1350.00,1,1.00,'Factura B N°: 0006-00010020',NULL,'2022-12-21 11:25:32','2022-12-21 11:25:32',NULL),(552,8213,2,40728,41178,13,13542,1,0,'2022-11-17',5260.00,1,1.00,'Factura B N°: 0006-00010021',NULL,'2022-12-21 11:25:32','2022-12-21 11:25:32',NULL),(553,8213,2,40728,41179,13,13542,1,0,'2022-11-18',369.00,1,1.00,'Factura B N°: 0006-00010022',NULL,'2022-12-21 11:25:32','2022-12-21 11:25:32',NULL),(554,8213,2,40728,41180,13,13542,1,0,'2022-11-18',4580.00,1,1.00,'Factura B N°: 0006-00010023',NULL,'2022-12-21 11:25:32','2022-12-21 11:25:32',NULL),(555,8213,2,40728,41086,13,13542,1,0,'2022-11-18',790.00,1,1.00,'Factura B N°: 0006-00010024',NULL,'2022-12-21 11:25:32','2022-12-21 11:25:32',NULL),(556,8213,2,40728,41086,13,13542,1,0,'2022-11-18',750.00,1,1.00,'Factura B N°: 0006-00010025',NULL,'2022-12-21 11:25:32','2022-12-21 11:25:32',NULL),(557,8213,2,40728,41181,13,13542,1,0,'2022-11-18',1270.00,1,1.00,'Factura B N°: 0006-00010026',NULL,'2022-12-21 11:25:32','2022-12-21 11:25:32',NULL),(558,8213,2,40728,41182,13,13542,1,0,'2022-11-18',2300.00,1,1.00,'Factura B N°: 0006-00010027',NULL,'2022-12-21 11:25:32','2022-12-21 11:25:32',NULL),(559,8213,2,40728,41183,13,13542,1,0,'2022-11-18',1800.00,1,1.00,'Factura B N°: 0006-00010028',NULL,'2022-12-21 11:25:32','2022-12-21 11:25:32',NULL),(560,8213,2,40728,41086,13,13542,1,0,'2022-11-18',400.00,1,1.00,'Factura B N°: 0006-00010029',NULL,'2022-12-21 11:25:33','2022-12-21 11:25:33',NULL),(561,8213,2,40728,41079,13,13542,1,0,'2022-11-19',4840.00,1,1.00,'Factura B N°: 0006-00010030',NULL,'2022-12-21 11:25:33','2022-12-21 11:25:33',NULL),(562,8213,2,40728,41184,13,13542,1,0,'2022-11-19',1360.00,1,1.00,'Factura B N°: 0006-00010031',NULL,'2022-12-21 11:25:33','2022-12-21 11:25:33',NULL),(563,8213,2,40728,41185,13,13542,1,0,'2022-11-19',140.00,1,1.00,'Factura B N°: 0006-00010032',NULL,'2022-12-21 11:25:33','2022-12-21 11:25:33',NULL),(564,8213,2,40728,41186,13,13542,1,0,'2022-11-19',1670.00,1,1.00,'Factura B N°: 0006-00010033',NULL,'2022-12-21 11:25:33','2022-12-21 11:25:33',NULL),(565,8213,2,40728,41079,13,13542,1,0,'2022-11-19',2603.00,1,1.00,'Factura B N°: 0006-00010034',NULL,'2022-12-21 11:25:33','2022-12-21 11:25:33',NULL);
INSERT INTO `cta_cte_cliente` VALUES (566,8213,2,40728,41187,13,13542,1,0,'2022-11-19',6270.00,1,1.00,'Factura B N°: 0006-00010035',NULL,'2022-12-21 11:25:33','2022-12-21 11:25:33',NULL),(567,8213,2,40728,41111,13,13542,1,0,'2022-11-19',6240.00,1,1.00,'Factura B N°: 0006-00010036',NULL,'2022-12-21 11:25:33','2022-12-21 11:25:33',NULL),(568,8213,2,40728,41188,13,13542,1,0,'2022-11-19',7960.00,1,1.00,'Factura B N°: 0006-00010037',NULL,'2022-12-21 11:25:33','2022-12-21 11:25:33',NULL),(569,8213,2,40728,41079,13,13542,1,0,'2022-11-19',3650.00,1,1.00,'Factura B N°: 0006-00010038',NULL,'2022-12-21 11:25:33','2022-12-21 11:25:33',NULL),(570,8213,2,40728,41189,13,13542,1,0,'2022-11-21',1100.00,1,1.00,'Factura A N°: 0006-00000435',NULL,'2022-12-21 11:25:33','2022-12-21 11:25:33',NULL),(571,8213,2,40728,41168,13,13542,1,0,'2022-11-21',4390.00,1,1.00,'Factura B N°: 0006-00010039',NULL,'2022-12-21 11:25:33','2022-12-21 11:25:33',NULL),(572,8213,2,40728,41086,13,13542,1,0,'2022-11-21',905.00,1,1.00,'Factura B N°: 0006-00010040',NULL,'2022-12-21 11:25:33','2022-12-21 11:25:33',NULL),(573,8213,2,40728,41190,13,13542,1,0,'2022-11-21',1300.00,1,1.00,'Factura B N°: 0006-00010041',NULL,'2022-12-21 11:25:33','2022-12-21 11:25:33',NULL),(574,8213,2,40728,41191,13,13542,1,0,'2022-11-21',5480.00,1,1.00,'Factura B N°: 0006-00010042',NULL,'2022-12-21 11:25:34','2022-12-21 11:25:34',NULL),(575,8213,2,40728,41192,13,13542,1,0,'2022-11-21',6540.00,1,1.00,'Factura B N°: 0006-00010043',NULL,'2022-12-21 11:25:34','2022-12-21 11:25:34',NULL),(576,8213,2,40728,41079,13,13542,1,0,'2022-11-21',2100.00,1,1.00,'Factura B N°: 0006-00010044',NULL,'2022-12-21 11:25:34','2022-12-21 11:25:34',NULL),(577,8213,2,40728,41177,13,13542,1,0,'2022-11-21',1360.00,1,1.00,'Factura B N°: 0006-00010045',NULL,'2022-12-21 11:25:34','2022-12-21 11:25:34',NULL),(578,8213,2,40728,41191,13,13542,1,0,'2022-11-21',8500.00,1,1.00,'Factura B N°: 0006-00010046',NULL,'2022-12-21 11:25:34','2022-12-21 11:25:34',NULL),(579,8213,2,40728,41177,13,13542,1,0,'2022-11-21',8700.00,1,1.00,'Factura B N°: 0006-00010047',NULL,'2022-12-21 11:25:34','2022-12-21 11:25:34',NULL),(580,8213,2,40728,41193,13,13542,1,0,'2022-11-21',1400.00,1,1.00,'Factura B N°: 0006-00010048',NULL,'2022-12-21 11:25:34','2022-12-21 11:25:34',NULL),(581,8213,2,40728,41194,13,13542,1,0,'2022-11-21',6898.00,1,1.00,'Factura B N°: 0006-00010049',NULL,'2022-12-21 11:25:34','2022-12-21 11:25:34',NULL),(582,8213,2,40728,41086,13,13542,1,0,'2022-11-22',693.00,1,1.00,'Factura B N°: 0006-00010050',NULL,'2022-12-21 11:25:34','2022-12-21 11:25:34',NULL),(583,8213,2,40728,41177,13,13542,1,0,'2022-11-22',7166.00,1,1.00,'Factura B N°: 0006-00010051',NULL,'2022-12-21 11:25:34','2022-12-21 11:25:34',NULL),(584,8213,2,40728,41086,13,13542,1,0,'2022-11-22',950.00,1,1.00,'Factura B N°: 0006-00010052',NULL,'2022-12-21 11:25:34','2022-12-21 11:25:34',NULL),(585,8213,2,40728,41086,13,13542,1,0,'2022-11-22',987.50,1,1.00,'Factura B N°: 0006-00010053',NULL,'2022-12-21 11:25:34','2022-12-21 11:25:34',NULL),(586,8213,2,40728,41195,13,13542,1,0,'2022-11-22',10560.00,1,1.00,'Factura B N°: 0006-00010054',NULL,'2022-12-21 11:25:34','2022-12-21 11:25:34',NULL),(587,8213,2,40728,41196,13,13542,1,0,'2022-11-22',4587.00,1,1.00,'Factura B N°: 0006-00010055',NULL,'2022-12-21 11:25:34','2022-12-21 11:25:34',NULL),(588,8213,2,40728,41103,13,13542,1,0,'2022-11-22',5143.00,1,1.00,'Factura B N°: 0006-00010056',NULL,'2022-12-21 11:25:34','2022-12-21 11:25:34',NULL),(589,8213,2,40728,41086,13,13542,1,0,'2022-11-23',180.00,1,1.00,'Factura B N°: 0006-00010057',NULL,'2022-12-21 11:25:34','2022-12-21 11:25:34',NULL),(590,8213,2,40728,41197,13,13542,1,0,'2022-11-23',1654.00,1,1.00,'Factura B N°: 0006-00010058',NULL,'2022-12-21 11:25:34','2022-12-21 11:25:34',NULL),(591,8213,2,40728,41086,13,13542,1,0,'2022-11-23',630.00,1,1.00,'Factura B N°: 0006-00010059',NULL,'2022-12-21 11:25:35','2022-12-21 11:25:35',NULL);
INSERT INTO `cta_cte_cliente` VALUES (592,8213,2,40728,41103,13,13542,1,0,'2022-11-23',2095.00,1,1.00,'Factura B N°: 0006-00010060',NULL,'2022-12-21 11:25:35','2022-12-21 11:25:35',NULL),(593,8213,2,40728,41198,13,13542,1,0,'2022-11-23',1970.00,1,1.00,'Factura B N°: 0006-00010061',NULL,'2022-12-21 11:25:35','2022-12-21 11:25:35',NULL),(594,8213,2,40728,41177,13,13542,1,0,'2022-11-23',8900.00,1,1.00,'Factura B N°: 0006-00010062',NULL,'2022-12-21 11:25:35','2022-12-21 11:25:35',NULL),(595,8213,2,40728,41079,13,13542,1,0,'2022-11-23',1650.00,1,1.00,'Factura B N°: 0006-00010063',NULL,'2022-12-21 11:25:35','2022-12-21 11:25:35',NULL),(596,8213,2,40728,41164,13,13542,1,0,'2022-11-23',9450.00,1,1.00,'Factura B N°: 0006-00010064',NULL,'2022-12-21 11:25:35','2022-12-21 11:25:35',NULL),(597,8213,2,40728,41191,13,13542,1,0,'2022-11-23',4480.00,1,1.00,'Factura B N°: 0006-00010065',NULL,'2022-12-21 11:25:35','2022-12-21 11:25:35',NULL),(598,8213,2,40728,41199,13,13542,1,0,'2022-11-23',4375.00,1,1.00,'Factura B N°: 0006-00010066',NULL,'2022-12-21 11:25:35','2022-12-21 11:25:35',NULL),(599,8213,2,40728,41164,13,13542,1,0,'2022-11-23',2660.00,1,1.00,'Factura B N°: 0006-00010067',NULL,'2022-12-21 11:25:35','2022-12-21 11:25:35',NULL),(600,8213,2,40728,41200,13,13542,1,0,'2022-11-23',8520.00,1,1.00,'Factura B N°: 0006-00010068',NULL,'2022-12-21 11:25:35','2022-12-21 11:25:35',NULL),(601,8213,2,40728,41189,13,13542,1,0,'2022-11-24',6035.00,1,1.00,'Factura A N°: 0006-00000436',NULL,'2022-12-21 11:25:35','2022-12-21 11:25:35',NULL),(602,8213,2,40728,41201,13,13542,1,0,'2022-11-24',3700.00,1,1.00,'Factura B N°: 0006-00010069',NULL,'2022-12-21 11:25:36','2022-12-21 11:25:36',NULL),(603,8213,2,40728,41079,13,13542,1,0,'2022-11-24',27630.00,1,1.00,'Factura B N°: 0006-00010070',NULL,'2022-12-21 11:25:36','2022-12-21 11:25:36',NULL),(604,8213,2,40728,41079,13,13542,1,0,'2022-11-24',12500.00,1,1.00,'Factura B N°: 0006-00010071',NULL,'2022-12-21 11:25:36','2022-12-21 11:25:36',NULL),(605,8213,2,40728,41079,13,13542,1,0,'2022-11-24',2338.00,1,1.00,'Factura B N°: 0006-00010072',NULL,'2022-12-21 11:25:36','2022-12-21 11:25:36',NULL),(606,8213,2,40728,41079,13,13542,1,0,'2022-11-24',24980.00,1,1.00,'Factura B N°: 0006-00010073',NULL,'2022-12-21 11:25:36','2022-12-21 11:25:36',NULL),(607,8213,2,40728,41112,13,13542,1,0,'2022-11-24',900.00,1,1.00,'Factura B N°: 0006-00010074',NULL,'2022-12-21 11:25:36','2022-12-21 11:25:36',NULL),(608,8213,2,40728,41202,13,13542,1,0,'2022-11-24',10240.00,1,1.00,'Factura B N°: 0006-00010075',NULL,'2022-12-21 11:25:36','2022-12-21 11:25:36',NULL),(609,8213,2,40728,41203,13,13542,1,0,'2022-11-24',10850.00,1,1.00,'Factura B N°: 0006-00010076',NULL,'2022-12-21 11:25:36','2022-12-21 11:25:36',NULL),(610,8213,2,40728,41082,13,13542,1,0,'2022-11-24',2575.00,1,1.00,'Factura B N°: 0006-00010077',NULL,'2022-12-21 11:25:36','2022-12-21 11:25:36',NULL),(611,8213,2,40728,41079,13,13542,1,0,'2022-11-24',5924.00,1,1.00,'Factura B N°: 0006-00010078',NULL,'2022-12-21 11:25:36','2022-12-21 11:25:36',NULL),(612,8213,2,40728,41164,13,13542,1,0,'2022-11-25',10190.00,1,1.00,'Factura B N°: 0006-00010079',NULL,'2022-12-21 11:25:36','2022-12-21 11:25:36',NULL),(613,8213,2,40728,41086,13,13542,1,0,'2022-11-25',490.00,1,1.00,'Factura B N°: 0006-00010080',NULL,'2022-12-21 11:25:36','2022-12-21 11:25:36',NULL),(614,8213,2,40728,41177,13,13542,1,0,'2022-11-25',1080.00,1,1.00,'Factura B N°: 0006-00010081',NULL,'2022-12-21 11:25:36','2022-12-21 11:25:36',NULL),(615,8213,2,40728,41204,13,13542,1,0,'2022-11-25',3980.00,1,1.00,'Factura B N°: 0006-00010082',NULL,'2022-12-21 11:25:36','2022-12-21 11:25:36',NULL),(616,8213,2,40728,41205,13,13542,1,0,'2022-11-25',1100.00,1,1.00,'Factura B N°: 0006-00010083',NULL,'2022-12-21 11:25:37','2022-12-21 11:25:37',NULL),(617,8213,2,40728,41206,13,13542,1,0,'2022-11-25',4000.00,1,1.00,'Factura B N°: 0006-00010084',NULL,'2022-12-21 11:25:37','2022-12-21 11:25:37',NULL);
INSERT INTO `cta_cte_cliente` VALUES (618,8213,2,40728,41086,13,13542,1,0,'2022-11-25',850.00,1,1.00,'Factura B N°: 0006-00010085',NULL,'2022-12-21 11:25:37','2022-12-21 11:25:37',NULL),(619,8213,2,40728,41207,13,13542,1,0,'2022-11-25',3640.00,1,1.00,'Factura B N°: 0006-00010086',NULL,'2022-12-21 11:25:37','2022-12-21 11:25:37',NULL),(620,8213,2,40728,41079,13,13542,1,0,'2022-11-26',3192.00,1,1.00,'Factura B N°: 0006-00010087',NULL,'2022-12-21 11:25:37','2022-12-21 11:25:37',NULL),(621,8213,2,40728,41079,13,13542,1,0,'2022-11-26',2830.00,1,1.00,'Factura B N°: 0006-00010088',NULL,'2022-12-21 11:25:37','2022-12-21 11:25:37',NULL),(622,8213,2,40728,41208,13,13542,1,0,'2022-11-26',2725.00,1,1.00,'Factura B N°: 0006-00010089',NULL,'2022-12-21 11:25:37','2022-12-21 11:25:37',NULL),(623,8213,2,40728,41164,13,13542,1,0,'2022-11-26',2830.00,1,1.00,'Factura B N°: 0006-00010090',NULL,'2022-12-21 11:25:37','2022-12-21 11:25:37',NULL),(624,8213,2,40728,41164,13,13542,1,0,'2022-11-26',3144.00,1,1.00,'Factura B N°: 0006-00010091',NULL,'2022-12-21 11:25:37','2022-12-21 11:25:37',NULL),(625,8213,2,40728,41164,13,13542,1,0,'2022-11-26',2800.00,1,1.00,'Factura B N°: 0006-00010092',NULL,'2022-12-21 11:25:37','2022-12-21 11:25:37',NULL),(626,8213,2,40728,41086,13,13542,1,0,'2022-11-26',550.00,1,1.00,'Factura B N°: 0006-00010093',NULL,'2022-12-21 11:25:37','2022-12-21 11:25:37',NULL),(627,8213,2,40728,41164,13,13542,1,0,'2022-11-26',780.00,1,1.00,'Factura B N°: 0006-00010094',NULL,'2022-12-21 11:25:37','2022-12-21 11:25:37',NULL),(628,8213,2,40728,41208,13,13542,1,0,'2022-11-26',2320.00,1,1.00,'Factura B N°: 0006-00010095',NULL,'2022-12-21 11:25:37','2022-12-21 11:25:37',NULL),(629,8213,2,40728,41164,13,13542,1,0,'2022-11-26',7112.00,1,1.00,'Factura B N°: 0006-00010096',NULL,'2022-12-21 11:25:37','2022-12-21 11:25:37',NULL),(630,8213,2,40728,41209,13,13542,1,0,'2022-11-26',2000.00,1,1.00,'Factura B N°: 0006-00010097',NULL,'2022-12-21 11:25:37','2022-12-21 11:25:37',NULL),(631,8213,2,40728,41105,13,13542,1,0,'2022-11-26',7900.00,1,1.00,'Factura B N°: 0006-00010098',NULL,'2022-12-21 11:25:37','2022-12-21 11:25:37',NULL),(632,8213,2,40728,41086,13,13542,1,0,'2022-11-28',600.00,1,1.00,'Factura B N°: 0006-00010103',NULL,'2022-12-21 11:25:37','2022-12-21 11:25:37',NULL),(633,8213,2,40728,41086,13,13542,1,0,'2022-11-28',720.00,1,1.00,'Factura B N°: 0006-00010104',NULL,'2022-12-21 11:25:37','2022-12-21 11:25:37',NULL),(634,8213,2,40728,41210,13,13542,1,0,'2022-11-28',6320.00,1,1.00,'Factura B N°: 0006-00010105',NULL,'2022-12-21 11:25:37','2022-12-21 11:25:37',NULL),(635,8213,2,40728,41211,13,13542,1,0,'2022-11-28',6800.00,1,1.00,'Factura B N°: 0006-00010106',NULL,'2022-12-21 11:25:37','2022-12-21 11:25:37',NULL),(636,8213,2,40728,41212,13,13542,1,0,'2022-11-28',1440.00,1,1.00,'Factura B N°: 0006-00010107',NULL,'2022-12-21 11:25:37','2022-12-21 11:25:37',NULL),(637,8213,2,40728,41213,13,13542,1,0,'2022-11-28',1215.00,1,1.00,'Factura B N°: 0006-00010108',NULL,'2022-12-21 11:25:37','2022-12-21 11:25:37',NULL),(638,8213,2,40728,41214,13,13542,1,0,'2022-11-28',2470.00,1,1.00,'Factura B N°: 0006-00010099',NULL,'2022-12-21 11:25:38','2022-12-21 11:25:38',NULL),(639,8213,2,40728,41215,13,13542,1,0,'2022-11-28',1222.00,1,1.00,'Factura B N°: 0006-00010100',NULL,'2022-12-21 11:25:38','2022-12-21 11:25:38',NULL),(640,8213,2,40728,41216,13,13542,1,0,'2022-11-28',4570.00,1,1.00,'Factura B N°: 0006-00010101',NULL,'2022-12-21 11:25:38','2022-12-21 11:25:38',NULL),(641,8213,2,40728,41217,13,13542,1,0,'2022-11-28',5160.00,1,1.00,'Factura B N°: 0006-00010102',NULL,'2022-12-21 11:25:38','2022-12-21 11:25:38',NULL),(642,8213,2,40728,41218,13,13542,1,0,'2022-11-29',1510.00,1,1.00,'Factura B N°: 0006-00010109',NULL,'2022-12-21 11:25:38','2022-12-21 11:25:38',NULL),(643,8213,2,40728,41219,13,13542,1,0,'2022-11-29',14030.00,1,1.00,'Factura A N°: 0006-00000437',NULL,'2022-12-21 11:25:38','2022-12-21 11:25:38',NULL);
INSERT INTO `cta_cte_cliente` VALUES (644,8213,2,40728,41219,13,13542,1,0,'2022-11-29',22284.00,1,1.00,'Factura A N°: 0006-00000438',NULL,'2022-12-21 11:25:38','2022-12-21 11:25:38',NULL),(645,8213,2,40728,41220,13,13542,1,0,'2022-11-29',2720.00,1,1.00,'Factura B N°: 0006-00010110',NULL,'2022-12-21 11:25:38','2022-12-21 11:25:38',NULL),(646,8213,2,40728,41086,13,13542,1,0,'2022-11-29',850.00,1,1.00,'Factura B N°: 0006-00010111',NULL,'2022-12-21 11:25:38','2022-12-21 11:25:38',NULL),(647,8213,2,40728,41086,13,13542,1,0,'2022-11-29',850.00,1,1.00,'Factura B N°: 0006-00010112',NULL,'2022-12-21 11:25:38','2022-12-21 11:25:38',NULL),(648,8213,2,40728,41220,13,13542,1,0,'2022-11-29',4910.00,1,1.00,'Factura B N°: 0006-00010113',NULL,'2022-12-21 11:25:38','2022-12-21 11:25:38',NULL),(649,8213,2,40728,41086,13,13542,1,0,'2022-11-29',500.00,1,1.00,'Factura B N°: 0006-00010114',NULL,'2022-12-21 11:25:38','2022-12-21 11:25:38',NULL),(650,8213,2,40728,41086,13,13542,1,0,'2022-11-29',650.00,1,1.00,'Factura B N°: 0006-00010115',NULL,'2022-12-21 11:25:38','2022-12-21 11:25:38',NULL),(651,8213,2,40728,41221,13,13542,1,0,'2022-11-29',5660.00,1,1.00,'Factura B N°: 0006-00010116',NULL,'2022-12-21 11:25:38','2022-12-21 11:25:38',NULL),(652,8213,2,40728,41086,13,13542,1,0,'2022-11-29',800.00,1,1.00,'Factura B N°: 0006-00010117',NULL,'2022-12-21 11:25:38','2022-12-21 11:25:38',NULL),(653,8213,2,40728,41222,13,13542,1,0,'2022-11-29',2600.00,1,1.00,'Factura B N°: 0006-00010118',NULL,'2022-12-21 11:25:38','2022-12-21 11:25:38',NULL),(654,8213,2,40728,41220,13,13542,1,0,'2022-11-29',1950.00,1,1.00,'Factura B N°: 0006-00010119',NULL,'2022-12-21 11:25:38','2022-12-21 11:25:38',NULL),(655,8213,2,40728,41223,13,13542,1,0,'2022-11-29',1210.00,1,1.00,'Factura B N°: 0006-00010120',NULL,'2022-12-21 11:25:38','2022-12-21 11:25:38',NULL),(656,8213,2,40728,41224,13,13542,1,0,'2022-11-29',6800.00,1,1.00,'Factura B N°: 0006-00010121',NULL,'2022-12-21 11:25:38','2022-12-21 11:25:38',NULL),(657,8213,2,40728,41103,13,13542,1,0,'2022-11-29',3970.00,1,1.00,'Factura B N°: 0006-00010122',NULL,'2022-12-21 11:25:38','2022-12-21 11:25:38',NULL),(658,8213,2,40728,41225,13,13542,1,0,'2022-11-30',2950.00,1,1.00,'Factura A N°: 0006-00000439',NULL,'2022-12-21 11:25:39','2022-12-21 11:25:39',NULL),(659,8213,2,40728,41103,13,13542,1,0,'2022-11-30',18127.00,1,1.00,'Factura B N°: 0006-00010123',NULL,'2022-12-21 11:25:39','2022-12-21 11:25:39',NULL),(660,8213,2,40728,41103,13,13542,1,0,'2022-11-30',1530.00,1,1.00,'Factura B N°: 0006-00010124',NULL,'2022-12-21 11:25:39','2022-12-21 11:25:39',NULL),(661,8213,3,40728,41226,57,13542,2,0,'2022-11-02',3500.01,1,1.00,'Factura B N°: 0005-00019494',NULL,'2022-12-21 11:26:17','2022-12-21 11:26:17',NULL),(662,8213,3,40728,41227,57,13542,1,0,'2022-11-02',3503.28,1,1.00,'Nota de crédito A N°: 0015-00049880',NULL,'2022-12-21 11:26:17','2022-12-21 11:26:17',NULL),(663,8213,3,40728,41228,57,13542,2,0,'2022-11-04',47939.92,1,1.00,'Factura A N°: 0004-00061608',NULL,'2022-12-21 11:26:17','2022-12-21 11:26:17',NULL),(664,8213,3,40728,41229,57,13542,2,0,'2022-11-10',4035.78,1,1.00,'Factura A N°: 0006-13118353',NULL,'2022-12-21 11:26:17','2022-12-21 11:26:17',NULL),(665,8213,3,40728,41230,57,13542,2,0,'2022-11-12',35608.99,1,1.00,'Factura A N°: 0030-00182504',NULL,'2022-12-21 11:26:17','2022-12-21 11:26:17',NULL),(666,8213,3,40728,41230,57,13542,2,0,'2022-11-12',44682.81,1,1.00,'Factura A N°: 0030-00182505',NULL,'2022-12-21 11:26:17','2022-12-21 11:26:17',NULL),(667,8213,3,40728,41230,57,13542,1,0,'2022-11-12',35608.99,1,1.00,'Nota de crédito A N°: 0030-00025337',NULL,'2022-12-21 11:26:17','2022-12-21 11:26:17',NULL),(668,8213,3,40728,41230,57,13542,2,0,'2022-11-12',307577.35,1,1.00,'Factura A N°: 0030-00182503',NULL,'2022-12-21 11:26:17','2022-12-21 11:26:17',NULL),(669,8213,3,40728,41231,57,13542,2,0,'2022-11-14',726.50,1,1.00,'Factura B N°: 0021-00762873',NULL,'2022-12-21 11:26:17','2022-12-21 11:26:17',NULL);
INSERT INTO `cta_cte_cliente` VALUES (670,8213,3,40728,41232,57,13542,2,0,'2022-11-14',263897.95,1,1.00,'Factura A N°: 0002-00152646',NULL,'2022-12-21 11:26:17','2022-12-21 11:26:17',NULL),(671,8213,3,40728,41233,57,13542,2,0,'2022-11-16',33513.71,1,1.00,'Factura A N°: 0003-00183147',NULL,'2022-12-21 11:26:17','2022-12-21 11:26:17',NULL),(672,8213,3,40728,41234,57,13542,2,0,'2022-11-16',125423.10,1,1.00,'Factura A N°: 0013-00058998',NULL,'2022-12-21 11:26:17','2022-12-21 11:26:17',NULL),(673,8213,3,40728,41234,57,13542,2,0,'2022-11-16',7751.04,1,1.00,'Factura A N°: 0013-00059000',NULL,'2022-12-21 11:26:17','2022-12-21 11:26:17',NULL),(674,8213,3,40728,41234,57,13542,2,0,'2022-11-16',60894.58,1,1.00,'Factura A N°: 0013-00058999',NULL,'2022-12-21 11:26:18','2022-12-21 11:26:18',NULL),(675,8213,3,40728,41235,57,13542,2,0,'2022-11-16',53030.27,1,1.00,'Factura A N°: 0005-00208361',NULL,'2022-12-21 11:26:18','2022-12-21 11:26:18',NULL),(676,8213,3,40728,41235,57,13542,2,0,'2022-11-16',112042.21,1,1.00,'Factura A N°: 0005-00208356',NULL,'2022-12-21 11:26:18','2022-12-21 11:26:18',NULL),(677,8213,3,40728,41235,57,13542,2,0,'2022-11-16',77490.00,1,1.00,'Factura A N°: 0005-00208357',NULL,'2022-12-21 11:26:18','2022-12-21 11:26:18',NULL),(678,8213,3,40728,41235,57,13542,2,0,'2022-11-16',54654.24,1,1.00,'Factura A N°: 0005-00208362',NULL,'2022-12-21 11:26:18','2022-12-21 11:26:18',NULL),(679,8213,3,40728,41236,57,13542,2,0,'2022-11-16',70789.49,1,1.00,'Factura A N°: 0003-00024089',NULL,'2022-12-21 11:26:18','2022-12-21 11:26:18',NULL),(680,8213,3,40728,41227,57,13542,2,0,'2022-11-16',219130.59,1,1.00,'Factura A N°: 0015-00139493',NULL,'2022-12-21 11:26:18','2022-12-21 11:26:18',NULL),(681,8213,3,40728,41233,57,13542,1,0,'2022-11-17',6702.73,1,1.00,'Nota de crédito A N°: 0003-00103276',NULL,'2022-12-21 11:26:18','2022-12-21 11:26:18',NULL),(682,8213,3,40728,41236,57,13542,1,0,'2022-11-17',14157.91,1,1.00,'Nota de crédito A N°: 0003-00018039',NULL,'2022-12-21 11:26:18','2022-12-21 11:26:18',NULL),(683,8213,3,40728,41227,57,13542,1,0,'2022-11-17',7769.96,1,1.00,'Nota de crédito A N°: 0015-00049952',NULL,'2022-12-21 11:26:18','2022-12-21 11:26:18',NULL),(684,8213,3,40728,41237,57,13542,1,0,'2022-11-17',4092.57,1,1.00,'Nota de crédito A N°: 0001-00008633',NULL,'2022-12-21 11:26:18','2022-12-21 11:26:18',NULL),(685,8213,3,40728,41238,57,13542,2,0,'2022-11-18',73979.72,1,1.00,'Factura B N°: 0315-00539069',NULL,'2022-12-21 11:26:18','2022-12-21 11:26:18',NULL),(686,8213,3,40728,41238,57,13542,2,0,'2022-11-18',15896.26,1,1.00,'Factura B N°: 0315-00539071',NULL,'2022-12-21 11:26:18','2022-12-21 11:26:18',NULL),(687,8213,3,40728,41239,57,13542,2,0,'2022-11-18',19307.28,1,1.00,'Factura A N°: 0004-00017504',NULL,'2022-12-21 11:26:18','2022-12-21 11:26:18',NULL),(688,8213,3,40728,41237,57,13542,2,0,'2022-11-18',68520.88,1,1.00,'Factura A N°: 0001-00011903',NULL,'2022-12-21 11:26:18','2022-12-21 11:26:18',NULL),(689,8213,3,40728,41237,57,13542,2,0,'2022-11-18',10349.90,1,1.00,'Factura A N°: 0001-00011904',NULL,'2022-12-21 11:26:18','2022-12-21 11:26:18',NULL),(690,8213,3,40728,41240,57,13542,2,0,'2022-11-22',46986.72,1,1.00,'Factura A N°: 0100-00046603',NULL,'2022-12-21 11:26:18','2022-12-21 11:26:18',NULL),(691,8213,3,40728,41235,57,13542,2,0,'2022-11-22',13910.63,1,1.00,'Factura A N°: 0005-00208885',NULL,'2022-12-21 11:26:18','2022-12-21 11:26:18',NULL),(692,8213,3,40728,41241,57,13542,2,0,'2022-11-22',12964.67,1,1.00,'Factura A N°: 0005-00054391',NULL,'2022-12-21 11:26:18','2022-12-21 11:26:18',NULL),(693,8213,3,40728,41242,57,13542,2,0,'2022-11-24',66566.56,1,1.00,'Factura A N°: 0008-00006054',NULL,'2022-12-21 11:26:18','2022-12-21 11:26:18',NULL),(694,8213,3,40728,41241,57,13542,2,0,'2022-11-29',7225.90,1,1.00,'Factura A N°: 0005-00054582',NULL,'2022-12-21 11:26:18','2022-12-21 11:26:18',NULL);

--
-- Table structure for table `cta_cte_cliente_details`
--

CREATE TABLE `cta_cte_cliente_details` (
  `id` int(10) unsigned NOT NULL AUTO_INCREMENT,
  `user_id` int(10) unsigned DEFAULT NULL,
  `cta_cte_cliente_id` int(10) unsigned NOT NULL,
  `person_id` int(10) unsigned DEFAULT NULL,
  `person_id_relationed` int(10) unsigned DEFAULT NULL,
  `cta_cte_tesoreria_cuenta_id` int(10) unsigned DEFAULT NULL,
  `period_id` int(10) unsigned DEFAULT NULL,
  `tipo_asiento_id` int(10) unsigned NOT NULL,
  `saldo_id` int(10) unsigned NOT NULL,
  `monto` decimal(16,2) NOT NULL,
  `created_at` timestamp NULL DEFAULT NULL,
  `updated_at` timestamp NULL DEFAULT NULL,
  `deleted_at` timestamp NULL DEFAULT NULL,
  PRIMARY KEY (`id`),
  KEY `cta_cte_cliente_details_cta_cte_cliente_id_foreign` (`cta_cte_cliente_id`),
  KEY `cta_cte_cliente_details_person_id_foreign` (`person_id`),
  KEY `cta_cte_cliente_details_person_id_relationed_foreign` (`person_id_relationed`),
  KEY `cta_cte_cliente_details_period_id_foreign` (`period_id`),
  KEY `cta_cte_cliente_details_tipo_asiento_id_foreign` (`tipo_asiento_id`),
  KEY `cta_cte_cliente_details_saldo_id_foreign` (`saldo_id`),
  KEY `cta_cte_cliente_details_cta_cte_tesoreria_cuenta_id_foreign` (`cta_cte_tesoreria_cuenta_id`),
  CONSTRAINT `cta_cte_cliente_details_cta_cte_cliente_id_foreign` FOREIGN KEY (`cta_cte_cliente_id`) REFERENCES `cta_cte_cliente` (`id`),
  CONSTRAINT `cta_cte_cliente_details_cta_cte_tesoreria_cuenta_id_foreign` FOREIGN KEY (`cta_cte_tesoreria_cuenta_id`) REFERENCES `cta_cte_tesoreria_cuentas` (`id`),
  CONSTRAINT `cta_cte_cliente_details_period_id_foreign` FOREIGN KEY (`period_id`) REFERENCES `periods` (`id`),
  CONSTRAINT `cta_cte_cliente_details_person_id_foreign` FOREIGN KEY (`person_id`) REFERENCES `persons` (`id`),
  CONSTRAINT `cta_cte_cliente_details_person_id_relationed_foreign` FOREIGN KEY (`person_id_relationed`) REFERENCES `persons` (`id`),
  CONSTRAINT `cta_cte_cliente_details_saldo_id_foreign` FOREIGN KEY (`saldo_id`) REFERENCES `conta_tipo_saldos` (`id`),
  CONSTRAINT `cta_cte_cliente_details_tipo_asiento_id_foreign` FOREIGN KEY (`tipo_asiento_id`) REFERENCES `conta_tipo_asientos` (`id`)
) ENGINE=InnoDB DEFAULT CHARSET=utf8mb4 COLLATE=utf8mb4_unicode_ci;

--
-- Dumping data for table `cta_cte_cliente_details`
--


--
-- Table structure for table `cta_cte_cliente_pivot_receipt`
--

CREATE TABLE `cta_cte_cliente_pivot_receipt` (
  `id` int(10) unsigned NOT NULL AUTO_INCREMENT,
  `user_id` int(10) unsigned DEFAULT NULL,
  `cta_cte_cliente_id` int(10) unsigned NOT NULL,
  `receipt_id` int(11) DEFAULT NULL,
  `importe` decimal(16,2) DEFAULT NULL,
  `created_at` timestamp NULL DEFAULT NULL,
  `updated_at` timestamp NULL DEFAULT NULL,
  `deleted_at` timestamp NULL DEFAULT NULL,
  PRIMARY KEY (`id`)
) ENGINE=InnoDB AUTO_INCREMENT=695 DEFAULT CHARSET=utf8mb4 COLLATE=utf8mb4_unicode_ci;

--
-- Dumping data for table `cta_cte_cliente_pivot_receipt`
--

INSERT INTO `cta_cte_cliente_pivot_receipt` VALUES (410,8213,410,426,NULL,'2022-12-21 11:25:22','2022-12-21 11:25:22',NULL),(411,8213,411,427,NULL,'2022-12-21 11:25:22','2022-12-21 11:25:22',NULL),(412,8213,412,428,NULL,'2022-12-21 11:25:22','2022-12-21 11:25:22',NULL),(413,8213,413,429,NULL,'2022-12-21 11:25:23','2022-12-21 11:25:23',NULL),(414,8213,414,430,NULL,'2022-12-21 11:25:23','2022-12-21 11:25:23',NULL),(415,8213,415,431,NULL,'2022-12-21 11:25:23','2022-12-21 11:25:23',NULL),(416,8213,416,432,NULL,'2022-12-21 11:25:23','2022-12-21 11:25:23',NULL),(417,8213,417,433,NULL,'2022-12-21 11:25:23','2022-12-21 11:25:23',NULL),(418,8213,418,434,NULL,'2022-12-21 11:25:23','2022-12-21 11:25:23',NULL),(419,8213,419,435,NULL,'2022-12-21 11:25:23','2022-12-21 11:25:23',NULL),(420,8213,420,436,NULL,'2022-12-21 11:25:23','2022-12-21 11:25:23',NULL),(421,8213,421,437,NULL,'2022-12-21 11:25:23','2022-12-21 11:25:23',NULL),(422,8213,422,438,NULL,'2022-12-21 11:25:23','2022-12-21 11:25:23',NULL),(423,8213,423,439,NULL,'2022-12-21 11:25:23','2022-12-21 11:25:23',NULL),(424,8213,424,440,NULL,'2022-12-21 11:25:24','2022-12-21 11:25:24',NULL),(425,8213,425,441,NULL,'2022-12-21 11:25:24','2022-12-21 11:25:24',NULL),(426,8213,426,442,NULL,'2022-12-21 11:25:24','2022-12-21 11:25:24',NULL),(427,8213,427,443,NULL,'2022-12-21 11:25:24','2022-12-21 11:25:24',NULL),(428,8213,428,444,NULL,'2022-12-21 11:25:24','2022-12-21 11:25:24',NULL),(429,8213,429,445,NULL,'2022-12-21 11:25:24','2022-12-21 11:25:24',NULL),(430,8213,430,446,NULL,'2022-12-21 11:25:24','2022-12-21 11:25:24',NULL),(431,8213,431,447,NULL,'2022-12-21 11:25:24','2022-12-21 11:25:24',NULL),(432,8213,432,448,NULL,'2022-12-21 11:25:24','2022-12-21 11:25:24',NULL),(433,8213,433,449,NULL,'2022-12-21 11:25:24','2022-12-21 11:25:24',NULL),(434,8213,434,450,NULL,'2022-12-21 11:25:24','2022-12-21 11:25:24',NULL),(435,8213,435,451,NULL,'2022-12-21 11:25:25','2022-12-21 11:25:25',NULL),(436,8213,436,452,NULL,'2022-12-21 11:25:25','2022-12-21 11:25:25',NULL),(437,8213,437,453,NULL,'2022-12-21 11:25:25','2022-12-21 11:25:25',NULL),(438,8213,438,454,NULL,'2022-12-21 11:25:25','2022-12-21 11:25:25',NULL),(439,8213,439,455,NULL,'2022-12-21 11:25:25','2022-12-21 11:25:25',NULL),(440,8213,440,456,NULL,'2022-12-21 11:25:25','2022-12-21 11:25:25',NULL),(441,8213,441,457,NULL,'2022-12-21 11:25:25','2022-12-21 11:25:25',NULL),(442,8213,442,458,NULL,'2022-12-21 11:25:25','2022-12-21 11:25:25',NULL),(443,8213,443,459,NULL,'2022-12-21 11:25:25','2022-12-21 11:25:25',NULL),(444,8213,444,460,NULL,'2022-12-21 11:25:25','2022-12-21 11:25:25',NULL),(445,8213,445,461,NULL,'2022-12-21 11:25:25','2022-12-21 11:25:25',NULL),(446,8213,446,462,NULL,'2022-12-21 11:25:25','2022-12-21 11:25:25',NULL),(447,8213,447,463,NULL,'2022-12-21 11:25:25','2022-12-21 11:25:25',NULL),(448,8213,448,464,NULL,'2022-12-21 11:25:25','2022-12-21 11:25:25',NULL),(449,8213,449,465,NULL,'2022-12-21 11:25:25','2022-12-21 11:25:25',NULL),(450,8213,450,466,NULL,'2022-12-21 11:25:25','2022-12-21 11:25:25',NULL),(451,8213,451,467,NULL,'2022-12-21 11:25:25','2022-12-21 11:25:25',NULL),(452,8213,452,468,NULL,'2022-12-21 11:25:26','2022-12-21 11:25:26',NULL),(453,8213,453,469,NULL,'2022-12-21 11:25:26','2022-12-21 11:25:26',NULL),(454,8213,454,470,NULL,'2022-12-21 11:25:26','2022-12-21 11:25:26',NULL),(455,8213,455,471,NULL,'2022-12-21 11:25:26','2022-12-21 11:25:26',NULL),(456,8213,456,472,NULL,'2022-12-21 11:25:26','2022-12-21 11:25:26',NULL),(457,8213,457,473,NULL,'2022-12-21 11:25:26','2022-12-21 11:25:26',NULL),(458,8213,458,474,NULL,'2022-12-21 11:25:26','2022-12-21 11:25:26',NULL),(459,8213,459,475,NULL,'2022-12-21 11:25:26','2022-12-21 11:25:26',NULL),(460,8213,460,476,NULL,'2022-12-21 11:25:26','2022-12-21 11:25:26',NULL),(461,8213,461,477,NULL,'2022-12-21 11:25:26','2022-12-21 11:25:26',NULL),(462,8213,462,478,NULL,'2022-12-21 11:25:26','2022-12-21 11:25:26',NULL),(463,8213,463,479,NULL,'2022-12-21 11:25:26','2022-12-21 11:25:26',NULL);
INSERT INTO `cta_cte_cliente_pivot_receipt` VALUES (464,8213,464,480,NULL,'2022-12-21 11:25:26','2022-12-21 11:25:26',NULL),(465,8213,465,481,NULL,'2022-12-21 11:25:26','2022-12-21 11:25:26',NULL),(466,8213,466,482,NULL,'2022-12-21 11:25:26','2022-12-21 11:25:26',NULL),(467,8213,467,483,NULL,'2022-12-21 11:25:26','2022-12-21 11:25:26',NULL),(468,8213,468,484,NULL,'2022-12-21 11:25:26','2022-12-21 11:25:26',NULL),(469,8213,469,485,NULL,'2022-12-21 11:25:27','2022-12-21 11:25:27',NULL),(470,8213,470,486,NULL,'2022-12-21 11:25:27','2022-12-21 11:25:27',NULL),(471,8213,471,487,NULL,'2022-12-21 11:25:27','2022-12-21 11:25:27',NULL),(472,8213,472,488,NULL,'2022-12-21 11:25:27','2022-12-21 11:25:27',NULL),(473,8213,473,489,NULL,'2022-12-21 11:25:27','2022-12-21 11:25:27',NULL),(474,8213,474,490,NULL,'2022-12-21 11:25:27','2022-12-21 11:25:27',NULL),(475,8213,475,491,NULL,'2022-12-21 11:25:27','2022-12-21 11:25:27',NULL),(476,8213,476,492,NULL,'2022-12-21 11:25:27','2022-12-21 11:25:27',NULL),(477,8213,477,493,NULL,'2022-12-21 11:25:27','2022-12-21 11:25:27',NULL),(478,8213,478,494,NULL,'2022-12-21 11:25:27','2022-12-21 11:25:27',NULL),(479,8213,479,495,NULL,'2022-12-21 11:25:27','2022-12-21 11:25:27',NULL),(480,8213,480,496,NULL,'2022-12-21 11:25:27','2022-12-21 11:25:27',NULL),(481,8213,481,497,NULL,'2022-12-21 11:25:27','2022-12-21 11:25:27',NULL),(482,8213,482,498,NULL,'2022-12-21 11:25:27','2022-12-21 11:25:27',NULL),(483,8213,483,499,NULL,'2022-12-21 11:25:27','2022-12-21 11:25:27',NULL),(484,8213,484,500,NULL,'2022-12-21 11:25:27','2022-12-21 11:25:27',NULL),(485,8213,485,501,NULL,'2022-12-21 11:25:27','2022-12-21 11:25:27',NULL),(486,8213,486,502,NULL,'2022-12-21 11:25:27','2022-12-21 11:25:27',NULL),(487,8213,487,503,NULL,'2022-12-21 11:25:27','2022-12-21 11:25:27',NULL),(488,8213,488,504,NULL,'2022-12-21 11:25:27','2022-12-21 11:25:27',NULL),(489,8213,489,505,NULL,'2022-12-21 11:25:27','2022-12-21 11:25:27',NULL),(490,8213,490,506,NULL,'2022-12-21 11:25:27','2022-12-21 11:25:27',NULL),(491,8213,491,507,NULL,'2022-12-21 11:25:27','2022-12-21 11:25:27',NULL),(492,8213,492,508,NULL,'2022-12-21 11:25:27','2022-12-21 11:25:27',NULL),(493,8213,493,509,NULL,'2022-12-21 11:25:27','2022-12-21 11:25:27',NULL),(494,8213,494,510,NULL,'2022-12-21 11:25:27','2022-12-21 11:25:27',NULL),(495,8213,495,511,NULL,'2022-12-21 11:25:28','2022-12-21 11:25:28',NULL),(496,8213,496,512,NULL,'2022-12-21 11:25:28','2022-12-21 11:25:28',NULL),(497,8213,497,513,NULL,'2022-12-21 11:25:28','2022-12-21 11:25:28',NULL),(498,8213,498,514,NULL,'2022-12-21 11:25:28','2022-12-21 11:25:28',NULL),(499,8213,499,515,NULL,'2022-12-21 11:25:28','2022-12-21 11:25:28',NULL),(500,8213,500,516,NULL,'2022-12-21 11:25:28','2022-12-21 11:25:28',NULL),(501,8213,501,517,NULL,'2022-12-21 11:25:28','2022-12-21 11:25:28',NULL),(502,8213,502,518,NULL,'2022-12-21 11:25:28','2022-12-21 11:25:28',NULL),(503,8213,503,519,NULL,'2022-12-21 11:25:28','2022-12-21 11:25:28',NULL),(504,8213,504,520,NULL,'2022-12-21 11:25:28','2022-12-21 11:25:28',NULL),(505,8213,505,521,NULL,'2022-12-21 11:25:28','2022-12-21 11:25:28',NULL),(506,8213,506,522,NULL,'2022-12-21 11:25:28','2022-12-21 11:25:28',NULL),(507,8213,507,523,NULL,'2022-12-21 11:25:28','2022-12-21 11:25:28',NULL),(508,8213,508,524,NULL,'2022-12-21 11:25:28','2022-12-21 11:25:28',NULL),(509,8213,509,525,NULL,'2022-12-21 11:25:29','2022-12-21 11:25:29',NULL),(510,8213,510,526,NULL,'2022-12-21 11:25:29','2022-12-21 11:25:29',NULL),(511,8213,511,527,NULL,'2022-12-21 11:25:29','2022-12-21 11:25:29',NULL),(512,8213,512,528,NULL,'2022-12-21 11:25:29','2022-12-21 11:25:29',NULL),(513,8213,513,529,NULL,'2022-12-21 11:25:29','2022-12-21 11:25:29',NULL),(514,8213,514,530,NULL,'2022-12-21 11:25:29','2022-12-21 11:25:29',NULL),(515,8213,515,531,NULL,'2022-12-21 11:25:29','2022-12-21 11:25:29',NULL),(516,8213,516,532,NULL,'2022-12-21 11:25:29','2022-12-21 11:25:29',NULL),(517,8213,517,533,NULL,'2022-12-21 11:25:29','2022-12-21 11:25:29',NULL);
INSERT INTO `cta_cte_cliente_pivot_receipt` VALUES (518,8213,518,534,NULL,'2022-12-21 11:25:29','2022-12-21 11:25:29',NULL),(519,8213,519,535,NULL,'2022-12-21 11:25:29','2022-12-21 11:25:29',NULL),(520,8213,520,536,NULL,'2022-12-21 11:25:29','2022-12-21 11:25:29',NULL),(521,8213,521,537,NULL,'2022-12-21 11:25:29','2022-12-21 11:25:29',NULL),(522,8213,522,538,NULL,'2022-12-21 11:25:29','2022-12-21 11:25:29',NULL),(523,8213,523,539,NULL,'2022-12-21 11:25:29','2022-12-21 11:25:29',NULL),(524,8213,524,540,NULL,'2022-12-21 11:25:29','2022-12-21 11:25:29',NULL),(525,8213,525,541,NULL,'2022-12-21 11:25:29','2022-12-21 11:25:29',NULL),(526,8213,526,542,NULL,'2022-12-21 11:25:30','2022-12-21 11:25:30',NULL),(527,8213,527,543,NULL,'2022-12-21 11:25:30','2022-12-21 11:25:30',NULL),(528,8213,528,544,NULL,'2022-12-21 11:25:30','2022-12-21 11:25:30',NULL),(529,8213,529,545,NULL,'2022-12-21 11:25:30','2022-12-21 11:25:30',NULL),(530,8213,530,546,NULL,'2022-12-21 11:25:30','2022-12-21 11:25:30',NULL),(531,8213,531,547,NULL,'2022-12-21 11:25:30','2022-12-21 11:25:30',NULL),(532,8213,532,548,NULL,'2022-12-21 11:25:30','2022-12-21 11:25:30',NULL),(533,8213,533,549,NULL,'2022-12-21 11:25:30','2022-12-21 11:25:30',NULL),(534,8213,534,550,NULL,'2022-12-21 11:25:30','2022-12-21 11:25:30',NULL),(535,8213,535,551,NULL,'2022-12-21 11:25:30','2022-12-21 11:25:30',NULL),(536,8213,536,552,NULL,'2022-12-21 11:25:31','2022-12-21 11:25:31',NULL),(537,8213,537,553,NULL,'2022-12-21 11:25:31','2022-12-21 11:25:31',NULL),(538,8213,538,554,NULL,'2022-12-21 11:25:31','2022-12-21 11:25:31',NULL),(539,8213,539,555,NULL,'2022-12-21 11:25:31','2022-12-21 11:25:31',NULL),(540,8213,540,556,NULL,'2022-12-21 11:25:31','2022-12-21 11:25:31',NULL),(541,8213,541,557,NULL,'2022-12-21 11:25:31','2022-12-21 11:25:31',NULL),(542,8213,542,558,NULL,'2022-12-21 11:25:31','2022-12-21 11:25:31',NULL),(543,8213,543,559,NULL,'2022-12-21 11:25:31','2022-12-21 11:25:31',NULL),(544,8213,544,560,NULL,'2022-12-21 11:25:31','2022-12-21 11:25:31',NULL),(545,8213,545,561,NULL,'2022-12-21 11:25:31','2022-12-21 11:25:31',NULL),(546,8213,546,562,NULL,'2022-12-21 11:25:31','2022-12-21 11:25:31',NULL),(547,8213,547,563,NULL,'2022-12-21 11:25:31','2022-12-21 11:25:31',NULL),(548,8213,548,564,NULL,'2022-12-21 11:25:32','2022-12-21 11:25:32',NULL),(549,8213,549,565,NULL,'2022-12-21 11:25:32','2022-12-21 11:25:32',NULL),(550,8213,550,566,NULL,'2022-12-21 11:25:32','2022-12-21 11:25:32',NULL),(551,8213,551,567,NULL,'2022-12-21 11:25:32','2022-12-21 11:25:32',NULL),(552,8213,552,568,NULL,'2022-12-21 11:25:32','2022-12-21 11:25:32',NULL),(553,8213,553,569,NULL,'2022-12-21 11:25:32','2022-12-21 11:25:32',NULL),(554,8213,554,570,NULL,'2022-12-21 11:25:32','2022-12-21 11:25:32',NULL),(555,8213,555,571,NULL,'2022-12-21 11:25:32','2022-12-21 11:25:32',NULL),(556,8213,556,572,NULL,'2022-12-21 11:25:32','2022-12-21 11:25:32',NULL),(557,8213,557,573,NULL,'2022-12-21 11:25:32','2022-12-21 11:25:32',NULL),(558,8213,558,574,NULL,'2022-12-21 11:25:32','2022-12-21 11:25:32',NULL),(559,8213,559,575,NULL,'2022-12-21 11:25:32','2022-12-21 11:25:32',NULL),(560,8213,560,576,NULL,'2022-12-21 11:25:33','2022-12-21 11:25:33',NULL),(561,8213,561,577,NULL,'2022-12-21 11:25:33','2022-12-21 11:25:33',NULL),(562,8213,562,578,NULL,'2022-12-21 11:25:33','2022-12-21 11:25:33',NULL),(563,8213,563,579,NULL,'2022-12-21 11:25:33','2022-12-21 11:25:33',NULL),(564,8213,564,580,NULL,'2022-12-21 11:25:33','2022-12-21 11:25:33',NULL),(565,8213,565,581,NULL,'2022-12-21 11:25:33','2022-12-21 11:25:33',NULL),(566,8213,566,582,NULL,'2022-12-21 11:25:33','2022-12-21 11:25:33',NULL),(567,8213,567,583,NULL,'2022-12-21 11:25:33','2022-12-21 11:25:33',NULL),(568,8213,568,584,NULL,'2022-12-21 11:25:33','2022-12-21 11:25:33',NULL),(569,8213,569,585,NULL,'2022-12-21 11:25:33','2022-12-21 11:25:33',NULL),(570,8213,570,586,NULL,'2022-12-21 11:25:33','2022-12-21 11:25:33',NULL),(571,8213,571,587,NULL,'2022-12-21 11:25:33','2022-12-21 11:25:33',NULL);
INSERT INTO `cta_cte_cliente_pivot_receipt` VALUES (572,8213,572,588,NULL,'2022-12-21 11:25:33','2022-12-21 11:25:33',NULL),(573,8213,573,589,NULL,'2022-12-21 11:25:33','2022-12-21 11:25:33',NULL),(574,8213,574,590,NULL,'2022-12-21 11:25:34','2022-12-21 11:25:34',NULL),(575,8213,575,591,NULL,'2022-12-21 11:25:34','2022-12-21 11:25:34',NULL),(576,8213,576,592,NULL,'2022-12-21 11:25:34','2022-12-21 11:25:34',NULL),(577,8213,577,593,NULL,'2022-12-21 11:25:34','2022-12-21 11:25:34',NULL),(578,8213,578,594,NULL,'2022-12-21 11:25:34','2022-12-21 11:25:34',NULL),(579,8213,579,595,NULL,'2022-12-21 11:25:34','2022-12-21 11:25:34',NULL),(580,8213,580,596,NULL,'2022-12-21 11:25:34','2022-12-21 11:25:34',NULL),(581,8213,581,597,NULL,'2022-12-21 11:25:34','2022-12-21 11:25:34',NULL),(582,8213,582,598,NULL,'2022-12-21 11:25:34','2022-12-21 11:25:34',NULL),(583,8213,583,599,NULL,'2022-12-21 11:25:34','2022-12-21 11:25:34',NULL),(584,8213,584,600,NULL,'2022-12-21 11:25:34','2022-12-21 11:25:34',NULL),(585,8213,585,601,NULL,'2022-12-21 11:25:34','2022-12-21 11:25:34',NULL),(586,8213,586,602,NULL,'2022-12-21 11:25:34','2022-12-21 11:25:34',NULL),(587,8213,587,603,NULL,'2022-12-21 11:25:34','2022-12-21 11:25:34',NULL),(588,8213,588,604,NULL,'2022-12-21 11:25:34','2022-12-21 11:25:34',NULL),(589,8213,589,605,NULL,'2022-12-21 11:25:34','2022-12-21 11:25:34',NULL),(590,8213,590,606,NULL,'2022-12-21 11:25:34','2022-12-21 11:25:34',NULL),(591,8213,591,607,NULL,'2022-12-21 11:25:35','2022-12-21 11:25:35',NULL),(592,8213,592,608,NULL,'2022-12-21 11:25:35','2022-12-21 11:25:35',NULL),(593,8213,593,609,NULL,'2022-12-21 11:25:35','2022-12-21 11:25:35',NULL),(594,8213,594,610,NULL,'2022-12-21 11:25:35','2022-12-21 11:25:35',NULL),(595,8213,595,611,NULL,'2022-12-21 11:25:35','2022-12-21 11:25:35',NULL),(596,8213,596,612,NULL,'2022-12-21 11:25:35','2022-12-21 11:25:35',NULL),(597,8213,597,613,NULL,'2022-12-21 11:25:35','2022-12-21 11:25:35',NULL),(598,8213,598,614,NULL,'2022-12-21 11:25:35','2022-12-21 11:25:35',NULL),(599,8213,599,615,NULL,'2022-12-21 11:25:35','2022-12-21 11:25:35',NULL),(600,8213,600,616,NULL,'2022-12-21 11:25:35','2022-12-21 11:25:35',NULL),(601,8213,601,617,NULL,'2022-12-21 11:25:35','2022-12-21 11:25:35',NULL),(602,8213,602,618,NULL,'2022-12-21 11:25:36','2022-12-21 11:25:36',NULL),(603,8213,603,619,NULL,'2022-12-21 11:25:36','2022-12-21 11:25:36',NULL),(604,8213,604,620,NULL,'2022-12-21 11:25:36','2022-12-21 11:25:36',NULL),(605,8213,605,621,NULL,'2022-12-21 11:25:36','2022-12-21 11:25:36',NULL),(606,8213,606,622,NULL,'2022-12-21 11:25:36','2022-12-21 11:25:36',NULL),(607,8213,607,623,NULL,'2022-12-21 11:25:36','2022-12-21 11:25:36',NULL),(608,8213,608,624,NULL,'2022-12-21 11:25:36','2022-12-21 11:25:36',NULL),(609,8213,609,625,NULL,'2022-12-21 11:25:36','2022-12-21 11:25:36',NULL),(610,8213,610,626,NULL,'2022-12-21 11:25:36','2022-12-21 11:25:36',NULL),(611,8213,611,627,NULL,'2022-12-21 11:25:36','2022-12-21 11:25:36',NULL),(612,8213,612,628,NULL,'2022-12-21 11:25:36','2022-12-21 11:25:36',NULL),(613,8213,613,629,NULL,'2022-12-21 11:25:36','2022-12-21 11:25:36',NULL),(614,8213,614,630,NULL,'2022-12-21 11:25:36','2022-12-21 11:25:36',NULL),(615,8213,615,631,NULL,'2022-12-21 11:25:36','2022-12-21 11:25:36',NULL),(616,8213,616,632,NULL,'2022-12-21 11:25:37','2022-12-21 11:25:37',NULL),(617,8213,617,633,NULL,'2022-12-21 11:25:37','2022-12-21 11:25:37',NULL),(618,8213,618,634,NULL,'2022-12-21 11:25:37','2022-12-21 11:25:37',NULL),(619,8213,619,635,NULL,'2022-12-21 11:25:37','2022-12-21 11:25:37',NULL),(620,8213,620,636,NULL,'2022-12-21 11:25:37','2022-12-21 11:25:37',NULL),(621,8213,621,637,NULL,'2022-12-21 11:25:37','2022-12-21 11:25:37',NULL),(622,8213,622,638,NULL,'2022-12-21 11:25:37','2022-12-21 11:25:37',NULL),(623,8213,623,639,NULL,'2022-12-21 11:25:37','2022-12-21 11:25:37',NULL),(624,8213,624,640,NULL,'2022-12-21 11:25:37','2022-12-21 11:25:37',NULL),(625,8213,625,641,NULL,'2022-12-21 11:25:37','2022-12-21 11:25:37',NULL);
INSERT INTO `cta_cte_cliente_pivot_receipt` VALUES (626,8213,626,642,NULL,'2022-12-21 11:25:37','2022-12-21 11:25:37',NULL),(627,8213,627,643,NULL,'2022-12-21 11:25:37','2022-12-21 11:25:37',NULL),(628,8213,628,644,NULL,'2022-12-21 11:25:37','2022-12-21 11:25:37',NULL),(629,8213,629,645,NULL,'2022-12-21 11:25:37','2022-12-21 11:25:37',NULL),(630,8213,630,646,NULL,'2022-12-21 11:25:37','2022-12-21 11:25:37',NULL),(631,8213,631,647,NULL,'2022-12-21 11:25:37','2022-12-21 11:25:37',NULL),(632,8213,632,648,NULL,'2022-12-21 11:25:37','2022-12-21 11:25:37',NULL),(633,8213,633,649,NULL,'2022-12-21 11:25:37','2022-12-21 11:25:37',NULL),(634,8213,634,650,NULL,'2022-12-21 11:25:37','2022-12-21 11:25:37',NULL),(635,8213,635,651,NULL,'2022-12-21 11:25:37','2022-12-21 11:25:37',NULL),(636,8213,636,652,NULL,'2022-12-21 11:25:37','2022-12-21 11:25:37',NULL),(637,8213,637,653,NULL,'2022-12-21 11:25:37','2022-12-21 11:25:37',NULL),(638,8213,638,654,NULL,'2022-12-21 11:25:38','2022-12-21 11:25:38',NULL),(639,8213,639,655,NULL,'2022-12-21 11:25:38','2022-12-21 11:25:38',NULL),(640,8213,640,656,NULL,'2022-12-21 11:25:38','2022-12-21 11:25:38',NULL),(641,8213,641,657,NULL,'2022-12-21 11:25:38','2022-12-21 11:25:38',NULL),(642,8213,642,658,NULL,'2022-12-21 11:25:38','2022-12-21 11:25:38',NULL),(643,8213,643,659,NULL,'2022-12-21 11:25:38','2022-12-21 11:25:38',NULL),(644,8213,644,660,NULL,'2022-12-21 11:25:38','2022-12-21 11:25:38',NULL),(645,8213,645,661,NULL,'2022-12-21 11:25:38','2022-12-21 11:25:38',NULL),(646,8213,646,662,NULL,'2022-12-21 11:25:38','2022-12-21 11:25:38',NULL),(647,8213,647,663,NULL,'2022-12-21 11:25:38','2022-12-21 11:25:38',NULL),(648,8213,648,664,NULL,'2022-12-21 11:25:38','2022-12-21 11:25:38',NULL),(649,8213,649,665,NULL,'2022-12-21 11:25:38','2022-12-21 11:25:38',NULL),(650,8213,650,666,NULL,'2022-12-21 11:25:38','2022-12-21 11:25:38',NULL),(651,8213,651,667,NULL,'2022-12-21 11:25:38','2022-12-21 11:25:38',NULL),(652,8213,652,668,NULL,'2022-12-21 11:25:38','2022-12-21 11:25:38',NULL),(653,8213,653,669,NULL,'2022-12-21 11:25:38','2022-12-21 11:25:38',NULL),(654,8213,654,670,NULL,'2022-12-21 11:25:38','2022-12-21 11:25:38',NULL),(655,8213,655,671,NULL,'2022-12-21 11:25:38','2022-12-21 11:25:38',NULL),(656,8213,656,672,NULL,'2022-12-21 11:25:38','2022-12-21 11:25:38',NULL),(657,8213,657,673,NULL,'2022-12-21 11:25:38','2022-12-21 11:25:38',NULL),(658,8213,658,674,NULL,'2022-12-21 11:25:39','2022-12-21 11:25:39',NULL),(659,8213,659,675,NULL,'2022-12-21 11:25:39','2022-12-21 11:25:39',NULL),(660,8213,660,676,NULL,'2022-12-21 11:25:39','2022-12-21 11:25:39',NULL),(661,8213,661,677,NULL,'2022-12-21 11:26:17','2022-12-21 11:26:17',NULL),(662,8213,662,678,NULL,'2022-12-21 11:26:17','2022-12-21 11:26:17',NULL),(663,8213,663,679,NULL,'2022-12-21 11:26:17','2022-12-21 11:26:17',NULL),(664,8213,664,680,NULL,'2022-12-21 11:26:17','2022-12-21 11:26:17',NULL),(665,8213,665,681,NULL,'2022-12-21 11:26:17','2022-12-21 11:26:17',NULL),(666,8213,666,682,NULL,'2022-12-21 11:26:17','2022-12-21 11:26:17',NULL),(667,8213,667,683,NULL,'2022-12-21 11:26:17','2022-12-21 11:26:17',NULL),(668,8213,668,684,NULL,'2022-12-21 11:26:17','2022-12-21 11:26:17',NULL),(669,8213,669,685,NULL,'2022-12-21 11:26:17','2022-12-21 11:26:17',NULL),(670,8213,670,686,NULL,'2022-12-21 11:26:17','2022-12-21 11:26:17',NULL),(671,8213,671,687,NULL,'2022-12-21 11:26:17','2022-12-21 11:26:17',NULL),(672,8213,672,688,NULL,'2022-12-21 11:26:17','2022-12-21 11:26:17',NULL),(673,8213,673,689,NULL,'2022-12-21 11:26:17','2022-12-21 11:26:17',NULL),(674,8213,674,690,NULL,'2022-12-21 11:26:18','2022-12-21 11:26:18',NULL),(675,8213,675,691,NULL,'2022-12-21 11:26:18','2022-12-21 11:26:18',NULL),(676,8213,676,692,NULL,'2022-12-21 11:26:18','2022-12-21 11:26:18',NULL),(677,8213,677,693,NULL,'2022-12-21 11:26:18','2022-12-21 11:26:18',NULL),(678,8213,678,694,NULL,'2022-12-21 11:26:18','2022-12-21 11:26:18',NULL),(679,8213,679,695,NULL,'2022-12-21 11:26:18','2022-12-21 11:26:18',NULL);
INSERT INTO `cta_cte_cliente_pivot_receipt` VALUES (680,8213,680,696,NULL,'2022-12-21 11:26:18','2022-12-21 11:26:18',NULL),(681,8213,681,697,NULL,'2022-12-21 11:26:18','2022-12-21 11:26:18',NULL),(682,8213,682,698,NULL,'2022-12-21 11:26:18','2022-12-21 11:26:18',NULL),(683,8213,683,699,NULL,'2022-12-21 11:26:18','2022-12-21 11:26:18',NULL),(684,8213,684,700,NULL,'2022-12-21 11:26:18','2022-12-21 11:26:18',NULL),(685,8213,685,701,NULL,'2022-12-21 11:26:18','2022-12-21 11:26:18',NULL),(686,8213,686,702,NULL,'2022-12-21 11:26:18','2022-12-21 11:26:18',NULL),(687,8213,687,703,NULL,'2022-12-21 11:26:18','2022-12-21 11:26:18',NULL),(688,8213,688,704,NULL,'2022-12-21 11:26:18','2022-12-21 11:26:18',NULL),(689,8213,689,705,NULL,'2022-12-21 11:26:18','2022-12-21 11:26:18',NULL),(690,8213,690,706,NULL,'2022-12-21 11:26:18','2022-12-21 11:26:18',NULL),(691,8213,691,707,NULL,'2022-12-21 11:26:18','2022-12-21 11:26:18',NULL),(692,8213,692,708,NULL,'2022-12-21 11:26:18','2022-12-21 11:26:18',NULL),(693,8213,693,709,NULL,'2022-12-21 11:26:18','2022-12-21 11:26:18',NULL),(694,8213,694,710,NULL,'2022-12-21 11:26:18','2022-12-21 11:26:18',NULL);

--
-- Table structure for table `cta_cte_tesoreria`
--

CREATE TABLE `cta_cte_tesoreria` (
  `id` int(10) unsigned NOT NULL AUTO_INCREMENT,
  `user_id` int(10) unsigned DEFAULT NULL,
  `person_id` int(10) unsigned NOT NULL,
  `cta_cte_cliente_id` int(10) unsigned DEFAULT NULL,
  `nf_cta_cte_id` int(10) unsigned DEFAULT NULL,
  `cta_cte_tesoreria_cuenta_id` int(10) unsigned NOT NULL,
  `period_id` int(10) unsigned NOT NULL,
  `fecha` date DEFAULT NULL,
  `total` decimal(16,2) NOT NULL,
  `moneda_id` int(10) unsigned NOT NULL DEFAULT '1',
  `cotizacion` decimal(9,2) NOT NULL DEFAULT '1.00',
  `comentario` varchar(191) COLLATE utf8mb4_unicode_ci DEFAULT NULL,
  `file` varchar(191) COLLATE utf8mb4_unicode_ci DEFAULT NULL,
  `created_at` timestamp NULL DEFAULT NULL,
  `updated_at` timestamp NULL DEFAULT NULL,
  `deleted_at` timestamp NULL DEFAULT NULL,
  PRIMARY KEY (`id`),
  KEY `cta_cte_tesoreria_person_id_foreign` (`person_id`),
  KEY `cta_cte_tesoreria_cta_cte_cliente_id_foreign` (`cta_cte_cliente_id`),
  KEY `cta_cte_tesoreria_cta_cte_tesoreria_cuenta_id_foreign` (`cta_cte_tesoreria_cuenta_id`),
  KEY `cta_cte_tesoreria_period_id_foreign` (`period_id`),
  KEY `cta_cte_tesoreria_nf_cta_cte_id_foreign` (`nf_cta_cte_id`),
  KEY `cta_cte_tesoreria_moneda_id_foreign` (`moneda_id`),
  CONSTRAINT `cta_cte_tesoreria_cta_cte_cliente_id_foreign` FOREIGN KEY (`cta_cte_cliente_id`) REFERENCES `cta_cte_cliente` (`id`),
  CONSTRAINT `cta_cte_tesoreria_cta_cte_tesoreria_cuenta_id_foreign` FOREIGN KEY (`cta_cte_tesoreria_cuenta_id`) REFERENCES `cta_cte_tesoreria_cuentas` (`id`),
  CONSTRAINT `cta_cte_tesoreria_moneda_id_foreign` FOREIGN KEY (`moneda_id`) REFERENCES `monedas` (`id`),
  CONSTRAINT `cta_cte_tesoreria_nf_cta_cte_id_foreign` FOREIGN KEY (`nf_cta_cte_id`) REFERENCES `nf_cta_cte` (`id`),
  CONSTRAINT `cta_cte_tesoreria_period_id_foreign` FOREIGN KEY (`period_id`) REFERENCES `periods` (`id`),
  CONSTRAINT `cta_cte_tesoreria_person_id_foreign` FOREIGN KEY (`person_id`) REFERENCES `persons` (`id`)
) ENGINE=InnoDB DEFAULT CHARSET=utf8mb4 COLLATE=utf8mb4_unicode_ci;

--
-- Dumping data for table `cta_cte_tesoreria`
--


--
-- Table structure for table `cta_cte_tesoreria_banco_cheq`
--

CREATE TABLE `cta_cte_tesoreria_banco_cheq` (
  `id` int(10) unsigned NOT NULL AUTO_INCREMENT,
  `user_id` int(10) unsigned DEFAULT NULL,
  `person_id` int(10) unsigned NOT NULL,
  `cta_cte_tesoreria_cuenta_id` int(10) unsigned NOT NULL,
  `cta_cte_tesoreria_banco_id` int(10) unsigned NOT NULL,
  `chequera_tipo_id` int(10) unsigned NOT NULL,
  `serie` text COLLATE utf8mb4_unicode_ci,
  `numero_cheque` int(11) DEFAULT NULL,
  `habilitado` tinyint(1) NOT NULL DEFAULT '1',
  `created_at` timestamp NULL DEFAULT NULL,
  `updated_at` timestamp NULL DEFAULT NULL,
  `deleted_at` timestamp NULL DEFAULT NULL,
  PRIMARY KEY (`id`),
  KEY `cta_cte_tesoreria_banco_cheq_person_id_foreign` (`person_id`),
  KEY `cta_cte_tesoreria_banco_cheq_cta_cte_tesoreria_cuenta_id_foreign` (`cta_cte_tesoreria_cuenta_id`),
  KEY `cta_cte_tesoreria_banco_cheq_cta_cte_tesoreria_banco_id_foreign` (`cta_cte_tesoreria_banco_id`),
  KEY `cta_cte_tesoreria_banco_cheq_chequera_tipo_id_foreign` (`chequera_tipo_id`),
  CONSTRAINT `cta_cte_tesoreria_banco_cheq_chequera_tipo_id_foreign` FOREIGN KEY (`chequera_tipo_id`) REFERENCES `chequeras_tipos` (`id`),
  CONSTRAINT `cta_cte_tesoreria_banco_cheq_cta_cte_tesoreria_banco_id_foreign` FOREIGN KEY (`cta_cte_tesoreria_banco_id`) REFERENCES `cta_cte_tesoreria_bancos` (`id`),
  CONSTRAINT `cta_cte_tesoreria_banco_cheq_cta_cte_tesoreria_cuenta_id_foreign` FOREIGN KEY (`cta_cte_tesoreria_cuenta_id`) REFERENCES `cta_cte_tesoreria_cuentas` (`id`),
  CONSTRAINT `cta_cte_tesoreria_banco_cheq_person_id_foreign` FOREIGN KEY (`person_id`) REFERENCES `persons` (`id`)
) ENGINE=InnoDB DEFAULT CHARSET=utf8mb4 COLLATE=utf8mb4_unicode_ci;

--
-- Dumping data for table `cta_cte_tesoreria_banco_cheq`
--


--
-- Table structure for table `cta_cte_tesoreria_bancos`
--

CREATE TABLE `cta_cte_tesoreria_bancos` (
  `id` int(10) unsigned NOT NULL AUTO_INCREMENT,
  `user_id` int(10) unsigned DEFAULT NULL,
  `person_id` int(10) unsigned NOT NULL,
  `cta_cte_tesoreria_cuenta_id` int(10) unsigned NOT NULL,
  `ctacte_banco_id` int(10) unsigned NOT NULL,
  `zone_id` int(10) unsigned NOT NULL,
  `cuenta_contable_id` int(10) unsigned NOT NULL,
  `cuenta_contable_id_diferido` int(10) unsigned DEFAULT NULL,
  `cuenta_contable_id_pend_acred` int(10) unsigned DEFAULT NULL,
  `numero_cuenta` text COLLATE utf8mb4_unicode_ci,
  `cbu` text COLLATE utf8mb4_unicode_ci,
  `habilitado` tinyint(1) NOT NULL DEFAULT '1',
  `created_at` timestamp NULL DEFAULT NULL,
  `updated_at` timestamp NULL DEFAULT NULL,
  `deleted_at` timestamp NULL DEFAULT NULL,
  PRIMARY KEY (`id`),
  KEY `cta_cte_tesoreria_bancos_person_id_foreign` (`person_id`),
  KEY `cta_cte_tesoreria_bancos_cta_cte_tesoreria_cuenta_id_foreign` (`cta_cte_tesoreria_cuenta_id`),
  KEY `cta_cte_tesoreria_bancos_ctacte_banco_id_foreign` (`ctacte_banco_id`),
  KEY `cta_cte_tesoreria_bancos_zone_id_foreign` (`zone_id`),
  KEY `cta_cte_tesoreria_bancos_cuenta_contable_id_foreign` (`cuenta_contable_id`),
  KEY `cta_cte_tesoreria_bancos_cuenta_contable_id_diferido_foreign` (`cuenta_contable_id_diferido`),
  KEY `cta_cte_tesoreria_bancos_cuenta_contable_id_pend_acred_foreign` (`cuenta_contable_id_pend_acred`),
  CONSTRAINT `cta_cte_tesoreria_bancos_cta_cte_tesoreria_cuenta_id_foreign` FOREIGN KEY (`cta_cte_tesoreria_cuenta_id`) REFERENCES `cta_cte_tesoreria_cuentas` (`id`),
  CONSTRAINT `cta_cte_tesoreria_bancos_ctacte_banco_id_foreign` FOREIGN KEY (`ctacte_banco_id`) REFERENCES `ctacte_bancos` (`id`),
  CONSTRAINT `cta_cte_tesoreria_bancos_cuenta_contable_id_diferido_foreign` FOREIGN KEY (`cuenta_contable_id_diferido`) REFERENCES `conta_plan_cuenta` (`id`),
  CONSTRAINT `cta_cte_tesoreria_bancos_cuenta_contable_id_foreign` FOREIGN KEY (`cuenta_contable_id`) REFERENCES `conta_plan_cuenta` (`id`),
  CONSTRAINT `cta_cte_tesoreria_bancos_cuenta_contable_id_pend_acred_foreign` FOREIGN KEY (`cuenta_contable_id_pend_acred`) REFERENCES `conta_plan_cuenta` (`id`),
  CONSTRAINT `cta_cte_tesoreria_bancos_person_id_foreign` FOREIGN KEY (`person_id`) REFERENCES `persons` (`id`),
  CONSTRAINT `cta_cte_tesoreria_bancos_zone_id_foreign` FOREIGN KEY (`zone_id`) REFERENCES `zones` (`id`)
) ENGINE=InnoDB DEFAULT CHARSET=utf8mb4 COLLATE=utf8mb4_unicode_ci;

--
-- Dumping data for table `cta_cte_tesoreria_bancos`
--


--
-- Table structure for table `cta_cte_tesoreria_cuenta_tipos`
--

CREATE TABLE `cta_cte_tesoreria_cuenta_tipos` (
  `id` int(10) unsigned NOT NULL AUTO_INCREMENT,
  `user_id` int(10) unsigned DEFAULT NULL,
  `descripcion` text COLLATE utf8mb4_unicode_ci NOT NULL,
  `habilitado` tinyint(1) NOT NULL DEFAULT '1',
  `created_at` timestamp NULL DEFAULT NULL,
  `updated_at` timestamp NULL DEFAULT NULL,
  `deleted_at` timestamp NULL DEFAULT NULL,
  PRIMARY KEY (`id`)
) ENGINE=InnoDB AUTO_INCREMENT=9 DEFAULT CHARSET=utf8mb4 COLLATE=utf8mb4_unicode_ci;

--
-- Dumping data for table `cta_cte_tesoreria_cuenta_tipos`
--

INSERT INTO `cta_cte_tesoreria_cuenta_tipos` VALUES (1,NULL,'CAJA',1,NULL,NULL,NULL),(2,NULL,'BANCOS',1,NULL,NULL,NULL),(3,NULL,'CHEQUES',1,NULL,NULL,NULL),(4,NULL,'RETENCIONES',1,NULL,NULL,NULL),(5,NULL,'PERCEPCIONES',1,NULL,NULL,NULL),(6,NULL,'RESULTADO NEGATIVO',1,NULL,NULL,NULL),(7,NULL,'RESULTADO POSITIVO',1,NULL,NULL,NULL),(8,NULL,'MOVIMIENTO',1,NULL,NULL,NULL);

--
-- Table structure for table `cta_cte_tesoreria_cuentas`
--

CREATE TABLE `cta_cte_tesoreria_cuentas` (
  `id` int(10) unsigned NOT NULL AUTO_INCREMENT,
  `user_id` int(10) unsigned DEFAULT NULL,
  `moneda_id` int(10) unsigned NOT NULL DEFAULT '1',
  `plan_cuenta_id` int(10) unsigned NOT NULL,
  `person_id` int(10) unsigned DEFAULT NULL,
  `cta_cte_tesoreria_cuenta_tipo_id` int(10) unsigned NOT NULL DEFAULT '8',
  `nombre` varchar(191) COLLATE utf8mb4_unicode_ci NOT NULL,
  `cheque3ros` tinyint(1) NOT NULL DEFAULT '0',
  `cheque_emitidos` tinyint(1) NOT NULL DEFAULT '0',
  `tes_cta_cte` tinyint(1) NOT NULL DEFAULT '0',
  `tes_cuenta_origen` tinyint(1) NOT NULL DEFAULT '0',
  `tes_cuenta_destino` tinyint(1) NOT NULL DEFAULT '0',
  `conta_asientos` tinyint(1) NOT NULL DEFAULT '0',
  `habilitado` tinyint(1) NOT NULL DEFAULT '1',
  `created_at` timestamp NULL DEFAULT NULL,
  `updated_at` timestamp NULL DEFAULT NULL,
  `deleted_at` timestamp NULL DEFAULT NULL,
  PRIMARY KEY (`id`),
  KEY `cta_cte_tesoreria_cuentas_person_id_foreign` (`person_id`),
  KEY `cta_cte_tesoreria_cuentas_plan_cuenta_id_foreign` (`plan_cuenta_id`),
  KEY `cta_tes_tipo_id_foreign` (`cta_cte_tesoreria_cuenta_tipo_id`),
  KEY `cta_cte_tesoreria_cuentas_moneda_id_foreign` (`moneda_id`),
  CONSTRAINT `cta_cte_tesoreria_cuentas_moneda_id_foreign` FOREIGN KEY (`moneda_id`) REFERENCES `monedas` (`id`),
  CONSTRAINT `cta_cte_tesoreria_cuentas_person_id_foreign` FOREIGN KEY (`person_id`) REFERENCES `persons` (`id`),
  CONSTRAINT `cta_cte_tesoreria_cuentas_plan_cuenta_id_foreign` FOREIGN KEY (`plan_cuenta_id`) REFERENCES `conta_plan_cuenta` (`id`),
  CONSTRAINT `cta_tes_tipo_id_foreign` FOREIGN KEY (`cta_cte_tesoreria_cuenta_tipo_id`) REFERENCES `cta_cte_tesoreria_cuenta_tipos` (`id`)
) ENGINE=InnoDB AUTO_INCREMENT=757 DEFAULT CHARSET=utf8mb4 COLLATE=utf8mb4_unicode_ci;

--
-- Dumping data for table `cta_cte_tesoreria_cuentas`
--

INSERT INTO `cta_cte_tesoreria_cuentas` VALUES (13,NULL,1,13,NULL,8,'Clientes - Deudores',0,0,0,0,0,0,1,'2019-10-19 02:10:24','2019-10-19 02:10:24',NULL),(20,NULL,1,20,NULL,8,'Anticipos Impuesto a las Ganancias',0,0,0,0,1,0,1,'2019-10-19 02:10:24','2019-10-19 02:10:24',NULL),(23,NULL,1,23,NULL,4,'Retenciones Impuesto a las Ganancias',0,0,1,0,0,0,1,'2019-10-19 02:10:24','2023-03-27 00:30:18',NULL),(25,NULL,1,25,NULL,4,'Retenciones de IVA',0,0,1,0,0,0,1,'2019-10-19 02:10:24','2023-03-27 00:30:18',NULL),(57,NULL,1,57,NULL,8,'Proveedores en Cta. Cte. locales',0,0,0,0,0,0,1,'2019-10-19 02:10:24','2019-10-19 02:10:24',NULL),(60,NULL,1,60,NULL,3,'Cheques emitidos ',0,1,1,1,1,0,1,'2019-10-19 02:10:24','2023-03-27 00:30:18',NULL),(62,NULL,1,62,NULL,8,'Sueldos y Jornales a pagar',0,0,0,0,1,0,1,'2019-10-19 02:10:24','2019-10-19 02:10:24',NULL),(140,NULL,1,140,NULL,6,'Intereses y Gastos bancarios',0,0,0,0,1,0,1,'2019-10-19 02:10:24','2023-03-27 00:30:18',NULL),(162,NULL,1,162,NULL,4,'Retenciones SUSS',0,0,1,0,0,0,1,'2019-10-19 02:10:24','2023-03-27 00:30:18',NULL),(176,NULL,1,176,NULL,3,'Cheques en Cartera',1,0,1,1,1,0,1,'2019-10-19 02:10:24','2023-03-27 00:30:18',NULL),(201,NULL,1,201,NULL,6,'Monotributo',0,0,0,0,1,0,1,'2019-10-19 02:10:24','2023-03-27 00:30:18',NULL),(203,NULL,1,203,NULL,6,'Autonomos',0,0,0,0,1,0,1,'2019-10-19 02:10:24','2023-03-27 00:30:18',NULL),(219,NULL,1,219,NULL,8,'Pagos AFIP',0,0,0,0,1,0,1,'2019-10-19 02:10:24','2019-10-19 02:10:24',NULL),(251,NULL,1,251,NULL,4,'Retenciones de IIBB Buenos Aires',0,0,1,0,0,0,1,'2019-10-19 02:10:24','2023-03-27 00:30:18',NULL),(252,NULL,1,252,NULL,4,'Retenciones de IIBB Capital Federal',0,0,1,0,0,0,1,'2019-10-19 02:10:24','2023-03-27 00:30:18',NULL),(253,NULL,1,253,NULL,4,'Retenciones de IIBB Catamarca',0,0,1,0,0,0,1,'2019-10-19 02:10:24','2023-03-27 00:30:18',NULL),(254,NULL,1,254,NULL,4,'Retenciones de IIBB Chaco',0,0,1,0,0,0,1,'2019-10-19 02:10:24','2023-03-27 00:30:18',NULL),(255,NULL,1,255,NULL,4,'Retenciones de IIBB Chubut',0,0,1,0,0,0,1,'2019-10-19 02:10:24','2023-03-27 00:30:18',NULL),(256,NULL,1,256,NULL,4,'Retenciones de IIBB Córdoba',0,0,1,0,0,0,1,'2019-10-19 02:10:24','2023-03-27 00:30:18',NULL),(257,NULL,1,257,NULL,4,'Retenciones de IIBB Corrientes',0,0,1,0,0,0,1,'2019-10-19 02:10:24','2023-03-27 00:30:18',NULL),(258,NULL,1,258,NULL,4,'Retenciones de IIBB Entre Ríos',0,0,1,0,0,0,1,'2019-10-19 02:10:24','2023-03-27 00:30:18',NULL),(259,NULL,1,259,NULL,4,'Retenciones de IIBB Formosa',0,0,1,0,0,0,1,'2019-10-19 02:10:24','2023-03-27 00:30:18',NULL),(260,NULL,1,260,NULL,4,'Retenciones de IIBB Jujuy',0,0,1,0,0,0,1,'2019-10-19 02:10:24','2023-03-27 00:30:18',NULL),(261,NULL,1,261,NULL,4,'Retenciones de IIBB La Pampa',0,0,1,0,0,0,1,'2019-10-19 02:10:24','2023-03-27 00:30:18',NULL),(262,NULL,1,262,NULL,4,'Retenciones de IIBB La Rioja',0,0,1,0,0,0,1,'2019-10-19 02:10:24','2023-03-27 00:30:18',NULL),(263,NULL,1,263,NULL,4,'Retenciones de IIBB Mendoza',0,0,1,0,0,0,1,'2019-10-19 02:10:24','2023-03-27 00:30:18',NULL),(264,NULL,1,264,NULL,4,'Retenciones de IIBB Misiones',0,0,1,0,0,0,1,'2019-10-19 02:10:24','2023-03-27 00:30:18',NULL),(265,NULL,1,265,NULL,4,'Retenciones de IIBB Neuquén',0,0,1,0,0,0,1,'2019-10-19 02:10:24','2023-03-27 00:30:18',NULL),(266,NULL,1,266,NULL,4,'Retenciones de IIBB Pascua Lama',0,0,1,0,0,0,1,'2019-10-19 02:10:24','2023-03-27 00:30:18',NULL),(267,NULL,1,267,NULL,4,'Retenciones de IIBB Río Negro',0,0,1,0,0,0,1,'2019-10-19 02:10:24','2023-03-27 00:30:18',NULL),(268,NULL,1,268,NULL,4,'Retenciones de IIBB Salta',0,0,1,0,0,0,1,'2019-10-19 02:10:24','2023-03-27 00:30:18',NULL),(269,NULL,1,269,NULL,4,'Retenciones de IIBB San Juan',0,0,1,0,0,0,1,'2019-10-19 02:10:24','2023-03-27 00:30:18',NULL),(270,NULL,1,270,NULL,4,'Retenciones de IIBB San Luis',0,0,1,0,0,0,1,'2019-10-19 02:10:24','2023-03-27 00:30:18',NULL),(271,NULL,1,271,NULL,4,'Retenciones de IIBB Santa Cruz',0,0,1,0,0,0,1,'2019-10-19 02:10:24','2023-03-27 00:30:18',NULL);
INSERT INTO `cta_cte_tesoreria_cuentas` VALUES (272,NULL,1,272,NULL,4,'Retenciones de IIBB Santa Fe',0,0,1,0,0,0,1,'2019-10-19 02:10:24','2023-03-27 00:30:18',NULL),(273,NULL,1,273,NULL,4,'Retenciones de IIBB Santiago del Estero',0,0,1,0,0,0,1,'2019-10-19 02:10:24','2023-03-27 00:30:18',NULL),(274,NULL,1,274,NULL,4,'Retenciones de IIBB Tierra del Fuego',0,0,1,0,0,0,1,'2019-10-19 02:10:24','2023-03-27 00:30:18',NULL),(275,NULL,1,275,NULL,4,'Retenciones de IIBB Tucuman',0,0,1,0,0,0,1,'2019-10-19 02:10:24','2023-03-27 00:30:18',NULL),(351,NULL,1,351,NULL,8,'BANCO SIRCREB',0,0,0,0,1,0,1,'2019-10-19 02:10:24','2019-10-19 02:10:24',NULL),(359,NULL,1,359,NULL,8,'Caja en Pesos',0,0,1,1,1,0,1,'2019-10-19 02:10:24','2023-03-20 23:17:59','2023-03-20 23:17:59'),(360,NULL,1,360,NULL,8,'Retenciones Bancarias de Ganancias a Favor',0,0,0,0,1,0,1,'2019-10-19 02:10:24','2019-10-19 02:10:24',NULL),(364,NULL,1,364,NULL,8,'Anticipo de Clientes',0,0,0,0,1,0,1,'2019-10-19 02:10:24','2019-10-19 02:10:24',NULL),(384,NULL,1,384,NULL,8,'Caja en Dolares',0,0,1,1,1,0,1,'2019-10-19 02:10:24','2023-03-20 23:17:59','2023-03-20 23:17:59'),(409,NULL,1,409,NULL,6,'IVA Crédito Fiscal No computable',0,0,0,0,1,0,1,'2019-10-19 02:10:24','2023-03-27 00:30:18',NULL),(418,NULL,1,418,NULL,8,'Deudas Bancarias',0,0,0,1,1,0,1,'2019-10-19 02:10:24','2019-10-19 02:10:24',NULL),(433,NULL,1,433,NULL,8,'Préstamo',0,0,0,1,1,0,1,'2019-10-19 02:10:24','2019-10-19 02:10:24',NULL),(441,NULL,1,441,NULL,8,'Leasing',0,0,0,1,1,0,1,'2019-10-19 02:10:24','2019-10-19 02:10:24',NULL),(448,NULL,1,448,NULL,8,'Planes de Pagos AFIP',0,0,0,1,1,0,1,'2019-10-19 02:10:24','2019-10-19 02:10:24',NULL),(450,NULL,1,450,NULL,3,'Cheques Rechazados',0,0,0,0,1,0,1,'2019-10-19 02:10:24','2023-03-27 00:30:18',NULL),(467,NULL,1,467,NULL,6,'Interés',0,0,0,0,1,0,1,'2019-10-19 02:10:24','2023-03-27 00:30:18',NULL),(468,NULL,1,14,NULL,8,'Deudores por ventas comunes',0,0,0,0,0,1,1,'2020-02-06 17:23:07','2023-03-27 00:30:18',NULL),(469,NULL,1,15,NULL,8,'Deudores por ventas morosos',0,0,0,0,0,1,1,'2020-02-06 17:23:07','2023-03-27 00:30:18',NULL),(470,NULL,1,16,NULL,8,'Deudores en gestión judicial',0,0,0,0,0,1,1,'2020-02-06 17:23:07','2023-03-27 00:30:18',NULL),(471,NULL,1,17,NULL,8,'Previsión deudores incobrables',0,0,0,0,0,1,1,'2020-02-06 17:23:07','2023-03-27 00:30:18',NULL),(472,NULL,1,22,NULL,8,'Anticipo Impto.Ganancia Mínima Presunta',0,0,0,0,0,1,1,'2020-02-06 17:23:07','2023-03-27 00:30:18',NULL),(473,NULL,1,24,NULL,4,'Impuesto a las Ganancias (Saldo a favor)',0,0,0,0,0,1,0,'2020-02-06 17:23:07','2023-06-02 07:58:17',NULL),(474,NULL,1,27,NULL,8,'Anticipos de proveedores',0,0,0,0,0,1,1,'2020-02-06 17:23:07','2023-03-27 00:30:18',NULL),(475,NULL,1,28,NULL,8,'Depósito en garantía alquileres',0,0,0,0,0,1,1,'2020-02-06 17:23:07','2023-03-27 00:30:18',NULL),(476,NULL,1,29,NULL,8,'Derechos adquiridos a devengar',0,0,0,0,0,1,1,'2020-02-06 17:23:07','2023-03-27 00:30:18',NULL),(477,NULL,1,30,NULL,8,'Intereses a devengar',0,0,0,0,0,1,1,'2020-02-06 17:23:07','2023-03-27 00:30:18',NULL),(478,NULL,1,31,NULL,8,'Cuentas a rendir - Directores',0,0,0,0,0,1,1,'2020-02-06 17:23:07','2023-03-27 00:30:18',NULL),(479,NULL,1,32,NULL,8,'Alquileres no devengados',0,0,0,0,0,1,1,'2020-02-06 17:23:07','2023-03-27 00:30:18',NULL),(480,NULL,1,38,NULL,8,'Equipos de computación valores históricos',0,0,0,0,0,1,1,'2020-02-06 17:23:07','2023-03-27 00:30:18',NULL),(481,NULL,1,39,NULL,8,'Equipos de computación ajuste',0,0,0,0,0,1,1,'2020-02-06 17:23:07','2023-03-27 00:30:18',NULL),(482,NULL,1,40,NULL,8,'Amortización Acumulada Equipos de comput.',0,0,0,0,0,1,1,'2020-02-06 17:23:07','2023-03-27 00:30:18',NULL),(483,NULL,1,42,NULL,8,'Instalaciones valores históricos',0,0,0,0,0,1,1,'2020-02-06 17:23:07','2023-03-27 00:30:18',NULL),(484,NULL,1,43,NULL,8,'Instalaciones ajuste',0,0,0,0,0,1,1,'2020-02-06 17:23:07','2023-03-27 00:30:18',NULL),(485,NULL,1,44,NULL,8,'Amortización Acumulada Instalaciones',0,0,0,0,0,1,1,'2020-02-06 17:23:07','2023-03-27 00:30:18',NULL);
INSERT INTO `cta_cte_tesoreria_cuentas` VALUES (486,NULL,1,46,NULL,8,'Muebles y utiles valores históricos',0,0,0,0,0,1,1,'2020-02-06 17:23:07','2023-03-27 00:30:18',NULL),(487,NULL,1,47,NULL,8,'Muebles y utiles ajuste',0,0,0,0,0,1,1,'2020-02-06 17:23:07','2023-03-27 00:30:18',NULL),(488,NULL,1,48,NULL,8,'Amortización Acumulada Muebles y Útiles',0,0,0,0,0,1,1,'2020-02-06 17:23:07','2023-03-27 00:30:18',NULL),(489,NULL,1,50,NULL,8,'Gastos de organización valores historicos',0,0,0,0,0,1,1,'2020-02-06 17:23:07','2023-03-27 00:30:18',NULL),(490,NULL,1,51,NULL,8,'Gastos de organización ajuste',0,0,0,0,0,1,1,'2020-02-06 17:23:07','2023-03-27 00:30:18',NULL),(491,NULL,1,52,NULL,8,'Amortización acumulada gs. de organización',0,0,0,0,0,1,1,'2020-02-06 17:23:07','2023-03-27 00:30:18',NULL),(492,NULL,1,58,NULL,8,'Proveedores en cta. cte. exterior',0,0,0,0,0,1,1,'2020-02-06 17:23:07','2023-03-27 00:30:18',NULL),(493,NULL,1,59,NULL,8,'Derechos de exhibición a devengar',0,0,0,0,0,1,1,'2020-02-06 17:23:07','2023-03-27 00:30:18',NULL),(494,NULL,1,63,NULL,8,'Cargas sociales a pagar',0,0,0,0,0,1,1,'2020-02-06 17:23:07','2023-03-27 00:30:18',NULL),(495,NULL,1,64,NULL,8,'Sindicatos a Pagar',0,0,0,0,0,1,1,'2020-02-06 17:23:07','2023-03-27 00:30:18',NULL),(496,NULL,1,67,NULL,8,'IVA Debito Fiscal',0,0,0,0,0,1,1,'2020-02-06 17:23:07','2023-03-27 00:30:18',NULL),(497,NULL,1,68,NULL,8,'IVA Credito Fiscal',0,0,0,0,0,1,1,'2020-02-06 17:23:07','2023-03-27 00:30:18',NULL),(498,NULL,1,69,NULL,8,'Impuestos Internos',0,0,0,0,0,1,1,'2020-02-06 17:23:07','2023-03-27 00:30:18',NULL),(499,NULL,1,70,NULL,8,'Impuestos al Combustible',0,0,0,0,0,1,1,'2020-02-06 17:23:07','2023-03-27 00:30:18',NULL),(500,NULL,1,71,NULL,8,'IVA Retenciones de terceros',0,0,0,0,0,1,1,'2020-02-06 17:23:07','2023-03-27 00:30:18',NULL),(501,NULL,1,72,NULL,5,'IVA Percepciones realiz.por terceros',0,0,0,0,0,1,1,'2020-02-06 17:23:07','2023-03-27 00:30:18',NULL),(502,NULL,1,73,NULL,8,'IVA Saldo a favor',0,0,0,0,0,1,1,'2020-02-06 17:23:07','2023-03-27 00:30:18',NULL),(503,NULL,1,74,NULL,8,'IVA a pagar',0,0,0,0,0,1,1,'2020-02-06 17:23:07','2023-03-27 00:30:18',NULL),(504,NULL,1,75,NULL,5,'Percepciones Ingresos Brutos',0,0,0,0,0,1,1,'2020-02-06 17:23:07','2023-03-27 00:30:18',NULL),(505,NULL,1,76,NULL,8,'Otros Pagos AFIP',0,0,0,0,0,1,1,'2020-02-06 17:23:07','2023-03-27 00:30:18',NULL),(506,NULL,1,78,NULL,8,'Impuesto a los Ingresos Brutos Pasivo',0,0,0,0,0,1,1,'2020-02-06 17:23:07','2023-03-27 00:30:18',NULL),(507,NULL,1,79,NULL,8,'Impuesto a las Ganancias',0,0,0,0,0,1,1,'2020-02-06 17:23:07','2023-03-27 00:30:18',NULL),(508,NULL,1,80,NULL,8,'Impuesto a la Ganancia Mínima Presunta',0,0,0,0,0,1,1,'2020-02-06 17:23:07','2023-03-27 00:30:18',NULL),(509,NULL,1,81,NULL,8,'AFIP - Retenciones Impuesto a las Ganancias',0,0,0,0,0,1,1,'2020-02-06 17:23:07','2023-03-27 00:30:18',NULL),(510,NULL,1,82,NULL,8,'AFIP - Plan de Facilidades Decreto 338/02',0,0,0,0,0,1,1,'2020-02-06 17:23:07','2023-03-27 00:30:18',NULL),(511,NULL,1,87,NULL,8,'Acciones en circulación',0,0,0,0,0,1,1,'2020-02-06 17:23:07','2023-03-27 00:30:18',NULL),(512,NULL,1,88,NULL,8,'Ajuste del Capital',0,0,0,0,0,1,1,'2020-02-06 17:23:07','2023-03-27 00:30:18',NULL),(513,NULL,1,89,NULL,8,'Aportes Irrevocables Futuras Suscripciones',0,0,0,0,0,1,1,'2020-02-06 17:23:07','2023-03-27 00:30:18',NULL),(514,NULL,1,91,NULL,8,'Resultado del ejercicio',0,0,0,0,0,1,1,'2020-02-06 17:23:07','2023-03-27 00:30:18',NULL),(515,NULL,1,92,NULL,8,'Resultado ejercicios anteriores',0,0,0,0,0,1,1,'2020-02-06 17:23:07','2023-03-27 00:30:18',NULL),(516,NULL,1,93,NULL,8,'A.R.E.A.',0,0,0,0,0,1,1,'2020-02-06 17:23:07','2023-03-27 00:30:18',NULL),(517,NULL,1,96,NULL,7,'VENTAS',0,0,0,0,1,1,1,'2020-02-06 17:23:07','2023-03-27 00:30:18',NULL),(518,NULL,1,97,NULL,7,'Honorarios',0,0,0,0,1,1,1,'2020-02-06 17:23:07','2023-03-27 00:30:18',NULL),(519,NULL,1,99,NULL,7,'Descuentos obtenidos',0,0,0,0,1,1,1,'2020-02-06 17:23:07','2023-03-27 00:30:18',NULL);
INSERT INTO `cta_cte_tesoreria_cuentas` VALUES (520,NULL,1,100,NULL,7,'Reintegros por exportaciones',0,0,0,0,1,1,1,'2020-02-06 17:23:07','2023-03-27 00:30:18',NULL),(521,NULL,1,102,NULL,7,'Intereses Cobrados',0,0,0,0,1,1,1,'2020-02-06 17:23:07','2023-03-27 00:30:18',NULL),(522,NULL,1,103,NULL,7,'Diferencias de cambio',0,0,0,0,1,1,1,'2020-02-06 17:23:07','2023-03-27 00:30:18',NULL),(523,NULL,1,104,NULL,7,'Descuentos obtenidos',0,0,0,0,1,1,1,'2020-02-06 17:23:07','2023-03-27 00:30:18',NULL),(524,NULL,1,110,NULL,6,'Sueldos',0,0,0,0,0,1,1,'2020-02-06 17:23:07','2023-03-27 00:30:18',NULL),(525,NULL,1,111,NULL,6,'Contribuciones',0,0,0,0,0,1,1,'2020-02-06 17:23:07','2023-03-27 00:30:18',NULL),(526,NULL,1,112,NULL,6,'Sindicato',0,0,0,0,0,1,1,'2020-02-06 17:23:07','2023-03-27 00:30:18',NULL),(527,NULL,1,114,NULL,8,'ACA',0,0,0,0,0,1,1,'2020-02-06 17:23:07','2023-03-27 00:30:18',NULL),(528,NULL,1,115,NULL,6,'Aereos',0,0,0,0,0,1,1,'2020-02-06 17:23:07','2023-03-27 00:30:18',NULL),(529,NULL,1,116,NULL,6,'Alquiler',0,0,0,0,0,1,1,'2020-02-06 17:23:07','2023-03-27 00:30:18',NULL),(530,NULL,1,117,NULL,8,'AGUA AYSA',0,0,0,0,0,1,1,'2020-02-06 17:23:07','2023-03-27 00:30:18',NULL),(531,NULL,1,118,NULL,8,'TV Cablevision',0,0,0,0,0,1,1,'2020-02-06 17:23:07','2023-03-27 00:30:18',NULL),(532,NULL,1,119,NULL,1,'Caja Jubilacion Consejo',0,0,0,0,0,1,1,'2020-02-06 17:23:07','2023-03-27 00:30:18',NULL),(533,NULL,1,120,NULL,6,'Celulares',0,0,0,0,0,1,1,'2020-02-06 17:23:07','2023-03-27 00:30:18',NULL),(534,NULL,1,121,NULL,3,'Cheques',0,0,0,0,0,1,1,'2020-02-06 17:23:07','2023-03-27 00:30:18',NULL),(535,NULL,1,123,NULL,8,'Comida',0,0,0,0,0,1,1,'2020-02-06 17:23:07','2023-03-27 00:30:18',NULL),(536,NULL,1,126,NULL,6,'Fletes y acarreos',0,0,0,0,0,1,1,'2020-02-06 17:23:07','2023-03-27 00:30:18',NULL),(537,NULL,1,127,NULL,8,'Luz Edesur',0,0,0,0,0,1,1,'2020-02-06 17:23:07','2023-03-27 00:30:18',NULL),(538,NULL,1,128,NULL,6,'Movilidad y Viáticos',0,0,0,0,0,1,1,'2020-02-06 17:23:07','2023-03-27 00:30:18',NULL),(539,NULL,1,129,NULL,8,'Mantenimiento',0,0,0,0,0,1,1,'2020-02-06 17:23:07','2023-03-27 00:30:18',NULL),(540,NULL,1,130,NULL,8,'IVA No Computable',0,0,0,0,0,1,1,'2020-02-06 17:23:07','2023-03-27 00:30:18',NULL),(541,NULL,1,131,NULL,8,'Entretenimiento',0,0,0,0,0,1,1,'2020-02-06 17:23:07','2023-03-27 00:30:18',NULL),(542,NULL,1,132,NULL,6,'Amortización Bienes de Uso',0,0,0,0,0,1,1,'2020-02-06 17:23:07','2023-03-27 00:30:18',NULL),(543,NULL,1,135,NULL,6,'Gastos varios',0,0,0,0,0,1,1,'2020-02-06 17:23:07','2023-03-27 00:30:18',NULL),(544,NULL,1,136,NULL,6,'Ajuste por redondeo',0,0,0,0,0,1,1,'2020-02-06 17:23:07','2023-03-27 00:30:18',NULL),(545,NULL,1,137,NULL,6,'Deudores Incobrables',0,0,0,0,0,1,1,'2020-02-06 17:23:07','2023-03-27 00:30:18',NULL),(546,NULL,1,141,NULL,6,'Intereses Proveedores',0,0,0,0,0,1,1,'2020-02-06 17:23:07','2023-03-27 00:30:18',NULL),(547,NULL,1,143,NULL,6,'Diferencias de cambio',0,0,0,0,0,1,1,'2020-02-06 17:23:07','2023-03-27 00:30:18',NULL),(548,NULL,1,144,NULL,8,'Diferencia de Cambio Bces. en M.Extranjera',0,0,0,0,0,1,1,'2020-02-06 17:23:07','2023-03-27 00:30:18',NULL),(549,NULL,1,145,NULL,6,'Diferencia tipo cambio Vendedor/Comprador',0,0,0,0,0,1,1,'2020-02-06 17:23:07','2023-03-27 00:30:18',NULL),(550,NULL,1,146,NULL,8,'Diferencia por conversion en Bce. en Mon. Extranj.',0,0,0,0,0,1,1,'2020-02-06 17:23:07','2023-03-27 00:30:18',NULL),(551,NULL,1,147,NULL,8,'Diferencia de cambio CMV',0,0,0,0,0,1,1,'2020-02-06 17:23:07','2023-03-27 00:30:18',NULL),(552,NULL,1,148,NULL,8,'Diferencia de cambio PT',0,0,0,0,0,1,1,'2020-02-06 17:23:07','2023-03-27 00:30:18',NULL),(553,NULL,1,149,NULL,8,'Resultado por Exposición a la Inflación',0,0,0,0,0,1,1,'2020-02-06 17:23:07','2023-03-27 00:30:18',NULL),(554,NULL,1,150,NULL,8,'Diferencia de cambio PE',0,0,0,0,0,1,1,'2020-02-06 17:23:07','2023-03-27 00:30:18',NULL),(555,NULL,1,151,NULL,8,'Diferencia de cambio Ds.Vtas.',0,0,0,0,0,1,1,'2020-02-06 17:23:07','2023-03-27 00:30:18',NULL);
INSERT INTO `cta_cte_tesoreria_cuentas` VALUES (556,NULL,1,152,NULL,6,'Diferencia de cambio ME',0,0,0,0,0,1,1,'2020-02-06 17:23:07','2023-03-27 00:30:18',NULL),(557,NULL,1,153,NULL,6,'Descuentos otorgados',0,0,0,0,0,1,1,'2020-02-06 17:23:07','2023-03-27 00:30:18',NULL),(558,NULL,1,155,NULL,6,'Impuesto a las Ganancias',0,0,0,0,0,1,1,'2020-02-06 17:23:07','2023-03-27 00:30:18',NULL),(559,NULL,1,156,NULL,6,'Impuesto a los Ingresos Brutos',0,0,0,0,0,1,1,'2020-02-06 17:23:07','2023-03-27 00:30:18',NULL),(560,NULL,1,157,NULL,6,'Impuesto al Debito y Credito Bancario',0,0,0,0,0,1,1,'2020-02-06 17:23:07','2023-03-27 00:30:18',NULL),(561,NULL,1,159,NULL,6,'Pérdida por venta bienes de uso',0,0,0,0,0,1,1,'2020-02-06 17:23:07','2023-03-27 00:30:18',NULL),(562,NULL,1,160,NULL,6,'Inversiones',0,0,0,0,0,1,1,'2020-02-06 17:23:07','2023-03-27 00:30:18',NULL),(563,NULL,1,161,NULL,6,'Amortizaciones extraordinarias',0,0,0,0,0,1,1,'2020-02-06 17:23:07','2023-03-27 00:30:18',NULL),(564,NULL,1,178,NULL,8,'Google',0,0,0,0,0,1,1,'2020-02-06 17:23:07','2023-03-27 00:30:18',NULL),(565,NULL,1,188,NULL,6,'Publicidad',0,0,0,0,0,1,1,'2020-02-06 17:23:07','2023-03-27 00:30:18',NULL),(566,NULL,1,191,NULL,6,'Cargas Sociales',0,0,0,0,0,1,1,'2020-02-06 17:23:07','2023-03-27 00:30:18',NULL),(567,NULL,1,192,NULL,6,'Honorarios',0,0,0,0,0,1,1,'2020-02-06 17:23:07','2023-03-27 00:30:18',NULL),(568,NULL,1,193,NULL,6,'Telefono Fijo',0,0,0,0,0,1,1,'2020-02-06 17:23:07','2023-03-27 00:30:18',NULL),(569,NULL,1,198,NULL,6,'Seguros',0,0,0,0,0,1,1,'2020-02-06 17:23:07','2023-03-27 00:30:18',NULL),(570,NULL,1,199,NULL,6,'Internet',0,0,0,0,0,1,1,'2020-02-06 17:23:07','2023-03-27 00:30:18',NULL),(571,NULL,1,204,NULL,6,'Multas Impositivas',0,0,0,0,0,1,1,'2020-02-06 17:23:07','2023-03-27 00:30:18',NULL),(572,NULL,1,208,NULL,6,'Impuesto a los Ingresos Brutos - BS AS',0,0,0,0,0,1,1,'2020-02-06 17:23:07','2023-03-27 00:30:18',NULL),(573,NULL,1,209,NULL,6,'SIRCREB',0,0,0,0,0,1,1,'2020-02-06 17:23:07','2023-03-27 00:30:18',NULL),(574,NULL,1,212,NULL,6,'Tarjeta Visa',0,0,0,0,0,1,1,'2020-02-06 17:23:07','2023-03-27 00:30:18',NULL),(575,NULL,1,213,NULL,6,'Tarjeta American Express',0,0,0,0,0,1,1,'2020-02-06 17:23:07','2023-03-27 00:30:18',NULL),(576,NULL,1,214,NULL,6,'Tarjeta Mastercard',0,0,0,0,0,1,1,'2020-02-06 17:23:07','2023-03-27 00:30:18',NULL),(577,NULL,1,215,NULL,8,'Tarjeta Shopping',0,0,0,0,0,1,1,'2020-02-06 17:23:07','2023-03-27 00:30:18',NULL),(578,NULL,1,216,NULL,6,'Tarjeta Cencosud',0,0,0,0,0,1,1,'2020-02-06 17:23:07','2023-03-27 00:30:18',NULL),(579,NULL,1,217,NULL,6,'Compras',0,0,0,0,0,1,1,'2020-02-06 17:23:07','2023-03-27 00:30:18',NULL),(580,NULL,1,218,NULL,7,'Ventas No Gravadas',0,0,0,0,1,1,1,'2020-02-06 17:23:07','2023-03-27 00:30:18',NULL),(581,NULL,1,220,NULL,5,'Perc IVA -RG3337',0,0,0,0,0,1,0,'2020-02-06 17:23:07','2023-06-02 07:58:17',NULL),(582,NULL,1,221,NULL,6,'Imps. Internos',0,0,0,0,0,1,1,'2020-02-06 17:23:07','2023-03-27 00:30:18',NULL),(583,NULL,1,222,NULL,6,'Imp. Gasoil',0,0,0,0,0,1,1,'2020-02-06 17:23:07','2023-03-27 00:30:18',NULL),(584,NULL,1,223,NULL,6,'Imp. Hídricos',0,0,0,0,0,1,1,'2020-02-06 17:23:07','2023-03-27 00:30:18',NULL),(585,NULL,1,224,NULL,6,'ITC',0,0,0,0,0,1,1,'2020-02-06 17:23:07','2023-03-27 00:30:18',NULL),(586,NULL,1,225,NULL,5,'Perc IIBB  Buenos Aires',0,0,0,0,0,1,1,'2020-02-06 17:23:07','2023-03-27 00:30:18',NULL),(587,NULL,1,226,NULL,5,'Perc IIBB  Capital Federal',0,0,0,0,0,1,1,'2020-02-06 17:23:07','2023-03-27 00:30:18',NULL),(588,NULL,1,227,NULL,5,'Perc IIBB  Catamarca',0,0,0,0,0,1,1,'2020-02-06 17:23:07','2023-03-27 00:30:18',NULL),(589,NULL,1,228,NULL,5,'Perc IIBB  Chaco',0,0,0,0,0,1,1,'2020-02-06 17:23:07','2023-03-27 00:30:18',NULL),(590,NULL,1,229,NULL,5,'Perc IIBB  Chubut',0,0,0,0,0,1,1,'2020-02-06 17:23:07','2023-03-27 00:30:18',NULL),(591,NULL,1,230,NULL,5,'Perc IIBB  Córdoba',0,0,0,0,0,1,1,'2020-02-06 17:23:07','2023-03-27 00:30:18',NULL),(592,NULL,1,231,NULL,5,'Perc IIBB  Corrientes',0,0,0,0,0,1,1,'2020-02-06 17:23:07','2023-03-27 00:30:18',NULL);
INSERT INTO `cta_cte_tesoreria_cuentas` VALUES (593,NULL,1,232,NULL,5,'Perc IIBB  Entre Ríos',0,0,0,0,0,1,1,'2020-02-06 17:23:07','2023-03-27 00:30:18',NULL),(594,NULL,1,233,NULL,5,'Perc IIBB  Formosa',0,0,0,0,0,1,1,'2020-02-06 17:23:07','2023-03-27 00:30:18',NULL),(595,NULL,1,234,NULL,5,'Perc IIBB  Jujuy',0,0,0,0,0,1,1,'2020-02-06 17:23:07','2023-03-27 00:30:18',NULL),(596,NULL,1,235,NULL,5,'Perc IIBB  La Pampa',0,0,0,0,0,1,1,'2020-02-06 17:23:07','2023-03-27 00:30:18',NULL),(597,NULL,1,236,NULL,5,'Perc IIBB  La Rioja',0,0,0,0,0,1,1,'2020-02-06 17:23:07','2023-03-27 00:30:18',NULL),(598,NULL,1,237,NULL,5,'Perc IIBB  Mendoza',0,0,0,0,0,1,1,'2020-02-06 17:23:07','2023-03-27 00:30:18',NULL),(599,NULL,1,238,NULL,5,'Perc IIBB  Misiones',0,0,0,0,0,1,1,'2020-02-06 17:23:07','2023-03-27 00:30:18',NULL),(600,NULL,1,239,NULL,5,'Perc IIBB  Neuquén',0,0,0,0,0,1,1,'2020-02-06 17:23:07','2023-03-27 00:30:18',NULL),(601,NULL,1,240,NULL,5,'Perc IIBB  Pascua Lama',0,0,0,0,0,1,1,'2020-02-06 17:23:07','2023-03-27 00:30:18',NULL),(602,NULL,1,241,NULL,5,'Perc IIBB  Río Negro',0,0,0,0,0,1,1,'2020-02-06 17:23:07','2023-03-27 00:30:18',NULL),(603,NULL,1,242,NULL,5,'Perc IIBB  Salta',0,0,0,0,0,1,1,'2020-02-06 17:23:07','2023-03-27 00:30:18',NULL),(604,NULL,1,243,NULL,5,'Perc IIBB  San Juan',0,0,0,0,0,1,1,'2020-02-06 17:23:07','2023-03-27 00:30:18',NULL),(605,NULL,1,244,NULL,5,'Perc IIBB  San Luis',0,0,0,0,0,1,1,'2020-02-06 17:23:07','2023-03-27 00:30:18',NULL),(606,NULL,1,245,NULL,5,'Perc IIBB  Santa Cruz',0,0,0,0,0,1,1,'2020-02-06 17:23:07','2023-03-27 00:30:18',NULL),(607,NULL,1,246,NULL,5,'Perc IIBB  Santa Fe',0,0,0,0,0,1,1,'2020-02-06 17:23:07','2023-03-27 00:30:18',NULL),(608,NULL,1,247,NULL,5,'Perc IIBB  Santiago del Estero',0,0,0,0,0,1,1,'2020-02-06 17:23:07','2023-03-27 00:30:18',NULL),(609,NULL,1,248,NULL,5,'Perc IIBB  Tierra del Fuego',0,0,0,0,0,1,1,'2020-02-06 17:23:07','2023-03-27 00:30:18',NULL),(610,NULL,1,249,NULL,5,'Perc IIBB  Tucuman',0,0,0,0,0,1,1,'2020-02-06 17:23:07','2023-03-27 00:30:18',NULL),(611,NULL,1,250,NULL,6,'Compras No Gravadas',0,0,0,0,0,1,1,'2020-02-06 17:23:07','2023-03-27 00:30:18',NULL),(612,NULL,1,276,NULL,6,'SIRCREB Buenos Aires',0,0,0,0,0,1,1,'2020-02-06 17:23:07','2023-03-27 00:30:18',NULL),(613,NULL,1,277,NULL,6,'SIRCREB Capital Federal',0,0,0,0,0,1,1,'2020-02-06 17:23:07','2023-03-27 00:30:18',NULL),(614,NULL,1,278,NULL,6,'SIRCREB Catamarca',0,0,0,0,0,1,1,'2020-02-06 17:23:07','2023-03-27 00:30:18',NULL),(615,NULL,1,279,NULL,6,'SIRCREB Chaco',0,0,0,0,0,1,1,'2020-02-06 17:23:07','2023-03-27 00:30:18',NULL),(616,NULL,1,280,NULL,6,'SIRCREB Chubut',0,0,0,0,0,1,1,'2020-02-06 17:23:07','2023-03-27 00:30:18',NULL),(617,NULL,1,281,NULL,6,'SIRCREB Córdoba',0,0,0,0,0,1,1,'2020-02-06 17:23:07','2023-03-27 00:30:18',NULL),(618,NULL,1,282,NULL,6,'SIRCREB Corrientes',0,0,0,0,0,1,1,'2020-02-06 17:23:07','2023-03-27 00:30:18',NULL),(619,NULL,1,283,NULL,6,'SIRCREB Entre Ríos',0,0,0,0,0,1,1,'2020-02-06 17:23:07','2023-03-27 00:30:18',NULL),(620,NULL,1,284,NULL,6,'SIRCREB Formosa',0,0,0,0,0,1,1,'2020-02-06 17:23:07','2023-03-27 00:30:18',NULL),(621,NULL,1,285,NULL,6,'SIRCREB Jujuy',0,0,0,0,0,1,1,'2020-02-06 17:23:07','2023-03-27 00:30:18',NULL),(622,NULL,1,286,NULL,6,'SIRCREB La Pampa',0,0,0,0,0,1,1,'2020-02-06 17:23:07','2023-03-27 00:30:18',NULL),(623,NULL,1,287,NULL,6,'SIRCREB La Rioja',0,0,0,0,0,1,1,'2020-02-06 17:23:07','2023-03-27 00:30:18',NULL),(624,NULL,1,288,NULL,6,'SIRCREB Mendoza',0,0,0,0,0,1,1,'2020-02-06 17:23:07','2023-03-27 00:30:18',NULL),(625,NULL,1,289,NULL,6,'SIRCREB Misiones',0,0,0,0,0,1,1,'2020-02-06 17:23:07','2023-03-27 00:30:18',NULL),(626,NULL,1,290,NULL,6,'SIRCREB Neuquén',0,0,0,0,0,1,1,'2020-02-06 17:23:07','2023-03-27 00:30:18',NULL),(627,NULL,1,291,NULL,6,'SIRCREB Pascua Lama',0,0,0,0,0,1,1,'2020-02-06 17:23:07','2023-03-27 00:30:18',NULL),(628,NULL,1,292,NULL,6,'SIRCREB Río Negro',0,0,0,0,0,1,1,'2020-02-06 17:23:07','2023-03-27 00:30:18',NULL);
INSERT INTO `cta_cte_tesoreria_cuentas` VALUES (629,NULL,1,293,NULL,6,'SIRCREB Salta',0,0,0,0,0,1,1,'2020-02-06 17:23:07','2023-03-27 00:30:18',NULL),(630,NULL,1,294,NULL,6,'SIRCREB San Juan',0,0,0,0,0,1,1,'2020-02-06 17:23:07','2023-03-27 00:30:18',NULL),(631,NULL,1,295,NULL,6,'SIRCREB San Luis',0,0,0,0,0,1,1,'2020-02-06 17:23:07','2023-03-27 00:30:18',NULL),(632,NULL,1,296,NULL,6,'SIRCREB Santa Cruz',0,0,0,0,0,1,1,'2020-02-06 17:23:07','2023-03-27 00:30:18',NULL),(633,NULL,1,297,NULL,6,'SIRCREB Santa Fe',0,0,0,0,0,1,1,'2020-02-06 17:23:07','2023-03-27 00:30:18',NULL),(634,NULL,1,298,NULL,6,'SIRCREB Santiago del Estero',0,0,0,0,0,1,1,'2020-02-06 17:23:07','2023-03-27 00:30:18',NULL),(635,NULL,1,299,NULL,6,'SIRCREB Tierra del Fuego',0,0,0,0,0,1,1,'2020-02-06 17:23:07','2023-03-27 00:30:18',NULL),(636,NULL,1,300,NULL,6,'SIRCREB Tucuman',0,0,0,0,0,1,1,'2020-02-06 17:23:07','2023-03-27 00:30:18',NULL),(637,NULL,1,301,NULL,8,'IIBB a Favor Buenos Aires',0,0,0,0,0,1,1,'2020-02-06 17:23:07','2023-03-27 00:30:18',NULL),(638,NULL,1,302,NULL,8,'IIBB a Favor Capital Federal',0,0,0,0,0,1,1,'2020-02-06 17:23:07','2023-03-27 00:30:18',NULL),(639,NULL,1,303,NULL,8,'IIBB a Favor Catamarca',0,0,0,0,0,1,1,'2020-02-06 17:23:07','2023-03-27 00:30:18',NULL),(640,NULL,1,304,NULL,8,'IIBB a Favor Chaco',0,0,0,0,0,1,1,'2020-02-06 17:23:07','2023-03-27 00:30:18',NULL),(641,NULL,1,305,NULL,8,'IIBB a Favor Chubut',0,0,0,0,0,1,1,'2020-02-06 17:23:07','2023-03-27 00:30:18',NULL),(642,NULL,1,306,NULL,8,'IIBB a Favor Córdoba',0,0,0,0,0,1,1,'2020-02-06 17:23:07','2023-03-27 00:30:18',NULL),(643,NULL,1,307,NULL,8,'IIBB a Favor Corrientes',0,0,0,0,0,1,1,'2020-02-06 17:23:07','2023-03-27 00:30:18',NULL),(644,NULL,1,308,NULL,8,'IIBB a Favor Entre Ríos',0,0,0,0,0,1,1,'2020-02-06 17:23:07','2023-03-27 00:30:18',NULL),(645,NULL,1,309,NULL,8,'IIBB a Favor Formosa',0,0,0,0,0,1,1,'2020-02-06 17:23:07','2023-03-27 00:30:18',NULL),(646,NULL,1,310,NULL,8,'IIBB a Favor Jujuy',0,0,0,0,0,1,1,'2020-02-06 17:23:07','2023-03-27 00:30:18',NULL),(647,NULL,1,311,NULL,8,'IIBB a Favor La Pampa',0,0,0,0,0,1,1,'2020-02-06 17:23:07','2023-03-27 00:30:18',NULL),(648,NULL,1,312,NULL,8,'IIBB a Favor La Rioja',0,0,0,0,0,1,1,'2020-02-06 17:23:07','2023-03-27 00:30:18',NULL),(649,NULL,1,313,NULL,8,'IIBB a Favor Mendoza',0,0,0,0,0,1,1,'2020-02-06 17:23:07','2023-03-27 00:30:18',NULL),(650,NULL,1,314,NULL,8,'IIBB a Favor Misiones',0,0,0,0,0,1,1,'2020-02-06 17:23:08','2023-03-27 00:30:18',NULL),(651,NULL,1,315,NULL,8,'IIBB a Favor Neuquén',0,0,0,0,0,1,1,'2020-02-06 17:23:08','2023-03-27 00:30:18',NULL),(652,NULL,1,316,NULL,8,'IIBB a Favor Pascua Lama',0,0,0,0,0,1,1,'2020-02-06 17:23:08','2023-03-27 00:30:18',NULL),(653,NULL,1,317,NULL,8,'IIBB a Favor Río Negro',0,0,0,0,0,1,1,'2020-02-06 17:23:08','2023-03-27 00:30:18',NULL),(654,NULL,1,318,NULL,8,'IIBB a Favor Salta',0,0,0,0,0,1,1,'2020-02-06 17:23:08','2023-03-27 00:30:18',NULL),(655,NULL,1,319,NULL,8,'IIBB a Favor San Juan',0,0,0,0,0,1,1,'2020-02-06 17:23:08','2023-03-27 00:30:18',NULL),(656,NULL,1,320,NULL,8,'IIBB a Favor San Luis',0,0,0,0,0,1,1,'2020-02-06 17:23:08','2023-03-27 00:30:18',NULL),(657,NULL,1,321,NULL,8,'IIBB a Favor Santa Cruz',0,0,0,0,0,1,1,'2020-02-06 17:23:08','2023-03-27 00:30:18',NULL),(658,NULL,1,322,NULL,8,'IIBB a Favor Santa Fe',0,0,0,0,0,1,1,'2020-02-06 17:23:08','2023-03-27 00:30:18',NULL),(659,NULL,1,323,NULL,8,'IIBB a Favor Santiago del Estero',0,0,0,0,0,1,1,'2020-02-06 17:23:08','2023-03-27 00:30:18',NULL),(660,NULL,1,324,NULL,8,'IIBB a Favor Tierra del Fuego',0,0,0,0,0,1,1,'2020-02-06 17:23:08','2023-03-27 00:30:18',NULL),(661,NULL,1,325,NULL,8,'IIBB a Favor Tucuman',0,0,0,0,0,1,1,'2020-02-06 17:23:08','2023-03-27 00:30:18',NULL),(662,NULL,1,326,NULL,8,'IIBB a Pagar Buenos Aires',0,0,0,0,0,1,1,'2020-02-06 17:23:08','2023-03-27 00:30:18',NULL),(663,NULL,1,327,NULL,8,'IIBB a Pagar Capital Federal',0,0,0,0,0,1,1,'2020-02-06 17:23:08','2023-03-27 00:30:18',NULL);
INSERT INTO `cta_cte_tesoreria_cuentas` VALUES (664,NULL,1,328,NULL,8,'IIBB a Pagar Catamarca',0,0,0,0,0,1,1,'2020-02-06 17:23:08','2023-03-27 00:30:18',NULL),(665,NULL,1,329,NULL,8,'IIBB a Pagar Chaco',0,0,0,0,0,1,1,'2020-02-06 17:23:08','2023-03-27 00:30:18',NULL),(666,NULL,1,330,NULL,8,'IIBB a Pagar Chubut',0,0,0,0,0,1,1,'2020-02-06 17:23:08','2023-03-27 00:30:18',NULL),(667,NULL,1,331,NULL,8,'IIBB a Pagar Córdoba',0,0,0,0,0,1,1,'2020-02-06 17:23:08','2023-03-27 00:30:18',NULL),(668,NULL,1,332,NULL,8,'IIBB a Pagar Corrientes',0,0,0,0,0,1,1,'2020-02-06 17:23:08','2023-03-27 00:30:18',NULL),(669,NULL,1,333,NULL,8,'IIBB a Pagar Entre Ríos',0,0,0,0,0,1,1,'2020-02-06 17:23:08','2023-03-27 00:30:18',NULL),(670,NULL,1,334,NULL,8,'IIBB a Pagar Formosa',0,0,0,0,0,1,1,'2020-02-06 17:23:08','2023-03-27 00:30:18',NULL),(671,NULL,1,335,NULL,8,'IIBB a Pagar Jujuy',0,0,0,0,0,1,1,'2020-02-06 17:23:08','2023-03-27 00:30:18',NULL),(672,NULL,1,336,NULL,8,'IIBB a Pagar La Pampa',0,0,0,0,0,1,1,'2020-02-06 17:23:08','2023-03-27 00:30:18',NULL),(673,NULL,1,337,NULL,8,'IIBB a Pagar La Rioja',0,0,0,0,0,1,1,'2020-02-06 17:23:08','2023-03-27 00:30:18',NULL),(674,NULL,1,338,NULL,8,'IIBB a Pagar Mendoza',0,0,0,0,0,1,1,'2020-02-06 17:23:08','2023-03-27 00:30:18',NULL),(675,NULL,1,339,NULL,8,'IIBB a Pagar Misiones',0,0,0,0,0,1,1,'2020-02-06 17:23:08','2023-03-27 00:30:18',NULL),(676,NULL,1,340,NULL,8,'IIBB a Pagar Neuquén',0,0,0,0,0,1,1,'2020-02-06 17:23:08','2023-03-27 00:30:18',NULL),(677,NULL,1,341,NULL,8,'IIBB a Pagar Pascua Lama',0,0,0,0,0,1,1,'2020-02-06 17:23:08','2023-03-27 00:30:18',NULL),(678,NULL,1,342,NULL,8,'IIBB a Pagar Río Negro',0,0,0,0,0,1,1,'2020-02-06 17:23:08','2023-03-27 00:30:18',NULL),(679,NULL,1,343,NULL,8,'IIBB a Pagar Salta',0,0,0,0,0,1,1,'2020-02-06 17:23:08','2023-03-27 00:30:18',NULL),(680,NULL,1,344,NULL,8,'IIBB a Pagar San Juan',0,0,0,0,0,1,1,'2020-02-06 17:23:08','2023-03-27 00:30:18',NULL),(681,NULL,1,345,NULL,8,'IIBB a Pagar San Luis',0,0,0,0,0,1,1,'2020-02-06 17:23:08','2023-03-27 00:30:18',NULL),(682,NULL,1,346,NULL,8,'IIBB a Pagar Santa Cruz',0,0,0,0,0,1,1,'2020-02-06 17:23:08','2023-03-27 00:30:18',NULL),(683,NULL,1,347,NULL,8,'IIBB a Pagar Santa Fe',0,0,0,0,0,1,1,'2020-02-06 17:23:08','2023-03-27 00:30:18',NULL),(684,NULL,1,348,NULL,8,'IIBB a Pagar Santiago del Estero',0,0,0,0,0,1,1,'2020-02-06 17:23:08','2023-03-27 00:30:18',NULL),(685,NULL,1,349,NULL,8,'IIBB a Pagar Tierra del Fuego',0,0,0,0,0,1,1,'2020-02-06 17:23:08','2023-03-27 00:30:18',NULL),(686,NULL,1,350,NULL,8,'IIBB a Pagar Tucuman',0,0,0,0,0,1,1,'2020-02-06 17:23:08','2023-03-27 00:30:18',NULL),(687,NULL,1,352,NULL,8,'Compensacion',0,0,0,0,0,1,1,'2020-02-06 17:23:08','2023-03-27 00:30:18',NULL),(688,NULL,1,353,NULL,8,'IVA Saldo Tecnico',0,0,0,0,0,1,1,'2020-02-06 17:23:08','2023-03-27 00:30:18',NULL),(689,NULL,1,354,NULL,8,'IVA Saldo Libre Disponibilidad',0,0,0,0,0,1,1,'2020-02-06 17:23:08','2023-03-27 00:30:18',NULL),(690,NULL,1,361,NULL,8,'Equipos de Computación',0,0,0,0,0,1,1,'2020-02-06 17:23:08','2023-03-27 00:30:18',NULL),(691,NULL,1,362,NULL,8,'Computadoras',0,0,0,0,0,1,1,'2020-02-06 17:23:08','2023-03-27 00:30:18',NULL),(692,NULL,1,363,NULL,8,'Muebles y Utiles',0,0,0,0,0,1,1,'2020-02-06 17:23:08','2023-03-27 00:30:18',NULL),(693,NULL,1,365,NULL,8,'Provision Honorarios',0,0,0,0,0,1,1,'2020-02-06 17:23:08','2023-03-27 00:30:18',NULL),(694,NULL,1,366,NULL,8,'Cta. Cte Directores',0,0,0,0,0,1,1,'2020-02-06 17:23:08','2023-03-27 00:30:19',NULL),(695,NULL,1,367,NULL,8,'Provisión Honorarios Directores',0,0,0,0,0,1,1,'2020-02-06 17:23:08','2023-03-27 00:30:19',NULL),(696,NULL,1,368,NULL,8,'Cuenta Particular Socio 1',0,0,0,0,0,1,1,'2020-02-06 17:23:08','2023-03-27 00:30:19',NULL),(697,NULL,1,369,NULL,8,'Capital',0,0,0,0,0,1,1,'2020-02-06 17:23:08','2023-03-27 00:30:19',NULL),(698,NULL,1,380,NULL,8,'Instalaciones',0,0,0,0,0,1,1,'2020-02-06 17:23:08','2023-03-27 00:30:19',NULL),(699,NULL,1,381,NULL,8,'Reserva Legal',0,0,0,0,0,1,1,'2020-02-06 17:23:08','2023-03-27 00:30:19',NULL);
INSERT INTO `cta_cte_tesoreria_cuentas` VALUES (700,NULL,1,382,NULL,8,'Reserva Legal',0,0,0,0,0,1,1,'2020-02-06 17:23:08','2023-03-27 00:30:19',NULL),(701,NULL,1,383,NULL,8,'Resultado no asignado',0,0,0,0,0,1,1,'2020-02-06 17:23:08','2023-03-27 00:30:19',NULL),(702,NULL,1,386,NULL,8,'PLAZO FIJO',0,0,0,0,0,1,1,'2020-02-06 17:23:08','2023-03-27 00:30:19',NULL),(703,NULL,1,388,NULL,8,'ACCIONES',0,0,0,0,0,1,1,'2020-02-06 17:23:08','2023-03-27 00:30:19',NULL),(704,NULL,1,389,NULL,8,'Inmuebles',0,0,0,0,0,1,1,'2020-02-06 17:23:08','2023-03-27 00:30:19',NULL),(705,NULL,1,390,NULL,8,'Vehiculos',0,0,0,0,0,1,1,'2020-02-06 17:23:08','2023-03-27 00:30:19',NULL),(706,NULL,1,391,NULL,8,'Maquinarias',0,0,0,0,0,1,1,'2020-02-06 17:23:08','2023-03-27 00:30:19',NULL),(707,NULL,1,392,NULL,8,'MERCADERIAS',0,0,0,0,0,1,1,'2020-02-06 17:23:08','2023-03-27 00:30:19',NULL),(708,NULL,1,393,NULL,8,'OTROS',0,0,0,0,0,1,1,'2020-02-06 17:23:08','2023-03-27 00:30:19',NULL),(709,NULL,1,395,NULL,8,'Cuenta Particular Socio 2',0,0,0,0,0,1,1,'2020-02-06 17:23:08','2023-03-27 00:30:19',NULL),(710,NULL,1,396,NULL,6,'Comisiones Y gastos Bancarios',0,0,0,0,0,1,1,'2020-02-06 17:23:08','2023-03-27 00:30:19',NULL),(711,NULL,1,411,NULL,8,'Provisión Impuesto a las Ganancias',0,0,0,0,0,1,1,'2020-02-06 17:23:08','2023-03-27 00:30:19',NULL),(712,NULL,1,412,NULL,6,'Amortización Muebles y Útiles',0,0,0,0,0,1,1,'2020-02-06 17:23:08','2023-03-27 00:30:19',NULL),(713,NULL,1,413,NULL,6,'Amortización Equipos',0,0,0,0,0,1,1,'2020-02-06 17:23:08','2023-03-27 00:30:19',NULL),(714,NULL,1,414,NULL,8,'Amortizacion Acumulada Equipos',0,0,0,0,0,1,1,'2020-02-06 17:23:08','2023-03-27 00:30:19',NULL),(715,NULL,1,415,NULL,8,'Amortización Acumulada Maquinarias',0,0,0,0,0,1,1,'2020-02-06 17:23:08','2023-03-27 00:30:19',NULL),(716,NULL,1,416,NULL,8,'Materias Primas',0,0,0,0,0,1,1,'2020-02-06 17:23:08','2023-03-27 00:30:19',NULL),(717,NULL,1,419,NULL,8,'Rodados',0,0,0,0,0,1,1,'2020-02-06 17:23:08','2023-03-27 00:30:19',NULL),(718,NULL,1,420,NULL,8,'Amortización Acumulada Rodados',0,0,0,0,0,1,1,'2020-02-06 17:23:08','2023-03-27 00:30:19',NULL),(719,NULL,1,421,NULL,8,'Amortización Rodados',0,0,0,0,0,1,1,'2020-02-06 17:23:08','2023-03-27 00:30:19',NULL),(720,NULL,1,422,NULL,8,'Amortización Maquinarias',0,0,0,0,0,1,1,'2020-02-06 17:23:08','2023-03-27 00:30:19',NULL),(721,NULL,1,423,NULL,8,'Accesorios',0,0,0,0,0,1,1,'2020-02-06 17:23:08','2023-03-27 00:30:19',NULL),(722,NULL,1,424,NULL,8,'Amortización Acumulada Accesorios',0,0,0,0,0,1,1,'2020-02-06 17:23:08','2023-03-27 00:30:19',NULL),(723,NULL,1,426,NULL,8,'Reserva Facultativa',0,0,0,0,0,1,1,'2020-02-06 17:23:08','2023-03-27 00:30:19',NULL),(724,NULL,1,427,NULL,8,'Créditos por Impuestos Diferidos',0,0,0,0,0,1,1,'2020-02-06 17:23:08','2023-03-27 00:30:19',NULL),(725,NULL,1,428,NULL,8,'Fondo de Comercio',0,0,0,0,0,1,1,'2020-02-06 17:23:08','2023-03-27 00:30:19',NULL),(726,NULL,1,429,NULL,8,'Amortizacion Acumulada Fondo de Comercio',0,0,0,0,0,1,1,'2020-02-06 17:23:08','2023-03-27 00:30:19',NULL),(727,NULL,1,430,NULL,8,'Intereses a devengar AGIP',0,0,0,0,0,1,1,'2020-02-06 17:23:08','2023-03-27 00:30:19',NULL),(728,NULL,1,431,NULL,8,'PFP IIBB',0,0,0,0,0,1,1,'2020-02-06 17:23:08','2023-03-27 00:30:19',NULL),(729,NULL,1,434,NULL,8,'Productos',0,0,0,0,0,1,1,'2020-02-06 17:23:08','2023-03-27 00:30:19',NULL),(730,NULL,1,435,NULL,8,'Intereses a devengar PFP',0,0,0,0,0,1,1,'2020-02-06 17:23:08','2023-03-27 00:30:19',NULL),(731,NULL,1,437,NULL,8,'Imp. Ley 25413 Cred 0.6%',0,0,0,0,0,1,1,'2020-02-06 17:23:08','2023-03-27 00:30:19',NULL),(732,NULL,1,438,NULL,8,'Honorarios Directorio a Pagar',0,0,0,0,0,1,1,'2020-02-06 17:23:08','2023-03-27 00:30:19',NULL),(733,NULL,1,439,NULL,8,'Reserva para Futuras Inversiones',0,0,0,0,0,1,1,'2020-02-06 17:23:08','2023-03-27 00:30:19',NULL),(734,NULL,1,440,NULL,8,'TEAC - Trabajos Ejecutados a Certificar',0,0,0,0,0,1,1,'2020-02-06 17:23:08','2023-03-27 00:30:19',NULL);
INSERT INTO `cta_cte_tesoreria_cuentas` VALUES (735,NULL,1,444,NULL,8,'Banco Santander Rio Cta Cte',0,0,0,0,0,1,1,'2020-02-06 17:23:08','2023-03-27 00:30:19',NULL),(736,NULL,1,449,NULL,8,'Leasing',0,0,0,0,0,1,1,'2020-02-06 17:23:08','2023-03-27 00:30:19',NULL),(737,NULL,1,453,NULL,8,'Inversión Central Caribe',0,0,0,0,0,1,1,'2020-02-06 17:23:08','2023-03-27 00:30:19',NULL),(738,NULL,1,454,NULL,8,'Otras Inversiones',0,0,0,0,0,1,1,'2020-02-06 17:23:08','2023-03-27 00:30:19',NULL),(739,NULL,1,455,NULL,8,'Otros Créditos',0,0,0,0,0,1,1,'2020-02-06 17:23:08','2023-03-27 00:30:19',NULL),(740,NULL,1,456,NULL,8,'Provisión Honorarios Socio Gerente',0,0,0,0,0,1,1,'2020-02-06 17:23:08','2023-03-27 00:30:19',NULL),(741,NULL,1,459,NULL,8,'Moratoria SUSS a pagar',0,0,0,0,0,1,1,'2020-02-06 17:23:08','2023-03-27 00:30:19',NULL),(742,NULL,1,460,NULL,8,'Impuestos Municipales a Pagar',0,0,0,0,0,1,1,'2020-02-06 17:23:08','2023-03-27 00:30:19',NULL),(743,NULL,1,461,NULL,6,'Amortización Instalaciones',0,0,0,0,0,1,1,'2020-02-06 17:23:08','2023-03-27 00:30:19',NULL),(744,NULL,1,462,NULL,8,'Amortización Equipos de comput.',0,0,0,0,0,1,1,'2020-02-06 17:23:08','2023-03-27 00:30:19',NULL),(745,NULL,1,463,NULL,8,'Cuenta Particular Socio 3',0,0,0,0,0,1,1,'2020-02-06 17:23:08','2023-03-27 00:30:19',NULL),(746,NULL,1,464,NULL,8,'Cuenta Particular Socio 4',0,0,0,0,0,1,1,'2020-02-06 17:23:08','2023-03-27 00:30:19',NULL),(747,NULL,1,465,NULL,8,'Otras Reservas',0,0,0,0,0,1,1,'2020-02-06 17:23:08','2023-03-27 00:30:19',NULL),(748,NULL,1,466,NULL,8,'IGMP (Saldo a Favor)',0,0,0,0,0,1,1,'2020-02-06 17:23:08','2023-03-27 00:30:19',NULL),(749,NULL,1,468,NULL,8,'Productos en Proceso',0,0,0,0,0,1,1,'2020-02-06 17:23:08','2023-03-27 00:30:19',NULL),(750,NULL,1,469,NULL,8,'Depósitos en Garantía Socio Gerente',0,0,0,0,0,1,1,'2020-02-06 17:23:08','2023-03-27 00:30:19',NULL),(751,NULL,1,470,NULL,8,'Fondos Embargados',0,0,0,0,0,1,1,'2020-02-06 17:23:08','2023-03-27 00:30:19',NULL),(752,NULL,1,471,NULL,8,'Cuota Solid.',0,0,0,0,0,1,1,'2020-02-06 17:23:08','2023-03-27 00:30:19',NULL),(753,NULL,1,472,NULL,8,'Anticipo Honorarios Directores',0,0,0,0,0,1,1,'2020-02-06 17:23:08','2023-03-27 00:30:19',NULL),(754,NULL,1,473,NULL,8,'SICORE a Pagar',0,0,0,0,0,1,1,'2020-02-06 17:23:08','2023-03-27 00:30:19',NULL),(755,NULL,1,476,NULL,6,'RECPAM',0,0,0,0,0,1,1,'2020-02-06 17:23:08','2023-03-27 00:30:19',NULL),(756,NULL,1,478,NULL,6,'CO2 - Imp. Al Carbono',0,0,0,0,0,1,1,'2020-02-06 17:23:08','2023-03-27 00:30:19',NULL);

--
-- Table structure for table `cta_cte_tesoreria_detail`
--

CREATE TABLE `cta_cte_tesoreria_detail` (
  `id` int(10) unsigned NOT NULL AUTO_INCREMENT,
  `user_id` int(10) unsigned DEFAULT NULL,
  `cta_cte_tesoreria_id` int(10) unsigned NOT NULL,
  `cta_cte_tesoreria_cuenta_id` int(10) unsigned NOT NULL,
  `person_id` int(10) unsigned DEFAULT NULL,
  `period_id` int(10) unsigned DEFAULT NULL,
  `saldo_id` int(10) unsigned NOT NULL,
  `monto` decimal(16,2) NOT NULL,
  `is_conciliado` tinyint(1) NOT NULL DEFAULT '0',
  `fecha` date DEFAULT NULL,
  `created_at` timestamp NULL DEFAULT NULL,
  `updated_at` timestamp NULL DEFAULT NULL,
  `deleted_at` timestamp NULL DEFAULT NULL,
  PRIMARY KEY (`id`),
  KEY `cta_cte_tesoreria_detail_cta_cte_tesoreria_id_foreign` (`cta_cte_tesoreria_id`),
  KEY `cta_cte_tesoreria_detail_cta_cte_tesoreria_cuenta_id_foreign` (`cta_cte_tesoreria_cuenta_id`),
  KEY `cta_cte_tesoreria_detail_person_id_foreign` (`person_id`),
  KEY `cta_cte_tesoreria_detail_period_id_foreign` (`period_id`),
  KEY `cta_cte_tesoreria_detail_saldo_id_foreign` (`saldo_id`),
  CONSTRAINT `cta_cte_tesoreria_detail_cta_cte_tesoreria_cuenta_id_foreign` FOREIGN KEY (`cta_cte_tesoreria_cuenta_id`) REFERENCES `cta_cte_tesoreria_cuentas` (`id`),
  CONSTRAINT `cta_cte_tesoreria_detail_cta_cte_tesoreria_id_foreign` FOREIGN KEY (`cta_cte_tesoreria_id`) REFERENCES `cta_cte_tesoreria` (`id`),
  CONSTRAINT `cta_cte_tesoreria_detail_period_id_foreign` FOREIGN KEY (`period_id`) REFERENCES `periods` (`id`),
  CONSTRAINT `cta_cte_tesoreria_detail_person_id_foreign` FOREIGN KEY (`person_id`) REFERENCES `persons` (`id`),
  CONSTRAINT `cta_cte_tesoreria_detail_saldo_id_foreign` FOREIGN KEY (`saldo_id`) REFERENCES `conta_tipo_saldos` (`id`)
) ENGINE=InnoDB DEFAULT CHARSET=utf8mb4 COLLATE=utf8mb4_unicode_ci;

--
-- Dumping data for table `cta_cte_tesoreria_detail`
--


--
-- Table structure for table `ctacte_bancos`
--

CREATE TABLE `ctacte_bancos` (
  `id` int(10) unsigned NOT NULL AUTO_INCREMENT,
  `user_id` int(10) unsigned DEFAULT NULL,
  `nombre` varchar(255) COLLATE utf8mb4_unicode_ci DEFAULT NULL,
  `codigoBCRA` int(11) DEFAULT NULL,
  `created_at` timestamp NULL DEFAULT NULL,
  `updated_at` timestamp NULL DEFAULT NULL,
  `deleted_at` timestamp NULL DEFAULT NULL,
  PRIMARY KEY (`id`)
) ENGINE=InnoDB AUTO_INCREMENT=78 DEFAULT CHARSET=utf8mb4 COLLATE=utf8mb4_unicode_ci;

--
-- Dumping data for table `ctacte_bancos`
--

INSERT INTO `ctacte_bancos` VALUES (1,NULL,'BANCO DE GALICIA Y BUENOS AIRES S.A.',7,NULL,NULL,NULL),(2,NULL,'BANCO DE LA NACION ARGENTINA',11,NULL,NULL,NULL),(3,NULL,'BANCO DE LA PROVINCIA DE BUENOS AIRES',14,NULL,NULL,NULL),(4,NULL,'INDUSTRIAL AND COMMERCIAL BANK OF CHINA',15,NULL,NULL,NULL),(5,NULL,'CITIBANK N.A.',16,NULL,NULL,NULL),(6,NULL,'BBVA BANCO FRANCES S.A.',17,NULL,NULL,NULL),(7,NULL,'THE BANK OF TOKYO-MITSUBISHI UFJ, LTD.',18,NULL,NULL,NULL),(8,NULL,'BANCO DE LA PROVINCIA DE CORDOBA S.A.',20,NULL,NULL,NULL),(9,NULL,'BANCO SUPERVIELLE S.A.',27,NULL,NULL,NULL),(10,NULL,'BANCO DE LA CIUDAD DE BUENOS AIRES',29,NULL,NULL,NULL),(11,NULL,'BANCO PATAGONIA S.A.',34,NULL,NULL,NULL),(12,NULL,'BANCO HIPOTECARIO S.A.',44,NULL,NULL,NULL),(13,NULL,'BANCO DE SAN JUAN S.A.',45,NULL,NULL,NULL),(14,NULL,'BANCO DEL TUCUMAN S.A.',60,NULL,NULL,NULL),(15,NULL,'BANCO MUNICIPAL DE ROSARIO',65,NULL,NULL,NULL),(16,NULL,'BANCO SANTANDER RIO S.A.',72,NULL,NULL,NULL),(17,NULL,'BANCO DEL CHUBUT S.A.',83,NULL,NULL,NULL),(18,NULL,'BANCO DE SANTA CRUZ S.A.',86,NULL,NULL,NULL),(19,NULL,'BANCO DE LA PAMPA SOCIEDAD DE ECONOMÍA M',93,NULL,NULL,NULL),(20,NULL,'BANCO DE CORRIENTES S.A.',94,NULL,NULL,NULL),(21,NULL,'BANCO PROVINCIA DEL NEUQUÉN SOCIEDAD ANÓ',97,NULL,NULL,NULL),(22,NULL,'BANCO INTERFINANZAS S.A.',147,NULL,NULL,NULL),(23,NULL,'HSBC BANK ARGENTINA S.A.',150,NULL,NULL,NULL),(24,NULL,'JPMORGAN CHASE BANK, NATIONAL ASSOCIATIO',165,NULL,NULL,NULL),(25,NULL,'BANCO CREDICOOP COOPERATIVO LIMITADO',191,NULL,NULL,NULL),(26,NULL,'BANCO DE VALORES S.A.',198,NULL,NULL,NULL),(27,NULL,'BANCO ROELA S.A.',247,NULL,NULL,NULL),(28,NULL,'BANCO MARIVA S.A.',254,NULL,NULL,NULL),(29,NULL,'BANCO ITAU ARGENTINA S.A.',259,NULL,NULL,NULL),(30,NULL,'BANK OF AMERICA, NATIONAL ASSOCIATION',262,NULL,NULL,NULL),(31,NULL,'BNP PARIBAS',266,NULL,NULL,NULL),(32,NULL,'BANCO PROVINCIA DE TIERRA DEL FUEGO',268,NULL,NULL,NULL),(33,NULL,'BANCO DE LA REPUBLICA ORIENTAL DEL URUGU',269,NULL,NULL,NULL),(34,NULL,'BANCO SAENZ S.A.',277,NULL,NULL,NULL),(35,NULL,'BANCO MERIDIAN S.A.',281,NULL,NULL,NULL),(36,NULL,'BANCO MACRO S.A.',285,NULL,NULL,NULL),(37,NULL,'BANCO COMAFI SOCIEDAD ANONIMA',299,NULL,NULL,NULL),(38,NULL,'BANCO DE INVERSION Y COMERCIO EXTERIOR S',300,NULL,NULL,NULL),(39,NULL,'BANCO PIANO S.A.',301,NULL,NULL,NULL),(40,NULL,'BANCO JULIO SOCIEDAD ANONIMA',305,NULL,NULL,NULL),(41,NULL,'BANCO RIOJA SOCIEDAD ANONIMA UNIPERSONAL',309,NULL,NULL,NULL),(42,NULL,'BANCO DEL SOL S.A.',310,NULL,NULL,NULL),(43,NULL,'NUEVO BANCO DEL CHACO S. A.',311,NULL,NULL,NULL),(44,NULL,'BANCO VOII S.A.',312,NULL,NULL,NULL),(45,NULL,'BANCO DE FORMOSA S.A.',315,NULL,NULL,NULL),(46,NULL,'BANCO CMF S.A.',319,NULL,NULL,NULL),(47,NULL,'BANCO DE SANTIAGO DEL ESTERO S.A.',321,NULL,NULL,NULL),(48,NULL,'BANCO INDUSTRIAL S.A.',322,NULL,NULL,NULL),(49,NULL,'NUEVO BANCO DE SANTA FE SOCIEDAD ANONIMA',330,NULL,NULL,NULL),(50,NULL,'BANCO CETELEM ARGENTINA S.A.',331,NULL,NULL,NULL),(51,NULL,'BANCO DE SERVICIOS FINANCIEROS S.A.',332,NULL,NULL,NULL),(52,NULL,'BANCO BRADESCO ARGENTINA S.A.U.',336,NULL,NULL,NULL),(53,NULL,'BANCO DE SERVICIOS Y TRANSACCIONES S.A.',338,NULL,NULL,NULL),(54,NULL,'RCI BANQUE S.A.',339,NULL,NULL,NULL),(55,NULL,'BACS BANCO DE CREDITO Y SECURITIZACION S',340,NULL,NULL,NULL),(56,NULL,'BANCO MASVENTAS S.A.',341,NULL,NULL,NULL),(57,NULL,'BANCO WANAP S.A.',384,NULL,NULL,NULL),(58,NULL,'NUEVO BANCO DE ENTRE RÍOS S.A.',386,NULL,NULL,NULL),(59,NULL,'BANCO COLUMBIA S.A.',389,NULL,NULL,NULL),(60,NULL,'BANCO BICA S.A.',426,NULL,NULL,NULL),(61,NULL,'BANCO COINAG S.A.',431,NULL,NULL,NULL),(62,NULL,'BANCO DE COMERCIO S.A.',432,NULL,NULL,NULL),(63,NULL,'FORD CREDIT COMPAÑIA FINANCIERA S.A.',44059,NULL,NULL,NULL),(64,NULL,'COMPAÑIA FINANCIERA ARGENTINA S.A.',44077,NULL,NULL,NULL),(65,NULL,'VOLKWAGEN FINANCIAL SERVICES CIA.FIN.S.A',44088,NULL,NULL,NULL),(66,NULL,'CORDIAL COMPAÑÍA FINANCIERA S.A.',44090,NULL,NULL,NULL),(67,NULL,'FCA COMPAÑIA FINANCIERA S.A.',44092,NULL,NULL,NULL);
INSERT INTO `ctacte_bancos` VALUES (68,NULL,'GPAT COMPAÑIA FINANCIERA S.A.',44093,NULL,NULL,NULL),(69,NULL,'MERCEDES-BENZ COMPAÑÍA FINANCIERA ARGENT',44094,NULL,NULL,NULL),(70,NULL,'ROMBO COMPAÑÍA FINANCIERA S.A.',44095,NULL,NULL,NULL),(71,NULL,'JOHN DEERE CREDIT COMPAÑÍA FINANCIERA S.',44096,NULL,NULL,NULL),(72,NULL,'PSA FINANCE ARGENTINA COMPAÑÍA FINANCIER',44098,NULL,NULL,NULL),(73,NULL,'TOYOTA COMPAÑÍA FINANCIERA DE ARGENTINA',44099,NULL,NULL,NULL),(74,NULL,'FINANDINO COMPAÑIA FINANCIERA S.A.',44100,NULL,NULL,NULL),(75,NULL,'MONTEMAR COMPAÑIA FINANCIERA S.A.',45056,NULL,NULL,NULL),(76,NULL,'MULTIFINANZAS COMPAÑIA FINANCIERA S.A.',45072,NULL,NULL,NULL),(77,NULL,'CAJA DE CREDITO \"CUENCA\" COOPERATIVA LIM',65203,NULL,NULL,NULL);

--
-- Table structure for table `ctacte_bancos_datos`
--

CREATE TABLE `ctacte_bancos_datos` (
  `id` int(10) unsigned NOT NULL AUTO_INCREMENT,
  `cuenta_conta_id` int(10) unsigned DEFAULT NULL,
  `nombre` varchar(255) COLLATE utf8mb4_unicode_ci DEFAULT NULL,
  `cuit` varchar(255) COLLATE utf8mb4_unicode_ci DEFAULT NULL,
  `titular` varchar(255) COLLATE utf8mb4_unicode_ci DEFAULT NULL,
  `cuenta` varchar(255) COLLATE utf8mb4_unicode_ci DEFAULT NULL,
  `num_cuenta` varchar(255) COLLATE utf8mb4_unicode_ci DEFAULT NULL,
  `cbu` varchar(255) COLLATE utf8mb4_unicode_ci DEFAULT NULL,
  `alias` varchar(255) COLLATE utf8mb4_unicode_ci DEFAULT NULL,
  `status` int(11) NOT NULL DEFAULT '1',
  `created_at` timestamp NULL DEFAULT NULL,
  `updated_at` timestamp NULL DEFAULT NULL,
  PRIMARY KEY (`id`),
  KEY `ctacte_bancos_datos_cuenta_conta_id_foreign` (`cuenta_conta_id`),
  CONSTRAINT `ctacte_bancos_datos_cuenta_conta_id_foreign` FOREIGN KEY (`cuenta_conta_id`) REFERENCES `conta_plan_cuenta` (`id`)
) ENGINE=InnoDB DEFAULT CHARSET=utf8mb4 COLLATE=utf8mb4_unicode_ci;

--
-- Dumping data for table `ctacte_bancos_datos`
--


--
-- Table structure for table `ctacte_cheques`
--

CREATE TABLE `ctacte_cheques` (
  `id` int(10) unsigned NOT NULL AUTO_INCREMENT,
  `user_id` int(10) unsigned DEFAULT NULL,
  `asiento_id` varchar(191) COLLATE utf8mb4_unicode_ci DEFAULT NULL,
  `cuenta_conta_id` int(10) unsigned DEFAULT NULL,
  `cta_cte_tesoreria_cuenta_id` int(10) unsigned DEFAULT NULL,
  `cta_cte_tesoreria_id` int(10) unsigned DEFAULT NULL,
  `cta_cte_cliente_id` int(10) unsigned DEFAULT NULL,
  `cta_cte_cliente_id2` int(10) unsigned DEFAULT NULL,
  `nf_cta_cte_id2` int(10) unsigned DEFAULT NULL,
  `nf_cta_cte_id` int(10) unsigned DEFAULT NULL,
  `monto` decimal(16,2) DEFAULT NULL,
  `cheque3ros` tinyint(1) NOT NULL DEFAULT '0',
  `cheque_emitidos` tinyint(1) NOT NULL DEFAULT '0',
  `fecha` date DEFAULT NULL,
  `fecha_cobro` date DEFAULT NULL,
  `banco_id` int(10) unsigned NOT NULL,
  `person_id` int(10) unsigned DEFAULT NULL,
  `cuit` text COLLATE utf8mb4_unicode_ci,
  `titular` varchar(255) COLLATE utf8mb4_unicode_ci DEFAULT NULL,
  `abierto_cruzado` int(11) NOT NULL DEFAULT '1',
  `is_no_a_la_orden` tinyint(1) NOT NULL DEFAULT '0',
  `numero` int(10) unsigned DEFAULT NULL,
  `foto` varchar(255) COLLATE utf8mb4_unicode_ci DEFAULT NULL,
  `comentario` varchar(255) COLLATE utf8mb4_unicode_ci DEFAULT NULL,
  `status` int(11) NOT NULL DEFAULT '1',
  `created_at` timestamp NULL DEFAULT NULL,
  `updated_at` timestamp NULL DEFAULT NULL,
  `deleted_at` timestamp NULL DEFAULT NULL,
  PRIMARY KEY (`id`),
  KEY `ctacte_cheques_asiento_id_foreign` (`asiento_id`),
  KEY `ctacte_cheques_cuenta_conta_id_foreign` (`cuenta_conta_id`),
  KEY `ctacte_cheques_banco_id_foreign` (`banco_id`),
  KEY `ctacte_cheques_person_id_foreign` (`person_id`),
  KEY `ctacte_cheques_cta_cte_cliente_id2_foreign` (`cta_cte_cliente_id2`),
  KEY `ctacte_cheques_cta_cte_cliente_id_foreign` (`cta_cte_cliente_id`),
  KEY `cta_cte_tesorer_id` (`cta_cte_tesoreria_id`),
  KEY `ctacte_cheques_nf_cta_cte_id_foreign` (`nf_cta_cte_id`),
  KEY `ctacte_cheques_nf_cta_cte_id2_foreign` (`nf_cta_cte_id2`),
  KEY `ctacte_cheques_cta_cte_tesoreria_cuenta_id_foreign` (`cta_cte_tesoreria_cuenta_id`),
  CONSTRAINT `cta_cte_tesorer_id` FOREIGN KEY (`cta_cte_tesoreria_id`) REFERENCES `cta_cte_tesoreria` (`id`),
  CONSTRAINT `ctacte_cheques_banco_id_foreign` FOREIGN KEY (`banco_id`) REFERENCES `ctacte_bancos` (`id`),
  CONSTRAINT `ctacte_cheques_cta_cte_cliente_id2_foreign` FOREIGN KEY (`cta_cte_cliente_id2`) REFERENCES `cta_cte_cliente` (`id`),
  CONSTRAINT `ctacte_cheques_cta_cte_cliente_id_foreign` FOREIGN KEY (`cta_cte_cliente_id`) REFERENCES `cta_cte_cliente` (`id`),
  CONSTRAINT `ctacte_cheques_cta_cte_tesoreria_cuenta_id_foreign` FOREIGN KEY (`cta_cte_tesoreria_cuenta_id`) REFERENCES `cta_cte_tesoreria_cuentas` (`id`),
  CONSTRAINT `ctacte_cheques_cuenta_conta_id_foreign` FOREIGN KEY (`cuenta_conta_id`) REFERENCES `conta_plan_cuenta` (`id`),
  CONSTRAINT `ctacte_cheques_nf_cta_cte_id2_foreign` FOREIGN KEY (`nf_cta_cte_id2`) REFERENCES `nf_cta_cte` (`id`),
  CONSTRAINT `ctacte_cheques_nf_cta_cte_id_foreign` FOREIGN KEY (`nf_cta_cte_id`) REFERENCES `nf_cta_cte` (`id`),
  CONSTRAINT `ctacte_cheques_person_id_foreign` FOREIGN KEY (`person_id`) REFERENCES `persons` (`id`)
) ENGINE=InnoDB DEFAULT CHARSET=utf8mb4 COLLATE=utf8mb4_unicode_ci;

--
-- Dumping data for table `ctacte_cheques`
--


--
-- Table structure for table `ctactegastos_centrocosto`
--

CREATE TABLE `ctactegastos_centrocosto` (
  `id` int(10) unsigned NOT NULL AUTO_INCREMENT,
  `user_id` int(10) unsigned DEFAULT NULL,
  `nombre` varchar(255) COLLATE utf8mb4_unicode_ci NOT NULL,
  `created_at` timestamp NULL DEFAULT NULL,
  `updated_at` timestamp NULL DEFAULT NULL,
  `deleted_at` timestamp NULL DEFAULT NULL,
  PRIMARY KEY (`id`)
) ENGINE=InnoDB AUTO_INCREMENT=9 DEFAULT CHARSET=utf8mb4 COLLATE=utf8mb4_unicode_ci;

--
-- Dumping data for table `ctactegastos_centrocosto`
--

INSERT INTO `ctactegastos_centrocosto` VALUES (1,NULL,'OFICINA',NULL,NULL,NULL),(2,NULL,'FIJO',NULL,NULL,NULL),(3,NULL,'VARIABLE',NULL,NULL,NULL),(4,NULL,'GISELA',NULL,NULL,NULL),(5,NULL,'LIA',NULL,NULL,NULL),(6,NULL,'PADRES',NULL,NULL,NULL),(7,NULL,'CASA',NULL,NULL,NULL),(8,NULL,'VANESA',NULL,NULL,NULL);

--
-- Table structure for table `ctactegastos_cuenta_tipo`
--

CREATE TABLE `ctactegastos_cuenta_tipo` (
  `idCuentaTipo` int(10) unsigned NOT NULL AUTO_INCREMENT,
  `user_id` int(10) unsigned DEFAULT NULL,
  `cta_cte_tesoreria_cuenta_id` int(10) unsigned DEFAULT NULL,
  `idTipo` int(10) unsigned NOT NULL,
  `created_at` timestamp NULL DEFAULT NULL,
  `updated_at` timestamp NULL DEFAULT NULL,
  `deleted_at` timestamp NULL DEFAULT NULL,
  PRIMARY KEY (`idCuentaTipo`),
  KEY `ctactegastos_cuenta_tipo_idtipo_foreign` (`idTipo`),
  KEY `ctactegastos_cuenta_tipo_cta_cte_tesoreria_cuenta_id_foreign` (`cta_cte_tesoreria_cuenta_id`),
  CONSTRAINT `ctactegastos_cuenta_tipo_cta_cte_tesoreria_cuenta_id_foreign` FOREIGN KEY (`cta_cte_tesoreria_cuenta_id`) REFERENCES `cta_cte_tesoreria_cuentas` (`id`),
  CONSTRAINT `ctactegastos_cuenta_tipo_idtipo_foreign` FOREIGN KEY (`idTipo`) REFERENCES `ctactegastos_tiposdegastos` (`id`)
) ENGINE=InnoDB AUTO_INCREMENT=18 DEFAULT CHARSET=utf8mb4 COLLATE=utf8mb4_unicode_ci;

--
-- Dumping data for table `ctactegastos_cuenta_tipo`
--

INSERT INTO `ctactegastos_cuenta_tipo` VALUES (1,NULL,NULL,3,NULL,NULL,NULL),(2,NULL,NULL,6,NULL,NULL,NULL),(3,NULL,NULL,3,NULL,NULL,NULL),(4,NULL,NULL,4,NULL,NULL,NULL),(5,NULL,NULL,5,NULL,NULL,NULL),(6,NULL,NULL,3,NULL,NULL,NULL),(7,NULL,NULL,4,NULL,NULL,NULL),(8,NULL,NULL,3,NULL,NULL,NULL),(9,NULL,NULL,4,NULL,NULL,NULL),(10,NULL,NULL,7,NULL,NULL,NULL),(11,NULL,NULL,8,NULL,NULL,NULL),(12,NULL,NULL,3,NULL,NULL,NULL),(13,NULL,NULL,3,NULL,NULL,NULL),(14,NULL,NULL,4,NULL,NULL,NULL),(15,NULL,NULL,1,NULL,NULL,NULL),(16,NULL,NULL,2,NULL,NULL,NULL),(17,NULL,NULL,5,NULL,NULL,NULL);

--
-- Table structure for table `ctactegastos_mensuales`
--

CREATE TABLE `ctactegastos_mensuales` (
  `id` int(10) unsigned NOT NULL AUTO_INCREMENT,
  `user_id` int(10) unsigned DEFAULT NULL,
  `CuentaTipo_id` int(10) unsigned NOT NULL,
  `cta_cte_tesoreria_cuenta_id` int(10) unsigned NOT NULL DEFAULT '13',
  `TipoDeGasto_id` int(10) unsigned NOT NULL,
  `CentroCosto_id` int(10) unsigned NOT NULL,
  `gasto_cta_cte_tesoreria_cuenta_id` int(10) unsigned NOT NULL DEFAULT '13',
  `monto` decimal(16,2) DEFAULT NULL,
  `comentario` varchar(255) COLLATE utf8mb4_unicode_ci DEFAULT NULL,
  `status` int(11) NOT NULL DEFAULT '1',
  `created_at` timestamp NULL DEFAULT NULL,
  `updated_at` timestamp NULL DEFAULT NULL,
  `deleted_at` timestamp NULL DEFAULT NULL,
  PRIMARY KEY (`id`),
  KEY `ctactegastos_mensuales_cuentatipo_id_foreign` (`CuentaTipo_id`),
  KEY `ctactegastos_mensuales_tipodegasto_id_foreign` (`TipoDeGasto_id`),
  KEY `ctactegastos_mensuales_centrocosto_id_foreign` (`CentroCosto_id`),
  KEY `ctactegastos_mensuales_cta_cte_tesoreria_cuenta_id_foreign` (`cta_cte_tesoreria_cuenta_id`),
  KEY `ctactegastos_mensuales_gasto_cta_cte_tesoreria_cuenta_id_foreign` (`gasto_cta_cte_tesoreria_cuenta_id`),
  CONSTRAINT `ctactegastos_mensuales_centrocosto_id_foreign` FOREIGN KEY (`CentroCosto_id`) REFERENCES `ctactegastos_centrocosto` (`id`),
  CONSTRAINT `ctactegastos_mensuales_cta_cte_tesoreria_cuenta_id_foreign` FOREIGN KEY (`cta_cte_tesoreria_cuenta_id`) REFERENCES `cta_cte_tesoreria_cuentas` (`id`),
  CONSTRAINT `ctactegastos_mensuales_cuentatipo_id_foreign` FOREIGN KEY (`CuentaTipo_id`) REFERENCES `ctactegastos_cuenta_tipo` (`idCuentaTipo`),
  CONSTRAINT `ctactegastos_mensuales_gasto_cta_cte_tesoreria_cuenta_id_foreign` FOREIGN KEY (`gasto_cta_cte_tesoreria_cuenta_id`) REFERENCES `cta_cte_tesoreria_cuentas` (`id`),
  CONSTRAINT `ctactegastos_mensuales_tipodegasto_id_foreign` FOREIGN KEY (`TipoDeGasto_id`) REFERENCES `ctactegastos_tiposdegastos` (`id`)
) ENGINE=InnoDB DEFAULT CHARSET=utf8mb4 COLLATE=utf8mb4_unicode_ci;

--
-- Dumping data for table `ctactegastos_mensuales`
--


--
-- Table structure for table `ctactegastos_tiposdegastos`
--

CREATE TABLE `ctactegastos_tiposdegastos` (
  `id` int(10) unsigned NOT NULL AUTO_INCREMENT,
  `user_id` int(10) unsigned DEFAULT NULL,
  `nombre` varchar(255) COLLATE utf8mb4_unicode_ci DEFAULT NULL,
  `created_at` timestamp NULL DEFAULT NULL,
  `updated_at` timestamp NULL DEFAULT NULL,
  `deleted_at` timestamp NULL DEFAULT NULL,
  PRIMARY KEY (`id`)
) ENGINE=InnoDB AUTO_INCREMENT=11 DEFAULT CHARSET=utf8mb4 COLLATE=utf8mb4_unicode_ci;

--
-- Dumping data for table `ctactegastos_tiposdegastos`
--

INSERT INTO `ctactegastos_tiposdegastos` VALUES (1,NULL,'Oficina',NULL,NULL,NULL),(2,NULL,'Personales',NULL,NULL,NULL),(3,NULL,'Tarjeta VISA',NULL,NULL,NULL),(4,NULL,'Tarjeta Mastercard',NULL,NULL,NULL),(5,NULL,'Debito Automatico',NULL,NULL,NULL),(6,NULL,'American Express',NULL,NULL,NULL),(7,NULL,'Tarjeta Shopping',NULL,NULL,NULL),(8,NULL,'Tarjeta Cencosud',NULL,NULL,NULL),(9,NULL,'Tarjeta Coto',NULL,NULL,NULL),(10,NULL,'Tarjeta Nativa',NULL,NULL,NULL);

--
-- Table structure for table `cursos`
--

CREATE TABLE `cursos` (
  `id` int(10) unsigned NOT NULL AUTO_INCREMENT,
  `nombre` varchar(191) COLLATE utf8mb4_unicode_ci NOT NULL,
  `descripcion` longtext COLLATE utf8mb4_unicode_ci NOT NULL,
  `fecha` date DEFAULT NULL,
  `hora` varchar(191) COLLATE utf8mb4_unicode_ci DEFAULT NULL,
  `profesor` varchar(191) COLLATE utf8mb4_unicode_ci DEFAULT NULL,
  `cant_clases` varchar(191) COLLATE utf8mb4_unicode_ci DEFAULT NULL,
  `duracion` varchar(191) COLLATE utf8mb4_unicode_ci DEFAULT NULL,
  `adjuntos` varchar(191) COLLATE utf8mb4_unicode_ci DEFAULT NULL,
  `link_zoom` longtext COLLATE utf8mb4_unicode_ci,
  `cod_zoom` varchar(191) COLLATE utf8mb4_unicode_ci DEFAULT NULL,
  `contraseña_zoom` varchar(191) COLLATE utf8mb4_unicode_ci DEFAULT NULL,
  `link_youtube` varchar(191) COLLATE utf8mb4_unicode_ci DEFAULT NULL,
  `materiales` varchar(191) COLLATE utf8mb4_unicode_ci DEFAULT NULL,
  `habilitado` tinyint(1) NOT NULL DEFAULT '1',
  `created_at` timestamp NULL DEFAULT NULL,
  `updated_at` timestamp NULL DEFAULT NULL,
  `deleted_at` timestamp NULL DEFAULT NULL,
  PRIMARY KEY (`id`)
) ENGINE=InnoDB DEFAULT CHARSET=utf8mb4 COLLATE=utf8mb4_unicode_ci;

--
-- Dumping data for table `cursos`
--


--
-- Table structure for table `cursos_detail`
--

CREATE TABLE `cursos_detail` (
  `id` int(10) unsigned NOT NULL AUTO_INCREMENT,
  `curso_id` int(10) unsigned NOT NULL,
  `field_name1` varchar(191) COLLATE utf8mb4_unicode_ci NOT NULL,
  `email` varchar(191) COLLATE utf8mb4_unicode_ci NOT NULL,
  `celular` int(11) NOT NULL,
  `created_at` timestamp NULL DEFAULT NULL,
  `updated_at` timestamp NULL DEFAULT NULL,
  `deleted_at` timestamp NULL DEFAULT NULL,
  PRIMARY KEY (`id`),
  KEY `cursos_detail_curso_id_foreign` (`curso_id`),
  CONSTRAINT `cursos_detail_curso_id_foreign` FOREIGN KEY (`curso_id`) REFERENCES `cursos` (`id`)
) ENGINE=InnoDB DEFAULT CHARSET=utf8mb4 COLLATE=utf8mb4_unicode_ci;

--
-- Dumping data for table `cursos_detail`
--


--
-- Table structure for table `data_types`
--

CREATE TABLE `data_types` (
  `id` int(10) unsigned NOT NULL AUTO_INCREMENT,
  `description` varchar(180) COLLATE utf8mb4_unicode_ci NOT NULL,
  `class` int(10) unsigned NOT NULL,
  `class_description` varchar(180) COLLATE utf8mb4_unicode_ci NOT NULL,
  `data_type` varchar(100) COLLATE utf8mb4_unicode_ci NOT NULL,
  `path` varchar(255) COLLATE utf8mb4_unicode_ci DEFAULT NULL,
  `created_at` timestamp NULL DEFAULT NULL,
  `updated_at` timestamp NULL DEFAULT NULL,
  PRIMARY KEY (`id`),
  UNIQUE KEY `data_types_description_unique` (`description`)
) ENGINE=InnoDB AUTO_INCREMENT=9 DEFAULT CHARSET=utf8mb4 COLLATE=utf8mb4_unicode_ci;

--
-- Dumping data for table `data_types`
--

INSERT INTO `data_types` VALUES (1,'Comprobantes XLS',1,'Importación','XLS','data/imports/receipts/xls',NULL,NULL),(2,'CITI-Ventas',1,'Importación','TXT','data/imports/receipts/CitiVentas',NULL,NULL),(3,'CITI Compras',2,'Exportación','TXT','data/exports/receipts/citi',NULL,NULL),(4,'CITI Ventas',2,'Exportación','TXT','data/exports/receipts/CitiVentasExport',NULL,NULL),(5,'Convenio Multilateral',2,'Exportación','TXT','data/exports/receipts/convenio',NULL,NULL),(6,'Libro IVA Digital',2,'Exportación','TXT','data/exports/receipts/libro_iva_digital',NULL,'2019-11-20 21:43:44'),(7,'Mis Comprobantes',1,'Importacion','','data/imports/receipts/mis_comprobantes',NULL,NULL),(8,'Consulta AFIP',3,'AFIP','','data/afip/index','2019-12-06 14:49:55','2019-12-06 14:49:55');

--
-- Table structure for table `dc_estados`
--

CREATE TABLE `dc_estados` (
  `id` bigint(20) unsigned NOT NULL AUTO_INCREMENT,
  `user_id` int(10) unsigned DEFAULT NULL,
  `descripcion` text COLLATE utf8mb4_unicode_ci NOT NULL,
  `habilitado` tinyint(1) NOT NULL DEFAULT '1',
  `created_at` timestamp NULL DEFAULT NULL,
  `updated_at` timestamp NULL DEFAULT NULL,
  `deleted_at` timestamp NULL DEFAULT NULL,
  PRIMARY KEY (`id`)
) ENGINE=InnoDB AUTO_INCREMENT=6 DEFAULT CHARSET=utf8mb4 COLLATE=utf8mb4_unicode_ci;

--
-- Dumping data for table `dc_estados`
--

INSERT INTO `dc_estados` VALUES (1,NULL,'BORRADOR',1,NULL,'2023-08-07 00:10:43',NULL),(2,NULL,'TERMINADO',1,NULL,'2023-08-07 00:10:43',NULL),(3,NULL,'ELIMINADO',1,NULL,'2023-08-13 09:24:14',NULL),(4,NULL,'PAGADO',1,NULL,'2023-08-07 00:10:43','2023-08-07 00:10:43'),(5,NULL,'CONCILIADO',1,NULL,'2023-08-07 00:10:43','2023-08-07 00:10:43');

--
-- Table structure for table `dc_firmas`
--

CREATE TABLE `dc_firmas` (
  `id` bigint(20) unsigned NOT NULL AUTO_INCREMENT,
  `user_id` int(10) unsigned DEFAULT NULL,
  `descripcion` text COLLATE utf8mb4_unicode_ci NOT NULL,
  `show_firmante_dc` tinyint(1) NOT NULL DEFAULT '0',
  `show_create_dc` tinyint(1) NOT NULL DEFAULT '0',
  `faltan_firmas` tinyint(1) NOT NULL DEFAULT '0',
  `habilitado` tinyint(1) NOT NULL DEFAULT '1',
  `created_at` timestamp NULL DEFAULT NULL,
  `updated_at` timestamp NULL DEFAULT NULL,
  `deleted_at` timestamp NULL DEFAULT NULL,
  PRIMARY KEY (`id`)
) ENGINE=InnoDB AUTO_INCREMENT=6 DEFAULT CHARSET=utf8mb4 COLLATE=utf8mb4_unicode_ci;

--
-- Dumping data for table `dc_firmas`
--

INSERT INTO `dc_firmas` VALUES (1,NULL,'NO',1,1,0,1,NULL,'2023-08-07 00:10:43',NULL),(2,NULL,'RECHAZADO',1,1,0,1,NULL,'2023-08-07 00:10:43',NULL),(3,NULL,'ACEPTADO',1,0,0,1,NULL,'2023-08-07 00:10:43',NULL),(4,NULL,'FALTAN FIRMAS',0,0,1,1,'2023-08-07 00:10:43','2023-08-07 00:10:43',NULL),(5,NULL,'EMITIDO',1,0,0,1,'2023-10-12 08:20:22','2023-10-12 08:20:22',NULL);

--
-- Table structure for table `dc_firmas_ordenes`
--

CREATE TABLE `dc_firmas_ordenes` (
  `id` bigint(20) unsigned NOT NULL AUTO_INCREMENT,
  `user_id` int(10) unsigned DEFAULT NULL,
  `person_id` int(10) unsigned NOT NULL,
  `dc_orden_id` bigint(20) unsigned NOT NULL,
  `user_id_que_firma` int(10) unsigned NOT NULL,
  `dc_firma_id` bigint(20) unsigned NOT NULL,
  `created_at` timestamp NULL DEFAULT NULL,
  `updated_at` timestamp NULL DEFAULT NULL,
  `deleted_at` timestamp NULL DEFAULT NULL,
  PRIMARY KEY (`id`),
  KEY `dc_firmas_ordenes_person_id_foreign` (`person_id`),
  KEY `dc_firmas_ordenes_dc_orden_id_foreign` (`dc_orden_id`),
  KEY `dc_firmas_ordenes_dc_firma_id_foreign` (`dc_firma_id`),
  CONSTRAINT `dc_firmas_ordenes_dc_firma_id_foreign` FOREIGN KEY (`dc_firma_id`) REFERENCES `dc_firmas` (`id`),
  CONSTRAINT `dc_firmas_ordenes_dc_orden_id_foreign` FOREIGN KEY (`dc_orden_id`) REFERENCES `dc_ordenes` (`id`),
  CONSTRAINT `dc_firmas_ordenes_person_id_foreign` FOREIGN KEY (`person_id`) REFERENCES `persons` (`id`)
) ENGINE=InnoDB DEFAULT CHARSET=utf8mb4 COLLATE=utf8mb4_unicode_ci;

--
-- Dumping data for table `dc_firmas_ordenes`
--


--
-- Table structure for table `dc_firmas_reglas`
--

CREATE TABLE `dc_firmas_reglas` (
  `id` bigint(20) unsigned NOT NULL AUTO_INCREMENT,
  `user_id` int(10) unsigned DEFAULT NULL,
  `person_id` int(10) unsigned NOT NULL,
  `dc_orden_id` bigint(20) unsigned NOT NULL,
  `importe` decimal(16,2) NOT NULL,
  `grupos_users_ids` longtext COLLATE utf8mb4_unicode_ci,
  `created_at` timestamp NULL DEFAULT NULL,
  `updated_at` timestamp NULL DEFAULT NULL,
  `deleted_at` timestamp NULL DEFAULT NULL,
  PRIMARY KEY (`id`),
  KEY `dc_firmas_reglas_person_id_foreign` (`person_id`),
  KEY `dc_firmas_reglas_dc_orden_id_foreign` (`dc_orden_id`),
  CONSTRAINT `dc_firmas_reglas_dc_orden_id_foreign` FOREIGN KEY (`dc_orden_id`) REFERENCES `dc_ordenes` (`id`),
  CONSTRAINT `dc_firmas_reglas_person_id_foreign` FOREIGN KEY (`person_id`) REFERENCES `persons` (`id`)
) ENGINE=InnoDB DEFAULT CHARSET=utf8mb4 COLLATE=utf8mb4_unicode_ci;

--
-- Dumping data for table `dc_firmas_reglas`
--


--
-- Table structure for table `dc_orden_de_pago`
--

CREATE TABLE `dc_orden_de_pago` (
  `id` bigint(20) unsigned NOT NULL AUTO_INCREMENT,
  `user_id` int(10) unsigned DEFAULT NULL,
  `fecha` datetime NOT NULL DEFAULT '2023-09-28 16:40:12',
  `dc_orden_id` bigint(20) unsigned NOT NULL DEFAULT '10',
  `person_id` int(10) unsigned NOT NULL,
  `person_id_relationed` int(10) unsigned NOT NULL,
  `request` longtext COLLATE utf8mb4_unicode_ci NOT NULL,
  `dc_estado_id` bigint(20) unsigned NOT NULL DEFAULT '1',
  `dc_firma_id` bigint(20) unsigned NOT NULL DEFAULT '1',
  `created_at` timestamp NULL DEFAULT NULL,
  `updated_at` timestamp NULL DEFAULT NULL,
  `deleted_at` timestamp NULL DEFAULT NULL,
  PRIMARY KEY (`id`),
  KEY `dc_orden_de_pago_person_id_foreign` (`person_id`),
  KEY `dc_orden_de_pago_person_id_relationed_foreign` (`person_id_relationed`),
  KEY `dc_orden_de_pago_dc_orden_id_foreign` (`dc_orden_id`),
  KEY `dc_orden_de_pago_dc_firma_id_foreign` (`dc_firma_id`),
  KEY `dc_orden_de_pago_dc_estado_id_foreign` (`dc_estado_id`),
  CONSTRAINT `dc_orden_de_pago_dc_estado_id_foreign` FOREIGN KEY (`dc_estado_id`) REFERENCES `dc_estados` (`id`),
  CONSTRAINT `dc_orden_de_pago_dc_firma_id_foreign` FOREIGN KEY (`dc_firma_id`) REFERENCES `dc_firmas` (`id`),
  CONSTRAINT `dc_orden_de_pago_dc_orden_id_foreign` FOREIGN KEY (`dc_orden_id`) REFERENCES `dc_ordenes` (`id`),
  CONSTRAINT `dc_orden_de_pago_person_id_foreign` FOREIGN KEY (`person_id`) REFERENCES `persons` (`id`),
  CONSTRAINT `dc_orden_de_pago_person_id_relationed_foreign` FOREIGN KEY (`person_id_relationed`) REFERENCES `persons` (`id`)
) ENGINE=InnoDB DEFAULT CHARSET=utf8mb4 COLLATE=utf8mb4_unicode_ci;

--
-- Dumping data for table `dc_orden_de_pago`
--


--
-- Table structure for table `dc_orden_de_pago_receipts`
--

CREATE TABLE `dc_orden_de_pago_receipts` (
  `id` bigint(20) unsigned NOT NULL AUTO_INCREMENT,
  `user_id` int(10) unsigned DEFAULT NULL,
  `dc_orden_de_pago_id` bigint(20) unsigned NOT NULL,
  `receipt_id` int(10) unsigned NOT NULL,
  `importe` decimal(16,2) NOT NULL,
  `created_at` timestamp NULL DEFAULT NULL,
  `updated_at` timestamp NULL DEFAULT NULL,
  `deleted_at` timestamp NULL DEFAULT NULL,
  PRIMARY KEY (`id`),
  KEY `dc_orden_de_pago_receipts_dc_orden_de_pago_id_foreign` (`dc_orden_de_pago_id`),
  KEY `dc_orden_de_pago_receipts_receipt_id_foreign` (`receipt_id`),
  CONSTRAINT `dc_orden_de_pago_receipts_dc_orden_de_pago_id_foreign` FOREIGN KEY (`dc_orden_de_pago_id`) REFERENCES `dc_orden_de_pago` (`id`),
  CONSTRAINT `dc_orden_de_pago_receipts_receipt_id_foreign` FOREIGN KEY (`receipt_id`) REFERENCES `receipts` (`id`)
) ENGINE=InnoDB DEFAULT CHARSET=utf8mb4 COLLATE=utf8mb4_unicode_ci;

--
