-- Table structure for table `bind_apibank_credentials`
--

CREATE TABLE `bind_apibank_credentials` (
  `id` bigint(20) unsigned NOT NULL AUTO_INCREMENT,
  `user_id` int(10) unsigned DEFAULT NULL COMMENT 'Usuario que configuró las credenciales',
  `person_id` int(10) unsigned NOT NULL COMMENT 'Empresa',
  `cta_cte_tesoreria_cuenta_id` int(10) unsigned NOT NULL COMMENT 'Cuenta de tesorería vinculada',
  `env` enum('sandbox','prod') COLLATE utf8mb4_unicode_ci NOT NULL COMMENT 'Ambiente: sandbox o producción',
  `username` varchar(255) COLLATE utf8mb4_unicode_ci NOT NULL COMMENT 'Usuario de Bind APIBank',
  `password` text COLLATE utf8mb4_unicode_ci NOT NULL COMMENT 'Password encriptado con Laravel Crypt',
  `cert_path` varchar(500) COLLATE utf8mb4_unicode_ci DEFAULT NULL COMMENT 'Path absoluto al certificado SSL del cliente (.crt)',
  `key_path` varchar(500) COLLATE utf8mb4_unicode_ci DEFAULT NULL COMMENT 'Path absoluto a la llave privada SSL (.key)',
  `key_password` varchar(255) COLLATE utf8mb4_unicode_ci DEFAULT NULL COMMENT 'Password de la llave privada (si está protegida con password)',
  `jwt_token` text COLLATE utf8mb4_unicode_ci COMMENT 'Token JWT actual',
  `jwt_expires_at` datetime DEFAULT NULL COMMENT 'Fecha de expiración del token JWT',
  `bind_account_id` varchar(50) COLLATE utf8mb4_unicode_ci DEFAULT NULL COMMENT 'ID de cuenta en Bind (obtenido al hacer login)',
  `active` tinyint(1) NOT NULL DEFAULT '1' COMMENT 'Credencial activa?',
  `created_at` timestamp NULL DEFAULT NULL,
  `updated_at` timestamp NULL DEFAULT NULL,
  `deleted_at` timestamp NULL DEFAULT NULL,
  PRIMARY KEY (`id`),
  KEY `idx_bind_apibank_cred_person` (`person_id`),
  KEY `idx_bind_apibank_cred_cuenta` (`cta_cte_tesoreria_cuenta_id`),
  KEY `idx_bind_apibank_cred_active` (`active`),
  KEY `idx_bind_apibank_cred_bind_acc` (`bind_account_id`),
  KEY `idx_bind_apibank_cred_person_active` (`person_id`,`active`)
) ENGINE=InnoDB DEFAULT CHARSET=utf8mb4 COLLATE=utf8mb4_unicode_ci;

--
-- Dumping data for table `bind_apibank_credentials`
--


--
-- Table structure for table `bind_apibank_movements`
--

CREATE TABLE `bind_apibank_movements` (
  `id` bigint(20) unsigned NOT NULL AUTO_INCREMENT,
  `user_id` int(10) unsigned DEFAULT NULL COMMENT 'Usuario que ejecutó la sincronización',
  `person_id` int(10) unsigned NOT NULL COMMENT 'Empresa',
  `cta_cte_tesoreria_cuenta_id` int(10) unsigned NOT NULL COMMENT 'Cuenta de tesorería',
  `cta_cte_tesoreria_id` int(10) unsigned DEFAULT NULL COMMENT 'Movimiento en tesorería (vinculación bidireccional)',
  `bind_movement_id` varchar(100) COLLATE utf8mb4_unicode_ci NOT NULL COMMENT 'ID único del movimiento en Bind',
  `type` enum('in','out','fee') COLLATE utf8mb4_unicode_ci NOT NULL COMMENT 'Tipo: in=transferencia entrante, out=transferencia saliente, fee=comisión',
  `status` enum('settled','pending','failed') COLLATE utf8mb4_unicode_ci NOT NULL COMMENT 'Estado del movimiento',
  `amount` decimal(15,2) NOT NULL COMMENT 'Monto del movimiento',
  `currency` char(3) COLLATE utf8mb4_unicode_ci NOT NULL DEFAULT 'ARS' COMMENT 'Moneda (ARS, USD)',
  `from_cbu_cvu` varchar(22) COLLATE utf8mb4_unicode_ci DEFAULT NULL COMMENT 'CBU/CVU origen',
  `from_titular` varchar(255) COLLATE utf8mb4_unicode_ci DEFAULT NULL COMMENT 'Titular de la cuenta origen',
  `from_cuit` varchar(13) COLLATE utf8mb4_unicode_ci DEFAULT NULL COMMENT 'CUIT del titular origen',
  `to_cbu_cvu` varchar(22) COLLATE utf8mb4_unicode_ci DEFAULT NULL COMMENT 'CBU/CVU destino',
  `to_titular` varchar(255) COLLATE utf8mb4_unicode_ci DEFAULT NULL COMMENT 'Titular de la cuenta destino',
  `to_cuit` varchar(13) COLLATE utf8mb4_unicode_ci DEFAULT NULL COMMENT 'CUIT del titular destino',
  `concept` text COLLATE utf8mb4_unicode_ci COMMENT 'Concepto/descripción del movimiento',
  `reference` varchar(100) COLLATE utf8mb4_unicode_ci DEFAULT NULL COMMENT 'Referencia del movimiento',
  `executed_at` datetime DEFAULT NULL COMMENT 'Fecha de ejecución del movimiento en Bind',
  `raw_response` json DEFAULT NULL COMMENT 'Respuesta completa de la API de Bind (para auditoría)',
  `is_synced_to_treasury` tinyint(1) NOT NULL DEFAULT '0' COMMENT 'Ya sincronizado a tesorería?',
  `created_at` timestamp NULL DEFAULT NULL,
  `updated_at` timestamp NULL DEFAULT NULL,
  `deleted_at` timestamp NULL DEFAULT NULL,
  PRIMARY KEY (`id`),
  UNIQUE KEY `uk_bind_apibank_mov_bind_id` (`bind_movement_id`),
  KEY `idx_bind_apibank_mov_person` (`person_id`),
  KEY `idx_bind_apibank_mov_cuenta` (`cta_cte_tesoreria_cuenta_id`),
  KEY `idx_bind_apibank_mov_tesoreria` (`cta_cte_tesoreria_id`),
  KEY `idx_bind_apibank_mov_synced` (`is_synced_to_treasury`),
  KEY `idx_bind_apibank_mov_executed` (`executed_at`),
  KEY `idx_bind_apibank_mov_type_status` (`type`,`status`),
  KEY `idx_bind_apibank_mov_person_synced` (`person_id`,`is_synced_to_treasury`)
) ENGINE=InnoDB DEFAULT CHARSET=utf8mb4 COLLATE=utf8mb4_unicode_ci;

--
-- Dumping data for table `bind_apibank_movements`
--


--
-- Table structure for table `bind_apibank_sync_logs`
--

CREATE TABLE `bind_apibank_sync_logs` (
  `id` bigint(20) unsigned NOT NULL AUTO_INCREMENT,
  `user_id` int(10) unsigned DEFAULT NULL COMMENT 'Usuario que ejecutó la sincronización',
  `person_id` int(10) unsigned NOT NULL COMMENT 'Empresa',
  `cta_cte_tesoreria_cuenta_id` int(10) unsigned NOT NULL COMMENT 'Cuenta sincronizada',
  `sync_type` enum('movements','balance','transfers','webhook') COLLATE utf8mb4_unicode_ci NOT NULL COMMENT 'Tipo de sincronización: movements=movimientos, balance=saldo, transfers=transferencias, webhook=desde webhook',
  `last_sync_at` datetime NOT NULL COMMENT 'Fecha/hora de la sincronización',
  `records_synced` int(11) NOT NULL DEFAULT '0' COMMENT 'Cantidad de registros sincronizados',
  `status` enum('success','error') COLLATE utf8mb4_unicode_ci NOT NULL COMMENT 'Estado de la sincronización',
  `error_message` text COLLATE utf8mb4_unicode_ci COMMENT 'Mensaje de error (si status=error)',
  `created_at` timestamp NULL DEFAULT NULL,
  `updated_at` timestamp NULL DEFAULT NULL,
  PRIMARY KEY (`id`),
  KEY `idx_bind_apibank_sync_person` (`person_id`),
  KEY `idx_bind_apibank_sync_cuenta` (`cta_cte_tesoreria_cuenta_id`),
  KEY `idx_bind_apibank_sync_type` (`sync_type`),
  KEY `idx_bind_apibank_sync_last` (`last_sync_at`),
  KEY `idx_bind_apibank_sync_type_status` (`sync_type`,`status`),
  KEY `idx_bind_apibank_sync_person_type` (`person_id`,`sync_type`)
) ENGINE=InnoDB DEFAULT CHARSET=utf8mb4 COLLATE=utf8mb4_unicode_ci;

--
-- Dumping data for table `bind_apibank_sync_logs`
--


--
-- Table structure for table `bind_apibank_transfers`
--

CREATE TABLE `bind_apibank_transfers` (
  `id` bigint(20) unsigned NOT NULL AUTO_INCREMENT,
  `user_id` int(10) unsigned DEFAULT NULL COMMENT 'Usuario que ejecutó la transferencia',
  `person_id` int(10) unsigned NOT NULL COMMENT 'Empresa',
  `cta_cte_tesoreria_cuenta_id` int(10) unsigned NOT NULL COMMENT 'Cuenta origen de la transferencia',
  `cta_cte_tesoreria_id` int(10) unsigned DEFAULT NULL COMMENT 'Movimiento en tesorería resultante (vinculación)',
  `bind_transfer_id` varchar(100) COLLATE utf8mb4_unicode_ci DEFAULT NULL COMMENT 'ID de transferencia en Bind',
  `numero_operacion` varchar(50) COLLATE utf8mb4_unicode_ci DEFAULT NULL COMMENT 'Número de operación bancaria',
  `cbu_origin` varchar(22) COLLATE utf8mb4_unicode_ci NOT NULL COMMENT 'CBU origen (nuestra cuenta)',
  `cbu_destination` varchar(22) COLLATE utf8mb4_unicode_ci DEFAULT NULL COMMENT 'CBU destino',
  `alias_destination` varchar(100) COLLATE utf8mb4_unicode_ci DEFAULT NULL COMMENT 'Alias destino (alternativo a CBU)',
  `amount` decimal(15,2) NOT NULL COMMENT 'Monto de la transferencia',
  `currency` char(3) COLLATE utf8mb4_unicode_ci NOT NULL DEFAULT 'ARS' COMMENT 'Moneda (ARS, USD)',
  `concept` text COLLATE utf8mb4_unicode_ci COMMENT 'Concepto de la transferencia',
  `reference` varchar(100) COLLATE utf8mb4_unicode_ci DEFAULT NULL COMMENT 'Referencia interna (ej: FAC-001-1234)',
  `type` enum('INMEDIATA','PROGRAMADA') COLLATE utf8mb4_unicode_ci NOT NULL DEFAULT 'INMEDIATA' COMMENT 'Tipo de transferencia',
  `status` enum('PENDIENTE','APROBADA','RECHAZADA','CANCELADA') COLLATE utf8mb4_unicode_ci NOT NULL DEFAULT 'PENDIENTE' COMMENT 'Estado de la transferencia',
  `scheduled_at` datetime DEFAULT NULL COMMENT 'Fecha programada (si type=PROGRAMADA)',
  `executed_at` datetime DEFAULT NULL COMMENT 'Fecha de ejecución real',
  `comision` decimal(15,2) DEFAULT '0.00' COMMENT 'Comisión cobrada por Bind',
  `iva_comision` decimal(15,2) DEFAULT '0.00' COMMENT 'IVA de la comisión',
  `total_debitado` decimal(15,2) DEFAULT NULL COMMENT 'Total debitado (monto + comisión + IVA)',
  `raw_response` json DEFAULT NULL COMMENT 'Respuesta completa de la API de Bind',
  `created_at` timestamp NULL DEFAULT NULL,
  `updated_at` timestamp NULL DEFAULT NULL,
  `deleted_at` timestamp NULL DEFAULT NULL,
  PRIMARY KEY (`id`),
  KEY `idx_bind_apibank_trf_person` (`person_id`),
  KEY `idx_bind_apibank_trf_cuenta` (`cta_cte_tesoreria_cuenta_id`),
  KEY `idx_bind_apibank_trf_tesoreria` (`cta_cte_tesoreria_id`),
  KEY `idx_bind_apibank_trf_status` (`status`),
  KEY `idx_bind_apibank_trf_bind_id` (`bind_transfer_id`),
  KEY `idx_bind_apibank_trf_executed` (`executed_at`),
  KEY `idx_bind_apibank_trf_type_status` (`type`,`status`),
  KEY `idx_bind_apibank_trf_person_status` (`person_id`,`status`)
) ENGINE=InnoDB DEFAULT CHARSET=utf8mb4 COLLATE=utf8mb4_unicode_ci;

--
-- Dumping data for table `bind_apibank_transfers`
--


--
-- Table structure for table `blogs`
--

CREATE TABLE `blogs` (
  `id` int(10) unsigned NOT NULL AUTO_INCREMENT,
  `user_id` int(10) unsigned DEFAULT NULL,
  `fecha` date NOT NULL,
  `file` varchar(191) COLLATE utf8mb4_unicode_ci DEFAULT NULL,
  `blogs_categoria_id` int(10) unsigned NOT NULL,
  `blogs_categoria_sub_id` int(10) unsigned NOT NULL,
  `path` varchar(191) COLLATE utf8mb4_unicode_ci NOT NULL,
  `titulo` varchar(191) COLLATE utf8mb4_unicode_ci NOT NULL,
  `contenido` longtext COLLATE utf8mb4_unicode_ci NOT NULL,
  `autor` varchar(191) COLLATE utf8mb4_unicode_ci NOT NULL,
  `publicar` tinyint(1) NOT NULL DEFAULT '0',
  `created_at` timestamp NULL DEFAULT NULL,
  `updated_at` timestamp NULL DEFAULT NULL,
  `deleted_at` timestamp NULL DEFAULT NULL,
  PRIMARY KEY (`id`),
  KEY `blogs_blogs_categoria_id_foreign` (`blogs_categoria_id`),
  KEY `blogs_blogs_categoria_sub_id_foreign` (`blogs_categoria_sub_id`),
  CONSTRAINT `blogs_blogs_categoria_id_foreign` FOREIGN KEY (`blogs_categoria_id`) REFERENCES `blogs_categorias` (`id`),
  CONSTRAINT `blogs_blogs_categoria_sub_id_foreign` FOREIGN KEY (`blogs_categoria_sub_id`) REFERENCES `blogs_categorias_sub` (`id`)
) ENGINE=InnoDB DEFAULT CHARSET=utf8mb4 COLLATE=utf8mb4_unicode_ci;

--
-- Dumping data for table `blogs`
--


--
-- Table structure for table `blogs_categorias`
--

CREATE TABLE `blogs_categorias` (
  `id` int(10) unsigned NOT NULL AUTO_INCREMENT,
  `user_id` int(10) unsigned DEFAULT NULL,
  `descripcion` varchar(191) COLLATE utf8mb4_unicode_ci DEFAULT NULL,
  `created_at` timestamp NULL DEFAULT NULL,
  `updated_at` timestamp NULL DEFAULT NULL,
  `deleted_at` timestamp NULL DEFAULT NULL,
  PRIMARY KEY (`id`)
) ENGINE=InnoDB DEFAULT CHARSET=utf8mb4 COLLATE=utf8mb4_unicode_ci;

--
-- Dumping data for table `blogs_categorias`
--


--
-- Table structure for table `blogs_categorias_sub`
--

CREATE TABLE `blogs_categorias_sub` (
  `id` int(10) unsigned NOT NULL AUTO_INCREMENT,
  `user_id` int(10) unsigned DEFAULT NULL,
  `blogs_categoria_id` int(10) unsigned NOT NULL,
  `descripcion` varchar(191) COLLATE utf8mb4_unicode_ci NOT NULL,
  `created_at` timestamp NULL DEFAULT NULL,
  `updated_at` timestamp NULL DEFAULT NULL,
  `deleted_at` timestamp NULL DEFAULT NULL,
  PRIMARY KEY (`id`),
  KEY `blogs_categorias_sub_blogs_categoria_id_foreign` (`blogs_categoria_id`),
  CONSTRAINT `blogs_categorias_sub_blogs_categoria_id_foreign` FOREIGN KEY (`blogs_categoria_id`) REFERENCES `blogs_categorias` (`id`)
) ENGINE=InnoDB DEFAULT CHARSET=utf8mb4 COLLATE=utf8mb4_unicode_ci;

--
-- Dumping data for table `blogs_categorias_sub`
--


--
-- Table structure for table `bs_per_alicuotas`
--

CREATE TABLE `bs_per_alicuotas` (
  `id` int(10) unsigned NOT NULL AUTO_INCREMENT,
  `anio` int(10) unsigned NOT NULL,
  `min_no_imponible` decimal(16,2) NOT NULL DEFAULT '0.00',
  `desde` decimal(16,2) NOT NULL DEFAULT '0.00',
  `hasta` decimal(16,2) NOT NULL DEFAULT '0.00',
  `impuesto` decimal(16,2) NOT NULL DEFAULT '0.00',
  `mas_porcentaje` decimal(16,4) NOT NULL DEFAULT '0.0000',
  `excedente` decimal(16,2) NOT NULL DEFAULT '0.00',
  `created_at` timestamp NULL DEFAULT NULL,
  `updated_at` timestamp NULL DEFAULT NULL,
  `deleted_at` timestamp NULL DEFAULT NULL,
  PRIMARY KEY (`id`)
) ENGINE=InnoDB AUTO_INCREMENT=21 DEFAULT CHARSET=utf8mb4 COLLATE=utf8mb4_unicode_ci;

--
-- Dumping data for table `bs_per_alicuotas`
--

INSERT INTO `bs_per_alicuotas` VALUES (1,2017,950000.00,0.00,999999999.99,0.00,0.0050,950000.00,'2019-11-19 21:09:50','2019-11-19 21:09:50',NULL),(2,2018,1050000.00,0.00,999999999.99,0.00,0.0025,1050000.00,'2019-11-19 21:09:50','2019-11-19 21:09:50',NULL),(3,2019,2000000.00,0.00,3000000.00,0.00,0.0050,0.00,'2019-11-19 21:09:50','2023-02-27 10:32:38',NULL),(4,2019,2000000.00,3000000.00,6500000.00,15000.00,0.0075,3000000.00,'2019-11-19 21:09:50','2023-02-27 10:32:38',NULL),(5,2019,2000000.00,6500000.00,18000000.00,41250.00,0.0100,6500000.00,'2019-11-19 21:09:50','2023-02-27 10:32:38',NULL),(6,2019,2000000.00,18000000.00,999999999.99,156250.00,0.0125,18000000.00,'2023-02-27 10:32:38','2023-02-27 10:32:38',NULL),(7,2020,2000000.00,0.00,3000000.00,0.00,0.0050,0.00,'2023-02-27 10:32:43','2023-02-27 10:32:43',NULL),(8,2020,2000000.00,3000000.00,6500000.00,15000.00,0.0075,3000000.00,'2023-02-27 10:32:43','2023-02-27 10:32:43',NULL),(9,2020,2000000.00,6500000.00,18000000.00,41250.00,0.0100,6500000.00,'2023-02-27 10:32:43','2023-02-27 10:32:43',NULL),(10,2020,2000000.00,18000000.00,999999999.99,156250.00,0.0125,18000000.00,'2023-02-27 10:32:43','2023-02-27 10:32:43',NULL),(11,2021,6000000.00,0.00,3000000.00,0.00,0.0050,0.00,'2023-02-27 10:32:50','2023-02-27 10:32:50',NULL),(12,2021,6000000.00,3000000.00,6500000.00,15000.00,0.0075,3000000.00,'2023-02-27 10:32:50','2023-02-27 10:32:50',NULL),(13,2021,6000000.00,6500000.00,18000000.00,41250.00,0.0100,6500000.00,'2023-02-27 10:32:50','2023-02-27 10:32:50',NULL),(14,2021,6000000.00,18000000.00,999999999.99,156250.00,0.0125,18000000.00,'2023-02-27 10:32:50','2023-02-27 10:32:50',NULL),(15,2022,11282141.08,0.00,5641070.54,0.00,0.0050,0.00,'2023-05-30 15:09:29','2023-05-30 15:09:29',NULL),(16,2022,11282141.08,5641070.54,12222319.51,28205.35,0.0075,5641070.54,'2023-05-30 15:09:29','2023-05-30 15:09:29',NULL),(17,2022,11282141.08,12222319.51,33846423.25,77564.72,0.0100,12222319.51,'2023-05-30 15:09:29','2023-05-30 15:09:29',NULL),(18,2022,11282141.08,33846423.25,188035684.71,293802.76,0.0125,33846423.25,'2023-05-30 15:09:29','2023-05-30 15:09:29',NULL),(19,2022,11282141.08,188035684.71,564107054.14,2221171.53,0.0150,188035684.71,'2023-05-30 15:09:29','2023-05-30 15:09:29',NULL),(20,2022,11282141.08,564107054.14,999999999999.00,7682242.07,0.0175,564107054.14,'2023-05-30 15:09:29','2023-05-30 15:09:29',NULL);

--
-- Table structure for table `bs_per_ddjjs`
--

CREATE TABLE `bs_per_ddjjs` (
  `id` int(10) unsigned NOT NULL AUTO_INCREMENT,
  `user_id` int(10) unsigned DEFAULT NULL,
  `anio` int(10) unsigned NOT NULL,
  `person_id` int(10) unsigned NOT NULL,
  `total_bienes_gravados` decimal(16,2) NOT NULL DEFAULT '0.00',
  `total_bienes_exentos` decimal(16,2) NOT NULL DEFAULT '0.00',
  `min_no_imponible` decimal(16,2) NOT NULL DEFAULT '0.00',
  `base_imponible` decimal(16,2) NOT NULL DEFAULT '0.00',
  `impuesto_determinado` decimal(16,2) NOT NULL DEFAULT '0.00',
  `saldo_a_pagar` decimal(16,2) NOT NULL DEFAULT '0.00',
  `saldo_a_favor` decimal(16,2) NOT NULL DEFAULT '0.00',
  `comentario` varchar(191) COLLATE utf8mb4_unicode_ci DEFAULT NULL,
  `created_at` timestamp NULL DEFAULT NULL,
  `updated_at` timestamp NULL DEFAULT NULL,
  `deleted_at` timestamp NULL DEFAULT NULL,
  PRIMARY KEY (`id`),
  KEY `bs_per_ddjjs_person_id_foreign` (`person_id`),
  CONSTRAINT `bs_per_ddjjs_person_id_foreign` FOREIGN KEY (`person_id`) REFERENCES `persons` (`id`)
) ENGINE=InnoDB DEFAULT CHARSET=utf8mb4 COLLATE=utf8mb4_unicode_ci;

--
-- Dumping data for table `bs_per_ddjjs`
--


--
-- Table structure for table `bs_pers_conceptos`
--

CREATE TABLE `bs_pers_conceptos` (
  `id` int(10) unsigned NOT NULL AUTO_INCREMENT,
  `nombre` varchar(191) COLLATE utf8mb4_unicode_ci NOT NULL,
  `status` tinyint(1) NOT NULL DEFAULT '1',
  `created_at` timestamp NULL DEFAULT NULL,
  `updated_at` timestamp NULL DEFAULT NULL,
  `deleted_at` timestamp NULL DEFAULT NULL,
  PRIMARY KEY (`id`)
) ENGINE=InnoDB AUTO_INCREMENT=12 DEFAULT CHARSET=utf8mb4 COLLATE=utf8mb4_unicode_ci;

--
-- Dumping data for table `bs_pers_conceptos`
--

INSERT INTO `bs_pers_conceptos` VALUES (1,'Inmuebles',1,'2019-11-19 21:09:50','2019-11-19 21:09:50',NULL),(2,'Derechos Reales',1,'2019-11-19 21:09:50','2019-11-19 21:09:50',NULL),(3,'Naves y Aeronaves',1,'2019-11-19 21:09:50','2019-11-19 21:09:50',NULL),(4,'Automotores y otros rodados',1,'2019-11-19 21:09:50','2019-11-19 21:09:50',NULL),(5,'Dinero y depósitos en dinero',1,'2019-11-19 21:09:50','2019-11-19 21:09:50',NULL),(6,'Títulos, acciones, cuotas o participaciones sociales y otros títulos valores',1,'2019-11-19 21:09:50','2019-11-19 21:09:50',NULL),(7,'Patrimonio de empresas o explotaciones unipersonales',1,'2019-11-19 21:09:50','2019-11-19 21:09:50',NULL),(8,'Créditos y debentures',1,'2019-11-19 21:09:50','2019-11-19 21:09:50',NULL),(9,'Derechos de propiedad científica, literaria o artística, marcas, patentes y sus licencias',1,'2019-11-19 21:09:50','2019-11-19 21:09:50',NULL),(10,'Otros Bienes (incluye semovientes, antigüedades, objetos de colección, objetos de arte, ...)',1,'2019-11-19 21:09:50','2019-11-19 21:09:50',NULL),(11,'Objetos Personales y del Hogar',1,'2019-11-19 21:09:50','2019-11-19 21:09:50',NULL);

--
-- Table structure for table `bs_pers_detail_anticipos`
--

CREATE TABLE `bs_pers_detail_anticipos` (
  `id` int(10) unsigned NOT NULL AUTO_INCREMENT,
  `bs_per_ddjj_id` int(10) unsigned NOT NULL,
  `person_id` int(10) unsigned NOT NULL,
  `ganan_concepto_anticipo_id` int(10) unsigned NOT NULL,
  `importe` decimal(16,2) NOT NULL DEFAULT '0.00',
  `created_at` timestamp NULL DEFAULT NULL,
  `updated_at` timestamp NULL DEFAULT NULL,
  `deleted_at` timestamp NULL DEFAULT NULL,
  PRIMARY KEY (`id`),
  KEY `bs_pers_detail_anticipos_bs_per_ddjj_id_foreign` (`bs_per_ddjj_id`),
  KEY `bs_pers_detail_anticipos_person_id_foreign` (`person_id`),
  KEY `bs_pers_detail_anticipos_ganan_concepto_anticipo_id_foreign` (`ganan_concepto_anticipo_id`),
  CONSTRAINT `bs_pers_detail_anticipos_bs_per_ddjj_id_foreign` FOREIGN KEY (`bs_per_ddjj_id`) REFERENCES `bs_per_ddjjs` (`id`),
  CONSTRAINT `bs_pers_detail_anticipos_ganan_concepto_anticipo_id_foreign` FOREIGN KEY (`ganan_concepto_anticipo_id`) REFERENCES `ganan_conceptos_anticipos` (`id`),
  CONSTRAINT `bs_pers_detail_anticipos_person_id_foreign` FOREIGN KEY (`person_id`) REFERENCES `persons` (`id`)
) ENGINE=InnoDB DEFAULT CHARSET=utf8mb4 COLLATE=utf8mb4_unicode_ci;

--
-- Dumping data for table `bs_pers_detail_anticipos`
--


--
-- Table structure for table `bs_pers_detail_bienes`
--

CREATE TABLE `bs_pers_detail_bienes` (
  `id` int(10) unsigned NOT NULL AUTO_INCREMENT,
  `bs_per_ddjj_id` int(10) unsigned NOT NULL,
  `person_id` int(10) unsigned NOT NULL,
  `bs_pers_concepto_id` int(10) unsigned NOT NULL,
  `concepto` varchar(191) COLLATE utf8mb4_unicode_ci DEFAULT NULL,
  `importe_gravado` decimal(16,2) NOT NULL DEFAULT '0.00',
  `importe_exento` decimal(16,2) NOT NULL DEFAULT '0.00',
  `comentario` varchar(191) COLLATE utf8mb4_unicode_ci DEFAULT NULL,
  `created_at` timestamp NULL DEFAULT NULL,
  `updated_at` timestamp NULL DEFAULT NULL,
  `deleted_at` timestamp NULL DEFAULT NULL,
  PRIMARY KEY (`id`),
  KEY `bs_pers_detail_bienes_bs_per_ddjj_id_foreign` (`bs_per_ddjj_id`),
  KEY `bs_pers_detail_bienes_person_id_foreign` (`person_id`),
  KEY `bs_pers_detail_bienes_bs_pers_concepto_id_foreign` (`bs_pers_concepto_id`),
  CONSTRAINT `bs_pers_detail_bienes_bs_per_ddjj_id_foreign` FOREIGN KEY (`bs_per_ddjj_id`) REFERENCES `bs_per_ddjjs` (`id`),
  CONSTRAINT `bs_pers_detail_bienes_bs_pers_concepto_id_foreign` FOREIGN KEY (`bs_pers_concepto_id`) REFERENCES `bs_pers_conceptos` (`id`),
  CONSTRAINT `bs_pers_detail_bienes_person_id_foreign` FOREIGN KEY (`person_id`) REFERENCES `persons` (`id`)
) ENGINE=InnoDB DEFAULT CHARSET=utf8mb4 COLLATE=utf8mb4_unicode_ci;

--
-- Dumping data for table `bs_pers_detail_bienes`
--


--
-- Table structure for table `calendar`
--

CREATE TABLE `calendar` (
  `id` bigint(20) unsigned NOT NULL AUTO_INCREMENT,
  `user_id` int(10) unsigned DEFAULT NULL,
  `person_id` int(10) unsigned NOT NULL,
  `person_id_relationed` int(10) unsigned DEFAULT NULL,
  `ws_telefono_id` bigint(20) unsigned DEFAULT NULL,
  `inv_ot_id` bigint(20) unsigned DEFAULT NULL,
  `calendar_tur_dispo_dato_id` bigint(20) unsigned DEFAULT NULL,
  `title` longtext COLLATE utf8mb4_unicode_ci,
  `descripcion` longtext COLLATE utf8mb4_unicode_ci,
  `descripcion_text` longtext COLLATE utf8mb4_unicode_ci,
  `url` text COLLATE utf8mb4_unicode_ci,
  `start` datetime DEFAULT NULL,
  `startEditable` tinyint(1) NOT NULL DEFAULT '1',
  `startStr` text COLLATE utf8mb4_unicode_ci,
  `end` datetime DEFAULT NULL,
  `endStr` text COLLATE utf8mb4_unicode_ci,
  `allDay` tinyint(1) NOT NULL DEFAULT '1',
  `allow` tinyint(1) DEFAULT NULL,
  `backgroundColor` text COLLATE utf8mb4_unicode_ci,
  `borderColor` text COLLATE utf8mb4_unicode_ci,
  `classNames` longtext COLLATE utf8mb4_unicode_ci,
  `constraint` text COLLATE utf8mb4_unicode_ci,
  `display` text COLLATE utf8mb4_unicode_ci,
  `durationEditable` tinyint(1) NOT NULL DEFAULT '1',
  `extendedProps` longtext COLLATE utf8mb4_unicode_ci,
  `groupId` text COLLATE utf8mb4_unicode_ci,
  `overlap` text COLLATE utf8mb4_unicode_ci,
  `source` longtext COLLATE utf8mb4_unicode_ci,
  `textColor` text COLLATE utf8mb4_unicode_ci,
  `is_impuesto_from_taxes` tinyint(1) NOT NULL DEFAULT '0',
  `created_at` timestamp NULL DEFAULT NULL,
  `updated_at` timestamp NULL DEFAULT NULL,
  `deleted_at` timestamp NULL DEFAULT NULL,
  PRIMARY KEY (`id`),
  KEY `calendar_person_id_foreign` (`person_id`),
  KEY `calendar_person_id_relationed_foreign` (`person_id_relationed`),
  KEY `calendar_ws_telefono_id_foreign` (`ws_telefono_id`),
  KEY `calendar_calendar_tur_dispo_dato_id_foreign` (`calendar_tur_dispo_dato_id`),
  KEY `calendar_inv_ot_id_foreign` (`inv_ot_id`),
  CONSTRAINT `calendar_calendar_tur_dispo_dato_id_foreign` FOREIGN KEY (`calendar_tur_dispo_dato_id`) REFERENCES `calendar_tur_dispo_datos` (`id`),
  CONSTRAINT `calendar_inv_ot_id_foreign` FOREIGN KEY (`inv_ot_id`) REFERENCES `inv_orden_trabajos` (`id`),
  CONSTRAINT `calendar_person_id_foreign` FOREIGN KEY (`person_id`) REFERENCES `persons` (`id`),
  CONSTRAINT `calendar_person_id_relationed_foreign` FOREIGN KEY (`person_id_relationed`) REFERENCES `persons` (`id`),
  CONSTRAINT `calendar_ws_telefono_id_foreign` FOREIGN KEY (`ws_telefono_id`) REFERENCES `ws_telefonos` (`id`)
) ENGINE=InnoDB DEFAULT CHARSET=utf8mb4 COLLATE=utf8mb4_unicode_ci;

--
-- Dumping data for table `calendar`
--


--
-- Table structure for table `calendar_emails_telefonos`
--

CREATE TABLE `calendar_emails_telefonos` (
  `id` bigint(20) unsigned NOT NULL AUTO_INCREMENT,
  `user_id` int(10) unsigned DEFAULT NULL,
  `calendar_id` bigint(20) unsigned NOT NULL,
  `email` text COLLATE utf8mb4_unicode_ci,
  `celular` text COLLATE utf8mb4_unicode_ci,
  `created_at` timestamp NULL DEFAULT NULL,
  `updated_at` timestamp NULL DEFAULT NULL,
  `deleted_at` timestamp NULL DEFAULT NULL,
  PRIMARY KEY (`id`),
  KEY `calendar_emails_telefonos_calendar_id_foreign` (`calendar_id`),
  CONSTRAINT `calendar_emails_telefonos_calendar_id_foreign` FOREIGN KEY (`calendar_id`) REFERENCES `calendar` (`id`)
) ENGINE=InnoDB DEFAULT CHARSET=utf8mb4 COLLATE=utf8mb4_unicode_ci;

--
-- Dumping data for table `calendar_emails_telefonos`
--


--
-- Table structure for table `calendar_files`
--

CREATE TABLE `calendar_files` (
  `id` bigint(20) unsigned NOT NULL AUTO_INCREMENT,
  `user_id` int(10) unsigned DEFAULT NULL,
  `calendar_id` bigint(20) unsigned NOT NULL,
  `path` text COLLATE utf8mb4_unicode_ci NOT NULL,
  `original_name` text COLLATE utf8mb4_unicode_ci NOT NULL,
  `created_at` timestamp NULL DEFAULT NULL,
  `updated_at` timestamp NULL DEFAULT NULL,
  `deleted_at` timestamp NULL DEFAULT NULL,
  PRIMARY KEY (`id`),
  KEY `calendar_files_calendar_id_foreign` (`calendar_id`),
  CONSTRAINT `calendar_files_calendar_id_foreign` FOREIGN KEY (`calendar_id`) REFERENCES `calendar` (`id`)
) ENGINE=InnoDB DEFAULT CHARSET=utf8mb4 COLLATE=utf8mb4_unicode_ci;

--
-- Dumping data for table `calendar_files`
--


--
-- Table structure for table `calendar_niv_1`
--

CREATE TABLE `calendar_niv_1` (
  `id` bigint(20) unsigned NOT NULL AUTO_INCREMENT,
  `user_id` int(10) unsigned DEFAULT NULL,
  `person_id` int(10) unsigned NOT NULL,
  `descripcion` longtext COLLATE utf8mb4_unicode_ci,
  `detalle` text COLLATE utf8mb4_unicode_ci,
  `habilitado` tinyint(1) NOT NULL DEFAULT '1',
  `created_at` timestamp NULL DEFAULT NULL,
  `updated_at` timestamp NULL DEFAULT NULL,
  `deleted_at` timestamp NULL DEFAULT NULL,
  PRIMARY KEY (`id`),
  KEY `calendar_niv_1_person_id_foreign` (`person_id`),
  CONSTRAINT `calendar_niv_1_person_id_foreign` FOREIGN KEY (`person_id`) REFERENCES `persons` (`id`)
) ENGINE=InnoDB DEFAULT CHARSET=utf8mb4 COLLATE=utf8mb4_unicode_ci;

--
-- Dumping data for table `calendar_niv_1`
--


--
-- Table structure for table `calendar_niv_1_2`
--

CREATE TABLE `calendar_niv_1_2` (
  `id` bigint(20) unsigned NOT NULL AUTO_INCREMENT,
  `user_id` int(10) unsigned DEFAULT NULL,
  `person_id` int(10) unsigned NOT NULL,
  `calendar_niv_1_id` bigint(20) unsigned NOT NULL,
  `calendar_niv_2_id` bigint(20) unsigned NOT NULL,
  `created_at` timestamp NULL DEFAULT NULL,
  `updated_at` timestamp NULL DEFAULT NULL,
  `deleted_at` timestamp NULL DEFAULT NULL,
  PRIMARY KEY (`id`),
  KEY `calendar_niv_1_2_person_id_foreign` (`person_id`),
  KEY `calendar_niv_1_2_calendar_niv_1_id_foreign` (`calendar_niv_1_id`),
  KEY `calendar_niv_1_2_calendar_niv_2_id_foreign` (`calendar_niv_2_id`),
  CONSTRAINT `calendar_niv_1_2_calendar_niv_1_id_foreign` FOREIGN KEY (`calendar_niv_1_id`) REFERENCES `calendar_niv_1` (`id`),
  CONSTRAINT `calendar_niv_1_2_calendar_niv_2_id_foreign` FOREIGN KEY (`calendar_niv_2_id`) REFERENCES `calendar_niv_2` (`id`),
  CONSTRAINT `calendar_niv_1_2_person_id_foreign` FOREIGN KEY (`person_id`) REFERENCES `persons` (`id`)
) ENGINE=InnoDB DEFAULT CHARSET=utf8mb4 COLLATE=utf8mb4_unicode_ci;

--
-- Dumping data for table `calendar_niv_1_2`
--


--
-- Table structure for table `calendar_niv_2`
--

CREATE TABLE `calendar_niv_2` (
  `id` bigint(20) unsigned NOT NULL AUTO_INCREMENT,
  `user_id` int(10) unsigned DEFAULT NULL,
  `person_id` int(10) unsigned NOT NULL,
  `descripcion` longtext COLLATE utf8mb4_unicode_ci,
  `detalle` text COLLATE utf8mb4_unicode_ci,
  `habilitado` tinyint(1) NOT NULL DEFAULT '1',
  `created_at` timestamp NULL DEFAULT NULL,
  `updated_at` timestamp NULL DEFAULT NULL,
  `deleted_at` timestamp NULL DEFAULT NULL,
  PRIMARY KEY (`id`),
  KEY `calendar_niv_2_person_id_foreign` (`person_id`),
  CONSTRAINT `calendar_niv_2_person_id_foreign` FOREIGN KEY (`person_id`) REFERENCES `persons` (`id`)
) ENGINE=InnoDB DEFAULT CHARSET=utf8mb4 COLLATE=utf8mb4_unicode_ci;

--
-- Dumping data for table `calendar_niv_2`
--


--
-- Table structure for table `calendar_notificaciones`
--

CREATE TABLE `calendar_notificaciones` (
  `id` bigint(20) unsigned NOT NULL AUTO_INCREMENT,
  `user_id` int(10) unsigned DEFAULT NULL,
  `calendar_id` bigint(20) unsigned NOT NULL,
  `start` datetime DEFAULT NULL,
  `tipo_de_notificacion_id` int(10) unsigned NOT NULL,
  `cantidad` int(10) unsigned NOT NULL,
  `unidad_de_tiempo_id` int(10) unsigned NOT NULL,
  `created_at` timestamp NULL DEFAULT NULL,
  `updated_at` timestamp NULL DEFAULT NULL,
  `deleted_at` timestamp NULL DEFAULT NULL,
  PRIMARY KEY (`id`),
  KEY `calendar_notificaciones_calendar_id_foreign` (`calendar_id`),
  CONSTRAINT `calendar_notificaciones_calendar_id_foreign` FOREIGN KEY (`calendar_id`) REFERENCES `calendar` (`id`)
) ENGINE=InnoDB DEFAULT CHARSET=utf8mb4 COLLATE=utf8mb4_unicode_ci;

--
-- Dumping data for table `calendar_notificaciones`
--


--
-- Table structure for table `calendar_tur_dispo`
--

CREATE TABLE `calendar_tur_dispo` (
  `id` bigint(20) unsigned NOT NULL AUTO_INCREMENT,
  `user_id` int(10) unsigned DEFAULT NULL,
  `person_id` int(10) unsigned NOT NULL,
  `calendar_niv_1_id` bigint(20) unsigned NOT NULL,
  `calendar_niv_2_id` bigint(20) unsigned NOT NULL,
  `dia_hora` datetime(5) DEFAULT NULL,
  `duracion` varchar(191) COLLATE utf8mb4_unicode_ci NOT NULL DEFAULT '00:30',
  `created_at` timestamp NULL DEFAULT NULL,
  `updated_at` timestamp NULL DEFAULT NULL,
  `deleted_at` timestamp NULL DEFAULT NULL,
  PRIMARY KEY (`id`),
  KEY `calendar_tur_dispo_person_id_foreign` (`person_id`),
  KEY `calendar_tur_dispo_calendar_niv_1_id_foreign` (`calendar_niv_1_id`),
  KEY `calendar_tur_dispo_calendar_niv_2_id_foreign` (`calendar_niv_2_id`),
  CONSTRAINT `calendar_tur_dispo_calendar_niv_1_id_foreign` FOREIGN KEY (`calendar_niv_1_id`) REFERENCES `calendar_niv_1` (`id`),
  CONSTRAINT `calendar_tur_dispo_calendar_niv_2_id_foreign` FOREIGN KEY (`calendar_niv_2_id`) REFERENCES `calendar_niv_2` (`id`),
  CONSTRAINT `calendar_tur_dispo_person_id_foreign` FOREIGN KEY (`person_id`) REFERENCES `persons` (`id`)
) ENGINE=InnoDB DEFAULT CHARSET=utf8mb4 COLLATE=utf8mb4_unicode_ci;

--
-- Dumping data for table `calendar_tur_dispo`
--


--
-- Table structure for table `calendar_tur_dispo_datos`
--

CREATE TABLE `calendar_tur_dispo_datos` (
  `id` bigint(20) unsigned NOT NULL AUTO_INCREMENT,
  `user_id` int(10) unsigned DEFAULT NULL,
  `person_id` int(10) unsigned NOT NULL,
  `calendar_tur_dispo_id` bigint(20) unsigned NOT NULL,
  `email` text COLLATE utf8mb4_unicode_ci NOT NULL,
  `nombre_ape` text COLLATE utf8mb4_unicode_ci NOT NULL,
  `celular` text COLLATE utf8mb4_unicode_ci NOT NULL,
  `created_at` timestamp NULL DEFAULT NULL,
  `updated_at` timestamp NULL DEFAULT NULL,
  `deleted_at` timestamp NULL DEFAULT NULL,
  PRIMARY KEY (`id`),
  KEY `calendar_tur_dispo_datos_person_id_foreign` (`person_id`),
  KEY `calendar_tur_dispo_datos_calendar_tur_dispo_id_foreign` (`calendar_tur_dispo_id`),
  CONSTRAINT `calendar_tur_dispo_datos_calendar_tur_dispo_id_foreign` FOREIGN KEY (`calendar_tur_dispo_id`) REFERENCES `calendar_tur_dispo` (`id`),
  CONSTRAINT `calendar_tur_dispo_datos_person_id_foreign` FOREIGN KEY (`person_id`) REFERENCES `persons` (`id`)
) ENGINE=InnoDB DEFAULT CHARSET=utf8mb4 COLLATE=utf8mb4_unicode_ci;

--
-- Dumping data for table `calendar_tur_dispo_datos`
--


--
-- Table structure for table `calle`
--

CREATE TABLE `calle` (
  `id` int(10) unsigned NOT NULL AUTO_INCREMENT,
  `user_id` int(10) unsigned DEFAULT NULL,
  `localidad_id` int(10) unsigned NOT NULL,
  `descripcion` varchar(191) COLLATE utf8mb4_unicode_ci NOT NULL,
  `desdealt` int(10) unsigned DEFAULT NULL,
  `hastaalt` int(10) unsigned DEFAULT NULL,
  `codpostal` int(10) unsigned DEFAULT NULL,
  `habilitado` tinyint(1) NOT NULL DEFAULT '1',
  `created_at` timestamp NULL DEFAULT NULL,
  `updated_at` timestamp NULL DEFAULT NULL,
  `deleted_at` timestamp NULL DEFAULT NULL,
  PRIMARY KEY (`id`),
  KEY `calle_localidad_id_foreign` (`localidad_id`),
  CONSTRAINT `calle_localidad_id_foreign` FOREIGN KEY (`localidad_id`) REFERENCES `localidad` (`id`)
) ENGINE=InnoDB AUTO_INCREMENT=2 DEFAULT CHARSET=utf8mb4 COLLATE=utf8mb4_unicode_ci;

--
-- Dumping data for table `calle`
--

INSERT INTO `calle` VALUES (1,NULL,1,'Ramon Falcon',6800,7500,1408,1,'2020-05-28 20:55:23','2020-05-28 20:55:23',NULL);

--
-- Table structure for table `categorias_iibb`
--

CREATE TABLE `categorias_iibb` (
  `id` int(10) unsigned NOT NULL AUTO_INCREMENT,
  `categoria` varchar(255) COLLATE utf8mb4_unicode_ci DEFAULT NULL,
  `impuesto` decimal(16,2) DEFAULT NULL,
  `anual` decimal(16,2) DEFAULT NULL,
  `facAnual` decimal(16,2) DEFAULT NULL,
  `superficie` int(11) DEFAULT NULL,
  `energia` int(11) DEFAULT NULL,
  `comentario` varchar(255) COLLATE utf8mb4_unicode_ci DEFAULT NULL,
  `vigente` varchar(255) COLLATE utf8mb4_unicode_ci NOT NULL DEFAULT '1',
  `created_at` timestamp NULL DEFAULT NULL,
  `updated_at` timestamp NULL DEFAULT NULL,
  `deleted_at` timestamp NULL DEFAULT NULL,
  PRIMARY KEY (`id`)
) ENGINE=InnoDB AUTO_INCREMENT=9 DEFAULT CHARSET=utf8mb4 COLLATE=utf8mb4_unicode_ci;

--
-- Dumping data for table `categorias_iibb`
--

INSERT INTO `categorias_iibb` VALUES (1,'A',1850.00,11100.00,370000.00,30,3300,NULL,'1',NULL,'2023-02-27 10:32:51',NULL),(2,'B',2750.00,16500.00,550000.00,45,5000,NULL,'1',NULL,'2023-02-27 10:32:51',NULL),(3,'C',3850.00,23100.00,770000.00,60,6700,NULL,'1',NULL,'2023-02-27 10:32:51',NULL),(4,'D',5300.00,31800.00,1060000.00,85,10000,NULL,'1',NULL,'2023-02-27 10:32:51',NULL),(5,'E',7000.00,42000.00,1400000.00,110,13000,NULL,'1',NULL,'2023-02-27 10:32:51',NULL),(6,'F',8750.00,52500.00,1750000.00,150,16500,NULL,'1',NULL,'2023-02-27 10:32:51',NULL),(7,'G',10500.00,63000.00,2100000.00,200,20000,NULL,'1',NULL,'2023-02-27 10:32:51',NULL),(8,'H',13000.00,78000.00,2600000.00,200,20000,NULL,'1',NULL,'2023-02-27 10:32:51',NULL);

--
-- Table structure for table `categorias_monotributo`
--

CREATE TABLE `categorias_monotributo` (
  `id` int(10) unsigned NOT NULL AUTO_INCREMENT,
  `categoria` varchar(255) COLLATE utf8mb4_unicode_ci DEFAULT NULL,
  `facAnual` decimal(16,2) DEFAULT NULL,
  `facMensual` decimal(16,2) DEFAULT NULL,
  `actividad` varchar(255) COLLATE utf8mb4_unicode_ci DEFAULT NULL,
  `empleados` varchar(255) COLLATE utf8mb4_unicode_ci DEFAULT NULL,
  `superficie` int(11) DEFAULT NULL,
  `energia` int(11) DEFAULT NULL,
  `alquileres` decimal(16,2) DEFAULT NULL,
  `impuesto_servicio` decimal(16,2) DEFAULT NULL,
  `impuesto_venta` decimal(16,2) DEFAULT NULL,
  `sipa` decimal(16,2) DEFAULT NULL,
  `obraSocial` decimal(16,2) DEFAULT NULL,
  `totalServicio` decimal(16,2) DEFAULT NULL,
  `totalVenta` decimal(16,2) DEFAULT NULL,
  `comentario` varchar(255) COLLATE utf8mb4_unicode_ci DEFAULT NULL,
  `desde` date DEFAULT NULL,
  `hasta` date DEFAULT NULL,
  `vigente` varchar(255) COLLATE utf8mb4_unicode_ci NOT NULL DEFAULT '0',
  `created_at` timestamp NULL DEFAULT NULL,
  `updated_at` timestamp NULL DEFAULT NULL,
  `deleted_at` timestamp NULL DEFAULT NULL,
  PRIMARY KEY (`id`)
) ENGINE=InnoDB AUTO_INCREMENT=15 DEFAULT CHARSET=utf8mb4 COLLATE=utf8mb4_unicode_ci;

--
-- Dumping data for table `categorias_monotributo`
--

INSERT INTO `categorias_monotributo` VALUES (1,'A',8992597.87,749383.16,'No Excluida','0',30,3330,2091301.83,4182.60,4182.60,13663.17,19239.97,37085.74,37085.74,NULL,'2018-01-01',NULL,'1',NULL,NULL,NULL),(2,'B',13175201.52,1097933.46,'No Excluida','0',45,5000,2091301.83,7946.95,7946.95,15029.49,19239.97,42216.41,42216.41,NULL,'2018-01-01',NULL,'1',NULL,NULL,NULL),(3,'C',18473166.15,1539430.51,'No Excluida','0',60,6700,2858112.50,13663.17,12547.81,16532.44,19239.97,49435.58,48320.22,NULL,'2018-01-01',NULL,'1',NULL,NULL,NULL),(4,'D',22934610.05,1911217.50,'No Excluida','0',85,10000,2858112.50,22307.22,20773.60,18185.68,22864.90,63357.80,61824.18,NULL,'2018-01-01',NULL,'1',NULL,NULL,NULL),(5,'E',26977793.60,2248149.47,'No Excluida','0',110,13000,3624923.17,41826.04,33181.99,20004.25,27884.02,89714.31,81070.26,NULL,'2018-01-01',NULL,'1',NULL,NULL,NULL),(6,'F',33809379.57,2817448.30,'No Excluida','0',150,16500,3624923.17,58835.29,43220.24,22004.67,32066.63,112906.59,97291.54,NULL,'2018-01-01',NULL,'1',NULL,NULL,NULL),(7,'G',40431835.35,3369319.61,'No Excluida','0',200,20000,4322023.77,107074.65,53537.32,30806.54,34576.19,172457.38,118920.05,NULL,'2018-01-01',NULL,'1',NULL,NULL,NULL),(8,'H',61344853.64,5112071.14,'No Excluida','0',200,20000,6273905.49,306724.27,153362.13,43129.16,41547.19,391400.62,238038.48,NULL,'2018-01-01',NULL,'1',NULL,NULL,NULL),(9,'I',68664410.05,5722034.17,'Venta de Bs Muebles','0',200,20000,6273905.49,609963.03,243985.21,60380.82,51306.61,721650.46,355672.64,NULL,'2018-01-01',NULL,'1',NULL,NULL,NULL),(10,'J',78632948.76,6552745.73,'Venta de Bs Muebles','0',200,20000,6273905.49,731955.63,292782.26,84533.15,57580.51,874069.29,434895.92,NULL,'2018-01-01',NULL,'1',NULL,NULL,NULL),(11,'K',94805682.90,7900473.58,'Venta de Bs Muebles','0',200,20000,6273905.49,1024737.89,341579.30,118346.41,65806.30,1208890.60,525732.01,NULL,'2018-01-01',NULL,'1',NULL,NULL,NULL),(12,'Monotributo Social',1414762.00,117896.00,'No Excluida','0',0,0,0.00,0.00,0.00,0.00,0.00,0.00,0.00,NULL,'2018-01-01',NULL,'1','2020-02-27 02:46:40','2020-02-27 02:46:40',NULL),(13,'A Exento',1414762.00,117896.00,NULL,NULL,NULL,NULL,230178.48,0.00,0.00,2192.15,3061.75,5253.90,5253.90,'',NULL,NULL,'0',NULL,NULL,NULL),(14,'B Exento',2103025.00,175252.00,NULL,NULL,NULL,NULL,230178.48,0.00,0.00,2411.36,3061.75,5473.11,5473.11,'',NULL,NULL,'0',NULL,NULL,NULL);

--
-- Table structure for table `charlas_details`
--

CREATE TABLE `charlas_details` (
  `id` int(10) unsigned NOT NULL AUTO_INCREMENT,
  `user_id` int(10) unsigned DEFAULT NULL,
  `charla` longtext COLLATE utf8mb4_unicode_ci NOT NULL,
  `person_id` int(10) unsigned NOT NULL,
  `status` int(10) unsigned NOT NULL DEFAULT '1',
  `created_at` timestamp NULL DEFAULT NULL,
  `updated_at` timestamp NULL DEFAULT NULL,
  `deleted_at` timestamp NULL DEFAULT NULL,
  PRIMARY KEY (`id`),
  KEY `charlas_details_person_id_foreign` (`person_id`),
  CONSTRAINT `charlas_details_person_id_foreign` FOREIGN KEY (`person_id`) REFERENCES `persons` (`id`)
) ENGINE=InnoDB DEFAULT CHARSET=utf8mb4 COLLATE=utf8mb4_unicode_ci;

--
-- Dumping data for table `charlas_details`
--

DELIMITER ;;
/*!50003 CREATE*/ /*!50017 DEFINER=`forge`@`%`*/ /*!50003 TRIGGER `CharlaDetail_BD` BEFORE DELETE ON `charlas_details` FOR EACH ROW insert into back_up_charlas_details (charla,person_id,modificado)
values(old.charla,old.person_id,now()) */;;
DELIMITER ;

--
-- Table structure for table `chequeras_tipos`
--

CREATE TABLE `chequeras_tipos` (
  `id` int(10) unsigned NOT NULL AUTO_INCREMENT,
  `user_id` int(10) unsigned DEFAULT NULL,
  `descripcion` text COLLATE utf8mb4_unicode_ci NOT NULL,
  `habilitado` tinyint(1) NOT NULL DEFAULT '1',
  `created_at` timestamp NULL DEFAULT NULL,
  `updated_at` timestamp NULL DEFAULT NULL,
  `deleted_at` timestamp NULL DEFAULT NULL,
  PRIMARY KEY (`id`)
) ENGINE=InnoDB AUTO_INCREMENT=4 DEFAULT CHARSET=utf8mb4 COLLATE=utf8mb4_unicode_ci;

--
-- Dumping data for table `chequeras_tipos`
--

INSERT INTO `chequeras_tipos` VALUES (1,NULL,'Fisica',1,NULL,NULL,NULL),(2,NULL,'Electronica',1,NULL,NULL,NULL),(3,NULL,'Transferencias',1,NULL,NULL,NULL);

--
-- Table structure for table `cheques_transfer_emitidas`
--

CREATE TABLE `cheques_transfer_emitidas` (
  `id` bigint(20) unsigned NOT NULL AUTO_INCREMENT,
  `user_id` int(10) unsigned DEFAULT NULL,
  `person_id` int(10) unsigned NOT NULL,
  `cta_cte_cliente_detail_id` int(10) unsigned DEFAULT NULL,
  `cta_cte_tesoreria_detail_id` int(10) unsigned DEFAULT NULL,
  `cta_cte_tesoreria_cuenta_id` int(10) unsigned NOT NULL,
  `cta_cte_tesoreria_banco_cheq_id` int(10) unsigned NOT NULL,
  `fecha_emision` date NOT NULL,
  `fecha_cobro` date NOT NULL,
  `numero_cheque` int(11) NOT NULL,
  `importe` decimal(16,2) NOT NULL DEFAULT '0.00',
  `created_at` timestamp NULL DEFAULT NULL,
  `updated_at` timestamp NULL DEFAULT NULL,
  `deleted_at` timestamp NULL DEFAULT NULL,
  PRIMARY KEY (`id`),
  KEY `cheques_transfer_emitidas_person_id_foreign` (`person_id`),
  KEY `cheques_transfer_emitidas_cta_cte_cliente_detail_id_foreign` (`cta_cte_cliente_detail_id`),
  KEY `cheques_transfer_emitidas_cta_cte_tesoreria_detail_id_foreign` (`cta_cte_tesoreria_detail_id`),
  KEY `cheques_transfer_emitidas_cta_cte_tesoreria_cuenta_id_foreign` (`cta_cte_tesoreria_cuenta_id`),
  KEY `cte_tes_ban_che_id_foreign` (`cta_cte_tesoreria_banco_cheq_id`),
  CONSTRAINT `cheques_transfer_emitidas_cta_cte_cliente_detail_id_foreign` FOREIGN KEY (`cta_cte_cliente_detail_id`) REFERENCES `cta_cte_cliente_details` (`id`),
  CONSTRAINT `cheques_transfer_emitidas_cta_cte_tesoreria_cuenta_id_foreign` FOREIGN KEY (`cta_cte_tesoreria_cuenta_id`) REFERENCES `cta_cte_tesoreria_cuentas` (`id`),
  CONSTRAINT `cheques_transfer_emitidas_cta_cte_tesoreria_detail_id_foreign` FOREIGN KEY (`cta_cte_tesoreria_detail_id`) REFERENCES `cta_cte_tesoreria_detail` (`id`),
  CONSTRAINT `cheques_transfer_emitidas_person_id_foreign` FOREIGN KEY (`person_id`) REFERENCES `persons` (`id`),
  CONSTRAINT `cte_tes_ban_che_id_foreign` FOREIGN KEY (`cta_cte_tesoreria_banco_cheq_id`) REFERENCES `cta_cte_tesoreria_banco_cheq` (`id`)
) ENGINE=InnoDB DEFAULT CHARSET=utf8mb4 COLLATE=utf8mb4_unicode_ci;

--
-- Dumping data for table `cheques_transfer_emitidas`
--


--
-- Table structure for table `claves`
--

CREATE TABLE `claves` (
  `id` int(10) unsigned NOT NULL AUTO_INCREMENT,
  `user_id` int(10) unsigned DEFAULT NULL,
  `name` varchar(255) COLLATE utf8mb4_unicode_ci NOT NULL,
  `created_at` timestamp NULL DEFAULT NULL,
  `updated_at` timestamp NULL DEFAULT NULL,
  `deleted_at` timestamp NULL DEFAULT NULL,
  PRIMARY KEY (`id`)
) ENGINE=InnoDB AUTO_INCREMENT=44 DEFAULT CHARSET=utf8mb4 COLLATE=utf8mb4_unicode_ci;

--
-- Dumping data for table `claves`
--

INSERT INTO `claves` VALUES (1,NULL,'Clave Fiscal',NULL,NULL,NULL),(2,NULL,'Clave Ciudad',NULL,NULL,NULL),(3,NULL,'Clave ARBA',NULL,NULL,NULL),(4,NULL,'Clave ANSES',NULL,NULL,NULL),(5,NULL,'Catedral',NULL,NULL,NULL),(6,NULL,'CEMIBA',NULL,NULL,NULL),(7,NULL,'COMPRA ARG',NULL,NULL,NULL),(8,NULL,'Consejo Ciencias Economicas',NULL,NULL,NULL),(9,NULL,'Correo',NULL,NULL,NULL),(10,NULL,'CUR',NULL,NULL,NULL),(11,NULL,'Firma Digital',NULL,NULL,NULL),(12,NULL,'Interbanking',NULL,NULL,NULL),(13,NULL,'Banco Citibank',NULL,NULL,NULL),(14,NULL,'Banco Ciudad',NULL,NULL,NULL),(15,NULL,'Banco Frances',NULL,NULL,NULL),(16,NULL,'Banco Galicia',NULL,NULL,NULL),(17,NULL,'Banco HSBC',NULL,NULL,NULL),(18,NULL,'Banco Itau',NULL,NULL,NULL),(19,NULL,'Banco Nacion',NULL,NULL,NULL),(20,NULL,'Banco Macro',NULL,NULL,NULL),(21,NULL,'Banco Patagonia',NULL,NULL,NULL),(22,NULL,'Banco Provincia',NULL,NULL,NULL),(23,NULL,'Banco Santander',NULL,NULL,NULL),(24,NULL,'Banco Supervielle',NULL,NULL,NULL),(25,NULL,'Seguridad e Higiene',NULL,NULL,NULL),(26,NULL,'Sindicato - ANSES',NULL,NULL,NULL),(27,NULL,'Sindicato - AOT',NULL,NULL,NULL),(28,NULL,'Sindicato - ATSA',NULL,NULL,NULL),(29,NULL,'Sindicato - Camioneros',NULL,NULL,NULL),(30,NULL,'Sindicato - Guinchero',NULL,NULL,NULL),(31,NULL,'Sindicato - IERIC',NULL,NULL,NULL),(32,NULL,'Sindicato - La Estrella',NULL,NULL,NULL),(33,NULL,'Sindicato - Nemesis',NULL,NULL,NULL),(34,NULL,'Sindicato - Pasta',NULL,NULL,NULL),(35,NULL,'Sindicato - SEC',NULL,NULL,NULL),(36,NULL,'Sindicato - SICOP',NULL,NULL,NULL),(37,NULL,'Sindicato - SOCAYA',NULL,NULL,NULL),(38,NULL,'Sindicato - UTHGRA',NULL,NULL,NULL),(39,NULL,'Sindicato - INACAP',NULL,NULL,NULL),(40,NULL,'Sindicato - Otro',NULL,NULL,NULL),(41,NULL,'Otra',NULL,NULL,NULL),(42,NULL,'Prisma - Firma Digital',NULL,NULL,NULL),(43,NULL,'Sindicato - FATSA',NULL,NULL,NULL);

--
-- Table structure for table `claves_details`
--

CREATE TABLE `claves_details` (
  `id` int(10) unsigned NOT NULL AUTO_INCREMENT,
  `user_id` int(10) unsigned DEFAULT NULL,
  `clave` varchar(255) COLLATE utf8mb4_unicode_ci DEFAULT NULL,
  `valor` varchar(255) COLLATE utf8mb4_unicode_ci NOT NULL,
  `comentario` varchar(255) COLLATE utf8mb4_unicode_ci DEFAULT NULL,
  `clave_id` int(10) unsigned NOT NULL,
  `person_id` int(10) unsigned NOT NULL,
  `status` int(10) unsigned NOT NULL DEFAULT '1',
  `created_at` timestamp NULL DEFAULT NULL,
  `updated_at` timestamp NULL DEFAULT NULL,
  `deleted_at` timestamp NULL DEFAULT NULL,
  PRIMARY KEY (`id`),
  KEY `claves_details_clave_id_foreign` (`clave_id`),
  KEY `claves_details_person_id_foreign` (`person_id`),
  CONSTRAINT `claves_details_clave_id_foreign` FOREIGN KEY (`clave_id`) REFERENCES `claves` (`id`),
  CONSTRAINT `claves_details_person_id_foreign` FOREIGN KEY (`person_id`) REFERENCES `persons` (`id`)
) ENGINE=InnoDB DEFAULT CHARSET=utf8mb4 COLLATE=utf8mb4_unicode_ci;

--
-- Dumping data for table `claves_details`
--

DELIMITER ;;
/*!50003 CREATE*/ /*!50017 DEFINER=`forge`@`%`*/ /*!50003 TRIGGER `ClavesDetail_BD` BEFORE DELETE ON `claves_details` FOR EACH ROW insert into back_up_claves_details (clave,valor,comentario,clave_id,person_id,modificado)
values(old.clave,old.valor,old.comentario,old.clave_id,old.person_id,now()) */;;
DELIMITER ;

--
-- Table structure for table `claves_mails`
--

CREATE TABLE `claves_mails` (
  `id` int(10) unsigned NOT NULL AUTO_INCREMENT,
  `description` varchar(180) COLLATE utf8mb4_unicode_ci NOT NULL,
  `class` int(10) unsigned NOT NULL,
  `class_description` varchar(180) COLLATE utf8mb4_unicode_ci NOT NULL,
  `path` varchar(255) COLLATE utf8mb4_unicode_ci DEFAULT NULL,
  `created_at` timestamp NULL DEFAULT NULL,
  `updated_at` timestamp NULL DEFAULT NULL,
  PRIMARY KEY (`id`)
) ENGINE=InnoDB AUTO_INCREMENT=6 DEFAULT CHARSET=utf8mb4 COLLATE=utf8mb4_unicode_ci;

--
-- Dumping data for table `claves_mails`
--

INSERT INTO `claves_mails` VALUES (1,'Listado de Claves',1,'Claves','claves_mails/claves_listado',NULL,NULL),(3,'Listado de Mails',2,'Mails','claves_mails/mails_listado',NULL,NULL),(5,'Listado de Charlas',3,'Charlas','claves_mails/charlas_listado',NULL,NULL);

--
-- Table structure for table `cm_articulos_regimenes`
--

CREATE TABLE `cm_articulos_regimenes` (
  `id` int(10) unsigned NOT NULL AUTO_INCREMENT,
  `user_id` int(11) DEFAULT NULL,
  `descripcion` longtext COLLATE utf8mb4_unicode_ci,
  `codigo` int(11) DEFAULT NULL,
  `habilitado` tinyint(1) NOT NULL DEFAULT '0',
  `created_at` timestamp NULL DEFAULT NULL,
  `updated_at` timestamp NULL DEFAULT NULL,
  `deleted_at` timestamp NULL DEFAULT NULL,
  PRIMARY KEY (`id`)
) ENGINE=InnoDB AUTO_INCREMENT=11 DEFAULT CHARSET=utf8mb4 COLLATE=utf8mb4_unicode_ci;

--
-- Dumping data for table `cm_articulos_regimenes`
--

INSERT INTO `cm_articulos_regimenes` VALUES (1,NULL,'Articulo 2',2,1,'2023-02-27 10:32:44','2023-02-27 10:32:44',NULL),(2,NULL,'Articulo 6',6,0,'2023-02-27 10:32:44','2023-02-27 10:32:44',NULL),(3,NULL,'Articulo 7',7,0,'2023-02-27 10:32:44','2023-02-27 10:32:44',NULL),(4,NULL,'Articulo 8',8,0,'2023-02-27 10:32:44','2023-02-27 10:32:44',NULL),(5,NULL,'Articulo 9',9,0,'2023-02-27 10:32:44','2023-02-27 10:32:44',NULL),(6,NULL,'Articulo 10',10,0,'2023-02-27 10:32:44','2023-02-27 10:32:44',NULL),(7,NULL,'Articulo 11',11,0,'2023-02-27 10:32:44','2023-02-27 10:32:44',NULL),(8,NULL,'Articulo 12',12,0,'2023-02-27 10:32:44','2023-02-27 10:32:44',NULL),(9,NULL,'Articulo 13',13,0,'2023-02-27 10:32:44','2023-02-27 10:32:44',NULL),(10,NULL,'Articulo 14',14,1,'2023-02-27 10:32:44','2023-02-27 10:32:44',NULL);

--
-- Table structure for table `cobradores`
--

CREATE TABLE `cobradores` (
  `id` bigint(20) unsigned NOT NULL AUTO_INCREMENT,
  `person_id` int(10) unsigned NOT NULL,
  `descripcion` text COLLATE utf8mb4_unicode_ci NOT NULL,
  `telefono` text COLLATE utf8mb4_unicode_ci NOT NULL,
  `habilitado` tinyint(1) NOT NULL DEFAULT '1',
  `created_at` timestamp NULL DEFAULT NULL,
  `updated_at` timestamp NULL DEFAULT NULL,
  `deleted_at` timestamp NULL DEFAULT NULL,
  PRIMARY KEY (`id`),
  KEY `cobradores_person_id_foreign` (`person_id`),
  CONSTRAINT `cobradores_person_id_foreign` FOREIGN KEY (`person_id`) REFERENCES `persons` (`id`)
) ENGINE=InnoDB DEFAULT CHARSET=utf8mb4 COLLATE=utf8mb4_unicode_ci;

--
-- Dumping data for table `cobradores`
--


--
-- Table structure for table `cobradores_datos`
--

CREATE TABLE `cobradores_datos` (
  `id` bigint(20) unsigned NOT NULL AUTO_INCREMENT,
  `user_id` int(10) unsigned DEFAULT NULL,
  `cobrador_id` bigint(20) unsigned NOT NULL,
  `url_panel` longtext COLLATE utf8mb4_unicode_ci,
  `usuario` text COLLATE utf8mb4_unicode_ci,
  `clave` text COLLATE utf8mb4_unicode_ci,
  `numero_de_soporte` text COLLATE utf8mb4_unicode_ci,
  `inicial_create_user` text COLLATE utf8mb4_unicode_ci,
  `imp_min_p_retirar` int(11) DEFAULT NULL,
  `secret_recarga` text COLLATE utf8mb4_unicode_ci,
  `secret_on_off` text COLLATE utf8mb4_unicode_ci,
  `clave_new_user` text COLLATE utf8mb4_unicode_ci,
  `created_at` timestamp NULL DEFAULT NULL,
  `updated_at` timestamp NULL DEFAULT NULL,
  `deleted_at` timestamp NULL DEFAULT NULL,
  PRIMARY KEY (`id`),
  KEY `cobradores_datos_cobrador_id_foreign` (`cobrador_id`),
  CONSTRAINT `cobradores_datos_cobrador_id_foreign` FOREIGN KEY (`cobrador_id`) REFERENCES `cobradores` (`id`)
) ENGINE=InnoDB DEFAULT CHARSET=utf8mb4 COLLATE=utf8mb4_unicode_ci;

--
-- Dumping data for table `cobradores_datos`
--


--
-- Table structure for table `cobradores_metodos`
--

CREATE TABLE `cobradores_metodos` (
  `id` bigint(20) unsigned NOT NULL AUTO_INCREMENT,
  `user_id` int(10) unsigned DEFAULT NULL,
  `person_id` int(10) unsigned NOT NULL,
  `descripcion` varchar(255) COLLATE utf8mb4_unicode_ci NOT NULL,
  `habilitado` tinyint(1) NOT NULL DEFAULT '1',
  `created_at` timestamp NULL DEFAULT NULL,
  `updated_at` timestamp NULL DEFAULT NULL,
  `deleted_at` timestamp NULL DEFAULT NULL,
  PRIMARY KEY (`id`),
  UNIQUE KEY `cobradores_metodos_descripcion_unique` (`descripcion`),
  KEY `cobradores_metodos_person_id_foreign` (`person_id`),
  CONSTRAINT `cobradores_metodos_person_id_foreign` FOREIGN KEY (`person_id`) REFERENCES `persons` (`id`)
) ENGINE=InnoDB DEFAULT CHARSET=utf8mb4 COLLATE=utf8mb4_unicode_ci;

--
-- Dumping data for table `cobradores_metodos`
--


--
-- Table structure for table `cobradores_on_off`
--

CREATE TABLE `cobradores_on_off` (
  `id` bigint(20) unsigned NOT NULL AUTO_INCREMENT,
  `user_id` int(10) unsigned DEFAULT NULL,
  `cobrador_id` bigint(20) unsigned NOT NULL,
  `on_off` tinyint(1) NOT NULL,
  `created_at` timestamp NULL DEFAULT NULL,
  `updated_at` timestamp NULL DEFAULT NULL,
  `deleted_at` timestamp NULL DEFAULT NULL,
  PRIMARY KEY (`id`),
  KEY `cobradores_on_off_cobrador_id_foreign` (`cobrador_id`),
  CONSTRAINT `cobradores_on_off_cobrador_id_foreign` FOREIGN KEY (`cobrador_id`) REFERENCES `cobradores` (`id`)
) ENGINE=InnoDB DEFAULT CHARSET=utf8mb4 COLLATE=utf8mb4_unicode_ci;

--
-- Dumping data for table `cobradores_on_off`
--


--
-- Table structure for table `conciliaciones`
--

CREATE TABLE `conciliaciones` (
  `id` bigint(20) unsigned NOT NULL AUTO_INCREMENT,
  `user_id` int(10) unsigned DEFAULT NULL,
  `person_id` int(10) unsigned NOT NULL,
  `fecha` datetime NOT NULL,
  `cta_cte_tesoreria_cuenta_id` int(10) unsigned NOT NULL,
  `saldo_conciliado` decimal(13,2) NOT NULL DEFAULT '0.00',
  `created_at` timestamp NULL DEFAULT NULL,
  `updated_at` timestamp NULL DEFAULT NULL,
  `deleted_at` timestamp NULL DEFAULT NULL,
  PRIMARY KEY (`id`),
  KEY `conciliaciones_person_id_foreign` (`person_id`),
  CONSTRAINT `conciliaciones_person_id_foreign` FOREIGN KEY (`person_id`) REFERENCES `persons` (`id`) ON DELETE CASCADE
) ENGINE=InnoDB DEFAULT CHARSET=utf8mb4 COLLATE=utf8mb4_unicode_ci;

--
-- Dumping data for table `conciliaciones`
--


--
-- Table structure for table `conciliaciones_details`
--

CREATE TABLE `conciliaciones_details` (
  `id` bigint(20) unsigned NOT NULL AUTO_INCREMENT,
  `user_id` int(10) unsigned DEFAULT NULL,
  `conciliacion_id` bigint(20) unsigned NOT NULL,
  `person_id` int(10) unsigned NOT NULL,
  `cta_cte_tesoreria_detail_id` int(10) unsigned DEFAULT NULL,
  `created_at` timestamp NULL DEFAULT NULL,
  `updated_at` timestamp NULL DEFAULT NULL,
  `deleted_at` timestamp NULL DEFAULT NULL,
  PRIMARY KEY (`id`),
  KEY `conciliaciones_details_person_id_foreign` (`person_id`),
  KEY `conciliaciones_details_cta_cte_tesoreria_detail_id_foreign` (`cta_cte_tesoreria_detail_id`),
  CONSTRAINT `conciliaciones_details_cta_cte_tesoreria_detail_id_foreign` FOREIGN KEY (`cta_cte_tesoreria_detail_id`) REFERENCES `cta_cte_tesoreria_detail` (`id`),
  CONSTRAINT `conciliaciones_details_person_id_foreign` FOREIGN KEY (`person_id`) REFERENCES `persons` (`id`) ON DELETE CASCADE
) ENGINE=InnoDB DEFAULT CHARSET=utf8mb4 COLLATE=utf8mb4_unicode_ci;

--
-- Dumping data for table `conciliaciones_details`
--


--
-- Table structure for table `condicion_frente_al_iva`
--

CREATE TABLE `condicion_frente_al_iva` (
  `id` int(10) unsigned NOT NULL AUTO_INCREMENT,
  `user_id` int(10) unsigned DEFAULT NULL,
  `codigo_afip` int(11) DEFAULT NULL,
  `descripcion` text COLLATE utf8mb4_unicode_ci NOT NULL,
  `show_comprobantes_a` tinyint(1) NOT NULL DEFAULT '0',
  `show_comprobantes_b` tinyint(1) NOT NULL DEFAULT '0',
  `habilitado` tinyint(1) NOT NULL DEFAULT '1',
  `created_at` timestamp NULL DEFAULT NULL,
  `updated_at` timestamp NULL DEFAULT NULL,
  `deleted_at` timestamp NULL DEFAULT NULL,
  PRIMARY KEY (`id`)
) ENGINE=InnoDB AUTO_INCREMENT=17 DEFAULT CHARSET=utf8mb4 COLLATE=utf8mb4_unicode_ci;

--
-- Dumping data for table `condicion_frente_al_iva`
--

INSERT INTO `condicion_frente_al_iva` VALUES (1,NULL,1,'IVA Responsable Inscripto',1,0,1,NULL,NULL,NULL),(2,NULL,2,'IVA Responsable no Inscripto',0,0,1,NULL,'2025-02-11 16:35:16','2025-02-11 16:35:16'),(3,NULL,3,'IVA no Responsable',0,0,1,NULL,'2025-02-11 16:35:16','2025-02-11 16:35:16'),(4,NULL,4,'IVA Sujeto Exento',0,1,1,NULL,NULL,NULL),(5,NULL,5,'Consumidor Final',0,1,1,NULL,NULL,NULL),(6,NULL,6,'Responsable Monotributo',1,0,1,NULL,NULL,NULL),(7,NULL,7,'Sujeto no Categorizado',0,1,1,NULL,NULL,NULL),(8,NULL,8,'Proveedor del Exterior',0,1,1,NULL,NULL,NULL),(9,NULL,9,'Cliente del Exterior',0,1,1,NULL,NULL,NULL),(10,NULL,10,'IVA Liberado – Ley Nº 19.640',0,1,1,NULL,NULL,NULL),(11,NULL,11,'IVA Responsable Inscripto – Agente de Percepción',0,0,1,NULL,'2025-02-11 16:35:16','2025-02-11 16:35:16'),(12,NULL,12,'Pequeño Contribuyente Eventual',0,0,1,NULL,'2025-02-11 16:35:16','2025-02-11 16:35:16'),(13,NULL,13,'Monotributista Social',1,0,1,NULL,NULL,NULL),(14,NULL,14,'Pequeño Contribuyente Eventual Social',0,0,1,NULL,'2025-02-11 16:35:16','2025-02-11 16:35:16'),(15,NULL,15,'IVA No Alcanzado',0,1,1,NULL,'2025-02-11 19:35:16',NULL),(16,NULL,NULL,'Monotributista Trabajador Independiente Promovido',1,0,1,NULL,'2025-02-11 16:35:16','2025-02-11 16:35:16');

--
-- Table structure for table `condiciones_venta`
--

CREATE TABLE `condiciones_venta` (
  `id` int(10) unsigned NOT NULL AUTO_INCREMENT,
  `descripcion` varchar(100) COLLATE utf8mb4_unicode_ci NOT NULL,
  `created_at` timestamp NULL DEFAULT NULL,
  `updated_at` timestamp NULL DEFAULT NULL,
  PRIMARY KEY (`id`)
) ENGINE=InnoDB AUTO_INCREMENT=9 DEFAULT CHARSET=utf8mb4 COLLATE=utf8mb4_unicode_ci;

--
-- Dumping data for table `condiciones_venta`
--

INSERT INTO `condiciones_venta` VALUES (1,'Contado',NULL,NULL),(2,'Tarjeta de Debito',NULL,NULL),(3,'Tarjeta de Credito',NULL,NULL),(4,'Cuenta Corriente',NULL,NULL),(5,'Cheque',NULL,NULL),(6,'Ticket',NULL,NULL),(7,'Transferencia',NULL,NULL),(8,'Otra',NULL,NULL);

--
-- Table structure for table `consultas`
--

CREATE TABLE `consultas` (
  `id` int(10) unsigned NOT NULL AUTO_INCREMENT,
  `user_id` int(11) DEFAULT NULL,
  `descripcion` varchar(191) COLLATE utf8mb4_unicode_ci DEFAULT NULL,
  `habilitado` tinyint(1) NOT NULL DEFAULT '1',
  `created_at` timestamp NULL DEFAULT NULL,
  `updated_at` timestamp NULL DEFAULT NULL,
  `deleted_at` timestamp NULL DEFAULT NULL,
  PRIMARY KEY (`id`)
) ENGINE=InnoDB AUTO_INCREMENT=5 DEFAULT CHARSET=utf8mb4 COLLATE=utf8mb4_unicode_ci;

--
-- Dumping data for table `consultas`
--

INSERT INTO `consultas` VALUES (1,NULL,'Estado Liquidaciones',1,NULL,NULL,NULL),(2,NULL,'Consumo',1,NULL,NULL,NULL),(3,NULL,'Resultado Liquidacion Hijas',1,'2023-03-12 23:48:32','2023-03-12 23:48:32',NULL),(4,NULL,'Tablero Control',1,NULL,NULL,NULL);

--
-- Table structure for table `consultas_aux`
--

CREATE TABLE `consultas_aux` (
  `id` int(10) unsigned NOT NULL AUTO_INCREMENT,
  `user_id` int(11) DEFAULT NULL,
  `consulta_id` int(10) unsigned NOT NULL,
  `person_id` int(10) unsigned DEFAULT NULL,
  `descripcion` longtext COLLATE utf8mb4_unicode_ci,
  `estado` tinyint(1) NOT NULL DEFAULT '0',
  `created_at` timestamp NULL DEFAULT NULL,
  `updated_at` timestamp NULL DEFAULT NULL,
  `deleted_at` timestamp NULL DEFAULT NULL,
  PRIMARY KEY (`id`),
  KEY `consultas_aux_consulta_id_foreign` (`consulta_id`),
  KEY `consultas_aux_person_id_foreign` (`person_id`),
  CONSTRAINT `consultas_aux_consulta_id_foreign` FOREIGN KEY (`consulta_id`) REFERENCES `consultas` (`id`),
  CONSTRAINT `consultas_aux_person_id_foreign` FOREIGN KEY (`person_id`) REFERENCES `persons` (`id`)
) ENGINE=InnoDB AUTO_INCREMENT=2 DEFAULT CHARSET=utf8mb4 COLLATE=utf8mb4_unicode_ci;

--
-- Dumping data for table `consultas_aux`
--

INSERT INTO `consultas_aux` VALUES (1,NULL,1,NULL,'[{\"id\":40720,\"user_id\":8564,\"field_name1\":\"LOPEZ DIEGO LUCIANO\",\"field_name2\":null,\"document_type\":\"cuit\",\"document\":\"23-28986081-9\",\"cond_frente_al_iva_id\":null,\"country_id\":null,\"state_id\":null,\"zone_id\":null,\"plan_cuenta_id\":null,\"iva_creditos_tipo_id\":null,\"created_at\":\"2023-02-27T23:26:58.000000Z\",\"updated_at\":\"2023-02-27T23:26:58.000000Z\",\"activity_id\":null,\"address\":\"JUFRE 241\",\"person_type_id\":2,\"fa_iva_condition_id\":null,\"fa_codigo_postal\":null,\"email\":null,\"deleted_at\":null,\"status_liq_iibb\":\"Pendiente\",\"status_liq_sueldos\":\"Sin Usar\",\"estado\":\"INCOMPLETO\",\"otros\":\"\",\"configuration\":[{\"id\":3,\"user_id\":8564,\"person_id\":40720,\"period_id\":null,\"zone_id\":null,\"settle_calc_by_coef\":0,\"created_at\":\"2023-02-27T23:26:58.000000Z\",\"updated_at\":\"2023-02-28T02:29:05.000000Z\",\"active\":2,\"enviarMail\":1,\"honorario\":\"0.00\",\"cta_cte_tesoreria_cuenta_id\":null,\"month_close\":10,\"iva_condition_id\":2,\"obligation_sell\":0,\"obligation_buy\":0,\"obligation_iva\":0,\"obligation_electronic_receipt\":0,\"obligation_iibb\":2,\"obligation_other_taxes\":null,\"liquidation_start_period\":\"2022-12\",\"obligation_salaries\":1,\"empleada_domestica\":0,\"prorratear_iva\":0,\"is_itc\":0,\"priority_order\":1,\"person_id_administrador\":40720,\"person_id_titular\":40720,\"logo_path\":null,\"certificado_afip_path\":null,\"llave_afip_path\":null,\"access_electronic_receipt\":0,\"ruta_logo_fa\":null,\"inicio_actividades\":\"2022-12-01T03:00:00.000000Z\",\"iibb\":null,\"fe_leyenda\":null,\"atencion_iva\":0,\"atencion_iva_comentario\":null,\"atencion_iibb\":0,\"atencion_iibb_comentario\":null,\"deleted_at\":null}],\"liquidador\":null,\"periods\":[{\"id\":1521,\"user_id\":null,\"code\":\"2023-03\",\"year\":2023,\"period_number\":3,\"date_from\":\"2023-03-01\",\"date_to\":\"2023-03-31\",\"created_at\":null,\"updated_at\":null,\"person_id\":40720,\"conta_status\":0,\"deleted_at\":null,\"syj_periods_status_id\":1,\"syj_sin_asiento\":0,\"syj_asiento_modificado\":0,\"syj_periods_status_emp_dom_id\":1,\"syj_periods_status_emp_dom\":{\"id\":1,\"user_id\":null,\"descripcion\":\"Sin Usar\",\"habilitado\":1,\"created_at\":null,\"updated_at\":null,\"deleted_at\":null},\"syj_periods_status\":{\"id\":1,\"user_id\":null,\"descripcion\":\"Sin Usar\",\"habilitado\":1,\"created_at\":null,\"updated_at\":null,\"deleted_at\":null}}]},{\"id\":40724,\"user_id\":8564,\"field_name1\":\"PABLO ALFONSO LOPEZ\",\"field_name2\":null,\"document_type\":\"cuit\",\"document\":\"20-21142888-1\",\"cond_frente_al_iva_id\":null,\"country_id\":null,\"state_id\":null,\"zone_id\":null,\"plan_cuenta_id\":null,\"iva_creditos_tipo_id\":null,\"created_at\":\"2023-03-15T22:27:16.000000Z\",\"updated_at\":\"2023-03-15T22:27:16.000000Z\",\"activity_id\":null,\"address\":\"SALTA 2371 P1 D - SAN JUSTO\",\"person_type_id\":1,\"fa_iva_condition_id\":null,\"fa_codigo_postal\":null,\"email\":null,\"deleted_at\":null,\"status_liq_iibb\":\"Pendiente\",\"status_liq_sueldos\":\"Abierto\",\"estado\":\"INCOMPLETO\",\"otros\":\"\",\"configuration\":[{\"id\":7,\"user_id\":8564,\"person_id\":40724,\"period_id\":null,\"zone_id\":null,\"settle_calc_by_coef\":0,\"created_at\":\"2023-03-15T22:27:16.000000Z\",\"updated_at\":\"2023-03-15T22:27:16.000000Z\",\"active\":2,\"enviarMail\":1,\"honorario\":\"0.00\",\"cta_cte_tesoreria_cuenta_id\":null,\"month_close\":12,\"iva_condition_id\":1,\"obligation_sell\":0,\"obligation_buy\":0,\"obligation_iva\":0,\"obligation_electronic_receipt\":0,\"obligation_iibb\":3,\"obligation_other_taxes\":null,\"liquidation_start_period\":\"2023-03\",\"obligation_salaries\":1,\"empleada_domestica\":0,\"prorratear_iva\":0,\"is_itc\":0,\"priority_order\":1,\"person_id_administrador\":40724,\"person_id_titular\":40724,\"logo_path\":null,\"certificado_afip_path\":null,\"llave_afip_path\":null,\"access_electronic_receipt\":0,\"ruta_logo_fa\":null,\"inicio_actividades\":\"-000001-11-30T03:53:48.000000Z\",\"iibb\":null,\"fe_leyenda\":null,\"atencion_iva\":0,\"atencion_iva_comentario\":null,\"atencion_iibb\":0,\"atencion_iibb_comentario\":null,\"deleted_at\":null}],\"liquidador\":null,\"periods\":[{\"id\":7579,\"user_id\":8564,\"code\":\"2023-03\",\"year\":2023,\"period_number\":3,\"date_from\":\"2023-03-01\",\"date_to\":\"2023-03-31\",\"created_at\":null,\"updated_at\":\"2023-03-22T18:55:29.000000Z\",\"person_id\":40724,\"conta_status\":0,\"deleted_at\":null,\"syj_periods_status_id\":2,\"syj_sin_asiento\":0,\"syj_asiento_modificado\":0,\"syj_periods_status_emp_dom_id\":1,\"syj_periods_status_emp_dom\":{\"id\":1,\"user_id\":null,\"descripcion\":\"Sin Usar\",\"habilitado\":1,\"created_at\":null,\"updated_at\":null,\"deleted_at\":null},\"syj_periods_status\":{\"id\":2,\"user_id\":null,\"descripcion\":\"Abierto\",\"habilitado\":1,\"created_at\":null,\"updated_at\":null,\"deleted_at\":null}}]},{\"id\":40721,\"user_id\":8564,\"field_name1\":\"POLARG S.R.L.\",\"field_name2\":null,\"document_type\":\"cuit\",\"document\":\"30-71788505-4\",\"cond_frente_al_iva_id\":null,\"country_id\":null,\"state_id\":null,\"zone_id\":null,\"plan_cuenta_id\":null,\"iva_creditos_tipo_id\":null,\"created_at\":\"2023-03-03T00:22:06.000000Z\",\"updated_at\":\"2023-03-03T00:22:06.000000Z\",\"activity_id\":null,\"address\":\"GALICIA 1055\",\"person_type_id\":2,\"fa_iva_condition_id\":null,\"fa_codigo_postal\":null,\"email\":null,\"deleted_at\":null,\"status_liq_iva\":\"Cerrado\",\"status_liq_iibb\":\"Cerrado\",\"status_liq_sueldos\":\"Sin Usar\",\"estado\":\"INCOMPLETO\",\"otros\":\"\",\"configuration\":[{\"id\":4,\"user_id\":8564,\"person_id\":40721,\"period_id\":null,\"zone_id\":null,\"settle_calc_by_coef\":0,\"created_at\":\"2023-03-03T00:22:07.000000Z\",\"updated_at\":\"2023-04-05T12:16:11.000000Z\",\"active\":2,\"enviarMail\":1,\"honorario\":\"0.00\",\"cta_cte_tesoreria_cuenta_id\":null,\"month_close\":10,\"iva_condition_id\":2,\"obligation_sell\":1,\"obligation_buy\":1,\"obligation_iva\":1,\"obligation_electronic_receipt\":0,\"obligation_iibb\":2,\"obligation_other_taxes\":null,\"liquidation_start_period\":\"2023-02\",\"obligation_salaries\":1,\"empleada_domestica\":0,\"prorratear_iva\":0,\"is_itc\":0,\"priority_order\":1,\"person_id_administrador\":40721,\"person_id_titular\":40721,\"logo_path\":null,\"certificado_afip_path\":null,\"llave_afip_path\":null,\"access_electronic_receipt\":0,\"ruta_logo_fa\":\"img\\/\\/30717885054\\/logo.png\",\"inicio_actividades\":\"2023-02-01T03:00:00.000000Z\",\"iibb\":\"30-71788505-4\",\"fe_leyenda\":null,\"atencion_iva\":0,\"atencion_iva_comentario\":null,\"atencion_iibb\":0,\"atencion_iibb_comentario\":null,\"deleted_at\":null}],\"liquidador\":null,\"periods\":[{\"id\":3035,\"user_id\":null,\"code\":\"2023-03\",\"year\":2023,\"period_number\":3,\"date_from\":\"2023-03-01\",\"date_to\":\"2023-03-31\",\"created_at\":null,\"updated_at\":null,\"person_id\":40721,\"conta_status\":0,\"deleted_at\":null,\"syj_periods_status_id\":1,\"syj_sin_asiento\":0,\"syj_asiento_modificado\":0,\"syj_periods_status_emp_dom_id\":1,\"syj_periods_status_emp_dom\":{\"id\":1,\"user_id\":null,\"descripcion\":\"Sin Usar\",\"habilitado\":1,\"created_at\":null,\"updated_at\":null,\"deleted_at\":null},\"syj_periods_status\":{\"id\":1,\"user_id\":null,\"descripcion\":\"Sin Usar\",\"habilitado\":1,\"created_at\":null,\"updated_at\":null,\"deleted_at\":null}}]}]',1,'2023-04-05 09:32:23','2023-04-05 09:32:25',NULL);

--
-- Table structure for table `conta_asientos`
--

CREATE TABLE `conta_asientos` (
  `id` int(10) unsigned NOT NULL AUTO_INCREMENT,
  `user_id` int(10) unsigned DEFAULT NULL,
  `person_id` int(10) unsigned DEFAULT NULL,
  `period_id` int(10) unsigned DEFAULT NULL,
  `tipo_asiento_id` int(10) unsigned NOT NULL,
  `debe_cta_cte_tesoreria_cuenta_id` int(10) unsigned DEFAULT NULL,
  `haber_cta_cte_tesoreria_cuenta_id` int(10) unsigned DEFAULT NULL,
  `ctactecheque_id` int(10) unsigned DEFAULT NULL,
  `num_asiento` int(11) DEFAULT NULL,
  `fecha_registracion` date DEFAULT NULL,
  `fecha_vencimiento` date DEFAULT NULL,
  `total` decimal(16,2) NOT NULL,
  `adjunto` text COLLATE utf8mb4_unicode_ci,
  `comentario` varchar(255) COLLATE utf8mb4_unicode_ci DEFAULT NULL,
  `radioChecked` int(11) DEFAULT NULL,
  `status` int(11) NOT NULL DEFAULT '1',
  `CuentaTipo_id` int(10) unsigned DEFAULT NULL,
  `CentroCosto_id` int(10) unsigned DEFAULT NULL,
  `pagado` int(10) unsigned DEFAULT NULL,
  `created_at` timestamp NULL DEFAULT NULL,
  `updated_at` timestamp NULL DEFAULT NULL,
  `deleted_at` timestamp NULL DEFAULT NULL,
  PRIMARY KEY (`id`),
  KEY `conta_asientos_person_id_foreign` (`person_id`),
  KEY `conta_asientos_period_id_foreign` (`period_id`),
  KEY `conta_asientos_tipo_asiento_id_foreign` (`tipo_asiento_id`),
  KEY `conta_asientos_cuentatipo_id_foreign` (`CuentaTipo_id`),
  KEY `conta_asientos_centrocosto_id_foreign` (`CentroCosto_id`),
  KEY `conta_asientos_ctactecheque_id_foreign` (`ctactecheque_id`),
  KEY `conta_asientos_haber_cta_cte_tesoreria_cuenta_id_foreign` (`haber_cta_cte_tesoreria_cuenta_id`),
  KEY `conta_asientos_debe_cta_cte_tesoreria_cuenta_id_foreign` (`debe_cta_cte_tesoreria_cuenta_id`),
  CONSTRAINT `conta_asientos_centrocosto_id_foreign` FOREIGN KEY (`CentroCosto_id`) REFERENCES `ctactegastos_centrocosto` (`id`),
  CONSTRAINT `conta_asientos_ctactecheque_id_foreign` FOREIGN KEY (`ctactecheque_id`) REFERENCES `ctacte_cheques` (`id`),
  CONSTRAINT `conta_asientos_cuentatipo_id_foreign` FOREIGN KEY (`CuentaTipo_id`) REFERENCES `ctactegastos_cuenta_tipo` (`idCuentaTipo`),
  CONSTRAINT `conta_asientos_debe_cta_cte_tesoreria_cuenta_id_foreign` FOREIGN KEY (`debe_cta_cte_tesoreria_cuenta_id`) REFERENCES `cta_cte_tesoreria_cuentas` (`id`),
  CONSTRAINT `conta_asientos_haber_cta_cte_tesoreria_cuenta_id_foreign` FOREIGN KEY (`haber_cta_cte_tesoreria_cuenta_id`) REFERENCES `cta_cte_tesoreria_cuentas` (`id`),
  CONSTRAINT `conta_asientos_period_id_foreign` FOREIGN KEY (`period_id`) REFERENCES `periods` (`id`),
  CONSTRAINT `conta_asientos_person_id_foreign` FOREIGN KEY (`person_id`) REFERENCES `persons` (`id`),
  CONSTRAINT `conta_asientos_tipo_asiento_id_foreign` FOREIGN KEY (`tipo_asiento_id`) REFERENCES `conta_tipo_asientos` (`id`)
) ENGINE=InnoDB DEFAULT CHARSET=utf8mb4 COLLATE=utf8mb4_unicode_ci;

--
-- Dumping data for table `conta_asientos`
--


--
-- Table structure for table `conta_asientos_details`
--

CREATE TABLE `conta_asientos_details` (
  `id` int(10) unsigned NOT NULL AUTO_INCREMENT,
  `user_id` int(10) unsigned DEFAULT NULL,
  `conta_asiento_id` int(10) unsigned NOT NULL,
  `person_id` int(10) unsigned DEFAULT NULL,
  `period_id` int(10) unsigned DEFAULT NULL,
  `tipo_asiento_id` int(10) unsigned NOT NULL,
  `cta_cte_tesoreria_cuenta_id` int(10) unsigned DEFAULT NULL,
  `saldo_id` int(10) unsigned NOT NULL,
  `monto` decimal(16,2) NOT NULL,
  `created_at` timestamp NULL DEFAULT NULL,
  `updated_at` timestamp NULL DEFAULT NULL,
  `deleted_at` timestamp NULL DEFAULT NULL,
  PRIMARY KEY (`id`),
  KEY `conta_asientos_details_conta_asiento_id_foreign` (`conta_asiento_id`),
  KEY `conta_asientos_details_person_id_foreign` (`person_id`),
  KEY `conta_asientos_details_period_id_foreign` (`period_id`),
  KEY `conta_asientos_details_tipo_asiento_id_foreign` (`tipo_asiento_id`),
  KEY `conta_asientos_details_saldo_id_foreign` (`saldo_id`),
  KEY `conta_asientos_details_cta_cte_tesoreria_cuenta_id_foreign` (`cta_cte_tesoreria_cuenta_id`),
  CONSTRAINT `conta_asientos_details_conta_asiento_id_foreign` FOREIGN KEY (`conta_asiento_id`) REFERENCES `conta_asientos` (`id`),
  CONSTRAINT `conta_asientos_details_cta_cte_tesoreria_cuenta_id_foreign` FOREIGN KEY (`cta_cte_tesoreria_cuenta_id`) REFERENCES `cta_cte_tesoreria_cuentas` (`id`),
  CONSTRAINT `conta_asientos_details_period_id_foreign` FOREIGN KEY (`period_id`) REFERENCES `periods` (`id`),
  CONSTRAINT `conta_asientos_details_person_id_foreign` FOREIGN KEY (`person_id`) REFERENCES `persons` (`id`),
  CONSTRAINT `conta_asientos_details_saldo_id_foreign` FOREIGN KEY (`saldo_id`) REFERENCES `conta_tipo_saldos` (`id`),
  CONSTRAINT `conta_asientos_details_tipo_asiento_id_foreign` FOREIGN KEY (`tipo_asiento_id`) REFERENCES `conta_tipo_asientos` (`id`)
) ENGINE=InnoDB DEFAULT CHARSET=utf8mb4 COLLATE=utf8mb4_unicode_ci;

--
-- Dumping data for table `conta_asientos_details`
--


--
-- Table structure for table `conta_centro_costo_plan_cuenta`
--

CREATE TABLE `conta_centro_costo_plan_cuenta` (
  `id` bigint(20) unsigned NOT NULL AUTO_INCREMENT,
  `user_id` int(10) unsigned DEFAULT NULL,
  `conta_centro_costo_id` bigint(20) unsigned DEFAULT NULL,
  `conta_plan_cuenta_id` int(10) unsigned NOT NULL,
  `created_at` timestamp NULL DEFAULT NULL,
  `updated_at` timestamp NULL DEFAULT NULL,
  `deleted_at` timestamp NULL DEFAULT NULL,
  PRIMARY KEY (`id`),
  KEY `conta_centro_costo_plan_cuenta_conta_centro_costo_id_foreign` (`conta_centro_costo_id`),
  KEY `conta_centro_costo_plan_cuenta_conta_plan_cuenta_id_foreign` (`conta_plan_cuenta_id`),
  CONSTRAINT `conta_centro_costo_plan_cuenta_conta_centro_costo_id_foreign` FOREIGN KEY (`conta_centro_costo_id`) REFERENCES `conta_centro_costos` (`id`),
  CONSTRAINT `conta_centro_costo_plan_cuenta_conta_plan_cuenta_id_foreign` FOREIGN KEY (`conta_plan_cuenta_id`) REFERENCES `conta_plan_cuenta` (`id`)
) ENGINE=InnoDB AUTO_INCREMENT=9 DEFAULT CHARSET=utf8mb4 COLLATE=utf8mb4_unicode_ci;

--
-- Dumping data for table `conta_centro_costo_plan_cuenta`
--

INSERT INTO `conta_centro_costo_plan_cuenta` VALUES (1,8564,1,110,NULL,NULL,NULL),(2,8564,2,110,NULL,NULL,NULL),(3,8564,3,110,NULL,NULL,NULL),(4,8564,4,191,NULL,NULL,NULL),(5,8564,5,191,NULL,NULL,NULL),(6,8564,6,191,NULL,NULL,NULL),(7,8564,7,191,NULL,NULL,NULL),(8,8564,8,110,NULL,NULL,NULL);

--
-- Table structure for table `conta_centro_costos`
--

CREATE TABLE `conta_centro_costos` (
  `id` bigint(20) unsigned NOT NULL AUTO_INCREMENT,
  `user_id` int(10) unsigned DEFAULT NULL,
  `person_id` int(10) unsigned NOT NULL,
  `descripcion` text COLLATE utf8mb4_unicode_ci NOT NULL,
  `habilitado` tinyint(1) NOT NULL DEFAULT '1',
  `created_at` timestamp NULL DEFAULT NULL,
  `updated_at` timestamp NULL DEFAULT NULL,
  `deleted_at` timestamp NULL DEFAULT NULL,
  PRIMARY KEY (`id`),
  KEY `conta_centro_costos_person_id_foreign` (`person_id`),
  CONSTRAINT `conta_centro_costos_person_id_foreign` FOREIGN KEY (`person_id`) REFERENCES `persons` (`id`)
) ENGINE=InnoDB AUTO_INCREMENT=9 DEFAULT CHARSET=utf8mb4 COLLATE=utf8mb4_unicode_ci;

--
-- Dumping data for table `conta_centro_costos`
--

INSERT INTO `conta_centro_costos` VALUES (1,8564,40720,'ADMINISTRACION',1,NULL,NULL,NULL),(2,8564,40720,'PRODUCCION',1,NULL,NULL,NULL),(3,8564,40720,'RECURSOS HUMANOS',1,NULL,NULL,NULL),(4,8564,40721,'ADMINISTRACION',1,NULL,NULL,NULL),(5,8564,40721,'PRODUCCION',1,NULL,NULL,NULL),(6,8564,40721,'RECURSOS HUMANOS',1,NULL,NULL,NULL),(7,8564,40721,'DIRECCION',1,NULL,NULL,NULL),(8,8564,40756,'ADMINISTRATIVO',1,NULL,NULL,NULL);

--
-- Table structure for table `conta_plan_cuenta`
--

CREATE TABLE `conta_plan_cuenta` (
  `id` int(10) unsigned NOT NULL AUTO_INCREMENT,
  `user_id` int(10) unsigned DEFAULT NULL,
  `codigo` int(11) NOT NULL,
  `tipo_cuenta_id` int(10) unsigned NOT NULL,
  `saldo_id` int(10) unsigned NOT NULL,
  `padre` int(11) NOT NULL,
  `nombre` varchar(255) COLLATE utf8mb4_unicode_ci NOT NULL,
  `rubro` varchar(255) COLLATE utf8mb4_unicode_ci DEFAULT NULL,
  `cpcuenta_type_tc_id` bigint(20) unsigned DEFAULT NULL,
  `comentario` varchar(255) COLLATE utf8mb4_unicode_ci DEFAULT NULL,
  `status` int(10) unsigned NOT NULL DEFAULT '1',
  `no_editable` int(11) NOT NULL DEFAULT '1',
  `tes_cta_cte` tinyint(1) NOT NULL DEFAULT '0',
  `tes_cuenta_origen` tinyint(1) NOT NULL DEFAULT '0',
  `tes_cuenta_destino` tinyint(1) NOT NULL DEFAULT '0',
  `conta_asientos` tinyint(1) NOT NULL DEFAULT '0',
  `deleted_at` timestamp NULL DEFAULT NULL,
  PRIMARY KEY (`id`),
  KEY `conta_plan_cuenta_tipo_cuenta_id_foreign` (`tipo_cuenta_id`),
  KEY `conta_plan_cuenta_saldo_id_foreign` (`saldo_id`),
  KEY `conta_plan_cuenta_cpcuenta_type_tc_id_foreign` (`cpcuenta_type_tc_id`),
  CONSTRAINT `conta_plan_cuenta_cpcuenta_type_tc_id_foreign` FOREIGN KEY (`cpcuenta_type_tc_id`) REFERENCES `cpcuenta_types_tc` (`id`),
  CONSTRAINT `conta_plan_cuenta_saldo_id_foreign` FOREIGN KEY (`saldo_id`) REFERENCES `conta_tipo_saldos` (`id`),
  CONSTRAINT `conta_plan_cuenta_tipo_cuenta_id_foreign` FOREIGN KEY (`tipo_cuenta_id`) REFERENCES `conta_tipo_cuentas` (`id`)
) ENGINE=InnoDB AUTO_INCREMENT=1434 DEFAULT CHARSET=utf8mb4 COLLATE=utf8mb4_unicode_ci;

--
-- Dumping data for table `conta_plan_cuenta`
--

INSERT INTO `conta_plan_cuenta` VALUES (1,NULL,1000000,1,1,0,'ACTIVO','Activo',NULL,NULL,1,1,0,0,0,0,NULL),(2,NULL,1100000,2,1,1000000,'ACTIVO CORRIENTE','Activo',NULL,NULL,1,1,0,0,0,0,NULL),(3,NULL,1110000,3,1,1100000,'CAJA Y BANCOS','Activo',NULL,NULL,1,1,0,0,0,0,NULL),(4,NULL,1110100,4,1,1110000,'CAJAS','Activo',NULL,NULL,1,1,0,0,0,0,NULL),(5,NULL,1110101,5,1,1110100,'Caja Oficina','Activo',NULL,NULL,0,1,0,0,0,0,NULL),(6,NULL,1110102,5,1,1110100,'Caja Casa','Activo',NULL,NULL,0,1,0,0,0,0,NULL),(7,NULL,1110103,5,1,1110100,'Caja Dolares Casa','Activo',NULL,NULL,0,1,0,0,0,0,NULL),(8,NULL,1110104,5,1,1110100,'Banco Santander 015-372795/5','Activo',NULL,NULL,0,1,0,0,0,0,'2020-12-31 13:34:22'),(9,NULL,1110200,4,1,1110000,'BANCOS','Activo',NULL,NULL,1,1,0,0,0,0,NULL),(10,NULL,1110201,5,1,1110200,'Banco Santander Rio Cta Corriente','Activo',NULL,NULL,1,2,1,1,1,0,'2020-12-31 13:34:22'),(11,NULL,1110202,5,1,1110200,'Banco Santander Rio Cta Corriente DOLARES','Activo',NULL,NULL,1,2,1,1,1,0,'2020-12-31 13:34:22'),(12,NULL,1130000,3,1,1100000,'CREDITOS POR VENTAS','Activo',NULL,NULL,1,1,0,0,0,0,NULL),(13,NULL,1130101,5,1,1130100,'Clientes - Deudores','Activo',NULL,NULL,1,2,0,0,0,1,NULL),(14,NULL,1130102,5,1,1130100,'Deudores por ventas comunes','Activo',NULL,NULL,1,1,0,0,0,1,NULL),(15,NULL,1130103,5,1,1130100,'Deudores por ventas morosos','Activo',NULL,NULL,1,1,0,0,0,1,NULL),(16,NULL,1130104,5,1,1130100,'Deudores en gestión judicial','Activo',NULL,NULL,1,1,0,0,0,1,NULL),(17,NULL,1130105,5,1,1130100,'Previsión deudores incobrables','Activo',NULL,NULL,1,1,0,0,0,1,NULL),(18,NULL,1140000,3,1,1100000,'OTROS CREDITOS','Activo',NULL,NULL,1,1,0,0,0,0,NULL),(19,NULL,1140100,4,1,1140000,'Retenciones Sufridas','Activo',NULL,NULL,1,1,0,0,0,0,NULL),(20,NULL,1140301,5,1,1140300,'Anticipos Impuesto a las Ganancias','Activo',4,NULL,1,2,0,0,1,1,NULL),(21,NULL,1140102,5,1,1140100,'Retenciones Ingr. Brutos','Activo',NULL,NULL,0,1,0,0,0,0,NULL),(22,NULL,1140329,5,1,1140300,'Anticipo Impto.Ganancia Mínima Presunta','Activo',NULL,NULL,1,1,0,0,0,1,NULL),(23,NULL,1140105,5,1,1140100,'Retenciones Impuesto a las Ganancias','Activo',3,NULL,1,2,1,0,0,1,NULL),(24,NULL,1140106,5,1,1140100,'Impuesto a las Ganancias (Saldo a favor)','Activo',NULL,NULL,1,1,0,0,0,1,NULL),(25,NULL,1140107,5,1,1140100,'Retenciones de IVA','Activo',NULL,NULL,1,2,1,0,0,1,NULL),(26,NULL,1140200,4,1,1140000,'CREDITOS DIVERSOS','Activo',NULL,NULL,1,1,0,0,0,0,NULL),(27,NULL,1140201,5,1,1140200,'Anticipos de proveedores','Activo',NULL,NULL,1,1,0,0,0,1,NULL),(28,NULL,1140205,5,1,1140200,'Depósito en garantía alquileres','Activo',NULL,NULL,1,1,0,0,0,1,NULL),(29,NULL,1140206,5,1,1140200,'Derechos adquiridos a devengar','Activo',NULL,NULL,1,1,0,0,0,1,NULL),(30,NULL,1140207,5,1,1140200,'Intereses a devengar','Activo',NULL,NULL,1,1,0,0,0,1,NULL),(31,NULL,1140208,5,1,1140200,'Cuentas a rendir - Directores','Activo',NULL,NULL,1,1,0,0,0,1,NULL),(32,NULL,1140210,5,1,1140200,'Alquileres no devengados','Activo',NULL,NULL,1,1,0,0,0,1,NULL),(33,NULL,1150000,3,1,1100000,'BIENES DE CAMBIO','Activo',5,NULL,1,1,0,0,0,0,NULL),(34,NULL,1150400,4,1,1150000,'MERCADERIA DE REVENTA','Activo',5,NULL,1,1,0,0,0,0,NULL),(35,NULL,1200000,2,1,1000000,'ACTIVO NO CORRIENTE','Activo',5,NULL,1,1,0,0,0,0,NULL),(36,NULL,1220000,3,1,1200000,'BIENES DE USO','Activo',5,NULL,1,1,0,0,0,0,NULL),(37,NULL,1220100,4,1,1220000,'EQUIPOS DE COMPUTACION','Activo',5,NULL,1,1,0,0,0,0,NULL),(38,NULL,1220101,5,1,1220100,'Equipos de computación valores históricos','Activo',5,NULL,1,1,0,0,0,1,NULL),(39,NULL,1220102,5,1,1220100,'Equipos de computación ajuste','Activo',5,NULL,1,1,0,0,0,1,NULL),(40,NULL,1220108,5,1,1220100,'Amortización Acumulada Equipos de comput.','Activo',NULL,NULL,1,1,0,0,0,1,'2020-12-31 13:34:22'),(41,NULL,1220200,4,1,1220000,'INSTALACIONES','Activo',5,NULL,1,1,0,0,0,0,NULL),(42,NULL,1220201,5,1,1220200,'Instalaciones valores históricos','Activo',5,NULL,1,1,0,0,0,1,NULL),(43,NULL,1220202,5,1,1220200,'Instalaciones ajuste','Activo',5,NULL,1,1,0,0,0,1,NULL);
INSERT INTO `conta_plan_cuenta` VALUES (44,NULL,1220206,5,1,1220200,'Amortización Acumulada Instalaciones','Activo',5,NULL,1,1,0,0,0,1,NULL),(45,NULL,1220300,4,1,1220000,'MUEBLES Y UTILES','Activo',5,NULL,1,1,0,0,0,0,NULL),(46,NULL,1220301,5,1,1220300,'Muebles y utiles valores históricos','Activo',5,NULL,1,1,0,0,0,1,NULL),(47,NULL,1220302,5,1,1220300,'Muebles y utiles ajuste','Activo',5,NULL,1,1,0,0,0,1,NULL),(48,NULL,1220306,5,1,1220300,'Amortización Acumulada Muebles y Útiles','Activo',5,NULL,1,1,0,0,0,1,NULL),(49,NULL,1230000,3,1,1200000,'ACTIVOS INTANGIBLES','Activo',5,NULL,1,1,0,0,0,0,NULL),(50,NULL,1230101,5,1,1230100,'Gastos de organización valores historicos','Activo',5,NULL,1,1,0,0,0,1,NULL),(51,NULL,1230102,5,1,1230100,'Gastos de organización ajuste','Activo',5,NULL,1,1,0,0,0,1,NULL),(52,NULL,1230103,5,1,1230100,'Amortización acumulada gs. de organización','Activo',5,NULL,1,1,0,0,0,1,NULL),(53,NULL,2000000,1,2,0,'PASIVO','Pasivo',NULL,NULL,1,1,0,0,0,0,NULL),(54,NULL,2100000,2,2,2000000,'PASIVO CORRIENTE','Pasivo',NULL,NULL,1,1,0,0,0,0,NULL),(55,NULL,2110000,3,2,2100000,'Deudas','Pasivo',NULL,NULL,1,1,0,0,0,0,NULL),(56,NULL,2110100,4,2,2110000,'Comerciales','Pasivo',NULL,NULL,1,1,0,0,0,0,NULL),(57,NULL,2110101,5,2,2110100,'Proveedores en Cta. Cte. locales','Pasivo',NULL,NULL,1,2,0,0,0,1,NULL),(58,NULL,2110102,5,2,2110100,'Proveedores en cta. cte. exterior','Pasivo',NULL,NULL,1,1,0,0,0,1,NULL),(59,NULL,2110103,5,2,2110100,'Derechos de exhibición a devengar','Pasivo',NULL,NULL,1,1,0,0,0,1,NULL),(60,NULL,2110104,5,2,2110100,'Cheques emitidos ','Pasivo',NULL,NULL,1,2,1,1,1,1,NULL),(61,NULL,2110200,4,2,2110000,'REMUNERACIONES Y CARGAS SOCIALES','Pasivo',NULL,NULL,1,1,0,0,0,0,NULL),(62,NULL,2110201,5,2,2110200,'Sueldos y Jornales a pagar','Pasivo',NULL,NULL,1,2,0,0,1,1,NULL),(63,NULL,2110202,5,2,2110200,'Cargas sociales a pagar','Pasivo',NULL,NULL,1,2,0,0,0,1,NULL),(64,NULL,2110203,5,2,2110200,'Sindicatos a Pagar','Pasivo',NULL,NULL,1,2,0,0,0,1,NULL),(65,NULL,2110300,4,2,2110000,'CARGAS FISCALES','Pasivo',NULL,NULL,1,1,0,0,0,0,NULL),(67,NULL,2110301,5,2,2110300,'IVA Debito Fiscal','Pasivo',NULL,NULL,1,2,0,0,0,1,NULL),(68,NULL,1140222,5,1,1140200,'IVA Credito Fiscal','Activo',NULL,NULL,1,2,0,0,0,1,NULL),(69,NULL,2110303,5,2,2110300,'Impuestos Internos','Pasivo',NULL,NULL,1,1,0,0,0,1,NULL),(70,NULL,2110304,5,2,2110300,'Impuestos al Combustible','Pasivo',NULL,NULL,1,1,0,0,0,1,NULL),(71,NULL,2110601,5,2,2110600,'IVA Retenciones de terceros','Pasivo',NULL,NULL,1,1,0,0,0,1,NULL),(72,NULL,2110306,5,2,2110300,'IVA Percepciones realiz.por terceros','Pasivo',NULL,NULL,1,2,0,0,0,1,NULL),(73,NULL,2110307,5,2,2110300,'IVA Saldo a favor','Pasivo',NULL,NULL,1,1,0,0,0,1,NULL),(74,NULL,2110308,5,2,2110300,'IVA a pagar','Pasivo',NULL,NULL,1,2,0,0,0,1,NULL),(75,NULL,2110309,5,2,2110300,'Percepciones Ingresos Brutos','Pasivo',NULL,NULL,1,1,0,0,0,1,NULL),(76,NULL,2110310,5,2,2110300,'Otros Pagos AFIP','Pasivo',NULL,NULL,1,1,0,0,0,1,NULL),(78,NULL,2110350,5,2,2110300,'Impuesto a los Ingresos Brutos Pasivo','Pasivo',NULL,NULL,1,1,0,0,0,1,NULL),(79,NULL,2110313,5,2,2110300,'Impuesto a las Ganancias','Pasivo',NULL,NULL,1,1,0,0,0,1,NULL),(80,NULL,2110314,5,2,2110300,'Impuesto a la Ganancia Mínima Presunta','Pasivo',NULL,NULL,1,1,0,0,0,1,NULL),(81,NULL,2110602,5,2,2110600,'AFIP - Retenciones Impuesto a las Ganancias','Pasivo',NULL,NULL,1,1,0,0,0,1,NULL),(82,NULL,2110316,5,2,2110300,'AFIP - Plan de Facilidades Decreto 338/02','Pasivo',NULL,NULL,1,1,0,0,0,1,NULL),(83,NULL,2200000,2,2,2000000,'PASIVO NO CORRIENTE','Pasivo',NULL,NULL,1,1,0,0,0,0,NULL),(84,NULL,3000000,1,2,0,'PATRIMONIO NETO','Patrimonio Neto',NULL,NULL,1,1,0,0,0,0,NULL),(85,NULL,3100000,2,2,3000000,'APORTE DE LOS PROPIETARIOS','Patrimonio Neto',NULL,NULL,1,1,0,0,0,0,NULL),(86,NULL,3110100,4,2,3110000,'CAPITAL SOCIAL','Patrimonio Neto',NULL,NULL,1,1,0,0,0,0,NULL),(87,NULL,3110101,5,2,3110100,'Acciones en circulación','Patrimonio Neto',NULL,NULL,1,1,0,0,0,1,NULL);
INSERT INTO `conta_plan_cuenta` VALUES (88,NULL,3110102,5,2,3110100,'Ajuste del Capital','Patrimonio Neto',NULL,NULL,1,2,0,0,0,1,NULL),(89,NULL,3110103,5,2,3110100,'Aportes Irrevocables Futuras Suscripciones','Patrimonio Neto',NULL,NULL,1,1,0,0,0,1,NULL),(90,NULL,3400000,2,2,3000000,'RESULTADOS','Patrimonio Neto',NULL,NULL,1,1,0,0,0,0,NULL),(91,NULL,3410101,5,2,3410100,'Resultado del ejercicio','Patrimonio Neto',NULL,NULL,1,1,0,0,0,1,NULL),(92,NULL,3410102,5,2,3410100,'Resultado ejercicios anteriores','Patrimonio Neto',NULL,NULL,1,1,0,0,0,1,NULL),(93,NULL,3410103,5,2,3410100,'A.R.E.A.','Patrimonio Neto',NULL,NULL,1,1,0,0,0,1,NULL),(94,NULL,4000000,1,2,0,'INGRESOS','Result. Positivo',NULL,NULL,1,1,0,0,0,0,NULL),(95,NULL,4100000,2,2,4000000,'INGRESOS ORDINARIOS','Result. Positivo',NULL,NULL,1,1,0,0,0,0,NULL),(96,NULL,4110101,5,2,4110100,'VENTAS','Result. Positivo',NULL,NULL,1,2,0,0,0,1,NULL),(97,NULL,4110102,5,2,4110100,'Honorarios','Result. Positivo',NULL,NULL,1,1,0,0,0,1,NULL),(98,NULL,4110103,5,2,4110100,'Sueldo Vane','Result. Positivo',NULL,NULL,0,1,0,0,0,0,'2020-12-31 13:34:22'),(99,NULL,4110104,5,2,4110100,'Descuentos obtenidos','Result. Positivo',NULL,NULL,1,1,0,0,0,1,NULL),(100,NULL,4110105,5,2,4110100,'Reintegros por exportaciones','Result. Positivo',NULL,NULL,1,1,0,0,0,1,NULL),(101,NULL,4120000,3,2,4100000,'OTROS INGRESOS','Result. Positivo',NULL,NULL,1,1,0,0,0,0,NULL),(102,NULL,4120101,5,2,4120100,'Intereses Cobrados','Result. Positivo',NULL,NULL,1,1,0,0,0,1,NULL),(103,NULL,4120102,5,2,4120100,'Diferencias de cambio','Result. Positivo',NULL,NULL,1,1,0,0,0,1,NULL),(104,NULL,4120103,5,2,4120100,'Descuentos obtenidos','Result. Positivo',NULL,NULL,1,1,0,0,0,1,NULL),(107,NULL,5000000,1,1,0,'GASTOS','Result. Negativo',NULL,NULL,1,1,0,0,0,0,NULL),(108,NULL,5100000,2,1,5000000,'GASTOS ORDINARIOS','Result. Negativo',NULL,NULL,1,1,0,0,0,0,NULL),(109,NULL,5110100,4,1,5110000,'ASIENTO DE SUELDO','Result. Negativo',NULL,NULL,1,1,0,0,0,0,NULL),(110,NULL,5110101,5,1,5110100,'Sueldos','Result. Negativo',2,NULL,1,2,0,0,0,1,NULL),(111,NULL,5110102,5,1,5110100,'Contribuciones','Result. Negativo',2,NULL,1,2,0,0,0,1,NULL),(112,NULL,5110103,5,1,5110100,'Sindicato','Result. Negativo',2,NULL,1,2,0,0,0,1,NULL),(113,NULL,5120100,4,1,5120000,'GASTOS DE OPERACION','Result. Negativo',NULL,NULL,1,1,0,0,0,0,NULL),(114,NULL,5120101,5,1,5120100,'ACA','Result. Negativo',NULL,NULL,1,1,0,0,0,1,'2020-12-31 13:34:22'),(115,NULL,5120102,5,1,5120100,'Aereos','Result. Negativo',NULL,NULL,1,1,0,0,0,1,NULL),(116,NULL,5120103,5,1,5120100,'Alquiler','Result. Negativo',NULL,NULL,1,1,0,0,0,1,NULL),(117,NULL,5120104,5,1,5120100,'AGUA AYSA','Result. Negativo',NULL,NULL,1,1,0,0,0,1,'2020-12-31 13:34:22'),(118,NULL,5120105,5,1,5120100,'TV Cablevision','Result. Negativo',NULL,NULL,1,1,0,0,0,1,'2020-12-31 13:34:22'),(119,NULL,5120106,5,1,5120100,'Caja Jubilacion Consejo','Result. Negativo',NULL,NULL,1,1,0,0,0,1,NULL),(120,NULL,5120107,5,1,5120100,'Celulares','Result. Negativo',NULL,NULL,1,1,0,0,0,1,NULL),(121,NULL,5120108,5,1,5120100,'Cheques','Result. Negativo',NULL,NULL,1,1,0,0,0,1,NULL),(122,NULL,5120109,5,1,5120100,'Club la Nacion','Result. Negativo',NULL,NULL,0,1,0,0,0,0,'2020-12-31 13:34:22'),(123,NULL,5120110,5,1,5120100,'Comida','Result. Negativo',NULL,NULL,1,1,0,0,0,1,'2020-12-31 13:34:22'),(124,NULL,5120111,5,1,5120100,'Diario Clarin','Result. Negativo',NULL,NULL,0,1,0,0,0,0,'2020-12-31 13:34:22'),(125,NULL,5120112,5,1,5120100,'Digital Ocean','Result. Negativo',NULL,NULL,0,1,0,0,0,0,'2020-12-31 13:34:22'),(126,NULL,5120113,5,1,5120100,'Fletes y acarreos','Result. Negativo',NULL,NULL,1,1,0,0,0,1,NULL),(127,NULL,5120114,5,1,5120100,'Luz Edesur','Result. Negativo',NULL,NULL,1,1,0,0,0,1,'2020-12-31 13:34:22'),(128,NULL,5120115,5,1,5120100,'Movilidad y Viáticos','Result. Negativo',NULL,NULL,1,1,0,0,0,1,NULL),(129,NULL,5120116,5,1,5120100,'Mantenimiento','Result. Negativo',NULL,NULL,1,1,0,0,0,1,'2020-12-31 13:34:22');
INSERT INTO `conta_plan_cuenta` VALUES (130,NULL,5120117,5,1,5120100,'IVA No Computable','Result. Negativo',NULL,NULL,1,1,0,0,0,1,'2020-12-31 13:34:22'),(131,NULL,5120118,5,1,5120100,'Entretenimiento','Result. Negativo',NULL,NULL,1,1,0,0,0,1,'2020-12-31 13:34:22'),(132,NULL,5120119,5,1,5120100,'Amortización Bienes de Uso','Result. Negativo',NULL,NULL,1,1,0,0,0,1,NULL),(133,NULL,5120120,5,1,5120100,'Errepar','Result. Negativo',NULL,NULL,0,1,0,0,0,0,'2020-12-31 13:34:22'),(134,NULL,5120121,5,1,5120100,'Hosting Página Web To Webs','Result. Negativo',NULL,NULL,0,1,0,0,0,0,'2020-12-31 13:34:22'),(135,NULL,5120122,5,1,5120100,'Gastos varios','Result. Negativo',NULL,NULL,1,1,0,0,0,1,NULL),(136,NULL,5120123,5,1,5120100,'Ajuste por redondeo','Result. Negativo',NULL,NULL,1,2,0,0,0,1,NULL),(137,NULL,5120124,5,1,5120100,'Deudores Incobrables','Result. Negativo',NULL,NULL,1,1,0,0,0,1,NULL),(138,NULL,5120125,5,1,5120100,'Faby Goncalves','Result. Negativo',NULL,NULL,0,1,0,0,0,0,'2020-12-31 13:34:22'),(139,NULL,5130100,4,1,5130000,'GASTOS FINANCIEROS','Result. Negativo',NULL,NULL,1,1,0,0,0,0,NULL),(140,NULL,5130101,5,1,5130100,'Intereses y Gastos bancarios','Result. Negativo',NULL,NULL,1,2,0,0,1,1,NULL),(141,NULL,5130102,5,1,5130100,'Intereses Proveedores','Result. Negativo',NULL,NULL,1,1,0,0,0,1,NULL),(142,NULL,5130103,5,1,5130100,'Damian Financiera','Result. Negativo',NULL,NULL,0,1,0,0,0,0,'2020-12-31 13:34:22'),(143,NULL,5130104,5,1,5130100,'Diferencias de cambio','Result. Negativo',NULL,NULL,1,1,0,0,0,1,NULL),(144,NULL,5130105,5,1,5130100,'Diferencia de Cambio Bces. en M.Extranjera','Result. Negativo',NULL,NULL,1,1,0,0,0,1,'2020-12-31 13:34:22'),(145,NULL,5130106,5,1,5130100,'Diferencia tipo cambio Vendedor/Comprador','Result. Negativo',NULL,NULL,1,1,0,0,0,1,NULL),(146,NULL,5130107,5,1,5130100,'Diferencia por conversion en Bce. en Mon. Extranj.','Result. Negativo',NULL,NULL,1,1,0,0,0,1,'2020-12-31 13:34:22'),(147,NULL,5130108,5,1,5130100,'Diferencia de cambio CMV','Result. Negativo',NULL,NULL,1,1,0,0,0,1,'2020-12-31 13:34:22'),(148,NULL,5130109,5,1,5130100,'Diferencia de cambio PT','Result. Negativo',NULL,NULL,1,1,0,0,0,1,'2020-12-31 13:34:22'),(149,NULL,5130110,5,1,5130100,'Resultado por Exposición a la Inflación','Result. Negativo',NULL,NULL,1,1,0,0,0,1,'2020-12-31 13:34:22'),(150,NULL,5130111,5,1,5130100,'Diferencia de cambio PE','Result. Negativo',NULL,NULL,1,1,0,0,0,1,'2020-12-31 13:34:22'),(151,NULL,5130112,5,1,5130100,'Diferencia de cambio Ds.Vtas.','Result. Negativo',NULL,NULL,1,1,0,0,0,1,'2020-12-31 13:34:22'),(152,NULL,5130113,5,1,5130100,'Diferencia de cambio ME','Result. Negativo',NULL,NULL,1,1,0,0,0,1,NULL),(153,NULL,5130114,5,1,5130100,'Descuentos otorgados','Result. Negativo',NULL,NULL,1,1,0,0,0,1,NULL),(154,NULL,5140100,4,1,5140000,'IMPUESTOS','Result. Negativo',NULL,NULL,1,1,0,0,0,0,NULL),(155,NULL,5140101,5,1,5140100,'Impuesto a las Ganancias','Result. Negativo',NULL,NULL,1,1,0,0,0,1,NULL),(156,NULL,5140164,5,1,5140100,'Impuesto a los Ingresos Brutos','Result. Negativo',NULL,NULL,1,2,0,0,0,1,NULL),(157,NULL,5140102,5,1,5140100,'Impuesto al Debito y Credito Bancario','Result. Negativo',NULL,NULL,1,1,0,0,0,1,NULL),(158,NULL,5200000,2,1,5000000,'GASTOS EXTRAORDINARIOS','Result. Negativo',NULL,NULL,1,1,0,0,0,0,NULL),(159,NULL,5210101,5,1,5210100,'Pérdida por venta bienes de uso','Result. Negativo',NULL,NULL,1,1,0,0,0,1,NULL),(160,NULL,5210102,5,1,5210100,'Inversiones','Result. Negativo',NULL,NULL,1,1,0,0,0,1,NULL),(161,NULL,5210103,5,1,5210100,'Amortizaciones extraordinarias','Result. Negativo',NULL,NULL,1,1,0,0,0,1,NULL),(162,NULL,1140103,5,1,1140100,'Retenciones SUSS','Activo',NULL,NULL,1,2,1,0,0,1,NULL),(163,NULL,1110122,5,1,1110100,'Banco Patagonia Cta. Cte.','Activo',NULL,NULL,0,1,0,0,0,0,NULL),(164,NULL,1110106,5,1,1110100,'Banco HSBC','Activo',NULL,NULL,0,1,0,0,0,0,'2020-12-31 13:34:22'),(165,NULL,1110123,5,1,1110100,'Banco Ciudad Cta. Cte.','Activo',NULL,NULL,0,1,0,0,0,0,NULL);
INSERT INTO `conta_plan_cuenta` VALUES (166,NULL,1110124,5,1,1110100,'Banco Nacion Cta. Cte.','Activo',NULL,NULL,0,1,0,0,0,0,NULL),(167,NULL,1110109,5,1,1110100,'Banco Galicia Vane','Activo',NULL,NULL,0,1,0,0,0,0,'2020-12-31 13:34:22'),(168,NULL,1110110,5,1,1110100,'Banco Frances Vane','Activo',NULL,NULL,0,1,0,0,0,0,'2020-12-31 13:34:22'),(169,NULL,1110111,5,1,1110100,'Banco Patagonia In Time SRL','Activo',NULL,NULL,0,1,0,0,0,0,'2020-12-31 13:34:22'),(170,NULL,1110112,5,1,1110100,'Banco Ciudad In Time SRL','Activo',NULL,NULL,0,1,0,0,0,0,'2020-12-31 13:34:22'),(171,NULL,1110113,5,1,1110100,'Banco Provincia In Time SRL','Activo',NULL,NULL,0,1,0,0,0,0,'2020-12-31 13:34:22'),(172,NULL,1110114,5,1,1110100,'Banco Macro PedimeOnline','Activo',NULL,NULL,0,1,0,0,0,0,'2020-12-31 13:34:22'),(173,NULL,1110115,5,1,1110100,'Banco Patagonia Problema Resuelto','Activo',NULL,NULL,0,1,0,0,0,0,'2020-12-31 13:34:22'),(174,NULL,1110116,5,1,1110100,'Banco Patagonia Graciela','Activo',NULL,NULL,0,1,0,0,0,0,'2020-12-31 13:34:22'),(175,NULL,1110117,5,1,1110100,'Banco Patagonia Omar','Activo',NULL,NULL,0,1,0,0,0,0,'2020-12-31 13:34:22'),(176,NULL,1110118,5,1,1110100,'Cheques','Activo',NULL,NULL,1,2,1,1,1,0,NULL),(177,NULL,5120126,5,1,5120100,'Gisela Larzabal','Result. Negativo',NULL,NULL,0,1,0,0,0,0,'2020-12-31 13:34:22'),(178,NULL,5120127,5,1,5120100,'Google','Result. Negativo',NULL,NULL,1,1,0,0,0,1,'2020-12-31 13:34:22'),(179,NULL,5120128,5,1,5120100,'Seguro Moto','Result. Negativo',NULL,NULL,0,1,0,0,0,0,'2020-12-31 13:34:22'),(180,NULL,5120129,5,1,5120100,'Sueldo Agustina','Result. Negativo',NULL,NULL,0,1,0,0,0,0,NULL),(181,NULL,5120130,5,1,5120100,'Sueldo Betty','Result. Negativo',NULL,NULL,0,1,0,0,0,0,'2020-12-31 13:34:22'),(182,NULL,5120131,5,1,5120100,'Sueldo Elizabet','Result. Negativo',NULL,NULL,0,1,0,0,0,0,'2020-12-31 13:34:22'),(183,NULL,5120132,5,1,5120100,'Sueldo Florencia','Result. Negativo',NULL,NULL,0,1,0,0,0,0,'2020-12-31 13:34:22'),(184,NULL,5120133,5,1,5120100,'Sueldo Graciela','Result. Negativo',NULL,NULL,0,1,0,0,0,0,'2020-12-31 13:34:22'),(185,NULL,5120134,5,1,5120100,'Sueldo Franco Sanchez','Result. Negativo',NULL,NULL,0,1,0,0,0,0,'2020-12-31 13:34:22'),(186,NULL,5120135,5,1,5120100,'Sueldo Santiago Sanchez','Result. Negativo',NULL,NULL,0,1,0,0,0,0,'2020-12-31 13:34:22'),(187,NULL,5120136,5,1,5120100,'Sueldo Jose Luis','Result. Negativo',NULL,NULL,0,1,0,0,0,0,'2020-12-31 13:34:22'),(188,NULL,5120137,5,1,5120100,'Publicidad','Result. Negativo',NULL,NULL,1,1,0,0,0,1,NULL),(189,NULL,5120138,5,1,5120100,'Las Nieves','Result. Negativo',NULL,NULL,0,1,0,0,0,0,'2020-12-31 13:34:22'),(190,NULL,5120139,5,1,5120100,'Sueldo Lidia','Result. Negativo',NULL,NULL,0,1,0,0,0,0,'2020-12-31 13:34:22'),(191,NULL,5120140,5,1,5120100,'Cargas Sociales','Result. Negativo',NULL,NULL,1,1,0,0,0,1,NULL),(192,NULL,5120141,5,1,5120100,'Honorarios','Result. Negativo',NULL,NULL,1,1,0,0,0,1,NULL),(193,NULL,5120142,5,1,5120100,'Telefono Fijo','Result. Negativo',NULL,NULL,1,1,0,0,0,1,NULL),(194,NULL,5120143,5,1,5120100,'ONE DRIVE','Result. Negativo',NULL,NULL,0,1,0,0,0,0,'2020-12-31 13:34:22'),(195,NULL,5120144,5,1,5120100,'OSDE','Result. Negativo',NULL,NULL,0,1,0,0,0,0,'2020-12-31 13:34:22'),(196,NULL,5120145,5,1,5120100,'SAS Constitucion','Result. Negativo',NULL,NULL,0,1,0,0,0,0,'2020-12-31 13:34:22'),(197,NULL,5120146,5,1,5120100,'Seguro de Vida Zurich','Result. Negativo',NULL,NULL,0,1,0,0,0,0,'2020-12-31 13:34:22'),(198,NULL,5120147,5,1,5120100,'Seguros','Result. Negativo',NULL,NULL,1,1,0,0,0,1,NULL),(199,NULL,5120148,5,1,5120100,'Internet','Result. Negativo',NULL,NULL,1,1,0,0,0,1,NULL),(200,NULL,5120149,5,1,5120100,'Seguro de Retiro Zurich','Result. Negativo',NULL,NULL,0,1,0,0,0,0,'2020-12-31 13:34:22'),(201,NULL,5140165,5,1,5140100,'Monotributo','Result. Negativo',NULL,NULL,1,2,0,0,1,1,NULL),(202,NULL,5140104,5,1,5140100,'IVA In Time SRL','Result. Negativo',NULL,NULL,0,1,0,0,0,0,'2020-12-31 13:34:22'),(203,NULL,5140105,5,1,5140100,'Autonomos','Result. Negativo',NULL,NULL,1,2,0,0,1,1,NULL);
INSERT INTO `conta_plan_cuenta` VALUES (204,NULL,5140106,5,1,5140100,'Multas Impositivas','Result. Negativo',NULL,NULL,1,1,0,0,0,1,NULL),(207,NULL,5120150,5,1,5120100,'Vanesa Gastos','Result. Negativo',NULL,NULL,0,1,0,0,0,0,'2020-12-31 13:34:22'),(208,NULL,5140166,5,1,5140100,'Impuesto a los Ingresos Brutos - BS AS','Result. Negativo',NULL,NULL,1,1,0,0,0,1,NULL),(209,NULL,5140107,5,1,5140100,'SIRCREB','Result. Negativo',NULL,NULL,1,1,0,0,0,1,NULL),(210,NULL,5140108,5,1,5140100,'Consejo Ciencias Economicas','Result. Negativo',NULL,NULL,0,1,0,0,0,0,'2020-12-31 13:34:22'),(211,NULL,5120152,5,1,5120100,'Albano Andres','Result. Negativo',NULL,NULL,0,1,0,0,0,0,'2020-12-31 13:34:22'),(212,NULL,5120153,5,1,5120100,'Tarjeta Visa','Result. Negativo',NULL,NULL,1,1,0,0,0,1,NULL),(213,NULL,5120154,5,1,5120100,'Tarjeta American Express','Result. Negativo',NULL,NULL,1,1,0,0,0,1,NULL),(214,NULL,5120155,5,1,5120100,'Tarjeta Mastercard','Result. Negativo',NULL,NULL,1,1,0,0,0,1,NULL),(215,NULL,5120156,5,1,5120100,'Imp. Municipales Sufrida','Result. Negativo',NULL,NULL,1,2,0,0,0,1,NULL),(216,NULL,5120157,5,1,5120100,'Perc/Ret. Imp. Ganancias Sufrida','Result. Negativo',NULL,NULL,1,2,0,0,0,1,NULL),(217,NULL,5120158,5,1,5120100,'Compras','Result. Negativo',NULL,NULL,1,2,0,0,0,1,NULL),(218,NULL,4110106,5,2,4110100,'Ventas No Gravadas','Result. Positivo',1,NULL,1,2,0,0,0,1,NULL),(219,NULL,6110103,5,1,6110100,'Pagos AFIP','Movimiento',NULL,NULL,1,2,0,0,1,1,NULL),(220,NULL,5140167,5,1,5140100,'Perc IVA -RG3337 Sufrida','Result. Negativo',6,NULL,1,2,0,0,0,1,NULL),(221,NULL,5140109,5,1,5140100,'Imps. Internos Sufrida','Result. Negativo',NULL,NULL,1,2,0,0,0,1,NULL),(222,NULL,5140110,5,1,5140100,'Imp. Gasoil Sufrida','Result. Negativo',NULL,NULL,1,2,0,0,0,1,NULL),(223,NULL,5140111,5,1,5140100,'Imp. Hídricos Sufrida','Result. Negativo',NULL,NULL,1,2,0,0,0,1,NULL),(224,NULL,5140112,5,1,5140100,'ITC Sufrida','Result. Negativo',NULL,NULL,1,2,0,0,0,1,NULL),(225,NULL,5140113,5,1,5140100,'Perc IIBB  Buenos Aires Sufrida','Result. Negativo',7,NULL,1,2,0,0,0,1,NULL),(226,NULL,5140114,5,1,5140100,'Perc IIBB  Capital Federal Sufrida','Result. Negativo',7,NULL,1,2,0,0,0,1,NULL),(227,NULL,5140115,5,1,5140100,'Perc IIBB  Catamarca Sufrida','Result. Negativo',7,NULL,1,2,0,0,0,1,NULL),(228,NULL,5140116,5,1,5140100,'Perc IIBB  Chaco Sufrida','Result. Negativo',7,NULL,1,2,0,0,0,1,NULL),(229,NULL,5140117,5,1,5140100,'Perc IIBB  Chubut Sufrida','Result. Negativo',7,NULL,1,2,0,0,0,1,NULL),(230,NULL,5140118,5,1,5140100,'Perc IIBB  Córdoba Sufrida','Result. Negativo',7,NULL,1,2,0,0,0,1,NULL),(231,NULL,5140119,5,1,5140100,'Perc IIBB  Corrientes Sufrida','Result. Negativo',7,NULL,1,2,0,0,0,1,NULL),(232,NULL,5140120,5,1,5140100,'Perc IIBB  Entre Ríos Sufrida','Result. Negativo',7,NULL,1,2,0,0,0,1,NULL),(233,NULL,5140121,5,1,5140100,'Perc IIBB  Formosa Sufrida','Result. Negativo',7,NULL,1,2,0,0,0,1,NULL),(234,NULL,5140122,5,1,5140100,'Perc IIBB  Jujuy Sufrida','Result. Negativo',7,NULL,1,2,0,0,0,1,NULL),(235,NULL,5140123,5,1,5140100,'Perc IIBB  La Pampa Sufrida','Result. Negativo',7,NULL,1,2,0,0,0,1,NULL),(236,NULL,5140124,5,1,5140100,'Perc IIBB  La Rioja Sufrida','Result. Negativo',7,NULL,1,2,0,0,0,1,NULL),(237,NULL,5140125,5,1,5140100,'Perc IIBB  Mendoza Sufrida','Result. Negativo',7,NULL,1,2,0,0,0,1,NULL),(238,NULL,5140126,5,1,5140100,'Perc IIBB  Misiones Sufrida','Result. Negativo',7,NULL,1,2,0,0,0,1,NULL),(239,NULL,5140127,5,1,5140100,'Perc IIBB  Neuquén Sufrida','Result. Negativo',7,NULL,1,2,0,0,0,1,NULL),(240,NULL,5140128,5,1,5140100,'Perc IIBB  Pascua Lama Sufrida','Result. Negativo',7,NULL,1,2,0,0,0,1,NULL),(241,NULL,5140129,5,1,5140100,'Perc IIBB  Río Negro Sufrida','Result. Negativo',7,NULL,1,2,0,0,0,1,NULL),(242,NULL,5140130,5,1,5140100,'Perc IIBB  Salta Sufrida','Result. Negativo',7,NULL,1,2,0,0,0,1,NULL),(243,NULL,5140131,5,1,5140100,'Perc IIBB  San Juan Sufrida','Result. Negativo',7,NULL,1,2,0,0,0,1,NULL),(244,NULL,5140132,5,1,5140100,'Perc IIBB  San Luis Sufrida','Result. Negativo',7,NULL,1,2,0,0,0,1,NULL);
INSERT INTO `conta_plan_cuenta` VALUES (245,NULL,5140133,5,1,5140100,'Perc IIBB  Santa Cruz Sufrida','Result. Negativo',7,NULL,1,2,0,0,0,1,NULL),(246,NULL,5140134,5,1,5140100,'Perc IIBB  Santa Fe Sufrida','Result. Negativo',7,NULL,1,2,0,0,0,1,NULL),(247,NULL,5140135,5,1,5140100,'Perc IIBB  Santiago del Estero Sufrida','Result. Negativo',7,NULL,1,2,0,0,0,1,NULL),(248,NULL,5140136,5,1,5140100,'Perc IIBB  Tierra del Fuego Sufrida','Result. Negativo',7,NULL,1,2,0,0,0,1,NULL),(249,NULL,5140137,5,1,5140100,'Perc IIBB  Tucuman Sufrida','Result. Negativo',7,NULL,1,2,0,0,0,1,NULL),(250,NULL,5140138,5,1,5140100,'Compras No Gravadas','Result. Negativo',NULL,NULL,1,2,0,0,0,1,NULL),(251,NULL,1140108,5,1,1140100,'Retenciones de IIBB Buenos Aires','Activo',NULL,NULL,1,2,1,0,0,1,NULL),(252,NULL,1140109,5,1,1140100,'Retenciones de IIBB Capital Federal','Activo',NULL,NULL,1,2,1,0,0,1,NULL),(253,NULL,1140110,5,1,1140100,'Retenciones de IIBB Catamarca','Activo',NULL,NULL,1,2,1,0,0,1,NULL),(254,NULL,1140111,5,1,1140100,'Retenciones de IIBB Chaco','Activo',NULL,NULL,1,2,1,0,0,1,NULL),(255,NULL,1140112,5,1,1140100,'Retenciones de IIBB Chubut','Activo',NULL,NULL,1,2,1,0,0,1,NULL),(256,NULL,1140113,5,1,1140100,'Retenciones de IIBB Córdoba','Activo',NULL,NULL,1,2,1,0,0,1,NULL),(257,NULL,1140114,5,1,1140100,'Retenciones de IIBB Corrientes','Activo',NULL,NULL,1,2,1,0,0,1,NULL),(258,NULL,1140115,5,1,1140100,'Retenciones de IIBB Entre Ríos','Activo',NULL,NULL,1,2,1,0,0,1,NULL),(259,NULL,1140116,5,1,1140100,'Retenciones de IIBB Formosa','Activo',NULL,NULL,1,2,1,0,0,1,NULL),(260,NULL,1140117,5,1,1140100,'Retenciones de IIBB Jujuy','Activo',NULL,NULL,1,2,1,0,0,1,NULL),(261,NULL,1140118,5,1,1140100,'Retenciones de IIBB La Pampa','Activo',NULL,NULL,1,2,1,0,0,1,NULL),(262,NULL,1140119,5,1,1140100,'Retenciones de IIBB La Rioja','Activo',NULL,NULL,1,2,1,0,0,1,NULL),(263,NULL,1140120,5,1,1140100,'Retenciones de IIBB Mendoza','Activo',NULL,NULL,1,2,1,0,0,1,NULL),(264,NULL,1140121,5,1,1140100,'Retenciones de IIBB Misiones','Activo',NULL,NULL,1,2,1,0,0,1,NULL),(265,NULL,1140122,5,1,1140100,'Retenciones de IIBB Neuquén','Activo',NULL,NULL,1,2,1,0,0,1,NULL),(266,NULL,1140123,5,1,1140100,'Retenciones de IIBB Pascua Lama','Activo',NULL,NULL,1,2,1,0,0,1,NULL),(267,NULL,1140124,5,1,1140100,'Retenciones de IIBB Río Negro','Activo',NULL,NULL,1,2,1,0,0,1,NULL),(268,NULL,1140125,5,1,1140100,'Retenciones de IIBB Salta','Activo',NULL,NULL,1,2,1,0,0,1,NULL),(269,NULL,1140126,5,1,1140100,'Retenciones de IIBB San Juan','Activo',NULL,NULL,1,2,1,0,0,1,NULL),(270,NULL,1140127,5,1,1140100,'Retenciones de IIBB San Luis','Activo',NULL,NULL,1,2,1,0,0,1,NULL),(271,NULL,1140128,5,1,1140100,'Retenciones de IIBB Santa Cruz','Activo',NULL,NULL,1,2,1,0,0,1,NULL),(272,NULL,1140129,5,1,1140100,'Retenciones de IIBB Santa Fe','Activo',NULL,NULL,1,2,1,0,0,1,NULL),(273,NULL,1140130,5,1,1140100,'Retenciones de IIBB Santiago del Estero','Activo',NULL,NULL,1,2,1,0,0,1,NULL),(274,NULL,1140131,5,1,1140100,'Retenciones de IIBB Tierra del Fuego','Activo',NULL,NULL,1,2,1,0,0,1,NULL),(275,NULL,1140132,5,1,1140100,'Retenciones de IIBB Tucuman','Activo',NULL,NULL,1,2,1,0,0,1,NULL),(276,NULL,5140168,5,1,5140100,'SIRCREB Buenos Aires','Result. Negativo',NULL,NULL,1,2,0,0,0,1,NULL),(277,NULL,5140139,5,1,5140100,'SIRCREB Capital Federal','Result. Negativo',NULL,NULL,1,2,0,0,0,1,NULL),(278,NULL,5140140,5,1,5140100,'SIRCREB Catamarca','Result. Negativo',NULL,NULL,1,2,0,0,0,1,NULL),(279,NULL,5140141,5,1,5140100,'SIRCREB Chaco','Result. Negativo',NULL,NULL,1,2,0,0,0,1,NULL),(280,NULL,5140142,5,1,5140100,'SIRCREB Chubut','Result. Negativo',NULL,NULL,1,2,0,0,0,1,NULL),(281,NULL,5140143,5,1,5140100,'SIRCREB Córdoba','Result. Negativo',NULL,NULL,1,2,0,0,0,1,NULL),(282,NULL,5140144,5,1,5140100,'SIRCREB Corrientes','Result. Negativo',NULL,NULL,1,2,0,0,0,1,NULL),(283,NULL,5140145,5,1,5140100,'SIRCREB Entre Ríos','Result. Negativo',NULL,NULL,1,2,0,0,0,1,NULL),(284,NULL,5140146,5,1,5140100,'SIRCREB Formosa','Result. Negativo',NULL,NULL,1,2,0,0,0,1,NULL);
INSERT INTO `conta_plan_cuenta` VALUES (285,NULL,5140147,5,1,5140100,'SIRCREB Jujuy','Result. Negativo',NULL,NULL,1,2,0,0,0,1,NULL),(286,NULL,5140148,5,1,5140100,'SIRCREB La Pampa','Result. Negativo',NULL,NULL,1,2,0,0,0,1,NULL),(287,NULL,5140149,5,1,5140100,'SIRCREB La Rioja','Result. Negativo',NULL,NULL,1,2,0,0,0,1,NULL),(288,NULL,5140150,5,1,5140100,'SIRCREB Mendoza','Result. Negativo',NULL,NULL,1,2,0,0,0,1,NULL),(289,NULL,5140151,5,1,5140100,'SIRCREB Misiones','Result. Negativo',NULL,NULL,1,2,0,0,0,1,NULL),(290,NULL,5140152,5,1,5140100,'SIRCREB Neuquén','Result. Negativo',NULL,NULL,1,2,0,0,0,1,NULL),(291,NULL,5140153,5,1,5140100,'SIRCREB Pascua Lama','Result. Negativo',NULL,NULL,1,2,0,0,0,1,NULL),(292,NULL,5140154,5,1,5140100,'SIRCREB Río Negro','Result. Negativo',NULL,NULL,1,2,0,0,0,1,NULL),(293,NULL,5140155,5,1,5140100,'SIRCREB Salta','Result. Negativo',NULL,NULL,1,2,0,0,0,1,NULL),(294,NULL,5140156,5,1,5140100,'SIRCREB San Juan','Result. Negativo',NULL,NULL,1,2,0,0,0,1,NULL),(295,NULL,5140157,5,1,5140100,'SIRCREB San Luis','Result. Negativo',NULL,NULL,1,2,0,0,0,1,NULL),(296,NULL,5140158,5,1,5140100,'SIRCREB Santa Cruz','Result. Negativo',NULL,NULL,1,2,0,0,0,1,NULL),(297,NULL,5140159,5,1,5140100,'SIRCREB Santa Fe','Result. Negativo',NULL,NULL,1,2,0,0,0,1,NULL),(298,NULL,5140160,5,1,5140100,'SIRCREB Santiago del Estero','Result. Negativo',NULL,NULL,1,2,0,0,0,1,NULL),(299,NULL,5140161,5,1,5140100,'SIRCREB Tierra del Fuego','Result. Negativo',NULL,NULL,1,2,0,0,0,1,NULL),(300,NULL,5140162,5,1,5140100,'SIRCREB Tucuman','Result. Negativo',NULL,NULL,1,2,0,0,0,1,NULL),(301,NULL,1140326,5,1,1140300,'IIBB a Favor Buenos Aires','Activo',NULL,NULL,1,2,0,0,0,1,NULL),(302,NULL,1140302,5,1,1140300,'IIBB a Favor Capital Federal','Activo',NULL,NULL,1,2,0,0,0,1,NULL),(303,NULL,1140303,5,1,1140300,'IIBB a Favor Catamarca','Activo',NULL,NULL,1,2,0,0,0,1,NULL),(304,NULL,1140304,5,1,1140300,'IIBB a Favor Chaco','Activo',NULL,NULL,1,2,0,0,0,1,NULL),(305,NULL,1140305,5,1,1140300,'IIBB a Favor Chubut','Activo',NULL,NULL,1,2,0,0,0,1,NULL),(306,NULL,1140306,5,1,1140300,'IIBB a Favor Córdoba','Activo',NULL,NULL,1,2,0,0,0,1,NULL),(307,NULL,1140307,5,1,1140300,'IIBB a Favor Corrientes','Activo',NULL,NULL,1,2,0,0,0,1,NULL),(308,NULL,1140308,5,1,1140300,'IIBB a Favor Entre Ríos','Activo',NULL,NULL,1,2,0,0,0,1,NULL),(309,NULL,1140309,5,1,1140300,'IIBB a Favor Formosa','Activo',NULL,NULL,1,2,0,0,0,1,NULL),(310,NULL,1140310,5,1,1140300,'IIBB a Favor Jujuy','Activo',NULL,NULL,1,2,0,0,0,1,NULL),(311,NULL,1140311,5,1,1140300,'IIBB a Favor La Pampa','Activo',NULL,NULL,1,2,0,0,0,1,NULL),(312,NULL,1140312,5,1,1140300,'IIBB a Favor La Rioja','Activo',NULL,NULL,1,2,0,0,0,1,NULL),(313,NULL,1140313,5,1,1140300,'IIBB a Favor Mendoza','Activo',NULL,NULL,1,2,0,0,0,1,NULL),(314,NULL,1140314,5,1,1140300,'IIBB a Favor Misiones','Activo',NULL,NULL,1,2,0,0,0,1,NULL),(315,NULL,1140315,5,1,1140300,'IIBB a Favor Neuquén','Activo',NULL,NULL,1,2,0,0,0,1,NULL),(316,NULL,1140316,5,1,1140300,'IIBB a Favor Pascua Lama','Activo',NULL,NULL,1,2,0,0,0,1,NULL),(317,NULL,1140317,5,1,1140300,'IIBB a Favor Río Negro','Activo',NULL,NULL,1,2,0,0,0,1,NULL),(318,NULL,1140318,5,1,1140300,'IIBB a Favor Salta','Activo',NULL,NULL,1,2,0,0,0,1,NULL),(319,NULL,1140319,5,1,1140300,'IIBB a Favor San Juan','Activo',NULL,NULL,1,2,0,0,0,1,NULL),(320,NULL,1140320,5,1,1140300,'IIBB a Favor San Luis','Activo',NULL,NULL,1,2,0,0,0,1,NULL),(321,NULL,1140321,5,1,1140300,'IIBB a Favor Santa Cruz','Activo',NULL,NULL,1,2,0,0,0,1,NULL),(322,NULL,1140322,5,1,1140300,'IIBB a Favor Santa Fe','Activo',NULL,NULL,1,2,0,0,0,1,NULL),(323,NULL,1140323,5,1,1140300,'IIBB a Favor Santiago del Estero','Activo',NULL,NULL,1,2,0,0,0,1,NULL),(324,NULL,1140324,5,1,1140300,'IIBB a Favor Tierra del Fuego','Activo',NULL,NULL,1,2,0,0,0,1,NULL),(325,NULL,1140325,5,1,1140300,'IIBB a Favor Tucuman','Activo',NULL,NULL,1,2,0,0,0,1,NULL),(326,NULL,2110317,5,2,2110300,'IIBB a Pagar Buenos Aires','Pasivo',NULL,NULL,1,2,0,0,0,1,NULL);
INSERT INTO `conta_plan_cuenta` VALUES (327,NULL,2110318,5,2,2110300,'IIBB a Pagar Capital Federal','Pasivo',NULL,NULL,1,2,0,0,0,1,NULL),(328,NULL,2110319,5,2,2110300,'IIBB a Pagar Catamarca','Pasivo',NULL,NULL,1,2,0,0,0,1,NULL),(329,NULL,2110320,5,2,2110300,'IIBB a Pagar Chaco','Pasivo',NULL,NULL,1,2,0,0,0,1,NULL),(330,NULL,2110321,5,2,2110300,'IIBB a Pagar Chubut','Pasivo',NULL,NULL,1,2,0,0,0,1,NULL),(331,NULL,2110322,5,2,2110300,'IIBB a Pagar Córdoba','Pasivo',NULL,NULL,1,2,0,0,0,1,NULL),(332,NULL,2110323,5,2,2110300,'IIBB a Pagar Corrientes','Pasivo',NULL,NULL,1,2,0,0,0,1,NULL),(333,NULL,2110324,5,2,2110300,'IIBB a Pagar Entre Ríos','Pasivo',NULL,NULL,1,2,0,0,0,1,NULL),(334,NULL,2110325,5,2,2110300,'IIBB a Pagar Formosa','Pasivo',NULL,NULL,1,2,0,0,0,1,NULL),(335,NULL,2110326,5,2,2110300,'IIBB a Pagar Jujuy','Pasivo',NULL,NULL,1,2,0,0,0,1,NULL),(336,NULL,2110327,5,2,2110300,'IIBB a Pagar La Pampa','Pasivo',NULL,NULL,1,2,0,0,0,1,NULL),(337,NULL,2110328,5,2,2110300,'IIBB a Pagar La Rioja','Pasivo',NULL,NULL,1,2,0,0,0,1,NULL),(338,NULL,2110329,5,2,2110300,'IIBB a Pagar Mendoza','Pasivo',NULL,NULL,1,2,0,0,0,1,NULL),(339,NULL,2110330,5,2,2110300,'IIBB a Pagar Misiones','Pasivo',NULL,NULL,1,2,0,0,0,1,NULL),(340,NULL,2110331,5,2,2110300,'IIBB a Pagar Neuquén','Pasivo',NULL,NULL,1,2,0,0,0,1,NULL),(341,NULL,2110332,5,2,2110300,'IIBB a Pagar Pascua Lama','Pasivo',NULL,NULL,1,2,0,0,0,1,NULL),(342,NULL,2110333,5,2,2110300,'IIBB a Pagar Río Negro','Pasivo',NULL,NULL,1,2,0,0,0,1,NULL),(343,NULL,2110334,5,2,2110300,'IIBB a Pagar Salta','Pasivo',NULL,NULL,1,2,0,0,0,1,NULL),(344,NULL,2110335,5,2,2110300,'IIBB a Pagar San Juan','Pasivo',NULL,NULL,1,2,0,0,0,1,NULL),(345,NULL,2110336,5,2,2110300,'IIBB a Pagar San Luis','Pasivo',NULL,NULL,1,2,0,0,0,1,NULL),(346,NULL,2110337,5,2,2110300,'IIBB a Pagar Santa Cruz','Pasivo',NULL,NULL,1,2,0,0,0,1,NULL),(347,NULL,2110338,5,2,2110300,'IIBB a Pagar Santa Fe','Pasivo',NULL,NULL,1,2,0,0,0,1,NULL),(348,NULL,2110339,5,2,2110300,'IIBB a Pagar Santiago del Estero','Pasivo',NULL,NULL,1,2,0,0,0,1,NULL),(349,NULL,2110340,5,2,2110300,'IIBB a Pagar Tierra del Fuego','Pasivo',NULL,NULL,1,2,0,0,0,1,NULL),(350,NULL,2110341,5,2,2110300,'IIBB a Pagar Tucuman','Pasivo',NULL,NULL,1,2,0,0,0,1,NULL),(351,NULL,6110101,5,1,6110100,'BANCO SIRCREB','Movimiento',NULL,NULL,1,2,0,0,1,1,NULL),(352,NULL,6110102,5,1,6110100,'Compensacion','Movimiento',NULL,NULL,1,2,0,0,0,1,NULL),(353,NULL,1140327,5,1,1140300,'IVA Saldo Tecnico','Activo',NULL,NULL,1,2,0,0,0,1,NULL),(354,NULL,1140328,5,1,1140300,'IVA Saldo Libre Disponibilidad','Activo',NULL,NULL,1,2,0,0,0,1,NULL),(355,NULL,6000000,1,1,0,'Movimiento','Movimiento',NULL,NULL,1,1,0,0,0,0,NULL),(356,NULL,6100000,2,1,6000000,'Movimiento','Movimiento',NULL,NULL,1,1,0,0,0,0,NULL),(357,NULL,6110000,3,1,6100000,'Movimiento','Movimiento',NULL,NULL,1,1,0,0,0,0,NULL),(358,NULL,4110000,3,2,4100000,'Ingresos Operativos','Result. Positivo',NULL,NULL,1,1,0,0,0,0,NULL),(359,NULL,1110120,5,1,1110100,'Caja en Pesos','Activo',NULL,NULL,1,2,1,1,1,0,NULL),(360,NULL,1140211,5,1,1140200,'Retenciones Bancarias de Ganancias a Favor','Activo',3,NULL,1,2,0,0,1,1,NULL),(361,NULL,1220104,5,1,1220100,'Equipos de Computación','Activo',5,NULL,1,1,0,0,0,1,NULL),(362,NULL,1220105,5,1,1220100,'Computadoras','Activo',5,NULL,1,1,0,0,0,1,NULL),(363,NULL,1220304,5,1,1220300,'Muebles y Utiles','Activo',5,NULL,1,1,0,0,0,1,NULL),(364,NULL,2110105,5,2,2110100,'Anticipo de Clientes','Pasivo',NULL,NULL,1,2,0,0,1,1,NULL),(365,NULL,2110401,5,2,2110400,'Provision Honorarios','Pasivo',NULL,NULL,1,1,0,0,0,1,NULL),(366,NULL,2110106,5,2,2110100,'Cta. Cte Directores','Pasivo',NULL,NULL,1,1,0,0,0,1,NULL),(367,NULL,2110107,5,2,2110100,'Provisión Honorarios Directores','Pasivo',NULL,NULL,1,1,0,0,0,1,NULL),(368,NULL,2110110,5,2,2110100,'Cuenta Particular Socio 1','Pasivo',NULL,NULL,1,1,0,0,0,1,NULL),(369,NULL,3110104,5,2,3110100,'Capital','Patrimonio Neto',NULL,NULL,1,1,0,0,0,1,NULL),(370,NULL,1120000,3,1,1100000,'INVERSIONES','Activo',NULL,NULL,1,1,0,0,0,0,NULL);
INSERT INTO `conta_plan_cuenta` VALUES (371,NULL,1160000,3,1,1100000,'OTROS ACTIVOS','Activo',5,NULL,1,1,0,0,0,0,NULL),(372,NULL,1160100,4,1,1160000,'OTROS','Activo',5,NULL,1,1,0,0,0,0,NULL),(373,NULL,2110400,4,2,2110000,'Provision de Honorarios','Pasivo',NULL,NULL,1,1,0,0,0,0,NULL),(374,NULL,3410100,4,1,3410000,'RESULTADOS ACUMULADOS','Patrimonio Neto',NULL,NULL,1,1,0,0,0,0,NULL),(375,NULL,3420000,3,1,3400000,'GANACIAS RESERVADAS','Patrimonio Neto',NULL,NULL,1,1,0,0,0,0,NULL),(376,NULL,3420100,4,1,3420000,'Rerva Legal','Patrimonio Neto',NULL,NULL,1,1,0,0,0,0,NULL),(377,NULL,1220400,4,1,1220000,'INMUEBLES','Activo',5,NULL,1,1,0,0,0,0,NULL),(378,NULL,1220500,4,1,1220000,'RODADOS','Activo',5,NULL,1,1,0,0,0,0,NULL),(379,NULL,1220600,4,1,1220000,'MAQUINARIAS','Activo',5,NULL,1,1,0,0,0,0,NULL),(380,NULL,1220204,5,1,1220200,'Instalaciones','Activo',5,NULL,1,1,0,0,0,1,NULL),(381,NULL,3420101,5,2,3420100,'Reserva Legal','Patrimonio Neto',NULL,NULL,1,1,0,0,0,1,NULL),(382,NULL,3420102,5,2,3420100,'Reserva Legal','Patrimonio Neto',NULL,NULL,1,1,0,0,0,1,'2020-12-31 13:34:22'),(383,NULL,3410105,5,2,3410100,'Resultado no asignado','Patrimonio Neto',NULL,NULL,1,1,0,0,0,1,NULL),(384,NULL,1110121,5,1,1110100,'Caja en Dolares','Activo',NULL,NULL,1,2,1,1,1,0,NULL),(385,NULL,1120100,4,1,1120000,'TEMPORARIAS','Activo',NULL,NULL,1,1,0,0,0,0,NULL),(386,NULL,1120101,5,1,1120100,'PLAZO FIJO','Activo',NULL,NULL,1,1,0,0,0,1,NULL),(387,NULL,1120200,4,1,1120000,'PERMANENTES','Activo',NULL,NULL,1,1,0,0,0,0,NULL),(388,NULL,1120201,5,1,1120200,'ACCIONES','Activo',NULL,NULL,1,1,0,0,0,1,NULL),(389,NULL,1220401,5,1,1220400,'Inmuebles','Activo',5,NULL,1,1,0,0,0,1,NULL),(390,NULL,1220501,5,1,1220500,'Vehiculos','Activo',5,NULL,1,1,0,0,0,1,NULL),(391,NULL,1220601,5,1,1220600,'Maquinarias','Activo',5,NULL,1,1,0,0,0,1,NULL),(392,NULL,1150401,5,1,1150400,'MERCADERIAS','Activo',5,NULL,1,1,0,0,0,1,NULL),(393,NULL,1160101,5,1,1160100,'OTROS','Activo',5,NULL,1,1,0,0,0,1,NULL),(394,NULL,1230100,4,1,1230000,'INTANGIBLES','Activo',5,NULL,1,1,0,0,0,0,NULL),(395,NULL,2110119,5,2,2110100,'Cuenta Particular Socio 2','Pasivo',NULL,NULL,1,1,0,0,0,1,NULL),(396,NULL,5120160,5,1,5120100,'Comisiones Y gastos Bancarios','Result. Negativo',NULL,NULL,1,1,0,0,0,1,NULL),(397,NULL,4110100,4,2,4110000,'Ingresos Operativos','Result. Positivo',NULL,NULL,1,1,0,0,0,0,NULL),(398,NULL,4120100,4,2,4120000,'OTROS INGRESOS','Result. Positivo',NULL,NULL,1,1,0,0,0,0,NULL),(399,NULL,5110000,3,1,5100000,'GASTOS ORDINARIOS','Result. Negativo',NULL,NULL,1,1,0,0,0,0,NULL),(400,NULL,5120000,3,1,5100000,'GASTOS DE OPERACION','Result. Negativo',NULL,NULL,1,1,0,0,0,0,NULL),(401,NULL,5130000,3,1,5100000,'GASTOS DE OPERACION','Result. Negativo',NULL,NULL,1,1,0,0,0,0,NULL),(402,NULL,5140000,3,1,5100000,'GASTOS DE OPERACION','Result. Negativo',NULL,NULL,1,1,0,0,0,0,NULL),(403,NULL,5210000,3,1,5200000,'GASTOS EXTRAORDINARIOS','Result. Negativo',NULL,NULL,1,1,0,0,0,0,NULL),(404,NULL,5210100,4,1,5210000,'GASTOS EXTRAORDINARIOS','Result. Negativo',NULL,NULL,1,1,0,0,0,0,NULL),(405,NULL,6110100,4,1,6110000,'Movimiento','Movimiento',NULL,NULL,1,1,0,0,0,0,NULL),(406,NULL,1130100,4,1,1130000,'Operaciones Ordinarias','Activo',NULL,NULL,1,1,0,0,0,0,NULL),(407,NULL,3110000,3,2,3100000,'CAPITAL SOCIAL','Patrimonio Neto',NULL,NULL,1,1,0,0,0,0,NULL),(408,NULL,3410000,3,2,3400000,'RESULTADOS ANTERIORES','Patrimonio Neto',NULL,NULL,1,1,0,0,0,0,NULL),(409,NULL,5110101,5,2,5110000,'IVA Crédito Fiscal No computable','Result. Negativo',NULL,NULL,1,2,0,0,1,1,NULL),(410,NULL,1110203,5,1,1110200,'Banco ICBC Cta. Cte.','Activo',NULL,NULL,1,2,1,1,1,0,NULL),(411,NULL,2110342,5,2,2110300,'Provisión Impuesto a las Ganancias','Pasivo',NULL,NULL,1,1,0,0,0,1,NULL),(412,NULL,5120107,5,2,5120000,'Amortización Muebles y Útiles','Result. Negativo',NULL,NULL,1,1,0,0,0,1,NULL),(413,NULL,5120102,5,2,5120000,'Amortización Equipos','Result. Negativo',NULL,NULL,1,1,0,0,0,1,NULL),(414,NULL,1220109,5,1,1220100,'Amortizacion Acumulada Equipos','Activo',5,NULL,1,1,0,0,0,1,NULL);
INSERT INTO `conta_plan_cuenta` VALUES (415,NULL,1220602,5,1,1220600,'Amortización Acumulada Maquinarias','Activo',5,NULL,1,1,0,0,0,1,NULL),(416,NULL,1160102,5,1,1160100,'Materias Primas','Activo',5,NULL,1,1,0,0,0,1,NULL),(417,NULL,1110204,5,1,1110200,'Banco Itaú Cta. Cte.','Activo',NULL,NULL,1,2,1,1,1,0,NULL),(418,NULL,2110113,5,2,2110100,'Deudas Bancarias','Pasivo',NULL,NULL,1,2,0,1,1,1,NULL),(419,NULL,1220502,5,1,1220500,'Rodados','Activo',5,NULL,1,1,0,0,0,1,NULL),(420,NULL,1220503,5,1,1220500,'Amortización Acumulada Rodados','Activo',5,NULL,1,1,0,0,0,1,NULL),(421,NULL,5120105,5,2,5120000,'Amortización Rodados','Result. Negativo',NULL,NULL,1,1,0,0,0,1,'2020-12-31 13:34:22'),(422,NULL,5120109,5,2,5120000,'Amortización Maquinarias','Result. Negativo',NULL,NULL,1,1,0,0,0,1,'2020-12-31 13:34:22'),(423,NULL,1220504,5,1,1220500,'Accesorios','Activo',5,NULL,1,1,0,0,0,1,NULL),(424,NULL,1220505,5,1,1220500,'Amortización Acumulada Accesorios','Activo',5,NULL,1,1,0,0,0,1,NULL),(425,NULL,1110205,5,1,1110200,'Banco Galicia Cta. Cte.','Activo',NULL,NULL,1,2,1,1,1,0,NULL),(426,NULL,3420101,5,2,3420000,'Reserva Facultativa','Patrimonio Neto',NULL,NULL,1,1,0,0,0,1,NULL),(427,NULL,1140212,5,1,1140200,'Créditos por Impuestos Diferidos','Activo',NULL,NULL,1,1,0,0,0,1,NULL),(428,NULL,1160103,5,1,1160100,'Fondo de Comercio','Activo',5,NULL,1,1,0,0,0,1,NULL),(429,NULL,1160104,5,1,1160100,'Amortizacion Acumulada Fondo de Comercio','Activo',5,NULL,1,1,0,0,0,1,NULL),(430,NULL,1140213,5,1,1140200,'Intereses a devengar AGIP','Activo',NULL,NULL,1,1,0,0,0,1,NULL),(431,NULL,2110343,5,2,2110300,'PFP IIBB','Pasivo',NULL,NULL,1,1,0,0,0,1,'2020-12-31 13:34:22'),(432,NULL,1140330,5,1,1140300,'Pago a Cuenta ITC','Activo',NULL,NULL,1,2,0,0,0,1,NULL),(433,NULL,2110114,5,2,2110100,'Préstamo','Pasivo',NULL,NULL,1,2,0,1,1,1,NULL),(434,NULL,1160106,5,1,1160100,'Productos','Activo',5,NULL,1,1,0,0,0,1,NULL),(435,NULL,2110345,5,2,2110300,'Intereses a devengar PFP','Pasivo',NULL,NULL,1,1,0,0,0,1,NULL),(436,NULL,1110206,5,1,1110200,'Banco Provincia Cta. Cte.','Activo',NULL,NULL,1,2,1,1,1,0,NULL),(437,NULL,1140215,5,1,1140200,'Imp. Ley 25413 Cred 0.6%','Activo',NULL,NULL,1,1,0,0,0,1,NULL),(438,NULL,2110402,5,2,2110400,'Honorarios Directorio a Pagar','Pasivo',NULL,NULL,1,1,0,0,0,1,NULL),(439,NULL,3110101,5,2,3110100,'Reserva para Futuras Inversiones','Patrimonio Neto',NULL,NULL,1,1,0,0,0,1,NULL),(440,NULL,1130106,5,1,1130100,'TEAC - Trabajos Ejecutados a Certificar','Activo',NULL,NULL,1,1,0,0,0,1,NULL),(441,NULL,2110115,5,2,2110100,'Leasing','Pasivo',NULL,NULL,1,2,0,1,1,1,NULL),(442,NULL,1110207,5,1,1110200,'Banco Comafi Cta. Cte','Activo',NULL,NULL,1,2,1,1,1,0,NULL),(443,NULL,2110500,4,2,2110000,'Deudas Financieras','Pasivo',NULL,NULL,1,1,0,0,0,0,NULL),(444,NULL,2110501,5,2,2110500,'Banco Santander Rio Cta Cte','Pasivo',NULL,NULL,1,1,0,0,0,1,NULL),(446,NULL,2210000,3,2,2200000,'Deudas','Pasivo',NULL,NULL,1,1,0,0,0,0,NULL),(447,8564,2210100,4,2,2210000,'Otras Deudas','Pasivo',NULL,NULL,1,1,0,0,0,0,NULL),(448,NULL,2210101,5,2,2210100,'Planes de Pagos AFIP','Pasivo',NULL,NULL,1,2,0,1,1,1,NULL),(449,NULL,2110502,5,2,2110500,'Leasing','Pasivo',NULL,NULL,1,1,0,0,0,1,NULL),(450,NULL,6110101,5,1,6110000,'Cheques Rechazados','Movimiento',NULL,NULL,1,2,0,0,1,1,NULL),(451,NULL,1110208,5,1,1110200,'Banco Patagonia Taxes Software','Activo',NULL,NULL,1,2,1,1,1,0,NULL),(452,NULL,1110209,5,1,1110200,'Banco Macro Cta. Cte.','Activo',NULL,NULL,1,2,1,1,1,0,NULL),(453,NULL,1120202,5,1,1120200,'Inversión Central Caribe','Activo',NULL,NULL,1,1,0,0,0,1,'2020-12-31 13:34:22'),(454,NULL,1120102,5,1,1120100,'Otras Inversiones','Activo',NULL,NULL,1,1,0,0,0,1,NULL),(455,NULL,1140216,5,1,1140200,'Otros Créditos','Activo',NULL,NULL,1,1,0,0,0,1,NULL),(456,NULL,2110403,5,2,2110400,'Provisión Honorarios Socio Gerente','Pasivo',NULL,NULL,1,1,0,0,0,1,NULL),(457,NULL,1110210,5,1,1110200,'Cheque Diferido Banco Santander Rio','Activo',NULL,NULL,1,2,1,1,1,0,'2020-12-31 13:34:22');
INSERT INTO `conta_plan_cuenta` VALUES (458,NULL,1110211,5,1,1110200,'Cheque Diferido Banco Macro','Activo',NULL,NULL,1,2,1,1,1,0,'2020-12-31 13:34:22'),(459,NULL,2110204,5,2,2110200,'Moratoria SUSS a pagar','Pasivo',NULL,NULL,1,1,0,0,0,1,NULL),(460,NULL,2110344,5,2,2110300,'Impuestos Municipales a Pagar','Pasivo',NULL,NULL,1,1,0,0,0,1,NULL),(461,NULL,5110103,5,2,5110000,'Amortización Instalaciones','Result. Negativo',NULL,NULL,1,1,0,0,0,1,NULL),(462,NULL,5120110,5,2,5120000,'Amortización Equipos de comput.','Result. Negativo',NULL,NULL,1,1,0,0,0,1,'2020-12-31 13:34:22'),(463,NULL,2110118,5,2,2110100,'Cuenta Particular Socio 3','Pasivo',NULL,NULL,1,1,0,0,0,1,NULL),(464,NULL,2110120,5,2,2110100,'Cuenta Particular Socio 4','Pasivo',NULL,NULL,1,1,0,0,0,1,NULL),(465,NULL,3110102,5,2,3110100,'Otras Reservas','Patrimonio Neto',NULL,NULL,1,1,0,0,0,1,NULL),(466,NULL,1140331,5,1,1140300,'IGMP (Saldo a Favor)','Activo',NULL,NULL,1,1,0,0,0,1,NULL),(467,NULL,5110104,5,2,5110000,'Interés','Result. Negativo',NULL,NULL,1,2,0,0,1,1,NULL),(468,NULL,1150402,5,1,1150400,'Productos en Proceso','Activo',5,NULL,1,1,0,0,0,1,NULL),(469,NULL,2110205,5,2,2110200,'Depósitos en Garantía Socio Gerente','Pasivo',NULL,NULL,1,1,0,0,0,1,NULL),(470,NULL,2110346,5,2,2110300,'Fondos Embargados','Pasivo',NULL,NULL,1,1,0,0,0,1,NULL),(471,NULL,2110347,5,2,2110300,'Cuota Solid.','Pasivo',NULL,NULL,1,1,0,0,0,1,'2020-12-31 13:34:22'),(472,NULL,1140332,5,1,1140300,'Anticipo Honorarios Directores','Activo',NULL,NULL,1,1,0,0,0,1,NULL),(473,NULL,2110348,5,2,2110300,'SICORE a Pagar','Pasivo',NULL,NULL,1,1,0,0,0,1,NULL),(474,NULL,1110212,5,1,1110200,'Banco Credicoop Cta. Cte.','Activo',NULL,NULL,1,2,1,1,1,0,NULL),(475,NULL,1110213,5,1,1110200,'Banco Superville Cta. Cte.','Activo',NULL,NULL,1,2,1,1,1,0,NULL),(476,NULL,5110105,5,2,5110000,'RECPAM','Result. Negativo',NULL,NULL,1,2,0,0,0,1,NULL),(477,NULL,1110125,5,1,1110100,'Caja Reales','Activo',NULL,NULL,1,2,1,1,1,0,NULL),(478,NULL,5140169,5,1,5140100,'CO2 - Imp. Al Carbono Sufrida','Result. Negativo',NULL,NULL,1,2,0,0,0,1,NULL),(479,NULL,1140300,4,1,1140000,'Anticipo de Impuestos','Activo',NULL,NULL,1,1,0,0,0,0,NULL),(480,NULL,2110600,4,2,2110000,'Retenciones Efectuadas','Pasivo',NULL,NULL,1,1,0,0,0,0,NULL),(481,NULL,4200000,2,2,4000000,'INGRESOS EXTRAORDINARIOS','Result. Positivo',NULL,NULL,1,1,0,0,0,0,NULL),(482,8564,1110214,5,1,1110200,'Banco Frances CTA CTE Especial  $','Activo',NULL,NULL,1,1,1,1,1,0,NULL),(483,8564,1140224,5,1,1140200,'IVA CREDITO FISCAL ALICUOTA REDUCIDA','Activo',NULL,NULL,1,1,0,0,0,1,NULL),(1001,NULL,5140170,5,1,5140100,'SIRTAC Córdoba','Result. Negativo',NULL,NULL,1,2,0,0,0,1,NULL),(1002,NULL,5140171,5,1,5140100,'SIRTAC Corrientes','Result. Negativo',NULL,NULL,1,2,0,0,0,1,NULL),(1003,NULL,5140172,5,1,5140100,'SIRTAC Chaco','Result. Negativo',NULL,NULL,1,2,0,0,0,1,NULL),(1004,NULL,5140173,5,1,5140100,'SIRTAC Chubut','Result. Negativo',NULL,NULL,1,2,0,0,0,1,NULL),(1005,NULL,5140174,5,1,5140100,'SIRTAC Entre Ríos','Result. Negativo',NULL,NULL,1,2,0,0,0,1,NULL),(1006,NULL,5140175,5,1,5140100,'SIRTAC Formosa','Result. Negativo',NULL,NULL,1,2,0,0,0,1,NULL),(1007,NULL,5140176,5,1,5140100,'SIRTAC Jujuy','Result. Negativo',NULL,NULL,1,2,0,0,0,1,NULL),(1008,NULL,5140177,5,1,5140100,'SIRTAC La Pampa','Result. Negativo',NULL,NULL,1,2,0,0,0,1,NULL),(1009,NULL,5140178,5,1,5140100,'SIRTAC La Rioja','Result. Negativo',NULL,NULL,1,2,0,0,0,1,NULL),(1010,NULL,5140179,5,1,5140100,'SIRTAC Mendoza','Result. Negativo',NULL,NULL,1,2,0,0,0,1,NULL),(1011,NULL,5140180,5,1,5140100,'SIRTAC Misiones','Result. Negativo',NULL,NULL,1,2,0,0,0,1,NULL),(1012,NULL,5140181,5,1,5140100,'SIRTAC Neuquén','Result. Negativo',NULL,NULL,1,2,0,0,0,1,NULL),(1013,NULL,5140182,5,1,5140100,'SIRTAC Río Negro','Result. Negativo',NULL,NULL,1,2,0,0,0,1,NULL),(1014,NULL,5140183,5,1,5140100,'SIRTAC Salta','Result. Negativo',NULL,NULL,1,2,0,0,0,1,NULL),(1015,NULL,5140184,5,1,5140100,'SIRTAC San Juan','Result. Negativo',NULL,NULL,1,2,0,0,0,1,NULL);
INSERT INTO `conta_plan_cuenta` VALUES (1016,NULL,5140185,5,1,5140100,'SIRTAC San Luis','Result. Negativo',NULL,NULL,1,2,0,0,0,1,NULL),(1017,NULL,5140186,5,1,5140100,'SIRTAC Santa Cruz','Result. Negativo',NULL,NULL,1,2,0,0,0,1,NULL),(1018,NULL,5140187,5,1,5140100,'SIRTAC Santa Fe','Result. Negativo',NULL,NULL,1,2,0,0,0,1,NULL),(1019,NULL,5140188,5,1,5140100,'SIRTAC Santiago del Estero','Result. Negativo',NULL,NULL,1,2,0,0,0,1,NULL),(1020,NULL,5140189,5,1,5140100,'SIRTAC Tierra del Fuego','Result. Negativo',NULL,NULL,1,2,0,0,0,1,NULL),(1021,NULL,5140190,5,1,5140100,'SIRTAC Tucuman','Result. Negativo',NULL,NULL,1,2,0,0,0,1,NULL),(1022,NULL,5140191,5,1,5140100,'SIRTAC Capital Federal','Result. Negativo',NULL,NULL,1,2,0,0,0,1,NULL),(1023,NULL,5140192,5,1,5140100,'SIRTAC Buenos Aires','Result. Negativo',NULL,NULL,1,2,0,0,0,1,NULL),(1024,NULL,5140193,5,1,5140100,'SIRTAC Catamarca','Result. Negativo',NULL,NULL,1,2,0,0,0,1,NULL),(1025,NULL,5140194,5,1,5140100,'SIRTAC Pascua Lama','Result. Negativo',NULL,NULL,1,2,0,0,0,1,NULL),(1026,NULL,6110104,5,1,6110100,'BANCO SIRTAC','Movimiento',NULL,NULL,1,2,0,0,1,1,NULL),(1027,8564,2110503,5,2,2110500,'Intereses a pagar','Pasivo',NULL,NULL,1,1,1,0,0,1,NULL),(1400,NULL,5140267,5,1,5140100,'Perc IVA -RG3337 Efectuada','Result. Negativo',NULL,NULL,1,2,0,0,0,1,NULL),(1401,NULL,5140209,5,1,5140100,'Imps. Internos Efectuada','Result. Negativo',NULL,NULL,1,2,0,0,0,1,NULL),(1402,NULL,5140210,5,1,5140100,'Imp. Gasoil Efectuada','Result. Negativo',NULL,NULL,1,2,0,0,0,1,NULL),(1403,NULL,5140211,5,1,5140100,'Imp. Hídricos Efectuada','Result. Negativo',NULL,NULL,1,2,0,0,0,1,NULL),(1404,NULL,5140212,5,1,5140100,'ITC Efectuada','Result. Negativo',NULL,NULL,1,2,0,0,0,1,NULL),(1405,NULL,5140213,5,1,5140100,'Perc IIBB  Buenos Aires Efectuada','Result. Negativo',NULL,NULL,1,2,0,0,0,1,NULL),(1406,NULL,5140214,5,1,5140100,'Perc IIBB  Capital Federal Efectuada','Result. Negativo',NULL,NULL,1,2,0,0,0,1,NULL),(1407,NULL,5140215,5,1,5140100,'Perc IIBB  Catamarca Efectuada','Result. Negativo',NULL,NULL,1,2,0,0,0,1,NULL),(1408,NULL,5140216,5,1,5140100,'Perc IIBB  Chaco Efectuada','Result. Negativo',NULL,NULL,1,2,0,0,0,1,NULL),(1409,NULL,5140217,5,1,5140100,'Perc IIBB  Chubut Efectuada','Result. Negativo',NULL,NULL,1,2,0,0,0,1,NULL),(1410,NULL,5140218,5,1,5140100,'Perc IIBB  Córdoba Efectuada','Result. Negativo',NULL,NULL,1,2,0,0,0,1,NULL),(1411,NULL,5140219,5,1,5140100,'Perc IIBB  Corrientes Efectuada','Result. Negativo',NULL,NULL,1,2,0,0,0,1,NULL),(1412,NULL,5140220,5,1,5140100,'Perc IIBB  Entre Ríos Efectuada','Result. Negativo',NULL,NULL,1,2,0,0,0,1,NULL),(1413,NULL,5140221,5,1,5140100,'Perc IIBB  Formosa Efectuada','Result. Negativo',NULL,NULL,1,2,0,0,0,1,NULL),(1414,NULL,5140222,5,1,5140100,'Perc IIBB  Jujuy Efectuada','Result. Negativo',NULL,NULL,1,2,0,0,0,1,NULL),(1415,NULL,5140223,5,1,5140100,'Perc IIBB  La Pampa Efectuada','Result. Negativo',NULL,NULL,1,2,0,0,0,1,NULL),(1416,NULL,5140224,5,1,5140100,'Perc IIBB  La Rioja Efectuada','Result. Negativo',NULL,NULL,1,2,0,0,0,1,NULL),(1417,NULL,5140225,5,1,5140100,'Perc IIBB  Mendoza Efectuada','Result. Negativo',NULL,NULL,1,2,0,0,0,1,NULL),(1418,NULL,5140226,5,1,5140100,'Perc IIBB  Misiones Efectuada','Result. Negativo',NULL,NULL,1,2,0,0,0,1,NULL),(1419,NULL,5140227,5,1,5140100,'Perc IIBB  Neuquén Efectuada','Result. Negativo',NULL,NULL,1,2,0,0,0,1,NULL),(1420,NULL,5140228,5,1,5140100,'Perc IIBB  Pascua Lama Efectuada','Result. Negativo',NULL,NULL,1,2,0,0,0,1,NULL),(1421,NULL,5140229,5,1,5140100,'Perc IIBB  Río Negro Efectuada','Result. Negativo',NULL,NULL,1,2,0,0,0,1,NULL),(1422,NULL,5140230,5,1,5140100,'Perc IIBB  Salta Efectuada','Result. Negativo',NULL,NULL,1,2,0,0,0,1,NULL),(1423,NULL,5140231,5,1,5140100,'Perc IIBB  San Juan Efectuada','Result. Negativo',NULL,NULL,1,2,0,0,0,1,NULL),(1424,NULL,5140232,5,1,5140100,'Perc IIBB  San Luis Efectuada','Result. Negativo',NULL,NULL,1,2,0,0,0,1,NULL),(1425,NULL,5140233,5,1,5140100,'Perc IIBB  Santa Cruz Efectuada','Result. Negativo',NULL,NULL,1,2,0,0,0,1,NULL);
INSERT INTO `conta_plan_cuenta` VALUES (1426,NULL,5140234,5,1,5140100,'Perc IIBB  Santa Fe Efectuada','Result. Negativo',NULL,NULL,1,2,0,0,0,1,NULL),(1427,NULL,5140235,5,1,5140100,'Perc IIBB  Santiago del Estero Efectuada','Result. Negativo',NULL,NULL,1,2,0,0,0,1,NULL),(1428,NULL,5140236,5,1,5140100,'Perc IIBB  Tierra del Fuego Efectuada','Result. Negativo',NULL,NULL,1,2,0,0,0,1,NULL),(1429,NULL,5140237,5,1,5140100,'Perc IIBB  Tucuman Efectuada','Result. Negativo',NULL,NULL,1,2,0,0,0,1,NULL),(1430,NULL,5140269,5,1,5140100,'CO2 - Imp. Al Carbono Efectuada','Result. Negativo',NULL,NULL,1,2,0,0,0,1,NULL),(1431,NULL,5120256,5,1,5120100,'Imp. Municipales Efectuada','Result. Negativo',NULL,NULL,1,2,0,0,0,1,NULL),(1432,NULL,5120257,5,1,5120100,'Perc/Ret. Imp. Ganancias Efectuada','Result. Negativo',NULL,NULL,1,2,0,0,0,1,NULL),(1433,8564,5120108,5,2,5120100,'COSTO DE MERCADERIA VENDIDA','Result. Negativo',NULL,NULL,1,1,0,0,0,0,NULL);

--
-- Table structure for table `conta_tipo_asientos`
--

CREATE TABLE `conta_tipo_asientos` (
  `id` int(10) unsigned NOT NULL AUTO_INCREMENT,
  `nombre` varchar(255) COLLATE utf8mb4_unicode_ci DEFAULT NULL,
  `created_at` timestamp NULL DEFAULT NULL,
  `updated_at` timestamp NULL DEFAULT NULL,
  `deleted_at` timestamp NULL DEFAULT NULL,
  `orden` int(11) DEFAULT NULL,
  PRIMARY KEY (`id`)
) ENGINE=InnoDB AUTO_INCREMENT=27 DEFAULT CHARSET=utf8mb4 COLLATE=utf8mb4_unicode_ci;

--
-- Dumping data for table `conta_tipo_asientos`
--

INSERT INTO `conta_tipo_asientos` VALUES (1,'Sueldos',NULL,NULL,NULL,11),(2,'Ingresos',NULL,NULL,NULL,9),(3,'Egresos',NULL,NULL,NULL,10),(4,'Amortizaciones',NULL,NULL,NULL,4),(5,'Banco',NULL,NULL,NULL,15),(6,'Ganancias',NULL,NULL,NULL,12),(7,'Retenciones',NULL,NULL,NULL,13),(8,'SIRCREB',NULL,NULL,NULL,14),(9,'Compensaciones',NULL,NULL,NULL,16),(10,'Pagos AFIP',NULL,NULL,NULL,17),(11,'Ajustes',NULL,NULL,NULL,3),(12,'Saldos Iniciales',NULL,NULL,NULL,1),(13,'Cancelacion de Iniciales',NULL,NULL,NULL,2),(14,'Patrimonio Neto',NULL,NULL,NULL,8),(15,'Liquidaciones IVA',NULL,NULL,NULL,18),(16,'Liquidacion IIBB',NULL,NULL,NULL,19),(17,'Asientos de Cierre',NULL,NULL,NULL,5),(18,'Reclasificacion',NULL,NULL,NULL,6),(19,'Otros',NULL,NULL,NULL,7),(20,'Cobranzas','2019-10-02 03:20:37','2019-10-02 03:20:37',NULL,NULL),(21,'Pagos','2019-10-02 03:20:37','2019-10-02 03:20:37',NULL,NULL),(22,'Tesoreria','2019-10-19 02:10:24','2019-10-19 02:10:24',NULL,NULL),(23,'Ajuste por Inflacion','2020-03-01 06:39:20','2020-03-01 06:39:20',NULL,NULL),(24,'SIRTAC','2023-10-16 21:25:58','2023-10-16 21:25:58',NULL,20),(25,'Compensaciones Compras',NULL,NULL,NULL,NULL),(26,'Compensaciones Ventas',NULL,NULL,NULL,NULL);

--
-- Table structure for table `conta_tipo_cuentas`
--

CREATE TABLE `conta_tipo_cuentas` (
  `id` int(10) unsigned NOT NULL AUTO_INCREMENT,
  `tipo_cuenta` varchar(255) COLLATE utf8mb4_unicode_ci DEFAULT NULL,
  `created_at` timestamp NULL DEFAULT NULL,
  `updated_at` timestamp NULL DEFAULT NULL,
  `deleted_at` timestamp NULL DEFAULT NULL,
  PRIMARY KEY (`id`)
) ENGINE=InnoDB AUTO_INCREMENT=6 DEFAULT CHARSET=utf8mb4 COLLATE=utf8mb4_unicode_ci;

--
-- Dumping data for table `conta_tipo_cuentas`
--

INSERT INTO `conta_tipo_cuentas` VALUES (1,'Rubro',NULL,NULL,NULL),(2,'SubRubro',NULL,NULL,NULL),(3,'Grupo',NULL,NULL,NULL),(4,'SubGrupo',NULL,NULL,NULL),(5,'Cuenta',NULL,NULL,NULL);

--
-- Table structure for table `conta_tipo_saldos`
--

CREATE TABLE `conta_tipo_saldos` (
  `id` int(10) unsigned NOT NULL AUTO_INCREMENT,
  `saldo` varchar(255) COLLATE utf8mb4_unicode_ci DEFAULT NULL,
  `created_at` timestamp NULL DEFAULT NULL,
  `updated_at` timestamp NULL DEFAULT NULL,
  `deleted_at` timestamp NULL DEFAULT NULL,
  PRIMARY KEY (`id`)
) ENGINE=InnoDB AUTO_INCREMENT=3 DEFAULT CHARSET=utf8mb4 COLLATE=utf8mb4_unicode_ci;

--
-- Dumping data for table `conta_tipo_saldos`
--

INSERT INTO `conta_tipo_saldos` VALUES (1,'Deudor',NULL,NULL,NULL),(2,'Acreedor',NULL,NULL,NULL);

--
-- Table structure for table `control_cuits_afip`
--

CREATE TABLE `control_cuits_afip` (
  `id` int(10) unsigned NOT NULL AUTO_INCREMENT,
  `user_id` int(10) unsigned DEFAULT NULL,
  `person_id` int(10) unsigned NOT NULL,
  `field_name1` varchar(191) COLLATE utf8mb4_unicode_ci DEFAULT NULL,
  `cuit` varchar(191) COLLATE utf8mb4_unicode_ci DEFAULT NULL,
  `error` varchar(191) COLLATE utf8mb4_unicode_ci DEFAULT NULL,
  `created_at` timestamp NULL DEFAULT NULL,
  `updated_at` timestamp NULL DEFAULT NULL,
  `deleted_at` timestamp NULL DEFAULT NULL,
  PRIMARY KEY (`id`),
  KEY `control_cuits_afip_person_id_foreign` (`person_id`),
  CONSTRAINT `control_cuits_afip_person_id_foreign` FOREIGN KEY (`person_id`) REFERENCES `persons` (`id`)
) ENGINE=InnoDB DEFAULT CHARSET=utf8mb4 COLLATE=utf8mb4_unicode_ci;

--
-- Dumping data for table `control_cuits_afip`
--


--
-- Table structure for table `control_general`
--

CREATE TABLE `control_general` (
  `id` int(10) unsigned NOT NULL AUTO_INCREMENT,
  `description` varchar(180) COLLATE utf8mb4_unicode_ci NOT NULL,
  `class` int(10) unsigned NOT NULL,
  `class_description` varchar(180) COLLATE utf8mb4_unicode_ci NOT NULL,
  `path` varchar(255) COLLATE utf8mb4_unicode_ci DEFAULT NULL,
  `created_at` timestamp NULL DEFAULT NULL,
  `updated_at` timestamp NULL DEFAULT NULL,
  PRIMARY KEY (`id`),
  UNIQUE KEY `control_general_description_unique` (`description`)
) ENGINE=InnoDB AUTO_INCREMENT=6 DEFAULT CHARSET=utf8mb4 COLLATE=utf8mb4_unicode_ci;

--
-- Dumping data for table `control_general`
--

INSERT INTO `control_general` VALUES (1,'Ingresos - Egresos - Resultado',1,'Proyeccion Ganancias','control_general/proyecGanancias',NULL,NULL),(2,'IVA',2,'IVA','control_general/iva',NULL,NULL),(3,'IIBB',3,'IIBB','control_general/iibb',NULL,NULL),(4,'Por Mes',4,'Vto. Impuestos','control_general/vto',NULL,NULL),(5,'Por Impuesto',4,'Vto. Impuestos','control_general/vtoPorImpuestos',NULL,NULL);

--
-- Table structure for table `cpc_nivel_1`
--

CREATE TABLE `cpc_nivel_1` (
  `id` bigint(20) unsigned NOT NULL AUTO_INCREMENT,
  `user_id` int(10) unsigned DEFAULT NULL,
  `person_id` int(10) unsigned NOT NULL,
  `descripcion` varchar(191) COLLATE utf8mb4_unicode_ci NOT NULL,
  `habilitado` tinyint(1) NOT NULL DEFAULT '1',
  `created_at` timestamp NULL DEFAULT NULL,
  `updated_at` timestamp NULL DEFAULT NULL,
  `deleted_at` timestamp NULL DEFAULT NULL,
  PRIMARY KEY (`id`),
  KEY `cpc_nivel_1_person_id_foreign` (`person_id`),
  CONSTRAINT `cpc_nivel_1_person_id_foreign` FOREIGN KEY (`person_id`) REFERENCES `persons` (`id`) ON DELETE CASCADE
) ENGINE=InnoDB DEFAULT CHARSET=utf8mb4 COLLATE=utf8mb4_unicode_ci;

--
-- Dumping data for table `cpc_nivel_1`
--


--
-- Table structure for table `cpc_nivel_2`
--

CREATE TABLE `cpc_nivel_2` (
  `id` bigint(20) unsigned NOT NULL AUTO_INCREMENT,
  `user_id` int(10) unsigned DEFAULT NULL,
  `person_id` int(10) unsigned NOT NULL,
  `cpc_nivel_1_id` bigint(20) unsigned NOT NULL,
  `descripcion` varchar(191) COLLATE utf8mb4_unicode_ci NOT NULL,
  `habilitado` tinyint(1) NOT NULL DEFAULT '1',
  `created_at` timestamp NULL DEFAULT NULL,
  `updated_at` timestamp NULL DEFAULT NULL,
  `deleted_at` timestamp NULL DEFAULT NULL,
  PRIMARY KEY (`id`),
  KEY `cpc_nivel_2_person_id_foreign` (`person_id`),
  KEY `cpc_nivel_2_cpc_nivel_1_id_foreign` (`cpc_nivel_1_id`),
  CONSTRAINT `cpc_nivel_2_cpc_nivel_1_id_foreign` FOREIGN KEY (`cpc_nivel_1_id`) REFERENCES `cpc_nivel_1` (`id`),
  CONSTRAINT `cpc_nivel_2_person_id_foreign` FOREIGN KEY (`person_id`) REFERENCES `persons` (`id`)
) ENGINE=InnoDB DEFAULT CHARSET=utf8mb4 COLLATE=utf8mb4_unicode_ci;

--
-- Dumping data for table `cpc_nivel_2`
--


--
-- Table structure for table `cpc_nivel_2_details`
--

CREATE TABLE `cpc_nivel_2_details` (
  `id` bigint(20) unsigned NOT NULL AUTO_INCREMENT,
  `user_id` int(10) unsigned DEFAULT NULL,
  `person_id` int(10) unsigned NOT NULL,
  `cpc_nivel_2_id` bigint(20) unsigned NOT NULL,
  `cuenta_contable_id` int(10) unsigned NOT NULL,
  `created_at` timestamp NULL DEFAULT NULL,
  `updated_at` timestamp NULL DEFAULT NULL,
  `deleted_at` timestamp NULL DEFAULT NULL,
  PRIMARY KEY (`id`),
  KEY `cpc_nivel_2_details_person_id_foreign` (`person_id`),
  KEY `cpc_nivel_2_details_cpc_nivel_2_id_foreign` (`cpc_nivel_2_id`),
  KEY `cpc_nivel_2_details_cuenta_contable_id_foreign` (`cuenta_contable_id`),
  CONSTRAINT `cpc_nivel_2_details_cpc_nivel_2_id_foreign` FOREIGN KEY (`cpc_nivel_2_id`) REFERENCES `cpc_nivel_2` (`id`),
  CONSTRAINT `cpc_nivel_2_details_cuenta_contable_id_foreign` FOREIGN KEY (`cuenta_contable_id`) REFERENCES `conta_plan_cuenta` (`id`),
  CONSTRAINT `cpc_nivel_2_details_person_id_foreign` FOREIGN KEY (`person_id`) REFERENCES `persons` (`id`)
) ENGINE=InnoDB DEFAULT CHARSET=utf8mb4 COLLATE=utf8mb4_unicode_ci;

--
-- Dumping data for table `cpc_nivel_2_details`
--


--
-- Table structure for table `cpcuenta_types_tc`
--

CREATE TABLE `cpcuenta_types_tc` (
  `id` bigint(20) unsigned NOT NULL AUTO_INCREMENT,
  `user_id` int(10) unsigned DEFAULT NULL,
  `descripcion` text COLLATE utf8mb4_unicode_ci NOT NULL,
  `habilitado` tinyint(1) NOT NULL DEFAULT '1',
  `created_at` timestamp NULL DEFAULT NULL,
  `updated_at` timestamp NULL DEFAULT NULL,
  `deleted_at` timestamp NULL DEFAULT NULL,
  PRIMARY KEY (`id`)
) ENGINE=InnoDB AUTO_INCREMENT=8 DEFAULT CHARSET=utf8mb4 COLLATE=utf8mb4_unicode_ci;

--
-- Dumping data for table `cpcuenta_types_tc`
--

INSERT INTO `cpcuenta_types_tc` VALUES (1,NULL,'Ingresos No Gravados',1,NULL,NULL,NULL),(2,NULL,'Sueldos',1,NULL,NULL,NULL),(3,NULL,'Retenciones de Ganancias',1,NULL,NULL,NULL),(4,NULL,'Anticipos de Ganancias',1,NULL,NULL,NULL),(5,NULL,'Bienes Activados',1,NULL,NULL,NULL),(6,NULL,'Percepciones de IVA',1,NULL,NULL,NULL),(7,NULL,'Percepciones de IIBB',1,NULL,NULL,NULL);

--
-- Table structure for table `cta_cte_cliente`
--

CREATE TABLE `cta_cte_cliente` (
  `id` int(10) unsigned NOT NULL AUTO_INCREMENT,
  `user_id` int(10) unsigned DEFAULT NULL,
  `is_no_fiscal` tinyint(1) DEFAULT '0',
  `user_id_que_firma` int(10) unsigned DEFAULT NULL,
  `numero` bigint(20) DEFAULT NULL,
  `tipo_asiento_id` int(10) unsigned NOT NULL,
  `person_id` int(10) unsigned NOT NULL,
  `person_id_relationed` int(10) unsigned NOT NULL,
  `cta_cte_tesoreria_cuenta_id` int(10) unsigned DEFAULT NULL,
  `period_id` int(10) unsigned NOT NULL,
  `saldo_id` int(10) unsigned NOT NULL,
  `compensado` tinyint(1) NOT NULL DEFAULT '0',
  `fecha` date DEFAULT NULL,
  `fecha_vencimiento` date DEFAULT NULL,
  `total` decimal(16,2) NOT NULL,
  `moneda_id` int(10) unsigned NOT NULL DEFAULT '1',
  `cotizacion` decimal(9,2) NOT NULL DEFAULT '1.00',
  `comentario` varchar(191) COLLATE utf8mb4_unicode_ci DEFAULT NULL,
  `file` varchar(191) COLLATE utf8mb4_unicode_ci DEFAULT NULL,
  `user_cta_cte_id` int(10) unsigned DEFAULT NULL,
  `created_at` timestamp NULL DEFAULT NULL,
  `updated_at` timestamp NULL DEFAULT NULL,
  `deleted_at` timestamp NULL DEFAULT NULL,
  PRIMARY KEY (`id`),
  KEY `cta_cte_cliente_person_id_foreign` (`person_id`),
  KEY `cta_cte_cliente_person_id_relationed_foreign` (`person_id_relationed`),
  KEY `cta_cte_cliente_period_id_foreign` (`period_id`),
  KEY `cta_cte_cliente_saldo_id_foreign` (`saldo_id`),
  KEY `cta_cte_cliente_tipo_asiento_id_foreign` (`tipo_asiento_id`),
  KEY `cta_cte_cliente_cta_cte_tesoreria_cuenta_id_foreign` (`cta_cte_tesoreria_cuenta_id`),
  KEY `cta_cte_cliente_moneda_id_foreign` (`moneda_id`),
  CONSTRAINT `cta_cte_cliente_cta_cte_tesoreria_cuenta_id_foreign` FOREIGN KEY (`cta_cte_tesoreria_cuenta_id`) REFERENCES `cta_cte_tesoreria_cuentas` (`id`),
  CONSTRAINT `cta_cte_cliente_moneda_id_foreign` FOREIGN KEY (`moneda_id`) REFERENCES `monedas` (`id`),
  CONSTRAINT `cta_cte_cliente_period_id_foreign` FOREIGN KEY (`period_id`) REFERENCES `periods` (`id`),
  CONSTRAINT `cta_cte_cliente_person_id_foreign` FOREIGN KEY (`person_id`) REFERENCES `persons` (`id`),
  CONSTRAINT `cta_cte_cliente_person_id_relationed_foreign` FOREIGN KEY (`person_id_relationed`) REFERENCES `persons` (`id`),
  CONSTRAINT `cta_cte_cliente_saldo_id_foreign` FOREIGN KEY (`saldo_id`) REFERENCES `conta_tipo_saldos` (`id`),
  CONSTRAINT `cta_cte_cliente_tipo_asiento_id_foreign` FOREIGN KEY (`tipo_asiento_id`) REFERENCES `conta_tipo_asientos` (`id`)
) ENGINE=InnoDB AUTO_INCREMENT=996 DEFAULT CHARSET=utf8mb4 COLLATE=utf8mb4_unicode_ci;

--
-- Dumping data for table `cta_cte_cliente`
--

INSERT INTO `cta_cte_cliente` VALUES (1,8564,0,NULL,1,3,40721,40725,57,3035,2,0,'2023-03-23','2023-03-23',47295.50,1,1.00,'Factura A N°: 0007-00004755',NULL,NULL,'2023-04-05 09:18:07','2023-04-05 09:21:26','2023-04-05 09:21:26'),(2,8564,0,NULL,2,3,40721,40725,57,3035,2,0,'2023-03-23','2023-03-23',47295.50,1,1.00,'Factura A N°: 0007-00004755',NULL,NULL,'2023-04-05 09:21:26','2023-04-05 09:21:26',NULL),(3,8564,0,NULL,3,2,40721,40726,13,3036,1,0,'2023-04-05','2023-04-05',36981701.90,1,1.00,'Factura A N°: 0002-00000001',NULL,NULL,'2023-05-12 14:56:33','2023-05-12 14:56:33',NULL),(4,8564,0,NULL,4,2,40721,40727,13,3036,1,0,'2023-04-10','2023-04-10',22462440.00,1,1.00,'FACTURA DE CRÉDITO ELECTRÓNICA MiPyMEs (FCE) A N°: 0002-00000001',NULL,NULL,'2023-05-12 14:56:33','2023-05-12 14:56:33',NULL),(5,8564,0,NULL,5,2,40721,40728,13,3036,1,0,'2023-04-14','2023-04-14',148225.00,1,1.00,'Factura A N°: 0002-00000003',NULL,NULL,'2023-05-12 14:56:33','2023-05-12 14:56:33',NULL),(6,8564,0,NULL,6,2,40721,40728,13,3036,2,0,'2023-04-14','2023-04-14',7162567.53,1,1.00,'NOTA DE CREDITO ELECTRÓNICA MiPyMEs (FCE) A N°: 0002-00000001',NULL,NULL,'2023-05-12 14:56:33','2023-05-12 14:56:33',NULL),(7,8564,0,NULL,7,2,40721,40728,13,3036,1,0,'2023-04-26','2023-04-26',2367790.92,1,1.00,'FACTURA DE CRÉDITO ELECTRÓNICA MiPyMEs (FCE) A N°: 0002-00000004',NULL,NULL,'2023-05-12 14:56:33','2023-05-12 14:56:33',NULL),(8,8564,0,NULL,8,2,40721,40728,13,3036,1,0,'2023-04-14','2023-04-14',179352.25,1,1.00,'Factura A N°: 0002-00000002',NULL,NULL,'2023-05-12 14:56:33','2023-05-12 14:56:33',NULL),(9,8564,0,NULL,9,2,40721,40728,13,3036,2,0,'2023-04-14','2023-04-14',179352.25,1,1.00,'Nota de crédito A N°: 0002-00000001',NULL,NULL,'2023-05-12 14:56:34','2023-05-12 14:56:34',NULL),(10,8564,0,NULL,10,2,40721,40728,13,3036,1,0,'2023-04-14','2023-04-14',5919477.30,1,1.00,'FACTURA DE CRÉDITO ELECTRÓNICA MiPyMEs (FCE) A N°: 0002-00000003',NULL,NULL,'2023-05-12 14:56:34','2023-05-12 14:56:34',NULL),(11,8564,0,NULL,11,2,40721,40728,13,3036,1,0,'2023-04-14','2023-04-14',7162567.53,1,1.00,'FACTURA DE CRÉDITO ELECTRÓNICA MiPyMEs (FCE) A N°: 0002-00000002',NULL,NULL,'2023-05-12 14:56:34','2023-05-12 14:56:34',NULL),(12,8564,0,NULL,12,2,40721,40728,13,3036,1,0,'2023-04-26','2023-04-26',59290.00,1,1.00,'Factura A N°: 0002-00000004',NULL,NULL,'2023-05-12 14:56:34','2023-05-12 14:56:34',NULL),(13,8564,0,NULL,13,3,40721,40729,57,3036,2,0,'2023-04-03','2023-04-03',54450.00,1,1.00,'Factura A N°: 0003-00002307',NULL,NULL,'2023-05-12 14:56:47','2023-05-12 15:10:41','2023-05-12 15:10:41'),(14,8564,0,NULL,14,3,40721,40719,57,3036,2,0,'2023-04-03','2023-04-03',146000.00,1,1.00,'Factura C N°: 0002-00000009',NULL,NULL,'2023-05-12 14:56:47','2023-05-12 15:10:41','2023-05-12 15:10:41'),(15,8564,0,NULL,15,3,40721,40730,57,3036,2,0,'2023-04-11','2023-04-11',15000.00,1,1.00,'Factura C N°: 0004-00000712',NULL,NULL,'2023-05-12 14:56:47','2023-05-12 15:10:41','2023-05-12 15:10:41'),(16,8564,0,NULL,16,3,40721,40731,57,3036,2,0,'2023-04-29','2023-04-29',120000.00,1,1.00,'Factura C N°: 0002-00000133',NULL,NULL,'2023-05-12 14:56:47','2023-05-12 15:10:41','2023-05-12 15:10:41'),(17,8564,0,NULL,17,3,40721,40732,57,3036,2,0,'2023-04-13','2023-04-13',448040.87,1,1.00,'Factura A N°: 0004-00859900',NULL,NULL,'2023-05-12 14:56:47','2023-05-12 15:10:41','2023-05-12 15:10:41'),(18,8564,0,NULL,18,3,40721,40733,57,3036,2,0,'2023-04-14','2023-04-14',16899.94,1,1.00,'Factura A N°: 0005-00003105',NULL,NULL,'2023-05-12 14:56:47','2023-05-12 15:10:41','2023-05-12 15:10:41'),(19,8564,0,NULL,19,3,40721,40734,57,3036,2,0,'2023-04-17','2023-04-17',10580.00,1,1.00,'Factura A N°: 0003-00005524',NULL,NULL,'2023-05-12 14:56:47','2023-05-12 15:10:41','2023-05-12 15:10:41'),(20,8564,0,NULL,20,3,40721,40735,57,3036,2,0,'2023-04-17','2023-04-17',121619.63,1,1.00,'Factura A N°: 0004-00001451',NULL,NULL,'2023-05-12 14:56:47','2023-05-12 15:10:41','2023-05-12 15:10:41');
INSERT INTO `cta_cte_cliente` VALUES (21,8564,0,NULL,21,3,40721,40736,57,3036,2,0,'2023-04-17','2023-04-17',11857.06,1,1.00,'Factura A N°: 0008-00006598',NULL,NULL,'2023-05-12 14:56:47','2023-05-12 15:10:41','2023-05-12 15:10:41'),(22,8564,0,NULL,22,3,40721,40737,57,3036,2,0,'2023-04-17','2023-04-17',793983.75,1,1.00,'Factura A N°: 0007-00005073',NULL,NULL,'2023-05-12 14:56:47','2023-05-12 15:10:41','2023-05-12 15:10:41'),(23,8564,0,NULL,23,3,40721,40738,57,3036,2,0,'2023-04-17','2023-04-17',24000.00,1,1.00,'Factura C N°: 0002-00000254',NULL,NULL,'2023-05-12 14:56:47','2023-05-12 15:10:41','2023-05-12 15:10:41'),(24,8564,0,NULL,24,3,40721,40739,57,3036,2,0,'2023-04-18','2023-04-18',53361.00,1,1.00,'Factura A N°: 0001-00000865',NULL,NULL,'2023-05-12 14:56:47','2023-05-12 15:10:41','2023-05-12 15:10:41'),(25,8564,0,NULL,25,3,40721,40719,57,3036,1,0,'2023-04-18','2023-04-18',146000.00,1,1.00,'Nota de crédito C N°: 0002-00000001',NULL,NULL,'2023-05-12 14:56:48','2023-05-12 15:10:41','2023-05-12 15:10:41'),(26,8564,0,NULL,26,3,40721,40740,57,3036,2,0,'2023-04-19','2023-04-19',131718.08,1,1.00,'Factura A N°: 0004-00034131',NULL,NULL,'2023-05-12 14:56:48','2023-05-12 15:10:41','2023-05-12 15:10:41'),(27,8564,0,NULL,27,3,40721,40737,57,3036,2,0,'2023-04-19','2023-04-19',433064.26,1,1.00,'Factura A N°: 0007-00005083',NULL,NULL,'2023-05-12 14:56:48','2023-05-12 15:10:41','2023-05-12 15:10:41'),(28,8564,0,NULL,28,3,40721,40741,57,3036,2,0,'2023-04-19','2023-04-19',16449.71,1,1.00,'Factura A N°: 0001-00022612',NULL,NULL,'2023-05-12 14:56:48','2023-05-12 15:10:41','2023-05-12 15:10:41'),(29,8564,0,NULL,29,3,40721,40742,57,3036,2,0,'2023-04-20','2023-04-20',872.75,1,1.00,'Factura A N°: 0010-00019966',NULL,NULL,'2023-05-12 14:56:48','2023-05-12 15:10:41','2023-05-12 15:10:41'),(30,8564,0,NULL,30,3,40721,40743,57,3036,2,0,'2023-04-21','2023-04-21',689830.68,1,1.00,'Factura A N°: 0002-00011702',NULL,NULL,'2023-05-12 14:56:48','2023-05-12 15:10:41','2023-05-12 15:10:41'),(31,8564,0,NULL,31,3,40721,40743,57,3036,2,0,'2023-04-21','2023-04-21',4566820.72,1,1.00,'Factura A N°: 0002-00011700',NULL,NULL,'2023-05-12 14:56:48','2023-05-12 15:10:41','2023-05-12 15:10:41'),(32,8564,0,NULL,32,3,40721,40744,57,3036,2,0,'2023-04-24','2023-04-24',22493.90,1,1.00,'Factura A N°: 0004-00001631',NULL,NULL,'2023-05-12 14:56:48','2023-05-12 15:10:41','2023-05-12 15:10:41'),(33,8564,0,NULL,33,3,40721,40745,57,3036,2,0,'2023-04-26','2023-04-26',295882.65,1,1.00,'Factura A N°: 0082-00212205',NULL,NULL,'2023-05-12 14:56:48','2023-05-12 15:10:41','2023-05-12 15:10:41'),(34,8564,0,NULL,34,3,40721,40742,57,3036,2,0,'2023-04-26','2023-04-26',259474.09,1,1.00,'Factura A N°: 0010-00020019',NULL,NULL,'2023-05-12 14:56:48','2023-05-12 15:10:41','2023-05-12 15:10:41'),(35,8564,0,NULL,35,3,40721,40746,57,3036,2,0,'2023-04-28','2023-04-28',35500.00,1,1.00,'Factura C N°: 0003-00000244',NULL,NULL,'2023-05-12 14:56:48','2023-05-12 15:10:41','2023-05-12 15:10:41'),(36,8564,0,NULL,36,3,40721,40747,57,3036,2,0,'2023-04-28','2023-04-28',9765374.10,1,1.00,'Factura M N°: 0002-00000003',NULL,NULL,'2023-05-12 14:56:48','2023-05-12 15:10:41','2023-05-12 15:10:41'),(37,8564,0,NULL,37,3,40721,40747,57,3036,2,0,'2023-04-28','2023-04-28',9685330.05,1,1.00,'Factura M N°: 0002-00000004',NULL,NULL,'2023-05-12 14:56:48','2023-05-12 15:10:41','2023-05-12 15:10:41'),(38,8564,0,NULL,38,3,40721,40747,57,3036,1,0,'2023-04-28','2023-04-28',9765374.10,1,1.00,'Nota de Credito M N°: 0002-00000001',NULL,NULL,'2023-05-12 14:56:48','2023-05-12 15:10:41','2023-05-12 15:10:41'),(39,8564,0,NULL,39,3,40721,40729,57,3036,2,0,'2023-04-03','2023-04-03',54450.00,1,1.00,'Factura A N°: 0003-00002307',NULL,NULL,'2023-05-12 15:11:10','2023-05-12 15:11:10',NULL),(40,8564,0,NULL,40,3,40721,40719,57,3036,2,0,'2023-04-03','2023-04-03',146000.00,1,1.00,'Factura C N°: 0002-00000009',NULL,NULL,'2023-05-12 15:11:10','2023-05-12 15:11:10',NULL);
INSERT INTO `cta_cte_cliente` VALUES (41,8564,0,NULL,41,3,40721,40730,57,3036,2,0,'2023-04-11','2023-04-11',15000.00,1,1.00,'Factura C N°: 0004-00000712',NULL,NULL,'2023-05-12 15:11:10','2023-05-12 15:11:10',NULL),(42,8564,0,NULL,42,3,40721,40733,57,3036,2,0,'2023-04-14','2023-04-14',16899.94,1,1.00,'Factura A N°: 0005-00003105',NULL,NULL,'2023-05-12 15:11:10','2023-05-12 15:11:10',NULL),(43,8564,0,NULL,43,3,40721,40737,57,3036,2,0,'2023-04-17','2023-04-17',793983.75,1,1.00,'Factura A N°: 0007-00005073',NULL,NULL,'2023-05-12 15:11:10','2023-05-12 15:11:10',NULL),(44,8564,0,NULL,44,3,40721,40737,57,3036,2,0,'2023-04-19','2023-04-19',433064.26,1,1.00,'Factura A N°: 0007-00005083',NULL,NULL,'2023-05-12 15:11:10','2023-05-12 15:11:10',NULL),(45,8564,0,NULL,45,3,40721,40731,57,3036,2,0,'2023-04-29','2023-04-29',120000.00,1,1.00,'Factura C N°: 0002-00000133',NULL,NULL,'2023-05-12 15:11:10','2023-05-12 15:11:10',NULL),(46,8564,0,NULL,46,3,40721,40732,57,3036,2,0,'2023-04-13','2023-04-13',448040.87,1,1.00,'Factura A N°: 0004-00859900',NULL,NULL,'2023-05-12 15:11:10','2023-05-12 15:21:40','2023-05-12 15:21:40'),(47,8564,0,NULL,47,3,40721,40734,57,3036,2,0,'2023-04-17','2023-04-17',10580.00,1,1.00,'Factura A N°: 0003-00005524',NULL,NULL,'2023-05-12 15:11:10','2023-05-12 15:11:10',NULL),(48,8564,0,NULL,48,3,40721,40735,57,3036,2,0,'2023-04-17','2023-04-17',121619.63,1,1.00,'Factura A N°: 0004-00001451',NULL,NULL,'2023-05-12 15:11:10','2023-05-12 15:11:10',NULL),(49,8564,0,NULL,49,3,40721,40736,57,3036,2,0,'2023-04-17','2023-04-17',11857.06,1,1.00,'Factura A N°: 0008-00006598',NULL,NULL,'2023-05-12 15:11:10','2023-05-12 15:11:10',NULL),(50,8564,0,NULL,50,3,40721,40738,57,3036,2,0,'2023-04-17','2023-04-17',24000.00,1,1.00,'Factura C N°: 0002-00000254',NULL,NULL,'2023-05-12 15:11:10','2023-05-12 15:11:10',NULL),(51,8564,0,NULL,51,3,40721,40739,57,3036,2,0,'2023-04-18','2023-04-18',53361.00,1,1.00,'Factura A N°: 0001-00000865',NULL,NULL,'2023-05-12 15:11:10','2023-05-12 15:11:10',NULL),(52,8564,0,NULL,52,3,40721,40719,57,3036,1,0,'2023-04-18','2023-04-18',146000.00,1,1.00,'Nota de crédito C N°: 0002-00000001',NULL,NULL,'2023-05-12 15:11:10','2023-05-12 15:11:10',NULL),(53,8564,0,NULL,53,3,40721,40740,57,3036,2,0,'2023-04-19','2023-04-19',131718.08,1,1.00,'Factura A N°: 0004-00034131',NULL,NULL,'2023-05-12 15:11:10','2023-05-12 15:11:10',NULL),(54,8564,0,NULL,54,3,40721,40741,57,3036,2,0,'2023-04-19','2023-04-19',16449.71,1,1.00,'Factura A N°: 0001-00022612',NULL,NULL,'2023-05-12 15:11:10','2023-05-12 15:11:10',NULL),(55,8564,0,NULL,55,3,40721,40742,57,3036,2,0,'2023-04-20','2023-04-20',872.75,1,1.00,'Factura A N°: 0010-00019966',NULL,NULL,'2023-05-12 15:11:10','2023-05-12 15:11:10',NULL),(56,8564,0,NULL,56,3,40721,40748,57,3036,2,0,'2023-04-20','2023-04-20',16524.39,1,1.00,'Tique Factura A N°: 0016-00007064',NULL,NULL,'2023-05-12 15:11:10','2023-05-12 15:11:10',NULL),(57,8564,0,NULL,57,3,40721,40743,57,3036,2,0,'2023-04-21','2023-04-21',689830.68,1,1.00,'Factura A N°: 0002-00011702',NULL,NULL,'2023-05-12 15:11:10','2023-05-12 15:11:10',NULL),(58,8564,0,NULL,58,3,40721,40743,57,3036,2,0,'2023-04-21','2023-04-21',4566820.72,1,1.00,'Factura A N°: 0002-00011700',NULL,NULL,'2023-05-12 15:11:10','2023-05-12 15:11:10',NULL),(59,8564,0,NULL,59,3,40721,40744,57,3036,2,0,'2023-04-24','2023-04-24',22493.90,1,1.00,'Factura A N°: 0004-00001631',NULL,NULL,'2023-05-12 15:11:10','2023-05-12 15:11:10',NULL),(60,8564,0,NULL,60,3,40721,40745,57,3036,2,0,'2023-04-26','2023-04-26',295882.65,1,1.00,'Factura A N°: 0082-00212205',NULL,NULL,'2023-05-12 15:11:10','2023-05-12 15:11:10',NULL),(61,8564,0,NULL,61,3,40721,40742,57,3036,2,0,'2023-04-26','2023-04-26',259474.09,1,1.00,'Factura A N°: 0010-00020019',NULL,NULL,'2023-05-12 15:11:10','2023-05-12 15:11:10',NULL),(62,8564,0,NULL,62,3,40721,40746,57,3036,2,0,'2023-04-28','2023-04-28',35500.00,1,1.00,'Factura C N°: 0003-00000244',NULL,NULL,'2023-05-12 15:11:10','2023-05-12 15:11:10',NULL);
INSERT INTO `cta_cte_cliente` VALUES (63,8564,0,NULL,63,3,40721,40747,57,3036,2,0,'2023-04-28','2023-04-28',9765374.10,1,1.00,'Factura M N°: 0002-00000003',NULL,NULL,'2023-05-12 15:11:11','2023-05-12 15:11:11',NULL),(64,8564,0,NULL,64,3,40721,40747,57,3036,2,0,'2023-04-28','2023-04-28',9685330.05,1,1.00,'Factura M N°: 0002-00000004',NULL,NULL,'2023-05-12 15:11:11','2023-05-12 15:11:11',NULL),(65,8564,0,NULL,65,3,40721,40747,57,3036,1,0,'2023-04-28','2023-04-28',9765374.10,1,1.00,'Nota de Credito M N°: 0002-00000001',NULL,NULL,'2023-05-12 15:11:11','2023-05-12 15:11:11',NULL),(66,8564,0,NULL,66,3,40721,40732,57,3036,2,0,'2023-04-13','2023-04-13',212616.47,1,1.00,'Factura A N°: 0004-00859900',NULL,NULL,'2023-05-12 15:21:40','2023-05-12 15:21:40',NULL),(67,8564,0,NULL,67,2,40720,40749,13,1522,1,0,'2023-04-05','2023-04-05',3284666.00,1,1.00,'Factura A N°: 0005-00000670',NULL,NULL,'2023-05-12 16:09:17','2023-05-12 16:09:17',NULL),(68,8564,0,NULL,68,2,40720,40749,13,1522,1,0,'2023-04-05','2023-04-05',35574.00,1,1.00,'Factura A N°: 0005-00000668',NULL,NULL,'2023-05-12 16:09:17','2023-05-12 16:09:17',NULL),(69,8564,0,NULL,69,2,40720,40749,13,1522,1,0,'2023-04-05','2023-04-05',29645.00,1,1.00,'Factura A N°: 0005-00000669',NULL,NULL,'2023-05-12 16:09:17','2023-05-12 16:09:17',NULL),(70,8564,0,NULL,70,2,40720,40750,13,1522,1,0,'2023-04-13','2023-04-13',192128.64,1,1.00,'Factura A N°: 0002-00000849',NULL,NULL,'2023-05-12 16:09:17','2023-05-12 16:09:17',NULL),(71,8564,0,NULL,71,2,40720,40750,13,1522,1,0,'2023-04-13','2023-04-13',147741.00,1,1.00,'Factura A N°: 0002-00000853',NULL,NULL,'2023-05-12 16:09:17','2023-05-12 16:09:17',NULL),(72,8564,0,NULL,72,2,40720,40750,13,1522,1,0,'2023-04-13','2023-04-13',22385.00,1,1.00,'Factura A N°: 0002-00000867',NULL,NULL,'2023-05-12 16:09:17','2023-05-12 16:09:17',NULL),(73,8564,0,NULL,73,2,40720,40750,13,1522,1,0,'2023-04-13','2023-04-13',179080.00,1,1.00,'Factura A N°: 0002-00000866',NULL,NULL,'2023-05-12 16:09:17','2023-05-12 16:09:17',NULL),(74,8564,0,NULL,74,2,40720,40751,13,1522,1,0,'2023-04-19','2023-04-19',6789061.95,1,1.00,'Factura A N°: 0005-00000679',NULL,NULL,'2023-05-12 16:09:17','2023-05-12 16:09:17',NULL),(75,8564,0,NULL,75,2,40720,40749,13,1522,1,0,'2023-04-05','2023-04-05',857769.00,1,1.00,'Factura A N°: 0005-00000671',NULL,NULL,'2023-05-12 16:09:17','2023-05-12 16:09:17',NULL),(76,8564,0,NULL,76,2,40720,40749,13,1522,1,0,'2023-04-05','2023-04-05',2745127.00,1,1.00,'Factura A N°: 0005-00000672',NULL,NULL,'2023-05-12 16:09:17','2023-05-12 16:09:17',NULL),(77,8564,0,NULL,77,2,40720,40749,13,1522,1,0,'2023-04-06','2023-04-06',47432.00,1,1.00,'Factura A N°: 0005-00000673',NULL,NULL,'2023-05-12 16:09:17','2023-05-12 16:09:17',NULL),(78,8564,0,NULL,78,2,40720,40752,13,1522,1,0,'2023-04-10','2023-04-10',605000.00,1,1.00,'FACTURA DE CRÉDITO ELECTRÓNICA MiPyMEs (FCE) A N°: 0006-00000217',NULL,NULL,'2023-05-12 16:09:18','2023-05-12 16:09:18',NULL),(79,8564,0,NULL,79,2,40720,40749,13,1522,1,0,'2023-04-12','2023-04-12',5634123.00,1,1.00,'Factura A N°: 0005-00000675',NULL,NULL,'2023-05-12 16:09:18','2023-05-12 16:09:18',NULL),(80,8564,0,NULL,80,2,40720,40749,13,1522,1,0,'2023-04-12','2023-04-12',112288.00,1,1.00,'Factura A N°: 0005-00000674',NULL,NULL,'2023-05-12 16:09:18','2023-05-12 16:09:18',NULL),(81,8564,0,NULL,81,2,40720,40750,13,1522,1,0,'2023-04-13','2023-04-13',276184.92,1,1.00,'Factura A N°: 0002-00000881',NULL,NULL,'2023-05-12 16:09:18','2023-05-12 16:09:18',NULL),(82,8564,0,NULL,82,2,40720,40750,13,1522,1,0,'2023-04-13','2023-04-13',102971.00,1,1.00,'Factura A N°: 0002-00000880',NULL,NULL,'2023-05-12 16:09:18','2023-05-12 16:09:18',NULL),(83,8564,0,NULL,83,2,40720,40750,13,1522,1,0,'2023-04-13','2023-04-13',12008.04,1,1.00,'Factura A N°: 0002-00000891',NULL,NULL,'2023-05-12 16:09:18','2023-05-12 16:09:18',NULL),(84,8564,0,NULL,84,2,40720,40750,13,1522,1,0,'2023-04-13','2023-04-13',313390.00,1,1.00,'Factura A N°: 0002-00000850',NULL,NULL,'2023-05-12 16:09:18','2023-05-12 16:09:18',NULL);
INSERT INTO `cta_cte_cliente` VALUES (85,8564,0,NULL,85,2,40720,40750,13,1522,1,0,'2023-04-13','2023-04-13',138092.46,1,1.00,'Factura A N°: 0002-00000864',NULL,NULL,'2023-05-12 16:09:18','2023-05-12 16:09:18',NULL),(86,8564,0,NULL,86,2,40720,40750,13,1522,1,0,'2023-04-13','2023-04-13',66044.22,1,1.00,'Factura A N°: 0002-00000857',NULL,NULL,'2023-05-12 16:09:18','2023-05-12 16:09:18',NULL),(87,8564,0,NULL,87,2,40720,40750,13,1522,1,0,'2023-04-13','2023-04-13',134310.00,1,1.00,'Factura A N°: 0002-00000889',NULL,NULL,'2023-05-12 16:09:18','2023-05-12 16:09:18',NULL),(88,8564,0,NULL,88,2,40720,40750,13,1522,1,0,'2023-04-13','2023-04-13',48032.16,1,1.00,'Factura A N°: 0002-00000863',NULL,NULL,'2023-05-12 16:09:18','2023-05-12 16:09:18',NULL),(89,8564,0,NULL,89,2,40720,40750,13,1522,1,0,'2023-04-13','2023-04-13',180120.60,1,1.00,'Factura A N°: 0002-00000890',NULL,NULL,'2023-05-12 16:09:18','2023-05-12 16:09:18',NULL),(90,8564,0,NULL,90,2,40720,40750,13,1522,1,0,'2023-04-13','2023-04-13',35816.00,1,1.00,'Factura A N°: 0002-00000862',NULL,NULL,'2023-05-12 16:09:18','2023-05-12 16:09:18',NULL),(91,8564,0,NULL,91,2,40720,40750,13,1522,1,0,'2023-04-13','2023-04-13',94017.00,1,1.00,'Factura A N°: 0002-00000856',NULL,NULL,'2023-05-12 16:09:18','2023-05-12 16:09:18',NULL),(92,8564,0,NULL,92,2,40720,40750,13,1522,1,0,'2023-04-13','2023-04-13',98494.00,1,1.00,'Factura A N°: 0002-00000876',NULL,NULL,'2023-05-12 16:09:18','2023-05-12 16:09:18',NULL),(93,8564,0,NULL,93,2,40720,40750,13,1522,1,0,'2023-04-13','2023-04-13',125356.00,1,1.00,'Factura A N°: 0002-00000875',NULL,NULL,'2023-05-12 16:09:18','2023-05-12 16:09:18',NULL),(94,8564,0,NULL,94,2,40720,40750,13,1522,1,0,'2023-04-13','2023-04-13',205942.00,1,1.00,'Factura A N°: 0002-00000861',NULL,NULL,'2023-05-12 16:09:18','2023-05-12 16:09:18',NULL),(95,8564,0,NULL,95,2,40720,40750,13,1522,1,0,'2023-04-13','2023-04-13',214896.00,1,1.00,'Factura A N°: 0002-00000855',NULL,NULL,'2023-05-12 16:09:18','2023-05-12 16:09:18',NULL),(96,8564,0,NULL,96,2,40720,40750,13,1522,1,0,'2023-04-13','2023-04-13',102971.00,1,1.00,'Factura A N°: 0002-00000860',NULL,NULL,'2023-05-12 16:09:18','2023-05-12 16:09:18',NULL),(97,8564,0,NULL,97,2,40720,40750,13,1522,1,0,'2023-04-13','2023-04-13',98494.00,1,1.00,'Factura A N°: 0002-00000879',NULL,NULL,'2023-05-12 16:09:18','2023-05-12 16:09:18',NULL),(98,8564,0,NULL,98,2,40720,40750,13,1522,1,0,'2023-04-13','2023-04-13',22385.00,1,1.00,'Factura A N°: 0004-00000019',NULL,NULL,'2023-05-12 16:09:18','2023-05-12 16:09:18',NULL),(99,8564,0,NULL,99,2,40720,40750,13,1522,1,0,'2023-04-13','2023-04-13',36024.12,1,1.00,'Factura A N°: 0002-00000888',NULL,NULL,'2023-05-12 16:09:18','2023-05-12 16:09:18',NULL),(100,8564,0,NULL,100,2,40720,40750,13,1522,1,0,'2023-04-13','2023-04-13',26862.00,1,1.00,'Factura A N°: 0002-00000887',NULL,NULL,'2023-05-12 16:09:18','2023-05-12 16:09:18',NULL),(101,8564,0,NULL,101,2,40720,40750,13,1522,1,0,'2023-04-13','2023-04-13',126084.42,1,1.00,'Factura A N°: 0002-00000852',NULL,NULL,'2023-05-12 16:09:18','2023-05-12 16:09:18',NULL),(102,8564,0,NULL,102,2,40720,40750,13,1522,1,0,'2023-04-13','2023-04-13',26862.00,1,1.00,'Factura A N°: 0002-00000886',NULL,NULL,'2023-05-12 16:09:18','2023-05-12 16:09:18',NULL),(103,8564,0,NULL,103,2,40720,40750,13,1522,1,0,'2023-04-13','2023-04-13',30020.10,1,1.00,'Factura A N°: 0002-00000868',NULL,NULL,'2023-05-12 16:09:18','2023-05-12 16:09:18',NULL),(104,8564,0,NULL,104,2,40720,40750,13,1522,1,0,'2023-04-13','2023-04-13',40293.00,1,1.00,'Factura A N°: 0002-00000869',NULL,NULL,'2023-05-12 16:09:18','2023-05-12 16:09:18',NULL),(105,8564,0,NULL,105,2,40720,40750,13,1522,1,0,'2023-04-13','2023-04-13',66044.22,1,1.00,'Factura A N°: 0002-00000874',NULL,NULL,'2023-05-12 16:09:18','2023-05-12 16:09:18',NULL),(106,8564,0,NULL,106,2,40720,40750,13,1522,1,0,'2023-04-13','2023-04-13',138787.00,1,1.00,'Factura A N°: 0002-00000885',NULL,NULL,'2023-05-12 16:09:18','2023-05-12 16:09:18',NULL);
INSERT INTO `cta_cte_cliente` VALUES (107,8564,0,NULL,107,2,40720,40750,13,1522,1,0,'2023-04-13','2023-04-13',170126.00,1,1.00,'Factura A N°: 0002-00000884',NULL,NULL,'2023-05-12 16:09:18','2023-05-12 16:09:18',NULL),(108,8564,0,NULL,108,2,40720,40750,13,1522,1,0,'2023-04-13','2023-04-13',240160.80,1,1.00,'Factura A N°: 0002-00000859',NULL,NULL,'2023-05-12 16:09:18','2023-05-12 16:09:18',NULL),(109,8564,0,NULL,109,2,40720,40750,13,1522,1,0,'2023-04-13','2023-04-13',36024.12,1,1.00,'Factura A N°: 0002-00000873',NULL,NULL,'2023-05-12 16:09:18','2023-05-12 16:09:18',NULL),(110,8564,0,NULL,110,2,40720,40750,13,1522,1,0,'2023-04-13','2023-04-13',147741.00,1,1.00,'Factura A N°: 0002-00000883',NULL,NULL,'2023-05-12 16:09:19','2023-05-12 16:09:19',NULL),(111,8564,0,NULL,111,2,40720,40750,13,1522,1,0,'2023-04-13','2023-04-13',179080.00,1,1.00,'Factura A N°: 0002-00000878',NULL,NULL,'2023-05-12 16:09:19','2023-05-12 16:09:19',NULL),(112,8564,0,NULL,112,2,40720,40750,13,1522,1,0,'2023-04-13','2023-04-13',53724.00,1,1.00,'Factura A N°: 0002-00000872',NULL,NULL,'2023-05-12 16:09:19','2023-05-12 16:09:19',NULL),(113,8564,0,NULL,113,2,40720,40750,13,1522,1,0,'2023-04-13','2023-04-13',94017.00,1,1.00,'Factura A N°: 0002-00000854',NULL,NULL,'2023-05-12 16:09:19','2023-05-12 16:09:19',NULL),(114,8564,0,NULL,114,2,40720,40750,13,1522,1,0,'2023-04-13','2023-04-13',26862.00,1,1.00,'Factura A N°: 0002-00000882',NULL,NULL,'2023-05-12 16:09:19','2023-05-12 16:09:19',NULL),(115,8564,0,NULL,115,2,40720,40750,13,1522,1,0,'2023-04-13','2023-04-13',35816.00,1,1.00,'Factura A N°: 0002-00000865',NULL,NULL,'2023-05-12 16:09:19','2023-05-12 16:09:19',NULL),(116,8564,0,NULL,116,2,40720,40750,13,1522,1,0,'2023-04-13','2023-04-13',12008.04,1,1.00,'Factura A N°: 0002-00000870',NULL,NULL,'2023-05-12 16:09:19','2023-05-12 16:09:19',NULL),(117,8564,0,NULL,117,2,40720,40750,13,1522,1,0,'2023-04-13','2023-04-13',273097.00,1,1.00,'Factura A N°: 0002-00000871',NULL,NULL,'2023-05-12 16:09:19','2023-05-12 16:09:19',NULL),(118,8564,0,NULL,118,2,40720,40750,13,1522,1,0,'2023-04-13','2023-04-13',444297.48,1,1.00,'Factura A N°: 0002-00000851',NULL,NULL,'2023-05-12 16:09:19','2023-05-12 16:09:19',NULL),(119,8564,0,NULL,119,2,40720,40750,13,1522,1,0,'2023-04-13','2023-04-13',66044.22,1,1.00,'Factura A N°: 0002-00000877',NULL,NULL,'2023-05-12 16:09:19','2023-05-12 16:09:19',NULL),(120,8564,0,NULL,120,2,40720,40750,13,1522,1,0,'2023-04-13','2023-04-13',6004.02,1,1.00,'Factura A N°: 0002-00000858',NULL,NULL,'2023-05-12 16:09:19','2023-05-12 16:09:19',NULL),(121,8564,0,NULL,121,2,40720,40750,13,1522,1,0,'2023-04-13','2023-04-13',26862.00,1,1.00,'Factura A N°: 0004-00000020',NULL,NULL,'2023-05-12 16:09:19','2023-05-12 16:09:19',NULL),(122,8564,0,NULL,122,2,40720,40753,13,1522,1,0,'2023-04-13','2023-04-13',1646568.00,1,1.00,'FACTURA DE CRÉDITO ELECTRÓNICA MiPyMEs (FCE) A N°: 0004-00000257',NULL,NULL,'2023-05-12 16:09:19','2023-05-12 16:09:19',NULL),(123,8564,0,NULL,123,2,40720,40750,13,1522,1,0,'2023-04-13','2023-04-13',870582.90,1,1.00,'FACTURA DE CRÉDITO ELECTRÓNICA MiPyMEs (FCE) A N°: 0004-00000260',NULL,NULL,'2023-05-12 16:09:19','2023-05-12 16:09:19',NULL),(124,8564,0,NULL,124,2,40720,40750,13,1522,1,0,'2023-04-13','2023-04-13',649165.00,1,1.00,'FACTURA DE CRÉDITO ELECTRÓNICA MiPyMEs (FCE) A N°: 0004-00000259',NULL,NULL,'2023-05-12 16:09:19','2023-05-12 16:09:19',NULL),(125,8564,0,NULL,125,2,40720,40750,13,1522,1,0,'2023-04-13','2023-04-13',644688.00,1,1.00,'FACTURA DE CRÉDITO ELECTRÓNICA MiPyMEs (FCE) A N°: 0004-00000258',NULL,NULL,'2023-05-12 16:09:19','2023-05-12 16:09:19',NULL),(126,8564,0,NULL,126,2,40720,40753,13,1522,2,0,'2023-04-13','2023-04-13',987940.80,1,1.00,'NOTA DE CREDITO ELECTRÓNICA MiPyMEs (FCE) A N°: 0004-00000058',NULL,NULL,'2023-05-12 16:09:19','2023-05-12 16:09:19',NULL),(127,8564,0,NULL,127,2,40720,40749,13,1522,1,0,'2023-04-19','2023-04-19',3545542.00,1,1.00,'Factura A N°: 0005-00000678',NULL,NULL,'2023-05-12 16:09:19','2023-05-12 16:09:19',NULL);
INSERT INTO `cta_cte_cliente` VALUES (128,8564,0,NULL,128,2,40720,40749,13,1522,1,0,'2023-04-19','2023-04-19',783717.00,1,1.00,'Factura A N°: 0005-00000677',NULL,NULL,'2023-05-12 16:09:19','2023-05-12 16:09:19',NULL),(129,8564,0,NULL,129,2,40720,40749,13,1522,1,0,'2023-04-19','2023-04-19',3391388.00,1,1.00,'Factura A N°: 0005-00000676',NULL,NULL,'2023-05-12 16:09:19','2023-05-12 16:09:19',NULL),(130,8564,0,NULL,130,2,40720,40754,13,1522,1,0,'2023-04-24','2023-04-24',2037627.90,1,1.00,'FACTURA DE CRÉDITO ELECTRÓNICA MiPyMEs (FCE) A N°: 0004-00000262',NULL,NULL,'2023-05-12 16:09:19','2023-05-12 16:09:19',NULL),(131,8564,0,NULL,131,2,40720,40749,13,1522,2,0,'2023-04-28','2023-04-28',592900.00,1,1.00,'Nota de crédito A N°: 0005-00000100',NULL,NULL,'2023-05-12 16:09:19','2023-05-12 16:09:19',NULL),(132,8564,0,NULL,132,2,40720,40753,13,1522,1,0,'2023-04-20','2023-04-20',2860911.90,1,1.00,'FACTURA DE CRÉDITO ELECTRÓNICA MiPyMEs (FCE) A N°: 0004-00000261',NULL,NULL,'2023-05-12 16:09:19','2023-05-12 16:09:19',NULL),(133,8564,0,NULL,133,2,40720,40753,13,1522,2,0,'2023-04-20','2023-04-20',2077022.04,1,1.00,'NOTA DE CREDITO ELECTRÓNICA MiPyMEs (FCE) A N°: 0004-00000059',NULL,NULL,'2023-05-12 16:09:19','2023-05-12 16:09:19',NULL),(134,8564,0,NULL,134,2,40720,40752,13,1522,2,0,'2023-04-21','2023-04-21',605000.00,1,1.00,'NOTA DE CREDITO ELECTRÓNICA MiPyMEs (FCE) A N°: 0006-00000052',NULL,NULL,'2023-05-12 16:09:19','2023-05-12 16:09:19',NULL),(135,8564,0,NULL,135,2,40720,40754,13,1522,2,0,'2023-04-24','2023-04-24',1222576.74,1,1.00,'NOTA DE CREDITO ELECTRÓNICA MiPyMEs (FCE) A N°: 0004-00000060',NULL,NULL,'2023-05-12 16:09:19','2023-05-12 16:09:19',NULL),(136,8564,0,NULL,136,2,40720,40749,13,1522,1,0,'2023-04-26','2023-04-26',5650337.00,1,1.00,'Factura A N°: 0005-00000680',NULL,NULL,'2023-05-12 16:09:20','2023-05-12 16:09:20',NULL),(137,8564,0,NULL,137,2,40720,40749,13,1522,1,0,'2023-04-26','2023-04-26',148225.00,1,1.00,'Factura A N°: 0005-00000681',NULL,NULL,'2023-05-12 16:09:20','2023-05-12 16:09:20',NULL),(138,8564,0,NULL,138,2,40720,40749,13,1522,1,0,'2023-04-26','2023-04-26',17787.00,1,1.00,'Factura A N°: 0005-00000682',NULL,NULL,'2023-05-12 16:09:20','2023-05-12 16:09:20',NULL),(139,8564,0,NULL,139,2,40720,40749,13,1522,1,0,'2023-04-26','2023-04-26',1476321.00,1,1.00,'Factura A N°: 0005-00000683',NULL,NULL,'2023-05-12 16:09:20','2023-05-12 16:09:20',NULL),(140,8564,0,NULL,140,2,40720,40749,13,1522,1,0,'2023-04-26','2023-04-26',685344.00,1,1.00,'Factura A N°: 0005-00000684',NULL,NULL,'2023-05-12 16:09:20','2023-05-12 16:09:20',NULL),(141,8564,0,NULL,141,2,40720,40755,13,1522,1,0,'2023-04-26','2023-04-26',2116290.00,1,1.00,'FACTURA DE CRÉDITO ELECTRÓNICA MiPyMEs (FCE) A N°: 0006-00000218',NULL,NULL,'2023-05-12 16:09:20','2023-05-12 16:09:20',NULL),(142,8564,0,NULL,142,2,40720,40755,13,1522,2,0,'2023-04-26','2023-04-26',846516.00,1,1.00,'NOTA DE CREDITO ELECTRÓNICA MiPyMEs (FCE) A N°: 0006-00000053',NULL,NULL,'2023-05-12 16:09:20','2023-05-12 16:09:20',NULL),(143,8564,0,NULL,143,2,40720,40749,13,1522,2,0,'2023-04-27','2023-04-27',5929.00,1,1.00,'Nota de crédito A N°: 0005-00000099',NULL,NULL,'2023-05-12 16:09:20','2023-05-12 16:09:20',NULL),(144,8564,0,NULL,144,3,40721,40759,57,3041,2,0,'2023-09-01','2023-09-01',1086580.00,1,1.00,'RECIBO A N°: 0003-00000163',NULL,NULL,'2023-09-04 21:37:14','2023-09-04 21:37:14',NULL),(145,8564,0,NULL,NULL,3,40761,40719,57,15672,2,0,'2024-07-01','2024-07-01',42000.00,1,1.00,'Factura C N°: 0002-00000091',NULL,NULL,'2024-08-05 15:37:53','2024-08-05 15:37:53',NULL),(146,8564,0,NULL,NULL,3,40761,40762,57,15672,2,0,'2024-07-02','2024-07-02',19999.00,1,1.00,'Factura A N°: 0009-00004321',NULL,NULL,'2024-08-05 15:37:54','2024-08-05 15:37:54',NULL),(147,8564,0,NULL,NULL,3,40761,40763,57,15672,2,0,'2024-07-03','2024-07-03',221924.28,1,1.00,'Factura A N°: 2184-00167493',NULL,NULL,'2024-08-05 15:37:54','2024-08-05 15:37:54',NULL);
INSERT INTO `cta_cte_cliente` VALUES (148,8564,0,NULL,NULL,3,40761,40764,57,15672,2,0,'2024-07-31','2024-07-31',2180.78,1,1.00,'Factura A N°: 5009-00977496',NULL,NULL,'2024-08-05 15:37:54','2024-08-05 15:37:54',NULL),(149,8564,0,NULL,NULL,3,40761,40765,57,15672,2,0,'2024-07-03','2024-07-03',6453.72,1,1.00,'Factura A N°: 0711-05874535',NULL,NULL,'2024-08-05 15:37:54','2024-08-05 15:37:54',NULL),(150,8564,0,NULL,NULL,3,40761,40766,57,15672,2,0,'2024-07-04','2024-07-04',59006.05,1,1.00,'Factura A N°: 9102-00006397',NULL,NULL,'2024-08-05 15:37:54','2024-08-05 15:37:54',NULL),(151,8564,0,NULL,NULL,3,40761,40767,57,15672,2,0,'2024-07-04','2024-07-04',13640.00,1,1.00,'Factura A N°: 0014-00002230',NULL,NULL,'2024-08-05 15:37:54','2024-08-05 15:37:54',NULL),(152,8564,0,NULL,NULL,3,40761,40768,57,15672,2,0,'2024-07-04','2024-07-04',43237.79,1,1.00,'Factura A N°: 0381-00002343',NULL,NULL,'2024-08-05 15:37:54','2024-08-05 15:37:54',NULL),(153,8564,0,NULL,NULL,3,40761,40769,57,15672,2,0,'2024-07-04','2024-07-04',18334.64,1,1.00,'Factura A N°: 10352-00001639',NULL,NULL,'2024-08-05 15:37:54','2024-08-05 15:37:54',NULL),(154,8564,0,NULL,NULL,3,40761,40770,57,15672,2,0,'2024-07-05','2024-07-05',83000.00,1,1.00,'Factura A N°: 0026-00018505',NULL,NULL,'2024-08-05 15:37:54','2024-08-05 15:37:54',NULL),(155,8564,0,NULL,NULL,3,40761,40771,57,15672,2,0,'2024-07-08','2024-07-08',59200.00,1,1.00,'Factura A N°: 0002-00003550',NULL,NULL,'2024-08-05 15:37:54','2024-08-05 15:37:54',NULL),(156,8564,0,NULL,NULL,3,40761,40772,57,15672,2,0,'2024-07-08','2024-07-08',36117.01,1,1.00,'Factura A N°: 0014-00032227',NULL,NULL,'2024-08-05 15:37:54','2024-08-05 15:37:54',NULL),(157,8564,0,NULL,NULL,3,40761,40767,57,15672,2,0,'2024-07-08','2024-07-08',23900.00,1,1.00,'Factura A N°: 0014-00002238',NULL,NULL,'2024-08-05 15:37:54','2024-08-05 15:37:54',NULL),(158,8564,0,NULL,NULL,3,40761,40773,57,15672,2,0,'2024-07-08','2024-07-08',11600.00,1,1.00,'Factura A N°: 0002-00000222',NULL,NULL,'2024-08-05 15:37:55','2024-08-05 15:37:55',NULL),(159,8564,0,NULL,NULL,3,40761,40774,57,15672,2,0,'2024-07-08','2024-07-08',6709.90,1,1.00,'Factura C N°: 0002-00004640',NULL,NULL,'2024-08-05 15:37:55','2024-08-05 15:37:55',NULL),(160,8564,0,NULL,NULL,3,40761,40763,57,15672,2,0,'2024-07-10','2024-07-10',144138.41,1,1.00,'Factura A N°: 2184-00168208',NULL,NULL,'2024-08-05 15:37:55','2024-08-05 15:37:55',NULL),(161,8564,0,NULL,NULL,3,40761,40775,57,15672,2,0,'2024-07-11','2024-07-11',78000.00,1,1.00,'Factura A N°: 0017-00009635',NULL,NULL,'2024-08-05 15:37:55','2024-08-05 15:37:55',NULL),(162,8564,0,NULL,NULL,3,40761,40776,57,15672,2,0,'2024-07-11','2024-07-11',47168.70,1,1.00,'Factura A N°: 2068-00038787',NULL,NULL,'2024-08-05 15:37:55','2024-08-05 15:37:55',NULL),(163,8564,0,NULL,NULL,3,40761,40767,57,15672,2,0,'2024-07-11','2024-07-11',61450.00,1,1.00,'Factura A N°: 0015-00001618',NULL,NULL,'2024-08-05 15:37:55','2024-08-05 15:37:55',NULL),(164,8564,0,NULL,NULL,3,40761,40777,57,15672,2,0,'2024-07-12','2024-07-12',32999.00,1,1.00,'Factura A N°: 0002-00003337',NULL,NULL,'2024-08-05 15:37:55','2024-08-05 15:37:55',NULL),(165,8564,0,NULL,NULL,3,40761,40778,57,15672,2,0,'2024-07-12','2024-07-12',104326.92,1,1.00,'Factura A N°: 0006-00036001',NULL,NULL,'2024-08-05 15:37:55','2024-08-05 15:37:55',NULL),(166,8564,0,NULL,NULL,3,40761,40779,57,15672,2,0,'2024-07-12','2024-07-12',47000.00,1,1.00,'Factura A N°: 0011-00002220',NULL,NULL,'2024-08-05 15:37:55','2024-08-05 15:37:55',NULL),(167,8564,0,NULL,NULL,3,40761,40766,57,15672,2,0,'2024-07-13','2024-07-13',64002.96,1,1.00,'Factura A N°: 6976-00021781',NULL,NULL,'2024-08-05 15:37:55','2024-08-05 15:37:55',NULL),(168,8564,0,NULL,NULL,3,40761,40768,57,15672,2,0,'2024-07-15','2024-07-15',59281.96,1,1.00,'Factura A N°: 0381-00002380',NULL,NULL,'2024-08-05 15:37:55','2024-08-05 15:37:55',NULL),(169,8564,0,NULL,NULL,3,40761,40763,57,15672,2,0,'2024-07-15','2024-07-15',102959.72,1,1.00,'Factura A N°: 2197-00067492',NULL,NULL,'2024-08-05 15:37:55','2024-08-05 15:37:55',NULL);
INSERT INTO `cta_cte_cliente` VALUES (170,8564,0,NULL,NULL,3,40761,40764,57,15672,2,0,'2024-07-16','2024-07-16',903.34,1,1.00,'Factura A N°: 5009-00965320',NULL,NULL,'2024-08-05 15:37:55','2024-08-05 15:37:55',NULL),(171,8564,0,NULL,NULL,3,40761,40767,57,15672,2,0,'2024-07-16','2024-07-16',33900.00,1,1.00,'Factura A N°: 0014-00002249',NULL,NULL,'2024-08-05 15:37:55','2024-08-05 15:37:55',NULL),(172,8564,0,NULL,NULL,3,40761,40780,57,15672,2,0,'2024-07-16','2024-07-16',14151200.00,1,1.00,'Factura A N°: 0006-00063227',NULL,NULL,'2024-08-05 15:37:56','2024-08-05 15:37:56',NULL),(173,8564,0,NULL,NULL,3,40761,40781,57,15672,2,0,'2024-07-16','2024-07-16',5444.84,1,1.00,'Factura C N°: 0003-00000471',NULL,NULL,'2024-08-05 15:37:56','2024-08-05 15:37:56',NULL),(174,8564,0,NULL,NULL,3,40761,40765,57,15672,2,0,'2024-07-19','2024-07-19',2292.53,1,1.00,'Factura A N°: 0711-05930132',NULL,NULL,'2024-08-05 15:37:56','2024-08-05 15:37:56',NULL),(175,8564,0,NULL,NULL,3,40761,40745,57,15672,2,0,'2024-07-20','2024-07-20',218441.71,1,1.00,'Factura A N°: 0076-00270121',NULL,NULL,'2024-08-05 15:37:56','2024-08-05 15:37:56',NULL),(176,8564,0,NULL,NULL,3,40761,40766,57,15672,2,0,'2024-07-20','2024-07-20',67282.99,1,1.00,'Factura A N°: 6434-00010520',NULL,NULL,'2024-08-05 15:37:56','2024-08-05 15:37:56',NULL),(177,8564,0,NULL,NULL,3,40761,40782,57,15672,2,0,'2024-07-21','2024-07-21',165000.00,1,1.00,'Factura C N°: 0001-00000045',NULL,NULL,'2024-08-05 15:37:56','2024-08-05 15:37:56',NULL),(178,8564,0,NULL,NULL,3,40761,40783,57,15672,2,0,'2024-07-23','2024-07-23',3999.00,1,1.00,'Factura A N°: 0037-12741604',NULL,NULL,'2024-08-05 15:37:56','2024-08-05 15:37:56',NULL),(179,8564,0,NULL,NULL,3,40761,40776,57,15672,2,0,'2024-07-25','2024-07-25',136210.99,1,1.00,'Factura A N°: 2068-00039090',NULL,NULL,'2024-08-05 15:37:56','2024-08-05 15:37:56',NULL),(180,8564,0,NULL,NULL,3,40761,40769,57,15672,2,0,'2024-07-26','2024-07-26',49728.47,1,1.00,'Factura A N°: 10350-00001550',NULL,NULL,'2024-08-05 15:37:56','2024-08-05 15:37:56',NULL),(181,8564,0,NULL,NULL,3,40761,40776,57,15672,2,0,'2024-07-28','2024-07-28',66275.79,1,1.00,'Factura A N°: 2068-00039131',NULL,NULL,'2024-08-05 15:37:56','2024-08-05 15:37:56',NULL),(182,8564,0,NULL,NULL,3,40761,40763,57,15672,2,0,'2024-07-31','2024-07-31',104591.11,1,1.00,'Factura A N°: 2197-00068133',NULL,NULL,'2024-08-05 15:37:56','2024-08-05 15:37:56',NULL),(183,8564,0,NULL,NULL,3,40761,40766,57,15672,2,0,'2024-07-31','2024-07-31',58506.04,1,1.00,'Factura A N°: 6436-00010629',NULL,NULL,'2024-08-05 15:37:56','2024-08-05 15:37:56',NULL),(184,8564,0,NULL,NULL,3,40758,40769,57,12550,2,0,'2024-07-01','2024-07-01',56462.34,1,1.00,'Factura A N°: 8285-00000993',NULL,NULL,'2024-08-08 19:34:09','2024-08-08 19:34:09',NULL),(185,8564,0,NULL,NULL,3,40758,40784,57,12550,2,0,'2024-07-01','2024-07-01',7900.05,1,1.00,'Factura A N°: 0003-00006201',NULL,NULL,'2024-08-08 19:34:09','2024-08-08 19:34:09',NULL),(186,8564,0,NULL,NULL,3,40758,40719,57,12550,2,0,'2024-07-01','2024-07-01',63000.00,1,1.00,'Factura C N°: 0002-00000090',NULL,NULL,'2024-08-08 19:34:09','2024-08-08 19:34:09',NULL),(187,8564,0,NULL,NULL,3,40758,40769,57,12550,2,0,'2024-07-30','2024-07-30',547532.95,1,1.00,'Factura A N°: 8285-00001234',NULL,NULL,'2024-08-08 19:34:09','2024-08-08 19:34:09',NULL),(188,8564,0,NULL,NULL,3,40758,40785,57,12550,2,0,'2024-07-02','2024-07-02',10699.40,1,1.00,'Factura A N°: 0007-00007427',NULL,NULL,'2024-08-08 19:34:09','2024-08-08 19:34:09',NULL),(189,8564,0,NULL,NULL,3,40758,40769,57,12550,2,0,'2024-07-02','2024-07-02',64207.72,1,1.00,'Factura A N°: 8271-00010061',NULL,NULL,'2024-08-08 19:34:09','2024-08-08 19:34:09',NULL),(190,8564,0,NULL,NULL,3,40758,40786,57,12550,2,0,'2024-07-02','2024-07-02',57000.00,1,1.00,'Factura A N°: 0006-00021478',NULL,NULL,'2024-08-08 19:34:09','2024-08-08 19:34:09',NULL),(191,8564,0,NULL,NULL,3,40758,40769,57,12550,2,0,'2024-07-02','2024-07-02',29974.13,1,1.00,'Factura A N°: 8281-00000946',NULL,NULL,'2024-08-08 19:34:09','2024-08-08 19:34:09',NULL);
INSERT INTO `cta_cte_cliente` VALUES (192,8564,0,NULL,NULL,3,40758,40769,57,12550,1,0,'2024-07-02','2024-07-02',14798.53,1,1.00,'Nota de crédito A N°: 8247-00000320',NULL,NULL,'2024-08-08 19:34:10','2024-08-08 19:34:10',NULL),(193,8564,0,NULL,NULL,3,40758,40769,57,12550,2,0,'2024-07-03','2024-07-03',89611.59,1,1.00,'Factura A N°: 8285-00001009',NULL,NULL,'2024-08-08 19:34:10','2024-08-08 19:34:10',NULL),(194,8564,0,NULL,NULL,3,40758,40787,57,12550,2,0,'2024-07-04','2024-07-04',119000.00,1,1.00,'Factura A N°: 0005-00003855',NULL,NULL,'2024-08-08 19:34:10','2024-08-08 19:34:10',NULL),(195,8564,0,NULL,NULL,3,40758,40788,57,12550,2,0,'2024-07-07','2024-07-07',145784.12,1,1.00,'Factura A N°: 6329-00000872',NULL,NULL,'2024-08-08 19:34:10','2024-08-08 19:34:10',NULL),(196,8564,0,NULL,NULL,3,40758,40789,57,12550,2,0,'2024-07-07','2024-07-07',24492.66,1,1.00,'Tique Factura A N°: 0041-00013858',NULL,NULL,'2024-08-08 19:34:10','2024-08-08 19:34:10',NULL),(197,8564,0,NULL,NULL,3,40758,40787,57,12550,2,0,'2024-07-08','2024-07-08',59000.00,1,1.00,'Factura A N°: 0005-00003878',NULL,NULL,'2024-08-08 19:34:10','2024-08-08 19:34:10',NULL),(198,8564,0,NULL,NULL,3,40758,40766,57,12550,2,0,'2024-07-09','2024-07-09',20000.04,1,1.00,'Factura A N°: 6410-00018884',NULL,NULL,'2024-08-08 19:34:10','2024-08-08 19:34:10',NULL),(199,8564,0,NULL,NULL,3,40758,40790,57,12550,2,0,'2024-07-10','2024-07-10',908.81,1,1.00,'Factura A N°: 0002-00002151',NULL,NULL,'2024-08-08 19:34:10','2024-08-08 19:34:10',NULL),(200,8564,0,NULL,NULL,3,40758,40790,57,12550,2,0,'2024-07-10','2024-07-10',12560.41,1,1.00,'Factura A N°: 0002-00002152',NULL,NULL,'2024-08-08 19:34:10','2024-08-08 19:34:10',NULL),(201,8564,0,NULL,NULL,3,40758,40769,57,12550,2,0,'2024-07-11','2024-07-11',116215.18,1,1.00,'Factura A N°: 8251-00001638',NULL,NULL,'2024-08-08 19:34:10','2024-08-08 19:34:10',NULL),(202,8564,0,NULL,NULL,3,40758,40769,57,12550,2,0,'2024-07-12','2024-07-12',25561.82,1,1.00,'Factura A N°: 8271-00010121',NULL,NULL,'2024-08-08 19:34:10','2024-08-08 19:34:10',NULL),(203,8564,0,NULL,NULL,3,40758,40791,57,12550,2,0,'2024-07-12','2024-07-12',2499.99,1,1.00,'Factura A N°: 0010-00016621',NULL,NULL,'2024-08-08 19:34:10','2024-08-08 19:34:10',NULL),(204,8564,0,NULL,NULL,3,40758,40792,57,12550,2,0,'2024-07-13','2024-07-13',95570.38,1,1.00,'Factura A N°: 6631-00003986',NULL,NULL,'2024-08-08 19:34:11','2024-08-08 19:34:11',NULL),(205,8564,0,NULL,NULL,3,40758,40769,57,12550,2,0,'2024-07-15','2024-07-15',103794.77,1,1.00,'Factura A N°: 8285-00001089',NULL,NULL,'2024-08-08 19:34:11','2024-08-08 19:34:11',NULL),(206,8564,0,NULL,NULL,3,40758,40793,57,12550,2,0,'2024-07-15','2024-07-15',45262.71,1,1.00,'Factura A N°: 0011-00014299',NULL,NULL,'2024-08-08 19:34:11','2024-08-08 19:34:11',NULL),(207,8564,0,NULL,NULL,3,40758,40794,57,12550,2,0,'2024-07-16','2024-07-16',13460.51,1,1.00,'Factura A N°: 0008-00009870',NULL,NULL,'2024-08-08 19:34:11','2024-08-08 19:34:11',NULL),(208,8564,0,NULL,NULL,3,40758,40795,57,12550,2,0,'2024-07-16','2024-07-16',13000.00,1,1.00,'Factura A N°: 0002-00006458',NULL,NULL,'2024-08-08 19:34:11','2024-08-08 19:34:11',NULL),(209,8564,0,NULL,NULL,3,40758,40791,57,12550,2,0,'2024-07-17','2024-07-17',28300.00,1,1.00,'Factura A N°: 0010-00016656',NULL,NULL,'2024-08-08 19:34:11','2024-08-08 19:34:11',NULL),(210,8564,0,NULL,NULL,3,40758,40769,57,12550,2,0,'2024-07-17','2024-07-17',32127.29,1,1.00,'Factura A N°: 8263-00010747',NULL,NULL,'2024-08-08 19:34:11','2024-08-08 19:34:11',NULL),(211,8564,0,NULL,NULL,3,40758,40796,57,12550,2,0,'2024-07-17','2024-07-17',500000.00,1,1.00,'Factura C N°: 0003-00000220',NULL,NULL,'2024-08-08 19:34:11','2024-08-08 19:34:11',NULL),(212,8564,0,NULL,NULL,3,40758,40792,57,12550,2,0,'2024-07-20','2024-07-20',105430.09,1,1.00,'Factura A N°: 6636-00001714',NULL,NULL,'2024-08-08 19:34:11','2024-08-08 19:34:11',NULL),(213,8564,0,NULL,NULL,3,40758,40797,57,12550,2,0,'2024-07-24','2024-07-24',26598.32,1,1.00,'Factura A N°: 2003-00096388',NULL,NULL,'2024-08-08 19:34:11','2024-08-08 19:34:11',NULL);
INSERT INTO `cta_cte_cliente` VALUES (214,8564,0,NULL,NULL,3,40758,40797,57,12550,2,0,'2024-07-27','2024-07-27',25576.16,1,1.00,'Factura A N°: 2019-00227075',NULL,NULL,'2024-08-08 19:34:11','2024-08-08 19:34:11',NULL),(215,8564,0,NULL,NULL,3,40758,40766,57,12550,2,0,'2024-07-28','2024-07-28',33992.99,1,1.00,'Factura A N°: 7462-00025405',NULL,NULL,'2024-08-08 19:34:11','2024-08-08 19:34:11',NULL),(216,8564,0,NULL,NULL,3,40758,40798,57,12550,2,0,'2024-07-13','2024-07-13',18144.92,1,1.00,'Tique Factura A N°: 0022-00034537',NULL,NULL,'2024-08-08 19:34:12','2024-08-08 19:34:12',NULL),(217,8564,0,NULL,NULL,2,40758,40799,13,12550,1,0,'2024-07-03','2024-07-03',679112.50,1,1.00,'Factura A N°: 0001-00000071',NULL,NULL,'2024-08-08 19:35:03','2024-08-08 19:35:03',NULL),(218,8564,0,NULL,NULL,2,40758,40799,13,12550,1,0,'2024-07-03','2024-07-03',1210000.00,1,1.00,'Factura A N°: 0001-00000070',NULL,NULL,'2024-08-08 19:35:03','2024-08-08 19:35:03',NULL),(219,8564,0,NULL,NULL,2,40758,40799,13,12550,1,0,'2024-07-08','2024-07-08',544500.00,1,1.00,'Factura A N°: 0001-00000073',NULL,NULL,'2024-08-08 19:35:03','2024-08-08 19:35:03',NULL),(220,8564,0,NULL,NULL,2,40758,40799,13,12550,1,0,'2024-07-18','2024-07-18',1210000.00,1,1.00,'Factura A N°: 0001-00000077',NULL,NULL,'2024-08-08 19:35:04','2024-08-08 19:35:04',NULL),(221,8564,0,NULL,NULL,2,40758,40799,13,12550,1,0,'2024-07-08','2024-07-08',1210000.00,1,1.00,'Factura A N°: 0001-00000072',NULL,NULL,'2024-08-08 19:35:04','2024-08-08 19:35:04',NULL),(222,8564,0,NULL,NULL,2,40758,40799,13,12550,1,0,'2024-07-15','2024-07-15',1210000.00,1,1.00,'Factura A N°: 0001-00000074',NULL,NULL,'2024-08-08 19:35:04','2024-08-08 19:35:04',NULL),(223,8564,0,NULL,NULL,2,40758,40799,13,12550,1,0,'2024-07-15','2024-07-15',302500.00,1,1.00,'Factura A N°: 0001-00000075',NULL,NULL,'2024-08-08 19:35:04','2024-08-08 19:35:04',NULL),(224,8564,0,NULL,NULL,2,40758,40799,13,12550,1,0,'2024-07-18','2024-07-18',1076900.00,1,1.00,'Factura A N°: 0001-00000078',NULL,NULL,'2024-08-08 19:35:04','2024-08-08 19:35:04',NULL),(225,8564,0,NULL,NULL,2,40758,40799,13,12550,1,0,'2024-07-18','2024-07-18',1210000.00,1,1.00,'Factura A N°: 0001-00000076',NULL,NULL,'2024-08-08 19:35:04','2024-08-08 19:35:04',NULL),(226,8564,0,NULL,NULL,3,40758,40786,57,12536,2,0,'2023-08-01','2023-08-01',57000.00,1,1.00,'Factura B N°: 0006-00010303',NULL,NULL,'2024-10-03 16:13:47','2024-10-03 16:17:49','2024-10-03 16:17:49'),(227,8564,0,NULL,NULL,3,40758,40764,57,12536,2,0,'2023-08-03','2023-08-03',1583.59,1,1.00,'Factura B N°: 5013-04358555',NULL,NULL,'2024-10-03 16:13:47','2024-10-03 16:17:42','2024-10-03 16:17:42'),(228,8564,0,NULL,NULL,3,40758,40765,57,12536,2,0,'2023-08-03','2023-08-03',750.00,1,1.00,'Factura B N°: 0711-35960527',NULL,NULL,'2024-10-03 16:13:47','2024-10-03 16:17:35','2024-10-03 16:17:35'),(229,8564,0,NULL,NULL,3,40758,40800,57,12536,2,0,'2023-08-31','2023-08-31',3015.00,1,1.00,'Factura B N°: 0050-22071831',NULL,NULL,'2024-10-03 16:13:47','2024-10-03 16:17:28','2024-10-03 16:17:28'),(230,8564,0,NULL,NULL,3,40758,40763,57,12536,2,0,'2023-08-13','2023-08-13',22935.03,1,1.00,'Factura B N°: 2092-03738447',NULL,NULL,'2024-10-03 16:13:47','2024-10-03 16:17:22','2024-10-03 16:17:22'),(231,8564,0,NULL,NULL,3,40758,40765,57,12536,2,0,'2023-08-17','2023-08-17',1400.00,1,1.00,'Factura B N°: 0711-36406355',NULL,NULL,'2024-10-03 16:13:47','2024-10-03 16:17:15','2024-10-03 16:17:15'),(232,8564,0,NULL,NULL,3,40758,40764,57,12536,2,0,'2023-08-18','2023-08-18',254.03,1,1.00,'Factura B N°: 5013-04468569',NULL,NULL,'2024-10-03 16:13:47','2024-10-03 16:17:07','2024-10-03 16:17:07'),(233,8564,0,NULL,NULL,3,40758,40801,57,12536,2,0,'2023-08-22','2023-08-22',300.00,1,1.00,'Factura B N°: 0113-14582447',NULL,NULL,'2024-10-03 16:13:47','2024-10-03 16:17:00','2024-10-03 16:17:00'),(234,8564,0,NULL,NULL,3,40758,40802,57,12536,2,0,'2023-08-25','2023-08-25',1900.00,1,1.00,'Factura B N°: 0060-00353545',NULL,NULL,'2024-10-03 16:13:47','2024-10-03 16:16:50','2024-10-03 16:16:50');
INSERT INTO `cta_cte_cliente` VALUES (235,8564,0,NULL,NULL,3,40758,40803,57,12536,2,0,'2023-08-31','2023-08-31',13100.00,1,1.00,'Factura B N°: 0005-00014294',NULL,NULL,'2024-10-03 16:13:47','2024-10-03 16:15:31','2024-10-03 16:15:31'),(236,8564,0,NULL,NULL,3,40758,40766,57,12535,2,0,'2023-07-03','2023-07-03',4000.00,1,1.00,'Factura A N°: 6850-00015578',NULL,NULL,'2024-10-03 16:20:57','2024-10-03 16:20:57',NULL),(237,8564,0,NULL,NULL,3,40758,40766,57,12535,2,0,'2023-07-06','2023-07-06',9999.99,1,1.00,'Factura A N°: 7148-00015996',NULL,NULL,'2024-10-03 16:20:57','2024-10-03 16:20:57',NULL),(238,8564,0,NULL,NULL,3,40758,40792,57,12535,2,0,'2023-07-09','2023-07-09',21656.94,1,1.00,'Factura A N°: 6629-00002546',NULL,NULL,'2024-10-03 16:20:58','2024-10-03 16:20:58',NULL),(239,8564,0,NULL,NULL,3,40758,40798,57,12535,2,0,'2023-07-30','2023-07-30',9619.21,1,1.00,'Tique Factura A N°: 0021-00015934',NULL,NULL,'2024-10-03 16:20:58','2024-10-03 16:20:58',NULL),(240,8564,0,NULL,NULL,3,40758,40769,57,12535,2,0,'2023-07-10','2023-07-10',136324.03,1,1.00,'Factura A N°: 8917-00001276',NULL,NULL,'2024-10-03 16:20:58','2024-10-03 16:20:58',NULL),(241,8564,0,NULL,NULL,3,40758,40798,57,12535,2,0,'2023-07-10','2023-07-10',11619.26,1,1.00,'Tique Factura A N°: 0021-00015209',NULL,NULL,'2024-10-03 16:20:58','2024-10-03 16:20:58',NULL),(242,8564,0,NULL,NULL,3,40758,40804,57,12535,2,0,'2023-07-13','2023-07-13',8000.00,1,1.00,'Factura A N°: 0009-00000021',NULL,NULL,'2024-10-03 16:20:58','2024-10-03 16:20:58',NULL),(243,8564,0,NULL,NULL,3,40758,40769,57,12535,2,0,'2023-07-17','2023-07-17',44957.40,1,1.00,'Factura A N°: 8915-00002065',NULL,NULL,'2024-10-03 16:20:58','2024-10-03 16:20:58',NULL),(244,8564,0,NULL,NULL,3,40758,40805,57,12535,2,0,'2023-07-17','2023-07-17',26401.43,1,1.00,'Factura A N°: 0032-00009414',NULL,NULL,'2024-10-03 16:20:59','2024-10-03 16:20:59',NULL),(245,8564,0,NULL,NULL,3,40758,40806,57,12535,2,0,'2023-07-18','2023-07-18',450000.00,1,1.00,'Factura C N°: 0001-00000007',NULL,NULL,'2024-10-03 16:20:59','2024-11-25 23:34:05','2024-11-25 23:34:05'),(246,8564,0,NULL,NULL,3,40758,40797,57,12535,2,0,'2023-07-19','2023-07-19',5365.92,1,1.00,'Factura A N°: 2035-00109495',NULL,NULL,'2024-10-03 16:20:59','2024-10-03 16:20:59',NULL),(247,8564,0,NULL,NULL,3,40758,40792,57,12535,2,0,'2023-07-20','2023-07-20',17905.70,1,1.00,'Factura A N°: 6631-00002889',NULL,NULL,'2024-10-03 16:20:59','2024-11-25 23:43:03','2024-11-25 23:43:03'),(248,8564,0,NULL,NULL,3,40758,40797,57,12535,2,0,'2023-07-21','2023-07-21',5450.33,1,1.00,'Factura A N°: 2044-00033044',NULL,NULL,'2024-10-03 16:20:59','2024-10-03 16:20:59',NULL),(249,8564,0,NULL,NULL,3,40758,40797,57,12535,2,0,'2023-07-27','2023-07-27',5365.70,1,1.00,'Factura A N°: 2037-00053991',NULL,NULL,'2024-10-03 16:20:59','2024-10-03 16:20:59',NULL),(250,8564,0,NULL,NULL,3,40758,40769,57,12535,2,0,'2023-07-27','2023-07-27',15203.67,1,1.00,'Factura A N°: 8297-00009173',NULL,NULL,'2024-10-03 16:20:59','2024-10-03 16:20:59',NULL),(251,8564,0,NULL,NULL,3,40758,40807,57,12535,2,0,'2023-07-29','2023-07-29',6205.61,1,1.00,'Tique Factura A N°: 5200-00037837',NULL,NULL,'2024-10-03 16:21:00','2024-10-03 16:21:00',NULL),(252,8564,0,NULL,NULL,3,40758,40808,57,12535,2,0,'2023-07-04','2023-07-04',7575.05,1,1.00,'Otro Comprobante A que cumple con la RG 1415 N°: 0001-00000001',NULL,NULL,'2024-10-03 16:21:00','2024-11-25 23:57:20','2024-11-25 23:57:20'),(253,8564,0,NULL,NULL,3,40758,40809,57,12535,2,0,'2023-07-07','2023-07-07',4999.87,1,1.00,'Otro Comprobante A que cumple con la RG 1415 N°: 0024-00008385',NULL,NULL,'2024-10-03 16:21:00','2024-11-25 23:58:14','2024-11-25 23:58:14'),(254,8564,0,NULL,NULL,3,40758,40810,57,12535,2,0,'2023-07-16','2023-07-16',1915.01,1,1.00,'Otro Comprobante A que cumple con la RG 1415 N°: 0002-00035765',NULL,NULL,'2024-10-03 16:21:00','2024-10-03 16:21:00',NULL),(255,8564,0,NULL,NULL,2,40758,40811,13,12535,1,0,'2023-07-31','2023-07-31',726000.00,1,1.00,'Factura A N°: 0001-00000018',NULL,NULL,'2024-10-03 16:21:13','2024-10-03 16:21:13',NULL);
INSERT INTO `cta_cte_cliente` VALUES (256,8564,0,NULL,NULL,2,40758,40811,13,12536,1,0,'2023-08-08','2023-08-08',217800.00,1,1.00,'Factura A N°: 0001-00000019',NULL,NULL,'2024-10-03 16:29:23','2024-10-03 16:29:23',NULL),(257,8564,0,NULL,NULL,2,40758,40811,13,12536,1,0,'2023-08-08','2023-08-08',847000.00,1,1.00,'Factura A N°: 0001-00000021',NULL,NULL,'2024-10-03 16:29:23','2024-10-03 16:29:23',NULL),(258,8564,0,NULL,NULL,2,40758,40811,13,12536,1,0,'2023-08-08','2023-08-08',251680.00,1,1.00,'Factura A N°: 0001-00000022',NULL,NULL,'2024-10-03 16:29:23','2024-10-03 16:29:23',NULL),(259,8564,0,NULL,NULL,2,40758,40811,13,12536,1,0,'2023-08-16','2023-08-16',377520.00,1,1.00,'Factura A N°: 0001-00000027',NULL,NULL,'2024-10-03 16:29:24','2024-10-03 16:29:24',NULL),(260,8564,0,NULL,NULL,2,40758,40811,13,12536,1,0,'2023-08-25','2023-08-25',93508.80,1,1.00,'Factura A N°: 0001-00000028',NULL,NULL,'2024-10-03 16:29:24','2024-10-03 16:29:24',NULL),(261,8564,0,NULL,NULL,2,40758,40811,13,12536,1,0,'2023-08-08','2023-08-08',169400.00,1,1.00,'Factura A N°: 0001-00000020',NULL,NULL,'2024-10-03 16:29:24','2024-10-03 16:29:24',NULL),(262,8564,0,NULL,NULL,2,40758,40812,13,12536,1,0,'2023-08-15','2023-08-15',67760.00,1,1.00,'Factura A N°: 0001-00000023',NULL,NULL,'2024-10-03 16:29:24','2024-10-03 16:29:24',NULL),(263,8564,0,NULL,NULL,2,40758,40811,13,12536,1,0,'2023-08-16','2023-08-16',847000.00,1,1.00,'Factura A N°: 0001-00000025',NULL,NULL,'2024-10-03 16:29:24','2024-10-03 16:29:24',NULL),(264,8564,0,NULL,NULL,2,40758,40811,13,12536,1,0,'2023-08-16','2023-08-16',377520.00,1,1.00,'Factura A N°: 0001-00000026',NULL,NULL,'2024-10-03 16:29:24','2024-10-03 16:29:24',NULL),(265,8564,0,NULL,NULL,2,40758,40812,13,12536,1,0,'2023-08-16','2023-08-16',12100.00,1,1.00,'Factura A N°: 0001-00000024',NULL,NULL,'2024-10-03 16:29:24','2024-10-03 16:29:24',NULL),(266,8564,0,NULL,NULL,3,40758,40769,57,12536,2,0,'2023-08-02','2023-08-02',66790.00,1,1.00,'Factura A N°: 8353-00008664',NULL,NULL,'2024-10-03 16:29:34','2024-10-03 16:29:34',NULL),(267,8564,0,NULL,NULL,3,40758,40813,57,12536,2,0,'2023-08-04','2023-08-04',4000.00,1,1.00,'Factura C N°: 0005-00002483',NULL,NULL,'2024-10-03 16:29:34','2024-10-03 16:29:34',NULL),(268,8564,0,NULL,NULL,3,40758,40769,57,12536,2,0,'2023-08-05','2023-08-05',1997.00,1,1.00,'Factura A N°: 8293-00000551',NULL,NULL,'2024-10-03 16:29:34','2024-10-03 16:29:34',NULL),(269,8564,0,NULL,NULL,3,40758,40797,57,12536,2,0,'2023-08-29','2023-08-29',10733.40,1,1.00,'Factura A N°: 2037-00056507',NULL,NULL,'2024-10-03 16:29:35','2024-10-03 16:29:35',NULL),(270,8564,0,NULL,NULL,3,40758,40766,57,12536,2,0,'2023-08-06','2023-08-06',5000.00,1,1.00,'Factura A N°: 6410-00012224',NULL,NULL,'2024-10-03 16:29:35','2024-10-03 16:29:35',NULL),(271,8564,0,NULL,NULL,3,40758,40792,57,12536,2,0,'2023-08-06','2023-08-06',19862.87,1,1.00,'Factura A N°: 10003-00001132',NULL,NULL,'2024-10-03 16:29:35','2024-11-25 23:43:31','2024-11-25 23:43:31'),(272,8564,0,NULL,NULL,3,40758,40814,57,12536,2,0,'2023-08-07','2023-08-07',32999.00,1,1.00,'Factura A N°: 3577-00001798',NULL,NULL,'2024-10-03 16:29:35','2024-10-03 16:29:35',NULL),(273,8564,0,NULL,NULL,3,40758,40814,57,12536,2,0,'2023-08-07','2023-08-07',29999.00,1,1.00,'Factura A N°: 3325-00009346',NULL,NULL,'2024-10-03 16:29:35','2024-10-03 16:29:35',NULL),(274,8564,0,NULL,NULL,3,40758,40786,57,12536,2,0,'2023-08-08','2023-08-08',77700.00,1,1.00,'Factura A N°: 0006-00018659',NULL,NULL,'2024-10-03 16:29:35','2024-10-03 16:29:35',NULL),(275,8564,0,NULL,NULL,3,40758,40766,57,12536,2,0,'2023-08-08','2023-08-08',9999.99,1,1.00,'Factura A N°: 6410-00012263',NULL,NULL,'2024-10-03 16:29:35','2024-10-03 16:29:35',NULL),(276,8564,0,NULL,NULL,3,40758,40815,57,12536,2,0,'2023-08-09','2023-08-09',13500.05,1,1.00,'Factura A N°: 0003-00001112',NULL,NULL,'2024-10-03 16:29:35','2024-11-25 23:52:13','2024-11-25 23:52:13');
INSERT INTO `cta_cte_cliente` VALUES (277,8564,0,NULL,NULL,3,40758,40816,57,12536,2,0,'2023-08-10','2023-08-10',10465.00,1,1.00,'Factura C N°: 0001-00000027',NULL,NULL,'2024-10-03 16:29:35','2024-11-25 23:44:01','2024-11-25 23:44:01'),(278,8564,0,NULL,NULL,3,40758,40798,57,12536,2,0,'2023-08-10','2023-08-10',11540.58,1,1.00,'Tique Factura A N°: 0021-00016333',NULL,NULL,'2024-10-03 16:29:35','2024-10-03 16:29:35',NULL),(279,8564,0,NULL,NULL,3,40758,40769,57,12536,2,0,'2023-08-12','2023-08-12',13156.37,1,1.00,'Factura A N°: 8293-00000568',NULL,NULL,'2024-10-03 16:29:36','2024-10-03 16:29:36',NULL),(280,8564,0,NULL,NULL,3,40758,40769,57,12536,2,0,'2023-08-12','2023-08-12',27098.18,1,1.00,'Factura A N°: 8293-00000565',NULL,NULL,'2024-10-03 16:29:36','2024-10-03 16:29:36',NULL),(281,8564,0,NULL,NULL,3,40758,40797,57,12536,2,0,'2023-08-13','2023-08-13',10900.50,1,1.00,'Factura A N°: 2007-00024242',NULL,NULL,'2024-10-03 16:29:36','2024-10-03 16:29:36',NULL),(282,8564,0,NULL,NULL,3,40758,40791,57,12536,2,0,'2023-08-16','2023-08-16',10799.25,1,1.00,'Factura A N°: 0009-00045879',NULL,NULL,'2024-10-03 16:29:36','2024-10-03 16:29:36',NULL),(283,8564,0,NULL,NULL,3,40758,40814,57,12536,1,0,'2023-08-17','2023-08-17',29999.00,1,1.00,'Nota de crédito A N°: 3090-00004566',NULL,NULL,'2024-10-03 16:29:36','2024-10-03 16:29:36',NULL),(284,8564,0,NULL,NULL,3,40758,40792,57,12536,2,0,'2023-08-19','2023-08-19',26869.76,1,1.00,'Factura A N°: 10313-00002211',NULL,NULL,'2024-10-03 16:29:36','2024-10-03 16:29:36',NULL),(285,8564,0,NULL,NULL,3,40758,40792,57,12536,2,0,'2023-08-27','2023-08-27',18492.88,1,1.00,'Factura A N°: 10003-00001198',NULL,NULL,'2024-10-03 16:29:36','2024-10-03 16:29:36',NULL),(286,8564,0,NULL,NULL,3,40758,40817,57,12536,2,0,'2023-08-28','2023-08-28',6529.99,1,1.00,'Factura A N°: 0007-00003125',NULL,NULL,'2024-10-03 16:29:36','2024-10-03 16:29:36',NULL),(287,8564,0,NULL,NULL,3,40758,40818,57,12536,2,0,'2023-08-28','2023-08-28',45766.74,1,1.00,'Factura A N°: 0013-00001496',NULL,NULL,'2024-10-03 16:29:36','2024-10-03 16:29:36',NULL),(288,8564,0,NULL,NULL,3,40758,40719,57,12536,2,0,'2023-08-28','2023-08-28',61000.00,1,1.00,'Factura C N°: 0002-00000021',NULL,NULL,'2024-10-03 16:29:36','2024-11-25 23:34:54','2024-11-25 23:34:54'),(289,8564,0,NULL,NULL,3,40758,40819,57,12536,2,0,'2023-08-09','2023-08-09',6386.03,1,1.00,'Factura A N°: 0007-00007497',NULL,NULL,'2024-10-03 16:29:36','2024-10-03 16:29:36',NULL),(290,8564,0,NULL,NULL,3,40758,40820,57,12536,2,0,'2023-08-09','2023-08-09',10800.00,1,1.00,'Factura A N°: 0002-00008487',NULL,NULL,'2024-10-03 16:29:37','2024-10-03 16:29:37',NULL),(291,8564,0,NULL,NULL,3,40758,40821,57,12536,2,0,'2023-08-18','2023-08-18',17258.10,1,1.00,'Factura A N°: 0061-00035354',NULL,NULL,'2024-10-03 16:29:37','2024-11-25 23:44:21','2024-11-25 23:44:21'),(292,8564,0,NULL,NULL,3,40758,40822,57,12536,2,0,'2023-08-26','2023-08-26',13801.21,1,1.00,'Factura A N°: 0076-00020250',NULL,NULL,'2024-10-03 16:29:37','2024-11-25 23:44:51','2024-11-25 23:44:51'),(293,8564,0,NULL,NULL,3,40758,40791,57,12536,2,0,'2023-08-09','2023-08-09',15000.00,1,1.00,'Factura A N°: 0024-00001585',NULL,NULL,'2024-10-03 16:29:37','2024-10-03 16:29:37',NULL),(294,8564,0,NULL,NULL,3,40758,40798,57,12537,2,0,'2023-09-01','2023-09-01',11339.25,1,1.00,'Tique Factura A N°: 0021-00017233',NULL,NULL,'2024-10-03 16:33:21','2024-10-03 16:33:21',NULL),(295,8564,0,NULL,NULL,3,40758,40792,57,12537,2,0,'2023-09-03','2023-09-03',42254.28,1,1.00,'Factura A N°: 10315-00002079',NULL,NULL,'2024-10-03 16:33:21','2024-11-25 23:45:11','2024-11-25 23:45:11'),(296,8564,0,NULL,NULL,3,40758,40798,57,12537,2,0,'2023-09-06','2023-09-06',11339.25,1,1.00,'Tique Factura A N°: 0022-00021431',NULL,NULL,'2024-10-03 16:33:21','2024-10-03 16:33:21',NULL),(297,8564,0,NULL,NULL,3,40758,40823,57,12537,2,0,'2023-09-30','2023-09-30',7500.02,1,1.00,'Factura A N°: 0002-00001773',NULL,NULL,'2024-10-03 16:33:21','2024-10-03 16:33:21',NULL);
INSERT INTO `cta_cte_cliente` VALUES (298,8564,0,NULL,NULL,3,40758,40824,57,12537,2,0,'2023-09-08','2023-09-08',28655.95,1,1.00,'Factura A N°: 0005-00000591',NULL,NULL,'2024-10-03 16:33:21','2024-10-03 16:33:21',NULL),(299,8564,0,NULL,NULL,3,40758,40719,57,12537,2,0,'2023-09-08','2023-09-08',45000.00,1,1.00,'Factura C N°: 0002-00000025',NULL,NULL,'2024-10-03 16:33:21','2024-11-25 23:35:19','2024-11-25 23:35:19'),(300,8564,0,NULL,NULL,3,40758,40766,57,12537,2,0,'2023-09-09','2023-09-09',9999.99,1,1.00,'Factura A N°: 8012-00018803',NULL,NULL,'2024-10-03 16:33:21','2024-10-03 16:33:21',NULL),(301,8564,0,NULL,NULL,3,40758,40769,57,12537,2,0,'2023-09-11','2023-09-11',126540.00,1,1.00,'Factura A N°: 8293-00001014',NULL,NULL,'2024-10-03 16:33:21','2024-10-03 16:33:21',NULL),(302,8564,0,NULL,NULL,3,40758,40798,57,12537,2,0,'2023-09-11','2023-09-11',11339.25,1,1.00,'Tique Factura A N°: 0021-00017578',NULL,NULL,'2024-10-03 16:33:21','2024-10-03 16:33:21',NULL),(303,8564,0,NULL,NULL,3,40758,40825,57,12537,2,0,'2023-09-13','2023-09-13',10900.00,1,1.00,'Factura C N°: 0002-00000371',NULL,NULL,'2024-10-03 16:33:21','2024-11-25 23:35:43','2024-11-25 23:35:43'),(304,8564,0,NULL,NULL,3,40758,40798,57,12537,2,0,'2023-09-14','2023-09-14',11339.25,1,1.00,'Tique Factura A N°: 0021-00017700',NULL,NULL,'2024-10-03 16:33:21','2024-10-03 16:33:21',NULL),(305,8564,0,NULL,NULL,3,40758,40792,57,12537,2,0,'2023-09-17','2023-09-17',20403.30,1,1.00,'Factura A N°: 6605-00002409',NULL,NULL,'2024-10-03 16:33:22','2024-10-03 16:33:22',NULL),(306,8564,0,NULL,NULL,3,40758,40798,57,12537,2,0,'2023-09-17','2023-09-17',17364.28,1,1.00,'Tique Factura A N°: 0021-00017860',NULL,NULL,'2024-10-03 16:33:22','2024-10-03 16:33:22',NULL),(307,8564,0,NULL,NULL,3,40758,40826,57,12537,2,0,'2023-09-18','2023-09-18',19132.34,1,1.00,'Factura A N°: 0022-00002051',NULL,NULL,'2024-10-03 16:33:22','2024-10-03 16:33:22',NULL),(308,8564,0,NULL,NULL,3,40758,40827,57,12537,2,0,'2023-09-18','2023-09-18',14400.00,1,1.00,'Factura C N°: 0003-00000034',NULL,NULL,'2024-10-03 16:33:22','2024-10-03 16:33:22',NULL),(309,8564,0,NULL,NULL,3,40758,40828,57,12537,2,0,'2023-09-19','2023-09-19',5299.80,1,1.00,'Factura A N°: 0002-00007527',NULL,NULL,'2024-10-03 16:33:22','2024-10-03 16:33:22',NULL),(310,8564,0,NULL,NULL,3,40758,40769,57,12537,2,0,'2023-09-19','2023-09-19',200785.09,1,1.00,'Factura A N°: 9355-00001884',NULL,NULL,'2024-10-03 16:33:22','2024-10-03 16:33:22',NULL),(311,8564,0,NULL,NULL,3,40758,40829,57,12537,2,0,'2023-09-19','2023-09-19',22065.94,1,1.00,'Factura A N°: 0013-00044416',NULL,NULL,'2024-10-03 16:33:22','2024-10-03 16:33:22',NULL),(312,8564,0,NULL,NULL,3,40758,40830,57,12537,2,0,'2023-09-20','2023-09-20',5400.00,1,1.00,'Tique Factura A N°: 0011-00000033',NULL,NULL,'2024-10-03 16:33:22','2024-10-03 16:33:22',NULL),(313,8564,0,NULL,NULL,3,40758,40830,57,12537,2,0,'2023-09-21','2023-09-21',2350.00,1,1.00,'Tique Factura A N°: 0011-00000034',NULL,NULL,'2024-10-03 16:33:22','2024-10-03 16:33:22',NULL),(314,8564,0,NULL,NULL,3,40758,40766,57,12537,2,0,'2023-09-21','2023-09-21',10000.01,1,1.00,'Factura A N°: 8188-00005728',NULL,NULL,'2024-10-03 16:33:22','2024-10-03 16:33:22',NULL),(315,8564,0,NULL,NULL,3,40758,40830,57,12537,2,0,'2023-09-22','2023-09-22',5400.00,1,1.00,'Tique Factura A N°: 0011-00000035',NULL,NULL,'2024-10-03 16:33:22','2024-10-03 16:33:22',NULL),(316,8564,0,NULL,NULL,3,40758,40830,57,12537,2,0,'2023-09-27','2023-09-27',3550.14,1,1.00,'Tique Factura A N°: 0011-00000037',NULL,NULL,'2024-10-03 16:33:23','2024-10-03 16:33:23',NULL),(317,8564,0,NULL,NULL,3,40758,40830,57,12537,2,0,'2023-09-28','2023-09-28',2350.00,1,1.00,'Tique Factura A N°: 0011-00000038',NULL,NULL,'2024-10-03 16:33:23','2024-10-03 16:33:23',NULL),(318,8564,0,NULL,NULL,3,40758,40830,57,12537,2,0,'2023-09-29','2023-09-29',1330.04,1,1.00,'Tique Factura A N°: 0011-00000039',NULL,NULL,'2024-10-03 16:33:23','2024-10-03 16:33:23',NULL);
INSERT INTO `cta_cte_cliente` VALUES (319,8564,0,NULL,NULL,3,40758,40829,57,12537,2,0,'2023-09-23','2023-09-23',5714.75,1,1.00,'Factura A N°: 0013-00044465',NULL,NULL,'2024-10-03 16:33:23','2024-10-03 16:33:23',NULL),(320,8564,0,NULL,NULL,3,40758,40792,57,12537,2,0,'2023-09-24','2023-09-24',21977.44,1,1.00,'Factura A N°: 18649-00000021',NULL,NULL,'2024-10-03 16:33:23','2024-10-03 16:33:23',NULL),(321,8564,0,NULL,NULL,3,40758,40829,57,12537,2,0,'2023-09-25','2023-09-25',115874.96,1,1.00,'Factura A N°: 0013-00044477',NULL,NULL,'2024-10-03 16:33:23','2024-10-03 16:33:23',NULL),(322,8564,0,NULL,NULL,3,40758,40769,57,12537,2,0,'2023-09-26','2023-09-26',30780.00,1,1.00,'Factura A N°: 8275-00005850',NULL,NULL,'2024-10-03 16:33:23','2024-10-03 16:33:23',NULL),(323,8564,0,NULL,NULL,3,40758,40829,57,12537,2,0,'2023-09-27','2023-09-27',2900.88,1,1.00,'Factura A N°: 0013-00044511',NULL,NULL,'2024-10-03 16:33:23','2024-10-03 16:33:23',NULL),(324,8564,0,NULL,NULL,3,40758,40829,57,12537,2,0,'2023-09-27','2023-09-27',49999.29,1,1.00,'Factura A N°: 0013-00044510',NULL,NULL,'2024-10-03 16:33:23','2024-10-03 16:33:23',NULL),(325,8564,0,NULL,NULL,3,40758,40829,57,12537,2,0,'2023-09-27','2023-09-27',4099.13,1,1.00,'Factura A N°: 0013-00044518',NULL,NULL,'2024-10-03 16:33:24','2024-10-03 16:33:24',NULL),(326,8564,0,NULL,NULL,3,40758,40831,57,12537,2,0,'2023-09-27','2023-09-27',18000.20,1,1.00,'Factura A N°: 0002-00002240',NULL,NULL,'2024-10-03 16:33:24','2024-11-25 23:46:18','2024-11-25 23:46:18'),(327,8564,0,NULL,NULL,3,40758,40829,57,12537,2,0,'2023-09-28','2023-09-28',39200.77,1,1.00,'Factura A N°: 0013-00044537',NULL,NULL,'2024-10-03 16:33:24','2024-10-03 16:33:24',NULL),(328,8564,0,NULL,NULL,3,40758,40829,57,12537,2,0,'2023-09-28','2023-09-28',9800.32,1,1.00,'Factura A N°: 0013-00044536',NULL,NULL,'2024-10-03 16:33:24','2024-10-03 16:33:24',NULL),(329,8564,0,NULL,NULL,3,40758,40832,57,12537,2,0,'2023-09-29','2023-09-29',8845.35,1,1.00,'Factura A N°: 0317-00002369',NULL,NULL,'2024-10-03 16:33:24','2024-10-03 16:33:24',NULL),(330,8564,0,NULL,NULL,3,40758,40820,57,12537,2,0,'2023-09-06','2023-09-06',6000.00,1,1.00,'Tique Factura A N°: 0002-00008622',NULL,NULL,'2024-10-03 16:33:24','2024-10-03 16:33:24',NULL),(331,8564,0,NULL,NULL,3,40758,40833,57,12537,2,0,'2023-09-09','2023-09-09',17250.00,1,1.00,'Tique Factura A N°: 0001-00000139',NULL,NULL,'2024-10-03 16:33:24','2024-10-03 16:33:24',NULL),(332,8564,0,NULL,NULL,3,40758,40834,57,12537,2,0,'2023-09-09','2023-09-09',880.00,1,1.00,'Tique Factura A N°: 0007-00000414',NULL,NULL,'2024-10-03 16:33:24','2024-10-03 16:33:24',NULL),(333,8564,0,NULL,NULL,3,40758,40835,57,12537,2,0,'2023-09-24','2023-09-24',10671.16,1,1.00,'Tique Factura A N°: 0022-00004426',NULL,NULL,'2024-10-03 16:33:25','2024-10-03 16:33:25',NULL),(334,8564,0,NULL,NULL,3,40758,40830,57,12537,2,0,'2023-09-30','2023-09-30',2700.00,1,1.00,'Tique Factura A N°: 0011-00000040',NULL,NULL,'2024-10-03 16:33:25','2024-10-03 16:33:25',NULL),(335,8564,0,NULL,NULL,3,40758,40836,57,12537,2,0,'2023-09-01','2023-09-01',4800.00,1,1.00,'Factura C N°: 0003-00003264',NULL,NULL,'2024-10-03 16:33:25','2024-10-03 16:33:25',NULL),(336,8564,0,NULL,NULL,2,40758,40811,13,12537,1,0,'2023-09-06','2023-09-06',505780.00,1,1.00,'Factura A N°: 0001-00000029',NULL,NULL,'2024-10-03 16:33:34','2024-10-03 16:33:34',NULL),(337,8564,0,NULL,NULL,2,40758,40811,13,12537,1,0,'2023-09-21','2023-09-21',164560.00,1,1.00,'Factura A N°: 0001-00000030',NULL,NULL,'2024-10-03 16:33:34','2024-10-03 16:33:34',NULL),(338,8564,0,NULL,NULL,3,40758,40769,57,12538,2,0,'2023-10-01','2023-10-01',12721.03,1,1.00,'Factura A N°: 9343-00001382',NULL,NULL,'2024-10-03 16:34:31','2024-10-03 16:34:31',NULL),(339,8564,0,NULL,NULL,3,40758,40769,57,12538,2,0,'2023-10-01','2023-10-01',17427.27,1,1.00,'Factura A N°: 9343-00001383',NULL,NULL,'2024-10-03 16:34:31','2024-10-03 16:34:31',NULL);
INSERT INTO `cta_cte_cliente` VALUES (340,8564,0,NULL,NULL,3,40758,40719,57,12538,2,0,'2023-10-02','2023-10-02',45000.00,1,1.00,'Factura C N°: 0002-00000029',NULL,NULL,'2024-10-03 16:34:31','2024-11-25 23:36:11','2024-11-25 23:36:11'),(341,8564,0,NULL,NULL,3,40758,40837,57,12538,2,0,'2023-10-30','2023-10-30',11744.94,1,1.00,'Tique Factura A N°: 0003-00006456',NULL,NULL,'2024-10-03 16:34:31','2024-10-03 16:34:31',NULL),(342,8564,0,NULL,NULL,3,40758,40830,57,12538,2,0,'2023-10-02','2023-10-02',1359.99,1,1.00,'Tique Factura A N°: 0011-00000041',NULL,NULL,'2024-10-03 16:34:31','2024-10-03 16:34:31',NULL),(343,8564,0,NULL,NULL,3,40758,40830,57,12538,2,0,'2023-10-04','2023-10-04',1460.02,1,1.00,'Tique Factura A N°: 0011-00000042',NULL,NULL,'2024-10-03 16:34:31','2024-10-03 16:34:31',NULL),(344,8564,0,NULL,NULL,3,40758,40826,57,12538,2,0,'2023-10-03','2023-10-03',27014.20,1,1.00,'Factura A N°: 0018-00007148',NULL,NULL,'2024-10-03 16:34:32','2024-10-03 16:34:32',NULL),(345,8564,0,NULL,NULL,3,40758,40838,57,12538,2,0,'2023-10-03','2023-10-03',14376.20,1,1.00,'Factura A N°: 0007-00026496',NULL,NULL,'2024-10-03 16:34:32','2024-10-03 16:34:32',NULL),(346,8564,0,NULL,NULL,3,40758,40788,57,12538,2,0,'2023-10-09','2023-10-09',41674.64,1,1.00,'Factura A N°: 6329-00000579',NULL,NULL,'2024-10-03 16:34:32','2024-10-03 16:34:32',NULL),(347,8564,0,NULL,NULL,3,40758,40719,57,12538,1,0,'2023-10-09','2023-10-09',45000.00,1,1.00,'Nota de crédito C N°: 0002-00000002',NULL,NULL,'2024-10-03 16:34:32','2024-10-03 16:34:32',NULL),(348,8564,0,NULL,NULL,3,40758,40839,57,12538,2,0,'2023-10-10','2023-10-10',6046.59,1,1.00,'Tique Factura A N°: 0009-00018644',NULL,NULL,'2024-10-03 16:34:32','2024-10-03 16:34:32',NULL),(349,8564,0,NULL,NULL,3,40758,40840,57,12538,2,0,'2023-10-12','2023-10-12',14430.32,1,1.00,'Tique Factura A N°: 0028-00011435',NULL,NULL,'2024-10-03 16:34:32','2024-10-03 16:34:32',NULL),(350,8564,0,NULL,NULL,3,40758,40841,57,12538,2,0,'2023-10-18','2023-10-18',32987.69,1,1.00,'Factura A N°: 0005-00021567',NULL,NULL,'2024-10-03 16:34:32','2024-11-25 23:55:45','2024-11-25 23:55:45'),(351,8564,0,NULL,NULL,3,40758,40792,57,12538,2,0,'2023-10-22','2023-10-22',31680.52,1,1.00,'Factura A N°: 18645-00000050',NULL,NULL,'2024-10-03 16:34:32','2024-11-25 23:46:40','2024-11-25 23:46:40'),(352,8564,0,NULL,NULL,3,40758,40792,57,12538,2,0,'2023-10-25','2023-10-25',12377.79,1,1.00,'Factura A N°: 10315-00002153',NULL,NULL,'2024-10-03 16:34:32','2024-10-03 16:34:32',NULL),(353,8564,0,NULL,NULL,3,40758,40792,57,12538,2,0,'2023-10-29','2023-10-29',20859.99,1,1.00,'Factura A N°: 6605-00002526',NULL,NULL,'2024-10-03 16:34:32','2024-10-03 16:34:32',NULL),(354,8564,0,NULL,NULL,3,40758,40842,57,12538,2,0,'2023-10-02','2023-10-02',10400.17,1,1.00,'Tique Factura A N°: 0017-00016785',NULL,NULL,'2024-10-03 16:34:32','2024-10-03 16:34:32',NULL),(355,8564,0,NULL,NULL,3,40758,40843,57,12538,2,0,'2023-10-06','2023-10-06',18724.00,1,1.00,'Tique Factura A N°: 0020-00012128',NULL,NULL,'2024-10-03 16:34:32','2024-10-03 16:34:32',NULL),(356,8564,0,NULL,NULL,3,40758,40819,57,12538,2,0,'2023-10-11','2023-10-11',10651.98,1,1.00,'Tique Factura A N°: 0009-00002489',NULL,NULL,'2024-10-03 16:34:32','2024-10-03 16:34:32',NULL),(357,8564,0,NULL,NULL,3,40758,40819,57,12538,2,0,'2023-10-22','2023-10-22',7738.10,1,1.00,'Tique Factura A N°: 0009-00002619',NULL,NULL,'2024-10-03 16:34:32','2024-10-03 16:34:32',NULL),(358,8564,0,NULL,NULL,3,40758,40844,57,12538,2,0,'2023-10-24','2023-10-24',5000.15,1,1.00,'Tique Factura A N°: 0005-00018562',NULL,NULL,'2024-10-03 16:34:33','2024-10-03 16:34:33',NULL),(359,8564,0,NULL,NULL,3,40758,40844,57,12538,2,0,'2023-10-26','2023-10-26',9999.86,1,1.00,'Tique Factura A N°: 0006-00011497',NULL,NULL,'2024-10-03 16:34:33','2024-10-03 16:34:33',NULL),(360,8564,0,NULL,NULL,3,40758,40792,57,12539,2,0,'2023-11-07','2023-11-07',29149.46,1,1.00,'Factura A N°: 6602-00002204',NULL,NULL,'2024-10-03 16:35:35','2024-10-03 16:35:35',NULL);
INSERT INTO `cta_cte_cliente` VALUES (361,8564,0,NULL,NULL,3,40758,40837,57,12539,2,0,'2023-11-11','2023-11-11',5795.56,1,1.00,'Tique Factura A N°: 0003-00006798',NULL,NULL,'2024-10-03 16:35:35','2024-10-03 16:35:35',NULL),(362,8564,0,NULL,NULL,3,40758,40791,57,12539,2,0,'2023-11-29','2023-11-29',1600.00,1,1.00,'Factura A N°: 0010-00015318',NULL,NULL,'2024-10-03 16:35:35','2024-10-03 16:35:35',NULL),(363,8564,0,NULL,NULL,3,40758,40792,57,12539,2,0,'2023-11-12','2023-11-12',17682.60,1,1.00,'Factura A N°: 10317-00000025',NULL,NULL,'2024-10-03 16:35:35','2024-10-03 16:35:35',NULL),(364,8564,0,NULL,NULL,3,40758,40719,57,12539,2,0,'2023-11-13','2023-11-13',90500.00,1,1.00,'Factura C N°: 0002-00000039',NULL,NULL,'2024-10-03 16:35:35','2024-11-25 23:36:40','2024-11-25 23:36:40'),(365,8564,0,NULL,NULL,3,40758,40719,57,12539,2,0,'2023-11-13','2023-11-13',45000.00,1,1.00,'Factura C N°: 0002-00000038',NULL,NULL,'2024-10-03 16:35:35','2024-11-25 23:36:59','2024-11-25 23:36:59'),(366,8564,0,NULL,NULL,3,40758,40766,57,12539,2,0,'2023-11-21','2023-11-21',5000.01,1,1.00,'Factura A N°: 6410-00014231',NULL,NULL,'2024-10-03 16:35:35','2024-10-03 16:35:35',NULL),(367,8564,0,NULL,NULL,3,40758,40769,57,12539,2,0,'2023-11-26','2023-11-26',172985.42,1,1.00,'Factura A N°: 8293-00002150',NULL,NULL,'2024-10-03 16:35:35','2024-10-03 16:35:35',NULL),(368,8564,0,NULL,NULL,3,40758,40791,57,12539,2,0,'2023-11-27','2023-11-27',6799.99,1,1.00,'Factura A N°: 0010-00015277',NULL,NULL,'2024-10-03 16:35:35','2024-10-03 16:35:35',NULL),(369,8564,0,NULL,NULL,3,40758,40845,57,12539,2,0,'2023-11-27','2023-11-27',36911.04,1,1.00,'Factura A N°: 0001-00003477',NULL,NULL,'2024-10-03 16:35:35','2024-10-03 16:35:35',NULL),(370,8564,0,NULL,NULL,3,40758,40769,57,12539,2,0,'2023-11-28','2023-11-28',3894.55,1,1.00,'Factura A N°: 8369-00002744',NULL,NULL,'2024-10-03 16:35:35','2024-10-03 16:35:35',NULL),(371,8564,0,NULL,NULL,3,40758,40791,57,12539,2,0,'2023-11-28','2023-11-28',15600.00,1,1.00,'Factura A N°: 0010-00015309',NULL,NULL,'2024-10-03 16:35:35','2024-10-03 16:35:35',NULL),(372,8564,0,NULL,NULL,3,40758,40769,57,12539,2,0,'2023-11-28','2023-11-28',29890.12,1,1.00,'Factura A N°: 8389-00004901',NULL,NULL,'2024-10-03 16:35:35','2024-10-03 16:35:35',NULL),(373,8564,0,NULL,NULL,3,40758,40769,57,12539,2,0,'2023-11-29','2023-11-29',10468.42,1,1.00,'Factura A N°: 8387-00005393',NULL,NULL,'2024-10-03 16:35:35','2024-10-03 16:35:35',NULL),(374,8564,0,NULL,NULL,3,40758,40769,57,12539,2,0,'2023-11-29','2023-11-29',15323.58,1,1.00,'Factura A N°: 8369-00002750',NULL,NULL,'2024-10-03 16:35:36','2024-10-03 16:35:36',NULL),(375,8564,0,NULL,NULL,3,40758,40846,57,12539,2,0,'2023-11-16','2023-11-16',20573.11,1,1.00,'Tique Factura A N°: 0012-00263976',NULL,NULL,'2024-10-03 16:35:36','2024-11-25 23:47:10','2024-11-25 23:47:10'),(376,8564,0,NULL,NULL,3,40758,40819,57,12539,2,0,'2023-11-19','2023-11-19',8500.00,1,1.00,'Tique Factura A N°: 0007-00008089',NULL,NULL,'2024-10-03 16:35:36','2024-10-03 16:35:36',NULL),(377,8564,0,NULL,NULL,3,40758,40819,57,12539,2,0,'2023-11-24','2023-11-24',9050.00,1,1.00,'Tique Factura A N°: 0007-00008398',NULL,NULL,'2024-10-03 16:35:36','2024-10-03 16:35:36',NULL),(378,8564,0,NULL,NULL,3,40758,40846,57,12539,2,0,'2023-11-22','2023-11-22',5000.90,1,1.00,'Factura A N°: 0012-00264223',NULL,NULL,'2024-10-03 16:35:36','2024-10-03 16:35:36',NULL),(379,8564,0,NULL,NULL,3,40758,40837,57,12539,2,0,'2023-11-28','2023-11-28',7000.76,1,1.00,'Factura A N°: 0013-00073209',NULL,NULL,'2024-10-03 16:35:36','2024-10-03 16:35:36',NULL),(380,8564,0,NULL,NULL,3,40758,40719,57,12540,2,0,'2023-12-01','2023-12-01',45000.00,1,1.00,'Factura C N°: 0002-00000045',NULL,NULL,'2024-10-03 16:36:21','2024-11-25 23:37:17','2024-11-25 23:37:17'),(381,8564,0,NULL,NULL,3,40758,40769,57,12540,2,0,'2023-12-04','2023-12-04',15627.65,1,1.00,'Factura A N°: 8385-00005449',NULL,NULL,'2024-10-03 16:36:21','2024-10-03 16:36:21',NULL);
INSERT INTO `cta_cte_cliente` VALUES (382,8564,0,NULL,NULL,3,40758,40769,57,12540,2,0,'2023-12-06','2023-12-06',44367.10,1,1.00,'Factura A N°: 9465-00006962',NULL,NULL,'2024-10-03 16:36:21','2024-10-03 16:36:21',NULL),(383,8564,0,NULL,NULL,3,40758,40719,57,12540,2,0,'2023-12-31','2023-12-31',45000.00,1,1.00,'Factura C N°: 0002-00000052',NULL,NULL,'2024-10-03 16:36:21','2024-11-25 23:37:32','2024-11-25 23:37:32'),(384,8564,0,NULL,NULL,3,40758,40847,57,12540,2,0,'2023-12-07','2023-12-07',19661.70,1,1.00,'Factura A N°: 0005-00004196',NULL,NULL,'2024-10-03 16:36:21','2024-10-03 16:36:21',NULL),(385,8564,0,NULL,NULL,3,40758,40832,57,12540,2,0,'2023-12-11','2023-12-11',21906.40,1,1.00,'Factura A N°: 0222-00002576',NULL,NULL,'2024-10-03 16:36:21','2024-10-03 16:36:21',NULL),(386,8564,0,NULL,NULL,3,40758,40832,57,12540,2,0,'2023-12-12','2023-12-12',57543.20,1,1.00,'Factura A N°: 0222-00002581',NULL,NULL,'2024-10-03 16:36:21','2024-10-03 16:36:21',NULL),(387,8564,0,NULL,NULL,3,40758,40766,57,12540,2,0,'2023-12-19','2023-12-19',14999.99,1,1.00,'Factura A N°: 8132-00022396',NULL,NULL,'2024-10-03 16:36:21','2024-10-03 16:36:21',NULL),(388,8564,0,NULL,NULL,3,40758,40792,57,12540,2,0,'2023-12-28','2023-12-28',14570.18,1,1.00,'Factura A N°: 10313-00002290',NULL,NULL,'2024-10-03 16:36:22','2024-10-03 16:36:22',NULL),(389,8564,0,NULL,NULL,2,40758,40848,13,12544,1,0,'2024-01-16','2024-01-16',60500.00,1,1.00,'Factura A N°: 0001-00000031',NULL,NULL,'2024-10-03 16:37:16','2024-10-03 16:37:16',NULL),(390,8564,0,NULL,NULL,2,40758,40848,13,12544,1,0,'2024-01-29','2024-01-29',799999.97,1,1.00,'Factura A N°: 0001-00000032',NULL,NULL,'2024-10-03 16:37:16','2024-10-03 16:37:16',NULL),(391,8564,0,NULL,NULL,3,40758,40798,57,12544,2,0,'2024-01-01','2024-01-01',21567.02,1,1.00,'Tique Factura A N°: 0021-00021924',NULL,NULL,'2024-10-03 16:37:25','2024-10-03 16:37:25',NULL),(392,8564,0,NULL,NULL,3,40758,40792,57,12544,2,0,'2024-01-02','2024-01-02',22788.90,1,1.00,'Factura A N°: 10315-00002284',NULL,NULL,'2024-10-03 16:37:25','2024-11-25 23:47:33','2024-11-25 23:47:33'),(393,8564,0,NULL,NULL,3,40758,40841,57,12544,2,0,'2024-01-04','2024-01-04',16388.78,1,1.00,'Factura A N°: 0005-00023022',NULL,NULL,'2024-10-03 16:37:25','2024-11-25 23:55:24','2024-11-25 23:55:24'),(394,8564,0,NULL,NULL,3,40758,40769,57,12544,2,0,'2024-01-31','2024-01-31',15408.89,1,1.00,'Factura A N°: 8285-00000050',NULL,NULL,'2024-10-03 16:37:25','2024-10-03 16:37:25',NULL),(395,8564,0,NULL,NULL,3,40758,40797,57,12544,2,0,'2024-01-04','2024-01-04',20814.92,1,1.00,'Factura A N°: 2003-00077248',NULL,NULL,'2024-10-03 16:37:25','2024-11-25 23:58:43','2024-11-25 23:58:43'),(396,8564,0,NULL,NULL,3,40758,40849,57,12544,2,0,'2024-01-13','2024-01-13',47500.00,1,1.00,'Factura C N°: 0001-00000028',NULL,NULL,'2024-10-03 16:37:25','2024-11-25 23:37:58','2024-11-25 23:37:58'),(397,8564,0,NULL,NULL,3,40758,40769,57,12544,2,0,'2024-01-23','2024-01-23',411409.35,1,1.00,'Factura A N°: 8251-00000240',NULL,NULL,'2024-10-03 16:37:25','2024-10-03 16:37:25',NULL),(398,8564,0,NULL,NULL,3,40758,40769,57,12544,2,0,'2024-01-24','2024-01-24',131092.98,1,1.00,'Factura A N°: 8289-00005724',NULL,NULL,'2024-10-03 16:37:25','2024-10-03 16:37:25',NULL),(399,8564,0,NULL,NULL,3,40758,40792,57,12544,2,0,'2024-01-25','2024-01-25',22934.67,1,1.00,'Factura A N°: 10317-00000254',NULL,NULL,'2024-10-03 16:37:25','2024-10-03 16:37:25',NULL),(400,8564,0,NULL,NULL,3,40758,40797,57,12544,2,0,'2024-01-29','2024-01-29',15609.32,1,1.00,'Factura A N°: 2003-00079513',NULL,NULL,'2024-10-03 16:37:25','2024-10-03 16:37:25',NULL),(401,8564,0,NULL,NULL,3,40758,40769,57,12544,2,0,'2024-01-29','2024-01-29',280885.88,1,1.00,'Factura A N°: 8251-00000321',NULL,NULL,'2024-10-03 16:37:25','2024-10-03 16:37:25',NULL),(402,8564,0,NULL,NULL,3,40758,40766,57,12544,2,0,'2024-01-30','2024-01-30',14999.99,1,1.00,'Factura A N°: 8002-00024520',NULL,NULL,'2024-10-03 16:37:25','2024-10-03 16:37:25',NULL);
INSERT INTO `cta_cte_cliente` VALUES (403,8564,0,NULL,NULL,3,40758,40850,57,12544,2,0,'2024-01-31','2024-01-31',3329.59,1,1.00,'Factura A N°: 0010-00040703',NULL,NULL,'2024-10-03 16:37:26','2024-10-03 16:37:26',NULL),(404,8564,0,NULL,NULL,3,40758,40766,57,12545,2,0,'2024-02-01','2024-02-01',20000.02,1,1.00,'Factura A N°: 6410-00015737',NULL,NULL,'2024-10-03 16:39:25','2024-10-03 16:39:25',NULL),(405,8564,0,NULL,NULL,3,40758,40850,57,12545,2,0,'2024-02-01','2024-02-01',48273.42,1,1.00,'Factura A N°: 0010-00040762',NULL,NULL,'2024-10-03 16:39:25','2024-10-03 16:39:25',NULL),(406,8564,0,NULL,NULL,3,40758,40719,57,12545,2,0,'2024-02-01','2024-02-01',45000.00,1,1.00,'Factura C N°: 0002-00000056',NULL,NULL,'2024-10-03 16:39:25','2024-11-25 23:38:14','2024-11-25 23:38:14'),(407,8564,0,NULL,NULL,3,40758,40769,57,12545,2,0,'2024-02-03','2024-02-03',10540.04,1,1.00,'Factura A N°: 8251-00000384',NULL,NULL,'2024-10-03 16:39:26','2024-10-03 16:39:26',NULL),(408,8564,0,NULL,NULL,3,40758,40766,57,12545,2,0,'2024-02-03','2024-02-03',20000.02,1,1.00,'Factura A N°: 7150-00026409',NULL,NULL,'2024-10-03 16:39:26','2024-10-03 16:39:26',NULL),(409,8564,0,NULL,NULL,3,40758,40766,57,12545,2,0,'2024-02-05','2024-02-05',15000.01,1,1.00,'Factura A N°: 7854-00020581',NULL,NULL,'2024-10-03 16:39:26','2024-10-03 16:39:26',NULL),(410,8564,0,NULL,NULL,3,40758,40769,57,12545,1,0,'2024-02-07','2024-02-07',22036.39,1,1.00,'Nota de crédito A N°: 8249-00005639',NULL,NULL,'2024-10-03 16:39:26','2024-10-03 16:39:26',NULL),(411,8564,0,NULL,NULL,3,40758,40792,57,12545,2,0,'2024-02-14','2024-02-14',75877.98,1,1.00,'Factura A N°: 6631-00003657',NULL,NULL,'2024-10-03 16:39:26','2024-11-25 23:47:53','2024-11-25 23:47:53'),(412,8564,0,NULL,NULL,2,40758,40812,13,12545,1,0,'2024-02-27','2024-02-27',330330.00,1,1.00,'Factura A N°: 0001-00000034',NULL,NULL,'2024-10-03 16:39:36','2024-10-03 16:39:36',NULL),(413,8564,0,NULL,NULL,2,40758,40812,13,12545,1,0,'2024-02-27','2024-02-27',145200.00,1,1.00,'Factura A N°: 0001-00000033',NULL,NULL,'2024-10-03 16:39:36','2024-10-03 16:39:36',NULL),(414,8564,0,NULL,NULL,2,40758,40812,13,12546,1,0,'2024-03-05','2024-03-05',132132.00,1,1.00,'Factura A N°: 0001-00000037',NULL,NULL,'2024-10-03 16:40:19','2024-10-03 16:40:19',NULL),(415,8564,0,NULL,NULL,2,40758,40812,13,12546,1,0,'2024-03-05','2024-03-05',220220.00,1,1.00,'Factura A N°: 0001-00000035',NULL,NULL,'2024-10-03 16:40:19','2024-10-03 16:40:19',NULL),(416,8564,0,NULL,NULL,2,40758,40812,13,12546,1,0,'2024-03-05','2024-03-05',96800.00,1,1.00,'Factura A N°: 0001-00000036',NULL,NULL,'2024-10-03 16:40:19','2024-10-03 16:40:19',NULL),(417,8564,0,NULL,NULL,2,40758,40812,13,12546,2,0,'2024-03-27','2024-03-27',2625700.00,1,1.00,'Nota de crédito A N°: 0001-00000002',NULL,NULL,'2024-10-03 16:40:19','2024-10-03 16:40:19',NULL),(418,8564,0,NULL,NULL,2,40758,40812,13,12546,1,0,'2024-03-07','2024-03-07',203280.00,1,1.00,'Factura A N°: 0001-00000038',NULL,NULL,'2024-10-03 16:40:19','2024-10-03 16:40:19',NULL),(419,8564,0,NULL,NULL,2,40758,40812,13,12546,1,0,'2024-03-11','2024-03-11',88088.00,1,1.00,'Factura A N°: 0001-00000039',NULL,NULL,'2024-10-03 16:40:19','2024-10-03 16:40:19',NULL),(420,8564,0,NULL,NULL,2,40758,40812,13,12546,1,0,'2024-03-15','2024-03-15',90750.00,1,1.00,'Factura A N°: 0001-00000040',NULL,NULL,'2024-10-03 16:40:19','2024-10-03 16:40:19',NULL),(421,8564,0,NULL,NULL,2,40758,40812,13,12546,1,0,'2024-03-21','2024-03-21',43560.00,1,1.00,'Factura A N°: 0001-00000042',NULL,NULL,'2024-10-03 16:40:19','2024-10-03 16:40:19',NULL),(422,8564,0,NULL,NULL,2,40758,40812,13,12546,1,0,'2024-03-21','2024-03-21',135520.00,1,1.00,'Factura A N°: 0001-00000043',NULL,NULL,'2024-10-03 16:40:19','2024-10-03 16:40:19',NULL),(423,8564,0,NULL,NULL,2,40758,40812,13,12546,1,0,'2024-03-21','2024-03-21',631620.00,1,1.00,'Factura A N°: 0001-00000041',NULL,NULL,'2024-10-03 16:40:19','2024-10-03 16:40:19',NULL);
INSERT INTO `cta_cte_cliente` VALUES (424,8564,0,NULL,NULL,2,40758,40799,13,12546,1,0,'2024-03-25','2024-03-25',254100.00,1,1.00,'Factura A N°: 0001-00000044',NULL,NULL,'2024-10-03 16:40:19','2024-10-03 16:40:19',NULL),(425,8564,0,NULL,NULL,2,40758,40812,13,12546,1,0,'2024-03-26','2024-03-26',2625700.00,1,1.00,'Factura A N°: 0001-00000045',NULL,NULL,'2024-10-03 16:40:19','2024-10-03 16:40:19',NULL),(426,8564,0,NULL,NULL,2,40758,40812,13,12546,1,0,'2024-03-27','2024-03-27',1575420.00,1,1.00,'Factura A N°: 0001-00000046',NULL,NULL,'2024-10-03 16:40:19','2024-10-03 16:40:19',NULL),(427,8564,0,NULL,NULL,3,40758,40769,57,12546,2,0,'2024-03-03','2024-03-03',9484.64,1,1.00,'Factura A N°: 8251-00000704',NULL,NULL,'2024-10-03 16:40:27','2024-10-03 16:40:27',NULL),(428,8564,0,NULL,NULL,3,40758,40766,57,12546,2,0,'2024-03-03','2024-03-03',14999.95,1,1.00,'Factura A N°: 7894-00030858',NULL,NULL,'2024-10-03 16:40:27','2024-10-03 16:40:27',NULL),(429,8564,0,NULL,NULL,3,40758,40792,57,12546,2,0,'2024-03-05','2024-03-05',26064.09,1,1.00,'Factura A N°: 6602-00002369',NULL,NULL,'2024-10-03 16:40:27','2024-10-03 16:40:27',NULL),(430,8564,0,NULL,NULL,3,40758,40798,57,12546,2,0,'2024-03-30','2024-03-30',17332.71,1,1.00,'Tique Factura A N°: 0022-00030073',NULL,NULL,'2024-10-03 16:40:27','2024-10-03 16:40:27',NULL),(431,8564,0,NULL,NULL,3,40758,40769,57,12546,2,0,'2024-03-08','2024-03-08',16298.67,1,1.00,'Factura A N°: 8252-00000028',NULL,NULL,'2024-10-03 16:40:27','2024-10-03 16:40:27',NULL),(432,8564,0,NULL,NULL,3,40758,40769,57,12546,1,0,'2024-03-09','2024-03-09',4514.81,1,1.00,'Nota de crédito A N°: 8249-00005809',NULL,NULL,'2024-10-03 16:40:27','2024-10-03 16:40:27',NULL),(433,8564,0,NULL,NULL,3,40758,40798,57,12546,2,0,'2024-03-09','2024-03-09',11555.10,1,1.00,'Tique Factura A N°: 0021-00024193',NULL,NULL,'2024-10-03 16:40:27','2024-10-03 16:40:27',NULL),(434,8564,0,NULL,NULL,3,40758,40792,57,12546,2,0,'2024-03-10','2024-03-10',63876.44,1,1.00,'Factura A N°: 10317-00000438',NULL,NULL,'2024-10-03 16:40:27','2024-11-25 23:48:14','2024-11-25 23:48:14'),(435,8564,0,NULL,NULL,3,40758,40790,57,12546,2,0,'2024-03-11','2024-03-11',21977.38,1,1.00,'Factura A N°: 0002-00002017',NULL,NULL,'2024-10-03 16:40:27','2024-10-03 16:40:27',NULL),(436,8564,0,NULL,NULL,3,40758,40766,57,12546,2,0,'2024-03-14','2024-03-14',14999.95,1,1.00,'Factura A N°: 6410-00016619',NULL,NULL,'2024-10-03 16:40:27','2024-10-03 16:40:27',NULL),(437,8564,0,NULL,NULL,3,40758,40798,57,12546,2,0,'2024-03-16','2024-03-16',11897.40,1,1.00,'Tique Factura A N°: 0021-00024470',NULL,NULL,'2024-10-03 16:40:28','2024-10-03 16:40:28',NULL),(438,8564,0,NULL,NULL,3,40758,40792,57,12546,2,0,'2024-03-17','2024-03-17',67099.87,1,1.00,'Factura A N°: 10317-00000459',NULL,NULL,'2024-10-03 16:40:28','2024-11-25 23:48:34','2024-11-25 23:48:34'),(439,8564,0,NULL,NULL,3,40758,40798,57,12546,2,0,'2024-03-18','2024-03-18',17332.71,1,1.00,'Tique Factura A N°: 0022-00029521',NULL,NULL,'2024-10-03 16:40:28','2024-10-03 16:40:28',NULL),(440,8564,0,NULL,NULL,3,40758,40798,57,12546,2,0,'2024-03-22','2024-03-22',17946.15,1,1.00,'Tique Factura A N°: 0021-00024716',NULL,NULL,'2024-10-03 16:40:28','2024-10-03 16:40:28',NULL),(441,8564,0,NULL,NULL,3,40758,40792,57,12546,2,0,'2024-03-23','2024-03-23',59761.53,1,1.00,'Factura A N°: 10317-00000475',NULL,NULL,'2024-10-03 16:40:28','2024-10-03 16:40:28',NULL),(442,8564,0,NULL,NULL,3,40758,40798,57,12546,2,0,'2024-03-24','2024-03-24',17332.71,1,1.00,'Tique Factura A N°: 0022-00029801',NULL,NULL,'2024-10-03 16:40:28','2024-10-03 16:40:28',NULL),(443,8564,0,NULL,NULL,3,40758,40792,57,12546,2,0,'2024-03-26','2024-03-26',39447.84,1,1.00,'Factura A N°: 10317-00000488',NULL,NULL,'2024-10-03 16:40:28','2024-10-03 16:40:28',NULL),(444,8564,0,NULL,NULL,3,40758,40769,57,12546,2,0,'2024-03-27','2024-03-27',526504.91,1,1.00,'Factura A N°: 8252-00000035',NULL,NULL,'2024-10-03 16:40:28','2024-10-03 16:40:28',NULL);
INSERT INTO `cta_cte_cliente` VALUES (445,8564,0,NULL,NULL,3,40758,40766,57,12546,2,0,'2024-03-28','2024-03-28',10000.03,1,1.00,'Factura A N°: 6410-00016906',NULL,NULL,'2024-10-03 16:40:28','2024-10-03 16:40:28',NULL),(446,8564,0,NULL,NULL,3,40758,40769,57,12546,2,0,'2024-03-28','2024-03-28',59629.09,1,1.00,'Factura A N°: 8285-00000193',NULL,NULL,'2024-10-03 16:40:29','2024-10-03 16:40:29',NULL),(447,8564,0,NULL,NULL,3,40758,40798,57,12546,2,0,'2024-03-28','2024-03-28',17332.71,1,1.00,'Tique Factura A N°: 0021-00024925',NULL,NULL,'2024-10-03 16:40:29','2024-10-03 16:40:29',NULL),(448,8564,0,NULL,NULL,3,40758,40844,57,12546,2,0,'2024-03-05','2024-03-05',14999.59,1,1.00,'Tique Factura A N°: 0005-00024079',NULL,NULL,'2024-10-03 16:40:29','2024-10-03 16:40:29',NULL),(449,8564,0,NULL,NULL,3,40758,40844,57,12546,2,0,'2024-03-07','2024-03-07',10000.17,1,1.00,'Tique Factura A N°: 0005-00024189',NULL,NULL,'2024-10-03 16:40:29','2024-10-03 16:40:29',NULL),(450,8564,0,NULL,NULL,3,40758,40851,57,12546,2,0,'2024-03-14','2024-03-14',10000.03,1,1.00,'Tique Factura A N°: 0015-00026852',NULL,NULL,'2024-10-03 16:40:29','2024-10-03 16:40:29',NULL),(451,8564,0,NULL,NULL,3,40758,40852,57,12546,2,0,'2024-03-21','2024-03-21',5018.00,1,1.00,'Tique Factura A N°: 0004-00002986',NULL,NULL,'2024-10-03 16:40:29','2024-10-03 16:40:29',NULL),(452,8564,0,NULL,NULL,3,40758,40853,57,12546,2,0,'2024-03-24','2024-03-24',10000.04,1,1.00,'Tique Factura A N°: 0017-00010525',NULL,NULL,'2024-10-03 16:40:29','2024-10-03 16:40:29',NULL),(453,8564,0,NULL,NULL,3,40758,40844,57,12546,2,0,'2024-03-30','2024-03-30',29195.85,1,1.00,'Tique Factura A N°: 0005-00025223',NULL,NULL,'2024-10-03 16:40:29','2024-10-03 16:40:29',NULL),(454,8564,0,NULL,NULL,3,40758,40854,57,12547,2,0,'2024-04-03','2024-04-03',15800.02,1,1.00,'Factura A N°: 0003-00000047',NULL,NULL,'2024-10-03 16:41:08','2024-10-03 16:41:08',NULL),(455,8564,0,NULL,NULL,3,40758,40792,57,12547,2,0,'2024-04-05','2024-04-05',74116.06,1,1.00,'Factura A N°: 6636-00001454',NULL,NULL,'2024-10-03 16:41:08','2024-11-25 23:49:00','2024-11-25 23:49:00'),(456,8564,0,NULL,NULL,3,40758,40769,57,12547,2,0,'2024-04-05','2024-04-05',80664.40,1,1.00,'Factura A N°: 8285-00000221',NULL,NULL,'2024-10-03 16:41:08','2024-10-03 16:41:08',NULL),(457,8564,0,NULL,NULL,3,40758,40769,57,12547,2,0,'2024-04-29','2024-04-29',20340.54,1,1.00,'Factura A N°: 8285-00000360',NULL,NULL,'2024-10-03 16:41:08','2024-10-03 16:41:08',NULL),(458,8564,0,NULL,NULL,3,40758,40798,57,12547,2,0,'2024-04-05','2024-04-05',12464.10,1,1.00,'Tique Factura A N°: 0022-00030304',NULL,NULL,'2024-10-03 16:41:08','2024-10-03 16:41:08',NULL),(459,8564,0,NULL,NULL,3,40758,40797,57,12547,2,0,'2024-04-06','2024-04-06',15587.19,1,1.00,'Factura A N°: 2034-00144201',NULL,NULL,'2024-10-03 16:41:09','2024-10-03 16:41:09',NULL),(460,8564,0,NULL,NULL,3,40758,40769,57,12547,2,0,'2024-04-09','2024-04-09',28814.43,1,1.00,'Factura A N°: 8251-00001087',NULL,NULL,'2024-10-03 16:41:09','2024-10-03 16:41:09',NULL),(461,8564,0,NULL,NULL,3,40758,40855,57,12547,2,0,'2024-04-10','2024-04-10',12703.36,1,1.00,'Factura A N°: 0364-00018296',NULL,NULL,'2024-10-03 16:41:09','2024-10-03 16:41:09',NULL),(462,8564,0,NULL,NULL,3,40758,40856,57,12547,2,0,'2024-04-10','2024-04-10',11909.85,1,1.00,'Factura A N°: 0002-00000124',NULL,NULL,'2024-10-03 16:41:09','2024-10-03 16:41:09',NULL),(463,8564,0,NULL,NULL,3,40758,40857,57,12547,2,0,'2024-04-11','2024-04-11',10200.00,1,1.00,'Factura A N°: 0007-00002636',NULL,NULL,'2024-10-03 16:41:09','2024-10-03 16:41:09',NULL),(464,8564,0,NULL,NULL,3,40758,40769,57,12547,2,0,'2024-04-11','2024-04-11',37944.15,1,1.00,'Factura A N°: 8251-00001107',NULL,NULL,'2024-10-03 16:41:09','2024-10-03 16:41:09',NULL),(465,8564,0,NULL,NULL,3,40758,40769,57,12547,2,0,'2024-04-11','2024-04-11',5310.16,1,1.00,'Factura A N°: 8251-00001108',NULL,NULL,'2024-10-03 16:41:09','2024-10-03 16:41:09',NULL);
INSERT INTO `cta_cte_cliente` VALUES (466,8564,0,NULL,NULL,3,40758,40792,57,12547,2,0,'2024-04-14','2024-04-14',66339.95,1,1.00,'Factura A N°: 6631-00003890',NULL,NULL,'2024-10-03 16:41:10','2024-11-25 23:49:22','2024-11-25 23:49:22'),(467,8564,0,NULL,NULL,3,40758,40792,57,12547,2,0,'2024-04-17','2024-04-17',19199.42,1,1.00,'Factura A N°: 6606-00002868',NULL,NULL,'2024-10-03 16:41:10','2024-10-03 16:41:10',NULL),(468,8564,0,NULL,NULL,3,40758,40798,57,12547,2,0,'2024-04-17','2024-04-17',18696.18,1,1.00,'Tique Factura A N°: 0021-00025673',NULL,NULL,'2024-10-03 16:41:10','2024-10-03 16:41:10',NULL),(469,8564,0,NULL,NULL,3,40758,40858,57,12547,2,0,'2024-04-18','2024-04-18',20000.00,1,1.00,'Factura C N°: 0001-00000247',NULL,NULL,'2024-10-03 16:41:10','2024-11-25 23:38:45','2024-11-25 23:38:45'),(470,8564,0,NULL,NULL,3,40758,40798,57,12547,2,0,'2024-04-18','2024-04-18',18005.02,1,1.00,'Tique Factura A N°: 0022-00030901',NULL,NULL,'2024-10-03 16:41:10','2024-10-03 16:41:10',NULL),(471,8564,0,NULL,NULL,3,40758,40792,57,12547,2,0,'2024-04-21','2024-04-21',25381.56,1,1.00,'Factura A N°: 18643-00000316',NULL,NULL,'2024-10-03 16:41:10','2024-10-03 16:41:10',NULL),(472,8564,0,NULL,NULL,3,40758,40859,57,12547,2,0,'2024-04-23','2024-04-23',18786.95,1,1.00,'Factura A N°: 0005-00000071',NULL,NULL,'2024-10-03 16:41:10','2024-10-03 16:41:10',NULL),(473,8564,0,NULL,NULL,3,40758,40797,57,12547,2,0,'2024-04-23','2024-04-23',15576.13,1,1.00,'Factura A N°: 2019-00207378',NULL,NULL,'2024-10-03 16:41:10','2024-10-03 16:41:10',NULL),(474,8564,0,NULL,NULL,3,40758,40860,57,12547,2,0,'2024-04-23','2024-04-23',8000.00,1,1.00,'Factura A N°: 0006-00003711',NULL,NULL,'2024-10-03 16:41:11','2024-10-03 16:41:11',NULL),(475,8564,0,NULL,NULL,3,40758,40861,57,12547,2,0,'2024-04-26','2024-04-26',12471.10,1,1.00,'Tique Factura A N°: 0001-00032896',NULL,NULL,'2024-10-03 16:41:11','2024-10-03 16:41:11',NULL),(476,8564,0,NULL,NULL,3,40758,40798,57,12547,2,0,'2024-04-27','2024-04-27',18696.18,1,1.00,'Tique Factura A N°: 0021-00026044',NULL,NULL,'2024-10-03 16:41:11','2024-10-03 16:41:11',NULL),(477,8564,0,NULL,NULL,3,40758,40769,57,12547,2,0,'2024-04-28','2024-04-28',30606.55,1,1.00,'Factura A N°: 8285-00000337',NULL,NULL,'2024-10-03 16:41:11','2024-10-03 16:41:11',NULL),(478,8564,0,NULL,NULL,3,40758,40862,57,12547,2,0,'2024-04-29','2024-04-29',120000.01,1,1.00,'Factura A N°: 0007-00001195',NULL,NULL,'2024-10-03 16:41:11','2024-10-03 16:41:11',NULL),(479,8564,0,NULL,NULL,3,40758,40809,57,12547,2,0,'2024-04-02','2024-04-02',35000.01,1,1.00,'Tique Factura A N°: 0021-00025586',NULL,NULL,'2024-10-03 16:41:11','2024-11-25 23:57:53','2024-11-25 23:57:53'),(480,8564,0,NULL,NULL,3,40758,40809,57,12547,2,0,'2024-04-09','2024-04-09',21163.79,1,1.00,'Tique Factura A N°: 0096-00004224',NULL,NULL,'2024-10-03 16:41:11','2024-10-03 16:41:11',NULL),(481,8564,0,NULL,NULL,3,40758,40846,57,12547,2,0,'2024-04-12','2024-04-12',10000.05,1,1.00,'Tique Factura A N°: 0014-00098470',NULL,NULL,'2024-10-03 16:41:11','2024-10-03 16:41:11',NULL),(482,8564,0,NULL,NULL,3,40758,40846,57,12547,2,0,'2024-04-12','2024-04-12',15000.05,1,1.00,'Tique Factura A N°: 0014-00098480',NULL,NULL,'2024-10-03 16:41:12','2024-10-03 16:41:12',NULL),(483,8564,0,NULL,NULL,3,40758,40808,57,12547,2,0,'2024-04-18','2024-04-18',35963.61,1,1.00,'Otro Comprobante A que cumple con la RG 1415 N°: 0011-00067799',NULL,NULL,'2024-10-03 16:41:12','2024-11-25 23:56:54','2024-11-25 23:56:54'),(484,8564,0,NULL,NULL,3,40758,40808,57,12547,2,0,'2024-04-18','2024-04-18',31840.62,1,1.00,'Otro Comprobante A que cumple con la RG 1415 N°: 0001-00068099',NULL,NULL,'2024-10-03 16:41:12','2024-11-25 23:56:38','2024-11-25 23:56:38'),(485,8564,0,NULL,NULL,3,40758,40863,57,12547,2,0,'2024-04-22','2024-04-22',14999.99,1,1.00,'Tique Factura A N°: 0005-00025546',NULL,NULL,'2024-10-03 16:41:12','2024-10-03 16:41:12',NULL);
INSERT INTO `cta_cte_cliente` VALUES (486,8564,0,NULL,NULL,3,40758,40844,57,12547,2,0,'2024-04-24','2024-04-24',9999.52,1,1.00,'Tique Factura A N°: 0005-00026123',NULL,NULL,'2024-10-03 16:41:12','2024-10-03 16:41:12',NULL),(487,8564,0,NULL,NULL,3,40758,40864,57,12547,2,0,'2024-04-30','2024-04-30',35224.31,1,1.00,'Otro Comprobante A que cumple con la RG 1415 N°: 0001-00000003',NULL,NULL,'2024-10-03 16:41:12','2024-10-03 16:41:12',NULL),(488,8564,0,NULL,NULL,2,40758,40812,13,12547,1,0,'2024-04-03','2024-04-03',1050280.00,1,1.00,'Factura A N°: 0001-00000048',NULL,NULL,'2024-10-03 16:41:20','2024-10-03 16:41:20',NULL),(489,8564,0,NULL,NULL,2,40758,40812,13,12547,1,0,'2024-04-03','2024-04-03',29040.00,1,1.00,'Factura A N°: 0001-00000049',NULL,NULL,'2024-10-03 16:41:20','2024-10-03 16:41:20',NULL),(490,8564,0,NULL,NULL,2,40758,40812,13,12547,1,0,'2024-04-03','2024-04-03',440440.00,1,1.00,'Factura A N°: 0001-00000047',NULL,NULL,'2024-10-03 16:41:20','2024-10-03 16:41:20',NULL),(491,8564,0,NULL,NULL,2,40758,40812,13,12547,1,0,'2024-04-24','2024-04-24',568458.00,1,1.00,'Factura A N°: 0001-00000056',NULL,NULL,'2024-10-03 16:41:21','2024-10-03 16:41:21',NULL),(492,8564,0,NULL,NULL,2,40758,40812,13,12547,1,0,'2024-04-10','2024-04-10',852687.00,1,1.00,'Factura A N°: 0001-00000050',NULL,NULL,'2024-10-03 16:41:21','2024-10-03 16:41:21',NULL),(493,8564,0,NULL,NULL,2,40758,40812,13,12547,1,0,'2024-04-10','2024-04-10',1326402.00,1,1.00,'Factura A N°: 0001-00000051',NULL,NULL,'2024-10-03 16:41:21','2024-10-03 16:41:21',NULL),(494,8564,0,NULL,NULL,2,40758,40812,13,12547,1,0,'2024-04-18','2024-04-18',217800.00,1,1.00,'Factura A N°: 0001-00000052',NULL,NULL,'2024-10-03 16:41:21','2024-10-03 16:41:21',NULL),(495,8564,0,NULL,NULL,2,40758,40812,13,12547,1,0,'2024-04-19','2024-04-19',181500.00,1,1.00,'Factura A N°: 0001-00000053',NULL,NULL,'2024-10-03 16:41:21','2024-10-03 16:41:21',NULL),(496,8564,0,NULL,NULL,2,40758,40812,13,12547,1,0,'2024-04-23','2024-04-23',302500.00,1,1.00,'Factura A N°: 0001-00000054',NULL,NULL,'2024-10-03 16:41:21','2024-10-03 16:41:21',NULL),(497,8564,0,NULL,NULL,2,40758,40812,13,12547,1,0,'2024-04-24','2024-04-24',121000.00,1,1.00,'Factura A N°: 0001-00000055',NULL,NULL,'2024-10-03 16:41:21','2024-10-03 16:41:21',NULL),(498,8564,0,NULL,NULL,2,40758,40812,13,12548,1,0,'2024-05-02','2024-05-02',726000.00,1,1.00,'Factura A N°: 0001-00000057',NULL,NULL,'2024-10-03 16:42:01','2024-10-03 16:42:01',NULL),(499,8564,0,NULL,NULL,2,40758,40812,13,12548,1,0,'2024-05-08','2024-05-08',1069964.28,1,1.00,'Factura A N°: 0001-00000058',NULL,NULL,'2024-10-03 16:42:01','2024-10-03 16:42:01',NULL),(500,8564,0,NULL,NULL,2,40758,40812,13,12548,2,0,'2024-05-08','2024-05-08',726000.00,1,1.00,'Nota de crédito A N°: 0001-00000003',NULL,NULL,'2024-10-03 16:42:01','2024-10-03 16:42:01',NULL),(501,8564,0,NULL,NULL,2,40758,40812,13,12548,1,0,'2024-05-24','2024-05-24',653400.00,1,1.00,'Factura A N°: 0001-00000063',NULL,NULL,'2024-10-03 16:42:01','2024-10-03 16:42:01',NULL),(502,8564,0,NULL,NULL,2,40758,40812,13,12548,1,0,'2024-05-10','2024-05-10',980100.00,1,1.00,'Factura A N°: 0001-00000060',NULL,NULL,'2024-10-03 16:42:01','2024-10-03 16:42:01',NULL),(503,8564,0,NULL,NULL,2,40758,40799,13,12548,1,0,'2024-05-10','2024-05-10',665500.00,1,1.00,'Factura A N°: 0001-00000059',NULL,NULL,'2024-10-03 16:42:01','2024-10-03 16:42:01',NULL),(504,8564,0,NULL,NULL,2,40758,40799,13,12548,1,0,'2024-05-10','2024-05-10',181500.00,1,1.00,'Factura A N°: 0001-00000062',NULL,NULL,'2024-10-03 16:42:01','2024-10-03 16:42:01',NULL),(505,8564,0,NULL,NULL,2,40758,40799,13,12548,1,0,'2024-05-10','2024-05-10',786500.00,1,1.00,'Factura A N°: 0001-00000061',NULL,NULL,'2024-10-03 16:42:01','2024-10-03 16:42:01',NULL),(506,8564,0,NULL,NULL,3,40758,40719,57,12548,2,0,'2024-05-01','2024-05-01',63000.00,1,1.00,'Factura C N°: 0002-00000075',NULL,NULL,'2024-10-03 16:42:10','2024-11-25 23:39:12','2024-11-25 23:39:12');
INSERT INTO `cta_cte_cliente` VALUES (507,8564,0,NULL,NULL,3,40758,40798,57,12548,2,0,'2024-05-01','2024-05-01',37114.28,1,1.00,'Tique Factura A N°: 0021-00026178',NULL,NULL,'2024-10-03 16:42:10','2024-10-03 16:42:10',NULL),(508,8564,0,NULL,NULL,3,40758,40766,57,12548,2,0,'2024-05-04','2024-05-04',10000.02,1,1.00,'Factura A N°: 6410-00017646',NULL,NULL,'2024-10-03 16:42:11','2024-10-03 16:42:11',NULL),(509,8564,0,NULL,NULL,3,40758,40792,57,12548,2,0,'2024-05-05','2024-05-05',35814.18,1,1.00,'Factura A N°: 6606-00002926',NULL,NULL,'2024-10-03 16:42:11','2024-11-25 23:49:43','2024-11-25 23:49:43'),(510,8564,0,NULL,NULL,3,40758,40766,57,12548,2,0,'2024-05-14','2024-05-14',9999.96,1,1.00,'Factura A N°: 8106-00026170',NULL,NULL,'2024-10-03 16:42:11','2024-10-03 16:42:11',NULL),(511,8564,0,NULL,NULL,3,40758,40791,57,12548,2,0,'2024-05-31','2024-05-31',22000.00,1,1.00,'Factura A N°: 0010-00016385',NULL,NULL,'2024-10-03 16:42:11','2024-10-03 16:42:11',NULL),(512,8564,0,NULL,NULL,3,40758,40766,57,12548,2,0,'2024-05-06','2024-05-06',15000.02,1,1.00,'Factura A N°: 6978-00022077',NULL,NULL,'2024-10-03 16:42:11','2024-10-03 16:42:11',NULL),(513,8564,0,NULL,NULL,3,40758,40766,57,12548,2,0,'2024-05-07','2024-05-07',15000.03,1,1.00,'Factura A N°: 9098-00006258',NULL,NULL,'2024-10-03 16:42:11','2024-10-03 16:42:11',NULL),(514,8564,0,NULL,NULL,3,40758,40769,57,12548,2,0,'2024-05-07','2024-05-07',35297.87,1,1.00,'Factura A N°: 8251-00001273',NULL,NULL,'2024-10-03 16:42:11','2024-10-03 16:42:11',NULL),(515,8564,0,NULL,NULL,3,40758,40796,57,12548,2,0,'2024-05-07','2024-05-07',300000.00,1,1.00,'Factura C N°: 0003-00000218',NULL,NULL,'2024-10-03 16:42:11','2024-11-25 23:39:47','2024-11-25 23:39:47'),(516,8564,0,NULL,NULL,3,40758,40766,57,12548,2,0,'2024-05-11','2024-05-11',29999.96,1,1.00,'Factura A N°: 6918-00038383',NULL,NULL,'2024-10-03 16:42:11','2024-10-03 16:42:11',NULL),(517,8564,0,NULL,NULL,3,40758,40865,57,12548,2,0,'2024-05-14','2024-05-14',79000.00,1,1.00,'Factura C N°: 0001-00007412',NULL,NULL,'2024-10-03 16:42:11','2024-11-25 23:40:10','2024-11-25 23:40:10'),(518,8564,0,NULL,NULL,3,40758,40798,57,12548,2,0,'2024-05-14','2024-05-14',15000.03,1,1.00,'Tique Factura A N°: 0021-00026695',NULL,NULL,'2024-10-03 16:42:11','2024-10-03 16:42:11',NULL),(519,8564,0,NULL,NULL,3,40758,40792,57,12548,2,0,'2024-05-19','2024-05-19',67503.44,1,1.00,'Factura A N°: 10313-00002393',NULL,NULL,'2024-10-03 16:42:11','2024-10-03 16:42:11',NULL),(520,8564,0,NULL,NULL,3,40758,40798,57,12548,2,0,'2024-05-21','2024-05-21',17888.70,1,1.00,'Tique Factura A N°: 0022-00032310',NULL,NULL,'2024-10-03 16:42:11','2024-10-03 16:42:11',NULL),(521,8564,0,NULL,NULL,3,40758,40769,57,12548,2,0,'2024-05-22','2024-05-22',186938.58,1,1.00,'Factura A N°: 8285-00000601',NULL,NULL,'2024-10-03 16:42:11','2024-10-03 16:42:11',NULL),(522,8564,0,NULL,NULL,3,40758,40792,57,12548,2,0,'2024-05-27','2024-05-27',37086.58,1,1.00,'Factura A N°: 6629-00003557',NULL,NULL,'2024-10-03 16:42:12','2024-10-03 16:42:12',NULL),(523,8564,0,NULL,NULL,3,40758,40798,57,12548,2,0,'2024-05-27','2024-05-27',17888.70,1,1.00,'Tique Factura A N°: 0022-00032557',NULL,NULL,'2024-10-03 16:42:12','2024-10-03 16:42:12',NULL),(524,8564,0,NULL,NULL,3,40758,40798,57,12548,2,0,'2024-05-27','2024-05-27',12371.42,1,1.00,'Tique Factura A N°: 0021-00027217',NULL,NULL,'2024-10-03 16:42:12','2024-10-03 16:42:12',NULL),(525,8564,0,NULL,NULL,3,40758,40866,57,12548,2,0,'2024-05-29','2024-05-29',2119100.03,1,1.00,'Factura A N°: 0005-00006644',NULL,NULL,'2024-10-03 16:42:12','2024-11-25 23:41:50','2024-11-25 23:41:50'),(526,8564,0,NULL,NULL,3,40758,40797,57,12548,2,0,'2024-05-30','2024-05-30',15587.09,1,1.00,'Factura A N°: 2019-00215403',NULL,NULL,'2024-10-03 16:42:12','2024-10-03 16:42:12',NULL),(527,8564,0,NULL,NULL,3,40758,40856,57,12548,2,0,'2024-05-30','2024-05-30',12327.56,1,1.00,'Factura A N°: 0002-00000456',NULL,NULL,'2024-10-03 16:42:12','2024-10-03 16:42:12',NULL);
INSERT INTO `cta_cte_cliente` VALUES (528,8564,0,NULL,NULL,3,40758,40797,57,12548,2,0,'2024-05-30','2024-05-30',10385.93,1,1.00,'Factura A N°: 2004-00131948',NULL,NULL,'2024-10-03 16:42:12','2024-10-03 16:42:12',NULL),(529,8564,0,NULL,NULL,3,40758,40866,57,12548,2,0,'2024-05-30','2024-05-30',2065300.09,1,1.00,'Factura A N°: 0005-00006652',NULL,NULL,'2024-10-03 16:42:12','2024-10-03 16:42:12',NULL),(530,8564,0,NULL,NULL,3,40758,40792,57,12548,2,0,'2024-05-31','2024-05-31',41917.60,1,1.00,'Factura A N°: 10003-00002191',NULL,NULL,'2024-10-03 16:42:12','2024-10-03 16:42:12',NULL),(531,8564,0,NULL,NULL,3,40758,40791,57,12548,2,0,'2024-05-31','2024-05-31',22000.00,1,1.00,'Factura A N°: 0010-00016383',NULL,NULL,'2024-10-03 16:42:12','2024-10-03 16:42:12',NULL),(532,8564,0,NULL,NULL,3,40758,40866,57,12548,2,0,'2024-05-31','2024-05-31',1701300.16,1,1.00,'Factura A N°: 0005-00006721',NULL,NULL,'2024-10-03 16:42:12','2024-10-03 16:42:12',NULL),(533,8564,0,NULL,NULL,3,40758,40797,57,12548,2,0,'2024-05-31','2024-05-31',47359.40,1,1.00,'Factura A N°: 2004-00132171',NULL,NULL,'2024-10-03 16:42:13','2024-11-25 23:59:07','2024-11-25 23:59:07'),(534,8564,0,NULL,NULL,3,40758,40719,57,12549,2,0,'2024-06-01','2024-06-01',63000.00,1,1.00,'Factura C N°: 0002-00000083',NULL,NULL,'2024-10-03 16:42:51','2024-11-25 23:40:27','2024-11-25 23:40:27'),(535,8564,0,NULL,NULL,3,40758,40867,57,12549,2,0,'2024-06-04','2024-06-04',63250.01,1,1.00,'Factura A N°: 0001-00001340',NULL,NULL,'2024-10-03 16:42:51','2024-11-25 23:50:28','2024-11-25 23:50:28'),(536,8564,0,NULL,NULL,3,40758,40855,57,12549,2,0,'2024-06-04','2024-06-04',169965.04,1,1.00,'Factura A N°: 0386-00021913',NULL,NULL,'2024-10-03 16:42:51','2024-10-03 16:42:51',NULL),(537,8564,0,NULL,NULL,3,40758,40798,57,12549,2,0,'2024-06-29','2024-06-29',46701.56,1,1.00,'Tique Factura A N°: 0021-00028459',NULL,NULL,'2024-10-03 16:42:51','2024-10-03 16:42:51',NULL),(538,8564,0,NULL,NULL,3,40758,40769,57,12549,2,0,'2024-06-04','2024-06-04',11934.43,1,1.00,'Factura A N°: 8285-00000721',NULL,NULL,'2024-10-03 16:42:52','2024-10-03 16:42:52',NULL),(539,8564,0,NULL,NULL,3,40758,40855,57,12549,1,0,'2024-06-04','2024-06-04',41800.35,1,1.00,'Nota de crédito A N°: 0386-00007093',NULL,NULL,'2024-10-03 16:42:52','2024-10-03 16:42:52',NULL),(540,8564,0,NULL,NULL,3,40758,40792,57,12549,2,0,'2024-06-05','2024-06-05',33788.98,1,1.00,'Factura A N°: 10317-00000749',NULL,NULL,'2024-10-03 16:42:52','2024-10-03 16:42:52',NULL),(541,8564,0,NULL,NULL,3,40758,40791,57,12549,2,0,'2024-06-06','2024-06-06',6200.00,1,1.00,'Factura A N°: 0010-00016421',NULL,NULL,'2024-10-03 16:42:52','2024-10-03 16:42:52',NULL),(542,8564,0,NULL,NULL,3,40758,40868,57,12549,2,0,'2024-06-07','2024-06-07',237635.00,1,1.00,'Factura A N°: 0011-00005209',NULL,NULL,'2024-10-03 16:42:52','2024-10-03 16:42:52',NULL),(543,8564,0,NULL,NULL,3,40758,40791,57,12549,2,0,'2024-06-07','2024-06-07',450.00,1,1.00,'Factura A N°: 0010-00016431',NULL,NULL,'2024-10-03 16:42:52','2024-10-03 16:42:52',NULL),(544,8564,0,NULL,NULL,3,40758,40766,57,12549,2,0,'2024-06-08','2024-06-08',37010.02,1,1.00,'Factura A N°: 7154-00022950',NULL,NULL,'2024-10-03 16:42:52','2024-10-03 16:42:52',NULL),(545,8564,0,NULL,NULL,3,40758,40769,57,12549,2,0,'2024-06-10','2024-06-10',250038.04,1,1.00,'Factura A N°: 8285-00000780',NULL,NULL,'2024-10-03 16:42:52','2024-10-03 16:42:52',NULL),(546,8564,0,NULL,NULL,3,40758,40766,57,12549,2,0,'2024-06-11','2024-06-11',50009.97,1,1.00,'Factura A N°: 9104-00010051',NULL,NULL,'2024-10-03 16:42:52','2024-10-03 16:42:52',NULL),(547,8564,0,NULL,NULL,3,40758,40769,57,12549,2,0,'2024-06-11','2024-06-11',236704.79,1,1.00,'Factura A N°: 8251-00001374',NULL,NULL,'2024-10-03 16:42:52','2024-10-03 16:42:52',NULL),(548,8564,0,NULL,NULL,3,40758,40769,57,12549,2,0,'2024-06-12','2024-06-12',258221.09,1,1.00,'Factura A N°: 8285-00000803',NULL,NULL,'2024-10-03 16:42:52','2024-10-03 16:42:52',NULL);
INSERT INTO `cta_cte_cliente` VALUES (549,8564,0,NULL,NULL,3,40758,40785,57,12549,2,0,'2024-06-13','2024-06-13',69538.02,1,1.00,'Factura A N°: 0007-00007074',NULL,NULL,'2024-10-03 16:42:52','2024-10-03 16:42:52',NULL),(550,8564,0,NULL,NULL,3,40758,40862,57,12549,2,0,'2024-06-13','2024-06-13',297000.01,1,1.00,'Factura A N°: 0007-00001377',NULL,NULL,'2024-10-03 16:42:52','2024-10-03 16:42:52',NULL),(551,8564,0,NULL,NULL,3,40758,40869,57,12549,2,0,'2024-06-13','2024-06-13',24500.04,1,1.00,'Tique Factura A N°: 0001-00007033',NULL,NULL,'2024-10-03 16:42:52','2024-10-03 16:42:52',NULL),(552,8564,0,NULL,NULL,3,40758,40769,57,12549,2,0,'2024-06-14','2024-06-14',92751.68,1,1.00,'Factura A N°: 8285-00000842',NULL,NULL,'2024-10-03 16:42:52','2024-10-03 16:42:52',NULL),(553,8564,0,NULL,NULL,3,40758,40769,57,12549,2,0,'2024-06-14','2024-06-14',11809.84,1,1.00,'Factura A N°: 8285-00000828',NULL,NULL,'2024-10-03 16:42:53','2024-10-03 16:42:53',NULL),(554,8564,0,NULL,NULL,3,40758,40792,57,12549,2,0,'2024-06-17','2024-06-17',83900.59,1,1.00,'Factura A N°: 10003-00002260',NULL,NULL,'2024-10-03 16:42:53','2024-10-03 16:42:53',NULL),(555,8564,0,NULL,NULL,3,40758,40870,57,12549,2,0,'2024-06-17','2024-06-17',77300.00,1,1.00,'Factura A N°: 0009-00000153',NULL,NULL,'2024-10-03 16:42:53','2024-10-03 16:42:53',NULL),(556,8564,0,NULL,NULL,3,40758,40769,57,12549,2,0,'2024-06-18','2024-06-18',73298.99,1,1.00,'Factura A N°: 8251-00001442',NULL,NULL,'2024-10-03 16:42:53','2024-10-03 16:42:53',NULL),(557,8564,0,NULL,NULL,3,40758,40871,57,12549,2,0,'2024-06-18','2024-06-18',81860.92,1,1.00,'Factura A N°: 1200-00000472',NULL,NULL,'2024-10-03 16:42:53','2024-10-03 16:42:53',NULL),(558,8564,0,NULL,NULL,3,40758,40769,57,12549,2,0,'2024-06-18','2024-06-18',247607.92,1,1.00,'Factura A N°: 8285-00000856',NULL,NULL,'2024-10-03 16:42:53','2024-10-03 16:42:53',NULL),(559,8564,0,NULL,NULL,3,40758,40769,57,12549,2,0,'2024-06-18','2024-06-18',46905.52,1,1.00,'Factura A N°: 8285-00000860',NULL,NULL,'2024-10-03 16:42:53','2024-10-03 16:42:53',NULL),(560,8564,0,NULL,NULL,3,40758,40769,57,12549,2,0,'2024-06-20','2024-06-20',85864.51,1,1.00,'Factura A N°: 8285-00000890',NULL,NULL,'2024-10-03 16:42:53','2024-10-03 16:42:53',NULL),(561,8564,0,NULL,NULL,3,40758,40869,57,12549,2,0,'2024-06-20','2024-06-20',10000.04,1,1.00,'Tique Factura A N°: 0001-00007046',NULL,NULL,'2024-10-03 16:42:53','2024-10-03 16:42:53',NULL),(562,8564,0,NULL,NULL,3,40758,40797,57,12549,2,0,'2024-06-24','2024-06-24',15585.69,1,1.00,'Factura A N°: 2003-00093500',NULL,NULL,'2024-10-03 16:42:53','2024-10-03 16:42:53',NULL),(563,8564,0,NULL,NULL,3,40758,40791,57,12549,2,0,'2024-06-25','2024-06-25',14000.00,1,1.00,'Factura A N°: 0010-00016515',NULL,NULL,'2024-10-03 16:42:53','2024-10-03 16:42:53',NULL),(564,8564,0,NULL,NULL,3,40758,40868,57,12549,2,0,'2024-06-25','2024-06-25',163951.00,1,1.00,'Factura A N°: 0011-00005285',NULL,NULL,'2024-10-03 16:42:53','2024-10-03 16:42:53',NULL),(565,8564,0,NULL,NULL,3,40758,40791,57,12549,2,0,'2024-06-25','2024-06-25',10000.00,1,1.00,'Factura A N°: 0010-00016517',NULL,NULL,'2024-10-03 16:42:53','2024-10-03 16:42:53',NULL),(566,8564,0,NULL,NULL,3,40758,40791,57,12549,2,0,'2024-06-25','2024-06-25',5400.00,1,1.00,'Factura A N°: 0010-00016518',NULL,NULL,'2024-10-03 16:42:53','2024-10-03 16:42:53',NULL),(567,8564,0,NULL,NULL,3,40758,40769,57,12549,2,0,'2024-06-26','2024-06-26',8421.42,1,1.00,'Factura A N°: 8285-00000943',NULL,NULL,'2024-10-03 16:42:54','2024-10-03 16:42:54',NULL),(568,8564,0,NULL,NULL,3,40758,40769,57,12549,2,0,'2024-06-26','2024-06-26',79911.41,1,1.00,'Factura A N°: 8285-00000944',NULL,NULL,'2024-10-03 16:42:54','2024-10-03 16:42:54',NULL),(569,8564,0,NULL,NULL,3,40758,40872,57,12549,2,0,'2024-06-27','2024-06-27',190960.19,1,1.00,'Factura A N°: 0043-00001277',NULL,NULL,'2024-10-03 16:42:54','2024-10-03 16:42:54',NULL),(570,8564,0,NULL,NULL,3,40758,40873,57,12549,2,0,'2024-06-28','2024-06-28',587011.46,1,1.00,'Factura A N°: 0001-00000004',NULL,NULL,'2024-10-03 16:42:54','2024-10-03 16:42:54',NULL);
INSERT INTO `cta_cte_cliente` VALUES (571,8564,0,NULL,NULL,3,40758,40769,57,12549,2,0,'2024-06-28','2024-06-28',18186.81,1,1.00,'Factura A N°: 8285-00000963',NULL,NULL,'2024-10-03 16:42:54','2024-10-03 16:42:54',NULL),(572,8564,0,NULL,NULL,3,40758,40769,57,12549,2,0,'2024-06-28','2024-06-28',9899.50,1,1.00,'Factura A N°: 8259-00005254',NULL,NULL,'2024-10-03 16:42:54','2024-10-03 16:42:54',NULL),(573,8564,0,NULL,NULL,3,40758,40797,57,12549,2,0,'2024-06-28','2024-06-28',15585.69,1,1.00,'Factura A N°: 2004-00135561',NULL,NULL,'2024-10-03 16:42:54','2024-10-03 16:42:54',NULL),(574,8564,0,NULL,NULL,3,40758,40869,57,12549,2,0,'2024-06-20','2024-06-20',10000.00,1,1.00,'Factura A N°: 0001-00007033',NULL,NULL,'2024-10-03 16:42:54','2024-10-03 16:42:54',NULL),(575,8564,0,NULL,NULL,3,40758,40874,57,12549,2,0,'2024-06-20','2024-06-20',14999.94,1,1.00,'Factura A N°: 0016-00003705',NULL,NULL,'2024-10-03 16:42:54','2024-10-03 16:42:54',NULL),(576,8564,0,NULL,NULL,3,40758,40807,57,12549,2,0,'2024-06-21','2024-06-21',52126.10,1,1.00,'Factura A N°: 0507-00016786',NULL,NULL,'2024-10-03 16:42:54','2024-10-03 16:42:54',NULL),(577,8564,0,NULL,NULL,3,40758,40875,57,12549,2,0,'2024-06-24','2024-06-24',88371.34,1,1.00,'Factura A N°: 5823-00003116',NULL,NULL,'2024-10-03 16:42:54','2024-10-03 16:42:54',NULL),(578,8564,0,NULL,NULL,3,40758,40808,57,12549,2,0,'2024-06-27','2024-06-27',103100.00,1,1.00,'Factura A N°: 0022-55795910',NULL,NULL,'2024-10-03 16:42:54','2024-11-25 23:56:20','2024-11-25 23:56:20'),(579,8564,0,NULL,NULL,3,40758,40819,57,12549,2,0,'2024-06-29','2024-06-29',24100.00,1,1.00,'Factura A N°: 0007-00009643',NULL,NULL,'2024-10-03 16:42:54','2024-10-03 16:42:54',NULL),(580,8564,0,NULL,NULL,3,40758,40875,57,12549,2,0,'2024-06-24','2024-06-24',38132.43,1,1.00,'Factura A N°: 5823-00003124',NULL,NULL,'2024-10-03 16:42:54','2024-10-03 16:42:54',NULL),(581,8564,0,NULL,NULL,3,40758,40875,57,12549,2,0,'2024-06-23','2024-06-23',126202.69,1,1.00,'Factura A N°: 5603-00009169',NULL,NULL,'2024-10-03 16:42:55','2024-10-03 16:42:55',NULL),(582,8564,0,NULL,NULL,3,40758,40875,57,12549,2,0,'2024-06-10','2024-06-10',145965.87,1,1.00,'Factura A N°: 5821-00014000',NULL,NULL,'2024-10-03 16:42:55','2024-10-03 16:42:55',NULL),(583,8564,0,NULL,NULL,2,40758,40799,13,12549,1,0,'2024-06-05','2024-06-05',1331000.00,1,1.00,'Factura A N°: 0001-00000064',NULL,NULL,'2024-10-03 16:43:02','2024-10-03 16:43:02',NULL),(584,8564,0,NULL,NULL,2,40758,40799,13,12549,1,0,'2024-06-05','2024-06-05',1223612.50,1,1.00,'Factura A N°: 0001-00000066',NULL,NULL,'2024-10-03 16:43:03','2024-10-03 16:43:03',NULL),(585,8564,0,NULL,NULL,2,40758,40799,13,12549,1,0,'2024-06-05','2024-06-05',1223612.50,1,1.00,'Factura A N°: 0001-00000065',NULL,NULL,'2024-10-03 16:43:03','2024-10-03 16:43:03',NULL),(586,8564,0,NULL,NULL,2,40758,40799,13,12549,1,0,'2024-06-13','2024-06-13',1149500.00,1,1.00,'Factura A N°: 0001-00000067',NULL,NULL,'2024-10-03 16:43:03','2024-10-03 16:43:03',NULL),(587,8564,0,NULL,NULL,2,40758,40799,13,12549,1,0,'2024-06-13','2024-06-13',1210000.00,1,1.00,'Factura A N°: 0001-00000068',NULL,NULL,'2024-10-03 16:43:03','2024-10-03 16:43:03',NULL),(588,8564,0,NULL,NULL,2,40758,40799,13,12549,1,0,'2024-06-13','2024-06-13',679112.50,1,1.00,'Factura A N°: 0001-00000069',NULL,NULL,'2024-10-03 16:43:03','2024-10-03 16:43:03',NULL),(589,8564,0,NULL,NULL,3,40758,40806,57,12535,2,0,'2023-07-18','2023-07-18',450000.00,1,1.00,'Factura C N°: 0001-00000007',NULL,NULL,'2024-11-25 23:34:05','2024-11-25 23:34:05',NULL),(590,8564,0,NULL,NULL,3,40758,40719,57,12536,2,0,'2023-08-28','2023-08-28',61000.00,1,1.00,'Factura C N°: 0002-00000021',NULL,NULL,'2024-11-25 23:34:54','2024-11-25 23:34:54',NULL),(591,8564,0,NULL,NULL,3,40758,40719,57,12537,2,0,'2023-09-08','2023-09-08',45000.00,1,1.00,'Factura C N°: 0002-00000025',NULL,NULL,'2024-11-25 23:35:19','2024-11-25 23:35:19',NULL);
INSERT INTO `cta_cte_cliente` VALUES (592,8564,0,NULL,NULL,3,40758,40825,57,12537,2,0,'2023-09-13','2023-09-13',10900.00,1,1.00,'Factura C N°: 0002-00000371',NULL,NULL,'2024-11-25 23:35:43','2024-11-25 23:35:43',NULL),(593,8564,0,NULL,NULL,3,40758,40719,57,12538,2,0,'2023-10-02','2023-10-02',45000.00,1,1.00,'Factura C N°: 0002-00000029',NULL,NULL,'2024-11-25 23:36:11','2024-11-25 23:36:11',NULL),(594,8564,0,NULL,NULL,3,40758,40719,57,12539,2,0,'2023-11-13','2023-11-13',90500.00,1,1.00,'Factura C N°: 0002-00000039',NULL,NULL,'2024-11-25 23:36:40','2024-11-25 23:36:40',NULL),(595,8564,0,NULL,NULL,3,40758,40719,57,12539,2,0,'2023-11-13','2023-11-13',45000.00,1,1.00,'Factura C N°: 0002-00000038',NULL,NULL,'2024-11-25 23:36:59','2024-11-25 23:36:59',NULL),(596,8564,0,NULL,NULL,3,40758,40719,57,12540,2,0,'2023-12-01','2023-12-01',45000.00,1,1.00,'Factura C N°: 0002-00000045',NULL,NULL,'2024-11-25 23:37:17','2024-11-25 23:37:17',NULL),(597,8564,0,NULL,NULL,3,40758,40719,57,12540,2,0,'2023-12-31','2023-12-31',45000.00,1,1.00,'Factura C N°: 0002-00000052',NULL,NULL,'2024-11-25 23:37:32','2024-11-25 23:37:32',NULL),(598,8564,0,NULL,NULL,3,40758,40849,57,12544,2,0,'2024-01-13','2024-01-13',47500.00,1,1.00,'Factura C N°: 0001-00000028',NULL,NULL,'2024-11-25 23:37:58','2024-11-25 23:37:58',NULL),(599,8564,0,NULL,NULL,3,40758,40719,57,12545,2,0,'2024-02-01','2024-02-01',45000.00,1,1.00,'Factura C N°: 0002-00000056',NULL,NULL,'2024-11-25 23:38:14','2024-11-25 23:38:14',NULL),(600,8564,0,NULL,NULL,3,40758,40858,57,12547,2,0,'2024-04-18','2024-04-18',20000.00,1,1.00,'Factura C N°: 0001-00000247',NULL,NULL,'2024-11-25 23:38:45','2024-11-25 23:38:45',NULL),(601,8564,0,NULL,NULL,3,40758,40719,57,12548,2,0,'2024-05-01','2024-05-01',63000.00,1,1.00,'Factura C N°: 0002-00000075',NULL,NULL,'2024-11-25 23:39:12','2024-11-25 23:39:12',NULL),(602,8564,0,NULL,NULL,3,40758,40796,57,12548,2,0,'2024-05-07','2024-05-07',300000.00,1,1.00,'Factura C N°: 0003-00000218',NULL,NULL,'2024-11-25 23:39:47','2024-11-25 23:39:47',NULL),(603,8564,0,NULL,NULL,3,40758,40865,57,12548,2,0,'2024-05-14','2024-05-14',79000.00,1,1.00,'Factura C N°: 0001-00007412',NULL,NULL,'2024-11-25 23:40:10','2024-11-25 23:40:10',NULL),(604,8564,0,NULL,NULL,3,40758,40719,57,12549,2,0,'2024-06-01','2024-06-01',63000.00,1,1.00,'Factura C N°: 0002-00000083',NULL,NULL,'2024-11-25 23:40:27','2024-11-25 23:40:27',NULL),(605,8564,0,NULL,NULL,3,40758,40866,57,12548,2,0,'2024-05-29','2024-05-29',2119100.03,1,1.00,'Factura A N°: 0005-00006644',NULL,NULL,'2024-11-25 23:41:50','2024-11-25 23:41:50',NULL),(606,8564,0,NULL,NULL,3,40758,40792,57,12535,2,0,'2023-07-20','2023-07-20',17905.70,1,1.00,'Factura A N°: 6631-00002889',NULL,NULL,'2024-11-25 23:43:03','2024-11-25 23:43:03',NULL),(607,8564,0,NULL,NULL,3,40758,40792,57,12536,2,0,'2023-08-06','2023-08-06',19862.87,1,1.00,'Factura A N°: 10003-00001132',NULL,NULL,'2024-11-25 23:43:31','2024-11-25 23:43:31',NULL),(608,8564,0,NULL,NULL,3,40758,40816,57,12536,2,0,'2023-08-10','2023-08-10',10465.00,1,1.00,'Factura C N°: 0001-00000027',NULL,NULL,'2024-11-25 23:44:01','2024-11-25 23:44:01',NULL),(609,8564,0,NULL,NULL,3,40758,40821,57,12536,2,0,'2023-08-18','2023-08-18',17258.10,1,1.00,'Factura A N°: 0061-00035354',NULL,NULL,'2024-11-25 23:44:21','2024-11-25 23:44:21',NULL),(610,8564,0,NULL,NULL,3,40758,40822,57,12536,2,0,'2023-08-26','2023-08-26',13801.21,1,1.00,'Factura A N°: 0076-00020250',NULL,NULL,'2024-11-25 23:44:51','2024-11-25 23:44:51',NULL),(611,8564,0,NULL,NULL,3,40758,40792,57,12537,2,0,'2023-09-03','2023-09-03',42254.29,1,1.00,'Factura A N°: 10315-00002079',NULL,NULL,'2024-11-25 23:45:11','2024-11-25 23:45:11',NULL),(612,8564,0,NULL,NULL,3,40758,40831,57,12537,2,0,'2023-09-27','2023-09-27',18000.20,1,1.00,'Factura A N°: 0002-00002240',NULL,NULL,'2024-11-25 23:46:18','2024-11-25 23:46:18',NULL),(613,8564,0,NULL,NULL,3,40758,40792,57,12538,2,0,'2023-10-22','2023-10-22',31680.53,1,1.00,'Factura A N°: 18645-00000050',NULL,NULL,'2024-11-25 23:46:41','2024-11-25 23:46:41',NULL);
INSERT INTO `cta_cte_cliente` VALUES (614,8564,0,NULL,NULL,3,40758,40846,57,12539,2,0,'2023-11-16','2023-11-16',20573.09,1,1.00,'Tique Factura A N°: 0012-00263976',NULL,NULL,'2024-11-25 23:47:10','2024-11-25 23:47:10',NULL),(615,8564,0,NULL,NULL,3,40758,40792,57,12544,2,0,'2024-01-02','2024-01-02',22788.90,1,1.00,'Factura A N°: 10315-00002284',NULL,NULL,'2024-11-25 23:47:33','2024-11-25 23:47:33',NULL),(616,8564,0,NULL,NULL,3,40758,40792,57,12545,2,0,'2024-02-14','2024-02-14',75877.98,1,1.00,'Factura A N°: 6631-00003657',NULL,NULL,'2024-11-25 23:47:53','2024-11-25 23:47:53',NULL),(617,8564,0,NULL,NULL,3,40758,40792,57,12546,2,0,'2024-03-10','2024-03-10',63876.43,1,1.00,'Factura A N°: 10317-00000438',NULL,NULL,'2024-11-25 23:48:14','2024-11-25 23:48:14',NULL),(618,8564,0,NULL,NULL,3,40758,40792,57,12546,2,0,'2024-03-17','2024-03-17',67099.87,1,1.00,'Factura A N°: 10317-00000459',NULL,NULL,'2024-11-25 23:48:34','2024-11-25 23:48:34',NULL),(619,8564,0,NULL,NULL,3,40758,40792,57,12547,2,0,'2024-04-05','2024-04-05',74116.06,1,1.00,'Factura A N°: 6636-00001454',NULL,NULL,'2024-11-25 23:49:00','2024-11-25 23:49:00',NULL),(620,8564,0,NULL,NULL,3,40758,40792,57,12547,2,0,'2024-04-14','2024-04-14',66339.95,1,1.00,'Factura A N°: 6631-00003890',NULL,NULL,'2024-11-25 23:49:22','2024-11-25 23:49:22',NULL),(621,8564,0,NULL,NULL,3,40758,40792,57,12548,2,0,'2024-05-05','2024-05-05',35814.19,1,1.00,'Factura A N°: 6606-00002926',NULL,NULL,'2024-11-25 23:49:43','2024-11-25 23:49:43',NULL),(622,8564,0,NULL,NULL,3,40758,40867,57,12549,2,0,'2024-06-04','2024-06-04',63250.01,1,1.00,'Factura A N°: 0001-00001340',NULL,NULL,'2024-11-25 23:50:28','2024-11-25 23:50:28',NULL),(623,8564,0,NULL,NULL,3,40758,40815,57,12536,2,0,'2023-08-09','2023-08-09',13500.05,1,1.00,'Factura A N°: 0003-00001112',NULL,NULL,'2024-11-25 23:52:13','2024-11-25 23:52:13',NULL),(624,8564,0,NULL,NULL,3,40758,40841,57,12544,2,0,'2024-01-04','2024-01-04',16388.78,1,1.00,'Factura A N°: 0005-00023022',NULL,NULL,'2024-11-25 23:55:24','2024-11-25 23:55:24',NULL),(625,8564,0,NULL,NULL,3,40758,40841,57,12538,2,0,'2023-10-18','2023-10-18',32987.69,1,1.00,'Factura A N°: 0005-00021567',NULL,NULL,'2024-11-25 23:55:45','2024-11-25 23:55:45',NULL),(626,8564,0,NULL,NULL,3,40758,40808,57,12549,2,0,'2024-06-27','2024-06-27',103100.00,1,1.00,'Factura A N°: 0022-55795910',NULL,NULL,'2024-11-25 23:56:20','2024-11-25 23:56:20',NULL),(627,8564,0,NULL,NULL,3,40758,40808,57,12547,2,0,'2024-04-18','2024-04-18',31840.62,1,1.00,'Otro Comprobante A que cumple con la RG 1415 N°: 0001-00068099',NULL,NULL,'2024-11-25 23:56:38','2024-11-25 23:56:38',NULL),(628,8564,0,NULL,NULL,3,40758,40808,57,12547,2,0,'2024-04-18','2024-04-18',35963.61,1,1.00,'Otro Comprobante A que cumple con la RG 1415 N°: 0011-00067799',NULL,NULL,'2024-11-25 23:56:54','2024-11-25 23:56:54',NULL),(629,8564,0,NULL,NULL,3,40758,40808,57,12535,2,0,'2023-07-04','2023-07-04',7575.01,1,1.00,'Otro Comprobante A que cumple con la RG 1415 N°: 0001-00000001',NULL,NULL,'2024-11-25 23:57:20','2024-11-25 23:57:20',NULL),(630,8564,0,NULL,NULL,3,40758,40809,57,12547,2,0,'2024-04-02','2024-04-02',35000.01,1,1.00,'Tique Factura A N°: 0021-00025586',NULL,NULL,'2024-11-25 23:57:53','2024-11-25 23:57:53',NULL),(631,8564,0,NULL,NULL,3,40758,40809,57,12535,2,0,'2023-07-07','2023-07-07',4999.87,1,1.00,'Otro Comprobante A que cumple con la RG 1415 N°: 0024-00008385',NULL,NULL,'2024-11-25 23:58:14','2024-11-25 23:58:14',NULL),(632,8564,0,NULL,NULL,3,40758,40797,57,12544,2,0,'2024-01-04','2024-01-04',20814.92,1,1.00,'Factura A N°: 2003-00077248',NULL,NULL,'2024-11-25 23:58:43','2024-11-25 23:58:43',NULL),(633,8564,0,NULL,NULL,3,40758,40797,57,12548,2,0,'2024-05-31','2024-05-31',47359.40,1,1.00,'Factura A N°: 2004-00132171',NULL,NULL,'2024-11-25 23:59:07','2024-11-25 23:59:07',NULL),(639,8564,0,NULL,NULL,2,40758,40883,13,12551,1,0,'2024-08-09','2024-08-09',4719000.00,1,1.00,'Factura A N°: 0001-00000079',NULL,NULL,'2025-11-02 21:32:58','2025-11-02 21:32:58',NULL);
INSERT INTO `cta_cte_cliente` VALUES (640,8564,0,NULL,NULL,2,40758,40799,13,12551,1,0,'2024-08-09','2024-08-09',834900.00,1,1.00,'Factura A N°: 0001-00000080',NULL,NULL,'2025-11-02 21:32:58','2025-11-02 21:32:58',NULL),(641,8564,0,NULL,NULL,2,40758,40799,13,12551,1,0,'2024-08-09','2024-08-09',4840000.00,1,1.00,'FACTURA DE CRÉDITO ELECTRÓNICA MiPyMEs (FCE) A N°: 0001-00000001',NULL,NULL,'2025-11-02 21:32:59','2025-11-02 21:32:59',NULL),(642,8564,0,NULL,NULL,2,40758,40812,13,12551,1,0,'2024-08-16','2024-08-16',423500.00,1,1.00,'Factura A N°: 0001-00000081',NULL,NULL,'2025-11-02 21:32:59','2025-11-02 21:32:59',NULL),(643,8564,0,NULL,NULL,2,40758,40883,13,12551,1,0,'2024-08-29','2024-08-29',7078500.00,1,1.00,'Factura A N°: 0001-00000082',NULL,NULL,'2025-11-02 21:32:59','2025-11-02 21:32:59',NULL),(644,8564,0,NULL,NULL,2,40758,40799,13,12552,1,0,'2024-09-03','2024-09-03',1331000.00,1,1.00,'Factura A N°: 0001-00000083',NULL,NULL,'2025-11-02 21:35:19','2025-11-02 21:35:19',NULL),(645,8564,0,NULL,NULL,2,40758,40799,13,12552,1,0,'2024-09-10','2024-09-10',1331000.00,1,1.00,'Factura A N°: 0001-00000084',NULL,NULL,'2025-11-02 21:35:19','2025-11-02 21:35:19',NULL),(646,8564,0,NULL,NULL,2,40758,40799,13,12552,1,0,'2024-09-12','2024-09-12',1331000.00,1,1.00,'Factura A N°: 0001-00000085',NULL,NULL,'2025-11-02 21:35:19','2025-11-02 21:35:19',NULL),(647,8564,0,NULL,NULL,2,40758,40799,13,12552,1,0,'2024-09-18','2024-09-18',665500.00,1,1.00,'Factura A N°: 0001-00000086',NULL,NULL,'2025-11-02 21:35:19','2025-11-02 21:35:19',NULL),(648,8564,0,NULL,NULL,2,40758,40799,13,12552,1,0,'2024-09-25','2024-09-25',1119250.00,1,1.00,'Factura A N°: 0001-00000087',NULL,NULL,'2025-11-02 21:35:19','2025-11-02 21:35:19',NULL),(649,8564,0,NULL,NULL,2,40758,40799,13,12553,1,0,'2024-10-01','2024-10-01',484411.40,1,1.00,'Factura A N°: 0001-00000088',NULL,NULL,'2025-11-02 21:36:21','2025-11-02 21:36:21',NULL),(650,8564,0,NULL,NULL,2,40758,40799,13,12553,1,0,'2024-10-01','2024-10-01',1438690.00,1,1.00,'FACTURA DE CRÉDITO ELECTRÓNICA MiPyMEs (FCE) A N°: 0001-00000002',NULL,NULL,'2025-11-02 21:36:21','2025-11-02 21:36:21',NULL),(651,8564,0,NULL,NULL,2,40758,40799,13,12553,1,0,'2024-10-13','2024-10-13',1452000.00,1,1.00,'FACTURA DE CRÉDITO ELECTRÓNICA MiPyMEs (FCE) A N°: 0001-00000003',NULL,NULL,'2025-11-02 21:36:21','2025-11-02 21:36:21',NULL),(652,8564,0,NULL,NULL,2,40758,40799,13,12553,1,0,'2024-10-17','2024-10-17',786500.00,1,1.00,'Factura A N°: 0001-00000089',NULL,NULL,'2025-11-02 21:36:21','2025-11-02 21:36:21',NULL),(653,8564,0,NULL,NULL,2,40758,40799,13,12553,1,0,'2024-10-23','2024-10-23',580800.00,1,1.00,'Factura A N°: 0001-00000090',NULL,NULL,'2025-11-02 21:36:21','2025-11-02 21:36:21',NULL),(654,8564,0,NULL,NULL,2,40758,40799,13,12553,1,0,'2024-10-27','2024-10-27',1173700.00,1,1.00,'Factura A N°: 0001-00000091',NULL,NULL,'2025-11-02 21:36:21','2025-11-02 21:36:21',NULL),(655,8564,0,NULL,NULL,2,40758,40799,13,12553,1,0,'2024-10-27','2024-10-27',1754500.00,1,1.00,'FACTURA DE CRÉDITO ELECTRÓNICA MiPyMEs (FCE) A N°: 0001-00000004',NULL,NULL,'2025-11-02 21:36:21','2025-11-02 21:36:21',NULL),(656,8564,0,NULL,NULL,2,40758,40799,13,12553,1,0,'2024-10-31','2024-10-31',1028500.00,1,1.00,'Factura A N°: 0001-00000092',NULL,NULL,'2025-11-02 21:36:21','2025-11-02 21:36:21',NULL),(657,8564,0,NULL,NULL,2,40758,40799,13,12553,1,0,'2024-10-31','2024-10-31',2268750.00,1,1.00,'FACTURA DE CRÉDITO ELECTRÓNICA MiPyMEs (FCE) A N°: 0001-00000005',NULL,NULL,'2025-11-02 21:36:21','2025-11-02 21:36:21',NULL),(658,8564,0,NULL,NULL,2,40758,40799,13,12554,1,0,'2024-11-03','2024-11-03',580800.00,1,1.00,'Factura A N°: 0001-00000093',NULL,NULL,'2025-11-02 21:37:22','2025-11-02 21:37:22',NULL),(659,8564,0,NULL,NULL,2,40758,40812,13,12554,1,0,'2024-11-05','2024-11-05',756250.00,1,1.00,'Factura A N°: 0001-00000094',NULL,NULL,'2025-11-02 21:37:22','2025-11-02 21:37:22',NULL);
INSERT INTO `cta_cte_cliente` VALUES (660,8564,0,NULL,NULL,2,40758,40812,13,12554,1,0,'2024-11-08','2024-11-08',756250.00,1,1.00,'Factura A N°: 0001-00000097',NULL,NULL,'2025-11-02 21:37:22','2025-11-02 21:37:22',NULL),(661,8564,0,NULL,NULL,2,40758,40799,13,12554,1,0,'2024-11-08','2024-11-08',1173700.00,1,1.00,'Factura A N°: 0001-00000095',NULL,NULL,'2025-11-02 21:37:22','2025-11-02 21:37:22',NULL),(662,8564,0,NULL,NULL,2,40758,40799,13,12554,1,0,'2024-11-08','2024-11-08',756250.00,1,1.00,'Factura A N°: 0001-00000096',NULL,NULL,'2025-11-02 21:37:22','2025-11-02 21:37:22',NULL),(663,8564,0,NULL,NULL,2,40758,40799,13,12554,2,0,'2024-11-08','2024-11-08',756250.00,1,1.00,'Nota de crédito A N°: 0001-00000004',NULL,NULL,'2025-11-02 21:37:23','2025-11-02 21:37:23',NULL),(664,8564,0,NULL,NULL,2,40758,40799,13,12554,1,0,'2024-11-08','2024-11-08',5142500.00,1,1.00,'FACTURA DE CRÉDITO ELECTRÓNICA MiPyMEs (FCE) A N°: 0001-00000006',NULL,NULL,'2025-11-02 21:37:23','2025-11-02 21:37:23',NULL),(665,8564,0,NULL,NULL,2,40758,40799,13,12554,1,0,'2024-11-12','2024-11-12',1058750.00,1,1.00,'Factura A N°: 0001-00000098',NULL,NULL,'2025-11-02 21:37:23','2025-11-02 21:37:23',NULL),(666,8564,0,NULL,NULL,2,40758,40799,13,12554,1,0,'2024-11-16','2024-11-16',5142500.00,1,1.00,'FACTURA DE CRÉDITO ELECTRÓNICA MiPyMEs (FCE) A N°: 0001-00000007',NULL,NULL,'2025-11-02 21:37:23','2025-11-02 21:37:23',NULL),(667,8564,0,NULL,NULL,2,40758,40799,13,12554,1,0,'2024-11-16','2024-11-16',2783000.00,1,1.00,'FACTURA DE CRÉDITO ELECTRÓNICA MiPyMEs (FCE) A N°: 0001-00000008',NULL,NULL,'2025-11-02 21:37:23','2025-11-02 21:37:23',NULL),(668,8564,0,NULL,NULL,2,40758,40799,13,12554,1,0,'2024-11-29','2024-11-29',9818242.50,1,1.00,'FACTURA DE CRÉDITO ELECTRÓNICA MiPyMEs (FCE) A N°: 0001-00000009',NULL,NULL,'2025-11-02 21:37:23','2025-11-02 21:37:23',NULL),(669,8564,0,NULL,NULL,2,40758,40799,13,12555,1,0,'2024-12-03','2024-12-03',1875500.00,1,1.00,'FACTURA DE CRÉDITO ELECTRÓNICA MiPyMEs (FCE) A N°: 0001-00000010',NULL,NULL,'2025-11-02 21:38:20','2025-11-02 21:38:20',NULL),(670,8564,0,NULL,NULL,2,40758,40812,13,12555,1,0,'2024-12-09','2024-12-09',1173700.00,1,1.00,'Factura A N°: 0001-00000099',NULL,NULL,'2025-11-02 21:38:20','2025-11-02 21:38:20',NULL),(671,8564,0,NULL,NULL,2,40758,40799,13,12555,1,0,'2024-12-12','2024-12-12',12100000.00,1,1.00,'FACTURA DE CRÉDITO ELECTRÓNICA MiPyMEs (FCE) A N°: 0001-00000011',NULL,NULL,'2025-11-02 21:38:20','2025-11-02 21:38:20',NULL),(672,8564,0,NULL,NULL,2,40758,40812,13,12555,1,0,'2024-12-27','2024-12-27',108900.00,1,1.00,'Factura A N°: 0001-00000100',NULL,NULL,'2025-11-02 21:38:20','2025-11-02 21:38:20',NULL),(673,8564,0,NULL,NULL,2,40758,40799,13,12555,1,0,'2024-12-31','2024-12-31',2787114.00,1,1.00,'FACTURA DE CRÉDITO ELECTRÓNICA MiPyMEs (FCE) A N°: 0001-00000012',NULL,NULL,'2025-11-02 21:38:20','2025-11-02 21:38:20',NULL),(674,8564,0,NULL,NULL,2,40758,40799,13,12559,1,0,'2025-01-17','2025-01-17',4041400.00,1,1.00,'FACTURA DE CRÉDITO ELECTRÓNICA MiPyMEs (FCE) A N°: 0001-00000013',NULL,NULL,'2025-11-02 21:39:22','2025-11-02 21:39:22',NULL),(675,8564,0,NULL,NULL,2,40758,40799,13,12559,1,0,'2025-01-17','2025-01-17',3025000.00,1,1.00,'FACTURA DE CRÉDITO ELECTRÓNICA MiPyMEs (FCE) A N°: 0001-00000014',NULL,NULL,'2025-11-02 21:39:22','2025-11-02 21:39:22',NULL),(676,8564,0,NULL,NULL,2,40758,40799,13,12559,1,0,'2025-01-27','2025-01-27',580800.00,1,1.00,'Factura A N°: 0001-00000101',NULL,NULL,'2025-11-02 21:39:22','2025-11-02 21:39:22',NULL),(677,8564,0,NULL,NULL,2,40758,40799,13,12560,1,0,'2025-02-05','2025-02-05',5581125.00,1,1.00,'FACTURA DE CRÉDITO ELECTRÓNICA MiPyMEs (FCE) A N°: 0001-00000015',NULL,NULL,'2025-11-02 21:40:17','2025-11-02 21:40:17',NULL),(678,8564,0,NULL,NULL,2,40758,40799,13,12560,1,0,'2025-02-17','2025-02-17',6050000.00,1,1.00,'FACTURA DE CRÉDITO ELECTRÓNICA MiPyMEs (FCE) A N°: 0001-00000016',NULL,NULL,'2025-11-02 21:40:17','2025-11-02 21:40:17',NULL);
INSERT INTO `cta_cte_cliente` VALUES (679,8564,0,NULL,NULL,2,40758,40799,13,12560,1,0,'2025-02-17','2025-02-17',1860375.00,1,1.00,'FACTURA DE CRÉDITO ELECTRÓNICA MiPyMEs (FCE) A N°: 0001-00000017',NULL,NULL,'2025-11-02 21:40:17','2025-11-02 21:40:17',NULL),(680,8564,0,NULL,NULL,2,40758,40799,13,12560,1,0,'2025-02-17','2025-02-17',4537500.00,1,1.00,'FACTURA DE CRÉDITO ELECTRÓNICA MiPyMEs (FCE) A N°: 0001-00000018',NULL,NULL,'2025-11-02 21:40:17','2025-11-02 21:40:17',NULL),(681,8564,0,NULL,NULL,2,40758,40799,13,12560,1,0,'2025-02-17','2025-02-17',6050000.00,1,1.00,'NOTA DE DEBITO ELECTRÓNICA MiPyMEs (FCE) A N°: 0001-00000001',NULL,NULL,'2025-11-02 21:40:17','2025-11-02 21:40:17',NULL),(682,8564,0,NULL,NULL,2,40758,40799,13,12560,1,0,'2025-02-21','2025-02-21',4537500.00,1,1.00,'FACTURA DE CRÉDITO ELECTRÓNICA MiPyMEs (FCE) A N°: 0001-00000019',NULL,NULL,'2025-11-02 21:40:17','2025-11-02 21:40:17',NULL),(683,8564,0,NULL,NULL,2,40758,40799,13,12560,1,0,'2025-02-28','2025-02-28',907500.00,1,1.00,'Factura A N°: 0001-00000102',NULL,NULL,'2025-11-02 21:40:17','2025-11-02 21:40:17',NULL),(684,8564,0,NULL,NULL,2,40758,40799,13,12560,1,0,'2025-02-28','2025-02-28',3025000.00,1,1.00,'FACTURA DE CRÉDITO ELECTRÓNICA MiPyMEs (FCE) A N°: 0001-00000020',NULL,NULL,'2025-11-02 21:40:17','2025-11-02 21:40:17',NULL),(685,8564,0,NULL,NULL,2,40758,40799,13,12561,1,0,'2025-03-06','2025-03-06',1331000.00,1,1.00,'Factura A N°: 0001-00000103',NULL,NULL,'2025-11-02 21:41:09','2025-11-02 21:41:09',NULL),(686,8564,0,NULL,NULL,2,40758,40799,13,12561,1,0,'2025-03-07','2025-03-07',907500.00,1,1.00,'Factura A N°: 0001-00000104',NULL,NULL,'2025-11-02 21:41:09','2025-11-02 21:41:09',NULL),(687,8564,0,NULL,NULL,2,40758,40799,13,12561,1,0,'2025-03-07','2025-03-07',484000.00,1,1.00,'Factura A N°: 0001-00000105',NULL,NULL,'2025-11-02 21:41:09','2025-11-02 21:41:09',NULL),(688,8564,0,NULL,NULL,2,40758,40799,13,12561,2,0,'2025-03-07','2025-03-07',907500.00,1,1.00,'Nota de crédito A N°: 0001-00000005',NULL,NULL,'2025-11-02 21:41:09','2025-11-02 21:41:09',NULL),(689,8564,0,NULL,NULL,2,40758,40799,13,12561,1,0,'2025-03-08','2025-03-08',907500.00,1,1.00,'Factura A N°: 0001-00000106',NULL,NULL,'2025-11-02 21:41:09','2025-11-02 21:41:09',NULL),(690,8564,0,NULL,NULL,2,40758,40799,13,12561,1,0,'2025-03-12','2025-03-12',4452800.00,1,1.00,'FACTURA DE CRÉDITO ELECTRÓNICA MiPyMEs (FCE) A N°: 0001-00000021',NULL,NULL,'2025-11-02 21:41:09','2025-11-02 21:41:09',NULL),(691,8564,0,NULL,NULL,2,40758,40799,13,12561,1,0,'2025-03-17','2025-03-17',1185800.00,1,1.00,'Factura A N°: 0001-00000107',NULL,NULL,'2025-11-02 21:41:09','2025-11-02 21:41:09',NULL),(692,8564,0,NULL,NULL,2,40758,40799,13,12561,1,0,'2025-03-18','2025-03-18',3025000.00,1,1.00,'FACTURA DE CRÉDITO ELECTRÓNICA MiPyMEs (FCE) A N°: 0001-00000022',NULL,NULL,'2025-11-02 21:41:09','2025-11-02 21:41:09',NULL),(693,8564,0,NULL,NULL,2,40758,40799,13,12561,1,0,'2025-03-22','2025-03-22',4537500.00,1,1.00,'FACTURA DE CRÉDITO ELECTRÓNICA MiPyMEs (FCE) A N°: 0001-00000023',NULL,NULL,'2025-11-02 21:41:09','2025-11-02 21:41:09',NULL),(694,8564,0,NULL,NULL,2,40758,40799,13,12562,1,0,'2025-04-01','2025-04-01',4537500.00,1,1.00,'FACTURA DE CRÉDITO ELECTRÓNICA MiPyMEs (FCE) A N°: 0001-00000024',NULL,NULL,'2025-11-02 21:42:32','2025-11-02 21:42:32',NULL),(695,8564,0,NULL,NULL,2,40758,40812,13,12562,1,0,'2025-04-04','2025-04-04',907500.00,1,1.00,'Factura A N°: 0001-00000108',NULL,NULL,'2025-11-02 21:42:32','2025-11-02 21:42:32',NULL),(696,8564,0,NULL,NULL,2,40758,40799,13,12562,1,0,'2025-04-04','2025-04-04',2565200.00,1,1.00,'FACTURA DE CRÉDITO ELECTRÓNICA MiPyMEs (FCE) A N°: 0001-00000025',NULL,NULL,'2025-11-02 21:42:32','2025-11-02 21:42:32',NULL),(697,8564,0,NULL,NULL,2,40758,40799,13,12562,1,0,'2025-04-09','2025-04-09',907500.00,1,1.00,'Factura A N°: 0001-00000109',NULL,NULL,'2025-11-02 21:42:32','2025-11-02 21:42:32',NULL);
INSERT INTO `cta_cte_cliente` VALUES (698,8564,0,NULL,NULL,2,40758,40812,13,12562,1,0,'2025-04-09','2025-04-09',907500.00,1,1.00,'Factura A N°: 0001-00000110',NULL,NULL,'2025-11-02 21:42:32','2025-11-02 21:42:32',NULL),(699,8564,0,NULL,NULL,2,40758,40799,13,12562,1,0,'2025-04-11','2025-04-11',6050000.00,1,1.00,'FACTURA DE CRÉDITO ELECTRÓNICA MiPyMEs (FCE) A N°: 0001-00000026',NULL,NULL,'2025-11-02 21:42:32','2025-11-02 21:42:32',NULL),(700,8564,0,NULL,NULL,2,40758,40884,13,12562,1,0,'2025-04-15','2025-04-15',461310.00,1,1.00,'Factura B N°: 0001-00000001',NULL,NULL,'2025-11-02 21:42:32','2025-11-02 21:42:32',NULL),(701,8564,0,NULL,NULL,2,40758,40885,13,12562,1,0,'2025-04-24','2025-04-24',302500.00,1,1.00,'Factura A N°: 0001-00000111',NULL,NULL,'2025-11-02 21:42:32','2025-11-02 21:42:32',NULL),(702,8564,0,NULL,NULL,2,40758,40799,13,12563,1,0,'2025-05-02','2025-05-02',3630000.00,1,1.00,'Factura A N°: 0001-00000112',NULL,NULL,'2025-11-02 21:43:33','2025-11-02 21:43:33',NULL),(703,8564,0,NULL,NULL,2,40758,40812,13,12563,1,0,'2025-05-09','2025-05-09',605000.00,1,1.00,'Factura A N°: 0001-00000113',NULL,NULL,'2025-11-02 21:43:33','2025-11-02 21:43:33',NULL),(704,8564,0,NULL,NULL,2,40758,40886,13,12563,1,0,'2025-05-09','2025-05-09',5384500.00,1,1.00,'Factura A N°: 0001-00000114',NULL,NULL,'2025-11-02 21:43:33','2025-11-02 21:43:33',NULL),(705,8564,0,NULL,NULL,2,40758,40799,13,12563,1,0,'2025-05-09','2025-05-09',14103760.00,1,1.00,'FACTURA DE CRÉDITO ELECTRÓNICA MiPyMEs (FCE) A N°: 0001-00000027',NULL,NULL,'2025-11-02 21:43:33','2025-11-02 21:43:33',NULL),(706,8564,0,NULL,NULL,2,40758,40886,13,12563,1,0,'2025-05-14','2025-05-14',181500.00,1,1.00,'Factura A N°: 0001-00000115',NULL,NULL,'2025-11-02 21:43:33','2025-11-02 21:43:33',NULL),(707,8564,0,NULL,NULL,2,40758,40799,13,12563,1,0,'2025-05-16','2025-05-16',2117500.00,1,1.00,'Factura A N°: 0001-00000116',NULL,NULL,'2025-11-02 21:43:33','2025-11-02 21:43:33',NULL),(708,8564,0,NULL,NULL,2,40758,40812,13,12563,1,0,'2025-05-16','2025-05-16',151250.00,1,1.00,'Factura A N°: 0001-00000117',NULL,NULL,'2025-11-02 21:43:33','2025-11-02 21:43:33',NULL),(709,8564,0,NULL,NULL,2,40758,40799,13,12563,1,0,'2025-05-16','2025-05-16',302500.00,1,1.00,'Factura A N°: 0001-00000118',NULL,NULL,'2025-11-02 21:43:33','2025-11-02 21:43:33',NULL),(710,8564,0,NULL,NULL,2,40758,40799,13,12563,1,0,'2025-05-16','2025-05-16',14103760.00,1,1.00,'FACTURA DE CRÉDITO ELECTRÓNICA MiPyMEs (FCE) A N°: 0001-00000028',NULL,NULL,'2025-11-02 21:43:33','2025-11-02 21:43:33',NULL),(711,8564,0,NULL,NULL,2,40758,40799,13,12563,1,0,'2025-05-24','2025-05-24',5747500.00,1,1.00,'FACTURA DE CRÉDITO ELECTRÓNICA MiPyMEs (FCE) A N°: 0001-00000029',NULL,NULL,'2025-11-02 21:43:33','2025-11-02 21:43:33',NULL),(712,8564,0,NULL,NULL,2,40758,40799,13,12563,1,0,'2025-05-28','2025-05-28',1331000.00,1,1.00,'Factura A N°: 0001-00000119',NULL,NULL,'2025-11-02 21:43:33','2025-11-02 21:43:33',NULL),(713,8564,0,NULL,NULL,2,40758,40799,13,12564,1,0,'2025-06-04','2025-06-04',14103760.00,1,1.00,'FACTURA DE CRÉDITO ELECTRÓNICA MiPyMEs (FCE) A N°: 0001-00000030',NULL,NULL,'2025-11-02 21:44:33','2025-11-02 21:44:33',NULL),(714,8564,0,NULL,NULL,2,40758,40887,13,12564,1,0,'2025-06-05','2025-06-05',181500.00,1,1.00,'Factura A N°: 0001-00000120',NULL,NULL,'2025-11-02 21:44:33','2025-11-02 21:44:33',NULL),(715,8564,0,NULL,NULL,2,40758,40812,13,12564,1,0,'2025-06-05','2025-06-05',1361250.00,1,1.00,'Factura A N°: 0001-00000121',NULL,NULL,'2025-11-02 21:44:33','2025-11-02 21:44:33',NULL),(716,8564,0,NULL,NULL,2,40758,40812,13,12564,1,0,'2025-06-06','2025-06-06',151250.00,1,1.00,'Factura A N°: 0001-00000122',NULL,NULL,'2025-11-02 21:44:33','2025-11-02 21:44:33',NULL),(717,8564,0,NULL,NULL,2,40758,40799,13,12564,1,0,'2025-06-06','2025-06-06',5747500.00,1,1.00,'FACTURA DE CRÉDITO ELECTRÓNICA MiPyMEs (FCE) A N°: 0001-00000031',NULL,NULL,'2025-11-02 21:44:33','2025-11-02 21:44:33',NULL);
INSERT INTO `cta_cte_cliente` VALUES (718,8564,0,NULL,NULL,2,40758,40799,13,12564,1,0,'2025-06-13','2025-06-13',14103760.00,1,1.00,'FACTURA DE CRÉDITO ELECTRÓNICA MiPyMEs (FCE) A N°: 0001-00000032',NULL,NULL,'2025-11-02 21:44:33','2025-11-02 21:44:33',NULL),(719,8564,0,NULL,NULL,2,40758,40799,13,12564,1,0,'2025-06-20','2025-06-20',28207520.00,1,1.00,'FACTURA DE CRÉDITO ELECTRÓNICA MiPyMEs (FCE) A N°: 0001-00000033',NULL,NULL,'2025-11-02 21:44:33','2025-11-02 21:44:33',NULL),(720,8564,0,NULL,NULL,2,40758,40799,13,12564,1,0,'2025-06-26','2025-06-26',1210000.00,1,1.00,'Factura A N°: 0001-00000123',NULL,NULL,'2025-11-02 21:44:33','2025-11-02 21:44:33',NULL),(721,8564,0,NULL,NULL,2,40758,40887,13,12564,1,0,'2025-06-26','2025-06-26',508200.00,1,1.00,'Factura A N°: 0001-00000124',NULL,NULL,'2025-11-02 21:44:33','2025-11-02 21:44:33',NULL),(722,8564,0,NULL,NULL,2,40758,40799,13,12564,1,0,'2025-06-27','2025-06-27',5989500.00,1,1.00,'FACTURA DE CRÉDITO ELECTRÓNICA MiPyMEs (FCE) A N°: 0001-00000034',NULL,NULL,'2025-11-02 21:44:33','2025-11-02 21:44:33',NULL),(723,8564,0,NULL,NULL,3,40758,40769,57,12551,2,0,'2024-08-01','2024-08-01',26107.85,1,1.00,'Factura A N°: 8277-00005119',NULL,NULL,'2025-11-02 21:57:19','2025-11-02 21:57:19',NULL),(724,8564,0,NULL,NULL,3,40758,40769,57,12551,2,0,'2024-08-01','2024-08-01',188972.95,1,1.00,'Factura A N°: 8285-00001253',NULL,NULL,'2025-11-02 21:57:19','2025-11-02 21:57:19',NULL),(725,8564,0,NULL,NULL,3,40758,40888,57,12551,2,0,'2024-08-01','2024-08-01',90750.00,1,1.00,'Factura A N°: 0001-00002776',NULL,NULL,'2025-11-02 21:57:19','2025-11-02 21:57:19',NULL),(726,8564,0,NULL,NULL,3,40758,40719,57,12551,2,0,'2024-08-01','2024-08-01',63000.00,1,1.00,'Factura C N°: 0002-00000098',NULL,NULL,'2025-11-02 21:57:19','2025-11-02 21:57:19',NULL),(727,8564,0,NULL,NULL,3,40758,40889,57,12551,2,0,'2024-08-04','2024-08-04',198000.00,1,1.00,'Factura A N°: 1005-00004825',NULL,NULL,'2025-11-02 21:57:20','2025-11-02 21:57:20',NULL),(728,8564,0,NULL,NULL,3,40758,40889,57,12551,2,0,'2024-08-04','2024-08-04',178999.99,1,1.00,'Factura A N°: 1005-00004824',NULL,NULL,'2025-11-02 21:57:20','2025-11-02 21:57:20',NULL),(729,8564,0,NULL,NULL,3,40758,40769,57,12551,2,0,'2024-08-06','2024-08-06',21288.89,1,1.00,'Factura A N°: 8279-00003505',NULL,NULL,'2025-11-02 21:57:20','2025-11-02 21:57:20',NULL),(730,8564,0,NULL,NULL,3,40758,40890,57,12551,2,0,'2024-08-07','2024-08-07',40001.00,1,1.00,'Factura A N°: 0004-00000028',NULL,NULL,'2025-11-02 21:57:20','2025-11-02 21:57:20',NULL),(731,8564,0,NULL,NULL,3,40758,40786,57,12551,2,0,'2024-08-10','2024-08-10',209000.00,1,1.00,'Factura A N°: 0006-00021802',NULL,NULL,'2025-11-02 21:57:20','2025-11-02 21:57:20',NULL),(732,8564,0,NULL,NULL,3,40758,40769,57,12551,2,0,'2024-08-10','2024-08-10',701496.65,1,1.00,'Factura A N°: 8369-00005287',NULL,NULL,'2025-11-02 21:57:20','2025-11-02 21:57:20',NULL),(733,8564,0,NULL,NULL,3,40758,40786,57,12551,2,0,'2024-08-13','2024-08-13',40000.00,1,1.00,'Factura A N°: 0006-00021818',NULL,NULL,'2025-11-02 21:57:20','2025-11-02 21:57:20',NULL),(734,8564,0,NULL,NULL,3,40758,40766,57,12551,2,0,'2024-08-14','2024-08-14',19999.97,1,1.00,'Factura A N°: 9094-00005084',NULL,NULL,'2025-11-02 21:57:20','2025-11-02 21:57:20',NULL),(735,8564,0,NULL,NULL,3,40758,40792,57,12551,2,0,'2024-08-18','2024-08-18',101392.74,1,1.00,'Factura A N°: 6629-00003759',NULL,NULL,'2025-11-02 21:57:20','2025-11-02 21:57:20',NULL),(736,8564,0,NULL,NULL,3,40758,40766,57,12551,2,0,'2024-08-21','2024-08-21',25000.04,1,1.00,'Factura A N°: 6410-00019713',NULL,NULL,'2025-11-02 21:57:20','2025-11-02 21:57:20',NULL),(737,8564,0,NULL,NULL,3,40758,40891,57,12551,2,0,'2024-08-23','2024-08-23',746719.58,1,1.00,'Factura A N°: 0010-00008638',NULL,NULL,'2025-11-02 21:57:20','2025-11-02 21:57:20',NULL),(738,8564,0,NULL,NULL,3,40758,40797,57,12551,2,0,'2024-08-23','2024-08-23',20767.58,1,1.00,'Factura A N°: 2003-00099016',NULL,NULL,'2025-11-02 21:57:20','2025-11-02 21:57:20',NULL);
INSERT INTO `cta_cte_cliente` VALUES (739,8564,0,NULL,NULL,3,40758,40792,57,12551,2,0,'2024-08-25','2024-08-25',94998.08,1,1.00,'Factura A N°: 6629-00003770',NULL,NULL,'2025-11-02 21:57:20','2025-11-02 21:57:20',NULL),(740,8564,0,NULL,NULL,3,40758,40769,57,12551,2,0,'2024-08-26','2024-08-26',94895.53,1,1.00,'Factura A N°: 8285-00001598',NULL,NULL,'2025-11-02 21:57:20','2025-11-02 21:57:20',NULL),(741,8564,0,NULL,NULL,3,40758,40892,57,12551,2,0,'2024-08-26','2024-08-26',46400.00,1,1.00,'Factura A N°: 0004-00000648',NULL,NULL,'2025-11-02 21:57:20','2025-11-02 21:57:20',NULL),(742,8564,0,NULL,NULL,3,40758,40769,57,12551,2,0,'2024-08-28','2024-08-28',31214.25,1,1.00,'Factura A N°: 8413-00000976',NULL,NULL,'2025-11-02 21:57:21','2025-11-02 21:57:21',NULL),(743,8564,0,NULL,NULL,3,40758,40766,57,12551,2,0,'2024-08-28','2024-08-28',20000.01,1,1.00,'Factura A N°: 6410-00019907',NULL,NULL,'2025-11-02 21:57:21','2025-11-02 21:57:21',NULL),(744,8564,0,NULL,NULL,3,40758,40792,57,12552,2,0,'2024-09-01','2024-09-01',142363.40,1,1.00,'Factura A N°: 6629-00003793',NULL,NULL,'2025-11-02 22:00:12','2025-11-02 22:00:12',NULL),(745,8564,0,NULL,NULL,3,40758,40719,57,12552,2,0,'2024-09-01','2024-09-01',63000.00,1,1.00,'Factura C N°: 0002-00000103',NULL,NULL,'2025-11-02 22:00:12','2025-11-02 22:00:12',NULL),(746,8564,0,NULL,NULL,3,40758,40766,57,12552,2,0,'2024-09-02','2024-09-02',20000.04,1,1.00,'Factura A N°: 6412-00019001',NULL,NULL,'2025-11-02 22:00:12','2025-11-02 22:00:12',NULL),(747,8564,0,NULL,NULL,3,40758,40871,57,12552,2,0,'2024-09-03','2024-09-03',42718.32,1,1.00,'Factura A N°: 1232-00000372',NULL,NULL,'2025-11-02 22:00:12','2025-11-02 22:00:12',NULL),(748,8564,0,NULL,NULL,3,40758,40871,57,12552,2,0,'2024-09-03','2024-09-03',13496.82,1,1.00,'Factura A N°: 1232-00000371',NULL,NULL,'2025-11-02 22:00:12','2025-11-02 22:00:12',NULL),(749,8564,0,NULL,NULL,3,40758,40769,57,12552,2,0,'2024-09-04','2024-09-04',82093.82,1,1.00,'Factura A N°: 8281-00001269',NULL,NULL,'2025-11-02 22:00:12','2025-11-02 22:00:12',NULL),(750,8564,0,NULL,NULL,3,40758,40871,57,12552,2,0,'2024-09-05','2024-09-05',8997.89,1,1.00,'Factura A N°: 1232-00000374',NULL,NULL,'2025-11-02 22:00:12','2025-11-02 22:00:12',NULL),(751,8564,0,NULL,NULL,3,40758,40766,57,12552,2,0,'2024-09-05','2024-09-05',20000.04,1,1.00,'Factura A N°: 6410-00020037',NULL,NULL,'2025-11-02 22:00:13','2025-11-02 22:00:13',NULL),(752,8564,0,NULL,NULL,3,40758,40769,57,12552,1,0,'2024-09-05','2024-09-05',9951.77,1,1.00,'Nota de crédito A N°: 8247-00000666',NULL,NULL,'2025-11-02 22:00:13','2025-11-02 22:00:13',NULL),(753,8564,0,NULL,NULL,3,40758,40871,57,12552,2,0,'2024-09-11','2024-09-11',22495.47,1,1.00,'Factura A N°: 1224-00000652',NULL,NULL,'2025-11-02 22:00:13','2025-11-02 22:00:13',NULL),(754,8564,0,NULL,NULL,3,40758,40766,57,12552,2,0,'2024-09-13','2024-09-13',49002.96,1,1.00,'Factura A N°: 7356-00017199',NULL,NULL,'2025-11-02 22:00:13','2025-11-02 22:00:13',NULL),(755,8564,0,NULL,NULL,3,40758,40769,57,12552,2,0,'2024-09-13','2024-09-13',20986.90,1,1.00,'Factura A N°: 8275-00008693',NULL,NULL,'2025-11-02 22:00:13','2025-11-02 22:00:13',NULL),(756,8564,0,NULL,NULL,3,40758,40766,57,12552,2,0,'2024-09-15','2024-09-15',10000.02,1,1.00,'Factura A N°: 8014-00037290',NULL,NULL,'2025-11-02 22:00:13','2025-11-02 22:00:13',NULL),(757,8564,0,NULL,NULL,3,40758,40769,57,12552,2,0,'2024-09-16','2024-09-16',10346.34,1,1.00,'Factura A N°: 9043-00006643',NULL,NULL,'2025-11-02 22:00:13','2025-11-02 22:00:13',NULL),(758,8564,0,NULL,NULL,3,40758,40893,57,12552,2,0,'2024-09-16','2024-09-16',1143000.00,1,1.00,'Factura A N°: 0003-00000015',NULL,NULL,'2025-11-02 22:00:13','2025-11-02 22:00:13',NULL),(759,8564,0,NULL,NULL,3,40758,40766,57,12552,2,0,'2024-09-18','2024-09-18',51209.96,1,1.00,'Factura A N°: 6412-00019327',NULL,NULL,'2025-11-02 22:00:13','2025-11-02 22:00:13',NULL),(760,8564,0,NULL,NULL,3,40758,40792,57,12552,2,0,'2024-09-22','2024-09-22',43381.74,1,1.00,'Factura A N°: 6636-00001892',NULL,NULL,'2025-11-02 22:00:13','2025-11-02 22:00:13',NULL);
INSERT INTO `cta_cte_cliente` VALUES (761,8564,0,NULL,NULL,3,40758,40769,57,12552,2,0,'2024-09-23','2024-09-23',121744.76,1,1.00,'Factura A N°: 8285-00001971',NULL,NULL,'2025-11-02 22:00:13','2025-11-02 22:00:13',NULL),(762,8564,0,NULL,NULL,3,40758,40766,57,12552,2,0,'2024-09-23','2024-09-23',19999.99,1,1.00,'Factura A N°: 6436-00012574',NULL,NULL,'2025-11-02 22:00:13','2025-11-02 22:00:13',NULL),(763,8564,0,NULL,NULL,3,40758,40769,57,12552,2,0,'2024-09-24','2024-09-24',9841.36,1,1.00,'Factura A N°: 8347-00001747',NULL,NULL,'2025-11-02 22:00:13','2025-11-02 22:00:13',NULL),(764,8564,0,NULL,NULL,3,40758,40769,57,12552,2,0,'2024-09-24','2024-09-24',3547.22,1,1.00,'Factura A N°: 8285-00001990',NULL,NULL,'2025-11-02 22:00:13','2025-11-02 22:00:13',NULL),(765,8564,0,NULL,NULL,3,40758,40894,57,12552,2,0,'2024-09-24','2024-09-24',7000.00,1,1.00,'Factura M N°: 0003-00000129',NULL,NULL,'2025-11-02 22:00:13','2025-11-02 22:00:13',NULL),(766,8564,0,NULL,NULL,3,40758,40841,57,12552,2,0,'2024-09-26','2024-09-26',7136.19,1,1.00,'Factura A N°: 0005-00027250',NULL,NULL,'2025-11-02 22:00:14','2025-11-02 22:00:14',NULL),(767,8564,0,NULL,NULL,3,40758,40895,57,12552,2,0,'2024-09-26','2024-09-26',181524.20,1,1.00,'Factura A N°: 0003-00004337',NULL,NULL,'2025-11-02 22:00:14','2025-11-02 22:00:14',NULL),(768,8564,0,NULL,NULL,3,40758,40766,57,12552,2,0,'2024-09-28','2024-09-28',30000.04,1,1.00,'Factura A N°: 8122-00035140',NULL,NULL,'2025-11-02 22:00:14','2025-11-02 22:00:14',NULL),(769,8564,0,NULL,NULL,3,40758,40871,57,12552,2,0,'2024-09-29','2024-09-29',59583.58,1,1.00,'Factura A N°: 1232-00000420',NULL,NULL,'2025-11-02 22:00:14','2025-11-02 22:00:14',NULL),(770,8564,0,NULL,NULL,3,40758,40769,57,12552,2,0,'2024-09-29','2024-09-29',48638.68,1,1.00,'Factura A N°: 8271-00010764',NULL,NULL,'2025-11-02 22:00:14','2025-11-02 22:00:14',NULL),(771,8564,0,NULL,NULL,3,40758,40871,57,12552,2,0,'2024-09-29','2024-09-29',109007.54,1,1.00,'Factura A N°: 1232-00000419',NULL,NULL,'2025-11-02 22:00:14','2025-11-02 22:00:14',NULL),(772,8564,0,NULL,NULL,3,40758,40792,57,12552,2,0,'2024-09-29','2024-09-29',61245.03,1,1.00,'Factura A N°: 6632-00003573',NULL,NULL,'2025-11-02 22:00:14','2025-11-02 22:00:14',NULL),(773,8564,0,NULL,NULL,3,40758,40792,57,12552,2,0,'2024-09-29','2024-09-29',52627.77,1,1.00,'Factura A N°: 6632-00003574',NULL,NULL,'2025-11-02 22:00:14','2025-11-02 22:00:14',NULL),(774,8564,0,NULL,NULL,3,40758,40871,57,12552,1,0,'2024-09-29','2024-09-29',109007.54,1,1.00,'Nota de crédito A N°: 1109-00000089',NULL,NULL,'2025-11-02 22:00:14','2025-11-02 22:00:14',NULL),(775,8564,0,NULL,NULL,3,40758,40791,57,12552,2,0,'2024-09-30','2024-09-30',48000.00,1,1.00,'Factura A N°: 0010-00017193',NULL,NULL,'2025-11-02 22:00:14','2025-11-02 22:00:14',NULL),(776,8564,0,NULL,NULL,3,40758,40719,57,12553,2,0,'2024-10-01','2024-10-01',81900.00,1,1.00,'Factura C N°: 0002-00000109',NULL,NULL,'2025-11-02 22:03:01','2025-11-02 22:03:01',NULL),(777,8564,0,NULL,NULL,3,40758,40792,57,12553,2,0,'2024-10-05','2024-10-05',82374.58,1,1.00,'Factura A N°: 6629-00003865',NULL,NULL,'2025-11-02 22:03:02','2025-11-02 22:03:02',NULL),(778,8564,0,NULL,NULL,3,40758,40792,57,12553,2,0,'2024-10-07','2024-10-07',63165.52,1,1.00,'Factura A N°: 15610-00000020',NULL,NULL,'2025-11-02 22:03:02','2025-11-02 22:03:02',NULL),(779,8564,0,NULL,NULL,3,40758,40797,57,12553,2,0,'2024-10-09','2024-10-09',60835.17,1,1.00,'Factura A N°: 2004-00148115',NULL,NULL,'2025-11-02 22:03:02','2025-11-02 22:03:02',NULL),(780,8564,0,NULL,NULL,3,40758,40792,57,12553,2,0,'2024-10-13','2024-10-13',66251.94,1,1.00,'Factura A N°: 10317-00001121',NULL,NULL,'2025-11-02 22:03:02','2025-11-02 22:03:02',NULL),(781,8564,0,NULL,NULL,3,40758,40896,57,12553,2,0,'2024-10-14','2024-10-14',59223.45,1,1.00,'Factura A N°: 0010-00010562',NULL,NULL,'2025-11-02 22:03:02','2025-11-02 22:03:02',NULL),(782,8564,0,NULL,NULL,3,40758,40792,57,12553,2,0,'2024-10-16','2024-10-16',92594.40,1,1.00,'Factura A N°: 10313-00002642',NULL,NULL,'2025-11-02 22:03:02','2025-11-02 22:03:02',NULL);
INSERT INTO `cta_cte_cliente` VALUES (783,8564,0,NULL,NULL,3,40758,40792,57,12553,2,0,'2024-10-17','2024-10-17',89617.38,1,1.00,'Factura A N°: 6632-00003632',NULL,NULL,'2025-11-02 22:03:02','2025-11-02 22:03:02',NULL),(784,8564,0,NULL,NULL,3,40758,40769,57,12553,2,0,'2024-10-19','2024-10-19',24288.33,1,1.00,'Factura A N°: 8275-00008970',NULL,NULL,'2025-11-02 22:03:02','2025-11-02 22:03:02',NULL),(785,8564,0,NULL,NULL,3,40758,40769,57,12553,2,0,'2024-10-21','2024-10-21',44776.49,1,1.00,'Factura A N°: 8285-00002383',NULL,NULL,'2025-11-02 22:03:02','2025-11-02 22:03:02',NULL),(786,8564,0,NULL,NULL,3,40758,40794,57,12553,2,0,'2024-10-21','2024-10-21',103133.51,1,1.00,'Factura A N°: 0008-00013846',NULL,NULL,'2025-11-02 22:03:02','2025-11-02 22:03:02',NULL),(787,8564,0,NULL,NULL,3,40758,40769,57,12553,2,0,'2024-10-21','2024-10-21',26206.97,1,1.00,'Factura A N°: 8351-00009102',NULL,NULL,'2025-11-02 22:03:03','2025-11-02 22:03:03',NULL),(788,8564,0,NULL,NULL,3,40758,40897,57,12553,2,0,'2024-10-22','2024-10-22',140586.46,1,1.00,'Factura A N°: 0006-00004215',NULL,NULL,'2025-11-02 22:03:03','2025-11-02 22:03:03',NULL),(789,8564,0,NULL,NULL,3,40758,40769,57,12553,2,0,'2024-10-26','2024-10-26',14042.42,1,1.00,'Factura A N°: 8261-00008275',NULL,NULL,'2025-11-02 22:03:03','2025-11-02 22:03:03',NULL),(790,8564,0,NULL,NULL,3,40758,40898,57,12553,2,0,'2024-10-26','2024-10-26',503000.63,1,1.00,'Factura A N°: 0008-00000098',NULL,NULL,'2025-11-02 22:03:03','2025-11-02 22:03:03',NULL),(791,8564,0,NULL,NULL,3,40758,40792,57,12553,2,0,'2024-10-27','2024-10-27',150991.26,1,1.00,'Factura A N°: 6636-00001982',NULL,NULL,'2025-11-02 22:03:03','2025-11-02 22:03:03',NULL),(792,8564,0,NULL,NULL,3,40758,40769,57,12553,2,0,'2024-10-28','2024-10-28',38533.58,1,1.00,'Factura A N°: 8267-00006535',NULL,NULL,'2025-11-02 22:03:03','2025-11-02 22:03:03',NULL),(793,8564,0,NULL,NULL,3,40758,40769,57,12553,2,0,'2024-10-28','2024-10-28',154923.94,1,1.00,'Factura A N°: 8289-00006772',NULL,NULL,'2025-11-02 22:03:03','2025-11-02 22:03:03',NULL),(794,8564,0,NULL,NULL,3,40758,40786,57,12553,2,0,'2024-10-28','2024-10-28',30500.00,1,1.00,'Factura A N°: 0006-00022379',NULL,NULL,'2025-11-02 22:03:03','2025-11-02 22:03:03',NULL),(795,8564,0,NULL,NULL,3,40758,40786,57,12553,2,0,'2024-10-29','2024-10-29',10000.00,1,1.00,'Factura A N°: 0006-00022388',NULL,NULL,'2025-11-02 22:03:03','2025-11-02 22:03:03',NULL),(796,8564,0,NULL,NULL,3,40758,40766,57,12553,2,0,'2024-10-29','2024-10-29',9999.99,1,1.00,'Factura A N°: 6410-00021156',NULL,NULL,'2025-11-02 22:03:03','2025-11-02 22:03:03',NULL),(797,8564,0,NULL,NULL,3,40758,40792,57,12553,2,0,'2024-10-29','2024-10-29',11399.79,1,1.00,'Factura A N°: 17175-00002047',NULL,NULL,'2025-11-02 22:03:03','2025-11-02 22:03:03',NULL),(798,8564,0,NULL,NULL,3,40758,40766,57,12554,2,0,'2024-11-01','2024-11-01',11999.97,1,1.00,'Factura A N°: 7880-00033189',NULL,NULL,'2025-11-02 22:04:26','2025-11-02 22:04:26',NULL),(799,8564,0,NULL,NULL,3,40758,40769,57,12554,2,0,'2024-11-01','2024-11-01',189871.35,1,1.00,'Factura A N°: 8285-00002598',NULL,NULL,'2025-11-02 22:04:26','2025-11-02 22:04:26',NULL),(800,8564,0,NULL,NULL,3,40758,40786,57,12554,2,0,'2024-11-01','2024-11-01',10000.00,1,1.00,'Factura A N°: 0006-00022412',NULL,NULL,'2025-11-02 22:04:27','2025-11-02 22:04:27',NULL),(801,8564,0,NULL,NULL,3,40758,40766,57,12554,2,0,'2024-11-01','2024-11-01',9999.97,1,1.00,'Factura A N°: 6410-00021217',NULL,NULL,'2025-11-02 22:04:27','2025-11-02 22:04:27',NULL),(802,8564,0,NULL,NULL,3,40758,40719,57,12554,2,0,'2024-11-01','2024-11-01',81900.00,1,1.00,'Factura C N°: 0002-00000116',NULL,NULL,'2025-11-02 22:04:27','2025-11-02 22:04:27',NULL),(803,8564,0,NULL,NULL,3,40758,40894,57,12554,2,0,'2024-11-01','2024-11-01',6600.00,1,1.00,'Factura M N°: 0003-00000181',NULL,NULL,'2025-11-02 22:04:27','2025-11-02 22:04:27',NULL),(804,8564,0,NULL,NULL,3,40758,40792,57,12554,2,0,'2024-11-02','2024-11-02',13213.34,1,1.00,'Factura A N°: 17179-00002586',NULL,NULL,'2025-11-02 22:04:27','2025-11-02 22:04:27',NULL);
INSERT INTO `cta_cte_cliente` VALUES (805,8564,0,NULL,NULL,3,40758,40855,57,12554,2,0,'2024-11-04','2024-11-04',33045.07,1,1.00,'Factura A N°: 0386-00023696',NULL,NULL,'2025-11-02 22:04:27','2025-11-02 22:04:27',NULL),(806,8564,0,NULL,NULL,3,40758,40855,57,12554,1,0,'2024-11-04','2024-11-04',6501.55,1,1.00,'Nota de crédito A N°: 0386-00007977',NULL,NULL,'2025-11-02 22:04:27','2025-11-02 22:04:27',NULL),(807,8564,0,NULL,NULL,3,40758,40769,57,12554,2,0,'2024-11-07','2024-11-07',79799.21,1,1.00,'Factura A N°: 8347-00002320',NULL,NULL,'2025-11-02 22:04:27','2025-11-02 22:04:27',NULL),(808,8564,0,NULL,NULL,3,40758,40899,57,12554,2,0,'2024-11-07','2024-11-07',32639.99,1,1.00,'Factura A N°: 0006-00000588',NULL,NULL,'2025-11-02 22:04:27','2025-11-02 22:04:27',NULL),(809,8564,0,NULL,NULL,3,40758,40900,57,12554,2,0,'2024-11-08','2024-11-08',494472.99,1,1.00,'Factura A N°: 0006-00008355',NULL,NULL,'2025-11-02 22:04:27','2025-11-02 22:04:27',NULL),(810,8564,0,NULL,NULL,3,40758,40791,57,12554,2,0,'2024-11-09','2024-11-09',46100.02,1,1.00,'Factura A N°: 0010-00017476',NULL,NULL,'2025-11-02 22:04:27','2025-11-02 22:04:27',NULL),(811,8564,0,NULL,NULL,3,40758,40791,57,12554,2,0,'2024-11-09','2024-11-09',15600.00,1,1.00,'Factura A N°: 0010-00017484',NULL,NULL,'2025-11-02 22:04:27','2025-11-02 22:04:27',NULL),(812,8564,0,NULL,NULL,3,40758,40769,57,12554,2,0,'2024-11-13','2024-11-13',215926.06,1,1.00,'Factura A N°: 8267-00006654',NULL,NULL,'2025-11-02 22:04:27','2025-11-02 22:04:27',NULL),(813,8564,0,NULL,NULL,3,40758,40900,57,12554,2,0,'2024-11-13','2024-11-13',185427.37,1,1.00,'Factura A N°: 0006-00008382',NULL,NULL,'2025-11-02 22:04:27','2025-11-02 22:04:27',NULL),(814,8564,0,NULL,NULL,3,40758,40769,57,12554,2,0,'2024-11-14','2024-11-14',194516.61,1,1.00,'Factura A N°: 8267-00006668',NULL,NULL,'2025-11-02 22:04:27','2025-11-02 22:04:27',NULL),(815,8564,0,NULL,NULL,3,40758,40769,57,12554,2,0,'2024-11-14','2024-11-14',51582.80,1,1.00,'Factura A N°: 8263-00011835',NULL,NULL,'2025-11-02 22:04:27','2025-11-02 22:04:27',NULL),(816,8564,0,NULL,NULL,3,40758,40769,57,12554,1,0,'2024-11-14','2024-11-14',113582.98,1,1.00,'Nota de crédito A N°: 8247-00001038',NULL,NULL,'2025-11-02 22:04:28','2025-11-02 22:04:28',NULL),(817,8564,0,NULL,NULL,3,40758,40769,57,12554,2,0,'2024-11-15','2024-11-15',59502.65,1,1.00,'Factura A N°: 8273-00010727',NULL,NULL,'2025-11-02 22:04:28','2025-11-02 22:04:28',NULL),(818,8564,0,NULL,NULL,3,40758,40769,57,12554,1,0,'2024-11-15','2024-11-15',7973.41,1,1.00,'Nota de crédito A N°: 8247-00001041',NULL,NULL,'2025-11-02 22:04:28','2025-11-02 22:04:28',NULL),(819,8564,0,NULL,NULL,3,40758,40792,57,12554,2,0,'2024-11-17','2024-11-17',101808.61,1,1.00,'Factura A N°: 6636-00002042',NULL,NULL,'2025-11-02 22:04:28','2025-11-02 22:04:28',NULL),(820,8564,0,NULL,NULL,3,40758,40769,57,12554,2,0,'2024-11-19','2024-11-19',6796.35,1,1.00,'Factura A N°: 8285-00002921',NULL,NULL,'2025-11-02 22:04:28','2025-11-02 22:04:28',NULL),(821,8564,0,NULL,NULL,3,40758,40901,57,12554,2,0,'2024-11-25','2024-11-25',23454.52,1,1.00,'Factura A N°: 0002-00033233',NULL,NULL,'2025-11-02 22:04:28','2025-11-02 22:04:28',NULL),(822,8564,0,NULL,NULL,3,40758,40786,57,12554,2,0,'2024-11-25','2024-11-25',26000.00,1,1.00,'Factura A N°: 0006-00022576',NULL,NULL,'2025-11-02 22:04:28','2025-11-02 22:04:28',NULL),(823,8564,0,NULL,NULL,3,40758,40787,57,12554,2,0,'2024-11-26','2024-11-26',376485.00,1,1.00,'Factura A N°: 0005-00004581',NULL,NULL,'2025-11-02 22:04:28','2025-11-02 22:04:28',NULL),(824,8564,0,NULL,NULL,3,40758,40902,57,12554,2,0,'2024-11-27','2024-11-27',20400.00,1,1.00,'Factura A N°: 0003-00002863',NULL,NULL,'2025-11-02 22:04:28','2025-11-02 22:04:28',NULL),(825,8564,0,NULL,NULL,3,40758,40769,57,12554,2,0,'2024-11-27','2024-11-27',51788.50,1,1.00,'Factura A N°: 8275-00009175',NULL,NULL,'2025-11-02 22:04:28','2025-11-02 22:04:28',NULL);
INSERT INTO `cta_cte_cliente` VALUES (826,8564,0,NULL,NULL,3,40758,40791,57,12554,2,0,'2024-11-27','2024-11-27',58000.00,1,1.00,'Factura A N°: 0009-00052036',NULL,NULL,'2025-11-02 22:04:28','2025-11-02 22:04:28',NULL),(827,8564,0,NULL,NULL,3,40758,40769,57,12554,2,0,'2024-11-27','2024-11-27',66392.29,1,1.00,'Factura A N°: 8259-00006127',NULL,NULL,'2025-11-02 22:04:28','2025-11-02 22:04:28',NULL),(828,8564,0,NULL,NULL,3,40758,40786,57,12554,2,0,'2024-11-28','2024-11-28',104600.00,1,1.00,'Factura A N°: 0006-00022607',NULL,NULL,'2025-11-02 22:04:28','2025-11-02 22:04:28',NULL),(829,8564,0,NULL,NULL,3,40758,40903,57,12554,2,0,'2024-11-28','2024-11-28',43280.80,1,1.00,'Factura A N°: 0005-00008254',NULL,NULL,'2025-11-02 22:04:28','2025-11-02 22:04:28',NULL),(830,8564,0,NULL,NULL,3,40758,40791,57,12554,2,0,'2024-11-28','2024-11-28',13700.00,1,1.00,'Factura A N°: 0010-00017638',NULL,NULL,'2025-11-02 22:04:28','2025-11-02 22:04:28',NULL),(831,8564,0,NULL,NULL,3,40758,40791,57,12554,2,0,'2024-11-29','2024-11-29',8700.00,1,1.00,'Factura A N°: 0010-00017651',NULL,NULL,'2025-11-02 22:04:28','2025-11-02 22:04:28',NULL),(832,8564,0,NULL,NULL,3,40758,40791,57,12554,2,0,'2024-11-30','2024-11-30',49199.99,1,1.00,'Factura A N°: 0010-00017657',NULL,NULL,'2025-11-02 22:04:29','2025-11-02 22:04:29',NULL),(833,8564,0,NULL,NULL,3,40758,40787,57,12554,2,0,'2024-11-30','2024-11-30',445330.00,1,1.00,'Factura A N°: 0005-00004609',NULL,NULL,'2025-11-02 22:04:29','2025-11-02 22:04:29',NULL),(834,8564,0,NULL,NULL,3,40758,40719,57,12555,2,0,'2024-12-02','2024-12-02',81900.00,1,1.00,'Factura C N°: 0002-00000123',NULL,NULL,'2025-11-02 22:06:39','2025-11-02 22:06:39',NULL),(835,8564,0,NULL,NULL,3,40758,40787,57,12555,2,0,'2024-12-04','2024-12-04',265565.00,1,1.00,'Factura A N°: 0005-00004623',NULL,NULL,'2025-11-02 22:06:39','2025-11-02 22:06:39',NULL),(836,8564,0,NULL,NULL,3,40758,40786,57,12555,2,0,'2024-12-05','2024-12-05',38000.00,1,1.00,'Factura A N°: 0006-00022658',NULL,NULL,'2025-11-02 22:06:39','2025-11-02 22:06:39',NULL),(837,8564,0,NULL,NULL,3,40758,40787,57,12555,2,0,'2024-12-05','2024-12-05',38855.00,1,1.00,'Factura A N°: 0005-00004629',NULL,NULL,'2025-11-02 22:06:39','2025-11-02 22:06:39',NULL),(838,8564,0,NULL,NULL,3,40758,40786,57,12555,2,0,'2024-12-05','2024-12-05',110900.00,1,1.00,'Factura A N°: 0006-00022655',NULL,NULL,'2025-11-02 22:06:39','2025-11-02 22:06:39',NULL),(839,8564,0,NULL,NULL,3,40758,40791,57,12555,2,0,'2024-12-07','2024-12-07',21000.00,1,1.00,'Factura A N°: 0010-00017686',NULL,NULL,'2025-11-02 22:06:39','2025-11-02 22:06:39',NULL),(840,8564,0,NULL,NULL,3,40758,40769,57,12555,2,0,'2024-12-07','2024-12-07',31121.78,1,1.00,'Factura A N°: 8285-00003270',NULL,NULL,'2025-11-02 22:06:39','2025-11-02 22:06:39',NULL),(841,8564,0,NULL,NULL,3,40758,40792,57,12555,2,0,'2024-12-08','2024-12-08',96126.48,1,1.00,'Factura A N°: 6636-00002103',NULL,NULL,'2025-11-02 22:06:39','2025-11-02 22:06:39',NULL),(842,8564,0,NULL,NULL,3,40758,40902,57,12555,2,0,'2024-12-10','2024-12-10',85400.00,1,1.00,'Factura A N°: 0003-00002873',NULL,NULL,'2025-11-02 22:06:39','2025-11-02 22:06:39',NULL),(843,8564,0,NULL,NULL,3,40758,40787,57,12555,2,0,'2024-12-12','2024-12-12',77710.00,1,1.00,'Factura A N°: 0005-00004655',NULL,NULL,'2025-11-02 22:06:39','2025-11-02 22:06:39',NULL),(844,8564,0,NULL,NULL,3,40758,40769,57,12555,2,0,'2024-12-14','2024-12-14',22497.61,1,1.00,'Factura A N°: 8385-00007933',NULL,NULL,'2025-11-02 22:06:39','2025-11-02 22:06:39',NULL),(845,8564,0,NULL,NULL,3,40758,40792,57,12555,2,0,'2024-12-17','2024-12-17',93959.43,1,1.00,'Factura A N°: 10313-00002739',NULL,NULL,'2025-11-02 22:06:40','2025-11-02 22:06:40',NULL),(846,8564,0,NULL,NULL,3,40758,40904,57,12555,2,0,'2024-12-17','2024-12-17',241004.00,1,1.00,'Factura A N°: 0005-00010518',NULL,NULL,'2025-11-02 22:06:40','2025-11-02 22:06:40',NULL),(847,8564,0,NULL,NULL,3,40758,40719,57,12555,2,0,'2024-12-19','2024-12-19',160000.00,1,1.00,'Factura C N°: 0002-00000128',NULL,NULL,'2025-11-02 22:06:40','2025-11-02 22:06:40',NULL);
INSERT INTO `cta_cte_cliente` VALUES (848,8564,0,NULL,NULL,3,40758,40792,57,12555,2,0,'2024-12-21','2024-12-21',37144.48,1,1.00,'Factura A N°: 18647-00000458',NULL,NULL,'2025-11-02 22:06:40','2025-11-02 22:06:40',NULL),(849,8564,0,NULL,NULL,3,40758,40792,57,12555,2,0,'2024-12-23','2024-12-23',38559.40,1,1.00,'Factura A N°: 18647-00000460',NULL,NULL,'2025-11-02 22:06:40','2025-11-02 22:06:40',NULL),(850,8564,0,NULL,NULL,3,40758,40891,57,12555,2,0,'2024-12-26','2024-12-26',874162.64,1,1.00,'Factura A N°: 0010-00009458',NULL,NULL,'2025-11-02 22:06:40','2025-11-02 22:06:40',NULL),(851,8564,0,NULL,NULL,3,40758,40891,57,12555,2,0,'2024-12-26','2024-12-26',786746.37,1,1.00,'Factura A N°: 0010-00009459',NULL,NULL,'2025-11-02 22:06:40','2025-11-02 22:06:40',NULL),(852,8564,0,NULL,NULL,3,40758,40766,57,12555,2,0,'2024-12-26','2024-12-26',57007.01,1,1.00,'Factura A N°: 6410-00022453',NULL,NULL,'2025-11-02 22:06:40','2025-11-02 22:06:40',NULL),(853,8564,0,NULL,NULL,3,40758,40891,57,12555,1,0,'2024-12-26','2024-12-26',874162.64,1,1.00,'Nota de crédito A N°: 0010-00000437',NULL,NULL,'2025-11-02 22:06:40','2025-11-02 22:06:40',NULL),(854,8564,0,NULL,NULL,3,40758,40719,57,12555,2,0,'2024-12-26','2024-12-26',250000.00,1,1.00,'Factura C N°: 0002-00000129',NULL,NULL,'2025-11-02 22:06:40','2025-11-02 22:06:40',NULL),(855,8564,0,NULL,NULL,3,40758,40905,57,12555,2,0,'2024-12-30','2024-12-30',56985.96,1,1.00,'Factura A N°: 0002-00000146',NULL,NULL,'2025-11-02 22:06:40','2025-11-02 22:06:40',NULL),(856,8564,0,NULL,NULL,3,40758,40719,57,12559,2,0,'2025-01-01','2025-01-01',81900.00,1,1.00,'Factura C N°: 0002-00000132',NULL,NULL,'2025-11-02 22:09:44','2025-11-02 22:09:44',NULL),(857,8564,0,NULL,NULL,3,40758,40792,57,12559,2,0,'2025-01-05','2025-01-05',56651.00,1,1.00,'Factura A N°: 6605-00003330',NULL,NULL,'2025-11-02 22:09:44','2025-11-02 22:09:44',NULL),(858,8564,0,NULL,NULL,3,40758,40792,57,12559,2,0,'2025-01-05','2025-01-05',91855.88,1,1.00,'Factura A N°: 6632-00003835',NULL,NULL,'2025-11-02 22:09:44','2025-11-02 22:09:44',NULL),(859,8564,0,NULL,NULL,3,40758,40769,57,12559,2,0,'2025-01-08','2025-01-08',155426.05,1,1.00,'Factura A N°: 8289-00007173',NULL,NULL,'2025-11-02 22:09:44','2025-11-02 22:09:44',NULL),(860,8564,0,NULL,NULL,3,40758,40786,57,12559,2,0,'2025-01-09','2025-01-09',32000.00,1,1.00,'Factura A N°: 0006-00022860',NULL,NULL,'2025-11-02 22:09:44','2025-11-02 22:09:44',NULL),(861,8564,0,NULL,NULL,3,40758,40786,57,12559,2,0,'2025-01-11','2025-01-11',26000.00,1,1.00,'Factura A N°: 0006-00022875',NULL,NULL,'2025-11-02 22:09:44','2025-11-02 22:09:44',NULL),(862,8564,0,NULL,NULL,3,40758,40792,57,12559,2,0,'2025-01-12','2025-01-12',81736.87,1,1.00,'Factura A N°: 6606-00003464',NULL,NULL,'2025-11-02 22:09:44','2025-11-02 22:09:44',NULL),(863,8564,0,NULL,NULL,3,40758,40769,57,12559,2,0,'2025-01-13','2025-01-13',107526.19,1,1.00,'Factura A N°: 8383-00006098',NULL,NULL,'2025-11-02 22:09:44','2025-11-02 22:09:44',NULL),(864,8564,0,NULL,NULL,3,40758,40769,57,12559,2,0,'2025-01-16','2025-01-16',75996.27,1,1.00,'Factura A N°: 8285-00003840',NULL,NULL,'2025-11-02 22:09:44','2025-11-02 22:09:44',NULL),(865,8564,0,NULL,NULL,3,40758,40792,57,12559,2,0,'2025-01-17','2025-01-17',57417.98,1,1.00,'Factura A N°: 18647-00000475',NULL,NULL,'2025-11-02 22:09:44','2025-11-02 22:09:44',NULL),(866,8564,0,NULL,NULL,3,40758,40792,57,12559,2,0,'2025-01-20','2025-01-20',83391.23,1,1.00,'Factura A N°: 6629-00004104',NULL,NULL,'2025-11-02 22:09:44','2025-11-02 22:09:44',NULL),(867,8564,0,NULL,NULL,3,40758,40769,57,12559,2,0,'2025-01-23','2025-01-23',40172.32,1,1.00,'Factura A N°: 8287-00002903',NULL,NULL,'2025-11-02 22:09:44','2025-11-02 22:09:44',NULL),(868,8564,0,NULL,NULL,3,40758,40769,57,12559,2,0,'2025-01-25','2025-01-25',40686.16,1,1.00,'Factura A N°: 8261-00009147',NULL,NULL,'2025-11-02 22:09:44','2025-11-02 22:09:44',NULL),(869,8564,0,NULL,NULL,3,40758,40769,57,12559,2,0,'2025-01-27','2025-01-27',50773.27,1,1.00,'Factura A N°: 8287-00002949',NULL,NULL,'2025-11-02 22:09:44','2025-11-02 22:09:44',NULL);
INSERT INTO `cta_cte_cliente` VALUES (870,8564,0,NULL,NULL,3,40758,40769,57,12559,2,0,'2025-01-28','2025-01-28',354155.08,1,1.00,'Factura A N°: 8263-00012632',NULL,NULL,'2025-11-02 22:09:44','2025-11-02 22:09:44',NULL),(871,8564,0,NULL,NULL,3,40758,40792,57,12559,2,0,'2025-01-30','2025-01-30',56598.85,1,1.00,'Factura A N°: 6632-00003878',NULL,NULL,'2025-11-02 22:09:45','2025-11-02 22:09:45',NULL),(872,8564,0,NULL,NULL,3,40758,40769,57,12559,2,0,'2025-01-30','2025-01-30',173198.60,1,1.00,'Factura A N°: 8259-00006609',NULL,NULL,'2025-11-02 22:09:45','2025-11-02 22:09:45',NULL),(873,8564,0,NULL,NULL,3,40758,40719,57,12560,2,0,'2025-02-01','2025-02-01',81900.00,1,1.00,'Factura C N°: 0002-00000138',NULL,NULL,'2025-11-02 22:11:45','2025-11-02 22:11:45',NULL),(874,8564,0,NULL,NULL,3,40758,40792,57,12560,2,0,'2025-02-02','2025-02-02',69460.32,1,1.00,'Factura A N°: 6636-00002249',NULL,NULL,'2025-11-02 22:11:46','2025-11-02 22:11:46',NULL),(875,8564,0,NULL,NULL,3,40758,40769,57,12560,2,0,'2025-02-04','2025-02-04',173198.60,1,1.00,'Factura A N°: 8259-00006645',NULL,NULL,'2025-11-02 22:11:46','2025-11-02 22:11:46',NULL),(876,8564,0,NULL,NULL,3,40758,40769,57,12560,2,0,'2025-02-11','2025-02-11',59906.86,1,1.00,'Factura A N°: 9355-00003493',NULL,NULL,'2025-11-02 22:11:46','2025-11-02 22:11:46',NULL),(877,8564,0,NULL,NULL,3,40758,40769,57,12560,2,0,'2025-02-13','2025-02-13',36874.92,1,1.00,'Factura A N°: 8383-00006334',NULL,NULL,'2025-11-02 22:11:46','2025-11-02 22:11:46',NULL),(878,8564,0,NULL,NULL,3,40758,40787,57,12560,2,0,'2025-02-13','2025-02-13',616030.00,1,1.00,'Factura A N°: 0005-00004980',NULL,NULL,'2025-11-02 22:11:46','2025-11-02 22:11:46',NULL),(879,8564,0,NULL,NULL,3,40758,40787,57,12560,2,0,'2025-02-18','2025-02-18',22000.00,1,1.00,'Factura A N°: 0005-00004998',NULL,NULL,'2025-11-02 22:11:46','2025-11-02 22:11:46',NULL),(880,8564,0,NULL,NULL,3,40758,40766,57,12560,2,0,'2025-02-19','2025-02-19',10000.07,1,1.00,'Factura A N°: 6410-00023495',NULL,NULL,'2025-11-02 22:11:46','2025-11-02 22:11:46',NULL),(881,8564,0,NULL,NULL,3,40758,40786,57,12560,2,0,'2025-02-20','2025-02-20',80000.00,1,1.00,'Factura A N°: 0006-00023154',NULL,NULL,'2025-11-02 22:11:46','2025-11-02 22:11:46',NULL),(882,8564,0,NULL,NULL,3,40758,40766,57,12560,2,0,'2025-02-20','2025-02-20',29999.99,1,1.00,'Factura A N°: 6410-00023533',NULL,NULL,'2025-11-02 22:11:46','2025-11-02 22:11:46',NULL),(883,8564,0,NULL,NULL,3,40758,40792,57,12560,2,0,'2025-02-21','2025-02-21',12797.15,1,1.00,'Factura A N°: 18649-00000571',NULL,NULL,'2025-11-02 22:11:46','2025-11-02 22:11:46',NULL),(884,8564,0,NULL,NULL,3,40758,40792,57,12560,2,0,'2025-02-23','2025-02-23',71584.12,1,1.00,'Factura A N°: 6632-00003943',NULL,NULL,'2025-11-02 22:11:46','2025-11-02 22:11:46',NULL),(885,8564,0,NULL,NULL,3,40758,40792,57,12560,2,0,'2025-02-24','2025-02-24',52715.22,1,1.00,'Factura A N°: 6636-00002302',NULL,NULL,'2025-11-02 22:11:46','2025-11-02 22:11:46',NULL),(886,8564,0,NULL,NULL,3,40758,40769,57,12560,2,0,'2025-02-26','2025-02-26',37964.08,1,1.00,'Factura A N°: 8253-00005972',NULL,NULL,'2025-11-02 22:11:46','2025-11-02 22:11:46',NULL),(887,8564,0,NULL,NULL,3,40758,40893,57,12560,2,0,'2025-02-26','2025-02-26',2276259.26,1,1.00,'Factura A N°: 0003-00000023',NULL,NULL,'2025-11-02 22:11:46','2025-11-02 22:11:46',NULL),(888,8564,0,NULL,NULL,3,40758,40719,57,12560,2,0,'2025-02-28','2025-02-28',70000.00,1,1.00,'Factura C N°: 0002-00000141',NULL,NULL,'2025-11-02 22:11:46','2025-11-02 22:11:46',NULL),(889,8564,0,NULL,NULL,3,40758,40792,57,12561,2,0,'2025-03-01','2025-03-01',160532.64,1,1.00,'Factura A N°: 10317-00001508',NULL,NULL,'2025-11-02 22:15:29','2025-11-02 22:15:29',NULL),(890,8564,0,NULL,NULL,3,40758,40769,57,12561,2,0,'2025-03-04','2025-03-04',143348.42,1,1.00,'Factura A N°: 8260-00000322',NULL,NULL,'2025-11-02 22:15:29','2025-11-02 22:15:29',NULL),(891,8564,0,NULL,NULL,3,40758,40719,57,12561,2,0,'2025-03-04','2025-03-04',100000.00,1,1.00,'Factura C N°: 0002-00000143',NULL,NULL,'2025-11-02 22:15:29','2025-11-02 22:15:29',NULL);
INSERT INTO `cta_cte_cliente` VALUES (892,8564,0,NULL,NULL,3,40758,40719,57,12561,2,0,'2025-03-04','2025-03-04',70000.00,1,1.00,'Factura C N°: 0002-00000144',NULL,NULL,'2025-11-02 22:15:29','2025-11-02 22:15:29',NULL),(893,8564,0,NULL,NULL,3,40758,40719,57,12561,1,0,'2025-03-04','2025-03-04',70000.00,1,1.00,'Nota de crédito C N°: 0002-00000005',NULL,NULL,'2025-11-02 22:15:29','2025-11-02 22:15:29',NULL),(894,8564,0,NULL,NULL,3,40758,40719,57,12561,1,0,'2025-03-04','2025-03-04',70000.00,1,1.00,'Nota de crédito C N°: 0002-00000006',NULL,NULL,'2025-11-02 22:15:30','2025-11-02 22:15:30',NULL),(895,8564,0,NULL,NULL,3,40758,40769,57,12561,2,0,'2025-03-05','2025-03-05',166659.94,1,1.00,'Factura A N°: 8271-00012537',NULL,NULL,'2025-11-02 22:15:30','2025-11-02 22:15:30',NULL),(896,8564,0,NULL,NULL,3,40758,40906,57,12561,2,0,'2025-03-06','2025-03-06',302090.17,1,1.00,'Factura A N°: 0001-00007362',NULL,NULL,'2025-11-02 22:15:30','2025-11-02 22:15:30',NULL),(897,8564,0,NULL,NULL,3,40758,40906,57,12561,2,0,'2025-03-07','2025-03-07',31525.95,1,1.00,'Factura A N°: 0001-00007373',NULL,NULL,'2025-11-02 22:15:30','2025-11-02 22:15:30',NULL),(898,8564,0,NULL,NULL,3,40758,40792,57,12561,2,0,'2025-03-07','2025-03-07',90509.51,1,1.00,'Factura A N°: 10315-00002804',NULL,NULL,'2025-11-02 22:15:30','2025-11-02 22:15:30',NULL),(899,8564,0,NULL,NULL,3,40758,40792,57,12561,2,0,'2025-03-07','2025-03-07',109611.72,1,1.00,'Factura A N°: 10003-00003105',NULL,NULL,'2025-11-02 22:15:30','2025-11-02 22:15:30',NULL),(900,8564,0,NULL,NULL,3,40758,40769,57,12561,2,0,'2025-03-15','2025-03-15',31691.16,1,1.00,'Factura A N°: 8253-00006060',NULL,NULL,'2025-11-02 22:15:30','2025-11-02 22:15:30',NULL),(901,8564,0,NULL,NULL,3,40758,40769,57,12561,2,0,'2025-03-15','2025-03-15',59946.00,1,1.00,'Factura A N°: 8255-00008163',NULL,NULL,'2025-11-02 22:15:30','2025-11-02 22:15:30',NULL),(902,8564,0,NULL,NULL,3,40758,40769,57,12561,2,0,'2025-03-16','2025-03-16',35565.37,1,1.00,'Factura A N°: 8259-00006948',NULL,NULL,'2025-11-02 22:15:30','2025-11-02 22:15:30',NULL),(903,8564,0,NULL,NULL,3,40758,40769,57,12561,2,0,'2025-03-16','2025-03-16',30556.10,1,1.00,'Factura A N°: 8287-00003534',NULL,NULL,'2025-11-02 22:15:30','2025-11-02 22:15:30',NULL),(904,8564,0,NULL,NULL,3,40758,40769,57,12561,2,0,'2025-03-16','2025-03-16',24892.10,1,1.00,'Factura A N°: 8259-00006949',NULL,NULL,'2025-11-02 22:15:30','2025-11-02 22:15:30',NULL),(905,8564,0,NULL,NULL,3,40758,40792,57,12561,2,0,'2025-03-16','2025-03-16',104271.55,1,1.00,'Factura A N°: 6636-00002355',NULL,NULL,'2025-11-02 22:15:30','2025-11-02 22:15:30',NULL),(906,8564,0,NULL,NULL,3,40758,40786,57,12561,2,0,'2025-03-18','2025-03-18',105999.99,1,1.00,'Factura A N°: 0006-00023316',NULL,NULL,'2025-11-02 22:15:30','2025-11-02 22:15:30',NULL),(907,8564,0,NULL,NULL,3,40758,40786,57,12561,2,0,'2025-03-18','2025-03-18',4700.00,1,1.00,'Factura A N°: 0006-00023317',NULL,NULL,'2025-11-02 22:15:30','2025-11-02 22:15:30',NULL),(908,8564,0,NULL,NULL,3,40758,40907,57,12561,2,0,'2025-03-18','2025-03-18',250000.00,1,1.00,'Factura C N°: 0002-00000487',NULL,NULL,'2025-11-02 22:15:30','2025-11-02 22:15:30',NULL),(909,8564,0,NULL,NULL,3,40758,40769,57,12561,2,0,'2025-03-19','2025-03-19',40311.69,1,1.00,'Factura A N°: 8255-00008189',NULL,NULL,'2025-11-02 22:15:31','2025-11-02 22:15:31',NULL),(910,8564,0,NULL,NULL,3,40758,40792,57,12561,2,0,'2025-03-27','2025-03-27',14970.08,1,1.00,'Factura A N°: 18587-00000235',NULL,NULL,'2025-11-02 22:15:31','2025-11-02 22:15:31',NULL),(911,8564,0,NULL,NULL,3,40758,40792,57,12561,2,0,'2025-03-27','2025-03-27',296905.04,1,1.00,'Factura A N°: 6670-00001037',NULL,NULL,'2025-11-02 22:15:31','2025-11-02 22:15:31',NULL),(912,8564,0,NULL,NULL,3,40758,40908,57,12561,2,0,'2025-03-27','2025-03-27',44258.60,1,1.00,'Factura A N°: 0001-00000819',NULL,NULL,'2025-11-02 22:15:31','2025-11-02 22:15:31',NULL),(913,8564,0,NULL,NULL,3,40758,40791,57,12561,2,0,'2025-03-28','2025-03-28',45000.00,1,1.00,'Factura A N°: 0010-00018286',NULL,NULL,'2025-11-02 22:15:31','2025-11-02 22:15:31',NULL);
INSERT INTO `cta_cte_cliente` VALUES (914,8564,0,NULL,NULL,3,40758,40792,57,12561,2,0,'2025-03-30','2025-03-30',138438.86,1,1.00,'Factura A N°: 6606-00003601',NULL,NULL,'2025-11-02 22:15:31','2025-11-02 22:15:31',NULL),(915,8564,0,NULL,NULL,3,40758,40769,57,12561,2,0,'2025-03-30','2025-03-30',132291.33,1,1.00,'Factura A N°: 8253-00006142',NULL,NULL,'2025-11-02 22:15:31','2025-11-02 22:15:31',NULL),(916,8564,0,NULL,NULL,3,40758,40792,57,12561,2,0,'2025-03-30','2025-03-30',72617.74,1,1.00,'Factura A N°: 6605-00003382',NULL,NULL,'2025-11-02 22:15:31','2025-11-02 22:15:31',NULL),(917,8564,0,NULL,NULL,3,40758,40786,57,12562,2,0,'2025-04-01','2025-04-01',45800.00,1,1.00,'Factura A N°: 0006-00023400',NULL,NULL,'2025-11-02 22:19:19','2025-11-02 22:19:19',NULL),(918,8564,0,NULL,NULL,3,40758,40719,57,12562,2,0,'2025-04-01','2025-04-01',100000.00,1,1.00,'Factura C N°: 0002-00000151',NULL,NULL,'2025-11-02 22:19:19','2025-11-02 22:19:19',NULL),(919,8564,0,NULL,NULL,3,40758,40792,57,12562,2,0,'2025-04-02','2025-04-02',78523.32,1,1.00,'Factura A N°: 10315-00002855',NULL,NULL,'2025-11-02 22:19:19','2025-11-02 22:19:19',NULL),(920,8564,0,NULL,NULL,3,40758,40909,57,12562,2,0,'2025-04-03','2025-04-03',262800.00,1,1.00,'Factura A N°: 0052-00002529',NULL,NULL,'2025-11-02 22:19:20','2025-11-02 22:19:20',NULL),(921,8564,0,NULL,NULL,3,40758,40797,57,12562,2,0,'2025-04-03','2025-04-03',31904.59,1,1.00,'Factura A N°: 2004-00168376',NULL,NULL,'2025-11-02 22:19:20','2025-11-02 22:19:20',NULL),(922,8564,0,NULL,NULL,3,40758,40786,57,12562,2,0,'2025-04-03','2025-04-03',78000.00,1,1.00,'Factura A N°: 0006-00023406',NULL,NULL,'2025-11-02 22:19:20','2025-11-02 22:19:20',NULL),(923,8564,0,NULL,NULL,3,40758,40769,57,12562,2,0,'2025-04-04','2025-04-04',198681.14,1,1.00,'Factura A N°: 8255-00008318',NULL,NULL,'2025-11-02 22:19:20','2025-11-02 22:19:20',NULL),(924,8564,0,NULL,NULL,3,40758,40909,57,12562,2,0,'2025-04-07','2025-04-07',262800.00,1,1.00,'Factura A N°: 0052-00002535',NULL,NULL,'2025-11-02 22:19:20','2025-11-02 22:19:20',NULL),(925,8564,0,NULL,NULL,3,40758,40906,57,12562,2,0,'2025-04-07','2025-04-07',63727.05,1,1.00,'Factura A N°: 0001-00007607',NULL,NULL,'2025-11-02 22:19:20','2025-11-02 22:19:20',NULL),(926,8564,0,NULL,NULL,3,40758,40787,57,12562,2,0,'2025-04-08','2025-04-08',563800.00,1,1.00,'Factura A N°: 0005-00005139',NULL,NULL,'2025-11-02 22:19:20','2025-11-02 22:19:20',NULL),(927,8564,0,NULL,NULL,3,40758,40769,57,12562,2,0,'2025-04-08','2025-04-08',10950.94,1,1.00,'Factura A N°: 8285-00005076',NULL,NULL,'2025-11-02 22:19:20','2025-11-02 22:19:20',NULL),(928,8564,0,NULL,NULL,3,40758,40909,57,12562,2,0,'2025-04-08','2025-04-08',342700.00,1,1.00,'Factura A N°: 0052-00002539',NULL,NULL,'2025-11-02 22:19:20','2025-11-02 22:19:20',NULL),(929,8564,0,NULL,NULL,3,40758,40769,57,12562,2,0,'2025-04-15','2025-04-15',81428.96,1,1.00,'Factura A N°: 8255-00008392',NULL,NULL,'2025-11-02 22:19:20','2025-11-02 22:19:20',NULL),(930,8564,0,NULL,NULL,3,40758,40910,57,12562,2,0,'2025-04-17','2025-04-17',344500.00,1,1.00,'Factura C N°: 0003-00000001',NULL,NULL,'2025-11-02 22:19:20','2025-11-02 22:19:20',NULL),(931,8564,0,NULL,NULL,3,40758,40769,57,12562,2,0,'2025-04-23','2025-04-23',42109.44,1,1.00,'Factura A N°: 8255-00008445',NULL,NULL,'2025-11-02 22:19:20','2025-11-02 22:19:20',NULL),(932,8564,0,NULL,NULL,3,40758,40769,57,12562,2,0,'2025-04-29','2025-04-29',24430.72,1,1.00,'Factura A N°: 8287-00004035',NULL,NULL,'2025-11-02 22:19:20','2025-11-02 22:19:20',NULL),(933,8564,0,NULL,NULL,3,40758,40719,57,12563,2,0,'2025-05-01','2025-05-01',100000.00,1,1.00,'Factura C N°: 0002-00000157',NULL,NULL,'2025-11-02 22:23:40','2025-11-02 22:23:40',NULL),(934,8564,0,NULL,NULL,3,40758,40906,57,12563,2,0,'2025-05-05','2025-05-05',67679.90,1,1.00,'Factura A N°: 0001-00007830',NULL,NULL,'2025-11-02 22:23:40','2025-11-02 22:23:40',NULL),(935,8564,0,NULL,NULL,3,40758,40786,57,12563,2,0,'2025-05-07','2025-05-07',52000.00,1,1.00,'Factura A N°: 0006-00023644',NULL,NULL,'2025-11-02 22:23:40','2025-11-02 22:23:40',NULL);
INSERT INTO `cta_cte_cliente` VALUES (936,8564,0,NULL,NULL,3,40758,40769,57,12563,2,0,'2025-05-07','2025-05-07',121809.98,1,1.00,'Factura A N°: 8285-00005470',NULL,NULL,'2025-11-02 22:23:40','2025-11-02 22:23:40',NULL),(937,8564,0,NULL,NULL,3,40758,40855,57,12563,2,0,'2025-05-07','2025-05-07',14272.30,1,1.00,'Factura A N°: 0363-00039759',NULL,NULL,'2025-11-02 22:23:40','2025-11-02 22:23:40',NULL),(938,8564,0,NULL,NULL,3,40758,40791,57,12563,2,0,'2025-05-09','2025-05-09',29400.00,1,1.00,'Factura A N°: 0010-00018389',NULL,NULL,'2025-11-02 22:23:40','2025-11-02 22:23:40',NULL),(939,8564,0,NULL,NULL,3,40758,40791,57,12563,2,0,'2025-05-12','2025-05-12',16200.00,1,1.00,'Factura A N°: 0010-00018397',NULL,NULL,'2025-11-02 22:23:40','2025-11-02 22:23:40',NULL),(940,8564,0,NULL,NULL,3,40758,40769,57,12563,2,0,'2025-05-12','2025-05-12',45353.51,1,1.00,'Factura A N°: 8257-00020036',NULL,NULL,'2025-11-02 22:23:40','2025-11-02 22:23:40',NULL),(941,8564,0,NULL,NULL,3,40758,40791,57,12563,2,0,'2025-05-13','2025-05-13',19500.02,1,1.00,'Factura A N°: 0010-00018404',NULL,NULL,'2025-11-02 22:23:40','2025-11-02 22:23:40',NULL),(942,8564,0,NULL,NULL,3,40758,40769,57,12563,2,0,'2025-05-14','2025-05-14',35228.81,1,1.00,'Factura A N°: 9413-00015650',NULL,NULL,'2025-11-02 22:23:40','2025-11-02 22:23:40',NULL),(943,8564,0,NULL,NULL,3,40758,40911,57,12563,2,0,'2025-05-16','2025-05-16',171000.00,1,1.00,'Factura C N°: 0004-00000001',NULL,NULL,'2025-11-02 22:23:40','2025-11-02 22:23:40',NULL),(944,8564,0,NULL,NULL,3,40758,40792,57,12563,2,0,'2025-05-17','2025-05-17',122458.39,1,1.00,'Factura A N°: 6636-00002535',NULL,NULL,'2025-11-02 22:23:40','2025-11-02 22:23:40',NULL),(945,8564,0,NULL,NULL,3,40758,40769,57,12563,2,0,'2025-05-19','2025-05-19',40323.28,1,1.00,'Factura A N°: 8255-00008578',NULL,NULL,'2025-11-02 22:23:40','2025-11-02 22:23:40',NULL),(946,8564,0,NULL,NULL,3,40758,40855,57,12563,2,0,'2025-05-20','2025-05-20',213666.99,1,1.00,'Factura A N°: 0386-00025899',NULL,NULL,'2025-11-02 22:23:41','2025-11-02 22:23:41',NULL),(947,8564,0,NULL,NULL,3,40758,40794,57,12563,2,0,'2025-05-21','2025-05-21',323007.54,1,1.00,'Factura A N°: 0008-00022122',NULL,NULL,'2025-11-02 22:23:41','2025-11-02 22:23:41',NULL),(948,8564,0,NULL,NULL,3,40758,40912,57,12563,2,0,'2025-05-21','2025-05-21',21060.00,1,1.00,'Factura A N°: 0003-00012520',NULL,NULL,'2025-11-02 22:23:41','2025-11-02 22:23:41',NULL),(949,8564,0,NULL,NULL,3,40758,40893,57,12563,2,0,'2025-05-22','2025-05-22',2294002.70,1,1.00,'Factura A N°: 0003-00000024',NULL,NULL,'2025-11-02 22:23:41','2025-11-02 22:23:41',NULL),(950,8564,0,NULL,NULL,3,40758,40769,57,12563,2,0,'2025-05-24','2025-05-24',16066.36,1,1.00,'Factura A N°: 8253-00006337',NULL,NULL,'2025-11-02 22:23:41','2025-11-02 22:23:41',NULL),(951,8564,0,NULL,NULL,3,40758,40769,57,12563,2,0,'2025-05-24','2025-05-24',21263.30,1,1.00,'Factura A N°: 8253-00006338',NULL,NULL,'2025-11-02 22:23:41','2025-11-02 22:23:41',NULL),(952,8564,0,NULL,NULL,3,40758,40769,57,12563,2,0,'2025-05-26','2025-05-26',69791.88,1,1.00,'Factura A N°: 8385-00009059',NULL,NULL,'2025-11-02 22:23:41','2025-11-02 22:23:41',NULL),(953,8564,0,NULL,NULL,3,40758,40913,57,12563,2,0,'2025-05-26','2025-05-26',244349.75,1,1.00,'Factura A N°: 0005-00023461',NULL,NULL,'2025-11-02 22:23:41','2025-11-02 22:23:41',NULL),(954,8564,0,NULL,NULL,3,40758,40791,57,12563,2,0,'2025-05-26','2025-05-26',10800.00,1,1.00,'Factura A N°: 0010-00018467',NULL,NULL,'2025-11-02 22:23:41','2025-11-02 22:23:41',NULL),(955,8564,0,NULL,NULL,3,40758,40791,57,12563,2,0,'2025-05-27','2025-05-27',64000.00,1,1.00,'Factura A N°: 0010-00018475',NULL,NULL,'2025-11-02 22:23:41','2025-11-02 22:23:41',NULL),(956,8564,0,NULL,NULL,3,40758,40769,57,12563,2,0,'2025-05-28','2025-05-28',172611.23,1,1.00,'Factura A N°: 8383-00006985',NULL,NULL,'2025-11-02 22:23:41','2025-11-02 22:23:41',NULL),(957,8564,0,NULL,NULL,3,40758,40769,57,12563,2,0,'2025-05-28','2025-05-28',2688.55,1,1.00,'Factura A N°: 8383-00006986',NULL,NULL,'2025-11-02 22:23:41','2025-11-02 22:23:41',NULL);
INSERT INTO `cta_cte_cliente` VALUES (958,8564,0,NULL,NULL,3,40758,40791,57,12563,2,0,'2025-05-29','2025-05-29',23183.70,1,1.00,'Factura A N°: 0009-00054029',NULL,NULL,'2025-11-02 22:23:41','2025-11-02 22:23:41',NULL),(959,8564,0,NULL,NULL,3,40758,40791,57,12563,2,0,'2025-05-29','2025-05-29',3600.00,1,1.00,'Factura A N°: 0010-00018491',NULL,NULL,'2025-11-02 22:23:41','2025-11-02 22:23:41',NULL),(960,8564,0,NULL,NULL,3,40758,40791,57,12563,2,0,'2025-05-29','2025-05-29',47607.40,1,1.00,'Factura A N°: 0009-00054046',NULL,NULL,'2025-11-02 22:23:41','2025-11-02 22:23:41',NULL),(961,8564,0,NULL,NULL,3,40758,40791,57,12563,2,0,'2025-05-29','2025-05-29',7200.00,1,1.00,'Factura A N°: 0010-00018497',NULL,NULL,'2025-11-02 22:23:41','2025-11-02 22:23:41',NULL),(962,8564,0,NULL,NULL,3,40758,40855,57,12563,2,0,'2025-05-29','2025-05-29',46013.64,1,1.00,'Factura A N°: 0386-00025998',NULL,NULL,'2025-11-02 22:23:42','2025-11-02 22:23:42',NULL),(963,8564,0,NULL,NULL,3,40758,40914,57,12563,2,0,'2025-05-29','2025-05-29',90000.00,1,1.00,'Factura C N°: 0001-00000226',NULL,NULL,'2025-11-02 22:23:42','2025-11-02 22:23:42',NULL),(964,8564,0,NULL,NULL,3,40758,40791,57,12563,2,0,'2025-05-30','2025-05-30',800.00,1,1.00,'Factura A N°: 0010-00018500',NULL,NULL,'2025-11-02 22:23:42','2025-11-02 22:23:42',NULL),(965,8564,0,NULL,NULL,3,40758,40915,57,12564,2,0,'2025-06-01','2025-06-01',400000.00,1,1.00,'Factura C N°: 0001-00000022',NULL,NULL,'2025-11-02 22:29:50','2025-11-02 22:29:50',NULL),(966,8564,0,NULL,NULL,3,40758,40719,57,12564,2,0,'2025-06-01','2025-06-01',100000.00,1,1.00,'Factura C N°: 0002-00000164',NULL,NULL,'2025-11-02 22:29:50','2025-11-02 22:29:50',NULL),(967,8564,0,NULL,NULL,3,40758,40786,57,12564,2,0,'2025-06-02','2025-06-02',80000.00,1,1.00,'Factura A N°: 0006-00023835',NULL,NULL,'2025-11-02 22:29:50','2025-11-02 22:29:50',NULL),(968,8564,0,NULL,NULL,3,40758,40791,57,12564,2,0,'2025-06-02','2025-06-02',2500.01,1,1.00,'Factura A N°: 0010-00018516',NULL,NULL,'2025-11-02 22:29:50','2025-11-02 22:29:50',NULL),(969,8564,0,NULL,NULL,3,40758,40791,57,12564,2,0,'2025-06-03','2025-06-03',17500.00,1,1.00,'Factura A N°: 0010-00018534',NULL,NULL,'2025-11-02 22:29:50','2025-11-02 22:29:50',NULL),(970,8564,0,NULL,NULL,3,40758,40791,57,12564,2,0,'2025-06-03','2025-06-03',27500.00,1,1.00,'Factura A N°: 0010-00018528',NULL,NULL,'2025-11-02 22:29:50','2025-11-02 22:29:50',NULL),(971,8564,0,NULL,NULL,3,40758,40791,57,12564,2,0,'2025-06-04','2025-06-04',522230.00,1,1.00,'Factura A N°: 0009-00054100',NULL,NULL,'2025-11-02 22:29:50','2025-11-02 22:29:50',NULL),(972,8564,0,NULL,NULL,3,40758,40791,57,12564,2,0,'2025-06-04','2025-06-04',76000.00,1,1.00,'Factura A N°: 0010-00018538',NULL,NULL,'2025-11-02 22:29:50','2025-11-02 22:29:50',NULL),(973,8564,0,NULL,NULL,3,40758,40855,57,12564,2,0,'2025-06-04','2025-06-04',21866.38,1,1.00,'Factura A N°: 0386-00026073',NULL,NULL,'2025-11-02 22:29:50','2025-11-02 22:29:50',NULL),(974,8564,0,NULL,NULL,3,40758,40787,57,12564,2,0,'2025-06-05','2025-06-05',1451500.00,1,1.00,'Factura A N°: 0005-00005390',NULL,NULL,'2025-11-02 22:29:50','2025-11-02 22:29:50',NULL),(975,8564,0,NULL,NULL,3,40758,40916,57,12564,2,0,'2025-06-06','2025-06-06',51500.00,1,1.00,'Factura A N°: 0006-00000231',NULL,NULL,'2025-11-02 22:29:50','2025-11-02 22:29:50',NULL),(976,8564,0,NULL,NULL,3,40758,40791,57,12564,2,0,'2025-06-06','2025-06-06',19000.00,1,1.00,'Factura A N°: 0009-00054127',NULL,NULL,'2025-11-02 22:29:50','2025-11-02 22:29:50',NULL),(977,8564,0,NULL,NULL,3,40758,40769,57,12564,2,0,'2025-06-10','2025-06-10',60201.19,1,1.00,'Factura A N°: 8257-00020552',NULL,NULL,'2025-11-02 22:29:50','2025-11-02 22:29:50',NULL),(978,8564,0,NULL,NULL,3,40758,40917,57,12564,2,0,'2025-06-11','2025-06-11',400000.00,1,1.00,'Factura C N°: 0003-00000089',NULL,NULL,'2025-11-02 22:29:50','2025-11-02 22:29:50',NULL),(979,8564,0,NULL,NULL,3,40758,40792,57,12564,2,0,'2025-06-12','2025-06-12',7956.42,1,1.00,'Factura A N°: 17177-00002829',NULL,NULL,'2025-11-02 22:29:50','2025-11-02 22:29:50',NULL);
INSERT INTO `cta_cte_cliente` VALUES (980,8564,0,NULL,NULL,3,40758,40797,57,12564,2,0,'2025-06-14','2025-06-14',15956.48,1,1.00,'Factura A N°: 2003-00122647',NULL,NULL,'2025-11-02 22:29:50','2025-11-02 22:29:50',NULL),(981,8564,0,NULL,NULL,3,40758,40791,57,12564,2,0,'2025-06-19','2025-06-19',4000.01,1,1.00,'Factura A N°: 0010-00018596',NULL,NULL,'2025-11-02 22:29:51','2025-11-02 22:29:51',NULL),(982,8564,0,NULL,NULL,3,40758,40769,57,12564,2,0,'2025-06-23','2025-06-23',379459.11,1,1.00,'Factura A N°: 8273-00012537',NULL,NULL,'2025-11-02 22:29:51','2025-11-02 22:29:51',NULL),(983,8564,0,NULL,NULL,3,40758,40787,57,12564,2,0,'2025-06-23','2025-06-23',1783880.00,1,1.00,'Factura A N°: 0005-00005486',NULL,NULL,'2025-11-02 22:29:51','2025-11-02 22:29:51',NULL),(984,8564,0,NULL,NULL,3,40758,40766,57,12564,2,0,'2025-06-23','2025-06-23',30000.05,1,1.00,'Factura A N°: 9104-00024495',NULL,NULL,'2025-11-02 22:29:51','2025-11-02 22:29:51',NULL),(985,8564,0,NULL,NULL,3,40758,40855,57,12564,2,0,'2025-06-25','2025-06-25',76421.99,1,1.00,'Factura A N°: 0386-00026305',NULL,NULL,'2025-11-02 22:29:51','2025-11-02 22:29:51',NULL),(986,8564,0,NULL,NULL,3,40758,40791,57,12564,2,0,'2025-06-26','2025-06-26',88000.00,1,1.00,'Factura A N°: 0010-00018621',NULL,NULL,'2025-11-02 22:29:51','2025-11-02 22:29:51',NULL),(987,8564,0,NULL,NULL,3,40758,40917,57,12564,2,0,'2025-06-26','2025-06-26',550000.00,1,1.00,'Factura C N°: 0003-00000090',NULL,NULL,'2025-11-02 22:29:51','2025-11-02 22:29:51',NULL),(988,8564,0,NULL,NULL,3,40758,40889,57,12564,2,0,'2025-06-28','2025-06-28',71851.24,1,1.00,'Factura A N°: 1006-00003400',NULL,NULL,'2025-11-02 22:29:51','2025-11-02 22:29:51',NULL),(989,8564,0,NULL,NULL,3,40758,40836,57,12564,2,0,'2025-06-28','2025-06-28',12100.00,1,1.00,'Factura C N°: 0003-00007087',NULL,NULL,'2025-11-02 22:29:51','2025-11-02 22:29:51',NULL),(990,8564,0,NULL,NULL,3,40758,40836,57,12564,2,0,'2025-06-28','2025-06-28',16800.00,1,1.00,'Factura C N°: 0003-00007086',NULL,NULL,'2025-11-02 22:29:51','2025-11-02 22:29:51',NULL),(991,8564,0,NULL,NULL,3,40758,40893,57,12564,2,0,'2025-06-29','2025-06-29',1451056.20,1,1.00,'Factura A N°: 0003-00000026',NULL,NULL,'2025-11-02 22:29:51','2025-11-02 22:29:51',NULL),(992,8564,0,NULL,NULL,3,40758,40791,57,12564,2,0,'2025-06-30','2025-06-30',15400.00,1,1.00,'Factura A N°: 0009-00054443',NULL,NULL,'2025-11-02 22:29:51','2025-11-02 22:29:51',NULL),(993,8564,0,NULL,NULL,3,40758,40769,57,12564,2,0,'2025-06-30','2025-06-30',136037.61,1,1.00,'Factura A N°: 8255-00009026',NULL,NULL,'2025-11-02 22:29:51','2025-11-02 22:29:51',NULL),(994,8564,0,NULL,NULL,3,40758,40791,57,12564,2,0,'2025-06-30','2025-06-30',2500.01,1,1.00,'Factura A N°: 0010-00018634',NULL,NULL,'2025-11-02 22:29:51','2025-11-02 22:29:51',NULL),(995,8564,0,NULL,NULL,3,40758,40862,57,12564,2,0,'2025-06-30','2025-06-30',258000.00,1,1.00,'Factura A N°: 0007-00002481',NULL,NULL,'2025-11-02 22:29:51','2025-11-02 22:29:51',NULL);

--
