INSERT INTO `syj_conceptos` VALUES (5651,8165,53,'Incremento No Rem 04-05-06/25',2916,29196,NULL,3,NULL,1,1,1,1,1,1,0,0,NULL,NULL,1,NULL,NULL,0,1,1,0.00,NULL,NULL,1,1,1,NULL,NULL,1,NULL,0.00,2,0.00,NULL,NULL,20,NULL,1,1,1,NULL,NULL,1,NULL,0.00,6,0.00,NULL,0.00,9,1,1,1,0.00,0.00,1,1,0.00,0.00,1,1,1,NULL,NULL,1,NULL,NULL,1,'2020-04-07 18:05:35','2025-05-27 21:12:51',NULL),(5652,8165,56,'Incremento No Rem. Acuerdo 04-05-06/25',2505,25005,62,3,NULL,1,1,1,1,NULL,NULL,NULL,NULL,NULL,NULL,1,NULL,NULL,0,1,2,30.00,34,NULL,1,1,1,NULL,NULL,1,1,0.00,2,0.00,220,1,20,NULL,3,1,1,2,4,1,5,0.00,6,0.00,1,0.00,2,1,1,1,0.00,0.00,1,1,0.00,0.00,3,1,1,2,2,1,NULL,NULL,1,'2022-12-02 20:30:29','2025-05-27 21:28:10',NULL),(5653,8165,56,'Inasistencias No Rem',2925,29205,NULL,3,NULL,1,1,1,1,1,1,0,0,NULL,NULL,1,NULL,NULL,0,1,3,0.00,NULL,NULL,1,1,1,NULL,NULL,1,NULL,0.00,5,0.00,NULL,NULL,20,NULL,3,1,1,2,4,1,5,0.00,6,0.00,13,-1.00,2,1,1,1,0.00,0.00,1,1,0.00,0.00,1,1,1,NULL,NULL,1,NULL,NULL,1,'2020-04-08 00:05:35','2025-05-27 22:00:06',NULL),(5654,8165,16,'Vacaciones No Gozadas A.A',2103,20003,NULL,3,NULL,1,1,1,1,0,1,0,0,NULL,NULL,1,NULL,NULL,0,1,1,0.00,NULL,NULL,1,1,1,NULL,NULL,1,1,0.00,1,0.00,NULL,NULL,NULL,NULL,3,1,1,2,4,1,1,0.00,6,0.00,NULL,0.00,2,1,1,1,0.00,0.00,1,1,0.00,0.00,1,1,1,NULL,NULL,1,NULL,'En caso de Liquidar Final sin contar con Liquidaciones de meses anteriores, se deberá cambiar la configuración de la solapa valor unitario por Orgien del Valor: A INGRESAR.',1,'2020-04-07 06:05:36','2025-03-25 20:13:56',NULL),(5655,8165,16,'SAC Vacaciones No Gozadas A.A',2104,200004,NULL,3,NULL,1,1,1,1,0,1,0,0,NULL,NULL,1,NULL,NULL,0,1,1,1.00,NULL,NULL,1,1,1,NULL,NULL,1,NULL,0.00,5,0.00,NULL,NULL,NULL,NULL,3,1,1,2,4,1,3,0.00,6,0.00,NULL,0.00,2,1,1,1,0.00,0.00,1,1,0.00,0.00,1,1,1,NULL,NULL,1,NULL,NULL,1,'2020-04-07 06:05:36','2025-01-23 20:50:07',NULL),(5656,8165,56,'Obra Social.',4030,40300,67,5,NULL,1,2,1,3,0,1,0,0,NULL,NULL,1,NULL,NULL,0,1,2,0.00,3,NULL,1,1,1,NULL,NULL,1,NULL,0.00,5,0.00,NULL,NULL,NULL,NULL,3,2,2,2,4,1,1,0.00,6,0.00,NULL,0.00,3,1,1,1,0.00,0.00,1,1,0.00,0.00,1,1,1,NULL,NULL,1,NULL,NULL,1,'2020-04-07 15:05:36','2025-03-26 19:31:43','2025-03-26 19:31:43'),(5657,8165,44,'Ajuste Retroactivo',1123,11203,1,2,NULL,1,1,1,1,0,1,1,0,NULL,NULL,1,NULL,NULL,0,1,1,9.00,36,NULL,1,1,1,NULL,NULL,1,NULL,0.00,2,0.00,NULL,NULL,20,NULL,1,1,1,NULL,NULL,1,5,0.00,6,0.00,NULL,0.00,2,1,1,1,0.00,0.00,1,1,0.00,0.00,1,1,1,NULL,NULL,1,NULL,NULL,1,'2020-04-07 15:05:36','2025-06-26 20:11:04',NULL),(5658,8165,48,'Ajuste Plus Vacacional',1049,11009,NULL,2,NULL,1,1,1,1,0,1,1,0,NULL,NULL,1,NULL,NULL,0,1,3,0.00,33,NULL,1,1,1,NULL,NULL,1,NULL,0.00,1,46972.80,NULL,NULL,15,NULL,1,1,1,NULL,NULL,1,1,0.00,6,0.00,1,0.00,9,1,1,1,0.00,0.00,1,1,0.00,0.00,1,1,1,NULL,NULL,1,NULL,NULL,1,'2020-04-07 09:05:35','2025-04-04 11:21:09',NULL),(5659,8165,16,'Fondo por Desempleo',2622,26202,NULL,3,NULL,1,1,1,1,0,1,0,0,NULL,NULL,1,NULL,NULL,0,1,1,8.00,36,NULL,1,1,1,NULL,NULL,1,NULL,0.00,1,642017.51,NULL,NULL,NULL,NULL,3,1,1,2,4,1,NULL,0.00,6,0.00,NULL,0.00,9,1,1,1,0.00,0.00,1,1,0.00,0.00,1,1,1,NULL,NULL,1,NULL,NULL,1,'2020-04-07 09:05:36','2025-05-22 17:00:56',NULL),(5660,8165,46,'Ajuste Retroactivo',1244,12414,NULL,2,NULL,1,1,1,1,0,1,1,0,NULL,NULL,1,NULL,NULL,0,1,3,0.00,33,NULL,1,1,1,NULL,NULL,1,NULL,0.00,2,0.00,NULL,NULL,20,NULL,3,1,1,2,4,1,1,0.00,6,0.00,1,0.00,9,1,1,1,0.00,0.00,1,1,0.00,0.00,1,1,1,NULL,NULL,1,NULL,NULL,1,'2020-04-07 12:05:35','2025-06-26 20:22:18',NULL),(5661,8165,60,'Comisiones de venta',1220,12200,NULL,2,NULL,2,1,1,1,0,1,1,0,NULL,NULL,1,NULL,NULL,0,1,1,1.00,NULL,NULL,1,1,1,NULL,NULL,1,NULL,0.00,1,0.00,NULL,NULL,NULL,NULL,1,1,1,NULL,NULL,1,NULL,0.00,6,0.00,NULL,0.00,2,1,1,1,0.00,0.00,1,1,0.00,0.00,1,1,1,NULL,NULL,1,NULL,NULL,1,'2020-04-07 06:05:35','2020-04-10 00:56:08',NULL);
INSERT INTO `syj_conceptos` VALUES (5662,8165,60,'Reintegro Ganancias Renta 4ta Categoría',2800,43700,NULL,3,NULL,1,1,1,1,0,0,0,0,NULL,NULL,1,NULL,NULL,0,1,1,1.00,NULL,NULL,1,1,1,NULL,NULL,1,NULL,0.00,1,0.00,NULL,NULL,NULL,NULL,1,1,1,NULL,NULL,1,7,0.00,6,0.00,9,0.00,2,1,1,1,0.00,0.00,1,1,0.00,0.00,1,1,1,NULL,NULL,1,NULL,NULL,0,'2020-04-07 06:05:35','2020-05-06 17:17:25',NULL),(5663,8165,60,'Redondeo',2900,43800,NULL,3,NULL,1,1,1,1,0,1,0,0,NULL,NULL,1,NULL,NULL,0,1,1,1.00,NULL,NULL,1,1,1,NULL,NULL,1,NULL,0.00,1,0.00,NULL,NULL,NULL,NULL,1,1,1,NULL,NULL,1,NULL,0.00,2,0.00,11,0.00,1,1,1,1,0.00,0.00,1,1,0.00,0.00,1,1,1,NULL,NULL,1,NULL,NULL,1,'2020-04-07 06:05:35','2020-04-14 20:21:52',NULL),(5664,8165,60,'Retención Ganancias Renta 4ta Categoría',4330,43600,NULL,5,NULL,1,1,1,7,0,0,0,0,NULL,NULL,1,NULL,NULL,1,1,1,1.00,NULL,NULL,1,1,1,NULL,NULL,1,NULL,0.00,3,0.00,NULL,NULL,NULL,NULL,1,1,1,NULL,NULL,1,NULL,0.00,6,0.00,NULL,0.00,2,1,1,1,0.00,0.00,1,1,0.00,0.00,1,1,1,NULL,NULL,1,NULL,'Se puede ingresar a mano o lo calcula Taxes, creando un detalle de liquidacion en el empleado',0,'2020-04-07 06:05:35','2024-01-25 00:45:02',NULL),(5665,8165,60,'Adicional voluntario',1210,12100,NULL,2,NULL,2,1,1,1,1,1,1,0,NULL,NULL,1,NULL,NULL,0,1,3,1.00,NULL,NULL,1,1,1,NULL,NULL,1,NULL,0.00,3,0.00,NULL,NULL,NULL,NULL,1,1,1,NULL,NULL,1,NULL,0.00,6,0.00,NULL,0.00,2,1,1,1,0.00,0.00,1,1,0.00,0.00,1,1,1,NULL,NULL,1,NULL,NULL,1,'2020-04-07 06:05:35','2020-04-16 15:28:01',NULL),(5666,8165,60,'Vacaciones',1045,11000,NULL,2,NULL,1,1,1,1,0,1,1,0,NULL,NULL,1,NULL,NULL,0,1,3,0.00,33,NULL,1,1,1,NULL,NULL,1,NULL,0.00,2,0.00,NULL,NULL,15,NULL,1,1,1,NULL,NULL,1,31,8.00,6,0.00,13,1.20,2,1,1,1,0.00,0.00,1,1,0.00,0.00,1,1,1,NULL,NULL,1,NULL,NULL,1,'2020-04-07 06:05:35','2025-03-26 22:59:51',NULL),(5667,8165,60,'A cuenta futuros aumentos',1230,12300,NULL,2,NULL,2,1,1,1,1,1,1,0,NULL,NULL,1,NULL,NULL,0,1,3,1.00,NULL,NULL,1,1,1,NULL,NULL,1,NULL,0.00,3,0.00,NULL,NULL,NULL,NULL,1,1,1,NULL,NULL,1,NULL,0.00,6,0.00,NULL,0.00,2,1,1,1,0.00,0.00,1,1,0.00,0.00,1,1,1,NULL,NULL,1,NULL,NULL,1,'2020-04-07 06:05:35','2020-05-06 15:00:11',NULL),(5668,8165,60,'Aumento solidario Decreto 14/2020',1240,12400,NULL,2,NULL,1,1,1,1,0,1,1,0,NULL,NULL,1,NULL,NULL,0,1,3,1.00,NULL,NULL,1,1,1,NULL,NULL,1,NULL,0.00,3,4000.00,NULL,NULL,NULL,NULL,1,1,1,NULL,NULL,1,NULL,0.00,6,0.00,NULL,0.00,2,1,1,1,0.00,0.00,1,1,0.00,0.00,1,1,1,NULL,NULL,1,NULL,'Valido hasta...',0,'2020-04-07 06:05:35','2022-12-07 04:24:44',NULL),(5669,8165,60,'Suma No Remunerativa',2920,29200,NULL,3,NULL,1,1,1,1,1,1,0,0,NULL,NULL,1,NULL,NULL,0,1,3,10.00,NULL,NULL,1,1,1,NULL,NULL,1,NULL,0.00,2,0.00,NULL,NULL,20,NULL,1,1,1,NULL,NULL,1,30,15.00,6,0.00,NULL,0.00,2,1,1,1,0.00,0.00,1,1,0.00,0.00,1,1,1,NULL,NULL,1,NULL,NULL,1,'2020-04-07 06:05:35','2025-10-29 10:30:30',NULL),(5670,8165,60,'SAC Indemnización sustitutiva Mes de Preaviso',2030,29400,NULL,3,NULL,1,1,1,1,0,1,0,0,NULL,NULL,1,NULL,NULL,0,1,1,1.00,NULL,NULL,1,1,1,NULL,NULL,1,NULL,0.00,1,15138.63,NULL,NULL,NULL,NULL,3,1,1,2,4,1,1,0.00,6,0.00,NULL,0.00,9,1,1,1,0.00,0.00,1,1,0.00,0.00,1,1,1,NULL,NULL,1,NULL,NULL,1,'2020-04-07 06:05:36','2025-03-25 23:13:41',NULL),(5671,8165,60,'Indemnización Por Antigüedad ART 247',2950,29500,NULL,3,NULL,1,1,1,1,0,0,0,0,NULL,NULL,1,NULL,NULL,0,1,1,0.00,NULL,NULL,1,1,1,NULL,NULL,1,NULL,0.00,1,0.00,NULL,NULL,NULL,NULL,1,1,1,NULL,NULL,1,NULL,0.00,6,0.00,NULL,0.00,2,1,1,1,0.00,0.00,1,1,0.00,0.00,1,1,1,NULL,NULL,1,NULL,NULL,1,'2020-04-07 06:05:36','2020-05-06 15:59:56',NULL),(5672,8165,60,'Gratificación por egreso',2100,21000,NULL,3,NULL,1,1,1,1,0,1,0,0,NULL,NULL,1,NULL,NULL,0,1,1,1.00,NULL,NULL,1,1,1,NULL,NULL,1,NULL,0.00,3,0.00,NULL,NULL,NULL,NULL,1,1,1,NULL,NULL,1,NULL,0.00,6,0.00,NULL,0.00,2,1,1,1,0.00,0.00,1,1,0.00,0.00,1,1,1,NULL,NULL,1,NULL,NULL,1,'2020-04-07 06:05:36','2020-05-06 15:15:09',NULL);
INSERT INTO `syj_conceptos` VALUES (5673,8165,60,'Inasistencia por Suspensión',1060,11114,NULL,2,NULL,1,1,1,1,0,1,1,0,NULL,NULL,1,NULL,NULL,0,1,3,0.00,NULL,NULL,1,1,1,NULL,NULL,1,NULL,0.00,5,0.00,NULL,NULL,NULL,NULL,3,1,1,2,4,1,5,0.00,6,0.00,NULL,0.00,2,1,1,1,0.00,0.00,1,1,0.00,0.00,1,1,1,NULL,NULL,1,NULL,'Cargar la cantidad de Dias en Negativo',1,'2020-04-07 06:05:36','2020-04-25 12:25:53',NULL),(5674,8165,60,'Asistencia',1070,11115,NULL,2,NULL,1,1,1,1,0,1,1,0,NULL,NULL,1,NULL,NULL,0,1,1,20.00,NULL,NULL,1,1,1,NULL,NULL,1,NULL,0.00,5,0.00,NULL,NULL,NULL,NULL,3,1,1,2,4,1,NULL,0.00,6,0.00,NULL,0.00,3,1,4,2,-2.00,0.00,1,1,0.00,0.00,3,1,1,2,2,1,NULL,NULL,1,'2020-04-07 06:05:36','2025-05-26 14:13:35',NULL),(5675,8165,60,'Horas Extras al 50%',1080,11121,NULL,2,NULL,1,1,1,1,1,1,1,0,NULL,NULL,1,NULL,NULL,0,1,3,0.00,NULL,NULL,1,1,1,NULL,NULL,1,NULL,0.00,2,0.00,NULL,NULL,30,NULL,3,1,1,2,4,1,1,0.00,6,0.00,NULL,0.00,2,1,1,1,0.00,0.00,1,1,0.00,0.00,1,1,1,NULL,NULL,1,NULL,NULL,1,'2020-04-07 06:05:36','2020-04-24 19:56:05',NULL),(5676,8165,60,'Horas Extras al 100%',1090,11122,NULL,2,NULL,1,1,1,1,1,1,1,0,NULL,NULL,1,NULL,NULL,0,1,3,0.00,NULL,NULL,1,1,1,NULL,NULL,1,NULL,0.00,2,0.00,NULL,NULL,29,NULL,3,1,1,2,4,1,1,0.00,6,0.00,NULL,0.00,2,1,1,1,0.00,0.00,1,1,0.00,0.00,1,1,1,NULL,NULL,1,NULL,NULL,1,'2020-04-07 06:05:36','2020-04-24 19:56:47',NULL),(5677,8165,60,'Feriados Nacionales  Trabajados',1112,11110,NULL,2,NULL,1,1,1,1,0,1,1,0,NULL,NULL,1,NULL,NULL,0,1,3,0.00,NULL,NULL,1,1,1,NULL,NULL,1,NULL,0.00,2,0.00,NULL,NULL,18,NULL,3,1,1,2,3,1,NULL,0.00,6,0.00,NULL,0.00,2,1,1,1,0.00,0.00,1,1,0.00,0.00,1,1,1,NULL,NULL,1,NULL,'Se deberá informar por las novedades la cantidad de dias Feriados Nac.Trabajados\r\nDicho concepto retorna como Valor, la suma del Básico /30 + Básico/25.',1,'2020-04-07 06:05:36','2020-04-30 12:17:04',NULL),(5678,8165,60,'PRV s/Vacaciones',1130,11050,NULL,2,NULL,1,1,1,1,0,1,0,0,NULL,NULL,1,NULL,NULL,0,1,1,0.00,NULL,NULL,1,1,1,NULL,NULL,1,3,0.00,5,0.00,NULL,NULL,NULL,NULL,2,2,3,2,4,3,NULL,0.00,6,0.00,NULL,0.00,2,1,1,1,0.00,0.00,1,1,0.00,0.00,1,1,1,NULL,NULL,1,NULL,NULL,0,'2020-04-07 06:05:36','2020-05-08 13:30:32',NULL),(5679,8165,60,'Licencia por Maternidad',1190,11900,NULL,2,NULL,1,1,1,1,0,1,1,0,NULL,NULL,1,NULL,NULL,0,1,3,0.00,NULL,NULL,1,1,1,NULL,NULL,1,NULL,0.00,5,0.00,NULL,NULL,NULL,NULL,3,1,1,2,4,1,NULL,0.00,1,0.00,NULL,0.00,NULL,1,1,1,0.00,0.00,1,1,0.00,0.00,1,1,1,NULL,NULL,1,NULL,'Si la empleada estuvo el mes completo de Licencia se liquidará por medio del tipo de liquidación ”Licencia por Maternidad”  informando los 30 días.\r\nCaso contrario se liquidará a través de la',1,'2020-04-07 06:05:36','2020-05-06 14:56:02',NULL),(5680,8165,60,'Descuento Licencia por Maternidad',1200,12000,NULL,2,NULL,1,1,1,1,0,1,1,0,NULL,NULL,1,NULL,NULL,0,1,1,1.00,NULL,NULL,1,1,1,NULL,NULL,1,NULL,0.00,5,0.00,NULL,NULL,NULL,NULL,3,1,1,2,4,1,NULL,0.00,6,-1.00,NULL,0.00,6,1,1,1,0.00,0.00,1,1,0.00,0.00,1,1,1,NULL,NULL,1,NULL,NULL,1,'2020-04-07 06:05:36','2020-05-06 14:58:40',NULL),(5681,8165,60,'Indemnización Integración Mes de Despido',2010,20100,NULL,3,NULL,1,1,1,1,0,1,0,0,NULL,NULL,1,NULL,NULL,0,1,1,15.00,NULL,NULL,1,1,1,NULL,NULL,1,1,0.00,1,181663.50,NULL,NULL,NULL,NULL,3,1,1,2,4,1,NULL,0.00,6,0.00,NULL,0.00,9,1,1,1,0.00,0.00,1,1,0.00,0.00,1,1,1,NULL,NULL,1,NULL,NULL,1,'2020-04-07 06:05:36','2024-12-05 01:49:58',NULL),(5682,8165,60,'PRV s/Integracion Mes de Despido',2061,20600,NULL,3,NULL,1,1,1,1,0,1,0,0,NULL,NULL,1,NULL,NULL,0,1,1,0.00,NULL,NULL,1,1,1,NULL,NULL,1,6,0.00,5,0.00,NULL,NULL,NULL,NULL,2,2,2,2,4,3,4,0.00,6,0.00,NULL,0.00,2,1,1,1,0.00,0.00,1,1,0.00,0.00,1,1,1,NULL,NULL,1,NULL,NULL,1,'2020-04-07 06:05:36','2024-12-05 01:53:53',NULL),(5683,8165,60,'Indemnización sustitutiva Mes de Preaviso',2025,20250,NULL,3,NULL,1,1,1,1,0,1,0,0,NULL,NULL,1,NULL,NULL,0,1,3,15.00,NULL,NULL,1,1,1,NULL,NULL,1,NULL,0.00,1,181663.50,NULL,NULL,38,NULL,1,1,1,NULL,NULL,1,NULL,0.00,6,0.00,NULL,0.00,9,1,1,1,0.00,0.00,1,1,0.00,0.00,1,1,1,NULL,NULL,1,NULL,NULL,1,'2020-04-07 06:05:36','2025-03-25 23:13:29',NULL);
INSERT INTO `syj_conceptos` VALUES (5684,8165,60,'PRV s/Mes de Preaviso',2060,20600,NULL,3,NULL,1,1,1,1,0,1,0,0,NULL,NULL,1,NULL,NULL,0,1,1,0.00,NULL,NULL,1,1,1,NULL,NULL,1,NULL,0.00,1,0.00,NULL,NULL,NULL,NULL,1,1,1,NULL,NULL,1,NULL,0.00,2,0.00,NULL,0.00,NULL,1,1,1,0.00,0.00,1,1,0.00,0.00,1,1,1,NULL,NULL,1,NULL,NULL,0,'2020-04-07 06:05:36','2020-05-06 15:10:39',NULL),(5685,8165,60,'Vacaciones No Gozadas',2101,20001,NULL,3,NULL,1,1,1,1,0,1,0,0,NULL,NULL,1,NULL,NULL,0,1,1,5.22,NULL,NULL,1,1,1,NULL,NULL,1,1,0.00,1,33097.40,NULL,NULL,NULL,NULL,3,1,1,2,4,1,1,0.00,6,0.00,NULL,0.00,2,1,1,1,0.00,0.00,1,1,0.00,0.00,1,1,1,NULL,NULL,1,NULL,'En caso de Liquidar Final sin contar con Liquidaciones de meses anteriores, se deberá cambiar la configuración de la solapa valor unitario por Orgien del Valor: A INGRESAR.',1,'2020-04-07 06:05:36','2025-05-22 19:41:55',NULL),(5686,8165,60,'PRV s/Vacaciones No Gozadas',2060,20600,NULL,3,NULL,1,1,1,1,0,1,0,0,NULL,NULL,1,NULL,NULL,0,1,5,0.00,NULL,NULL,3,1,1,2,2,1,NULL,0.00,5,0.00,NULL,NULL,NULL,NULL,2,2,3,2,4,3,4,0.00,6,0.00,NULL,0.00,2,1,1,1,0.00,0.00,1,1,0.00,0.00,1,1,1,NULL,NULL,1,NULL,NULL,0,'2020-04-07 06:05:36','2020-05-06 15:12:32',NULL),(5687,8165,60,'Feriados Nacionales No Trab. No Rem',2350,23500,NULL,3,NULL,1,1,1,1,0,1,0,0,NULL,NULL,1,NULL,NULL,0,1,1,0.00,NULL,NULL,1,1,1,NULL,NULL,1,NULL,0.00,1,0.00,NULL,NULL,NULL,NULL,1,1,1,NULL,NULL,1,NULL,0.00,2,0.00,NULL,0.00,NULL,1,1,1,0.00,0.00,1,1,0.00,0.00,1,1,1,NULL,NULL,1,NULL,NULL,1,'2020-04-07 06:05:36','2020-05-06 15:17:23',NULL),(5688,8165,60,'Feriados Nacionales Trabajados No Rem',2400,24000,NULL,3,NULL,1,1,1,1,0,1,0,0,NULL,NULL,1,NULL,NULL,0,1,1,0.00,NULL,NULL,1,1,1,NULL,NULL,1,NULL,0.00,1,0.00,NULL,NULL,NULL,NULL,1,1,1,NULL,NULL,1,NULL,0.00,2,0.00,NULL,0.00,NULL,1,1,1,0.00,0.00,1,1,0.00,0.00,1,1,1,NULL,NULL,1,NULL,NULL,1,'2020-04-07 06:05:36','2020-05-06 15:17:59',NULL),(5689,8165,60,'SAC Vacaciones No Gozadas',2102,200002,NULL,3,NULL,1,1,1,1,0,1,0,0,NULL,NULL,1,NULL,NULL,0,1,1,1.00,NULL,NULL,1,1,1,NULL,NULL,1,NULL,0.00,5,0.00,NULL,NULL,NULL,NULL,3,1,1,2,4,1,3,0.00,6,0.00,NULL,0.00,2,1,1,1,0.00,0.00,1,1,0.00,0.00,1,1,1,NULL,NULL,1,NULL,NULL,1,'2020-04-07 06:05:36','2023-05-10 01:22:27',NULL),(5690,8165,60,'Antigüedad No Remunerativo',2500,25000,NULL,3,NULL,1,1,1,1,0,1,0,0,NULL,NULL,1,NULL,NULL,0,1,2,0.00,12,NULL,1,1,1,NULL,NULL,1,NULL,0.00,5,0.00,NULL,NULL,NULL,NULL,3,1,1,2,4,1,NULL,0.00,6,0.00,NULL,0.00,3,1,1,1,0.00,0.00,1,1,0.00,0.00,1,1,1,NULL,NULL,1,NULL,NULL,0,'2020-04-07 06:05:36','2020-05-08 13:11:41',NULL),(5691,8165,60,'Presentismo No Remunerativo',2550,27501,NULL,3,NULL,1,1,1,1,0,1,0,0,NULL,NULL,1,NULL,NULL,0,1,1,8.33,NULL,NULL,1,1,1,NULL,NULL,1,NULL,0.00,5,0.00,NULL,NULL,NULL,NULL,3,1,1,2,4,1,NULL,0.00,6,0.00,NULL,0.00,3,2,4,2,-2.00,0.00,1,1,0.00,0.00,3,1,1,2,4,1,NULL,NULL,0,'2020-04-07 06:05:36','2020-05-08 13:21:31',NULL),(5692,8165,60,'1º SAC No Rem',2600,26000,NULL,3,NULL,1,1,1,1,0,1,0,0,NULL,NULL,1,NULL,NULL,0,1,5,0.00,NULL,NULL,3,1,1,2,2,1,NULL,0.00,5,0.00,NULL,NULL,NULL,NULL,3,1,1,2,4,1,NULL,0.00,6,0.00,NULL,0.00,2,1,1,1,0.00,0.00,1,1,0.00,0.00,1,1,1,NULL,NULL,1,NULL,NULL,1,'2020-04-07 06:05:36','2020-05-06 15:32:28',NULL),(5693,8165,60,'Horas Extras al 50% s/ No Rem',2650,26500,NULL,3,NULL,1,1,1,1,0,1,0,0,NULL,NULL,1,NULL,NULL,0,1,5,0.00,NULL,NULL,3,1,1,2,2,1,NULL,0.00,5,0.00,NULL,NULL,NULL,NULL,3,1,1,2,4,1,13,0.00,6,0.00,NULL,0.00,2,1,1,1,0.00,0.00,1,1,0.00,0.00,1,1,1,NULL,NULL,1,NULL,NULL,0,'2020-04-07 06:05:36','2020-05-08 13:15:05',NULL),(5694,8165,60,'Horas Extras al 100% s/ No Rem',2700,27000,NULL,3,NULL,1,1,1,1,0,1,0,0,NULL,NULL,1,NULL,NULL,0,1,5,0.00,NULL,NULL,3,1,1,2,2,1,NULL,0.00,5,0.00,NULL,NULL,NULL,NULL,3,1,1,2,4,1,14,0.00,6,0.00,NULL,0.00,2,1,1,1,0.00,0.00,1,1,0.00,0.00,1,1,1,NULL,NULL,1,NULL,NULL,0,'2020-04-07 06:05:36','2020-05-08 13:15:45',NULL);
INSERT INTO `syj_conceptos` VALUES (5695,8165,60,'Inasistencias Injustificadas No Rem',2750,27500,NULL,3,NULL,1,1,1,1,0,1,0,0,NULL,NULL,1,NULL,NULL,0,1,5,0.00,NULL,NULL,3,1,1,2,2,1,NULL,0.00,5,0.00,NULL,NULL,NULL,NULL,3,1,1,2,4,1,5,0.00,6,0.00,NULL,0.00,2,1,1,1,0.00,0.00,1,1,0.00,0.00,1,1,1,NULL,NULL,1,NULL,'Cargar la cantidad de Días en negativo.',1,'2020-04-07 06:05:36','2020-05-06 15:51:31',NULL),(5696,8165,60,'2º SAC No Rem',2610,26100,NULL,3,NULL,1,1,1,1,0,1,0,0,NULL,NULL,1,NULL,NULL,0,1,5,0.00,NULL,NULL,3,1,1,2,2,1,NULL,0.00,5,0.00,NULL,NULL,NULL,NULL,3,1,1,2,4,1,NULL,0.00,6,0.00,NULL,0.00,2,1,1,1,0.00,0.00,1,1,0.00,0.00,1,1,1,NULL,NULL,1,NULL,NULL,1,'2020-04-07 06:05:36','2020-05-06 15:35:45',NULL),(5697,8165,60,'SAC No Remunerativo',2620,26200,NULL,3,NULL,1,1,1,1,0,1,0,0,NULL,NULL,1,NULL,NULL,0,1,2,0.00,36,NULL,1,1,1,NULL,NULL,1,NULL,0.00,5,0.00,NULL,NULL,NULL,NULL,3,1,1,2,4,1,NULL,0.00,6,0.00,NULL,0.00,2,1,1,1,0.00,0.00,1,1,0.00,0.00,1,1,1,NULL,NULL,1,NULL,NULL,1,'2020-04-07 06:05:36','2020-05-06 15:38:23',NULL),(5698,8165,60,'Jubilación',4010,40100,NULL,5,NULL,1,3,1,4,0,1,0,0,NULL,NULL,1,NULL,NULL,0,1,2,0.00,4,NULL,1,1,1,NULL,NULL,1,NULL,0.00,5,0.00,NULL,NULL,NULL,NULL,2,2,2,2,4,1,NULL,0.00,6,0.00,NULL,0.00,3,1,1,1,0.00,0.00,1,1,0.00,0.00,1,1,1,NULL,NULL,1,NULL,NULL,1,'2020-04-07 06:05:36','2020-04-09 15:01:00',NULL),(5699,8165,60,'INSSJP (Ley 19.032)',4020,40200,NULL,5,NULL,1,3,1,6,0,1,0,0,NULL,NULL,1,NULL,NULL,0,1,2,0.00,2,NULL,1,1,1,NULL,NULL,1,NULL,0.00,5,0.00,NULL,NULL,NULL,NULL,2,2,2,2,4,1,NULL,0.00,6,0.00,NULL,0.00,3,1,1,1,0.00,0.00,1,1,0.00,0.00,1,1,1,NULL,NULL,1,NULL,NULL,1,'2020-04-07 06:05:36','2020-05-11 17:55:24',NULL),(5700,8165,60,'Obra Social',4030,40300,NULL,5,NULL,1,2,1,3,0,1,0,0,NULL,NULL,1,NULL,NULL,0,1,2,0.00,3,NULL,1,1,1,NULL,NULL,1,NULL,0.00,5,0.00,NULL,NULL,NULL,NULL,2,2,3,2,4,1,32,0.00,6,0.00,NULL,0.00,3,1,1,1,0.00,0.00,1,1,0.00,0.00,1,1,1,NULL,NULL,1,NULL,NULL,1,'2020-04-07 06:05:36','2025-08-26 21:14:18',NULL),(5701,8165,60,'Sindicato',4040,40400,NULL,5,NULL,1,1,1,5,0,1,0,0,NULL,NULL,1,NULL,NULL,0,1,1,2.00,NULL,NULL,1,1,1,NULL,NULL,1,NULL,0.00,5,0.00,NULL,NULL,NULL,NULL,2,2,2,2,4,1,NULL,0.00,6,0.00,NULL,0.00,3,1,1,1,0.00,0.00,1,1,0.00,0.00,1,1,1,NULL,NULL,1,NULL,NULL,0,'2020-04-07 06:05:36','2020-05-13 14:43:36',NULL),(5702,8165,60,'Obra Social s/ No Rem',4100,41000,NULL,4,NULL,1,1,1,1,0,1,0,0,NULL,NULL,1,NULL,NULL,0,1,1,0.00,NULL,NULL,1,1,1,NULL,NULL,1,NULL,0.00,1,0.00,NULL,NULL,NULL,NULL,1,1,1,NULL,NULL,1,NULL,0.00,2,0.00,NULL,0.00,NULL,1,1,1,0.00,0.00,1,1,0.00,0.00,1,1,1,NULL,NULL,1,NULL,NULL,1,'2020-04-07 06:05:36','2020-04-07 06:05:36',NULL),(5703,8165,60,'Sindicato s/ No Rem',4150,41500,NULL,4,NULL,1,1,1,1,0,1,0,0,NULL,NULL,1,NULL,NULL,0,1,1,0.00,NULL,NULL,1,1,1,NULL,NULL,1,NULL,0.00,1,0.00,NULL,NULL,NULL,NULL,1,1,1,NULL,NULL,1,NULL,0.00,2,0.00,NULL,0.00,NULL,1,1,1,0.00,0.00,1,1,0.00,0.00,1,1,1,NULL,NULL,1,NULL,NULL,1,'2020-04-07 06:05:36','2020-04-07 06:05:36',NULL),(5704,8165,60,'Adicional Familiar a cargo Obra Social',4320,43200,NULL,4,NULL,1,1,1,1,0,1,0,0,NULL,NULL,1,NULL,NULL,0,1,1,0.00,NULL,NULL,1,1,1,NULL,NULL,1,NULL,0.00,1,0.00,NULL,NULL,NULL,NULL,1,1,1,NULL,NULL,1,NULL,0.00,2,0.00,NULL,0.00,NULL,1,1,1,0.00,0.00,1,1,0.00,0.00,1,1,1,NULL,NULL,1,NULL,NULL,1,'2020-04-07 06:05:36','2020-04-07 06:05:36',NULL),(5705,8165,60,'Embargo',4060,40600,NULL,5,NULL,2,1,1,1,0,1,0,0,NULL,NULL,1,NULL,NULL,0,1,1,0.00,NULL,NULL,1,1,1,NULL,NULL,1,NULL,0.00,1,0.00,NULL,NULL,NULL,NULL,1,1,1,NULL,NULL,1,NULL,0.00,2,0.00,NULL,0.00,NULL,1,1,1,0.00,0.00,1,1,0.00,0.00,1,1,1,NULL,NULL,1,NULL,NULL,1,'2020-04-07 06:05:36','2020-05-06 16:24:52',NULL),(5706,8165,60,'Beneficio Dto 561/19',4370,43700,NULL,4,NULL,1,1,1,1,0,1,0,0,NULL,NULL,1,NULL,NULL,0,1,1,0.00,NULL,NULL,1,1,1,NULL,NULL,1,NULL,0.00,1,0.00,NULL,NULL,NULL,NULL,1,1,1,NULL,NULL,1,NULL,0.00,2,0.00,NULL,0.00,NULL,1,1,1,0.00,0.00,1,1,0.00,0.00,1,1,1,NULL,NULL,1,NULL,NULL,1,'2020-04-07 06:05:36','2020-04-07 06:05:36',NULL);
INSERT INTO `syj_conceptos` VALUES (5707,8165,60,'Jubilación',5010,50100,NULL,6,NULL,1,1,1,1,0,0,0,0,NULL,NULL,1,NULL,NULL,0,1,1,0.00,NULL,NULL,1,1,1,NULL,NULL,1,NULL,0.00,1,0.00,NULL,NULL,NULL,NULL,1,1,1,NULL,NULL,1,NULL,0.00,2,0.00,NULL,0.00,NULL,1,1,1,0.00,0.00,1,1,0.00,0.00,1,1,1,NULL,NULL,1,NULL,NULL,1,'2020-04-07 06:05:36','2020-04-07 19:22:45',NULL),(5708,8165,60,'Fondo Nacional de Empleo',5020,50200,NULL,6,NULL,1,1,1,1,0,0,0,0,NULL,NULL,1,NULL,NULL,0,1,1,0.00,NULL,NULL,1,1,1,NULL,NULL,1,NULL,0.00,1,0.00,NULL,NULL,NULL,NULL,1,1,1,NULL,NULL,1,NULL,0.00,2,0.00,NULL,0.00,NULL,1,1,1,0.00,0.00,1,1,0.00,0.00,1,1,1,NULL,NULL,1,NULL,NULL,1,'2020-04-07 06:05:36','2020-05-06 16:16:34',NULL),(5709,8165,60,'INSSJP(Ley 19.032)',5030,50300,NULL,6,NULL,1,1,1,1,0,0,0,0,NULL,NULL,1,NULL,NULL,0,1,1,0.00,NULL,NULL,1,1,1,NULL,NULL,1,NULL,0.00,1,0.00,NULL,NULL,NULL,NULL,1,1,1,NULL,NULL,1,NULL,0.00,2,0.00,NULL,0.00,NULL,1,1,1,0.00,0.00,1,1,0.00,0.00,1,1,1,NULL,NULL,1,NULL,NULL,1,'2020-04-07 06:05:36','2020-05-06 16:17:07',NULL),(5710,8165,60,'Obra Social',5040,50400,NULL,6,NULL,1,1,1,1,0,0,0,0,NULL,NULL,1,NULL,NULL,0,1,1,0.00,NULL,NULL,1,1,1,NULL,NULL,1,NULL,0.00,1,0.00,NULL,NULL,NULL,NULL,1,1,1,NULL,NULL,1,NULL,0.00,2,0.00,NULL,0.00,NULL,1,1,1,0.00,0.00,1,1,0.00,0.00,1,1,1,NULL,NULL,1,NULL,NULL,1,'2020-04-07 06:05:36','2020-04-16 15:51:58',NULL),(5711,8165,60,'Asigs Familiares',5060,50600,NULL,6,NULL,1,1,1,1,0,0,0,0,NULL,NULL,1,NULL,NULL,0,1,1,0.00,NULL,NULL,1,1,1,NULL,NULL,1,NULL,0.00,1,0.00,NULL,NULL,NULL,NULL,1,1,1,NULL,NULL,1,NULL,0.00,2,0.00,NULL,0.00,NULL,1,1,1,0.00,0.00,1,1,0.00,0.00,1,1,1,NULL,NULL,1,NULL,NULL,1,'2020-04-07 06:05:36','2020-05-06 16:17:38',NULL),(5712,8165,60,'Porcentaje ART',5080,50800,NULL,6,NULL,1,1,1,1,0,0,0,0,NULL,NULL,1,NULL,NULL,0,1,1,0.00,NULL,NULL,1,1,1,NULL,NULL,1,NULL,0.00,1,0.00,NULL,NULL,NULL,NULL,1,1,1,NULL,NULL,1,NULL,0.00,2,0.00,NULL,0.00,NULL,1,1,1,0.00,0.00,1,1,0.00,0.00,1,1,1,NULL,NULL,1,NULL,NULL,1,'2020-04-07 06:05:36','2020-05-06 16:18:32',NULL),(5713,8165,60,'Obra Social s/ No Rem',5100,51000,NULL,6,NULL,1,1,1,1,0,0,0,0,NULL,NULL,1,NULL,NULL,0,1,1,0.00,NULL,NULL,1,1,1,NULL,NULL,1,NULL,0.00,1,0.00,NULL,NULL,NULL,NULL,1,1,1,NULL,NULL,1,NULL,0.00,2,0.00,NULL,0.00,NULL,1,1,1,0.00,0.00,1,1,0.00,0.00,1,1,1,NULL,NULL,1,NULL,NULL,1,'2020-04-07 06:05:36','2020-05-06 16:18:56',NULL),(5714,8165,60,'Inasistencias Por Enfermedad',1010,10100,NULL,2,NULL,1,1,1,1,0,1,1,0,NULL,NULL,1,NULL,NULL,0,1,3,0.00,NULL,NULL,1,1,1,NULL,NULL,1,NULL,0.00,2,0.00,NULL,NULL,17,NULL,1,1,1,NULL,NULL,1,NULL,0.00,6,0.00,NULL,0.00,2,1,1,1,0.00,0.00,1,1,0.00,0.00,1,1,1,NULL,NULL,1,NULL,NULL,1,'2020-04-07 06:05:36','2020-04-08 16:00:06',NULL),(5715,8165,60,'Inasistencias por Accidente de Trabajo',1020,10200,NULL,2,NULL,1,1,1,1,0,1,1,0,NULL,NULL,1,NULL,NULL,0,1,3,0.00,NULL,NULL,1,1,1,NULL,NULL,1,NULL,0.00,2,0.00,NULL,NULL,17,NULL,1,1,1,NULL,NULL,1,NULL,0.00,6,0.00,NULL,0.00,2,1,1,1,0.00,0.00,1,1,0.00,0.00,1,1,1,NULL,NULL,1,NULL,NULL,1,'2020-04-07 06:05:36','2020-04-08 16:01:25',NULL),(5716,8165,60,'Días Trabajados',1040,10400,NULL,2,NULL,1,1,1,1,0,1,1,0,NULL,NULL,1,NULL,NULL,0,1,2,0.00,34,NULL,2,2,3,NULL,NULL,1,NULL,0.00,2,0.00,NULL,NULL,17,NULL,1,1,1,NULL,NULL,1,NULL,0.00,1,0.00,8,0.00,NULL,1,1,1,0.00,0.00,1,1,0.00,0.00,1,1,1,NULL,NULL,1,NULL,NULL,1,'2020-04-07 06:05:36','2020-05-11 18:04:26',NULL),(5717,8165,60,'Horas Día Gremio',1110,11100,NULL,2,NULL,1,1,1,1,0,1,1,0,NULL,NULL,1,NULL,NULL,0,1,1,9.00,NULL,NULL,1,1,1,NULL,NULL,1,NULL,0.00,2,0.00,NULL,NULL,15,NULL,1,1,1,NULL,NULL,1,NULL,0.00,6,0.00,NULL,0.00,2,1,1,1,0.00,0.00,1,1,0.00,0.00,1,1,1,NULL,NULL,1,NULL,'En mes Septiembre, cuando se liquide dicho concepto se deberá ingresar manualmente en Dias Trabajados 29 dias.',1,'2020-04-07 06:05:36','2025-05-22 19:40:36',NULL);
INSERT INTO `syj_conceptos` VALUES (5718,8165,60,'Feriados Nacionales No Trabajados',1111,11109,NULL,2,NULL,1,1,1,1,0,1,1,0,NULL,NULL,1,NULL,NULL,0,1,3,0.00,NULL,NULL,1,1,1,NULL,NULL,1,NULL,0.00,2,0.00,NULL,NULL,18,NULL,1,1,1,NULL,NULL,1,NULL,0.00,6,0.00,NULL,0.00,2,1,1,1,0.00,0.00,1,1,0.00,0.00,1,1,1,NULL,NULL,1,NULL,'Se deberá informar por las novedades la cantidad de dias Feriados Nac. No Trabajados\r\nDicho concepto retorna como Valor, el Básico Diario.',1,'2020-04-07 06:05:36','2020-04-08 16:05:03',NULL),(5719,8165,60,'SAC',1120,11200,NULL,2,NULL,1,1,1,1,0,1,1,0,NULL,NULL,1,NULL,NULL,0,1,3,180.00,36,NULL,1,1,1,NULL,NULL,1,NULL,0.00,3,0.00,NULL,NULL,50,NULL,1,1,1,NULL,NULL,1,25,0.00,6,0.00,NULL,0.00,2,1,1,1,0.00,0.00,1,1,0.00,0.00,1,1,1,NULL,NULL,1,NULL,NULL,1,'2020-04-07 06:05:36','2024-12-14 02:53:28',NULL),(5720,8165,60,'Cuota Fija ART',5070,50700,NULL,6,NULL,1,1,1,1,0,0,0,0,NULL,NULL,1,NULL,NULL,0,1,1,0.00,NULL,NULL,1,1,1,NULL,NULL,1,NULL,0.00,1,0.00,NULL,NULL,NULL,NULL,1,1,1,NULL,NULL,1,NULL,0.00,2,0.00,NULL,0.00,NULL,1,1,1,0.00,0.00,1,1,0.00,0.00,1,1,1,NULL,NULL,1,NULL,NULL,1,'2020-04-07 06:05:36','2020-05-06 16:18:04',NULL),(5721,8165,60,'Basico',90,900,NULL,1,NULL,1,1,1,1,NULL,NULL,NULL,NULL,NULL,NULL,1,NULL,NULL,0,1,1,30.00,NULL,NULL,1,1,1,NULL,NULL,1,NULL,0.00,2,0.00,NULL,NULL,17,NULL,1,1,1,NULL,NULL,1,NULL,0.00,1,0.00,8,0.00,NULL,1,1,1,0.00,0.00,1,1,0.00,0.00,1,1,1,NULL,NULL,1,NULL,'Retorna el Basico Completo = 30 * Basico Diario',1,'2020-04-07 18:08:12','2020-04-17 11:34:51',NULL),(5722,8165,60,'Antigüedad',95,950,NULL,1,NULL,1,1,1,1,NULL,NULL,NULL,NULL,NULL,NULL,1,NULL,NULL,0,1,2,0.00,12,NULL,1,1,1,NULL,NULL,1,NULL,0.00,5,0.00,NULL,NULL,NULL,NULL,3,1,1,2,4,1,NULL,0.00,6,0.00,NULL,0.00,3,1,1,1,0.00,0.00,1,1,0.00,0.00,1,1,1,NULL,NULL,1,NULL,NULL,1,'2020-04-07 18:09:41','2020-04-23 15:52:08',NULL),(5723,8165,60,'Basico Diario Vacaciones',120,1200,NULL,1,NULL,1,1,1,1,NULL,NULL,NULL,NULL,NULL,NULL,1,NULL,NULL,0,1,1,1.00,NULL,NULL,1,1,1,NULL,NULL,1,NULL,0.00,2,0.00,NULL,NULL,17,NULL,1,1,1,NULL,NULL,1,NULL,0.00,6,0.00,NULL,0.00,2,1,1,1,0.00,0.00,1,1,0.00,0.00,1,1,1,NULL,NULL,1,NULL,NULL,1,'2020-04-08 16:09:47','2020-04-08 16:09:47',NULL),(5724,8165,60,'Sueldo Conformado Rem',110,1100,NULL,1,NULL,1,1,1,1,NULL,NULL,NULL,NULL,NULL,NULL,1,NULL,NULL,0,1,1,1.00,NULL,NULL,1,1,1,NULL,NULL,1,NULL,0.00,5,0.00,NULL,NULL,NULL,NULL,3,1,1,2,4,1,NULL,0.00,6,0.00,NULL,0.00,2,1,1,1,0.00,0.00,1,1,0.00,0.00,1,1,1,NULL,NULL,1,NULL,'Sumatoria de los conceptos de Control 80+90+100',1,'2020-04-08 16:21:05','2020-04-24 19:39:03',NULL),(5725,8165,60,'Presentismo',240,2400,NULL,1,NULL,1,1,1,1,NULL,NULL,NULL,NULL,NULL,NULL,1,NULL,NULL,0,1,1,8.33,NULL,NULL,1,1,1,NULL,NULL,1,NULL,0.00,5,0.00,NULL,NULL,NULL,NULL,3,1,1,2,4,1,NULL,0.00,6,0.00,NULL,0.00,3,1,1,1,0.00,0.00,1,1,0.00,0.00,1,1,1,NULL,NULL,1,NULL,NULL,1,'2020-04-08 16:22:54','2020-04-24 19:39:39',NULL),(5726,8165,60,'Antiguedad',1050,11113,NULL,2,NULL,1,1,1,1,1,1,1,NULL,NULL,NULL,1,NULL,NULL,0,1,2,0.00,12,NULL,1,1,1,NULL,NULL,1,NULL,0.00,5,0.00,NULL,NULL,NULL,NULL,3,2,2,2,4,1,NULL,0.00,6,0.00,NULL,0.00,3,1,1,1,0.00,0.00,1,1,0.00,0.00,1,1,1,NULL,NULL,1,NULL,NULL,1,'2020-04-16 13:57:29','2020-05-08 13:36:53',NULL),(5727,8165,60,'Acuerdo CCT 130/75 febrero/2020',1241,12410,NULL,2,NULL,1,1,1,1,NULL,NULL,NULL,NULL,NULL,NULL,1,NULL,NULL,0,1,1,1.00,NULL,NULL,1,1,1,NULL,NULL,1,NULL,0.00,3,2000.00,NULL,NULL,NULL,NULL,1,1,1,NULL,NULL,1,NULL,0.00,6,0.00,NULL,0.00,2,1,1,1,0.00,0.00,1,1,0.00,0.00,1,1,1,NULL,NULL,1,NULL,NULL,1,'2020-04-16 15:21:14','2020-05-13 12:57:45',NULL),(5728,8165,60,'Horas Extras comunes',1075,11120,NULL,2,NULL,1,1,1,1,NULL,NULL,NULL,NULL,NULL,NULL,1,NULL,NULL,1,1,3,0.00,NULL,NULL,1,1,1,NULL,NULL,1,NULL,0.00,2,0.00,NULL,NULL,31,NULL,3,1,1,2,4,1,1,0.00,6,0.00,NULL,0.00,2,1,1,1,0.00,0.00,1,1,0.00,0.00,1,1,1,NULL,NULL,1,NULL,NULL,1,'2020-04-17 11:52:46','2020-04-24 19:54:47',NULL);
INSERT INTO `syj_conceptos` VALUES (5729,8165,60,'Sueldo Conformado No Rem',170,1700,NULL,1,NULL,1,1,1,1,NULL,NULL,NULL,NULL,NULL,NULL,1,NULL,NULL,0,1,1,1.00,NULL,NULL,1,1,1,NULL,NULL,1,NULL,0.00,5,0.00,NULL,NULL,NULL,NULL,3,1,1,2,4,1,NULL,0.00,6,0.00,NULL,0.00,2,1,1,1,0.00,0.00,1,1,0.00,0.00,1,1,1,NULL,NULL,1,NULL,NULL,1,'2020-04-19 10:08:56','2020-05-06 20:02:12',NULL),(5730,8165,60,'Antigüedad No Rem',175,1750,NULL,1,NULL,1,1,1,1,NULL,NULL,NULL,NULL,NULL,NULL,1,NULL,NULL,0,1,2,0.00,12,NULL,1,1,1,NULL,NULL,1,NULL,0.00,5,0.00,NULL,NULL,NULL,NULL,3,3,3,2,4,1,NULL,0.00,6,0.00,NULL,0.00,3,2,4,2,-2.00,0.00,1,1,0.00,0.00,3,1,1,2,2,1,NULL,NULL,1,'2020-04-19 10:13:32','2020-05-06 20:03:13',NULL),(5731,8165,60,'SAC Indemnización Integración Mes de Despido',2015,20150,NULL,3,NULL,1,1,1,1,NULL,NULL,NULL,NULL,NULL,NULL,1,NULL,NULL,0,1,3,0.00,NULL,NULL,1,1,1,NULL,NULL,1,NULL,0.00,5,1.00,NULL,NULL,NULL,NULL,3,1,1,2,4,1,3,0.00,6,0.00,NULL,0.00,2,1,1,1,0.00,0.00,1,1,0.00,0.00,1,1,1,NULL,NULL,1,NULL,NULL,1,'2020-04-24 17:49:56','2020-04-30 12:52:11',NULL),(5732,8165,60,'Indemnizacion por Antigüedad',2130,21300,NULL,3,NULL,1,1,1,1,NULL,NULL,NULL,NULL,NULL,NULL,1,NULL,NULL,0,1,2,0.00,14,NULL,1,1,1,NULL,NULL,1,NULL,0.00,2,0.00,NULL,NULL,39,NULL,1,1,1,NULL,NULL,1,28,0.00,6,0.00,NULL,0.00,2,1,1,1,0.00,0.00,1,1,0.00,0.00,1,1,1,NULL,NULL,1,NULL,NULL,1,'2020-04-24 20:24:27','2024-12-05 01:45:15',NULL),(5733,8165,60,'Presentismo No Rem',180,1800,NULL,1,NULL,1,1,1,1,NULL,NULL,NULL,NULL,NULL,NULL,1,NULL,NULL,0,1,1,8.33,NULL,NULL,1,1,1,NULL,NULL,1,NULL,0.00,5,0.00,NULL,NULL,NULL,NULL,3,1,1,2,4,1,NULL,0.00,6,0.00,NULL,0.00,3,1,1,1,0.00,0.00,1,1,0.00,0.00,1,1,1,NULL,NULL,1,NULL,NULL,1,'2020-05-06 15:50:49','2020-05-06 20:04:04',NULL),(5734,8165,60,'VIATICOS',2002,1702,NULL,3,NULL,1,1,1,1,NULL,NULL,NULL,NULL,NULL,NULL,1,NULL,NULL,0,0,3,0.00,NULL,NULL,1,1,1,NULL,NULL,1,NULL,0.00,3,199.08,NULL,NULL,NULL,NULL,1,1,1,NULL,NULL,1,NULL,0.00,6,0.00,NULL,0.00,2,1,1,1,0.00,0.00,1,1,0.00,0.00,1,1,1,NULL,NULL,1,NULL,NULL,0,'2020-05-06 19:26:24','2022-12-07 04:23:44',NULL),(5735,8165,60,'Cuota Sindicato UGATS',4050,40500,NULL,5,NULL,1,1,1,5,NULL,NULL,NULL,NULL,NULL,NULL,1,NULL,NULL,0,0,1,2.00,NULL,NULL,1,1,1,NULL,NULL,1,1,0.00,5,0.00,NULL,NULL,NULL,NULL,2,2,2,2,4,1,NULL,0.00,6,0.00,NULL,0.00,3,1,1,1,0.00,0.00,1,1,0.00,0.00,1,1,1,NULL,NULL,1,NULL,NULL,1,'2020-05-12 17:20:52','2025-05-26 14:14:39',NULL),(5736,8165,60,'Jornales',1041,10401,NULL,2,NULL,1,1,1,1,0,1,1,0,NULL,NULL,1,NULL,NULL,0,1,1,12.00,37,NULL,2,2,3,NULL,NULL,1,NULL,0.00,2,0.00,NULL,NULL,15,NULL,1,1,1,NULL,NULL,1,NULL,0.00,6,0.00,1,0.00,2,1,1,1,0.00,0.00,1,1,0.00,0.00,1,1,1,NULL,NULL,1,NULL,NULL,1,'2020-04-07 06:05:36','2025-10-29 10:32:43',NULL),(5737,8165,60,'REFRIGERIO',2001,1701,NULL,3,NULL,1,1,1,1,NULL,NULL,NULL,NULL,NULL,NULL,1,NULL,NULL,1,0,3,0.00,NULL,NULL,1,1,1,NULL,NULL,1,NULL,0.00,3,103.55,NULL,NULL,NULL,NULL,1,1,1,NULL,NULL,1,NULL,0.00,6,0.00,NULL,0.00,2,1,1,1,0.00,0.00,1,1,0.00,0.00,1,1,1,NULL,NULL,1,NULL,NULL,0,'2020-05-06 19:26:24','2022-12-07 04:23:59',NULL),(5738,8165,60,'Plus Feriado',1115,11150,NULL,2,NULL,1,1,1,1,NULL,NULL,NULL,NULL,NULL,NULL,1,NULL,NULL,1,1,3,0.00,NULL,NULL,1,1,1,NULL,NULL,1,NULL,0.00,2,0.00,NULL,NULL,48,NULL,1,1,1,NULL,NULL,1,NULL,0.00,6,0.00,NULL,0.00,2,1,1,1,0.00,0.00,1,1,0.00,0.00,1,1,1,NULL,NULL,1,NULL,NULL,1,'2022-11-29 12:46:21','2022-11-29 12:46:21',NULL),(5739,8165,60,'Feriado',1042,10402,NULL,2,NULL,1,1,1,1,0,1,1,0,NULL,NULL,1,NULL,NULL,0,1,1,0.00,37,NULL,2,2,3,NULL,NULL,1,NULL,0.00,2,0.00,NULL,NULL,17,NULL,1,1,1,NULL,NULL,1,NULL,0.00,6,0.00,1,0.00,2,1,1,1,0.00,0.00,1,1,0.00,0.00,1,1,1,NULL,NULL,1,NULL,NULL,1,'2020-04-07 09:05:36','2025-10-29 10:32:31',NULL),(5740,8165,60,'Inasistencias',1043,10403,NULL,2,NULL,1,1,1,1,0,1,1,0,NULL,NULL,1,NULL,NULL,0,1,1,6.00,37,NULL,2,2,3,NULL,NULL,1,NULL,0.00,2,0.00,NULL,NULL,15,NULL,1,1,1,NULL,NULL,1,NULL,0.00,6,0.00,13,-1.00,2,1,1,1,0.00,0.00,1,1,0.00,0.00,1,1,1,NULL,NULL,1,NULL,NULL,1,'2020-04-07 12:05:36','2025-10-29 10:32:16',NULL);
INSERT INTO `syj_conceptos` VALUES (5741,8165,60,'Seguro de Vida',4051,40501,NULL,5,NULL,1,1,1,2,NULL,NULL,NULL,NULL,NULL,NULL,1,NULL,NULL,0,0,1,2.00,NULL,NULL,1,1,1,NULL,NULL,1,1,0.00,7,0.00,124,1,15,NULL,2,2,2,2,4,1,NULL,0.00,6,0.00,NULL,0.00,3,1,1,1,0.00,0.00,1,1,0.00,0.00,1,1,1,NULL,NULL,1,NULL,NULL,0,'2020-05-12 20:20:52','2025-05-26 14:03:52',NULL),(5742,8165,60,'Horas Enfermedad',1044,10404,NULL,2,NULL,1,1,1,1,0,1,1,0,NULL,NULL,1,NULL,NULL,0,1,3,0.00,37,NULL,2,2,3,NULL,NULL,1,NULL,0.00,2,0.00,NULL,NULL,17,NULL,1,1,1,NULL,NULL,1,NULL,0.00,6,0.00,13,-1.00,2,1,1,1,0.00,0.00,1,1,0.00,0.00,1,1,1,NULL,NULL,1,NULL,NULL,1,'2020-04-07 15:05:36','2022-12-08 15:00:25',NULL),(5743,8165,60,'Horas ART',1046,10406,NULL,2,NULL,1,1,1,1,0,1,1,0,NULL,NULL,1,NULL,NULL,0,1,3,0.00,37,NULL,2,2,3,NULL,NULL,1,NULL,0.00,2,0.00,NULL,NULL,17,NULL,1,1,1,NULL,NULL,1,NULL,0.00,6,0.00,13,-1.00,2,1,1,1,0.00,0.00,1,1,0.00,0.00,1,1,1,NULL,NULL,1,NULL,NULL,1,'2020-04-07 18:05:36','2022-12-08 15:00:57',NULL),(5744,8165,60,'Asig No Rem - Dto 841/2022',2951,29501,63,3,NULL,1,1,1,1,0,0,0,0,NULL,NULL,1,NULL,NULL,0,1,1,0.00,NULL,NULL,1,1,1,NULL,NULL,1,NULL,0.00,1,13057.00,NULL,NULL,NULL,NULL,1,1,1,NULL,NULL,1,NULL,0.00,6,0.00,NULL,0.00,9,1,1,1,0.00,0.00,1,1,0.00,0.00,1,1,1,NULL,NULL,1,NULL,NULL,1,'2020-04-07 09:05:36','2023-09-11 22:55:48',NULL),(5745,8165,60,'Dif Obra Social',4031,40301,NULL,5,NULL,1,2,1,3,0,1,0,0,NULL,NULL,1,NULL,NULL,0,1,1,0.00,3,NULL,1,1,1,NULL,NULL,1,NULL,0.00,1,4707.31,NULL,NULL,NULL,NULL,2,2,2,2,4,1,1,0.00,6,0.00,NULL,0.00,9,1,1,1,0.00,0.00,1,1,0.00,0.00,1,1,1,NULL,NULL,1,NULL,NULL,0,'2020-04-07 09:05:36','2025-05-26 14:03:43',NULL),(5746,8165,60,'SAC Proporcional',1121,11201,NULL,2,NULL,1,1,1,1,0,1,1,0,NULL,NULL,1,NULL,NULL,0,1,1,136.00,36,NULL,1,1,1,NULL,NULL,1,NULL,0.00,1,286920.71,NULL,NULL,38,NULL,1,1,1,NULL,NULL,1,1,0.00,6,0.00,NULL,0.00,9,1,1,1,0.00,0.00,1,1,0.00,0.00,1,1,1,NULL,NULL,1,NULL,NULL,1,'2020-04-07 09:05:36','2025-05-22 19:41:08',NULL),(5747,8165,60,'Asig No Remunerativa Dto 438/23',2952,29502,63,3,NULL,1,1,1,1,0,0,0,0,NULL,NULL,1,NULL,NULL,0,1,1,0.00,NULL,NULL,1,1,1,NULL,NULL,1,NULL,0.00,1,15074.00,NULL,NULL,NULL,NULL,1,1,1,NULL,NULL,1,NULL,0.00,6,0.00,NULL,0.00,9,1,1,1,0.00,0.00,1,1,0.00,0.00,1,1,1,NULL,NULL,1,NULL,NULL,1,'2020-04-07 12:05:36','2023-09-27 22:13:46',NULL),(5748,8165,60,'Ajuste SAC',1122,11202,NULL,2,NULL,1,1,1,1,0,1,1,0,NULL,NULL,1,NULL,NULL,0,1,1,0.00,36,NULL,1,1,1,NULL,NULL,1,NULL,0.00,3,0.00,NULL,NULL,38,NULL,1,1,1,NULL,NULL,1,1,0.00,6,0.00,NULL,0.00,9,1,1,1,0.00,0.00,1,1,0.00,0.00,1,1,1,NULL,NULL,1,NULL,NULL,1,'2020-04-07 12:05:36','2023-12-28 01:42:10',NULL),(5749,8165,60,'Ajuste Retroactivo',1123,11203,NULL,2,NULL,1,1,1,1,0,1,1,0,NULL,NULL,1,NULL,NULL,0,1,1,0.00,36,NULL,1,1,1,NULL,NULL,1,NULL,0.00,3,0.00,NULL,NULL,38,NULL,1,1,1,NULL,NULL,1,1,0.00,6,0.00,NULL,0.00,9,1,1,1,0.00,0.00,1,1,0.00,0.00,1,1,1,NULL,NULL,1,NULL,NULL,1,'2020-04-07 15:05:36','2025-02-24 23:03:28',NULL),(5750,8165,60,'Ajuste Seguro de Vida',4052,40502,NULL,5,NULL,1,1,1,2,NULL,NULL,NULL,NULL,NULL,NULL,1,NULL,NULL,0,0,1,0.00,NULL,NULL,1,1,1,NULL,NULL,1,1,0.00,1,209.12,124,1,15,NULL,2,2,2,2,4,1,NULL,0.00,6,0.00,NULL,0.00,9,1,1,1,0.00,0.00,1,1,0.00,0.00,1,1,1,NULL,NULL,1,NULL,NULL,1,'2020-05-12 23:20:52','2025-03-25 23:06:05',NULL),(5751,8165,60,'Bono',2621,26201,NULL,3,NULL,1,1,1,1,0,1,0,0,NULL,NULL,1,NULL,NULL,0,1,1,1.00,36,NULL,1,1,1,NULL,NULL,1,NULL,0.00,1,20000.00,NULL,NULL,NULL,NULL,3,1,1,2,4,1,NULL,0.00,6,0.00,NULL,0.00,9,1,1,1,0.00,0.00,1,1,0.00,0.00,1,1,1,NULL,NULL,1,NULL,NULL,1,'2020-04-07 09:05:36','2025-05-22 20:01:21',NULL);
INSERT INTO `syj_conceptos` VALUES (5752,8165,60,'Vacaciones No Gozadas A.A',2103,20003,NULL,3,NULL,1,1,1,1,0,1,0,0,NULL,NULL,1,NULL,NULL,0,1,1,0.00,NULL,NULL,1,1,1,NULL,NULL,1,1,0.00,1,0.00,NULL,NULL,NULL,NULL,3,1,1,2,4,1,1,0.00,6,0.00,NULL,0.00,2,1,1,1,0.00,0.00,1,1,0.00,0.00,1,1,1,NULL,NULL,1,NULL,'En caso de Liquidar Final sin contar con Liquidaciones de meses anteriores, se deberá cambiar la configuración de la solapa valor unitario por Orgien del Valor: A INGRESAR.',1,'2020-04-07 09:05:36','2025-03-25 23:13:56',NULL),(5753,8165,60,'SAC Vacaciones No Gozadas A.A',2104,200004,NULL,3,NULL,1,1,1,1,0,1,0,0,NULL,NULL,1,NULL,NULL,0,1,1,1.00,NULL,NULL,1,1,1,NULL,NULL,1,NULL,0.00,5,0.00,NULL,NULL,NULL,NULL,3,1,1,2,4,1,3,0.00,6,0.00,NULL,0.00,2,1,1,1,0.00,0.00,1,1,0.00,0.00,1,1,1,NULL,NULL,1,NULL,NULL,1,'2020-04-07 09:05:36','2025-01-23 23:50:07',NULL),(5754,8165,60,'Fondo por Desempleo',2622,26202,NULL,3,NULL,1,1,1,1,0,1,0,0,NULL,NULL,1,NULL,NULL,0,1,1,8.00,36,NULL,1,1,1,NULL,NULL,1,NULL,0.00,1,642017.51,NULL,NULL,NULL,NULL,3,1,1,2,4,1,NULL,0.00,6,0.00,NULL,0.00,9,1,1,1,0.00,0.00,1,1,0.00,0.00,1,1,1,NULL,NULL,1,NULL,NULL,1,'2020-04-07 12:05:36','2025-05-22 20:00:56',NULL),(5755,8165,38,'Suma Fija No Rem. Acuerdo',2504,25004,62,3,NULL,1,1,1,1,NULL,NULL,NULL,NULL,NULL,NULL,1,NULL,NULL,0,1,1,30.00,NULL,NULL,1,1,1,NULL,NULL,1,1,0.00,2,0.00,220,1,22,NULL,3,1,1,2,4,1,5,0.00,6,0.00,1,0.00,2,1,1,1,0.00,0.00,1,1,0.00,0.00,3,1,1,2,2,1,NULL,NULL,1,'2022-12-02 05:30:29','2025-08-26 19:28:55',NULL),(5756,8165,57,'Suma No Rem',2499,24999,62,3,NULL,1,1,1,1,NULL,NULL,NULL,NULL,NULL,NULL,1,NULL,NULL,0,1,1,30.00,NULL,NULL,1,1,1,NULL,NULL,1,1,0.00,2,0.00,220,1,21,NULL,3,1,1,2,4,1,5,0.00,6,0.00,1,0.00,2,1,1,1,0.00,0.00,1,1,0.00,0.00,3,1,1,2,2,1,NULL,NULL,1,'2022-12-02 08:30:29','2025-08-26 21:56:37',NULL),(5757,8165,57,'Ajuste Retro No Rem',2498,24998,62,3,NULL,1,1,1,1,NULL,NULL,NULL,NULL,NULL,NULL,1,NULL,NULL,0,1,1,30.00,NULL,NULL,1,1,1,NULL,NULL,1,1,0.00,2,0.00,220,1,22,NULL,3,1,1,2,4,1,5,0.00,6,0.00,1,0.00,2,1,1,1,0.00,0.00,1,1,0.00,0.00,3,1,1,2,2,1,NULL,NULL,1,'2022-12-02 11:30:29','2025-05-27 22:18:55',NULL),(5758,8165,16,'Sueldo Basico',1047,10407,NULL,2,NULL,1,1,1,1,0,1,1,0,NULL,NULL,1,NULL,NULL,0,0,1,30.00,37,NULL,2,2,3,NULL,NULL,1,NULL,0.00,2,0.00,NULL,NULL,15,NULL,1,1,1,NULL,NULL,1,5,0.00,6,0.00,1,0.00,2,1,1,1,0.00,0.00,1,1,0.00,0.00,1,1,1,NULL,NULL,1,NULL,NULL,1,'2020-04-07 06:05:36','2025-07-29 19:34:13',NULL),(5759,8165,42,'Bono Trimestral No Rem',2927,29207,63,3,NULL,1,1,1,1,1,1,0,0,NULL,NULL,1,NULL,NULL,0,1,1,30.00,NULL,NULL,1,1,1,NULL,NULL,1,NULL,0.00,2,0.00,NULL,NULL,22,NULL,1,1,1,NULL,NULL,1,1,0.00,6,0.00,NULL,0.00,9,1,1,1,0.00,0.00,1,1,0.00,0.00,1,1,1,NULL,NULL,1,NULL,NULL,1,'2020-04-07 15:05:35','2025-09-21 23:24:57',NULL),(5760,8165,39,'Ajuste Suma No Remunerativa',2921,29201,NULL,3,NULL,1,1,1,1,1,1,0,0,NULL,NULL,1,NULL,NULL,0,1,1,0.00,NULL,NULL,1,1,1,NULL,NULL,1,NULL,0.00,2,0.00,NULL,NULL,20,NULL,1,1,1,NULL,NULL,1,NULL,0.00,6,0.00,NULL,0.00,9,1,1,1,0.00,0.00,1,1,0.00,0.00,1,1,1,NULL,NULL,1,NULL,NULL,0,'2020-04-07 09:05:35','2025-10-28 17:55:43',NULL),(5761,8165,47,'Ajuste Suma No Remunerativa',2921,29201,NULL,3,NULL,1,1,1,1,1,1,0,0,NULL,NULL,1,NULL,NULL,0,1,1,0.00,NULL,NULL,1,1,1,NULL,NULL,1,NULL,0.00,3,0.00,NULL,NULL,20,NULL,1,1,1,NULL,NULL,1,1,0.00,6,0.00,NULL,0.00,9,1,1,1,0.00,0.00,1,1,0.00,0.00,1,1,1,NULL,NULL,1,NULL,NULL,1,'2020-04-07 09:05:35','2025-10-28 23:47:47',NULL);

--
-- Table structure for table `syj_conceptos_afip`
--

CREATE TABLE `syj_conceptos_afip` (
  `id` int(10) unsigned NOT NULL AUTO_INCREMENT,
  `codigo` varchar(191) COLLATE utf8mb4_unicode_ci NOT NULL,
  `descripcion` varchar(191) COLLATE utf8mb4_unicode_ci NOT NULL,
  `tipo` varchar(191) COLLATE utf8mb4_unicode_ci NOT NULL,
  `habilitado` tinyint(1) NOT NULL DEFAULT '1',
  `marca_repet` int(11) NOT NULL,
  `sipa_apor` int(11) NOT NULL,
  `sipa_cont` int(11) NOT NULL,
  `inssjyp_apor` int(11) NOT NULL,
  `inssjyp_cont` int(11) NOT NULL,
  `ooss_apor` int(11) NOT NULL,
  `ooss_cont` int(11) NOT NULL,
  `fondo_sol_red_apor` int(11) NOT NULL,
  `fondo_sol_red_cont` int(11) NOT NULL,
  `renatea_apor` int(11) NOT NULL,
  `renatea_cont` int(11) NOT NULL,
  `libre_1` int(11) NOT NULL,
  `asig_fam_con` int(11) NOT NULL,
  `libre_2` int(11) NOT NULL,
  `fondo_nac_emp_cont` int(11) NOT NULL,
  `libre_3` int(11) NOT NULL,
  `lrt_cont` int(11) NOT NULL,
  `regim_dif_aport` int(11) NOT NULL,
  `libre_4` int(11) NOT NULL,
  `regim_esp_apor` int(11) NOT NULL,
  `libre_5` int(11) NOT NULL,
  `created_at` timestamp NULL DEFAULT NULL,
  `updated_at` timestamp NULL DEFAULT NULL,
  `deleted_at` timestamp NULL DEFAULT NULL,
  PRIMARY KEY (`id`)
) ENGINE=InnoDB AUTO_INCREMENT=77 DEFAULT CHARSET=utf8mb4 COLLATE=utf8mb4_unicode_ci;

--
-- Dumping data for table `syj_conceptos_afip`
--

INSERT INTO `syj_conceptos_afip` VALUES (1,'110000','Sueldo','Remunerativos',1,0,1,1,1,1,1,1,1,1,1,1,0,1,0,1,0,1,0,1,0,0,NULL,'2022-11-29 09:46:27',NULL),(2,'110001','Preaviso','Remunerativos',1,0,1,1,1,1,1,1,1,1,1,1,0,1,0,1,0,1,0,1,0,0,NULL,'2022-11-29 09:46:27',NULL),(3,'110002','Remuneraciones en especie','Remunerativos',1,0,1,1,1,1,1,1,1,1,1,1,0,1,0,1,0,1,0,1,0,0,NULL,'2022-11-29 09:46:27',NULL),(4,'110003','Comida','Remunerativos',1,0,1,1,1,1,1,1,1,1,1,1,0,1,0,1,0,1,0,1,0,0,NULL,'2022-11-29 09:46:27',NULL),(5,'110004','Habitación','Remunerativos',1,0,1,1,1,1,1,1,1,1,1,1,0,1,0,1,0,1,0,1,0,0,NULL,'2022-11-29 09:46:27',NULL),(6,'110005','Licencias por estudio','Remunerativos',1,0,1,1,1,1,1,1,1,1,1,1,0,1,0,1,0,1,0,1,0,0,NULL,'2022-11-29 09:46:27',NULL),(7,'110006','Donación de sangre','Remunerativos',1,0,1,1,1,1,1,1,1,1,1,1,0,1,0,1,0,1,0,1,0,0,NULL,'2022-11-29 09:46:27',NULL),(8,'110007','Feriado','Remunerativos',1,0,1,1,1,1,1,1,1,1,1,1,0,1,0,1,0,1,0,1,0,0,NULL,'2022-11-29 09:46:27',NULL),(9,'110008','Prest. Dineraria Ley 24577 (primeros 10d)','Remunerativos',1,0,1,1,1,1,1,1,1,1,1,1,0,1,0,1,0,1,0,1,0,0,NULL,'2022-11-29 09:46:27',NULL),(10,'110009','Prest. Dineraria Ley 24577 (a cargo de ART)','Remunerativos',1,0,1,1,1,1,1,1,1,1,1,1,0,1,0,1,0,1,0,1,0,0,NULL,'2022-11-29 09:46:27',NULL),(11,'120000','Sueldo anual complementario','Remunerativos',1,0,1,1,1,1,1,1,1,1,1,1,0,1,0,1,0,1,0,1,0,0,NULL,'2022-11-29 09:46:27',NULL),(12,'120001','SAC 1er semestre','Remunerativos',1,0,1,1,1,1,1,1,1,1,1,1,0,1,0,1,0,1,0,1,0,0,NULL,'2022-11-29 09:46:27',NULL),(13,'120002','SAC 2do semestre','Remunerativos',1,0,1,1,1,1,1,1,1,1,1,1,0,1,0,1,0,1,0,1,0,0,NULL,'2022-11-29 09:46:27',NULL),(14,'120003','SAC proporcional','Remunerativos',1,0,1,1,1,1,1,1,1,1,1,1,0,1,0,1,0,1,0,1,0,0,NULL,'2022-11-29 09:46:27',NULL),(15,'130000','Horas extras','Remunerativos',1,0,1,1,1,1,1,1,1,1,1,1,0,1,0,1,0,1,0,1,0,0,NULL,'2022-11-29 09:46:27',NULL),(16,'130001','Horas extras al 50 %','Remunerativos',1,0,1,1,1,1,1,1,1,1,1,1,0,1,0,1,0,1,0,1,0,0,NULL,'2022-11-29 09:46:27',NULL),(17,'130002','Horas extras al 100 %','Remunerativos',1,0,1,1,1,1,1,1,1,1,1,1,0,1,0,1,0,1,0,1,0,0,NULL,'2022-11-29 09:46:27',NULL),(18,'130003','Horas extras al 200 %','Remunerativos',1,0,1,1,1,1,1,1,1,1,1,1,0,1,0,1,0,1,0,1,0,0,NULL,'2022-11-29 09:46:27',NULL),(19,'140000','Zona desfavorable','Remunerativos',1,0,1,1,1,1,1,1,1,1,1,1,0,1,0,1,0,1,0,1,0,0,NULL,'2022-11-29 09:46:27',NULL),(20,'150000','Adelanto vacacional','Remunerativos',1,0,1,1,1,1,1,1,1,1,1,1,0,1,0,1,0,1,0,1,0,0,NULL,'2022-11-29 09:46:27',NULL),(21,'160000','Adicionales','Remunerativos',1,0,1,1,1,1,1,1,1,1,1,1,0,1,0,1,0,1,0,1,0,0,NULL,'2022-11-29 09:46:27',NULL),(22,'160001','Adicional por antigüedad','Remunerativos',1,0,1,1,1,1,1,1,1,1,1,1,0,1,0,1,0,1,0,1,0,0,NULL,'2022-11-29 09:46:27',NULL),(23,'160002','Adicional por título','Remunerativos',1,0,1,1,1,1,1,1,1,1,1,1,0,1,0,1,0,1,0,1,0,0,NULL,'2022-11-29 09:46:27',NULL),(24,'160003','Adicional por tarea','Remunerativos',1,0,1,1,1,1,1,1,1,1,1,1,0,1,0,1,0,1,0,1,0,0,NULL,'2022-11-29 09:46:27',NULL),(25,'160004','Adicional por desarraigo','Remunerativos',1,0,1,1,1,1,1,1,1,1,1,1,0,1,0,1,0,1,0,1,0,0,NULL,'2022-11-29 09:46:27',NULL),(26,'170000','Gratificaciones y/o Premios','Remunerativos',1,0,1,1,1,1,1,1,1,1,1,1,0,1,0,1,0,1,0,1,0,0,NULL,'2022-11-29 09:46:27',NULL),(27,'170001','Premio por presentismo','Remunerativos',1,0,1,1,1,1,1,1,1,1,1,1,0,1,0,1,0,1,0,1,0,0,NULL,'2022-11-29 09:46:27',NULL),(28,'170002','Premio por producción','Remunerativos',1,0,1,1,1,1,1,1,1,1,1,1,0,1,0,1,0,1,0,1,0,0,NULL,'2022-11-29 09:46:27',NULL),(29,'170003','Comisiones','Remunerativos',1,0,1,1,1,1,1,1,1,1,1,1,0,1,0,1,0,1,0,1,0,0,NULL,'2022-11-29 09:46:27',NULL),(30,'170004','Accesorios','Remunerativos',1,0,1,1,1,1,1,1,1,1,1,1,0,1,0,1,0,1,0,1,0,0,NULL,'2022-11-29 09:46:27',NULL),(31,'170005','Viáticos sin comprobante','Remunerativos',1,0,1,1,1,1,1,1,1,1,1,1,0,1,0,1,0,1,0,1,0,0,NULL,'2022-11-29 09:46:27',NULL);
INSERT INTO `syj_conceptos_afip` VALUES (32,'170006','Propinas habituales no prohibidas','Remunerativos',1,0,1,1,1,1,1,1,1,1,1,1,0,1,0,1,0,1,0,1,0,0,NULL,'2022-11-29 09:46:27',NULL),(33,'499999','Redondeo (Remunerativo)','Remunerativos',1,0,1,1,1,1,1,1,1,1,1,1,0,1,0,1,0,1,0,1,0,0,NULL,'2022-11-29 09:46:27',NULL),(34,'510000','Asignaciones Familiares','No remunerativos',1,0,0,0,0,0,0,0,0,0,0,0,0,0,0,0,0,0,0,0,0,0,NULL,NULL,NULL),(35,'510001','Ayuda escolar','No remunerativos',1,0,0,0,0,0,0,0,0,0,0,0,0,0,0,0,0,0,0,0,0,0,NULL,NULL,NULL),(36,'510002','Asignación por hijo/hijo con discapacidad','No remunerativos',1,0,0,0,0,0,0,0,0,0,0,0,0,0,0,0,0,0,0,0,0,0,NULL,NULL,NULL),(37,'510003','Asignación por maternidad','No remunerativos',1,0,0,0,0,0,0,0,0,0,0,0,0,0,0,0,0,0,0,0,0,0,NULL,NULL,NULL),(38,'510004','Asignación por maternidad down','No remunerativos',1,0,0,0,0,0,0,0,0,0,0,0,0,0,0,0,0,0,0,0,0,0,NULL,NULL,NULL),(39,'510005','Asignación por matrimonio','No remunerativos',1,0,0,0,0,0,0,0,0,0,0,0,0,0,0,0,0,0,0,0,0,0,NULL,NULL,NULL),(40,'510006','Asignación por nacimiento / adopción','No remunerativos',1,0,0,0,0,0,0,0,0,0,0,0,0,0,0,0,0,0,0,0,0,0,NULL,NULL,NULL),(41,'510007','Asignación por prenatal','No remunerativos',1,0,0,0,0,0,0,0,0,0,0,0,0,0,0,0,0,0,0,0,0,0,NULL,NULL,NULL),(42,'520000','Beneficios sociales','No remunerativos',1,0,0,0,0,0,0,0,0,0,0,0,0,0,0,0,0,0,0,0,0,0,NULL,NULL,NULL),(43,'520001','Servicio de comedor','No remunerativos',1,0,0,0,0,0,0,0,0,0,0,0,0,0,0,0,0,0,0,0,0,0,NULL,NULL,NULL),(44,'520002','Gastos médicos','No remunerativos',1,0,0,0,0,0,0,0,0,0,0,0,0,0,0,0,0,0,0,0,0,0,NULL,NULL,NULL),(45,'520003','Provisión de ropa de trabajo','No remunerativos',1,0,0,0,0,0,0,0,0,0,0,0,0,0,0,0,0,0,0,0,0,0,NULL,NULL,NULL),(46,'520004','Guardería','No remunerativos',1,0,0,0,0,0,0,0,0,0,0,0,0,0,0,0,0,0,0,0,0,0,NULL,NULL,NULL),(47,'520005','Provisión de útiles escolares','No remunerativos',1,0,0,0,0,0,0,0,0,0,0,0,0,0,0,0,0,0,0,0,0,0,NULL,NULL,NULL),(48,'520006','Gastos de sepelio','No remunerativos',1,0,0,0,0,0,0,0,0,0,0,0,0,0,0,0,0,0,0,0,0,0,NULL,NULL,NULL),(49,'520007','Cursos de capacitación','No remunerativos',1,0,0,0,0,0,0,0,0,0,0,0,0,0,0,0,0,0,0,0,0,0,NULL,NULL,NULL),(50,'520008','Becas (art. 7 Ley 24.241 y modif.)','No remunerativos',1,0,0,0,0,0,0,0,0,0,0,0,0,0,0,0,0,0,0,0,0,0,NULL,NULL,NULL),(51,'520009','Desempleo (art. 7 Ley 24.241 y modif.)','No remunerativos',1,0,0,0,0,0,0,0,0,0,0,0,0,0,0,0,0,0,0,0,0,0,NULL,NULL,NULL),(52,'520010','Gratificación por cese laboral (art. 7 Ley 24.241 y modif.)','No remunerativos',1,0,0,0,0,0,0,0,0,0,0,0,0,0,0,0,0,0,0,0,0,0,NULL,NULL,NULL),(53,'520011','Indemnización por extinción del contrato de trabajo (art. 7 Ley 24.241 y modif.)','No remunerativos',1,0,0,0,0,0,0,0,0,0,0,0,0,0,0,0,0,0,0,0,0,0,NULL,NULL,NULL),(54,'520012','Vacaciones no gozadas (art. 7 Ley 24.241 y modif.)','No remunerativos',1,0,0,0,0,0,0,0,0,0,0,0,0,0,0,0,0,0,0,0,0,0,NULL,NULL,NULL),(55,'520013','Incapacidad permanente (art. 7 Ley 24.241 y modif.)','No remunerativos',1,0,0,0,0,0,0,0,0,0,0,0,0,0,0,0,0,0,0,0,0,0,NULL,NULL,NULL),(56,'520014','Indemización por despido','No remunerativos',1,0,0,0,0,0,0,0,0,0,0,0,0,0,0,0,0,0,0,0,0,0,NULL,NULL,NULL),(57,'520015','Indemización sustitutiva del preaviso','No remunerativos',1,0,0,0,0,0,0,0,0,0,0,0,0,0,0,0,0,0,0,0,0,0,NULL,NULL,NULL),(58,'520016','Integración mes de despido','No remunerativos',1,0,0,0,0,0,0,0,0,0,0,0,0,0,0,0,0,0,0,0,0,0,NULL,NULL,NULL),(59,'520017','SAC sobre integración o preaviso','No remunerativos',1,0,0,0,0,0,0,0,0,0,0,0,0,0,0,0,0,0,0,0,0,0,NULL,NULL,NULL),(60,'520018','SAC sobre vacaciones no gozadas','No remunerativos',1,0,0,0,0,0,0,0,0,0,0,0,0,0,0,0,0,0,0,0,0,0,NULL,NULL,NULL),(61,'530000','Incrementos no remunerativos (con aportes OS)','No remunerativos',1,0,0,0,0,0,1,0,1,0,0,0,0,0,0,0,0,0,0,0,0,0,NULL,'2022-11-29 09:46:30',NULL),(62,'540000','Incrementos no remunerativos (con aportes y contribuciones OS)','No remunerativos',1,0,0,0,0,0,1,1,1,1,0,0,0,0,0,0,0,0,0,0,0,0,NULL,NULL,NULL);
INSERT INTO `syj_conceptos_afip` VALUES (63,'550000','Importes no remunerativos especiales','No remunerativos',1,0,1,1,1,1,1,1,1,1,1,1,0,1,0,1,0,1,0,1,1,0,NULL,'2022-11-29 09:46:27',NULL),(64,'799999','Redondeo (No Remunerativo)','No remunerativos',1,0,0,0,0,0,0,0,0,0,0,0,0,0,0,0,0,0,0,0,0,0,NULL,NULL,NULL),(65,'810000','Sistema previsional','Descuentos',1,0,0,0,0,0,0,0,0,0,0,0,0,0,0,0,0,0,0,0,0,0,NULL,NULL,NULL),(66,'810001','INSSJyP','Descuentos',1,0,0,0,0,0,0,0,0,0,0,0,0,0,0,0,0,0,0,0,0,0,NULL,NULL,NULL),(67,'810002','Obra Social','Descuentos',1,0,0,0,0,0,0,0,0,0,0,0,0,0,0,0,0,0,0,0,0,0,NULL,NULL,NULL),(68,'810003','Fondo Solidario de Redistribución (ex ANSSAL)','Descuentos',1,0,0,0,0,0,0,0,0,0,0,0,0,0,0,0,0,0,0,0,0,0,NULL,NULL,NULL),(69,'810004','Cuota Sindical','Descuentos',1,0,0,0,0,0,0,0,0,0,0,0,0,0,0,0,0,0,0,0,0,0,NULL,NULL,NULL),(70,'810005','Seguro de Vida','Descuentos',1,0,0,0,0,0,0,0,0,0,0,0,0,0,0,0,0,0,0,0,0,0,NULL,NULL,NULL),(71,'810006','RENATEA (ex RENATRE)','Descuentos',1,0,0,0,0,0,0,0,0,0,0,0,0,0,0,0,0,0,0,0,0,0,NULL,NULL,NULL),(72,'810007','Préstamos','Descuentos',1,0,0,0,0,0,0,0,0,0,0,0,0,0,0,0,0,0,0,0,0,0,NULL,NULL,NULL),(73,'810008','Impuesto a las Ganancias','Descuentos',1,0,0,0,0,0,0,0,0,0,0,0,0,0,0,0,0,0,0,0,0,0,NULL,NULL,NULL),(74,'810009','Obra Social - Adherentes','Descuentos',1,0,0,0,0,0,0,0,0,0,0,0,0,0,0,0,0,0,0,0,0,0,NULL,NULL,NULL),(75,'810010','Fondo Solidario de Redistribución (ex ANSSAL) - Adherentes','Descuentos',1,0,0,0,0,0,0,0,0,0,0,0,0,0,0,0,0,0,0,0,0,0,NULL,NULL,NULL),(76,'820000','Otros descuentos','Descuentos',1,0,0,0,0,0,0,0,0,0,0,0,0,0,0,0,0,0,0,0,0,0,NULL,NULL,NULL);

--
-- Table structure for table `syj_config`
--

CREATE TABLE `syj_config` (
  `id` int(10) unsigned NOT NULL AUTO_INCREMENT,
  `user_id` int(10) unsigned DEFAULT NULL,
  `person_id` int(10) unsigned NOT NULL,
  `tipo_empleador_id` int(10) unsigned NOT NULL,
  `alic_aporte_contri_id` int(10) unsigned NOT NULL,
  `actividad_id` int(10) unsigned NOT NULL,
  `obra_social_id` int(10) unsigned NOT NULL,
  `zonageografica_id` int(10) unsigned NOT NULL,
  `reduccion_zona_geografica` tinyint(1) DEFAULT '0',
  `aplica_art_4_dto_814` tinyint(1) DEFAULT '0',
  `recupero_iva_suss` decimal(20,2) DEFAULT '0.00',
  `art_alicuota_porc` decimal(20,4) DEFAULT '0.0000',
  `art_alicuota_fija` decimal(20,2) DEFAULT '0.00',
  `prima_individual` decimal(20,2) DEFAULT '0.00',
  `prox_nro_rec` int(11) DEFAULT NULL,
  `syj_recibos_modelo_id` int(10) unsigned DEFAULT '1',
  `prox_nro_folio` int(11) DEFAULT NULL,
  `nro_tomo` int(11) DEFAULT NULL,
  `tituloley20744_id` int(10) unsigned DEFAULT NULL,
  `nro_inscr_min_trabajo` int(11) DEFAULT NULL,
  `logo` varchar(191) COLLATE utf8mb4_unicode_ci DEFAULT NULL,
  `firma` varchar(191) COLLATE utf8mb4_unicode_ci DEFAULT NULL,
  `habilitado` tinyint(1) NOT NULL DEFAULT '1',
  `created_at` timestamp NULL DEFAULT NULL,
  `updated_at` timestamp NULL DEFAULT NULL,
  `deleted_at` timestamp NULL DEFAULT NULL,
  PRIMARY KEY (`id`),
  KEY `syj_config_person_id_foreign` (`person_id`),
  KEY `syj_config_tipo_empleador_id_foreign` (`tipo_empleador_id`),
  KEY `syj_config_alic_aporte_contri_id_foreign` (`alic_aporte_contri_id`),
  KEY `syj_config_actividad_id_foreign` (`actividad_id`),
  KEY `syj_config_obra_social_id_foreign` (`obra_social_id`),
  KEY `syj_config_zonageografica_id_foreign` (`zonageografica_id`),
  KEY `syj_config_tituloley20744_id_foreign` (`tituloley20744_id`),
  KEY `syj_config_syj_recibos_modelo_id_foreign` (`syj_recibos_modelo_id`),
  CONSTRAINT `syj_config_actividad_id_foreign` FOREIGN KEY (`actividad_id`) REFERENCES `syj_actividad` (`id`),
  CONSTRAINT `syj_config_alic_aporte_contri_id_foreign` FOREIGN KEY (`alic_aporte_contri_id`) REFERENCES `syj_alicuota_aporte_contribucion` (`id`),
  CONSTRAINT `syj_config_obra_social_id_foreign` FOREIGN KEY (`obra_social_id`) REFERENCES `syj_obra_social` (`id`),
  CONSTRAINT `syj_config_person_id_foreign` FOREIGN KEY (`person_id`) REFERENCES `persons` (`id`),
  CONSTRAINT `syj_config_syj_recibos_modelo_id_foreign` FOREIGN KEY (`syj_recibos_modelo_id`) REFERENCES `syj_recibos_modelos` (`id`),
  CONSTRAINT `syj_config_tipo_empleador_id_foreign` FOREIGN KEY (`tipo_empleador_id`) REFERENCES `syj_tipo_empleador` (`id`),
  CONSTRAINT `syj_config_tituloley20744_id_foreign` FOREIGN KEY (`tituloley20744_id`) REFERENCES `syj_tituloley20744` (`id`),
  CONSTRAINT `syj_config_zonageografica_id_foreign` FOREIGN KEY (`zonageografica_id`) REFERENCES `syj_zonageografica` (`id`)
) ENGINE=InnoDB AUTO_INCREMENT=34 DEFAULT CHARSET=utf8mb4 COLLATE=utf8mb4_unicode_ci;

--
-- Dumping data for table `syj_config`
--

INSERT INTO `syj_config` VALUES (1,8165,40719,2,2,121,182,2,0,0,0.00,0.0780,165.00,0.00,NULL,1,1,0,4,0,'','',1,'2022-12-01 15:09:17','2022-12-01 15:09:17',NULL),(2,8165,40721,2,2,50,227,2,0,0,0.00,5.7120,164.00,0.00,NULL,1,1,0,4,0,'','',1,'2022-12-01 15:12:50','2022-12-01 20:01:30',NULL),(3,8165,40722,2,2,50,92,2,0,0,0.00,0.0000,0.00,0.00,NULL,1,1,0,4,0,'','',1,'2022-12-01 20:57:25','2022-12-01 20:57:25',NULL),(4,8165,40723,2,2,50,227,2,0,0,0.00,4.0000,164.00,0.00,NULL,2,1,0,4,0,'','',1,'2022-12-01 21:16:46','2022-12-01 21:16:46',NULL),(5,8165,40724,2,2,50,92,2,0,0,0.00,2.3500,155.00,0.00,NULL,1,1,0,4,0,'','',1,'2022-12-02 10:14:20','2022-12-02 10:14:20',NULL),(6,8165,40725,2,2,50,227,2,0,0,0.00,2.9340,164.00,0.00,NULL,2,1,0,4,0,'','',1,'2022-12-02 16:04:48','2023-07-31 16:42:14',NULL),(7,8165,40726,2,2,50,227,2,0,0,0.00,5.5140,164.00,0.00,NULL,2,1,0,4,0,'','',1,'2022-12-02 20:56:12','2022-12-02 20:56:12',NULL),(8,8165,40727,2,2,50,227,2,0,0,0.00,6.5300,164.00,0.00,NULL,2,1,0,4,0,'','',1,'2022-12-02 21:51:01','2022-12-02 21:51:01',NULL),(9,8165,40728,2,2,50,227,2,0,0,0.00,0.0000,164.00,0.00,NULL,2,1,0,4,0,'','',1,'2022-12-02 22:11:20','2022-12-02 22:41:58',NULL),(10,8165,40729,2,2,50,227,2,0,0,0.00,4.5710,164.00,0.00,NULL,2,1,0,4,0,'','',1,'2022-12-02 22:42:45','2022-12-02 22:42:45',NULL),(11,8165,40730,2,2,50,92,3,0,0,0.00,2.3500,155.00,0.00,NULL,1,1,0,4,0,'','',1,'2022-12-03 12:53:27','2022-12-03 12:53:27',NULL),(12,8165,40731,5,5,50,184,2,0,0,0.00,6.1450,164.00,0.00,NULL,2,1,0,4,0,'','',1,'2022-12-03 20:11:11','2022-12-03 20:11:11',NULL),(13,8165,40732,2,2,50,9,1,0,0,0.00,1.7300,164.00,0.00,NULL,2,1,0,4,0,'','',1,'2022-12-04 11:21:40','2022-12-04 11:21:40',NULL),(14,8165,40733,2,2,50,227,2,0,0,0.00,3.6010,164.00,0.00,NULL,2,1,0,4,0,'','',1,'2022-12-04 11:54:18','2022-12-04 12:16:10',NULL),(15,8165,40734,2,2,50,92,2,0,0,0.00,3.2540,164.00,0.00,NULL,2,1,0,4,0,'','',1,'2022-12-04 19:47:20','2022-12-04 19:47:20',NULL),(16,8165,40735,2,2,50,102,2,0,0,0.00,8.9300,164.00,0.00,NULL,2,1,0,4,0,'','',1,'2022-12-04 20:44:35','2022-12-04 20:44:35',NULL),(17,8165,40736,2,2,50,182,1,0,0,0.00,1.5600,164.00,0.00,NULL,2,1,0,4,0,'','',1,'2022-12-05 00:26:37','2022-12-05 00:26:37',NULL),(18,8165,40737,2,2,50,78,2,0,0,0.00,15.0000,164.00,0.00,NULL,2,1,0,4,0,'','',1,'2022-12-05 22:40:16','2022-12-05 22:40:16',NULL),(19,8165,40738,2,2,50,78,2,0,0,0.00,7.6390,164.00,0.00,NULL,2,1,0,4,0,'','',1,'2022-12-05 23:48:26','2022-12-06 00:02:02',NULL),(20,8165,40739,2,2,50,102,2,0,0,0.00,0.0000,0.00,0.00,NULL,2,1,0,4,0,'','',1,'2022-12-06 10:11:40','2022-12-06 10:11:40',NULL),(21,8165,40740,2,2,50,74,2,0,0,0.00,9.6720,164.00,0.00,NULL,2,1,0,4,0,'','',1,'2022-12-07 00:13:45','2022-12-07 00:13:45',NULL),(22,8165,40741,2,2,50,74,2,0,0,0.00,9.6720,164.00,0.00,NULL,2,1,0,4,0,'','',1,'2022-12-08 11:35:41','2022-12-08 11:35:41',NULL),(23,8165,40720,2,2,121,182,2,0,0,0.00,0.7800,164.00,0.00,NULL,2,1,0,4,0,'','',1,'2022-12-09 13:38:57','2022-12-09 13:38:57',NULL),(24,8165,40742,2,2,121,227,2,0,0,0.00,1.4400,164.00,0.00,NULL,2,1,0,4,0,'','',1,'2022-12-13 21:42:46','2022-12-13 21:42:46',NULL),(25,8165,40743,2,2,50,182,2,0,0,0.00,0.0000,0.00,0.00,NULL,2,1,0,4,0,'','',1,'2022-12-24 11:42:11','2022-12-24 11:43:06',NULL),(26,8165,40744,2,2,50,227,2,0,0,0.00,2.8800,183.00,37.21,NULL,2,1,0,4,0,'','',1,'2023-02-06 22:15:32','2023-02-06 22:15:32',NULL),(27,8165,40745,2,2,50,227,2,0,0,0.00,0.0000,0.00,0.00,NULL,2,1,0,1,0,'','',1,'2023-08-09 19:29:15','2023-08-09 19:29:15',NULL),(28,8165,40746,2,2,50,227,2,0,0,0.00,0.0000,0.00,0.00,NULL,2,1,0,4,0,'','',1,'2023-08-27 18:14:59','2023-08-27 18:14:59',NULL),(29,8165,40747,2,2,50,92,2,0,0,0.00,0.0000,0.00,0.00,NULL,2,1,0,4,0,'','',1,'2023-08-28 19:34:07','2023-08-28 19:34:07',NULL),(30,8165,40748,2,2,50,5,2,0,0,0.00,0.0000,0.00,0.00,NULL,2,1,0,1,0,'','',1,'2023-11-29 10:10:14','2023-11-29 10:10:14',NULL),(31,8165,40749,2,2,50,74,2,0,0,0.00,0.0000,0.00,0.00,NULL,2,1,0,1,0,'','',1,'2024-05-29 11:06:11','2024-05-29 11:06:11',NULL);
INSERT INTO `syj_config` VALUES (32,8165,40916,2,2,50,183,2,0,0,0.00,0.0000,0.00,0.00,NULL,2,1,0,1,0,'','',1,'2025-05-26 13:57:40','2025-05-26 13:57:41',NULL),(33,8165,40973,2,2,50,227,2,0,0,0.00,0.0000,0.00,0.00,NULL,2,1,0,4,0,'','',1,'2025-10-01 10:44:38','2025-10-01 10:44:38',NULL);

--
-- Table structure for table `syj_convenio_categoria_columnas`
--

CREATE TABLE `syj_convenio_categoria_columnas` (
  `id` int(10) unsigned NOT NULL AUTO_INCREMENT,
  `user_id` int(10) unsigned DEFAULT NULL,
  `descripcion` varchar(191) COLLATE utf8mb4_unicode_ci DEFAULT NULL,
  `funcion` varchar(191) COLLATE utf8mb4_unicode_ci DEFAULT NULL,
  `habilitado` tinyint(1) NOT NULL DEFAULT '1',
  `created_at` timestamp NULL DEFAULT NULL,
  `updated_at` timestamp NULL DEFAULT NULL,
  `deleted_at` timestamp NULL DEFAULT NULL,
  PRIMARY KEY (`id`)
) ENGINE=InnoDB AUTO_INCREMENT=9 DEFAULT CHARSET=utf8mb4 COLLATE=utf8mb4_unicode_ci;

--
-- Dumping data for table `syj_convenio_categoria_columnas`
--

INSERT INTO `syj_convenio_categoria_columnas` VALUES (1,NULL,'Basico','basico',1,'2020-05-28 20:55:25','2020-05-28 20:55:25',NULL),(2,NULL,'Total Hs Mensuales','total_hs_mens',1,'2020-05-28 20:55:25','2020-05-28 20:55:25',NULL),(3,NULL,'Horas Jornada Completa','hs_jor_compl',1,'2020-05-28 20:55:25','2020-05-28 20:55:25',NULL),(4,NULL,'Adicional 1','adicional_1',1,'2020-05-28 20:55:25','2020-05-28 20:55:25',NULL),(5,NULL,'Adicional 2','adicional_2',1,'2020-05-28 20:55:25','2020-05-28 20:55:25',NULL),(6,NULL,'Adicional 3','adicional_3',1,'2020-05-28 20:55:25','2020-05-28 20:55:25',NULL),(7,NULL,'Adicional 4','adicional_4',1,'2020-05-28 20:55:25','2020-05-28 20:55:25',NULL),(8,NULL,'Adicional 5','adicional_5',1,'2020-05-28 20:55:25','2020-05-28 20:55:25',NULL);

--
-- Table structure for table `syj_convenio_categorias`
--

CREATE TABLE `syj_convenio_categorias` (
  `id` int(10) unsigned NOT NULL AUTO_INCREMENT,
  `user_id` int(10) unsigned DEFAULT NULL,
  `syj_convenio_id` int(10) unsigned NOT NULL,
  `descripcion` varchar(191) COLLATE utf8mb4_unicode_ci DEFAULT NULL,
  `basico` decimal(16,2) NOT NULL,
  `total_hs_mens` decimal(16,2) NOT NULL,
  `hs_jor_compl` decimal(16,2) NOT NULL,
  `adicional_1` decimal(16,2) NOT NULL,
  `adicional_2` decimal(16,2) NOT NULL,
  `adicional_3` decimal(16,2) NOT NULL,
  `adicional_4` decimal(16,2) NOT NULL,
  `adicional_5` decimal(16,2) NOT NULL,
  `habilitado` tinyint(1) NOT NULL DEFAULT '1',
  `created_at` timestamp NULL DEFAULT NULL,
  `updated_at` timestamp NULL DEFAULT NULL,
  `deleted_at` timestamp NULL DEFAULT NULL,
  PRIMARY KEY (`id`),
  KEY `syj_convenio_categorias_syj_convenio_id_foreign` (`syj_convenio_id`),
  CONSTRAINT `syj_convenio_categorias_syj_convenio_id_foreign` FOREIGN KEY (`syj_convenio_id`) REFERENCES `syj_convenios` (`id`)
) ENGINE=InnoDB AUTO_INCREMENT=433 DEFAULT CHARSET=utf8mb4 COLLATE=utf8mb4_unicode_ci;

--
-- Dumping data for table `syj_convenio_categorias`
--

INSERT INTO `syj_convenio_categorias` VALUES (25,1,5,'Administrativa A',35395.20,192.00,8.00,0.00,0.00,0.00,0.00,0.00,1,'2020-04-07 03:01:58','2020-05-06 16:30:07',NULL),(26,1,5,'Auxiliar B',35891.01,192.00,8.00,0.00,0.00,0.00,0.00,0.00,1,'2020-04-07 03:01:58','2020-05-06 16:31:59',NULL),(27,1,5,'Auxiliar Especializado A',18482.38,200.00,8.00,0.00,0.00,0.00,0.00,0.00,1,'2020-04-07 03:01:58','2020-05-06 16:32:01',NULL),(28,1,5,'Auxiliar Especializado B',18448.32,200.00,8.00,0.00,0.00,0.00,0.00,0.00,1,'2020-04-07 03:01:58','2020-05-06 16:32:07',NULL),(29,1,5,'Cajeros B',18397.39,200.00,8.00,0.00,0.00,0.00,0.00,0.00,1,'2020-04-07 03:01:58','2020-05-06 16:33:25',NULL),(30,1,5,'Maestranza A',17938.64,200.00,8.00,0.00,0.00,0.00,0.00,0.00,1,'2020-04-07 03:01:58','2020-05-06 16:32:12',NULL),(31,1,5,'Personal Auxilar A',18278.39,200.00,8.00,0.00,0.00,0.00,0.00,0.00,1,'2020-04-07 03:01:58','2020-05-06 16:32:18',NULL),(32,1,5,'Vendedores B',36552.38,192.00,8.00,0.00,0.00,0.00,0.00,0.00,1,'2020-04-07 03:01:58','2020-05-06 16:32:24',NULL),(33,1,6,'Administrativa A',35395.20,192.00,8.00,0.00,0.00,0.00,0.00,0.00,1,'2020-04-07 03:01:58','2020-05-06 16:30:07',NULL),(34,1,6,'Auxiliar B',35891.01,192.00,8.00,0.00,0.00,0.00,0.00,0.00,1,'2020-04-07 03:01:58','2020-05-06 16:31:59',NULL),(35,1,6,'Auxiliar Especializado A',18482.38,200.00,8.00,0.00,0.00,0.00,0.00,0.00,1,'2020-04-07 03:01:58','2020-05-06 16:32:01',NULL),(36,1,6,'Auxiliar Especializado B',18448.32,200.00,8.00,0.00,0.00,0.00,0.00,0.00,1,'2020-04-07 03:01:58','2020-05-06 16:32:07',NULL),(37,1,6,'Cajeros B',18397.39,200.00,8.00,0.00,0.00,0.00,0.00,0.00,1,'2020-04-07 03:01:58','2020-05-06 16:33:25',NULL),(38,1,6,'Maestranza A',17938.64,200.00,8.00,0.00,0.00,0.00,0.00,0.00,1,'2020-04-07 03:01:58','2020-05-06 16:32:12',NULL),(39,1,6,'Personal Auxilar A',18278.39,200.00,8.00,0.00,0.00,0.00,0.00,0.00,1,'2020-04-07 03:01:58','2020-05-06 16:32:18',NULL),(40,8165,6,'Vendedores B',62600.82,192.00,4.00,0.00,0.00,0.00,0.00,0.00,1,'2020-04-07 03:01:58','2023-03-24 22:04:31',NULL),(41,1,7,'Director',0.00,192.00,8.00,0.00,0.00,0.00,0.00,0.00,1,'2020-04-07 03:01:58','2020-05-12 12:37:52',NULL),(42,1,7,'Gerente',0.00,192.00,8.00,0.00,0.00,0.00,0.00,0.00,1,'2020-04-07 03:01:58','2020-05-12 12:38:07',NULL),(95,88,13,'CATEGORIA 1',127.01,192.00,8.00,0.00,0.00,0.00,0.00,0.00,1,'2020-04-07 03:01:58','2020-05-13 10:33:33',NULL),(96,88,13,'CATEGORIA 2',500.00,192.00,8.00,0.00,0.00,0.00,0.00,0.00,1,'2020-04-07 03:01:58','2020-05-13 10:33:52',NULL),(104,88,14,'2da CATEGORIA',38681.74,192.00,8.00,0.00,0.00,0.00,0.00,0.00,1,'2020-04-07 03:01:58','2020-05-13 15:18:05',NULL),(105,88,14,'4ta. CATEGORIA',35160.69,192.00,8.00,0.00,0.00,0.00,0.00,0.00,1,'2020-05-13 12:33:41','2020-05-13 12:33:41',NULL),(106,88,14,'ADMINISTRATIVA DE 3ra. CATEGORIA',0.00,192.00,8.00,0.00,0.00,0.00,0.00,0.00,1,'2020-05-13 12:34:18','2020-05-13 12:34:18',NULL),(107,88,14,'INSTRUMENTADORA 3ra. CATEGORIA',0.00,192.00,8.00,0.00,0.00,0.00,0.00,0.00,1,'2020-05-13 12:34:47','2020-05-13 12:34:47',NULL),(110,88,15,'ASISTENTE GERIATRICA',35762.82,200.00,8.00,0.00,0.00,0.00,0.00,0.00,1,'2020-05-13 12:34:18','2020-05-13 15:46:16',NULL),(112,88,15,'PERSONAL DE LAVADERO Y ROPERIA',34987.49,200.00,8.00,0.00,0.00,0.00,0.00,0.00,1,'2020-05-13 15:46:58','2020-05-13 15:46:58',NULL),(113,88,15,'MUCAMA DE PISO, CONSULTORIO EXTERNO Y GERIATRICO',34793.74,200.00,8.00,0.00,0.00,0.00,0.00,0.00,1,'2020-05-13 15:48:01','2020-05-13 15:48:01',NULL),(114,88,15,'OFICIAL MANTENIMIENTO',39994.89,200.00,8.00,0.00,0.00,0.00,0.00,0.00,1,'2020-05-13 15:48:48','2020-05-13 15:48:48',NULL),(115,88,15,'MEDIO OFICIAL MANTENIMIENTO',37668.62,200.00,8.00,0.00,0.00,0.00,0.00,0.00,1,'2020-05-13 15:49:23','2020-05-13 15:49:23',NULL),(116,88,15,'PRIMER COCINERO/A',39994.89,200.00,8.00,0.00,0.00,0.00,0.00,0.00,1,'2020-05-13 15:51:12','2020-05-13 15:51:12',NULL),(117,88,15,'SEGUNDO COCINERO/A',37798.01,200.00,8.00,0.00,0.00,0.00,0.00,0.00,1,'2020-05-13 15:51:47','2020-05-13 15:51:47',NULL);
INSERT INTO `syj_convenio_categorias` VALUES (118,88,15,'AYUDANTE DE COCINA Y CACEROLERO',37022.75,200.00,8.00,0.00,0.00,0.00,0.00,0.00,1,'2020-05-13 15:52:40','2020-05-13 15:52:40',NULL),(119,88,15,'PEONES DE COCINA',34793.74,200.00,8.00,0.00,0.00,0.00,0.00,0.00,1,'2020-05-13 15:53:19','2020-05-13 15:53:19',NULL),(120,88,15,'ADMINISTRATIVO 3RA CATEGORIA',36667.37,200.00,8.00,0.00,0.00,0.00,0.00,0.00,1,'2020-05-13 15:54:04','2020-05-13 15:54:04',NULL),(121,88,15,'CADETE',32693.59,200.00,8.00,0.00,0.00,0.00,0.00,0.00,1,'2020-05-13 15:54:30','2020-05-13 15:54:30',NULL),(122,88,15,'AUXILIAR DE ENFERMERIA',37281.06,200.00,8.00,0.00,0.00,0.00,0.00,0.00,1,'2020-05-13 15:55:06','2020-05-13 15:55:06',NULL),(123,8165,16,'Ayudante',3731.00,176.00,9.00,0.00,0.00,0.00,0.00,0.00,1,'2020-04-07 03:01:58','2025-10-28 23:21:39',NULL),(124,8165,16,'Sereno',677895.00,176.00,9.00,0.00,0.00,0.00,0.00,0.00,1,'2020-04-07 03:01:58','2025-10-28 23:22:17',NULL),(125,88,17,'1RA CATEGORIA: JEFE',40000.00,192.00,8.00,0.00,0.00,0.00,0.00,0.00,1,'2020-04-07 03:01:58','2020-05-19 11:21:34',NULL),(126,88,17,'2DA CATEGORIA: ADM. POLIVALENTE A',35891.01,192.00,8.00,0.00,0.00,0.00,0.00,0.00,1,'2020-04-07 03:01:58','2020-05-19 11:22:03',NULL),(127,88,17,'3RA CATEGORIA: ADM. POLIVALENTE B',18482.38,200.00,8.00,0.00,0.00,0.00,0.00,0.00,1,'2020-04-07 03:01:58','2020-05-19 11:22:26',NULL),(128,88,17,'4TA CATEGORIA: ADM. POLIVALENTE C',37370.26,200.00,8.00,0.00,0.00,0.00,0.00,0.00,1,'2020-04-07 03:01:58','2020-05-19 14:11:06',NULL),(129,88,17,'5TA. CATEGORIA: CADETE',18397.39,200.00,8.00,0.00,0.00,0.00,0.00,0.00,1,'2020-04-07 03:01:58','2020-05-19 11:23:26',NULL),(133,88,18,'MEZCLADOR',137.53,176.00,8.00,0.00,0.00,0.00,0.00,0.00,1,'2020-04-07 03:01:58','2020-05-19 14:28:33',NULL),(134,88,18,'PRENSERO',129.62,176.00,8.00,0.00,0.00,0.00,0.00,0.00,1,'2020-04-07 03:01:58','2020-05-19 14:28:42',NULL),(135,88,19,'CATEGORIA E',120.57,180.00,8.00,0.00,0.00,0.00,0.00,0.00,1,'2020-04-07 03:01:58','2020-05-19 15:26:59',NULL),(136,88,19,'CATEGORIA C',500.00,180.00,8.00,0.00,0.00,0.00,0.00,0.00,1,'2020-04-07 03:01:58','2020-05-19 15:27:16',NULL),(142,88,20,'BARMAN',17938.64,192.00,8.00,0.00,0.00,0.00,0.00,0.00,1,'2020-04-07 03:01:58','2020-05-20 09:11:49',NULL),(143,88,20,'COCINERO',18278.39,192.00,8.00,0.00,0.00,0.00,0.00,0.00,1,'2020-04-07 03:01:58','2020-05-20 09:12:01',NULL),(144,88,20,'MOZO',24840.00,192.00,8.00,0.00,0.00,0.00,0.00,0.00,1,'2020-04-07 03:01:58','2020-05-20 09:12:27',NULL),(152,88,21,'OFICIAL',26800.00,192.00,8.00,0.00,0.00,0.00,0.00,0.00,1,'2020-04-07 03:01:58','2020-05-28 11:58:12',NULL),(159,8165,22,'Conductor de 2da Categoria',557670.44,240.00,8.00,4084.50,0.00,0.00,0.00,0.00,1,'2020-04-07 03:01:58','2024-07-29 20:06:52',NULL),(160,8165,22,'Oficial de 1ra',632363.14,240.00,8.00,4631.57,0.00,0.00,0.00,0.00,1,'2020-04-07 03:01:58','2024-07-29 20:06:59',NULL),(172,88,24,'CATEGORIA A',18448.32,192.00,8.00,0.00,0.00,0.00,0.00,0.00,1,'2020-04-07 03:01:58','2020-05-22 10:04:13',NULL),(174,88,24,'CATEGORIA B',17938.64,192.00,8.00,0.00,0.00,0.00,0.00,0.00,1,'2020-04-07 03:01:58','2020-05-22 10:04:26',NULL),(175,88,24,'CATEGORIA C',18278.39,192.00,8.00,0.00,0.00,0.00,0.00,0.00,1,'2020-04-07 03:01:58','2020-05-22 10:04:41',NULL),(176,88,24,'CATEGORIA D',57530.00,192.00,8.00,0.00,0.00,0.00,0.00,0.00,1,'2020-04-07 03:01:58','2020-05-22 10:04:59',NULL),(204,1,34,'VIGILADOR GENERAL',25500.00,200.00,8.00,0.00,0.00,0.00,0.00,0.00,1,'2020-04-07 03:01:58','2020-05-22 11:40:59',NULL),(205,1,34,'VIGILADOR PRINCIPAL',29821.00,200.00,8.00,0.00,0.00,0.00,0.00,0.00,1,'2020-04-07 03:01:58','2020-05-22 11:41:29',NULL),(206,1,34,'ADMINISTRATIVO',28742.00,200.00,8.00,0.00,0.00,0.00,0.00,0.00,1,'2020-04-07 03:01:58','2020-05-22 11:41:56',NULL),(207,NULL,35,'Generica',1.00,1.00,1.00,0.00,0.00,0.00,0.00,0.00,1,'2022-11-29 09:46:32','2022-11-29 09:46:32',NULL),(208,8165,36,'2da CATEGORIA',38681.74,192.00,8.00,0.00,0.00,0.00,0.00,0.00,1,'2020-04-07 06:01:58','2022-12-11 13:30:08','2022-12-11 13:30:08');
INSERT INTO `syj_convenio_categorias` VALUES (209,8165,36,'4ta. CATEGORIA',35160.69,192.00,8.00,0.00,0.00,0.00,0.00,0.00,1,'2020-05-13 15:33:41','2022-12-11 13:30:11','2022-12-11 13:30:11'),(210,8165,36,'ADMINISTRATIVA DE 3ra. CATEGORIA',0.00,192.00,8.00,0.00,0.00,0.00,0.00,0.00,1,'2020-05-13 15:34:18','2022-12-11 13:30:14','2022-12-11 13:30:14'),(211,8165,36,'INSTRUMENTADORA 3ra. CATEGORIA',0.00,192.00,8.00,0.00,0.00,0.00,0.00,0.00,1,'2020-05-13 15:34:47','2022-12-11 13:30:16','2022-12-11 13:30:16'),(212,8165,37,'Administrativa A',35395.20,192.00,8.00,0.00,0.00,0.00,0.00,0.00,1,'2020-04-07 06:01:58','2020-05-06 19:30:07',NULL),(213,8165,37,'Auxiliar B',35891.01,192.00,8.00,0.00,0.00,0.00,0.00,0.00,1,'2020-04-07 06:01:58','2020-05-06 19:31:59',NULL),(214,8165,37,'Auxiliar Especializado A',18482.38,200.00,8.00,0.00,0.00,0.00,0.00,0.00,1,'2020-04-07 06:01:58','2020-05-06 19:32:01',NULL),(215,8165,37,'Auxiliar Especializado B',18448.32,200.00,8.00,0.00,0.00,0.00,0.00,0.00,1,'2020-04-07 06:01:58','2020-05-06 19:32:07',NULL),(216,8165,37,'Cajeros B',18397.39,200.00,8.00,0.00,0.00,0.00,0.00,0.00,1,'2020-04-07 06:01:58','2020-05-06 19:33:25',NULL),(217,8165,37,'Maestranza A',17938.64,200.00,8.00,0.00,0.00,0.00,0.00,0.00,1,'2020-04-07 06:01:58','2020-05-06 19:32:12',NULL),(218,8165,37,'Pers. Gestión de Farmacia',141471.08,200.00,8.00,0.00,0.00,0.00,0.00,0.00,1,'2020-04-07 06:01:58','2022-12-01 21:25:35',NULL),(219,8165,37,'Vendedores B',36552.38,192.00,8.00,0.00,0.00,0.00,0.00,0.00,1,'2020-04-07 06:01:58','2020-05-06 19:32:24',NULL),(220,8165,6,'Personal Auxilar B',44541.70,24.00,4.00,0.00,0.00,0.00,0.00,0.00,1,'2022-12-01 20:03:48','2022-12-01 20:03:48',NULL),(221,8165,38,'Administrativa A',35395.20,192.00,8.00,0.00,0.00,0.00,0.00,0.00,1,'2020-04-07 06:01:58','2020-05-06 19:30:07',NULL),(222,8165,38,'Auxiliar B',35891.01,192.00,8.00,0.00,0.00,0.00,0.00,0.00,1,'2020-04-07 06:01:58','2020-05-06 19:31:59',NULL),(223,8165,38,'Auxiliar Especializado A',18482.38,200.00,8.00,0.00,0.00,0.00,0.00,0.00,1,'2020-04-07 06:01:58','2020-05-06 19:32:01',NULL),(224,8165,38,'Auxiliar Especializado B',18448.32,200.00,8.00,0.00,0.00,0.00,0.00,0.00,1,'2020-04-07 06:01:58','2020-05-06 19:32:07',NULL),(225,8165,38,'Cajeros B',18397.39,200.00,8.00,0.00,0.00,0.00,0.00,0.00,1,'2020-04-07 06:01:58','2020-05-06 19:33:25',NULL),(226,8165,38,'Maestranza A',17938.64,200.00,8.00,0.00,0.00,0.00,0.00,0.00,1,'2020-04-07 06:01:58','2020-05-06 19:32:12',NULL),(227,8165,38,'Personal Auxilar A',98990.03,100.00,4.00,6250.00,0.00,0.00,0.00,0.00,1,'2020-04-07 06:01:58','2023-05-23 19:15:22',NULL),(228,8165,38,'Vendedores B - T.P',536700.50,192.00,4.00,0.00,0.00,20000.00,0.00,0.00,1,'2020-04-07 06:01:58','2025-10-27 23:27:09',NULL),(229,8165,38,'Personal Auxilar B',529193.50,24.00,4.00,0.00,0.00,20000.00,0.00,0.00,1,'2022-12-01 23:03:48','2025-10-27 23:07:43',NULL),(230,8165,6,'Vendedores B - Parcial',536700.50,100.00,4.00,0.00,20000.00,0.00,0.00,0.00,1,'2022-12-02 16:58:24','2025-10-27 23:14:58',NULL),(231,8165,6,'Vendedor B',1073401.00,200.00,8.00,0.00,40000.00,0.00,0.00,0.00,1,'2022-12-02 20:42:28','2025-10-27 23:14:41',NULL),(232,8165,39,'Administrativa A',35395.20,192.00,8.00,0.00,0.00,0.00,0.00,0.00,1,'2020-04-07 06:01:58','2022-12-02 22:50:39','2022-12-02 22:50:39'),(233,8165,39,'Auxiliar B',35891.01,192.00,8.00,0.00,0.00,0.00,0.00,0.00,1,'2020-04-07 06:01:58','2022-12-02 22:50:41','2022-12-02 22:50:41'),(234,8165,39,'Auxiliar Especializado A',18482.38,200.00,8.00,0.00,0.00,0.00,0.00,0.00,1,'2020-04-07 06:01:58','2022-12-02 22:50:44','2022-12-02 22:50:44'),(235,8165,39,'Auxiliar Especializado B',18448.32,200.00,8.00,0.00,0.00,0.00,0.00,0.00,1,'2020-04-07 06:01:58','2022-12-02 22:50:47','2022-12-02 22:50:47'),(236,8165,39,'Cajera - Media Jornada',610520.00,100.00,4.00,12500.00,0.00,0.00,0.00,0.00,1,'2020-04-07 06:01:58','2025-10-28 17:54:35',NULL),(237,8165,39,'Medio Oficial',422422.00,200.00,8.00,0.00,0.00,0.00,0.00,0.00,1,'2020-04-07 06:01:58','2024-02-27 20:43:15',NULL);
INSERT INTO `syj_convenio_categorias` VALUES (238,8165,39,'Personal Auxilar A',18278.39,200.00,8.00,0.00,0.00,0.00,0.00,0.00,1,'2020-04-07 06:01:58','2022-12-02 22:50:53','2022-12-02 22:50:53'),(239,8165,39,'Vendedores B',36552.38,192.00,8.00,0.00,0.00,0.00,0.00,0.00,1,'2020-04-07 06:01:58','2022-12-02 22:50:55','2022-12-02 22:50:55'),(240,8165,34,'Instalador Elementos de Seguridad Electrónica',457050.00,100.00,4.00,89140.00,224400.00,0.00,0.00,0.00,1,'2022-12-03 20:14:19','2025-09-23 00:56:45',NULL),(241,8165,40,'Administrativo 3ra',149536.00,192.00,8.00,26917.00,0.00,0.00,0.00,0.00,1,'2020-04-07 06:01:58','2023-04-26 02:47:28',NULL),(242,8165,40,'Auxiliar B',35891.01,192.00,8.00,0.00,0.00,0.00,0.00,0.00,1,'2020-04-07 06:01:58','2020-05-06 19:31:59',NULL),(243,8165,40,'Auxiliar Especializado A',18482.38,200.00,8.00,0.00,0.00,0.00,0.00,0.00,1,'2020-04-07 06:01:58','2020-05-06 19:32:01',NULL),(244,8165,40,'Auxiliar Especializado B',18448.32,200.00,8.00,0.00,0.00,0.00,0.00,0.00,1,'2020-04-07 06:01:58','2020-05-06 19:32:07',NULL),(245,8165,40,'Cajeros B',18397.39,200.00,8.00,0.00,0.00,0.00,0.00,0.00,1,'2020-04-07 06:01:58','2020-05-06 19:33:25',NULL),(246,8165,40,'Maestranza A',17938.64,200.00,8.00,0.00,0.00,0.00,0.00,0.00,1,'2020-04-07 06:01:58','2020-05-06 19:32:12',NULL),(247,8165,40,'Personal Auxilar A',18278.39,200.00,8.00,0.00,0.00,0.00,0.00,0.00,1,'2020-04-07 06:01:58','2020-05-06 19:32:18',NULL),(248,8165,40,'Vendedores B',36552.38,192.00,8.00,0.00,0.00,0.00,0.00,0.00,1,'2020-04-07 06:01:58','2020-05-06 19:32:24',NULL),(249,8165,41,'Categoría 1',75300.00,100.00,4.00,25477.50,0.00,0.00,0.00,0.00,1,'2020-04-07 06:01:58','2024-01-02 19:30:30',NULL),(250,8165,41,'Auxiliar B',35891.01,192.00,8.00,0.00,0.00,0.00,0.00,0.00,1,'2020-04-07 06:01:58','2022-12-04 12:00:05','2022-12-04 12:00:05'),(251,8165,41,'Auxiliar Especializado A',18482.38,200.00,8.00,0.00,0.00,0.00,0.00,0.00,1,'2020-04-07 06:01:58','2022-12-04 12:00:07','2022-12-04 12:00:07'),(252,8165,41,'Auxiliar Especializado B',18448.32,200.00,8.00,0.00,0.00,0.00,0.00,0.00,1,'2020-04-07 06:01:58','2022-12-04 12:00:09','2022-12-04 12:00:09'),(253,8165,41,'Cajeros B',18397.39,200.00,8.00,0.00,0.00,0.00,0.00,0.00,1,'2020-04-07 06:01:58','2022-12-04 12:00:12','2022-12-04 12:00:12'),(254,8165,41,'Maestranza A',17938.64,200.00,8.00,0.00,0.00,0.00,0.00,0.00,1,'2020-04-07 06:01:58','2022-12-04 12:00:14','2022-12-04 12:00:14'),(255,8165,41,'Personal Auxilar A',18278.39,200.00,8.00,0.00,0.00,0.00,0.00,0.00,1,'2020-04-07 06:01:58','2022-12-04 12:00:16','2022-12-04 12:00:16'),(256,8165,41,'Vendedores B',36552.38,192.00,8.00,0.00,0.00,0.00,0.00,0.00,1,'2020-04-07 06:01:58','2022-12-04 12:00:18','2022-12-04 12:00:18'),(257,8165,42,'Administrativa A',35395.20,192.00,8.00,0.00,0.00,0.00,0.00,0.00,1,'2020-04-07 09:01:58','2023-09-26 20:03:41','2023-09-26 20:03:41'),(258,8165,42,'Auxiliar B',35891.01,192.00,8.00,0.00,0.00,0.00,0.00,0.00,1,'2020-04-07 09:01:58','2023-09-26 20:03:44','2023-09-26 20:03:44'),(259,8165,42,'Auxiliar Especializado A',18482.38,200.00,8.00,0.00,0.00,0.00,0.00,0.00,1,'2020-04-07 09:01:58','2023-09-26 20:03:47','2023-09-26 20:03:47'),(260,8165,42,'Auxiliar Especializado B',18448.32,200.00,8.00,0.00,0.00,0.00,0.00,0.00,1,'2020-04-07 09:01:58','2023-09-26 20:03:50','2023-09-26 20:03:50'),(261,8165,42,'Cajeros B',18397.39,200.00,8.00,0.00,0.00,0.00,0.00,0.00,1,'2020-04-07 09:01:58','2023-09-26 20:03:53','2023-09-26 20:03:53'),(262,8165,42,'Maestranza A',17938.64,200.00,8.00,0.00,0.00,0.00,0.00,0.00,1,'2020-04-07 09:01:58','2023-09-26 20:03:55','2023-09-26 20:03:55'),(263,8165,42,'Personal en Gestión de Farmacia',1447306.76,200.00,8.00,50000.00,0.00,0.00,0.00,0.00,1,'2020-04-07 09:01:58','2025-10-27 23:51:49',NULL),(264,8165,42,'Vendedores B',36552.38,192.00,8.00,0.00,0.00,0.00,0.00,0.00,1,'2020-04-07 09:01:58','2023-09-26 20:03:58','2023-09-26 20:03:58'),(265,8165,43,'Administrativa A',35395.20,192.00,8.00,0.00,0.00,0.00,0.00,0.00,1,'2020-04-07 06:01:58','2022-12-05 00:29:46','2022-12-05 00:29:46');
INSERT INTO `syj_convenio_categorias` VALUES (266,8165,43,'Auxiliar B',35891.01,192.00,8.00,0.00,0.00,0.00,0.00,0.00,1,'2020-04-07 06:01:58','2022-12-05 00:29:49','2022-12-05 00:29:49'),(267,8165,43,'Auxiliar Especializado A',18482.38,200.00,8.00,0.00,0.00,0.00,0.00,0.00,1,'2020-04-07 06:01:58','2022-12-05 00:29:51','2022-12-05 00:29:51'),(268,8165,43,'Auxiliar Especializado B',18448.32,200.00,8.00,0.00,0.00,0.00,0.00,0.00,1,'2020-04-07 06:01:58','2022-12-05 00:29:53','2022-12-05 00:29:53'),(269,8165,43,'Cajeros B',18397.39,200.00,8.00,0.00,0.00,0.00,0.00,0.00,1,'2020-04-07 06:01:58','2022-12-05 00:29:55','2022-12-05 00:29:55'),(270,8165,43,'Director',500000.00,200.00,8.00,0.00,0.00,0.00,0.00,0.00,1,'2020-04-07 06:01:58','2024-01-24 22:26:39',NULL),(271,8165,43,'Personal Auxilar A',18278.39,200.00,8.00,0.00,0.00,0.00,0.00,0.00,1,'2020-04-07 06:01:58','2022-12-05 00:29:58','2022-12-05 00:29:58'),(272,8165,43,'Vendedores B',36552.38,192.00,8.00,0.00,0.00,0.00,0.00,0.00,1,'2020-04-07 06:01:58','2022-12-05 00:30:00','2022-12-05 00:30:00'),(273,8165,44,'Administrativa A',35395.20,192.00,8.00,0.00,0.00,0.00,0.00,0.00,1,'2020-04-07 06:01:58','2020-05-06 19:30:07',NULL),(274,8165,44,'Auxiliar B',35891.01,192.00,8.00,0.00,0.00,0.00,0.00,0.00,1,'2020-04-07 06:01:58','2020-05-06 19:31:59',NULL),(275,8165,44,'Auxiliar Especializado A',18482.38,200.00,8.00,0.00,0.00,0.00,0.00,0.00,1,'2020-04-07 06:01:58','2020-05-06 19:32:01',NULL),(276,8165,44,'Auxiliar Especializado B',18448.32,200.00,8.00,0.00,0.00,0.00,0.00,0.00,1,'2020-04-07 06:01:58','2020-05-06 19:32:07',NULL),(277,8165,44,'Cajeros B',18397.39,200.00,8.00,0.00,0.00,0.00,0.00,0.00,1,'2020-04-07 06:01:58','2020-05-06 19:33:25',NULL),(278,8165,44,'Maestranza A',17938.64,200.00,8.00,0.00,0.00,0.00,0.00,0.00,1,'2020-04-07 06:01:58','2020-05-06 19:32:12',NULL),(279,8165,44,'Personal Auxilar A',18278.39,200.00,8.00,0.00,0.00,0.00,0.00,0.00,1,'2020-04-07 06:01:58','2020-05-06 19:32:18',NULL),(280,8165,44,'Vendedores B',36552.38,192.00,8.00,0.00,0.00,0.00,0.00,0.00,1,'2020-04-07 06:01:58','2020-05-06 19:32:24',NULL),(281,8165,44,'Categoría 1',839244.00,200.00,8.00,0.00,0.00,0.00,0.00,0.00,1,'2022-12-05 19:51:42','2025-09-23 01:07:22',NULL),(282,8165,45,'Conductor de 2da Categoria',429241.41,240.00,8.00,0.00,0.00,0.00,0.00,0.00,1,'2020-04-07 06:01:58','2024-03-13 18:18:57',NULL),(283,8165,45,'Oficial de 1ra',114343.75,240.00,8.00,893.31,0.00,0.00,0.00,0.00,1,'2020-04-07 06:01:58','2022-12-06 01:44:46',NULL),(284,8165,46,'Administrativa A',35395.20,192.00,8.00,0.00,0.00,0.00,0.00,0.00,1,'2020-04-07 09:01:58','2020-05-06 22:30:07',NULL),(285,8165,46,'Auxiliar B',35891.01,192.00,8.00,0.00,0.00,0.00,0.00,0.00,1,'2020-04-07 09:01:58','2020-05-06 22:31:59',NULL),(286,8165,46,'Auxiliar Especializado A',18482.38,200.00,8.00,0.00,0.00,0.00,0.00,0.00,1,'2020-04-07 09:01:58','2020-05-06 22:32:01',NULL),(287,8165,46,'Auxiliar Especializado B',18448.32,200.00,8.00,0.00,0.00,0.00,0.00,0.00,1,'2020-04-07 09:01:58','2020-05-06 22:32:07',NULL),(288,8165,46,'Cajeros B',18397.39,200.00,8.00,0.00,0.00,0.00,0.00,0.00,1,'2020-04-07 09:01:58','2020-05-06 22:33:25',NULL),(289,8165,46,'Maestranza A',17938.64,200.00,8.00,0.00,0.00,0.00,0.00,0.00,1,'2020-04-07 09:01:58','2020-05-06 22:32:12',NULL),(290,8165,46,'Personal Auxilar A',18278.39,200.00,8.00,0.00,0.00,0.00,0.00,0.00,1,'2020-04-07 09:01:58','2020-05-06 22:32:18',NULL),(291,8165,46,'Vendedores B',36552.38,192.00,8.00,0.00,0.00,0.00,0.00,0.00,1,'2020-04-07 09:01:58','2020-05-06 22:32:24',NULL),(292,8165,46,'Categoría 1',419622.00,100.00,4.00,0.00,0.00,0.00,0.00,0.00,1,'2022-12-05 22:51:42','2025-09-23 01:19:42',NULL),(293,8165,47,'Ayudante',502.00,176.00,9.00,0.00,0.00,0.00,0.00,0.00,1,'2020-04-07 06:01:58','2022-12-07 03:21:51',NULL),(294,8165,47,'4° Cat. Administrativos',885788.00,176.00,8.00,71000.00,0.00,0.00,0.00,0.00,1,'2020-04-07 06:01:58','2025-10-28 23:42:16',NULL),(295,8165,47,'4° Cat. - Administrativos',442894.00,88.00,4.00,35500.00,0.00,0.00,0.00,0.00,1,'2022-12-07 10:46:03','2025-10-28 23:42:53',NULL);
INSERT INTO `syj_convenio_categorias` VALUES (296,8165,16,'Oficial',4056.00,200.00,8.00,0.00,0.00,0.00,0.00,0.00,1,'2022-12-08 11:59:01','2025-03-25 20:04:42',NULL),(297,8165,47,'2° Cat. - Administrativos',422896.00,200.00,9.00,38045.00,0.00,0.00,0.00,0.00,1,'2022-12-08 12:02:00','2024-09-24 00:13:42',NULL),(298,8165,48,'Ayudante',2846.00,176.00,9.00,0.00,0.00,0.00,0.00,0.00,1,'2020-04-07 06:01:58','2024-09-17 12:07:49',NULL),(299,8165,48,'Sereno',669856.00,176.00,9.00,0.00,0.00,0.00,0.00,0.00,1,'2020-04-07 06:01:58','2025-10-07 16:53:46',NULL),(300,8165,48,'Oficial',4335.00,200.00,8.00,0.00,0.00,0.00,0.00,0.00,1,'2022-12-08 14:59:01','2025-10-07 16:53:34',NULL),(301,8165,36,'1° Categoría A',249590.91,200.00,9.00,0.00,0.00,0.00,0.00,0.00,1,'2022-12-11 13:26:07','2023-04-21 09:50:45',NULL),(302,8165,36,'1° Categoría B',198009.52,200.00,9.00,0.00,0.00,0.00,0.00,0.00,1,'2022-12-11 13:26:50','2023-04-21 09:51:04',NULL),(303,8165,36,'1° Categoría B*',144812.11,200.00,9.00,0.00,0.00,0.00,0.00,0.00,1,'2022-12-11 13:27:16','2022-12-11 13:27:16',NULL),(304,8165,36,'2° Categoría A',191446.59,200.00,9.00,0.00,0.00,0.00,0.00,0.00,1,'2022-12-11 13:27:50','2023-04-21 10:52:11',NULL),(305,8165,36,'3° Categoría',180775.38,200.00,9.00,0.00,0.00,0.00,0.00,0.00,1,'2022-12-11 13:28:31','2023-04-21 10:52:30',NULL),(306,8165,36,'4° Categoría',173785.46,200.00,9.00,0.00,0.00,0.00,0.00,0.00,1,'2022-12-11 13:28:58','2023-04-21 10:52:51',NULL),(307,8165,36,'5° Categoría',156672.16,200.00,9.00,0.00,0.00,0.00,0.00,0.00,1,'2022-12-11 13:29:28','2023-04-21 10:53:11',NULL),(308,8165,36,'5° Categoría - Media Jornada',78336.08,100.00,4.00,0.00,0.00,0.00,0.00,0.00,1,'2022-12-11 13:30:01','2023-04-21 10:53:30',NULL),(309,8165,36,'Director',315920.48,200.00,9.00,0.00,0.00,0.00,0.00,0.00,1,'2022-12-11 13:30:48','2022-12-11 13:32:38','2022-12-11 13:32:38'),(310,8165,36,'F.C - Jeda Adm',162443.72,200.00,9.00,0.00,0.00,0.00,0.00,0.00,1,'2022-12-11 13:31:44','2022-12-11 13:32:35','2022-12-11 13:32:35'),(311,8165,43,'Director*',400000.00,200.00,9.00,0.00,0.00,0.00,0.00,0.00,1,'2022-12-11 13:33:33','2023-01-26 20:58:16',NULL),(312,8165,43,'Director*',315920.48,200.00,9.00,0.00,0.00,0.00,0.00,0.00,1,'2022-12-11 13:33:33','2022-12-11 13:33:42','2022-12-11 13:33:42'),(313,8165,43,'F.C - Jefa Adm',211612.66,200.00,9.00,82275.00,0.00,0.00,70551.66,0.00,1,'2022-12-11 20:47:38','2023-04-26 00:38:14',NULL),(314,8165,43,'F.C - Chofer',152001.27,200.00,9.00,0.00,0.00,0.00,0.00,0.00,1,'2022-12-11 20:48:05','2022-12-31 12:31:41','2022-12-31 12:31:41'),(315,8165,43,'F.C - Jefe Pres',329403.34,200.00,9.00,0.00,65880.67,67362.98,0.00,0.00,1,'2022-12-11 20:48:46','2023-04-26 00:40:10',NULL),(316,8165,43,'F.C - Jefe Adm',326914.17,200.00,9.00,0.00,0.00,0.00,0.00,0.00,1,'2022-12-11 20:49:24','2023-04-26 00:40:52',NULL),(317,8165,43,'F.C - Administ',259832.37,200.00,9.00,0.00,0.00,0.00,0.00,0.00,1,'2022-12-11 20:50:19','2023-04-26 00:41:29',NULL),(318,8165,43,'F.C - Administr.',260463.09,200.00,9.00,67752.44,0.00,0.00,0.00,0.00,1,'2022-12-11 20:50:57','2023-04-26 00:42:25',NULL),(319,8165,43,'F.C - Director Medico',128317.43,200.00,9.00,0.00,0.00,0.00,0.00,0.00,1,'2022-12-11 20:51:33','2023-04-26 00:43:02',NULL),(320,8165,43,'F.C - Medico',76229.88,200.00,9.00,0.00,0.00,0.00,0.00,0.00,1,'2022-12-11 20:52:09','2023-04-26 00:43:20',NULL),(321,8165,43,'Medico',76229.88,200.00,9.00,0.00,0.00,0.00,0.00,0.00,1,'2022-12-11 20:55:26','2023-04-26 00:39:12',NULL),(322,8165,49,'1° Categoría A',249590.91,200.00,9.00,0.00,0.00,0.00,0.00,0.00,1,'2022-12-11 16:26:07','2023-04-26 01:39:45',NULL),(323,8165,49,'1° Categoría B',198009.52,200.00,9.00,0.00,0.00,0.00,0.00,0.00,1,'2022-12-11 16:26:50','2023-04-26 01:40:00',NULL),(324,8165,49,'1° Categoría B*',101334.21,200.00,9.00,0.00,0.00,0.00,0.00,0.00,1,'2022-12-11 16:27:16','2023-03-06 21:46:19',NULL),(325,8165,49,'2° Categoría A',191446.59,200.00,9.00,0.00,0.00,0.00,0.00,0.00,1,'2022-12-11 16:27:50','2023-04-26 01:40:21',NULL);
INSERT INTO `syj_convenio_categorias` VALUES (326,8165,49,'3° Categoría',138771.58,200.00,9.00,0.00,0.00,0.00,0.00,0.00,1,'2022-12-11 16:28:31','2022-12-13 23:29:20','2022-12-13 23:29:20'),(327,8165,49,'4° Categoría',133405.80,200.00,9.00,0.00,0.00,0.00,0.00,0.00,1,'2022-12-11 16:28:58','2022-12-13 23:29:22','2022-12-13 23:29:22'),(328,8165,49,'5° Categoría',156672.16,200.00,9.00,0.00,0.00,0.00,0.00,0.00,1,'2022-12-11 16:29:28','2023-04-26 01:40:46',NULL),(329,8165,49,'5° Categoría - Media Jornada',78336.08,100.00,4.00,0.00,0.00,0.00,0.00,0.00,1,'2022-12-11 16:30:01','2023-04-26 02:06:46',NULL),(330,8165,49,'5° Categoría - Media Jornada*',78336.08,100.00,4.00,0.00,0.00,0.00,0.00,0.00,1,'2022-12-13 23:30:12','2023-04-26 01:41:02',NULL),(331,8165,49,'5° Categoría*',117504.16,200.00,8.00,0.00,0.00,0.00,0.00,0.00,1,'2022-12-13 23:31:11','2023-04-26 01:56:12',NULL),(332,8165,43,'Gerente*',67562.51,100.00,8.00,0.00,0.00,0.00,0.00,0.00,1,'2022-12-13 23:32:27','2023-04-26 01:56:50',NULL),(333,8165,43,'Gerente',1200000.00,200.00,9.00,0.00,0.00,0.00,0.00,0.00,1,'2022-12-13 23:32:48','2023-11-01 19:24:33',NULL),(334,8165,49,'1° Categoría A*',57479.28,100.00,4.00,0.00,0.00,0.00,0.00,0.00,1,'2022-12-16 00:11:09','2023-03-06 21:47:08',NULL),(335,8165,42,'Personal en Gestión de Farmacia*',723653.38,100.00,4.00,25000.00,0.00,0.00,0.00,0.00,1,'2022-12-21 20:36:47','2025-10-27 23:52:10',NULL),(336,8165,50,'1° Categoría A',191597.59,200.00,9.00,0.00,0.00,0.00,0.00,0.00,1,'2022-12-11 19:26:07','2022-12-24 11:45:30','2022-12-24 11:45:30'),(337,8165,50,'1° Categoría B',198009.52,200.00,9.00,0.00,0.00,0.00,0.00,0.00,1,'2022-12-11 19:26:50','2023-04-25 21:09:18',NULL),(338,8165,50,'1° Categoría B*',101334.21,200.00,9.00,0.00,0.00,0.00,0.00,0.00,1,'2022-12-11 19:27:16','2022-12-24 11:45:37','2022-12-24 11:45:37'),(339,8165,50,'2° Categoría A',146963.30,200.00,9.00,0.00,0.00,0.00,0.00,0.00,1,'2022-12-11 19:27:50','2022-12-24 11:45:33','2022-12-24 11:45:33'),(340,8165,50,'5° Categoría',120268.84,200.00,9.00,0.00,0.00,0.00,0.00,0.00,1,'2022-12-11 19:29:28','2022-12-24 11:45:39','2022-12-24 11:45:39'),(341,8165,50,'5° Categoría - Media Jornada',60134.42,100.00,4.00,0.00,0.00,0.00,0.00,0.00,1,'2022-12-11 19:30:01','2022-12-24 11:45:42','2022-12-24 11:45:42'),(342,8165,50,'5° Categoría - Media Jornada*',40089.61,100.00,4.00,0.00,0.00,0.00,0.00,0.00,1,'2022-12-14 02:30:12','2022-12-24 11:45:44','2022-12-24 11:45:44'),(343,8165,50,'5° Categoría*',90201.65,200.00,8.00,0.00,0.00,0.00,0.00,0.00,1,'2022-12-14 02:31:11','2022-12-24 11:45:47','2022-12-24 11:45:47'),(344,8165,50,'1° Categoría A*',57479.28,100.00,4.00,0.00,0.00,0.00,0.00,0.00,1,'2022-12-16 03:11:09','2022-12-24 11:45:50','2022-12-24 11:45:50'),(345,8165,51,'Administrativa A',35395.20,192.00,8.00,0.00,0.00,0.00,0.00,0.00,1,'2020-04-07 06:01:58','2020-05-06 19:30:07',NULL),(346,8165,51,'Auxiliar B',35891.01,192.00,8.00,0.00,0.00,0.00,0.00,0.00,1,'2020-04-07 06:01:58','2020-05-06 19:31:59',NULL),(347,8165,51,'Auxiliar Especializado A',18482.38,200.00,8.00,0.00,0.00,0.00,0.00,0.00,1,'2020-04-07 06:01:58','2020-05-06 19:32:01',NULL),(348,8165,51,'Auxiliar Especializado B',18448.32,200.00,8.00,0.00,0.00,0.00,0.00,0.00,1,'2020-04-07 06:01:58','2020-05-06 19:32:07',NULL),(349,8165,51,'Cajeros B',18397.39,200.00,8.00,0.00,0.00,0.00,0.00,0.00,1,'2020-04-07 06:01:58','2020-05-06 19:33:25',NULL),(350,8165,51,'Maestranza A',17938.64,200.00,8.00,0.00,0.00,0.00,0.00,0.00,1,'2020-04-07 06:01:58','2020-05-06 19:32:12',NULL),(351,8165,51,'Personal Auxilar A',18278.39,200.00,8.00,0.00,0.00,0.00,0.00,0.00,1,'2020-04-07 06:01:58','2020-05-06 19:32:18',NULL),(352,8165,51,'Vendedores B',45173.62,192.00,4.00,0.00,0.00,0.00,0.00,0.00,1,'2020-04-07 06:01:58','2022-12-02 00:33:18',NULL),(353,8165,51,'Personal Auxilar B',44541.70,24.00,4.00,0.00,0.00,0.00,0.00,0.00,1,'2022-12-01 23:03:48','2022-12-01 23:03:48',NULL),(354,8165,51,'Vendedores B - Parcial',45173.62,100.00,4.00,0.00,0.00,0.00,0.00,0.00,1,'2022-12-02 19:58:24','2022-12-02 19:58:24',NULL);
INSERT INTO `syj_convenio_categorias` VALUES (355,8165,51,'Vendedor B',90347.23,200.00,8.00,0.00,0.00,0.00,0.00,0.00,1,'2022-12-02 23:42:28','2022-12-02 23:42:28',NULL),(356,8165,50,'1° Categoría B*',200196.85,192.00,8.00,0.00,0.00,0.00,0.00,0.00,1,'2023-01-09 23:30:18','2023-01-10 21:30:22',NULL),(357,8165,50,'5° Categoría',156672.16,100.00,4.00,0.00,0.00,0.00,0.00,0.00,1,'2023-01-09 23:32:12','2023-04-25 21:09:40',NULL),(358,8165,43,'Médico*',6005.28,100.00,4.00,0.00,0.00,0.00,0.00,0.00,1,'2023-01-09 23:41:15','2023-03-06 22:39:14',NULL),(359,8165,43,'Gerente/Presidente',400000.00,192.00,8.00,0.00,0.00,0.00,0.00,0.00,1,'2023-01-09 23:43:41','2023-05-09 21:37:15',NULL),(360,8165,52,'1° Categoría B',152001.32,200.00,9.00,0.00,0.00,0.00,0.00,0.00,1,'2022-12-11 22:26:50','2022-12-11 22:26:50',NULL),(361,8165,52,'1° Categoría B*',182401.58,192.00,8.00,0.00,0.00,0.00,0.00,0.00,1,'2023-01-10 02:30:18','2023-01-10 02:31:17',NULL),(362,8165,52,'5° Categoría',63141.14,100.00,4.00,0.00,0.00,0.00,0.00,0.00,1,'2023-01-10 02:32:12','2023-01-10 02:32:12',NULL),(363,8165,52,'Médico',6005.28,48.00,4.00,0.00,0.00,0.00,0.00,0.00,1,'2023-01-10 21:00:56','2023-01-10 21:00:56',NULL),(364,8165,53,'Administrativa A',35395.20,192.00,8.00,0.00,0.00,0.00,0.00,0.00,1,'2020-04-07 09:01:58','2020-05-06 22:30:07',NULL),(365,8165,53,'Auxiliar B',35891.01,192.00,8.00,0.00,0.00,0.00,0.00,0.00,1,'2020-04-07 09:01:58','2020-05-06 22:31:59',NULL),(366,8165,53,'Auxiliar Especializado A',18482.38,200.00,8.00,0.00,0.00,0.00,0.00,0.00,1,'2020-04-07 09:01:58','2020-05-06 22:32:01',NULL),(367,8165,53,'Auxiliar Especializado B',18448.32,200.00,8.00,0.00,0.00,0.00,0.00,0.00,1,'2020-04-07 09:01:58','2020-05-06 22:32:07',NULL),(368,8165,53,'Cajeros B',18397.39,200.00,8.00,0.00,0.00,0.00,0.00,0.00,1,'2020-04-07 09:01:58','2020-05-06 22:33:25',NULL),(369,8165,53,'Maestranza A',17938.64,200.00,8.00,0.00,0.00,0.00,0.00,0.00,1,'2020-04-07 09:01:58','2020-05-06 22:32:12',NULL),(370,8165,53,'Personal Auxilar A',44225.83,100.00,4.00,0.00,0.00,0.00,0.00,0.00,1,'2020-04-07 09:01:58','2022-12-03 01:27:55',NULL),(371,8165,53,'Vendedores B',1073401.00,200.00,8.00,0.00,40000.00,0.00,0.00,0.00,1,'2020-04-07 09:01:58','2025-10-27 23:19:18',NULL),(372,8165,53,'Personal Auxilar B',44541.70,24.00,4.00,0.00,0.00,0.00,0.00,0.00,1,'2022-12-02 02:03:48','2022-12-02 02:03:48',NULL),(373,8165,54,'Administrativa A',35395.20,192.00,8.00,0.00,0.00,0.00,0.00,0.00,1,'2020-04-07 09:01:58','2020-05-06 22:30:07',NULL),(374,8165,54,'Auxiliar B',35891.01,192.00,8.00,0.00,0.00,0.00,0.00,0.00,1,'2020-04-07 09:01:58','2020-05-06 22:31:59',NULL),(375,8165,54,'Auxiliar Especializado A',18482.38,200.00,8.00,0.00,0.00,0.00,0.00,0.00,1,'2020-04-07 09:01:58','2020-05-06 22:32:01',NULL),(376,8165,54,'Auxiliar Especializado B',18448.32,200.00,8.00,0.00,0.00,0.00,0.00,0.00,1,'2020-04-07 09:01:58','2020-05-06 22:32:07',NULL),(377,8165,54,'Cajeros B',18397.39,200.00,8.00,0.00,0.00,0.00,0.00,0.00,1,'2020-04-07 09:01:58','2020-05-06 22:33:25',NULL),(378,8165,54,'Maestranza A',17938.64,200.00,8.00,0.00,0.00,0.00,0.00,0.00,1,'2020-04-07 09:01:58','2020-05-06 22:32:12',NULL),(379,8165,54,'Personal Auxilar A',18278.39,200.00,8.00,0.00,0.00,0.00,0.00,0.00,1,'2020-04-07 09:01:58','2020-05-06 22:32:18',NULL),(380,8165,54,'Vendedor B',54540.37,192.00,4.00,0.00,0.00,0.00,0.00,0.00,1,'2020-04-07 09:01:58','2023-02-25 17:49:43',NULL),(381,8165,54,'Personal Auxilar B',44541.70,24.00,4.00,0.00,0.00,0.00,0.00,0.00,1,'2022-12-02 02:03:48','2022-12-02 02:03:48',NULL),(382,8165,54,'Vendedores B - Parcial',45173.62,100.00,4.00,0.00,0.00,0.00,0.00,0.00,1,'2022-12-02 22:58:24','2022-12-02 22:58:24',NULL),(383,8165,54,'Vendedor B',90347.23,200.00,8.00,0.00,0.00,0.00,0.00,0.00,1,'2022-12-03 02:42:28','2023-02-07 00:07:14','2023-02-07 00:07:14'),(384,8165,48,'Medio Oficial',3748.00,176.00,9.00,0.00,0.00,0.00,0.00,0.00,1,'2023-07-08 14:13:25','2025-04-04 11:16:29',NULL);
INSERT INTO `syj_convenio_categorias` VALUES (385,8165,55,'Administrativa A',35395.20,192.00,8.00,0.00,0.00,0.00,0.00,0.00,1,'2020-04-07 12:01:58','2023-08-09 19:34:01','2023-08-09 19:34:01'),(386,8165,55,'Auxiliar B',35891.01,192.00,8.00,0.00,0.00,0.00,0.00,0.00,1,'2020-04-07 12:01:58','2023-08-09 19:34:01','2023-08-09 19:34:01'),(387,8165,55,'Auxiliar Especializado A',18482.38,200.00,8.00,0.00,0.00,0.00,0.00,0.00,1,'2020-04-07 12:01:58','2023-08-09 19:34:01','2023-08-09 19:34:01'),(388,8165,55,'Auxiliar Especializado B',18448.32,200.00,8.00,0.00,0.00,0.00,0.00,0.00,1,'2020-04-07 12:01:58','2023-08-09 19:34:01','2023-08-09 19:34:01'),(389,8165,55,'Cajeros B',18397.39,200.00,8.00,0.00,0.00,0.00,0.00,0.00,1,'2020-04-07 12:01:58','2023-08-09 19:34:01','2023-08-09 19:34:01'),(390,8165,55,'Maestranza A',17938.64,200.00,8.00,0.00,0.00,0.00,0.00,0.00,1,'2020-04-07 12:01:58','2023-08-09 19:34:01','2023-08-09 19:34:01'),(391,8165,55,'Personal Auxilar A',18278.39,200.00,8.00,0.00,0.00,0.00,0.00,0.00,1,'2020-04-07 12:01:58','2023-08-09 19:34:01','2023-08-09 19:34:01'),(392,8165,55,'Vendedor B',54540.37,192.00,4.00,0.00,0.00,0.00,0.00,0.00,1,'2020-04-07 12:01:58','2023-08-09 19:34:01','2023-08-09 19:34:01'),(393,8165,55,'Personal Auxilar B',44541.70,24.00,4.00,0.00,0.00,0.00,0.00,0.00,1,'2022-12-02 05:03:48','2023-08-09 19:34:01','2023-08-09 19:34:01'),(394,8165,55,'Vendedores B - Parcial',45173.62,100.00,4.00,0.00,0.00,0.00,0.00,0.00,1,'2022-12-03 01:58:24','2023-08-09 19:34:01','2023-08-09 19:34:01'),(395,8165,56,'Administrativa A',35395.20,192.00,8.00,0.00,0.00,0.00,0.00,0.00,1,'2020-04-07 12:01:58','2023-08-09 19:34:50','2023-08-09 19:34:50'),(396,8165,56,'Auxiliar B',35891.01,192.00,8.00,0.00,0.00,0.00,0.00,0.00,1,'2020-04-07 12:01:58','2023-08-09 19:34:52','2023-08-09 19:34:52'),(397,8165,56,'Auxiliar Especializado A',18482.38,200.00,8.00,0.00,0.00,0.00,0.00,0.00,1,'2020-04-07 12:01:58','2023-08-09 19:34:54','2023-08-09 19:34:54'),(398,8165,56,'Auxiliar Especializado B',18448.32,200.00,8.00,0.00,0.00,0.00,0.00,0.00,1,'2020-04-07 12:01:58','2023-08-09 19:34:58','2023-08-09 19:34:58'),(399,8165,56,'Cajeros B',18397.39,200.00,8.00,0.00,0.00,0.00,0.00,0.00,1,'2020-04-07 12:01:58','2023-08-09 19:35:00','2023-08-09 19:35:00'),(400,8165,56,'Maestranza A',17938.64,200.00,8.00,0.00,0.00,0.00,0.00,0.00,1,'2020-04-07 12:01:58','2023-08-09 19:35:02','2023-08-09 19:35:02'),(401,8165,56,'Personal Auxilar A',44225.83,100.00,4.00,0.00,0.00,0.00,0.00,0.00,1,'2020-04-07 12:01:58','2023-08-09 19:35:05','2023-08-09 19:35:05'),(402,8165,56,'Vendedores B',1073401.00,200.00,8.00,0.00,40000.00,0.00,0.00,0.00,1,'2020-04-07 12:01:58','2025-10-27 23:32:38',NULL),(403,8165,56,'Personal Auxilar B',44541.70,24.00,4.00,0.00,0.00,0.00,0.00,0.00,1,'2022-12-02 05:03:48','2023-08-09 19:35:08','2023-08-09 19:35:08'),(404,8165,56,'Vendedor B - Parcial',536700.50,100.00,4.00,0.00,20000.00,0.00,0.00,0.00,1,'2023-08-09 19:35:36','2025-10-27 23:32:51',NULL),(405,8165,38,'Vendedor B - T.P 6HS',167608.79,200.00,8.00,37711.98,0.00,0.00,0.00,0.00,1,'2023-08-27 22:09:48','2023-09-26 01:23:24',NULL),(406,8165,57,'Administrativa B',1051637.00,200.00,8.00,0.00,40000.00,0.00,0.00,0.00,1,'2020-04-07 09:01:58','2025-10-29 00:05:02',NULL),(407,8165,57,'Auxiliar B',35891.01,192.00,8.00,0.00,0.00,0.00,0.00,0.00,1,'2020-04-07 09:01:58','2020-05-06 22:31:59',NULL),(408,8165,57,'Auxiliar Especializado A',18482.38,200.00,8.00,0.00,0.00,0.00,0.00,0.00,1,'2020-04-07 09:01:58','2020-05-06 22:32:01',NULL),(409,8165,57,'Auxiliar Especializado B',18448.32,200.00,8.00,0.00,0.00,0.00,0.00,0.00,1,'2020-04-07 09:01:58','2020-05-06 22:32:07',NULL),(410,8165,57,'Cajeros B',18397.39,200.00,8.00,0.00,0.00,0.00,0.00,0.00,1,'2020-04-07 09:01:58','2020-05-06 22:33:25',NULL),(411,8165,57,'Maestranza A',17938.64,200.00,8.00,0.00,0.00,0.00,0.00,0.00,1,'2020-04-07 09:01:58','2020-05-06 22:32:12',NULL),(412,8165,57,'Personal Auxilar A',98990.03,100.00,4.00,6250.00,0.00,0.00,0.00,0.00,1,'2020-04-07 09:01:58','2023-05-23 22:15:22',NULL);
INSERT INTO `syj_convenio_categorias` VALUES (413,8165,57,'Vendedores B',149199.75,192.00,4.00,56695.91,0.00,0.00,0.00,0.00,1,'2020-04-07 09:01:58','2023-12-27 20:34:43',NULL),(414,8165,57,'Personal Auxilar B',147112.73,24.00,4.00,36042.62,0.00,0.00,0.00,0.00,1,'2022-12-02 02:03:48','2023-11-28 22:46:33',NULL),(415,8165,57,'Vendedor B - T.P',526379.50,200.00,4.00,0.00,20000.00,0.00,0.00,0.00,1,'2023-08-28 01:09:48','2025-08-26 19:14:02',NULL),(416,8165,58,'Administrativa A',35395.20,192.00,8.00,0.00,0.00,0.00,0.00,0.00,1,'2020-04-07 09:01:58','2020-05-06 22:30:07',NULL),(417,8165,58,'Auxiliar B',35891.01,192.00,8.00,0.00,0.00,0.00,0.00,0.00,1,'2020-04-07 09:01:58','2020-05-06 22:31:59',NULL),(418,8165,58,'Auxiliar Especializado A',18482.38,200.00,8.00,0.00,0.00,0.00,0.00,0.00,1,'2020-04-07 09:01:58','2020-05-06 22:32:01',NULL),(419,8165,58,'Auxiliar Especializado B',18448.32,200.00,8.00,0.00,0.00,0.00,0.00,0.00,1,'2020-04-07 09:01:58','2020-05-06 22:32:07',NULL),(420,8165,58,'Cajeros B',18397.39,200.00,8.00,0.00,0.00,0.00,0.00,0.00,1,'2020-04-07 09:01:58','2020-05-06 22:33:25',NULL),(421,8165,58,'Maestranza A',17938.64,200.00,8.00,0.00,0.00,0.00,0.00,0.00,1,'2020-04-07 09:01:58','2020-05-06 22:32:12',NULL),(422,8165,58,'Personal Auxilar A',98990.03,100.00,4.00,6250.00,0.00,0.00,0.00,0.00,1,'2020-04-07 09:01:58','2023-05-23 22:15:22',NULL),(423,8165,58,'Vendedores B',149199.75,192.00,4.00,56695.91,0.00,0.00,0.00,0.00,1,'2020-04-07 09:01:58','2023-12-27 22:11:28',NULL),(424,8165,58,'Personal Auxilar B',147112.73,24.00,4.00,55902.84,0.00,0.00,0.00,0.00,1,'2022-12-02 02:03:48','2023-12-26 00:39:52',NULL),(425,8165,58,'Vendedor B - T.P 6HS',167608.79,200.00,8.00,37711.98,0.00,0.00,0.00,0.00,1,'2023-08-28 01:09:48','2023-09-26 04:23:24',NULL),(426,8165,58,'Categoria 1',193500.00,100.00,4.00,60000.00,0.00,0.00,0.00,0.00,1,'2024-01-02 23:11:06','2024-12-09 10:30:46',NULL),(427,8165,59,'Personal en Gestión de Farmacia',832446.34,200.00,8.00,131310.08,0.00,0.00,0.00,0.00,1,'2020-04-07 12:01:58','2024-06-25 23:45:45','2024-06-25 23:45:45'),(428,8165,59,'CATEGORIA D',612175.50,100.00,4.00,0.00,0.00,0.00,0.00,0.00,1,'2022-12-21 23:36:47','2025-10-29 12:24:15',NULL),(429,8165,56,'Administrativa B',767568.00,200.00,8.00,0.00,15769.00,95665.00,64344.00,0.00,1,'2025-02-24 21:06:42','2025-02-24 21:35:51',NULL),(430,8165,60,'Medio Oficial',34321.33,176.00,8.00,32450.00,0.00,0.00,0.00,0.00,1,'2020-04-07 06:01:58','2025-10-29 10:29:32',NULL),(431,8165,60,'Sereno',626681.00,176.00,9.00,0.00,0.00,0.00,0.00,0.00,1,'2020-04-07 06:01:58','2025-05-26 14:01:29','2025-05-26 14:01:29'),(432,8165,60,'Oficial',41465.32,200.00,8.00,35500.00,0.00,0.00,0.00,0.00,1,'2022-12-08 14:59:01','2025-10-29 10:29:55',NULL);

--
-- Table structure for table `syj_convenio_formatosicoss`
--

CREATE TABLE `syj_convenio_formatosicoss` (
  `user_id` int(10) unsigned DEFAULT NULL,
  `syj_convenio_id` int(10) unsigned DEFAULT NULL,
  `syj_formato_sicoss_id` int(10) unsigned DEFAULT NULL,
  `created_at` timestamp NULL DEFAULT NULL,
  `updated_at` timestamp NULL DEFAULT NULL,
  `deleted_at` timestamp NULL DEFAULT NULL,
  KEY `syj_convenio_formatosicoss_syj_convenio_id_foreign` (`syj_convenio_id`),
  KEY `syj_convenio_formatosicoss_syj_formato_sicoss_id_foreign` (`syj_formato_sicoss_id`),
  CONSTRAINT `syj_convenio_formatosicoss_syj_convenio_id_foreign` FOREIGN KEY (`syj_convenio_id`) REFERENCES `syj_convenios` (`id`),
  CONSTRAINT `syj_convenio_formatosicoss_syj_formato_sicoss_id_foreign` FOREIGN KEY (`syj_formato_sicoss_id`) REFERENCES `syj_formato_sicoss` (`id`)
) ENGINE=InnoDB DEFAULT CHARSET=utf8mb4 COLLATE=utf8mb4_unicode_ci;

--
-- Dumping data for table `syj_convenio_formatosicoss`
--

INSERT INTO `syj_convenio_formatosicoss` VALUES (NULL,5,1,NULL,NULL,NULL),(1,6,1,NULL,NULL,NULL),(1,7,1,NULL,NULL,NULL),(88,13,1,NULL,NULL,NULL),(88,14,1,NULL,NULL,NULL),(88,15,1,NULL,NULL,NULL),(88,16,1,NULL,NULL,NULL),(88,17,1,NULL,NULL,NULL),(88,18,1,NULL,NULL,NULL),(88,19,1,NULL,NULL,NULL),(88,20,1,NULL,NULL,NULL),(88,21,1,NULL,NULL,NULL),(88,22,1,NULL,NULL,NULL),(88,24,1,NULL,NULL,NULL),(1,34,1,NULL,NULL,NULL),(NULL,5,2,'2022-11-29 09:46:26','2022-11-29 09:46:26',NULL),(NULL,6,2,'2022-11-29 09:46:26','2022-11-29 09:46:26',NULL),(NULL,7,2,'2022-11-29 09:46:26','2022-11-29 09:46:26',NULL),(NULL,13,2,'2022-11-29 09:46:26','2022-11-29 09:46:26',NULL),(NULL,14,2,'2022-11-29 09:46:26','2022-11-29 09:46:26',NULL),(NULL,15,2,'2022-11-29 09:46:26','2022-11-29 09:46:26',NULL),(NULL,16,2,'2022-11-29 09:46:26','2022-11-29 09:46:26',NULL),(NULL,17,2,'2022-11-29 09:46:26','2022-11-29 09:46:26',NULL),(NULL,18,2,'2022-11-29 09:46:26','2022-11-29 09:46:26',NULL),(NULL,19,2,'2022-11-29 09:46:26','2022-11-29 09:46:26',NULL),(NULL,20,2,'2022-11-29 09:46:26','2022-11-29 09:46:26',NULL),(NULL,21,2,'2022-11-29 09:46:26','2022-11-29 09:46:26',NULL),(NULL,22,2,'2022-11-29 09:46:26','2022-11-29 09:46:26',NULL),(NULL,24,2,'2022-11-29 09:46:26','2022-11-29 09:46:26',NULL),(NULL,34,2,'2022-11-29 09:46:26','2022-11-29 09:46:26',NULL),(NULL,35,1,NULL,NULL,NULL),(NULL,35,2,NULL,NULL,NULL),(8165,36,1,NULL,NULL,NULL),(8165,36,2,'2022-11-29 12:46:26','2022-11-29 12:46:26',NULL),(8165,37,1,NULL,NULL,NULL),(8165,37,2,'2022-11-29 12:46:26','2022-11-29 12:46:26',NULL),(8165,38,1,NULL,NULL,NULL),(8165,38,2,'2022-11-29 12:46:26','2022-11-29 12:46:26',NULL),(8165,39,1,NULL,NULL,NULL),(8165,39,2,'2022-11-29 12:46:26','2022-11-29 12:46:26',NULL),(8165,40,1,NULL,NULL,NULL),(8165,40,2,'2022-11-29 12:46:26','2022-11-29 12:46:26',NULL),(8165,41,1,NULL,NULL,NULL),(8165,41,2,'2022-11-29 12:46:26','2022-11-29 12:46:26',NULL),(8165,42,1,NULL,NULL,NULL),(8165,42,2,'2022-11-29 15:46:26','2022-11-29 15:46:26',NULL),(8165,43,1,NULL,NULL,NULL),(8165,43,2,'2022-11-29 12:46:26','2022-11-29 12:46:26',NULL),(8165,44,1,NULL,NULL,NULL),(8165,44,2,'2022-11-29 12:46:26','2022-11-29 12:46:26',NULL),(8165,45,1,NULL,NULL,NULL),(8165,45,2,'2022-11-29 12:46:26','2022-11-29 12:46:26',NULL),(8165,46,1,NULL,NULL,NULL),(8165,46,2,'2022-11-29 15:46:26','2022-11-29 15:46:26',NULL),(8165,47,1,NULL,NULL,NULL),(8165,47,2,'2022-11-29 12:46:26','2022-11-29 12:46:26',NULL),(8165,48,1,NULL,NULL,NULL),(8165,48,2,'2022-11-29 12:46:26','2022-11-29 12:46:26',NULL),(8165,49,1,NULL,NULL,NULL),(8165,49,2,'2022-11-29 15:46:26','2022-11-29 15:46:26',NULL),(8165,50,1,NULL,NULL,NULL),(8165,50,2,'2022-11-29 18:46:26','2022-11-29 18:46:26',NULL),(8165,51,1,NULL,NULL,NULL),(8165,51,2,'2022-11-29 12:46:26','2022-11-29 12:46:26',NULL),(8165,52,1,NULL,NULL,NULL),(8165,52,2,'2022-11-29 21:46:26','2022-11-29 21:46:26',NULL),(8165,53,1,NULL,NULL,NULL),(8165,53,2,'2022-11-29 15:46:26','2022-11-29 15:46:26',NULL),(8165,54,1,NULL,NULL,NULL),(8165,54,2,'2022-11-29 15:46:26','2022-11-29 15:46:26',NULL),(8165,55,1,NULL,'2023-08-09 19:33:59','2023-08-09 19:33:59'),(8165,55,2,'2022-11-29 18:46:26','2023-08-09 19:33:59','2023-08-09 19:33:59'),(8165,56,1,NULL,NULL,NULL),(8165,56,2,'2022-11-29 18:46:26','2022-11-29 18:46:26',NULL),(8165,57,1,NULL,NULL,NULL),(8165,57,2,'2022-11-29 15:46:26','2022-11-29 15:46:26',NULL),(8165,58,1,NULL,NULL,NULL),(8165,58,2,'2022-11-29 15:46:26','2022-11-29 15:46:26',NULL),(8165,59,1,NULL,NULL,NULL),(8165,59,2,'2022-11-29 18:46:26','2022-11-29 18:46:26',NULL),(8165,60,1,NULL,NULL,NULL),(8165,60,2,'2022-11-29 12:46:26','2022-11-29 12:46:26',NULL);

--
-- Table structure for table `syj_convenios`
--

CREATE TABLE `syj_convenios` (
  `id` int(10) unsigned NOT NULL AUTO_INCREMENT,
  `user_id` int(10) unsigned DEFAULT NULL,
  `descripcion` varchar(191) COLLATE utf8mb4_unicode_ci DEFAULT NULL,
  `syj_emp_afecta_id` int(10) unsigned NOT NULL,
  `habilitado` tinyint(1) NOT NULL DEFAULT '1',
  `created_at` timestamp NULL DEFAULT NULL,
  `updated_at` timestamp NULL DEFAULT NULL,
  `deleted_at` timestamp NULL DEFAULT NULL,
  PRIMARY KEY (`id`),
  KEY `syj_convenios_syj_emp_afecta_id_foreign` (`syj_emp_afecta_id`),
  CONSTRAINT `syj_convenios_syj_emp_afecta_id_foreign` FOREIGN KEY (`syj_emp_afecta_id`) REFERENCES `syj_emp_afecta` (`id`)
) ENGINE=InnoDB AUTO_INCREMENT=61 DEFAULT CHARSET=utf8mb4 COLLATE=utf8mb4_unicode_ci;

--
-- Dumping data for table `syj_convenios`
--

INSERT INTO `syj_convenios` VALUES (5,8165,'GENERICO',2,1,'2020-04-07 03:01:58','2022-12-01 19:43:08',NULL),(6,8165,'COMERCIO 130/75',2,1,'2020-05-11 15:11:16','2022-12-01 19:57:03',NULL),(7,1,'DIRECTORES - GERENTES',2,1,'2020-05-12 12:36:54','2022-11-29 09:46:24',NULL),(13,88,'TINTOREROS 0526/08',3,1,'2020-05-13 10:17:46','2020-05-13 10:48:47',NULL),(14,88,'SANIDAD 108/75',2,1,'2020-05-13 12:21:02','2020-05-13 12:21:26',NULL),(15,88,'SANIDAD 122/75',2,1,'2020-05-13 15:40:51','2020-05-13 15:40:51',NULL),(16,88,'UOCRA 76/75',3,1,'2020-05-19 09:56:17','2020-05-19 09:56:17',NULL),(17,88,'SOECRA - COCHERIAS 749/18',2,1,'2020-05-19 11:20:07','2022-11-29 09:46:24',NULL),(18,88,'SOCAYA 179/75',3,1,'2020-05-19 14:24:18','2020-05-19 14:24:18',NULL),(19,88,'AOTRA 500/07',3,1,'2020-05-19 15:21:50','2020-05-19 15:21:50',NULL),(20,88,'UTHGRA 389/04',2,1,'2020-05-20 08:56:34','2022-11-29 09:46:24',NULL),(21,88,'SOMRA 281/96',2,1,'2020-05-20 11:46:24','2022-11-29 09:46:24',NULL),(22,88,'CAMIONEROS 40/89',2,1,'2020-05-20 13:28:57','2022-11-29 09:46:24',NULL),(24,88,'ATILRA 02/88',2,1,'2020-05-21 20:24:45','2022-11-29 09:46:24',NULL),(34,88,'UPSRA - Seguridad 507/07',2,1,'2020-05-22 12:48:31','2022-11-29 09:46:24',NULL),(35,NULL,'Empleado Eventual',1,1,'2022-11-29 09:46:32','2022-11-29 09:46:32',NULL),(36,8165,'SANIDAD 459/06',2,1,'2022-12-01 15:11:09','2022-12-01 15:11:31',NULL),(37,8165,'FARMACIA',2,1,'2022-12-01 19:43:22','2022-12-02 00:51:25',NULL),(38,8165,'COMERCIO 130/75-',2,1,'2022-12-02 16:22:21','2022-12-02 16:22:21',NULL),(39,8165,'PANADEROS 231/94',2,1,'2022-12-02 22:50:18','2022-12-02 22:50:18',NULL),(40,8165,'UTEDYC - 736/16',2,1,'2022-12-03 21:11:30','2022-12-04 11:26:03',NULL),(41,8165,'ALEARA 664/13',2,1,'2022-12-04 11:58:19','2022-12-04 11:58:19',NULL),(42,8165,'FATFA 659/13',2,1,'2022-12-04 19:49:00','2022-12-04 19:49:00',NULL),(43,8165,'FUERA DE CONVENIO',2,1,'2022-12-05 00:29:28','2022-12-05 00:29:28',NULL),(44,8165,'UTHGRA 389/04-',2,1,'2022-12-05 19:38:47','2022-12-28 01:01:46',NULL),(45,8165,'CAMIONEROS - 40/89',2,1,'2022-12-06 09:30:45','2022-12-06 09:30:45',NULL),(46,8165,'UTHGRA - 389/04',2,1,'2022-12-06 10:16:04','2022-12-06 10:16:04',NULL),(47,8165,'UECARA 660/13',2,1,'2022-12-07 00:57:44','2022-12-07 00:57:53',NULL),(48,8165,'UOCRA - 76/75',3,1,'2022-12-08 12:03:07','2022-12-08 12:03:07',NULL),(49,8165,'SANIDAD 459/06 - M',2,1,'2022-12-13 23:26:22','2022-12-13 23:26:41',NULL),(50,8165,'SANIDAD 459/06 - C.S',2,1,'2022-12-24 11:45:19','2022-12-24 11:45:19',NULL),(51,8165,'COMERCIO 130/75 - A',2,1,'2022-12-26 20:14:12','2022-12-26 20:14:12',NULL),(52,8165,'AMRA - Asociación de Médicos de la República Argentina',2,1,'2023-01-10 21:00:02','2023-01-10 21:00:24',NULL),(53,8165,'COMERCIO 130/75-D.M',2,1,'2023-01-25 00:22:52','2023-01-25 00:22:52',NULL),(54,8165,'COMERCIO 130/75 - C.S',2,1,'2023-02-07 00:06:15','2023-02-07 00:06:15',NULL),(55,8165,'COMERCIO 130/75 - S',2,1,'2023-08-09 19:33:40','2023-08-09 19:34:01','2023-08-09 19:34:01'),(56,8165,'COMERCIO 130/75-S',2,1,'2023-08-09 19:34:28','2023-08-09 19:34:28',NULL),(57,8165,'COMERCIO 130/75-M',2,1,'2023-11-29 10:14:39','2025-02-24 21:41:08',NULL),(58,8165,'ALEARA-664/13',2,1,'2024-01-02 23:09:06','2024-01-02 23:09:50',NULL),(59,8165,'SEIVARA',2,1,'2024-06-25 23:44:12','2024-06-25 23:44:12',NULL),(60,8165,'SANITARIOS - 0480/06',3,1,'2025-05-26 14:00:56','2025-05-26 14:01:18',NULL);

--
-- Table structure for table `syj_domicilios`
--

CREATE TABLE `syj_domicilios` (
  `id` int(10) unsigned NOT NULL AUTO_INCREMENT,
  `user_id` int(10) unsigned DEFAULT NULL,
  `person_id` int(10) unsigned NOT NULL,
  `pais_id` int(10) unsigned NOT NULL,
  `zone_id` int(10) unsigned NOT NULL,
  `localidad_id` int(10) unsigned NOT NULL,
  `calle` varchar(191) COLLATE utf8mb4_unicode_ci DEFAULT NULL,
  `numero` int(11) DEFAULT NULL,
  `piso` varchar(191) COLLATE utf8mb4_unicode_ci DEFAULT NULL,
  `depto` varchar(191) COLLATE utf8mb4_unicode_ci DEFAULT NULL,
  `cod_postal` int(11) DEFAULT NULL,
  `sucursal` varchar(191) COLLATE utf8mb4_unicode_ci DEFAULT NULL,
  `is_legal` tinyint(1) NOT NULL DEFAULT '0',
  `habilitado` tinyint(1) NOT NULL DEFAULT '1',
  `created_at` timestamp NULL DEFAULT NULL,
  `updated_at` timestamp NULL DEFAULT NULL,
  `deleted_at` timestamp NULL DEFAULT NULL,
  PRIMARY KEY (`id`),
  KEY `syj_domicilios_person_id_foreign` (`person_id`),
  KEY `syj_domicilios_pais_id_foreign` (`pais_id`),
  KEY `syj_domicilios_zone_id_foreign` (`zone_id`),
  KEY `syj_domicilios_localidad_id_foreign` (`localidad_id`),
  CONSTRAINT `syj_domicilios_localidad_id_foreign` FOREIGN KEY (`localidad_id`) REFERENCES `localidad` (`id`),
  CONSTRAINT `syj_domicilios_pais_id_foreign` FOREIGN KEY (`pais_id`) REFERENCES `pais` (`id`),
  CONSTRAINT `syj_domicilios_person_id_foreign` FOREIGN KEY (`person_id`) REFERENCES `persons` (`id`),
  CONSTRAINT `syj_domicilios_zone_id_foreign` FOREIGN KEY (`zone_id`) REFERENCES `zones` (`id`)
) ENGINE=InnoDB AUTO_INCREMENT=36 DEFAULT CHARSET=utf8mb4 COLLATE=utf8mb4_unicode_ci;

--
-- Dumping data for table `syj_domicilios`
--

INSERT INTO `syj_domicilios` VALUES (1,8165,40719,1,22,1,'LAVALLE',1616,'12','B',1048,'1',1,1,'2022-12-01 15:09:01','2022-12-01 15:10:03',NULL),(2,8165,40719,1,22,1,'LAVALLE',1616,'12','B',1048,'1',1,1,'2022-12-01 15:09:49','2022-12-01 15:09:49',NULL),(3,8165,40721,1,22,9,'BOURQUETE',1622,'','',1838,'0',1,1,'2022-12-01 15:12:45','2022-12-01 15:26:05',NULL),(4,8165,40722,1,23,9,'AV GOB LUIS M VERNET',2990,'','',1842,'0',0,1,'2022-12-01 20:56:53','2022-12-01 20:56:53',NULL),(5,8165,40722,1,23,9,'AV GOB LUIS M VERNET',2990,'','',1842,'1',0,1,'2022-12-01 20:57:59','2022-12-01 20:57:59',NULL),(6,8165,40723,1,23,9,'Vicente Lopez',457,'','',1842,'1',1,1,'2022-12-01 21:17:28','2022-12-01 21:17:28',NULL),(7,8165,40724,1,23,9,'RESTELLI',1430,'','',1776,'0',0,1,'2022-12-02 10:16:51','2022-12-02 10:16:51',NULL),(8,8165,40725,1,23,9,'Nuestras Malvinas',901,'','',1842,'1',1,1,'2022-12-02 16:11:33','2022-12-02 16:11:33',NULL),(9,8165,40726,1,23,9,'Gral. Rodriguez',391,'','',1842,'1',0,1,'2022-12-02 20:57:07','2022-12-02 20:57:07',NULL),(10,8165,40727,1,23,9,'A. Rojas',61,'','23',1842,'1',1,1,'2022-12-02 21:49:54','2022-12-02 21:49:54',NULL),(11,8165,40728,1,23,10,'Gaddini',165,'','',1806,'1',1,1,'2022-12-02 22:16:35','2022-12-02 22:16:35',NULL),(12,8165,40729,1,23,9,'Pehuajo',245,'','',1842,'1',1,1,'2022-12-02 22:43:17','2022-12-02 22:43:17',NULL),(13,8165,40730,1,23,11,'RUTA DE LA TRADICION',6039,'','',1776,'0',0,1,'2022-12-03 12:55:25','2022-12-03 12:55:25',NULL),(14,8165,40731,1,23,9,'Vicente Lopez',339,'','PB',1842,'1',0,1,'2022-12-03 20:12:37','2022-12-03 20:12:37',NULL),(15,8165,40732,1,22,1,'Lima',355,'4','J',1073,'1',0,1,'2022-12-04 11:23:59','2022-12-04 11:23:59',NULL),(16,8165,40733,1,23,9,'C. Colon',1801,'','',1842,'1',0,1,'2022-12-04 11:54:57','2023-06-09 18:17:33',NULL),(17,8165,40734,1,23,9,'Luis Vernet',1773,'','',1842,'1',0,1,'2022-12-04 19:46:00','2022-12-04 19:46:00',NULL),(18,8165,40735,1,23,9,'Dardo Rocha',135,'','',1842,'1',0,1,'2022-12-04 20:45:16','2022-12-04 20:45:16',NULL),(19,8165,40736,1,22,1,'Cosquin',105,'','',1408,'1',0,1,'2022-12-05 00:27:03','2022-12-05 00:27:03',NULL),(20,8165,40737,1,23,9,'J.A.Roca',1131,'','',1842,'1',0,1,'2022-12-05 22:41:07','2022-12-05 22:41:07',NULL),(21,8165,40738,1,23,9,'Benavidez',2628,'','',1842,'1',0,1,'2022-12-05 23:48:52','2022-12-05 23:48:52',NULL),(22,8165,40739,1,23,9,'Alem',161,'','',1842,'1',0,1,'2022-12-06 10:13:00','2022-12-06 10:13:00',NULL),(23,8165,40740,1,23,12,'Mariano Castex',419,'','',1804,'1',0,1,'2022-12-07 00:17:10','2022-12-07 00:17:10',NULL),(24,8165,40741,1,23,13,'Martin Coronado',322,'','',1838,'1',0,1,'2022-12-08 11:37:21','2022-12-08 11:37:21',NULL),(25,8165,40720,1,22,1,'Lavalle',1616,'12','B',1048,'1',0,1,'2022-12-09 13:41:41','2022-12-09 13:41:41',NULL),(26,8165,40742,1,23,9,'Enrique Santamarina',148,'','',1842,'1',0,1,'2022-12-13 21:43:42','2022-12-13 21:43:42',NULL),(27,8165,40743,1,23,5,'AVDA.MITRE',2047,'','',1870,'1',0,1,'2022-12-24 11:42:44','2022-12-24 11:42:44',NULL),(28,8165,40744,1,23,14,'2',622,'','',7107,'1',0,1,'2023-02-06 22:18:03','2023-02-06 22:18:03',NULL),(29,8165,40745,1,23,10,'Gaddini',65,'','',1806,'1',1,1,'2023-08-09 19:31:11','2023-08-09 19:31:11',NULL),(30,8165,40746,1,23,15,'Acevedo',57,'','',1832,'1',1,1,'2023-08-27 22:05:11','2023-08-27 22:05:11',NULL),(31,8165,40747,1,23,11,'CAMINO DE CINTURA',5567,'','',1776,'1',1,1,'2023-08-28 19:34:37','2023-08-28 19:34:37',NULL),(32,8165,40748,1,23,9,'SOFIA SANTAMARINA',577,'','',1842,'1',1,1,'2023-11-29 10:10:54','2023-11-29 10:10:54',NULL),(33,8165,40749,1,23,9,'Roca',260,'','',1842,'1',0,1,'2024-05-29 11:06:43','2024-05-29 11:07:24',NULL),(34,8165,40916,1,23,15,'CORRIENTES',966,'','',1832,'1',1,1,'2025-05-26 13:58:15','2025-05-26 13:58:15',NULL),(35,8165,40973,1,23,16,'CERVETTI',679,'','',1842,'1',1,1,'2025-10-01 10:45:54','2025-10-01 10:48:28',NULL);

--
-- Table structure for table `syj_emp_afecta`
--

CREATE TABLE `syj_emp_afecta` (
  `id` int(10) unsigned NOT NULL AUTO_INCREMENT,
  `user_id` int(10) unsigned DEFAULT NULL,
  `descripcion` varchar(191) COLLATE utf8mb4_unicode_ci NOT NULL,
  `habilitado` tinyint(1) NOT NULL DEFAULT '1',
  `created_at` timestamp NULL DEFAULT NULL,
  `updated_at` timestamp NULL DEFAULT NULL,
  `deleted_at` timestamp NULL DEFAULT NULL,
  PRIMARY KEY (`id`),
  UNIQUE KEY `syj_emp_afecta_descripcion_unique` (`descripcion`)
) ENGINE=InnoDB AUTO_INCREMENT=4 DEFAULT CHARSET=utf8mb4 COLLATE=utf8mb4_unicode_ci;

--
-- Dumping data for table `syj_emp_afecta`
--

INSERT INTO `syj_emp_afecta` VALUES (1,NULL,'Todos',1,'2020-05-28 20:55:23','2020-05-28 20:55:23',NULL),(2,NULL,'Mensual/Jornal',1,'2020-05-28 20:55:23','2020-05-28 20:55:23',NULL),(3,NULL,'Quincenal',1,'2020-05-28 20:55:23','2020-05-28 20:55:23',NULL);

--
-- Table structure for table `syj_emp_alcance`
--

CREATE TABLE `syj_emp_alcance` (
  `id` int(10) unsigned NOT NULL AUTO_INCREMENT,
  `user_id` int(10) unsigned DEFAULT NULL,
  `descripcion` varchar(191) COLLATE utf8mb4_unicode_ci NOT NULL,
  `habilitado` tinyint(1) NOT NULL DEFAULT '1',
  `created_at` timestamp NULL DEFAULT NULL,
  `updated_at` timestamp NULL DEFAULT NULL,
  `deleted_at` timestamp NULL DEFAULT NULL,
  PRIMARY KEY (`id`),
  UNIQUE KEY `syj_emp_alcance_descripcion_unique` (`descripcion`)
) ENGINE=InnoDB AUTO_INCREMENT=3 DEFAULT CHARSET=utf8mb4 COLLATE=utf8mb4_unicode_ci;

--
-- Dumping data for table `syj_emp_alcance`
--

INSERT INTO `syj_emp_alcance` VALUES (1,NULL,'General',1,'2020-05-28 20:55:23','2020-05-28 20:55:23',NULL),(2,NULL,'Por Empleado',1,'2020-05-28 20:55:23','2020-05-28 20:55:23',NULL);

--
-- Table structure for table `syj_emp_cod_siniestro`
--

CREATE TABLE `syj_emp_cod_siniestro` (
  `id` int(10) unsigned NOT NULL AUTO_INCREMENT,
  `user_id` int(10) unsigned DEFAULT NULL,
  `codigo_afip` varchar(191) COLLATE utf8mb4_unicode_ci NOT NULL,
  `descripcion` varchar(191) COLLATE utf8mb4_unicode_ci NOT NULL,
  `habilitado` tinyint(1) NOT NULL DEFAULT '1',
  `created_at` timestamp NULL DEFAULT NULL,
  `updated_at` timestamp NULL DEFAULT NULL,
  `deleted_at` timestamp NULL DEFAULT NULL,
  PRIMARY KEY (`id`),
  UNIQUE KEY `syj_emp_cod_siniestro_codigo_afip_unique` (`codigo_afip`)
) ENGINE=InnoDB AUTO_INCREMENT=15 DEFAULT CHARSET=utf8mb4 COLLATE=utf8mb4_unicode_ci;

--
-- Dumping data for table `syj_emp_cod_siniestro`
--

INSERT INTO `syj_emp_cod_siniestro` VALUES (1,NULL,'0','No Incapacitado',1,'2020-05-28 20:55:24','2020-05-28 20:55:24',NULL),(2,NULL,'1','ILT Incapacidad Laboral Temporaria',1,'2020-05-28 20:55:24','2020-05-28 20:55:24',NULL),(3,NULL,'2','ILPPP Incap Lab Perman Parcial Provisoria',1,'2020-05-28 20:55:24','2020-05-28 20:55:24',NULL),(4,NULL,'3','ILPPD Incap Lab Perman Parcial Definitiva',1,'2020-05-28 20:55:24','2020-05-28 20:55:24',NULL),(5,NULL,'4','ILPTP Incap Lab Perman Total Provisoria',1,'2020-05-28 20:55:24','2020-05-28 20:55:24',NULL),(6,NULL,'5','Capital de recomp Art 15,ap 3 Ley 24557',1,'2020-05-28 20:55:24','2020-05-28 20:55:24',NULL),(7,NULL,'6','Ajuste Definitivo ILPPD de pago mensual',1,'2020-05-28 20:55:24','2020-05-28 20:55:24',NULL),(8,NULL,'7','RENTA PERIOD ILPPD Inc Lab Perm Parc Def>50%',1,'2020-05-28 20:55:24','2020-05-28 20:55:24',NULL),(9,NULL,'8','SRT/SSN F Garantia/F Res ILT Incap Lab Temp',1,'2020-05-28 20:55:24','2020-05-28 20:55:24',NULL),(10,NULL,'9','SRT/SSN F Gtia/F Res ILPPP Inc Lab Perm Parc',1,'2020-05-28 20:55:24','2020-05-28 20:55:24',NULL),(11,NULL,'10','SRT/SSN F Gtia/F Res ILPTP Inc Lab Perm Total',1,'2020-05-28 20:55:24','2020-05-28 20:55:24',NULL),(12,NULL,'11','SRT/SSN F Gtia/F Res ILPPD Inc Lab Perm Par D',1,'2020-05-28 20:55:24','2020-05-28 20:55:24',NULL),(13,NULL,'12','ILPPD Beneficios devengados art 11 p.4',1,'2020-05-28 20:55:24','2020-05-28 20:55:24',NULL),(14,NULL,'13','INFORME Incr salarial de trabaj siniest a ART',1,'2020-05-28 20:55:24','2020-05-28 20:55:24',NULL);

--
-- Table structure for table `syj_emp_condicion`
--

CREATE TABLE `syj_emp_condicion` (
  `id` int(10) unsigned NOT NULL AUTO_INCREMENT,
  `user_id` int(10) unsigned DEFAULT NULL,
  `descripcion` varchar(191) COLLATE utf8mb4_unicode_ci NOT NULL,
  `codigo_afip` int(10) unsigned NOT NULL,
  `habilitado` tinyint(1) NOT NULL DEFAULT '1',
  `created_at` timestamp NULL DEFAULT NULL,
  `updated_at` timestamp NULL DEFAULT NULL,
  `deleted_at` timestamp NULL DEFAULT NULL,
  PRIMARY KEY (`id`),
  UNIQUE KEY `syj_emp_condicion_descripcion_unique` (`descripcion`)
) ENGINE=InnoDB AUTO_INCREMENT=15 DEFAULT CHARSET=utf8mb4 COLLATE=utf8mb4_unicode_ci;

--
-- Dumping data for table `syj_emp_condicion`
--

INSERT INTO `syj_emp_condicion` VALUES (1,NULL,'Jubilado Decreto Nº 894/01 y/o Dec 2288/02',0,1,'2020-05-28 20:55:24','2020-05-28 20:55:24',NULL),(2,NULL,'SERVICIOS COMUNES Mayor de 18 años',1,1,'2020-05-28 20:55:24','2020-05-28 20:55:34',NULL),(3,NULL,'Jubilado',2,1,'2020-05-28 20:55:24','2020-05-28 20:55:34',NULL),(4,NULL,'Menor',3,1,'2020-05-28 20:55:24','2020-05-28 20:55:34',NULL),(5,NULL,'Menor Anterior',4,0,'2020-05-28 20:55:24','2022-11-29 09:46:31',NULL),(6,NULL,'SERVICIOS DIFERENCIADOS Mayor de 18 años',5,1,'2020-05-28 20:55:24','2020-05-28 20:55:34',NULL),(7,NULL,'Pre-Jubilables Sin relacion de dependencia-s/',6,1,'2020-05-28 20:55:24','2020-05-28 20:55:34',NULL),(8,NULL,'MEDIDA DE NO INNOVAR SERV COMUNES',7,0,'2020-05-28 20:55:24','2022-11-29 09:46:31',NULL),(9,NULL,'MEDIDA DE NO INNOVAR SERV DIFERENCIADOS',8,0,'2020-05-28 20:55:24','2022-11-29 09:46:31',NULL),(10,NULL,'Jubilado Decreto Nº 206/00 y/o Decreto 894/01',9,1,'2020-05-28 20:55:24','2020-05-28 20:55:34',NULL),(11,NULL,'Pensión (NO SIPA)',10,1,'2020-05-28 20:55:24','2020-05-28 20:55:34',NULL),(12,NULL,'Pensión no contributiva (NO SIPA)',11,1,'2020-05-28 20:55:24','2020-05-28 20:55:34',NULL),(13,NULL,'Art. 8º Ley Nº 27426',12,1,'2022-11-29 09:46:31','2022-11-29 09:46:31',NULL),(14,NULL,'Servicios Diferenciados no alcanzados por el Dto. 633/2018',13,1,'2022-11-29 09:46:31','2022-11-29 09:46:31',NULL);

--
-- Table structure for table `syj_emp_estado`
--

CREATE TABLE `syj_emp_estado` (
  `id` int(10) unsigned NOT NULL AUTO_INCREMENT,
  `user_id` int(10) unsigned DEFAULT NULL,
  `descripcion` varchar(191) COLLATE utf8mb4_unicode_ci NOT NULL,
  `habilitado` tinyint(1) NOT NULL DEFAULT '1',
  `created_at` timestamp NULL DEFAULT NULL,
  `updated_at` timestamp NULL DEFAULT NULL,
  `deleted_at` timestamp NULL DEFAULT NULL,
  PRIMARY KEY (`id`),
  UNIQUE KEY `syj_emp_estado_descripcion_unique` (`descripcion`)
) ENGINE=InnoDB AUTO_INCREMENT=4 DEFAULT CHARSET=utf8mb4 COLLATE=utf8mb4_unicode_ci;

--
-- Dumping data for table `syj_emp_estado`
--

INSERT INTO `syj_emp_estado` VALUES (1,NULL,'Habilitado',1,'2020-05-28 20:55:23','2020-05-28 20:55:23',NULL),(2,NULL,'Inhabilitado',1,'2020-05-28 20:55:23','2020-05-28 20:55:23',NULL),(3,NULL,'Baja',1,'2020-05-28 20:55:23','2020-05-28 20:55:23',NULL);

--
-- Table structure for table `syj_emp_mod_contratacion`
--

CREATE TABLE `syj_emp_mod_contratacion` (
  `id` int(10) unsigned NOT NULL AUTO_INCREMENT,
  `user_id` int(10) unsigned DEFAULT NULL,
  `codigo_afip` varchar(191) COLLATE utf8mb4_unicode_ci NOT NULL,
  `descripcion` varchar(191) COLLATE utf8mb4_unicode_ci NOT NULL,
  `habilitado` tinyint(1) NOT NULL DEFAULT '1',
  `created_at` timestamp NULL DEFAULT NULL,
  `updated_at` timestamp NULL DEFAULT NULL,
  `deleted_at` timestamp NULL DEFAULT NULL,
  PRIMARY KEY (`id`),
  UNIQUE KEY `syj_emp_mod_contratacion_codigo_afip_unique` (`codigo_afip`)
) ENGINE=InnoDB AUTO_INCREMENT=123 DEFAULT CHARSET=utf8mb4 COLLATE=utf8mb4_unicode_ci;

--
-- Dumping data for table `syj_emp_mod_contratacion`
--

INSERT INTO `syj_emp_mod_contratacion` VALUES (1,NULL,'1','A tiempo parcial:Indeterminado/permanente',1,'2020-05-28 20:55:24','2020-05-28 20:55:24',NULL),(2,NULL,'2','Becarios/Residencias medicas Ley 22127',1,'2020-05-28 20:55:24','2020-05-28 20:55:24',NULL),(3,NULL,'3','De aprendizaje l.25013',1,'2020-05-28 20:55:24','2020-05-28 20:55:24',NULL),(4,NULL,'8','A tiempo completo indet/Trabajo permanente',1,'2020-05-28 20:55:24','2020-05-28 20:55:24',NULL),(5,NULL,'10','Pasantias-sin obra social',1,'2020-05-28 20:55:24','2020-05-28 20:55:24',NULL),(6,NULL,'11','Trabajo de temporada',1,'2020-05-28 20:55:24','2020-05-28 20:55:24',NULL),(7,NULL,'12','Trabajo eventual',1,'2020-05-28 20:55:24','2020-05-28 20:55:24',NULL),(8,NULL,'14','Nuevo Periodo de Prueba',1,'2020-05-28 20:55:24','2020-05-28 20:55:24',NULL),(9,NULL,'15','Pto Nuevo Varones y Mujeres de 25 a 44 años',1,'2020-05-28 20:55:24','2020-05-28 20:55:24',NULL),(10,NULL,'16','Nuevo Periodo de Prueba Trab Disc Art 34',1,'2020-05-28 20:55:24','2020-05-28 20:55:24',NULL),(11,NULL,'17','Pto Nuevo Menor de 25 años, Varones y Mujeres',1,'2020-05-28 20:55:24','2020-05-28 20:55:24',NULL),(12,NULL,'18','Trabajador Discapacitado Art 34 Ley 24147',1,'2020-05-28 20:55:24','2020-05-28 20:55:24',NULL),(13,NULL,'19','Puesto Nuevo. Varones y Mujeres 25 a 44 años',1,'2020-05-28 20:55:24','2020-05-28 20:55:24',NULL),(14,NULL,'20','Pto Nuevo Menor de 25 años, Varones y Mujeres',1,'2020-05-28 20:55:24','2020-05-28 20:55:24',NULL),(15,NULL,'21','A tiempo parcial det(contrato a plazo fijo)',1,'2020-05-28 20:55:24','2020-05-28 20:55:24',NULL),(16,NULL,'22','A Tiempo completo det(contrato a plazo fijo)',1,'2020-05-28 20:55:24','2020-05-28 20:55:24',NULL),(17,NULL,'23','Personal no permanente L 22248',1,'2020-05-28 20:55:24','2020-05-28 20:55:24',NULL),(18,NULL,'24','Personal de la Construccion L 22250',1,'2020-05-28 20:55:24','2020-05-28 20:55:24',NULL),(19,NULL,'25','Empleo publico provincial',1,'2020-05-28 20:55:24','2020-05-28 20:55:24',NULL),(20,NULL,'26','Benef de programa de empleo, capacit y recup',1,'2020-05-28 20:55:24','2020-05-28 20:55:24',NULL),(21,NULL,'27','Pasantias Ley 26427-con obra social-',1,'2020-05-28 20:55:24','2020-05-28 20:55:24',NULL),(22,NULL,'28','Programas Jefes y Jefas de Hogar',1,'2020-05-28 20:55:24','2020-05-28 20:55:24',NULL),(23,NULL,'29','Decreto Nº 1212/03 Aportante Autonomo',1,'2020-05-28 20:55:24','2020-05-28 20:55:24',NULL),(24,NULL,'30','Nuevo Periodo de Prueba Trabaj Discap Art 87',1,'2020-05-28 20:55:24','2020-05-28 20:55:24',NULL),(25,NULL,'31','Trabajador Discapacitado Art 87 L 24013',1,'2020-05-28 20:55:24','2020-05-28 20:55:24',NULL),(26,NULL,'44','Changa Solidaria CCT 62/75',1,'2020-05-28 20:55:24','2020-05-28 20:55:24',NULL),(27,NULL,'45','Personal no permanente hoteles CCT 362/03',1,'2020-05-28 20:55:24','2020-05-28 20:55:24',NULL),(28,NULL,'46','Planta transitoria Adm Pub Nac,Prov y/o Munic',1,'2020-05-28 20:55:24','2020-05-28 20:55:24',NULL),(29,NULL,'47','Representacion Gremial',1,'2020-05-28 20:55:24','2020-05-28 20:55:24',NULL),(30,NULL,'48','Art 4 L 24241 Traslado temp desde el exterior',1,'2020-05-28 20:55:24','2020-05-28 20:55:24',NULL),(31,NULL,'49','Directores-empleado SA con OS y LRT',1,'2020-05-28 20:55:24','2020-05-28 20:55:24',NULL),(32,NULL,'51','Pasantias Ley 26247-con OS- benef pens de dis',1,'2020-05-28 20:55:24','2020-05-28 20:55:24',NULL),(33,NULL,'95','Planes Ministerio de Trabajo',1,'2020-05-28 20:55:24','2020-05-28 20:55:24',NULL),(34,NULL,'96','Plan Trabajo por San Luis Ley 5411/03',1,'2020-05-28 20:55:24','2020-05-28 20:55:24',NULL),(35,NULL,'97','Programa Trabajo para jovenes tucumanos',1,'2020-05-28 20:55:24','2020-05-28 20:55:24',NULL),(36,NULL,'98','BONUS 2da oportunidad',1,'2020-05-28 20:55:24','2020-05-28 20:55:24',NULL),(37,NULL,'99','LRT(Directores SA,municipios,org cent y desc',1,'2020-05-28 20:55:24','2020-05-28 20:55:24',NULL),(38,NULL,'110','Trabajo Permanente Prest.Continua Ley 26727',1,'2020-05-28 20:55:24','2020-05-28 20:55:24',NULL);
INSERT INTO `syj_emp_mod_contratacion` VALUES (39,NULL,'111','Trabajo Temporario Ley 26727',1,'2020-05-28 20:55:24','2020-05-28 20:55:24',NULL),(40,NULL,'112','Trabajo Permanente Discontinuo Ley 26727',1,'2020-05-28 20:55:24','2020-05-28 20:55:24',NULL),(41,NULL,'113','Trabajo por eq.o cuadrilla familiar Ley 26727',1,'2020-05-28 20:55:24','2020-05-28 20:55:24',NULL),(42,NULL,'114','Trabajo temporario con Reducción Ley 26727',0,'2020-05-28 20:55:24','2022-11-29 09:46:31',NULL),(43,NULL,'115','Trabajo permanente disc con reducción ley 267',0,'2020-05-28 20:55:24','2022-11-29 09:46:31',NULL),(44,NULL,'201','Puesto Nuevo art 16 Ley 26467 benef prim 12m',0,'2020-05-28 20:55:24','2022-11-29 09:46:31',NULL),(45,NULL,'202','Pto Nuevo art 16 Ley 26467 trab discap Art 34',0,'2020-05-28 20:55:24','2022-11-29 09:46:31',NULL),(46,NULL,'203','Pto nuevo art 16 Ley 26467 trab disc Art 87',0,'2020-05-28 20:55:24','2022-11-29 09:46:31',NULL),(47,NULL,'204','Pto nuevo art 16 L 26467-meses 13 a 24-benef',0,'2020-05-28 20:55:24','2022-11-29 09:46:31',NULL),(48,NULL,'205','Pto nuevo art 16 L 26467 trab disc Art 34 L24',0,'2020-05-28 20:55:24','2022-11-29 09:46:31',NULL),(49,NULL,'206','Pto nuevo art 16 L 26467 trab disc Art 87 L28',0,'2020-05-28 20:55:24','2022-11-29 09:46:31',NULL),(50,NULL,'301','Art.19 Ley 26940. Tiempo indeterminado',0,'2020-05-28 20:55:24','2022-12-28 17:55:12',NULL),(51,NULL,'302','Art.19 L 26940- Trab. disc. art.34 L 24147 TI',0,'2020-05-28 20:55:24','2022-12-28 17:55:12',NULL),(52,NULL,'303','Art.19 L 26940- Trab. disc. art.34 L 24013 TI',0,'2020-05-28 20:55:24','2022-12-28 17:55:12',NULL),(53,NULL,'304','Art.19 L 26940. Tiempo parcial. Art. 92 LCT',0,'2020-05-28 20:55:24','2022-12-28 17:55:12',NULL),(54,NULL,'305','Art.19 L 26940.Trab. disc. art. 34 L 24147 TP',0,'2020-05-28 20:55:24','2022-12-28 17:55:12',NULL),(55,NULL,'306','Art.19 L 26940.Trab. disc. art. 87 L 24013 TP',0,'2020-05-28 20:55:24','2022-12-28 17:55:12',NULL),(56,NULL,'307','Art.24 L 26940. Hta 15 emp. Prim. 12 meses',0,'2020-05-28 20:55:24','2022-11-29 09:46:31',NULL),(57,NULL,'308','Art24 L 26940 Hta 15 emp. Prim. 12 mes TD A34',0,'2020-05-28 20:55:24','2022-11-29 09:46:31',NULL),(58,NULL,'309','Art24 L 26940 Hta 15 emp. Prim. 12 mes TD A87',0,'2020-05-28 20:55:24','2022-11-29 09:46:31',NULL),(59,NULL,'310','Art 24 L 26940 Hta 15 emp. 2dos12 meses',0,'2020-05-28 20:55:24','2022-11-29 09:46:31',NULL),(60,NULL,'311','Art 24 L 26940 Hta 15 emp. 2dos12 meses',0,'2020-05-28 20:55:24','2022-11-29 09:46:31',NULL),(61,NULL,'312','Art 24 L 26940 Hta 15 emp. 2dos12 meses',0,'2020-05-28 20:55:24','2022-11-29 09:46:31',NULL),(62,NULL,'313','Art 24 L 26940 Hta 16 a 80 emp. Tiempo indet',0,'2020-05-28 20:55:24','2022-11-29 09:46:31',NULL),(63,NULL,'314','Art 24 L 26940 Hta 16 a 80 emp. Tiempo indet',0,'2020-05-28 20:55:24','2022-11-29 09:46:31',NULL),(64,NULL,'315','Art 24 L 26940 Hta 16 a 80 emp. Tiempo indet',0,'2020-05-28 20:55:24','2022-11-29 09:46:31',NULL),(65,NULL,'989','CCG Tabaco Salta',1,'2020-05-28 20:55:24','2020-05-28 20:55:24',NULL),(66,NULL,'990','CCG Tabaco Jujuy',1,'2020-05-28 20:55:24','2020-05-28 20:55:24',NULL),(67,NULL,'991','CCG Vitivinicola de Rio Negro',0,'2020-05-28 20:55:24','2022-11-29 09:46:31',NULL),(68,NULL,'992','CCG Multiproducto del Chaco',1,'2020-05-28 20:55:24','2020-05-28 20:55:24',NULL),(69,NULL,'993','CCG Frutihortícola de San Juan',1,'2020-05-28 20:55:24','2020-05-28 20:55:24',NULL),(70,NULL,'994','CCG Yerba Mate Misiones',1,'2020-05-28 20:55:24','2020-05-28 20:55:24',NULL),(71,NULL,'995','CCG Vitivinícola de San Juan',0,'2020-05-28 20:55:24','2022-11-29 09:46:31',NULL),(72,NULL,'996','CCG Vitivinícola de Mendoza',0,'2020-05-28 20:55:24','2022-12-28 17:55:12',NULL),(73,NULL,'997','CCG forestal del Chaco',1,'2020-05-28 20:55:24','2020-05-28 20:55:24',NULL),(74,NULL,'998','CCG tabaco Virginia del Chaco',1,'2020-05-28 20:55:24','2020-05-28 20:55:24',NULL),(75,NULL,'999','Art11 L 26476 Trabajador registrado Rect. FI',0,'2020-05-28 20:55:24','2022-11-29 09:46:31',NULL);
INSERT INTO `syj_emp_mod_contratacion` VALUES (76,NULL,'59','Taller Protegido de Producción Ley 26816, art. 2º punto 2',1,'2022-11-29 09:46:31','2022-11-29 09:46:31',NULL),(77,NULL,'60','Taller Protegido Especial para el Empleo (TPEE) Ley 26816, art. 2º punto1',1,'2022-11-29 09:46:31','2022-11-29 09:46:31',NULL),(78,NULL,'61','Actor - Interprete en Empleador Contratante Ley 27.203- c/Obra Social',1,'2022-11-29 09:46:31','2022-11-29 09:46:31',NULL),(79,NULL,'62','Actor - Interprete en Empleador Contratante Ley 27.203- s/Obra Social',1,'2022-11-29 09:46:31','2022-11-29 09:46:31',NULL),(80,NULL,'102','Personal permanente discontinuo con ART(para uso de la EU Decreto Nro 762/14)',1,'2022-11-29 09:46:31','2022-11-29 09:46:31',NULL),(81,NULL,'103','Retiro Voluntario - Decreto 263/2018 y otros',1,'2022-11-29 09:46:31','2022-11-29 09:46:31',NULL),(82,NULL,'401','Puesto nuevo Art 2 inc. a Decreto 191/ 2021. Primeros 12 meses',1,'2022-11-29 09:46:31','2022-11-29 09:46:31',NULL),(83,NULL,'404','Puesto nuevo Art 2 inc. d Decreto 191/ 2021. Primeros 12 meses',1,'2022-11-29 09:46:31','2022-11-29 09:46:31',NULL),(84,NULL,'407','Tiempo parcial. Puesto nuevo Art 2 inc. a Decreto 191/ 2021. Primeros 12 meses',1,'2022-11-29 09:46:31','2022-11-29 09:46:31',NULL),(85,NULL,'410','Tiempo parcial. Puesto nuevo Art 2 inc. d Decreto 191/ 2021. Primeros 12 meses',1,'2022-11-29 09:46:31','2022-11-29 09:46:31',NULL),(86,NULL,'413','Discapacitado Ley 24.013 y Puesto nuevo Art 2 inc. a Decreto 191/ 2021',1,'2022-11-29 09:46:31','2022-11-29 09:46:31',NULL),(87,NULL,'414','Discapacitado Ley 24.013 y Puesto nuevo Art 2 inc. d Decreto 191/ 2021',1,'2022-11-29 09:46:31','2022-11-29 09:46:31',NULL),(88,NULL,'415','Discapacitado Ley 24.013 y Tiempo parcial Puesto nuevo Art 2 inc. a Decreto 191/ 2021',1,'2022-11-29 09:46:31','2022-11-29 09:46:31',NULL),(89,NULL,'416','Discapacitado Ley 24.013 y Tiempo parcial Puesto nuevo Art 2 inc. d Decreto 191/ 2021',1,'2022-11-29 09:46:31','2022-11-29 09:46:31',NULL),(90,NULL,'984','CCG foresto industrial del Chaco',1,'2022-11-29 09:46:31','2022-11-29 09:46:31',NULL),(91,NULL,'988','CCG limón Tucumán, Salta y Jujuy',1,'2022-11-29 09:46:31','2022-11-29 09:46:31',NULL),(92,NULL,'63','Acciones de Entrenamiento para el Trabajo - Res 1107/2022',1,'2022-12-28 17:55:12','2022-12-28 17:55:12',NULL),(93,NULL,'402','Puesto nuevo Art 2 inc. b Decreto 191/ 2021. Segundos 12 meses',1,'2022-12-28 17:55:12','2022-12-28 17:55:12',NULL),(94,NULL,'405','Puesto nuevo Art 2 inc. e Decreto 191/ 2021 segundos 12 meses',1,'2022-12-28 17:55:12','2022-12-28 17:55:12',NULL),(95,NULL,'408','Tiempo parcial. Puesto nuevo Art 2 inc. b Decreto 191/ 2021. Segundos 12 meses',1,'2022-12-28 17:55:12','2022-12-28 17:55:12',NULL),(96,NULL,'411','Tiempo parcial. Puesto nuevo Art 2 inc. e Decreto 191/ 2021. Segundos 12 meses',1,'2022-12-28 17:55:12','2022-12-28 17:55:12',NULL),(97,NULL,'501','Puesto Nuevo Art 2 inc. a. Dec. 493/2021',1,'2022-12-28 17:55:12','2022-12-28 17:55:12',NULL),(98,NULL,'502','Puesto Nuevo Art 2 inc. b.Dec. 493/2021',1,'2022-12-28 17:55:12','2022-12-28 17:55:12',NULL),(99,NULL,'503','Tiempo parcial. Puesto Nuevo Art 2 inc. a.Dec. 493/2021',1,'2022-12-28 17:55:12','2022-12-28 17:55:12',NULL),(100,NULL,'504','Tiempo parcial. Puesto Nuevo Art 2 inc. b.Dec. 493/2021',1,'2022-12-28 17:55:12','2022-12-28 17:55:12',NULL),(101,NULL,'505','Discapacitado Ley 24.013 y Puesto nuevo Art 2 inc. a. Dec. 493/2021',1,'2022-12-28 17:55:12','2022-12-28 17:55:12',NULL),(102,NULL,'506','Discapacitado Ley 24.013 y Tiempo parcial Puesto Nuevo Art 2 inc. a.Dec. 493/2021',1,'2022-12-28 17:55:12','2022-12-28 17:55:12',NULL),(103,NULL,'507','Trabajo permanente prestación continua Ley 26727. Puesto Nuevo Art 2 inc. a. Dec. 493/2021',1,'2022-12-28 17:55:12','2022-12-28 17:55:12',NULL),(104,NULL,'508','Trabajo permanente prestación continua Ley 26727. Puesto Nuevo Art 2 inc. b. Dec. 493/2021',1,'2022-12-28 17:55:12','2022-12-28 17:55:12',NULL);
INSERT INTO `syj_emp_mod_contratacion` VALUES (105,NULL,'509','Trabajo permanente discontinuo ley 26727. Puesto Nuevo Art 2 inc. a.  Dec. 493/2021',1,'2022-12-28 17:55:12','2022-12-28 17:55:12',NULL),(106,NULL,'510','Trabajo permanente discontinuo ley 26727. Puesto Nuevo Art 2 inc. b. Dec. 493/2021',1,'2022-12-28 17:55:12','2022-12-28 17:55:12',NULL),(107,NULL,'511','Pthen cpe.descripcion_peris:= ersonal de la Construcción L 22250 Puesto Nuevo Art 2 inc. a. Dec. 493/2021',1,'2022-12-28 17:55:12','2022-12-28 17:55:12',NULL),(108,NULL,'512','Personal de la Construcción L 22250 Puesto Nuevo Art 2 inc. b. Dec. 493/2021',1,'2022-12-28 17:55:12','2022-12-28 17:55:12',NULL),(109,NULL,'601','Contrato por plazo indeterminado a tiempo completo (art 90 Ley 20744) Art 2 Decreto 551/2022. Reduccion 100%.',1,'2022-12-28 17:55:12','2022-12-28 17:55:12',NULL),(110,NULL,'602','Contrato por plazo indeterminado a tiempo parcial (art 90 y art 92 Ley 20744) Art 2 Decreto 551/2022. Reduccion 50%.',1,'2022-12-28 17:55:12','2022-12-28 17:55:12',NULL),(111,NULL,'603','Contrato de trabajo a plazo fijo a tiempo completo ( art 93 Ley 20744) Art 2 Decreto 551/2022. Reduccion 100%.',1,'2022-12-28 17:55:12','2022-12-28 17:55:12',NULL),(112,NULL,'604','Contrato de trabajo a plazo fijo a tiempo parcial ( art 92 y art 93 Ley 20744) Art 2 Decreto 551/2022. Reduccion 50%.',1,'2022-12-28 17:55:12','2022-12-28 17:55:12',NULL),(113,NULL,'605','Contrato trabajo de temporada a tiempo completo ( art 96 Ley 20744) Art 2 Decreto 551/2022. Reduccion 100%.',1,'2022-12-28 17:55:12','2022-12-28 17:55:12',NULL),(114,NULL,'606','Contrato trabajo de temporada a tiempo parcial ( art 92 y art 96 Ley 20744) Art 2 Decreto 551/2022 Reduccion 50%.',1,'2022-12-28 17:55:12','2022-12-28 17:55:12',NULL),(115,NULL,'607','Contrato de trabajo agrario permanente prestación continua a tiempo completo (Ley 26727). Puesto Nuevo Art 2 Decreto 551/2022 Reduccion 100%.',1,'2022-12-28 17:55:12','2022-12-28 17:55:12',NULL),(116,NULL,'608','Contrato de trabajo agrario permanente prestación continua a tiempo parcial (Ley 26727). Puesto Nuevo Art 2 Decreto 551/2022 Reduccion 50%.',1,'2022-12-28 17:55:12','2022-12-28 17:55:12',NULL),(117,NULL,'609','Contrato de trabajo agrario permanente discontinuo a tiempo completo (Ley 26727). Puesto Nuevo Art 2 Decreto 551/2022 Reduccion 100%',1,'2022-12-28 17:55:12','2022-12-28 17:55:12',NULL),(118,NULL,'610','Contrato de trabajo agrario permanente discontinuo a tiempo parcial (Ley 26727). Puesto Nuevo Art 2 Decreto 551/2022 Reduccion 50%.',1,'2022-12-28 17:55:12','2022-12-28 17:55:12',NULL),(119,NULL,'611','Contrato de trabajo agrario de temporada a tiempo completo (Ley 26727). Puesto Nuevo Art 2 Decreto 551/2022 Reduccion 100%.',1,'2022-12-28 17:55:12','2022-12-28 17:55:12',NULL),(120,NULL,'612','Contrato de trabajo agrario de temporada a tiempo parcial (Ley 26727). Puesto Nuevo Art 2 Decreto 551/2022 Reduccion 50%.',1,'2022-12-28 17:55:12','2022-12-28 17:55:12',NULL),(121,NULL,'613','Personal de la Construcción a tiempo completo (Ley 22250) Puesto Nuevo Art 2. Decreto 551/2022 Reduccion 100%.',1,'2022-12-28 17:55:12','2022-12-28 17:55:12',NULL),(122,NULL,'614','Personal de la Construcción a tiempo parcial (Ley 22250 y art 92 Ley 20744) Puesto Nuevo Art 2. Decreto 551/2022 Reduccion 50%.',1,'2022-12-28 17:55:12','2022-12-28 17:55:12',NULL);

--
-- Table structure for table `syj_emp_parentesco`
--

CREATE TABLE `syj_emp_parentesco` (
  `id` int(10) unsigned NOT NULL AUTO_INCREMENT,
  `user_id` int(10) unsigned DEFAULT NULL,
  `descripcion` varchar(191) COLLATE utf8mb4_unicode_ci NOT NULL,
  `habilitado` tinyint(1) NOT NULL DEFAULT '1',
  `created_at` timestamp NULL DEFAULT NULL,
  `updated_at` timestamp NULL DEFAULT NULL,
  `deleted_at` timestamp NULL DEFAULT NULL,
  PRIMARY KEY (`id`)
) ENGINE=InnoDB AUTO_INCREMENT=10 DEFAULT CHARSET=utf8mb4 COLLATE=utf8mb4_unicode_ci;

--
-- Dumping data for table `syj_emp_parentesco`
--

INSERT INTO `syj_emp_parentesco` VALUES (1,NULL,'Cónyuge',1,'2020-05-28 20:55:24','2020-05-28 20:55:24',NULL),(2,NULL,'Concubino/a',1,'2020-05-28 20:55:24','2020-05-28 20:55:24',NULL),(3,NULL,'Hijo soltero menor de 18 años',1,'2020-05-28 20:55:24','2025-02-18 16:05:56',NULL),(4,NULL,'Hijo soltero menor de 18 años cursando est.re',1,'2020-05-28 20:55:24','2025-02-18 16:05:56',NULL),(5,NULL,'Hijo del cónyuge menor de 18 años',1,'2020-05-28 20:55:24','2025-02-18 16:05:56',NULL),(6,NULL,'Hijo de cónyuge soltero de 18 años cursando est.re',1,'2020-05-28 20:55:24','2025-02-18 16:05:56',NULL),(7,NULL,'Menor bajo guarda o tutela',1,'2020-05-28 20:55:24','2020-05-28 20:55:24',NULL),(8,NULL,'Familiar a cargo',1,'2020-05-28 20:55:24','2020-05-28 20:55:24',NULL),(9,NULL,'Mayor de 25 años discapacitado',1,'2020-05-28 20:55:24','2020-05-28 20:55:24',NULL);

--
-- Table structure for table `syj_emp_situacion_revista`
--

CREATE TABLE `syj_emp_situacion_revista` (
  `id` int(10) unsigned NOT NULL AUTO_INCREMENT,
  `user_id` int(10) unsigned DEFAULT NULL,
  `descripcion` varchar(191) COLLATE utf8mb4_unicode_ci NOT NULL,
  `codigo_afip` int(10) unsigned NOT NULL,
  `habilitado` tinyint(1) NOT NULL DEFAULT '1',
  `created_at` timestamp NULL DEFAULT NULL,
  `updated_at` timestamp NULL DEFAULT NULL,
  `deleted_at` timestamp NULL DEFAULT NULL,
  PRIMARY KEY (`id`),
  UNIQUE KEY `syj_emp_situacion_revista_descripcion_unique` (`descripcion`)
) ENGINE=InnoDB AUTO_INCREMENT=34 DEFAULT CHARSET=utf8mb4 COLLATE=utf8mb4_unicode_ci;

--
-- Dumping data for table `syj_emp_situacion_revista`
--

INSERT INTO `syj_emp_situacion_revista` VALUES (1,NULL,'Baja por Fallecimiento',0,1,'2020-05-28 20:55:24','2020-05-28 20:55:24',NULL),(2,NULL,'Activo',1,1,'2020-05-28 20:55:24','2020-05-28 20:55:34',NULL),(3,NULL,'Bajas otras Causales',2,0,'2020-05-28 20:55:24','2022-11-29 09:46:31',NULL),(4,NULL,'Activo Decreto Nº796/97',3,0,'2020-05-28 20:55:24','2022-11-29 09:46:31',NULL),(5,NULL,'Baja otras causales Decreto Nº796/97',4,0,'2020-05-28 20:55:24','2022-11-29 09:46:31',NULL),(6,NULL,'Licencia por Maternidad',5,1,'2020-05-28 20:55:24','2020-05-28 20:55:34',NULL),(7,NULL,'Suspensiones otras Causales',6,1,'2020-05-28 20:55:24','2020-05-28 20:55:34',NULL),(8,NULL,'Baja por Despido',7,0,'2020-05-28 20:55:24','2022-11-29 09:46:31',NULL),(9,NULL,'Baja por Despido Decreto Nº796/97',8,0,'2020-05-28 20:55:24','2022-11-29 09:46:31',NULL),(10,NULL,'Suspendido Ley 20744 art 223 bis',9,1,'2020-05-28 20:55:24','2020-05-28 20:55:34',NULL),(11,NULL,'Licencia por excedencia',10,1,'2020-05-28 20:55:24','2020-05-28 20:55:34',NULL),(12,NULL,'Licencia por Maternidad Down',11,1,'2020-05-28 20:55:24','2020-05-28 20:55:34',NULL),(13,NULL,'Licencia por Vacaciones',12,1,'2020-05-28 20:55:24','2020-05-28 20:55:34',NULL),(14,NULL,'Licencia sin goce de haberes',13,1,'2020-05-28 20:55:24','2020-05-28 20:55:34',NULL),(15,NULL,'Reserva de puesto',14,1,'2020-05-28 20:55:24','2020-05-28 20:55:34',NULL),(16,NULL,'ESE Cese transitorio de serv(art6,inc6y7 D34',15,1,'2020-05-28 20:55:24','2020-05-28 20:55:34',NULL),(17,NULL,'Personal Siniestrado de terc uso por la ART',16,1,'2020-05-28 20:55:24','2020-05-28 20:55:34',NULL),(18,NULL,'Reingreso por disposicion judicial',17,1,'2020-05-28 20:55:24','2020-05-28 20:55:34',NULL),(19,NULL,'ILT primeros 10 dias',18,1,'2020-05-28 20:55:24','2020-05-28 20:55:34',NULL),(20,NULL,'ILT dias 11 y siguientes',19,1,'2020-05-28 20:55:24','2020-05-28 20:55:34',NULL),(21,NULL,'Trabajador siniestrado en nomina de ART',20,1,'2020-05-28 20:55:24','2020-05-28 20:55:34',NULL),(22,NULL,'Trabajador de temporada Reserva de puesto',21,1,'2020-05-28 20:55:24','2020-05-28 20:55:34',NULL),(23,NULL,'Activo- Funciones en el exterior',31,1,'2020-05-28 20:55:24','2020-05-28 20:55:34',NULL),(24,NULL,'Licencia por paternidad',32,1,'2020-05-28 20:55:24','2020-05-28 20:55:34',NULL),(25,NULL,'Licencia por fuerza mayor (Art. 221 LCT)',33,1,'2020-05-28 20:55:24','2020-05-28 20:55:34',NULL),(26,NULL,'Empleado event. en EU (p/su uso ESE) mes com',42,1,'2020-05-28 20:55:24','2020-05-28 20:55:34',NULL),(27,NULL,'Empleado event. en EU (p/su uso ESE) mes inc',43,1,'2020-05-28 20:55:24','2020-05-28 20:55:34',NULL),(28,NULL,'Conservación del emp. p/accidente o enf.incu',44,1,'2020-05-28 20:55:24','2020-05-28 20:55:34',NULL),(29,NULL,'Suspenciones por causas disciplinarias',45,1,'2020-05-28 20:55:24','2020-05-28 20:55:34',NULL),(30,NULL,'Activo - LSD (sin remuneracion)',30,1,'2022-11-29 09:46:31','2022-11-29 09:46:31',NULL),(31,NULL,'Suspendido. Res. 397/2020 MTEySS c/Aportes OS',48,1,'2022-11-29 09:46:31','2022-11-29 09:46:31',NULL),(32,NULL,'Susp. período parcial L 20744 art.223bis / Res. 397 MTEySS',49,1,'2022-11-29 09:46:31','2022-11-29 09:46:31',NULL),(33,NULL,'Dto 792/20 - Mayores 60 años, embarazadas, grupo de riesgo',50,1,'2022-11-29 09:46:31','2022-11-29 09:46:31',NULL);

--
-- Table structure for table `syj_empleado_concepto`
--

CREATE TABLE `syj_empleado_concepto` (
  `user_id` int(10) unsigned DEFAULT NULL,
  `syj_empleado_id` int(10) unsigned DEFAULT NULL,
  `syj_concepto_id` int(10) unsigned DEFAULT NULL,
  `pers_descripcion` tinyint(1) NOT NULL DEFAULT '0',
  `descripcion` varchar(191) COLLATE utf8mb4_unicode_ci DEFAULT NULL,
  `pers_cantidad` tinyint(1) NOT NULL DEFAULT '0',
  `cantidad` decimal(16,2) NOT NULL DEFAULT '0.00',
  `pers_valor` tinyint(1) NOT NULL DEFAULT '0',
  `valor` decimal(16,2) NOT NULL DEFAULT '0.00',
  `pers_importe` tinyint(1) NOT NULL DEFAULT '0',
  `importe` decimal(16,2) NOT NULL DEFAULT '0.00',
  `created_at` timestamp NULL DEFAULT NULL,
  `updated_at` timestamp NULL DEFAULT NULL,
  KEY `syj_empleado_concepto_syj_empleado_id_foreign` (`syj_empleado_id`),
  KEY `syj_empleado_concepto_syj_concepto_id_foreign` (`syj_concepto_id`),
  CONSTRAINT `syj_empleado_concepto_syj_concepto_id_foreign` FOREIGN KEY (`syj_concepto_id`) REFERENCES `syj_conceptos` (`id`),
  CONSTRAINT `syj_empleado_concepto_syj_empleado_id_foreign` FOREIGN KEY (`syj_empleado_id`) REFERENCES `syj_empleados` (`id`)
) ENGINE=InnoDB DEFAULT CHARSET=utf8mb4 COLLATE=utf8mb4_unicode_ci;

--
-- Dumping data for table `syj_empleado_concepto`
--

INSERT INTO `syj_empleado_concepto` VALUES (8165,25,4769,0,'Adicional Titulo',0,5.00,0,0.00,0,0.00,'2022-12-28 20:55:37','2022-12-28 20:55:37'),(8165,24,4769,0,'Adicional Titulo',0,5.00,0,0.00,0,0.00,'2022-12-28 20:55:47','2022-12-28 20:55:47'),(8165,134,4493,0,'Refrigerio',0,4.25,0,0.00,0,0.00,'2023-01-02 17:42:37','2023-01-02 17:42:37'),(8165,147,4493,0,'Refrigerio',0,1.00,0,0.00,0,0.00,'2023-01-02 17:47:29','2023-01-02 17:47:29'),(8165,192,4669,0,'Coseguro',0,2.00,0,0.00,0,0.00,'2023-01-09 23:45:45','2023-01-09 23:45:45'),(8165,192,4670,0,'Refrigerio',0,4.25,0,0.00,0,0.00,'2023-01-09 23:45:45','2023-01-09 23:45:45'),(8165,192,4666,0,'Premio',0,0.00,0,300.00,0,0.00,'2023-01-09 23:45:45','2023-01-09 23:45:45'),(8165,195,4790,0,'Reserva de Puesto',0,0.00,0,0.00,0,0.00,'2023-01-10 21:09:32','2023-01-10 21:09:32'),(8165,32,3999,0,'Fallo de Caja',0,20.00,0,0.00,0,0.00,'2023-01-24 21:33:39','2023-01-24 21:33:39'),(8165,193,4666,0,'Premio',0,0.00,0,300.00,0,0.00,'2023-01-27 00:06:01','2023-01-27 00:06:01'),(8165,193,4669,0,'Coseguro',0,2.00,0,0.00,0,0.00,'2023-01-27 00:06:01','2023-01-27 00:06:01'),(8165,193,4670,0,'Refrigerio',0,4.25,0,0.00,0,0.00,'2023-01-27 00:06:01','2023-01-27 00:06:01'),(8165,27,4769,0,'Adicional Titulo',0,5.00,0,0.00,0,0.00,'2023-02-12 15:28:40','2023-02-12 15:28:40'),(8165,157,4576,0,'Coseguro',0,2.00,0,0.00,0,0.00,'2023-03-03 20:11:55','2023-03-03 20:11:55'),(8165,137,4493,0,'Refrigerio',0,1.00,0,0.00,0,0.00,'2023-04-21 11:07:25','2023-04-21 11:07:25'),(8165,107,3484,0,'Embargo',0,1.00,0,0.00,0,0.00,'2023-04-21 11:09:11','2023-04-21 11:09:11'),(8165,148,4493,0,'Refrigerio',0,1.00,0,0.00,0,0.00,'2023-04-21 11:09:24','2023-04-21 11:09:24'),(8165,153,4493,0,'Refrigerio',0,1.00,0,0.00,0,0.00,'2023-04-25 21:21:07','2023-04-25 21:21:07'),(8165,143,4492,0,'Coseguro',0,2.00,0,0.00,0,0.00,'2023-04-25 21:21:30','2023-04-25 21:21:30'),(8165,99,3484,0,'Embargo',0,1.00,0,0.00,0,0.00,'2023-04-25 21:22:02','2023-04-25 21:22:02'),(8165,139,4493,0,'Refrigerio',0,1.00,0,0.00,0,0.00,'2023-04-25 21:22:15','2023-04-25 21:22:15'),(8165,144,3484,0,'Embargo',0,1.00,0,0.00,0,0.00,'2023-04-25 21:23:41','2023-04-25 21:23:41'),(8165,110,4492,0,'Coseguro',0,2.00,0,0.00,0,0.00,'2023-04-25 21:24:27','2023-04-25 21:24:27'),(8165,119,4492,0,'Coseguro',0,2.00,0,0.00,0,0.00,'2023-04-25 21:25:08','2023-04-25 21:25:08'),(8165,163,4576,0,'Coseguro',0,2.00,0,0.00,0,0.00,'2023-04-26 01:23:08','2023-04-26 01:23:08'),(8165,161,4576,0,'Coseguro',0,2.00,0,0.00,0,0.00,'2023-04-26 01:24:05','2023-04-26 01:24:05'),(8165,26,4769,0,'Adicional Titulo',0,5.00,0,0.00,0,0.00,'2023-07-25 20:05:40','2023-07-25 20:05:40'),(8165,214,4769,0,'Adicional Titulo',0,5.00,0,0.00,0,0.00,'2024-04-25 20:34:41','2024-04-25 20:34:41'),(8165,6,4769,0,'Adicional Titulo',0,5.00,0,0.00,0,0.00,'2024-05-31 13:20:33','2024-05-31 13:20:33'),(8165,2,4769,0,'Adicional Titulo',0,5.00,0,0.00,0,0.00,'2024-05-31 13:23:54','2024-05-31 13:23:54'),(8165,222,4769,0,'Adicional Titulo',0,5.00,0,0.00,0,0.00,'2024-07-24 15:53:05','2024-07-24 15:53:05'),(8165,260,4769,0,'Adicional Titulo',0,5.00,0,0.00,0,0.00,'2025-01-26 16:54:51','2025-01-26 16:54:51'),(8165,7,4769,0,'Adicional Titulo',0,5.00,0,0.00,0,0.00,'2025-02-10 10:06:38','2025-02-10 10:06:38'),(8165,48,4358,0,'Cuota Alimentaria',0,0.00,0,0.00,0,0.00,'2025-06-26 18:37:10','2025-06-26 18:37:10'),(8165,48,5529,0,'Embargo Judicial',0,0.00,0,0.00,0,0.00,'2025-06-26 18:37:10','2025-06-26 18:37:10');

--
-- Table structure for table `syj_empleado_excluir_concepto`
--

CREATE TABLE `syj_empleado_excluir_concepto` (
  `user_id` int(10) unsigned DEFAULT NULL,
  `syj_empleado_id` int(10) unsigned DEFAULT NULL,
  `syj_concepto_id` int(10) unsigned DEFAULT NULL,
  `created_at` timestamp NULL DEFAULT NULL,
  `updated_at` timestamp NULL DEFAULT NULL,
  KEY `syj_empleado_excluir_concepto_syj_empleado_id_foreign` (`syj_empleado_id`),
  KEY `syj_empleado_excluir_concepto_syj_concepto_id_foreign` (`syj_concepto_id`),
  CONSTRAINT `syj_empleado_excluir_concepto_syj_concepto_id_foreign` FOREIGN KEY (`syj_concepto_id`) REFERENCES `syj_conceptos` (`id`),
  CONSTRAINT `syj_empleado_excluir_concepto_syj_empleado_id_foreign` FOREIGN KEY (`syj_empleado_id`) REFERENCES `syj_empleados` (`id`)
) ENGINE=InnoDB DEFAULT CHARSET=utf8mb4 COLLATE=utf8mb4_unicode_ci;

--
-- Dumping data for table `syj_empleado_excluir_concepto`
--

INSERT INTO `syj_empleado_excluir_concepto` VALUES (8165,154,4575,'2023-01-02 16:20:28','2023-01-02 16:20:28'),(8165,140,4491,'2023-01-02 17:42:23','2023-01-02 17:42:23'),(8165,134,4491,'2023-01-02 17:42:37','2023-01-02 17:42:37'),(8165,100,4491,'2023-01-02 17:42:48','2023-01-02 17:42:48'),(8165,108,4490,'2023-01-02 17:44:00','2023-01-02 17:44:00'),(8165,113,3479,'2023-01-02 17:46:33','2023-01-02 17:46:33'),(8165,113,3480,'2023-01-02 17:46:33','2023-01-02 17:46:33'),(8165,113,4490,'2023-01-02 17:46:33','2023-01-02 17:46:33'),(8165,113,4491,'2023-01-02 17:46:33','2023-01-02 17:46:33'),(8165,121,4490,'2023-01-02 17:47:04','2023-01-02 17:47:04'),(8165,147,4491,'2023-01-02 17:47:29','2023-01-02 17:47:29'),(8165,114,4491,'2023-01-02 17:51:20','2023-01-02 17:51:20'),(8165,129,4491,'2023-01-02 17:55:21','2023-01-02 17:55:21'),(8165,111,4491,'2023-01-02 17:56:49','2023-01-02 17:56:49'),(8165,192,4667,'2023-01-09 23:45:45','2023-01-09 23:45:45'),(8165,195,4628,'2023-01-10 21:09:32','2023-01-10 21:09:32'),(8165,195,4629,'2023-01-10 21:09:32','2023-01-10 21:09:32'),(8165,195,4676,'2023-01-10 21:09:32','2023-01-10 21:09:32'),(8165,195,4630,'2023-01-10 21:09:32','2023-01-10 21:09:32'),(8165,133,4491,'2023-01-25 23:25:02','2023-01-25 23:25:02'),(8165,146,4491,'2023-01-25 23:25:15','2023-01-25 23:25:15'),(8165,193,4676,'2023-01-27 00:06:01','2023-01-27 00:06:01'),(8165,193,4667,'2023-01-27 00:06:01','2023-01-27 00:06:01'),(8165,193,4677,'2023-01-27 00:06:01','2023-01-27 00:06:01'),(8165,193,4678,'2023-01-27 00:06:01','2023-01-27 00:06:01'),(8165,197,4491,'2023-03-01 02:25:16','2023-03-01 02:25:16'),(8165,200,4491,'2023-03-01 02:28:06','2023-03-01 02:28:06'),(8165,201,4491,'2023-03-01 02:29:22','2023-03-01 02:29:22'),(8165,157,4574,'2023-03-03 20:11:55','2023-03-03 20:11:55'),(8165,191,4575,'2023-03-03 20:12:32','2023-03-03 20:12:32'),(8165,171,4574,'2023-03-03 20:12:40','2023-03-03 20:12:40'),(8165,176,4575,'2023-03-03 20:13:13','2023-03-03 20:13:13'),(8165,186,4574,'2023-03-03 20:13:22','2023-03-03 20:13:22'),(8165,203,4491,'2023-03-24 13:40:16','2023-03-24 13:40:16'),(8165,202,4491,'2023-03-24 13:41:09','2023-03-24 13:41:09'),(8165,204,4575,'2023-03-24 19:10:05','2023-03-24 19:10:05'),(8165,204,4585,'2023-03-24 19:10:05','2023-03-24 19:10:05'),(8165,170,4575,'2023-03-24 21:30:59','2023-03-24 21:30:59'),(8165,124,4490,'2023-04-21 11:07:01','2023-04-21 11:07:01'),(8165,123,4490,'2023-04-21 11:07:14','2023-04-21 11:07:14'),(8165,137,4491,'2023-04-21 11:07:25','2023-04-21 11:07:25'),(8165,116,4491,'2023-04-21 11:07:53','2023-04-21 11:07:53'),(8165,136,4490,'2023-04-21 11:08:09','2023-04-21 11:08:09'),(8165,136,4491,'2023-04-21 11:08:09','2023-04-21 11:08:09'),(8165,150,4491,'2023-04-21 11:08:36','2023-04-21 11:08:36'),(8165,115,4491,'2023-04-21 11:08:57','2023-04-21 11:08:57'),(8165,107,4491,'2023-04-21 11:09:11','2023-04-21 11:09:11'),(8165,148,4491,'2023-04-21 11:09:24','2023-04-21 11:09:24'),(8165,135,4490,'2023-04-21 11:10:20','2023-04-21 11:10:20'),(8165,135,4491,'2023-04-21 11:10:20','2023-04-21 11:10:20'),(8165,112,4490,'2023-04-21 11:11:52','2023-04-21 11:11:52'),(8165,102,4491,'2023-04-25 21:19:10','2023-04-25 21:19:10'),(8165,132,4491,'2023-04-25 21:19:22','2023-04-25 21:19:22'),(8165,109,4490,'2023-04-25 21:20:24','2023-04-25 21:20:24'),(8165,131,4491,'2023-04-25 21:20:37','2023-04-25 21:20:37'),(8165,153,4491,'2023-04-25 21:21:07','2023-04-25 21:21:07'),(8165,104,4491,'2023-04-25 21:21:20','2023-04-25 21:21:20'),(8165,143,4490,'2023-04-25 21:21:30','2023-04-25 21:21:30'),(8165,149,4491,'2023-04-25 21:21:47','2023-04-25 21:21:47'),(8165,99,4491,'2023-04-25 21:22:02','2023-04-25 21:22:02'),(8165,139,4491,'2023-04-25 21:22:15','2023-04-25 21:22:15'),(8165,103,4491,'2023-04-25 21:22:55','2023-04-25 21:22:55'),(8165,101,4491,'2023-04-25 21:23:10','2023-04-25 21:23:10'),(8165,126,4490,'2023-04-25 21:23:28','2023-04-25 21:23:28'),(8165,144,4491,'2023-04-25 21:23:41','2023-04-25 21:23:41'),(8165,110,4490,'2023-04-25 21:24:27','2023-04-25 21:24:27');
INSERT INTO `syj_empleado_excluir_concepto` VALUES (8165,119,4490,'2023-04-25 21:25:08','2023-04-25 21:25:08'),(8165,122,4491,'2023-04-25 21:25:21','2023-04-25 21:25:21'),(8165,145,4491,'2023-04-25 21:25:41','2023-04-25 21:25:41'),(8165,117,4491,'2023-04-25 21:27:14','2023-04-25 21:27:14'),(8165,130,4490,'2023-04-25 21:27:28','2023-04-25 21:27:28'),(8165,152,4491,'2023-04-25 21:27:38','2023-04-25 21:27:38'),(8165,151,4491,'2023-04-25 21:56:43','2023-04-25 21:56:43'),(8165,125,4491,'2023-04-25 21:57:15','2023-04-25 21:57:15'),(8165,210,4491,'2023-04-26 00:17:23','2023-04-26 00:17:23'),(8165,211,4491,'2023-04-26 00:19:07','2023-04-26 00:19:07'),(8165,177,4575,'2023-04-26 01:20:41','2023-04-26 01:20:41'),(8165,181,4575,'2023-04-26 01:20:55','2023-04-26 01:20:55'),(8165,174,4575,'2023-04-26 01:21:06','2023-04-26 01:21:06'),(8165,183,4574,'2023-04-26 01:21:23','2023-04-26 01:21:23'),(8165,179,4574,'2023-04-26 01:21:38','2023-04-26 01:21:38'),(8165,168,4575,'2023-04-26 01:22:04','2023-04-26 01:22:04'),(8165,168,4536,'2023-04-26 01:22:04','2023-04-26 01:22:04'),(8165,168,4537,'2023-04-26 01:22:04','2023-04-26 01:22:04'),(8165,168,4583,'2023-04-26 01:22:04','2023-04-26 01:22:04'),(8165,187,4575,'2023-04-26 01:22:16','2023-04-26 01:22:16'),(8165,190,4575,'2023-04-26 01:22:28','2023-04-26 01:22:28'),(8165,182,4575,'2023-04-26 01:22:54','2023-04-26 01:22:54'),(8165,182,4585,'2023-04-26 01:22:54','2023-04-26 01:22:54'),(8165,163,4574,'2023-04-26 01:23:08','2023-04-26 01:23:08'),(8165,158,4065,'2023-04-26 01:23:24','2023-04-26 01:23:24'),(8165,158,4037,'2023-04-26 01:23:24','2023-04-26 01:23:24'),(8165,158,4038,'2023-04-26 01:23:24','2023-04-26 01:23:24'),(8165,158,4039,'2023-04-26 01:23:24','2023-04-26 01:23:24'),(8165,159,4575,'2023-04-26 01:23:34','2023-04-26 01:23:34'),(8165,173,4575,'2023-04-26 01:23:52','2023-04-26 01:23:52'),(8165,161,4574,'2023-04-26 01:24:05','2023-04-26 01:24:05'),(8165,178,4575,'2023-04-26 01:24:15','2023-04-26 01:24:15'),(8165,172,4575,'2023-04-26 01:24:25','2023-04-26 01:24:25'),(8165,167,4574,'2023-04-26 01:24:42','2023-04-26 01:24:42'),(8165,166,4575,'2023-04-26 01:24:55','2023-04-26 01:24:55'),(8165,169,4574,'2023-04-26 01:25:07','2023-04-26 01:25:07'),(8165,165,4575,'2023-04-26 01:25:47','2023-04-26 01:25:47'),(8165,184,4575,'2023-04-26 01:26:01','2023-04-26 01:26:01'),(8165,188,4575,'2023-04-26 01:26:15','2023-04-26 01:26:15'),(8165,156,4575,'2023-04-26 01:26:28','2023-04-26 01:26:28'),(8165,156,4585,'2023-04-26 01:26:28','2023-04-26 01:26:28'),(8165,156,4584,'2023-04-26 01:26:28','2023-04-26 01:26:28'),(8165,160,4574,'2023-04-26 01:26:52','2023-04-26 01:26:52'),(8165,155,4574,'2023-04-26 01:27:11','2023-04-26 01:27:11'),(8165,185,4575,'2023-04-26 01:28:37','2023-04-26 01:28:37'),(8165,162,4574,'2023-04-26 01:29:11','2023-04-26 01:29:11'),(8165,189,4574,'2023-04-26 01:38:03','2023-04-26 01:38:03'),(8165,189,4584,'2023-04-26 01:38:03','2023-04-26 01:38:03'),(8165,180,4574,'2023-04-26 01:38:31','2023-04-26 01:38:31'),(8165,180,4584,'2023-04-26 01:38:31','2023-04-26 01:38:31'),(8165,175,4574,'2023-04-26 01:38:55','2023-04-26 01:38:55'),(8165,175,4584,'2023-04-26 01:38:55','2023-04-26 01:38:55'),(8165,199,4394,'2023-07-09 17:30:04','2023-07-09 17:30:04'),(8165,66,4478,'2023-11-10 21:48:08','2023-11-10 21:48:08'),(8165,50,5260,'2023-11-29 18:47:36','2023-11-29 18:47:36'),(8165,213,4037,'2024-02-04 18:12:59','2024-02-04 18:12:59'),(8165,213,4038,'2024-02-04 18:12:59','2024-02-04 18:12:59'),(8165,213,4039,'2024-02-04 18:12:59','2024-02-04 18:12:59'),(8165,212,4394,'2024-02-04 18:13:59','2024-02-04 18:13:59'),(8165,6,3999,'2024-05-31 13:20:33','2024-05-31 13:20:33'),(8165,231,3677,'2024-06-25 23:53:52','2024-06-25 23:53:52'),(8165,7,3999,'2025-02-10 10:06:38','2025-02-10 10:06:38'),(8165,48,4394,'2025-06-26 18:37:10','2025-06-26 18:37:10'),(8165,220,3677,'2025-08-05 15:54:39','2025-08-05 15:54:39'),(8165,220,3676,'2025-08-05 15:54:39','2025-08-05 15:54:39'),(8165,264,5374,'2025-09-07 15:51:43','2025-09-07 15:51:43');

--
-- Table structure for table `syj_empleados`
--

CREATE TABLE `syj_empleados` (
  `id` int(10) unsigned NOT NULL AUTO_INCREMENT,
  `user_id` int(10) unsigned DEFAULT NULL,
  `person_id` int(10) unsigned NOT NULL,
  `has_user` tinyint(1) NOT NULL DEFAULT '0',
  `has_user_sim_gcias` tinyint(1) DEFAULT NULL,
  `legajo` int(11) DEFAULT NULL,
  `apeynombre` varchar(191) COLLATE utf8mb4_unicode_ci NOT NULL,
  `apecasado` varchar(191) COLLATE utf8mb4_unicode_ci DEFAULT NULL,
  `fecha_nacimiento` date DEFAULT NULL,
  `sexo_id` int(10) unsigned DEFAULT NULL,
  `nacionalidad_id` int(10) unsigned DEFAULT NULL,
  `estado_civil_id` int(10) unsigned DEFAULT NULL,
  `pais_id` int(10) unsigned DEFAULT NULL,
  `zone_id` int(10) unsigned DEFAULT NULL,
  `localidad_id` int(10) unsigned DEFAULT NULL,
  `domicilio` varchar(191) COLLATE utf8mb4_unicode_ci DEFAULT NULL,
  `altnumero` varchar(191) COLLATE utf8mb4_unicode_ci DEFAULT NULL,
  `piso` varchar(191) COLLATE utf8mb4_unicode_ci DEFAULT NULL,
  `depto` varchar(191) COLLATE utf8mb4_unicode_ci DEFAULT NULL,
  `cod_postal` varchar(191) COLLATE utf8mb4_unicode_ci DEFAULT NULL,
  `telefono` varchar(191) COLLATE utf8mb4_unicode_ci DEFAULT NULL,
  `movil` varchar(191) COLLATE utf8mb4_unicode_ci DEFAULT NULL,
  `email` varchar(191) COLLATE utf8mb4_unicode_ci DEFAULT NULL,
  `tipo_documento_id` int(10) unsigned DEFAULT NULL,
  `num_documento` varchar(191) COLLATE utf8mb4_unicode_ci DEFAULT NULL,
  `cuil` varchar(191) COLLATE utf8mb4_unicode_ci DEFAULT NULL,
  `syj_emp_estado_id` int(10) unsigned DEFAULT NULL,
  `foto` text COLLATE utf8mb4_unicode_ci,
  `syj_obra_social_id` int(10) unsigned DEFAULT NULL,
  `syj_obra_social_plan_id` int(10) unsigned DEFAULT NULL,
  `syj_forma_pago_id` int(10) unsigned DEFAULT NULL,
  `ctacte_banco_id` int(10) unsigned DEFAULT NULL,
  `num_cta_banco` varchar(191) COLLATE utf8mb4_unicode_ci DEFAULT NULL,
  `cbu` varchar(191) COLLATE utf8mb4_unicode_ci DEFAULT NULL,
  `syj_domicilio_id_laboral` int(10) unsigned DEFAULT NULL,
  `syj_domicilio_id_pago` int(10) unsigned DEFAULT NULL,
  `afiliado_sindicato` tinyint(1) NOT NULL DEFAULT '0',
  `is_pers_temp` tinyint(1) NOT NULL DEFAULT '0',
  `is_zona_patagonica` tinyint(1) NOT NULL DEFAULT '0',
  `is_syj_empleado_event` tinyint(1) unsigned NOT NULL DEFAULT '0',
  `is_comprador` tinyint(1) NOT NULL DEFAULT '0',
  `jefe_empleado_id` int(10) unsigned DEFAULT NULL,
  `syj_empleado_event_id` int(10) unsigned NOT NULL DEFAULT '1',
  `num_construccion` varchar(191) COLLATE utf8mb4_unicode_ci DEFAULT NULL,
  `num_fondo_cese_desemp` varchar(191) COLLATE utf8mb4_unicode_ci DEFAULT NULL,
  `syj_convenio_id` int(10) unsigned DEFAULT NULL,
  `syj_convenio_categoria_id` int(10) unsigned DEFAULT NULL,
  `syj_clase_tipo_liquidacion_id` int(10) unsigned DEFAULT NULL,
  `basico` decimal(16,2) NOT NULL DEFAULT '0.00',
  `basico_person` tinyint(1) NOT NULL DEFAULT '0',
  `adic_fijo` decimal(16,2) NOT NULL DEFAULT '0.00',
  `hs_jornada` decimal(16,2) NOT NULL DEFAULT '0.00',
  `neto_pactado` decimal(16,2) NOT NULL DEFAULT '0.00',
  `syj_seccion_id` int(10) unsigned DEFAULT NULL,
  `syj_cargo_id` int(10) unsigned DEFAULT NULL,
  `syj_centro_costo_id` int(10) unsigned DEFAULT NULL,
  `fecha_ingreso` date DEFAULT NULL,
  `fecha_recon_ing` date DEFAULT NULL,
  `hs_inicio` time DEFAULT NULL,
  `hs_fin` time DEFAULT NULL,
  `inv_deposito_id` bigint(20) unsigned DEFAULT NULL,
  `fecha_baja` date DEFAULT NULL,
  `syj_motivo_egreso_id` int(10) unsigned DEFAULT NULL,
  `liq_en_cero` tinyint(1) NOT NULL DEFAULT '0',
  `syj_tipo_empleador_id` int(10) unsigned DEFAULT NULL,
  `syj_alicuota_apor_cont_id` int(10) unsigned DEFAULT NULL,
  `syj_emp_situacion_revista_id` int(10) unsigned DEFAULT NULL,
  `syj_emp_condicion_id` int(10) unsigned DEFAULT NULL,
  `syj_actividad_id` int(10) unsigned DEFAULT NULL,
  `syj_emp_mod_contratacion_id` int(10) unsigned DEFAULT NULL,
  `syj_emp_cod_siniestro_id` int(10) unsigned DEFAULT NULL,
  `syj_zonageografica_id` int(10) unsigned DEFAULT NULL,
  `syj_regimen_id` int(10) unsigned DEFAULT NULL,
  `is_asignaciones_fami` tinyint(1) NOT NULL DEFAULT '0',
  `is_trabajador_cct` tinyint(1) NOT NULL DEFAULT '0',
  `cant_adherentes` int(10) unsigned DEFAULT '0',
  `cant_hijos` int(10) unsigned DEFAULT '0',
  `is_conyuge` int(10) unsigned DEFAULT '0',
  `art_porcentaje` decimal(20,4) DEFAULT '0.0000',
  `art_fijo` decimal(16,2) NOT NULL DEFAULT '0.00',
  `is_seg_colec_vida_obl` tinyint(1) NOT NULL DEFAULT '0',
  `prima_individual` decimal(16,2) NOT NULL DEFAULT '0.00',
  `syj_emp_sit_revista_1_id` int(10) unsigned DEFAULT NULL,
  `dia_inicio_1` varchar(191) COLLATE utf8mb4_unicode_ci DEFAULT NULL,
  `syj_emp_sit_revista_2_id` int(10) unsigned DEFAULT NULL,
  `dia_inicio_2` varchar(191) COLLATE utf8mb4_unicode_ci DEFAULT NULL,
  `syj_emp_sit_revista_3_id` int(10) unsigned DEFAULT NULL,
  `dia_inicio_3` varchar(191) COLLATE utf8mb4_unicode_ci DEFAULT NULL,
  `dias_propor_tope` varchar(191) COLLATE utf8mb4_unicode_ci DEFAULT '0',
  `nota` text COLLATE utf8mb4_unicode_ci,
  `observaciones_del_recibo` text COLLATE utf8mb4_unicode_ci,
  `color` varchar(7) COLLATE utf8mb4_unicode_ci DEFAULT NULL,
  `habilitado` tinyint(1) NOT NULL DEFAULT '1',
  `created_at` timestamp NULL DEFAULT NULL,
  `updated_at` timestamp NULL DEFAULT NULL,
  `deleted_at` timestamp NULL DEFAULT NULL,
  PRIMARY KEY (`id`),
  KEY `syj_empleados_person_id_foreign` (`person_id`),
  KEY `syj_empleados_sexo_id_foreign` (`sexo_id`),
  KEY `syj_empleados_nacionalidad_id_foreign` (`nacionalidad_id`),
  KEY `syj_empleados_estado_civil_id_foreign` (`estado_civil_id`),
  KEY `syj_empleados_pais_id_foreign` (`pais_id`),
  KEY `syj_empleados_zone_id_foreign` (`zone_id`),
  KEY `syj_empleados_localidad_id_foreign` (`localidad_id`),
  KEY `syj_empleados_tipo_documento_id_foreign` (`tipo_documento_id`),
  KEY `syj_empleados_syj_emp_estado_id_foreign` (`syj_emp_estado_id`),
  KEY `syj_empleados_syj_convenio_id_foreign` (`syj_convenio_id`),
  KEY `syj_empleados_syj_convenio_categoria_id_foreign` (`syj_convenio_categoria_id`),
  KEY `syj_empleados_syj_seccion_id_foreign` (`syj_seccion_id`),
  KEY `syj_empleados_syj_cargo_id_foreign` (`syj_cargo_id`),
  KEY `syj_empleados_syj_centro_costo_id_foreign` (`syj_centro_costo_id`),
  KEY `syj_empleados_syj_motivo_egreso_id_foreign` (`syj_motivo_egreso_id`),
  KEY `syj_empleados_syj_tipo_empleador_id_foreign` (`syj_tipo_empleador_id`),
  KEY `syj_empleados_syj_alicuota_apor_cont_id_foreign` (`syj_alicuota_apor_cont_id`),
  KEY `syj_empleados_syj_obra_social_id_foreign` (`syj_obra_social_id`),
  KEY `syj_empleados_syj_obra_social_plan_id_foreign` (`syj_obra_social_plan_id`),
  KEY `syj_empleados_syj_clase_tipo_liquidacion_id_foreign` (`syj_clase_tipo_liquidacion_id`),
  KEY `syj_empleados_syj_forma_pago_id_foreign` (`syj_forma_pago_id`),
  KEY `syj_empleados_ctacte_banco_id_foreign` (`ctacte_banco_id`),
  KEY `syj_empleados_syj_domicilio_id_laboral_foreign` (`syj_domicilio_id_laboral`),
  KEY `syj_empleados_syj_domicilio_id_pago_foreign` (`syj_domicilio_id_pago`),
  KEY `syj_empleados_syj_emp_situacion_revista_id_foreign` (`syj_emp_situacion_revista_id`),
  KEY `syj_empleados_syj_emp_condicion_id_foreign` (`syj_emp_condicion_id`),
  KEY `syj_empleados_syj_actividad_id_foreign` (`syj_actividad_id`),
  KEY `syj_empleados_syj_emp_mod_contratacion_id_foreign` (`syj_emp_mod_contratacion_id`),
  KEY `syj_empleados_syj_emp_cod_siniestro_id_foreign` (`syj_emp_cod_siniestro_id`),
  KEY `syj_empleados_syj_zonageografica_id_foreign` (`syj_zonageografica_id`),
  KEY `syj_empleados_syj_regimen_id_foreign` (`syj_regimen_id`),
  KEY `syj_empleados_syj_emp_sit_revista_1_id_foreign` (`syj_emp_sit_revista_1_id`),
  KEY `syj_empleados_syj_emp_sit_revista_2_id_foreign` (`syj_emp_sit_revista_2_id`),
  KEY `syj_empleados_syj_emp_sit_revista_3_id_foreign` (`syj_emp_sit_revista_3_id`),
  KEY `syj_empleados_syj_empleado_event_id_foreign` (`syj_empleado_event_id`),
  KEY `syj_empleados_jefe_empleado_id_foreign` (`jefe_empleado_id`),
  KEY `syj_empleados_inv_deposito_id_foreign` (`inv_deposito_id`),
  CONSTRAINT `syj_empleados_ctacte_banco_id_foreign` FOREIGN KEY (`ctacte_banco_id`) REFERENCES `ctacte_bancos` (`id`),
  CONSTRAINT `syj_empleados_estado_civil_id_foreign` FOREIGN KEY (`estado_civil_id`) REFERENCES `estado_civil` (`id`),
  CONSTRAINT `syj_empleados_inv_deposito_id_foreign` FOREIGN KEY (`inv_deposito_id`) REFERENCES `inv_depositos` (`id`) ON DELETE SET NULL,
  CONSTRAINT `syj_empleados_jefe_empleado_id_foreign` FOREIGN KEY (`jefe_empleado_id`) REFERENCES `syj_empleados` (`id`),
  CONSTRAINT `syj_empleados_localidad_id_foreign` FOREIGN KEY (`localidad_id`) REFERENCES `localidad` (`id`),
  CONSTRAINT `syj_empleados_nacionalidad_id_foreign` FOREIGN KEY (`nacionalidad_id`) REFERENCES `nacionalidad` (`id`),
  CONSTRAINT `syj_empleados_pais_id_foreign` FOREIGN KEY (`pais_id`) REFERENCES `pais` (`id`),
  CONSTRAINT `syj_empleados_person_id_foreign` FOREIGN KEY (`person_id`) REFERENCES `persons` (`id`),
  CONSTRAINT `syj_empleados_sexo_id_foreign` FOREIGN KEY (`sexo_id`) REFERENCES `sexo` (`id`),
  CONSTRAINT `syj_empleados_syj_actividad_id_foreign` FOREIGN KEY (`syj_actividad_id`) REFERENCES `syj_actividad` (`id`),
  CONSTRAINT `syj_empleados_syj_alicuota_apor_cont_id_foreign` FOREIGN KEY (`syj_alicuota_apor_cont_id`) REFERENCES `syj_alicuota_aporte_contribucion` (`id`),
  CONSTRAINT `syj_empleados_syj_cargo_id_foreign` FOREIGN KEY (`syj_cargo_id`) REFERENCES `syj_cargos` (`id`),
  CONSTRAINT `syj_empleados_syj_centro_costo_id_foreign` FOREIGN KEY (`syj_centro_costo_id`) REFERENCES `syj_centros_costos` (`id`),
  CONSTRAINT `syj_empleados_syj_clase_tipo_liquidacion_id_foreign` FOREIGN KEY (`syj_clase_tipo_liquidacion_id`) REFERENCES `syj_clase_tipo_liquidacion` (`id`),
  CONSTRAINT `syj_empleados_syj_convenio_categoria_id_foreign` FOREIGN KEY (`syj_convenio_categoria_id`) REFERENCES `syj_convenio_categorias` (`id`),
  CONSTRAINT `syj_empleados_syj_convenio_id_foreign` FOREIGN KEY (`syj_convenio_id`) REFERENCES `syj_convenios` (`id`),
  CONSTRAINT `syj_empleados_syj_domicilio_id_laboral_foreign` FOREIGN KEY (`syj_domicilio_id_laboral`) REFERENCES `syj_domicilios` (`id`),
  CONSTRAINT `syj_empleados_syj_domicilio_id_pago_foreign` FOREIGN KEY (`syj_domicilio_id_pago`) REFERENCES `syj_domicilios` (`id`),
  CONSTRAINT `syj_empleados_syj_emp_cod_siniestro_id_foreign` FOREIGN KEY (`syj_emp_cod_siniestro_id`) REFERENCES `syj_emp_cod_siniestro` (`id`),
  CONSTRAINT `syj_empleados_syj_emp_condicion_id_foreign` FOREIGN KEY (`syj_emp_condicion_id`) REFERENCES `syj_emp_condicion` (`id`),
  CONSTRAINT `syj_empleados_syj_emp_estado_id_foreign` FOREIGN KEY (`syj_emp_estado_id`) REFERENCES `syj_emp_estado` (`id`),
  CONSTRAINT `syj_empleados_syj_emp_mod_contratacion_id_foreign` FOREIGN KEY (`syj_emp_mod_contratacion_id`) REFERENCES `syj_emp_mod_contratacion` (`id`),
  CONSTRAINT `syj_empleados_syj_emp_sit_revista_1_id_foreign` FOREIGN KEY (`syj_emp_sit_revista_1_id`) REFERENCES `syj_emp_situacion_revista` (`id`),
  CONSTRAINT `syj_empleados_syj_emp_sit_revista_2_id_foreign` FOREIGN KEY (`syj_emp_sit_revista_2_id`) REFERENCES `syj_emp_situacion_revista` (`id`),
  CONSTRAINT `syj_empleados_syj_emp_sit_revista_3_id_foreign` FOREIGN KEY (`syj_emp_sit_revista_3_id`) REFERENCES `syj_emp_situacion_revista` (`id`),
  CONSTRAINT `syj_empleados_syj_emp_situacion_revista_id_foreign` FOREIGN KEY (`syj_emp_situacion_revista_id`) REFERENCES `syj_emp_situacion_revista` (`id`),
  CONSTRAINT `syj_empleados_syj_empleado_event_id_foreign` FOREIGN KEY (`syj_empleado_event_id`) REFERENCES `syj_empleados_event` (`id`),
  CONSTRAINT `syj_empleados_syj_forma_pago_id_foreign` FOREIGN KEY (`syj_forma_pago_id`) REFERENCES `syj_forma_pago` (`id`),
  CONSTRAINT `syj_empleados_syj_motivo_egreso_id_foreign` FOREIGN KEY (`syj_motivo_egreso_id`) REFERENCES `syj_motivo_egreso` (`id`),
  CONSTRAINT `syj_empleados_syj_obra_social_id_foreign` FOREIGN KEY (`syj_obra_social_id`) REFERENCES `syj_obra_social` (`id`),
  CONSTRAINT `syj_empleados_syj_obra_social_plan_id_foreign` FOREIGN KEY (`syj_obra_social_plan_id`) REFERENCES `syj_obra_social_planes` (`id`),
  CONSTRAINT `syj_empleados_syj_regimen_id_foreign` FOREIGN KEY (`syj_regimen_id`) REFERENCES `syj_regimen` (`id`),
  CONSTRAINT `syj_empleados_syj_seccion_id_foreign` FOREIGN KEY (`syj_seccion_id`) REFERENCES `syj_secciones` (`id`),
  CONSTRAINT `syj_empleados_syj_tipo_empleador_id_foreign` FOREIGN KEY (`syj_tipo_empleador_id`) REFERENCES `syj_tipo_empleador` (`id`),
  CONSTRAINT `syj_empleados_syj_zonageografica_id_foreign` FOREIGN KEY (`syj_zonageografica_id`) REFERENCES `syj_zonageografica` (`id`),
  CONSTRAINT `syj_empleados_tipo_documento_id_foreign` FOREIGN KEY (`tipo_documento_id`) REFERENCES `tipo_documento` (`id`),
  CONSTRAINT `syj_empleados_zone_id_foreign` FOREIGN KEY (`zone_id`) REFERENCES `zones` (`id`)
) ENGINE=InnoDB AUTO_INCREMENT=274 DEFAULT CHARSET=utf8mb4 COLLATE=utf8mb4_unicode_ci;

--
-- Dumping data for table `syj_empleados`
--

INSERT INTO `syj_empleados` VALUES (1,8165,40721,0,NULL,1,'HERRERA MIRTA GRACIELA',NULL,'2016-03-01',2,1,5,1,NULL,9,NULL,NULL,NULL,NULL,NULL,NULL,NULL,NULL,2,'21873465','27-21873465-6',1,NULL,227,NULL,1,NULL,NULL,NULL,3,3,0,0,0,0,0,NULL,1,NULL,NULL,38,229,1,529193.50,0,0.00,4.00,0.00,3,3,3,'2016-03-01','2016-03-01',NULL,NULL,NULL,NULL,NULL,0,2,2,2,2,50,1,1,2,1,0,1,0,0,NULL,5.7120,164.00,1,37.21,2,'1',2,'0',2,'0','0',NULL,NULL,NULL,1,'2022-12-01 17:12:19','2025-10-27 23:07:43',NULL),(2,8165,40722,0,NULL,1,'LA TORRE ALEJANDRO DANIEL',NULL,'2022-12-01',1,1,5,1,NULL,9,NULL,NULL,NULL,NULL,NULL,NULL,NULL,NULL,2,'21624239','20-21624239-5',2,NULL,92,92,1,NULL,NULL,NULL,4,4,0,0,0,0,0,NULL,1,NULL,NULL,42,263,1,1447306.76,0,0.00,8.00,0.00,2,2,2,'2014-07-02','2014-07-02',NULL,NULL,NULL,NULL,NULL,0,2,2,2,2,50,4,1,2,1,0,1,0,0,NULL,0.0000,0.00,1,0.00,2,'1',2,'0',2,'0','0',NULL,NULL,NULL,1,'2022-12-01 21:20:09','2025-10-27 23:51:49',NULL),(3,8165,40723,0,NULL,2,'SILVEYRA VANESA SOLEDAD',NULL,'2018-06-12',2,1,5,1,NULL,1,NULL,NULL,NULL,NULL,NULL,NULL,NULL,NULL,2,'29432384','27-29432384-3',3,NULL,227,NULL,1,NULL,NULL,NULL,6,6,0,0,0,0,0,NULL,1,NULL,NULL,6,230,1,536700.50,0,0.00,4.00,0.00,4,4,4,'2018-06-12','2018-06-12',NULL,NULL,NULL,'2025-04-30',7,0,2,2,2,2,50,1,1,2,1,0,1,0,0,NULL,4.0000,164.00,1,0.00,2,'1',2,'0',2,'0','0',NULL,NULL,'#000000',1,'2022-12-01 21:32:06','2025-10-27 23:14:58',NULL),(4,8165,40723,0,NULL,3,'ARTUZZI CONRRADO MARIANO',NULL,'2022-08-20',1,1,5,1,NULL,1,NULL,NULL,NULL,NULL,NULL,NULL,NULL,NULL,2,'19011101','20-19011101-7',1,NULL,227,NULL,1,NULL,NULL,NULL,6,6,0,0,0,0,0,NULL,1,NULL,NULL,6,230,1,536700.50,0,0.00,4.00,0.00,4,4,4,'2022-08-20','2022-08-20',NULL,NULL,NULL,NULL,NULL,0,2,2,2,2,50,1,1,2,1,0,1,0,0,NULL,4.0000,164.00,1,0.00,2,'1',2,'0',2,'0','0',NULL,NULL,NULL,1,'2022-12-01 23:01:36','2025-10-27 23:14:58',NULL),(5,8165,40723,0,NULL,4,'BALMACEDA MILAGROS LUJAN',NULL,'2022-10-25',2,1,5,1,NULL,1,NULL,NULL,NULL,NULL,NULL,NULL,NULL,NULL,2,'47678141','27-47678141-3',3,NULL,227,NULL,1,NULL,NULL,NULL,6,6,0,0,0,0,0,NULL,1,NULL,NULL,6,40,1,62600.82,0,0.00,4.00,0.00,4,4,4,'2022-12-01','2022-12-01',NULL,NULL,NULL,'2022-11-09',2,0,2,2,2,2,50,1,1,2,1,0,1,0,0,NULL,4.0000,164.00,1,0.00,2,'1',2,'0',2,'0','0',NULL,NULL,NULL,1,'2022-12-01 23:04:05','2023-03-24 22:04:31',NULL),(6,8165,40724,0,NULL,1,'WILLIAMS HURTADO PAOLA ANAHI',NULL,'2022-12-02',2,1,5,1,NULL,9,NULL,NULL,NULL,NULL,NULL,NULL,NULL,NULL,6,'27437104','27-27437104-3',2,NULL,92,92,1,NULL,NULL,NULL,7,7,0,0,0,0,0,NULL,1,NULL,NULL,42,263,1,1447306.76,0,0.00,8.00,0.00,5,5,5,'2018-02-20','2018-02-20',NULL,NULL,NULL,NULL,NULL,0,2,2,2,2,50,4,1,3,1,0,1,0,0,0,2.3500,155.00,1,0.00,2,'1',2,'0',2,'0','0',NULL,NULL,NULL,1,'2022-12-02 10:18:39','2025-10-27 23:51:49',NULL),(7,8165,40724,0,NULL,2,'DUARTE MIRTHA GRACIELA',NULL,'2022-12-02',2,1,5,1,NULL,9,NULL,NULL,NULL,NULL,NULL,NULL,NULL,NULL,6,'94169609','27-94169609-6',1,NULL,223,92,1,NULL,NULL,NULL,7,7,0,0,0,0,0,NULL,1,NULL,NULL,42,263,1,1447306.76,0,0.00,8.00,0.00,5,5,5,'2018-11-01','2018-11-01',NULL,NULL,NULL,NULL,NULL,0,2,2,2,2,50,4,1,3,1,0,1,0,0,0,2.3500,155.00,1,0.00,2,'1',2,'0',2,'0','0',NULL,NULL,NULL,1,'2022-12-02 10:18:39','2025-10-27 23:51:49',NULL),(8,8165,40725,0,NULL,1,'SANCHEZ FERNANDO ANGEL',NULL,'1991-01-01',1,1,5,1,NULL,9,NULL,NULL,NULL,NULL,NULL,NULL,NULL,NULL,6,'21030325','20-21030325-2',1,NULL,227,NULL,1,NULL,NULL,NULL,8,8,1,0,0,0,0,NULL,1,NULL,NULL,53,371,1,1073401.00,0,0.00,8.00,0.00,6,6,6,'2016-06-06','2016-06-06',NULL,NULL,NULL,NULL,NULL,0,2,2,2,2,50,4,1,2,1,0,1,0,0,0,2.9340,164.00,1,0.00,2,'1',2,'0',2,'0','0',NULL,NULL,NULL,1,'2022-12-02 16:06:04','2025-10-27 23:19:18',NULL);
INSERT INTO `syj_empleados` VALUES (9,8165,40725,0,NULL,3,'BELLO NORBERTO OSVALDO',NULL,'2022-12-02',1,1,5,1,NULL,9,NULL,NULL,NULL,NULL,NULL,NULL,NULL,NULL,6,'35864298','20-35864298-6',1,NULL,227,NULL,1,NULL,NULL,NULL,8,8,1,0,0,0,0,NULL,1,NULL,NULL,53,371,1,1073401.00,0,0.00,8.00,0.00,6,6,6,'2019-11-28','2019-11-28',NULL,NULL,NULL,NULL,NULL,0,2,2,2,2,50,4,1,2,1,0,1,0,0,0,2.9340,164.00,1,0.00,2,'1',2,'0',2,'0','0',NULL,NULL,NULL,1,'2022-12-02 16:06:04','2025-10-27 23:19:18',NULL),(10,8165,40725,0,NULL,2,'CORIA LUIS ANIBAL',NULL,'1991-01-01',1,1,5,1,NULL,9,NULL,NULL,NULL,NULL,NULL,NULL,NULL,NULL,6,'25232215','23-25232215-9',1,NULL,227,NULL,1,NULL,NULL,NULL,8,8,1,0,0,0,0,NULL,1,NULL,NULL,53,371,1,1073401.00,0,0.00,8.00,0.00,6,6,6,'2018-10-01','2018-10-01',NULL,NULL,NULL,NULL,NULL,0,2,2,2,2,50,4,1,2,1,0,1,0,0,0,2.9340,164.00,1,0.00,2,'1',2,'0',2,'0','0',NULL,NULL,NULL,1,'2022-12-02 16:06:04','2025-10-27 23:19:18',NULL),(11,8165,40726,0,NULL,17,'FERNANDEZ ANDREA AGUSTINA',NULL,'1991-01-01',2,1,5,1,NULL,1,NULL,NULL,NULL,NULL,NULL,NULL,NULL,NULL,6,'30305352','24-30305352-9',1,NULL,27,NULL,1,NULL,NULL,NULL,9,9,0,0,0,0,0,NULL,1,NULL,NULL,59,428,1,612175.50,0,0.00,4.00,0.00,7,7,7,'2021-04-01','2021-04-01',NULL,NULL,NULL,NULL,NULL,0,2,2,2,2,50,1,1,2,1,0,1,0,0,0,5.5140,164.00,1,37.21,2,'1',2,'0',2,'0','0',NULL,NULL,NULL,1,'2022-12-02 20:58:31','2025-10-29 12:24:15',NULL),(12,8165,40726,0,NULL,4,'AUCHELLI VERONICA ELIZABETH',NULL,'1991-01-01',2,1,5,1,NULL,9,NULL,NULL,NULL,NULL,NULL,NULL,NULL,NULL,6,'26643776','27-26643776-0',1,NULL,27,NULL,1,NULL,NULL,NULL,9,9,0,0,0,0,0,NULL,1,NULL,NULL,59,428,1,612175.50,0,0.00,4.00,0.00,7,7,7,'2013-03-25','2013-03-25',NULL,NULL,NULL,NULL,NULL,0,2,2,2,2,50,1,1,2,1,0,1,0,0,0,5.5140,164.00,1,37.21,2,'1',2,'0',2,'0','0',NULL,NULL,NULL,1,'2022-12-02 20:58:31','2025-10-29 12:24:15',NULL),(13,8165,40726,0,NULL,12,'STINGA SILVANA ANGELICA',NULL,'1991-01-01',2,1,5,1,NULL,9,NULL,NULL,NULL,NULL,NULL,NULL,NULL,NULL,6,'29891275','27-29891275-4',1,NULL,425,NULL,1,NULL,NULL,NULL,9,9,0,0,0,0,0,NULL,1,NULL,NULL,59,428,1,612175.50,0,0.00,4.00,0.00,7,7,7,'2015-06-01','2015-06-01',NULL,NULL,NULL,NULL,NULL,0,2,2,2,2,50,1,1,2,1,0,1,0,0,0,5.5140,164.00,1,37.21,2,'1',2,'0',2,'0','0',NULL,NULL,'#000000',1,'2022-12-02 20:58:31','2025-10-29 12:24:15',NULL),(14,8165,40726,0,NULL,5,'MENDOZA MELISA',NULL,'1991-01-01',2,1,5,1,NULL,9,NULL,NULL,NULL,NULL,NULL,NULL,NULL,NULL,6,'32008618','27-32008618-9',1,NULL,149,NULL,1,NULL,NULL,NULL,9,9,0,0,0,0,0,NULL,1,NULL,NULL,59,428,1,612175.50,0,0.00,4.00,0.00,7,7,7,'2013-03-25','2013-03-25',NULL,NULL,NULL,NULL,NULL,0,2,2,2,2,50,1,1,2,1,0,1,0,0,0,5.5140,164.00,1,37.21,2,'1',2,'0',2,'0','0',NULL,NULL,NULL,1,'2022-12-02 20:58:31','2025-10-29 12:24:15',NULL),(15,8165,40726,0,NULL,16,'BELIZ FLORENCIA VALENTINA',NULL,'1991-01-01',2,1,5,1,NULL,9,NULL,NULL,NULL,NULL,NULL,NULL,NULL,NULL,6,'34490559','27-34490559-8',2,NULL,227,NULL,1,NULL,NULL,NULL,9,9,0,0,0,0,0,NULL,1,NULL,NULL,38,228,1,536700.50,0,0.00,4.00,0.00,7,7,7,'2021-03-02','2021-03-02',NULL,NULL,NULL,'2023-10-31',2,0,2,2,2,2,50,1,1,2,1,0,1,0,0,0,5.5140,164.00,1,37.21,2,'1',2,'0',2,'0','0',NULL,NULL,NULL,1,'2022-12-02 20:58:31','2025-10-27 23:27:09',NULL),(16,8165,40726,0,NULL,9,'SAVANI FLORENCIA SOFIA',NULL,'1991-01-01',2,1,5,1,NULL,9,NULL,NULL,NULL,NULL,NULL,NULL,NULL,NULL,6,'36374318','27-36374318-3',1,NULL,143,NULL,1,NULL,NULL,NULL,9,9,0,0,0,0,0,NULL,1,NULL,NULL,59,428,1,612175.50,0,0.00,4.00,0.00,7,7,7,'2013-12-21','2013-12-21',NULL,NULL,NULL,NULL,NULL,0,2,2,2,2,50,1,1,2,1,0,1,0,0,0,5.5140,164.00,1,37.21,2,'1',2,'0',2,'0','0',NULL,NULL,NULL,1,'2022-12-02 20:58:31','2025-10-29 12:24:15',NULL);
INSERT INTO `syj_empleados` VALUES (17,8165,40727,0,NULL,1,'TAMASHIRO SAMANTHA ROMINA',NULL,'1991-01-01',2,1,5,1,NULL,1,NULL,NULL,NULL,NULL,NULL,NULL,NULL,NULL,2,'22623350','23-22623350-4',1,NULL,227,NULL,1,NULL,NULL,NULL,10,10,0,0,0,0,0,NULL,1,NULL,NULL,38,228,1,536700.50,0,0.00,4.00,0.00,8,8,8,'2007-05-21','2007-05-21',NULL,NULL,NULL,NULL,NULL,0,2,2,2,2,50,1,1,2,1,0,1,0,0,NULL,6.5300,164.00,1,37.21,2,'1',2,'0',2,'0','0',NULL,NULL,NULL,1,'2022-12-02 21:55:19','2025-10-27 23:27:09',NULL),(18,8165,40728,0,NULL,2,'CORBALAN ZULMA MABEL',NULL,'1991-01-01',2,1,5,1,NULL,10,NULL,NULL,NULL,NULL,NULL,NULL,NULL,NULL,2,'24022492','27-24022492-0',1,NULL,227,NULL,1,NULL,NULL,NULL,11,11,0,0,0,0,0,NULL,1,NULL,NULL,38,228,1,536700.50,0,0.00,4.00,0.00,9,9,9,'2014-05-05','2014-05-05',NULL,NULL,NULL,NULL,NULL,0,2,2,2,2,50,1,1,2,1,0,1,0,0,NULL,0.0000,164.00,1,0.00,2,'1',2,'0',2,'0','0',NULL,NULL,NULL,1,'2022-12-02 22:19:13','2025-10-27 23:27:09',NULL),(19,8165,40728,0,NULL,3,'TOLNAI MARCELA BEATRIZ',NULL,'1991-01-01',2,1,5,1,NULL,10,NULL,NULL,NULL,NULL,NULL,NULL,NULL,NULL,2,'20363769','27-20363769-7',1,NULL,227,NULL,1,NULL,NULL,NULL,11,11,0,0,0,0,0,NULL,1,NULL,NULL,38,228,1,536700.50,0,0.00,4.00,0.00,9,9,9,'2022-07-16','2022-07-16',NULL,NULL,NULL,NULL,NULL,0,2,2,2,2,50,1,1,2,1,0,1,0,0,NULL,0.0000,164.00,1,0.00,2,'1',2,'0',2,'0','0',NULL,NULL,NULL,1,'2022-12-02 22:20:49','2025-10-27 23:27:09',NULL),(20,8165,40728,0,NULL,4,'MEDINA BRAIAN YAMIL',NULL,'1991-01-01',1,1,5,1,NULL,10,NULL,NULL,NULL,NULL,NULL,NULL,NULL,NULL,2,'41460474','23-41460474-9',1,NULL,227,NULL,1,NULL,NULL,NULL,11,11,0,0,0,0,0,NULL,1,NULL,NULL,38,228,1,536700.50,0,0.00,4.00,0.00,9,9,9,'2022-08-15','2022-08-15',NULL,NULL,NULL,NULL,NULL,0,2,2,2,2,50,1,1,2,1,0,1,0,0,NULL,0.0000,164.00,1,0.00,2,'1',2,'0',2,'0','0',NULL,NULL,NULL,1,'2022-12-02 22:22:22','2025-10-27 23:27:09',NULL),(21,8165,40728,0,NULL,5,'DUARTE GABRIEL BENJAMIN',NULL,'1991-01-01',1,1,5,1,NULL,10,NULL,NULL,NULL,NULL,NULL,NULL,NULL,NULL,2,'41968796','20-41968796-1',1,NULL,227,NULL,1,NULL,NULL,NULL,11,11,0,0,0,0,0,NULL,1,NULL,NULL,38,227,1,98990.03,0,0.00,4.00,0.00,10,10,10,'2022-09-09','2022-09-09',NULL,NULL,NULL,NULL,NULL,0,2,2,2,2,50,1,1,2,1,0,1,0,0,NULL,0.0000,164.00,1,0.00,2,'1',2,'0',2,'0','0',NULL,NULL,NULL,1,'2022-12-02 22:31:42','2023-05-23 19:15:22',NULL),(22,8165,40729,0,NULL,4,'ALMARAZ HECTOR FEDERICO',NULL,'1991-01-01',1,1,5,1,NULL,9,NULL,NULL,NULL,NULL,NULL,NULL,NULL,NULL,2,'12616621','20-12616621-5',2,NULL,144,NULL,1,NULL,NULL,NULL,12,12,0,0,0,0,0,NULL,1,NULL,NULL,39,237,1,422422.00,0,0.00,8.00,0.00,11,11,11,'2011-07-10','2011-07-10',NULL,NULL,NULL,NULL,NULL,0,2,2,2,2,50,4,1,2,1,0,1,0,0,NULL,4.5710,164.00,1,37.21,2,'1',2,'0',2,'0','0',NULL,NULL,NULL,1,'2022-12-02 23:06:04','2024-02-27 20:43:15',NULL),(23,8165,40729,0,NULL,13,'CABAÑAS ALICIA SUSANA',NULL,'1991-01-01',1,1,5,1,NULL,9,NULL,NULL,NULL,NULL,NULL,NULL,NULL,NULL,2,'21097703','27-21097703-7',1,NULL,227,NULL,1,NULL,NULL,NULL,12,12,0,0,0,0,0,NULL,1,NULL,NULL,39,236,1,610520.00,0,0.00,4.00,0.00,12,12,12,'2014-04-01','2014-04-01',NULL,NULL,NULL,NULL,NULL,0,2,2,2,2,50,1,1,2,1,0,1,0,0,NULL,4.5710,164.00,1,37.21,2,'1',2,'0',2,'0','0',NULL,NULL,NULL,1,'2022-12-02 23:07:51','2025-10-28 17:54:35',NULL),(24,8165,40730,0,NULL,1,'GRIOTTI MOIRA MARIELA',NULL,'2022-12-03',2,1,5,1,NULL,11,NULL,NULL,NULL,NULL,NULL,NULL,NULL,NULL,6,'22970732','27-22970732-4',1,NULL,5,5,1,NULL,NULL,NULL,13,13,0,0,0,0,0,NULL,1,NULL,NULL,42,335,1,723653.38,0,0.00,4.00,0.00,13,13,13,'2020-08-14','2020-08-14',NULL,NULL,NULL,NULL,NULL,0,2,2,2,2,50,1,1,3,1,0,1,0,0,0,2.3500,155.00,1,0.00,2,'1',2,'0',2,'0','0',NULL,NULL,NULL,1,'2022-12-03 12:57:51','2025-10-27 23:52:10',NULL);
INSERT INTO `syj_empleados` VALUES (25,8165,40730,0,NULL,2,'GONZALEZ MARIANA LUJAN',NULL,'2022-12-03',2,1,5,1,NULL,11,NULL,NULL,NULL,NULL,NULL,NULL,NULL,NULL,6,'24994954','27-24994954-5',1,NULL,92,92,1,NULL,NULL,NULL,13,13,0,0,0,0,0,NULL,1,NULL,NULL,42,335,1,723653.38,0,0.00,4.00,0.00,13,13,13,'2009-11-04','2009-11-04',NULL,NULL,NULL,NULL,NULL,0,2,2,2,2,50,1,1,3,1,0,1,0,0,0,2.3500,155.00,1,0.00,2,'1',2,'0',2,'0','0',NULL,NULL,NULL,1,'2022-12-03 12:57:51','2025-10-27 23:52:10',NULL),(26,8165,40730,0,NULL,3,'CANOVA MARIELA VERONICA',NULL,'2022-12-03',2,1,5,1,NULL,11,NULL,NULL,NULL,NULL,NULL,NULL,NULL,NULL,6,'25855294','27-25855294-1',2,NULL,92,92,1,NULL,NULL,NULL,13,13,0,0,0,0,0,NULL,1,NULL,NULL,42,335,1,723653.38,0,0.00,4.00,0.00,13,13,13,'2014-10-01','2014-10-01',NULL,NULL,NULL,NULL,NULL,0,2,2,2,2,50,1,1,3,1,0,1,0,0,0,2.3500,155.00,1,0.00,2,'1',2,'0',2,'0','0',NULL,NULL,NULL,1,'2022-12-03 12:57:51','2025-10-27 23:52:10',NULL),(27,8165,40730,0,NULL,4,'CHAPARRO ROMINA SOLEDAD',NULL,'2022-12-03',2,1,5,1,NULL,11,NULL,NULL,NULL,NULL,NULL,NULL,NULL,NULL,6,'26516171','27-26516171-0',1,NULL,92,92,1,NULL,NULL,NULL,13,13,0,0,0,0,0,NULL,1,NULL,NULL,42,335,1,723653.38,0,0.00,4.00,0.00,13,13,13,'2009-02-28','2009-02-28',NULL,NULL,NULL,NULL,NULL,0,2,2,2,2,50,1,1,3,1,0,1,0,0,0,2.3500,155.00,1,37.21,2,'1',2,'0',2,'0','0',NULL,NULL,NULL,1,'2022-12-03 12:57:51','2025-10-27 23:52:10',NULL),(28,8165,40731,0,NULL,1,'ROJAS BERNARDO',NULL,'1981-01-01',1,1,5,1,NULL,1,NULL,NULL,NULL,NULL,NULL,NULL,NULL,NULL,2,'30449760','20-30449760-3',2,NULL,184,NULL,1,NULL,NULL,NULL,14,14,0,0,0,0,0,NULL,1,NULL,NULL,34,240,1,457050.00,0,0.00,4.00,0.00,14,14,14,'2015-07-13','2015-07-13',NULL,NULL,NULL,'2022-12-30',2,0,5,5,2,2,50,1,1,2,1,0,1,0,0,NULL,6.1450,164.00,1,37.21,2,'1',2,'0',2,'0','0',NULL,NULL,NULL,1,'2022-12-03 20:25:42','2025-09-23 00:56:45',NULL),(29,8165,40731,0,NULL,3,'ESCOBAR JOAQUIN',NULL,'2022-12-03',1,1,5,1,NULL,1,NULL,NULL,NULL,NULL,NULL,NULL,NULL,NULL,2,'35459206','20-35459206-2',1,NULL,184,NULL,1,NULL,NULL,NULL,14,14,0,0,0,0,0,NULL,1,NULL,NULL,34,240,1,457050.00,0,0.00,4.00,0.00,14,14,14,'2016-04-26','2016-04-26',NULL,NULL,NULL,NULL,NULL,0,5,5,2,2,50,1,1,2,1,0,1,0,0,NULL,6.1450,164.00,1,37.21,2,'1',2,'0',2,'0','0',NULL,NULL,NULL,1,'2022-12-03 20:27:20','2025-09-23 00:56:45',NULL),(30,8165,40732,0,NULL,1,'PAPPOLLA GUSTAVO MARIO',NULL,'1991-01-01',1,1,5,1,NULL,1,NULL,NULL,NULL,NULL,NULL,NULL,NULL,NULL,2,'22825492','20-22825492-5',1,NULL,9,NULL,1,NULL,NULL,NULL,15,15,0,0,0,0,0,NULL,1,NULL,NULL,40,241,1,149536.00,0,0.00,8.00,0.00,15,15,15,'2013-07-05','2013-07-05',NULL,NULL,NULL,NULL,NULL,0,2,2,2,2,50,4,1,1,1,0,1,0,0,NULL,1.7300,164.00,1,37.21,2,'1',2,'0',2,'0','0',NULL,NULL,NULL,1,'2022-12-04 11:39:41','2023-04-26 02:47:28',NULL),(31,8165,40733,0,NULL,1,'PINTO MARIA ADELA',NULL,'1991-01-01',2,1,5,1,NULL,9,NULL,NULL,NULL,NULL,NULL,NULL,NULL,NULL,2,'22211381','23-22211381-4',1,NULL,227,NULL,1,NULL,NULL,NULL,16,16,0,0,0,0,0,NULL,1,NULL,NULL,58,426,1,193500.00,0,0.00,4.00,0.00,16,16,16,'2008-03-05','2008-03-05',NULL,NULL,NULL,NULL,NULL,0,2,2,2,2,50,1,1,2,1,0,1,0,0,NULL,3.6010,164.00,1,0.00,2,'1',2,'0',2,'0','0',NULL,NULL,NULL,1,'2022-12-04 11:57:28','2024-12-09 10:30:46',NULL),(32,8165,40734,0,NULL,1,'DUILIO MATIAS HUMBERTO GUERREÑO',NULL,'1981-01-01',1,1,5,1,NULL,9,NULL,NULL,NULL,NULL,NULL,NULL,NULL,NULL,2,'28950993','20-28950993-4',1,NULL,92,NULL,1,NULL,NULL,NULL,17,17,1,0,0,0,0,NULL,1,NULL,NULL,42,263,1,1447306.76,0,0.00,8.00,0.00,17,17,17,'2010-11-09','2010-11-09',NULL,NULL,NULL,NULL,NULL,0,2,2,2,2,50,4,1,2,1,0,1,0,0,NULL,3.2540,164.00,1,37.21,2,'1',2,'0',2,'0','0',NULL,NULL,NULL,1,'2022-12-04 19:51:55','2025-10-27 23:51:49',NULL);
INSERT INTO `syj_empleados` VALUES (33,8165,40736,0,NULL,100,'GUTIERREZ SERGIO DANIEL',NULL,'1981-01-01',1,1,5,1,NULL,1,NULL,NULL,NULL,NULL,NULL,NULL,NULL,NULL,2,'11991759','20-11991759-0',1,NULL,2,NULL,1,NULL,NULL,NULL,19,19,0,0,0,0,0,NULL,1,NULL,NULL,43,270,1,500000.00,0,0.00,8.00,0.00,18,18,18,'2017-09-01','2017-09-01',NULL,NULL,NULL,NULL,NULL,0,2,2,2,2,16,37,1,1,1,0,0,0,0,NULL,1.5600,164.00,1,37.21,2,'1',2,'0',2,'0','0',NULL,NULL,NULL,1,'2022-12-05 00:36:21','2024-01-24 22:26:39',NULL),(34,8165,40735,0,NULL,3,'VICENTE FRANCO D ABRAMO',NULL,'1981-01-13',1,1,5,1,NULL,9,NULL,NULL,NULL,NULL,NULL,NULL,NULL,NULL,2,'37184825','20-37184825-9',1,NULL,102,NULL,1,NULL,NULL,NULL,18,18,0,0,0,0,0,NULL,1,NULL,NULL,44,281,1,839244.00,0,0.00,8.00,0.00,19,20,19,'2017-09-28','2017-09-28',NULL,NULL,NULL,NULL,NULL,0,2,2,2,2,50,1,1,2,1,0,1,0,0,NULL,8.9300,164.00,1,37.21,2,'1',2,'0',2,'0','0',NULL,NULL,NULL,1,'2022-12-05 20:06:02','2025-09-23 01:07:22',NULL),(35,8165,40735,0,NULL,10,'JULIAN MOREIRA',NULL,'1997-05-01',1,1,5,1,NULL,9,NULL,NULL,NULL,NULL,NULL,NULL,NULL,NULL,2,'37611221','20-37611221-8',1,NULL,102,NULL,1,NULL,NULL,NULL,18,18,0,0,0,0,0,NULL,1,NULL,NULL,44,281,1,839244.00,0,0.00,8.00,0.00,19,20,19,'2019-07-01','2019-07-01',NULL,NULL,NULL,NULL,NULL,0,2,2,2,2,50,1,1,2,1,0,1,0,0,NULL,8.9300,164.00,1,37.21,2,'1',2,'0',2,'0','0',NULL,NULL,NULL,1,'2022-12-05 20:07:30','2025-09-23 01:07:22',NULL),(36,8165,40735,0,NULL,11,'LUIS ALBERTO BASILIO',NULL,'1987-05-06',1,1,5,1,NULL,9,NULL,NULL,NULL,NULL,NULL,NULL,NULL,NULL,2,'21906533','20-21906533-8',1,NULL,102,NULL,1,NULL,NULL,NULL,18,18,0,0,0,0,0,NULL,1,NULL,NULL,44,281,1,839244.00,0,0.00,4.00,0.00,19,20,19,'2021-07-01','2021-07-01',NULL,NULL,NULL,NULL,NULL,0,2,2,2,2,50,1,1,2,1,0,1,0,0,NULL,8.9300,164.00,1,37.21,2,'1',2,'0',2,'0','0',NULL,NULL,NULL,1,'2022-12-05 20:08:50','2025-09-23 01:07:22',NULL),(37,8165,40735,0,NULL,12,'SIMON EZEQUIEL RASJIDO',NULL,'1987-05-13',1,1,5,1,NULL,9,NULL,NULL,NULL,NULL,NULL,NULL,NULL,NULL,2,'26841087','20-26841087-3',2,NULL,102,NULL,1,NULL,NULL,NULL,18,18,0,0,0,0,0,NULL,1,NULL,NULL,44,281,1,839244.00,0,0.00,8.00,0.00,19,20,19,'2021-07-01','2021-07-01',NULL,NULL,NULL,NULL,NULL,0,2,2,2,2,50,4,1,2,1,0,1,0,0,NULL,8.9300,164.00,1,37.21,2,'1',2,'0',2,'0','0',NULL,NULL,NULL,1,'2022-12-05 20:10:05','2025-09-23 01:07:22',NULL),(38,8165,40735,0,NULL,13,'LUCIANA MURIEL CASELLA',NULL,'1984-11-07',2,1,5,1,NULL,9,NULL,NULL,NULL,NULL,NULL,NULL,NULL,NULL,2,'40423004','27-40423004-8',1,NULL,102,NULL,1,NULL,NULL,NULL,18,18,0,0,0,0,0,NULL,1,NULL,NULL,44,281,1,839244.00,0,0.00,8.00,0.00,19,19,19,'2022-02-22','2022-02-22',NULL,NULL,NULL,NULL,NULL,0,2,2,2,2,50,1,1,2,1,0,1,0,0,NULL,8.9300,164.00,1,37.21,2,'1',2,'0',2,'0','0',NULL,NULL,NULL,1,'2022-12-05 20:11:36','2025-09-23 01:07:22',NULL),(39,8165,40735,0,NULL,14,'ANGEL DARIO PAZ',NULL,'1987-08-08',1,1,5,1,NULL,9,NULL,NULL,NULL,NULL,NULL,NULL,NULL,NULL,2,'23639638','20-23639638-0',1,NULL,121,NULL,1,NULL,NULL,NULL,18,18,0,0,0,0,0,NULL,1,NULL,NULL,44,281,1,839244.00,0,0.00,8.00,0.00,19,20,19,'2021-04-08','2021-04-08',NULL,NULL,NULL,NULL,NULL,0,2,2,2,2,50,1,1,2,1,0,1,0,0,NULL,8.9300,164.00,1,37.21,2,'1',2,'0',2,'0','0',NULL,NULL,NULL,1,'2022-12-05 20:12:59','2025-09-23 01:07:22',NULL),(40,8165,40735,0,NULL,22,'SHIRLEY JOANA GUTIERREZ',NULL,'1984-08-02',2,1,5,1,NULL,9,NULL,NULL,NULL,NULL,NULL,NULL,NULL,NULL,2,'40427467','27-40427467-3',2,NULL,102,NULL,1,NULL,NULL,NULL,18,18,0,0,0,0,0,NULL,1,NULL,NULL,44,281,1,839244.00,0,0.00,8.00,0.00,19,19,19,'2022-07-05','2022-07-05',NULL,NULL,NULL,NULL,NULL,0,2,2,2,2,50,4,1,2,1,0,1,0,0,NULL,8.9300,164.00,1,37.21,2,'1',2,'0',2,'0','0',NULL,NULL,NULL,1,'2022-12-05 20:14:28','2025-09-23 01:07:22',NULL);
INSERT INTO `syj_empleados` VALUES (41,8165,40737,0,NULL,2,'VICTOR HUGO PAZ',NULL,'1987-08-07',1,1,5,1,NULL,9,NULL,NULL,NULL,NULL,NULL,NULL,NULL,NULL,2,'24201243','20-24201243-8',1,NULL,78,NULL,1,NULL,NULL,NULL,20,20,0,0,0,0,0,NULL,1,NULL,NULL,22,159,1,557670.44,0,0.00,8.00,0.00,20,21,20,'2007-09-06','2007-09-06',NULL,NULL,NULL,NULL,NULL,0,2,2,2,2,50,4,1,2,1,0,1,0,0,NULL,15.0000,164.00,1,37.21,2,'1',2,'0',2,'0','0',NULL,NULL,NULL,1,'2022-12-05 23:25:20','2024-07-29 20:06:52',NULL),(42,8165,40737,0,NULL,8,'GERMAN LUIS ROBERTS',NULL,'1987-05-13',1,1,5,1,NULL,9,NULL,NULL,NULL,NULL,NULL,NULL,NULL,NULL,2,'29704454','20-29704454-1',2,NULL,78,NULL,1,NULL,NULL,NULL,20,20,0,0,0,0,0,NULL,1,NULL,NULL,22,159,1,557670.44,0,0.00,8.00,0.00,20,21,20,'2019-01-14','2019-01-14',NULL,NULL,NULL,NULL,NULL,0,2,2,2,2,50,4,1,2,1,0,1,0,0,NULL,15.0000,164.00,1,37.21,2,'1',2,'0',2,'0','0',NULL,NULL,NULL,1,'2022-12-05 23:28:35','2024-07-29 20:06:52',NULL),(43,8165,40737,0,NULL,11,'MIGUEL FERNANDO TORRES',NULL,'1997-05-15',1,1,5,1,NULL,9,NULL,NULL,NULL,NULL,NULL,NULL,NULL,NULL,2,'29199451','20-29199451-3',1,NULL,78,NULL,1,NULL,NULL,NULL,20,20,0,0,0,0,0,NULL,1,NULL,NULL,22,159,1,557670.44,0,0.00,8.00,0.00,20,21,20,'2019-02-01','2019-02-01',NULL,NULL,NULL,NULL,NULL,0,2,2,2,2,50,4,1,2,1,0,1,0,0,NULL,15.0000,164.00,1,37.21,2,'1',2,'0',2,'0','0',NULL,NULL,NULL,1,'2022-12-05 23:29:54','2024-07-29 20:06:52',NULL),(44,8165,40737,0,NULL,13,'ANTONIO MAXIMILIANO CORBALAN',NULL,'1967-08-16',1,1,5,1,NULL,9,NULL,NULL,NULL,NULL,NULL,NULL,NULL,NULL,2,'32588046','20-32588046-6',1,NULL,78,NULL,1,NULL,NULL,NULL,20,20,0,0,0,0,0,NULL,1,NULL,NULL,22,160,1,632363.14,0,0.00,8.00,0.00,21,22,21,'2019-03-07','2019-03-07',NULL,NULL,NULL,NULL,NULL,0,2,2,2,2,50,4,1,2,1,0,1,0,0,NULL,15.0000,164.00,1,37.21,2,'1',2,'0',2,'0','0',NULL,NULL,NULL,1,'2022-12-05 23:31:30','2024-07-29 20:06:59',NULL),(45,8165,40738,0,NULL,21,'CRISTIAN EMANUEL RIVERO',NULL,'1983-05-18',1,1,5,1,NULL,9,NULL,NULL,NULL,NULL,NULL,NULL,NULL,NULL,2,'33837287','20-33837287-7',2,NULL,78,NULL,1,NULL,NULL,NULL,21,21,0,0,0,0,0,NULL,1,NULL,NULL,45,282,1,429241.41,0,0.00,8.00,0.00,22,23,22,'2021-06-09','2021-06-09',NULL,NULL,NULL,NULL,NULL,0,2,2,2,2,50,4,1,2,1,0,1,0,0,NULL,7.6390,164.00,1,37.21,2,'1',2,'0',2,'0','0',NULL,NULL,NULL,1,'2022-12-06 09:34:28','2024-03-13 18:18:57',NULL),(46,8165,40738,0,NULL,22,'ESQUIVEL GUSTAVO GABRIEL',NULL,'1994-08-09',1,1,5,1,NULL,9,NULL,NULL,NULL,NULL,NULL,NULL,NULL,NULL,2,'26495407','20-26495407-0',1,NULL,78,NULL,1,NULL,NULL,NULL,21,21,0,0,0,0,0,NULL,1,NULL,NULL,45,282,1,429241.41,0,0.00,8.00,0.00,22,23,22,'2021-10-10','2021-10-10',NULL,NULL,NULL,NULL,NULL,0,2,2,2,2,50,4,1,2,1,0,1,0,0,NULL,7.6390,164.00,1,37.21,2,'1',2,'0',2,'0','0',NULL,NULL,NULL,1,'2022-12-06 09:35:49','2024-03-13 18:18:57',NULL),(47,8165,40739,0,NULL,1,'VARELA SEBASTIAN ARIEL',NULL,'1974-05-08',1,1,5,1,NULL,9,NULL,NULL,NULL,NULL,NULL,NULL,NULL,NULL,2,'27309689','20-27309689-3',2,NULL,102,NULL,1,NULL,NULL,NULL,22,22,0,0,0,0,0,NULL,1,NULL,NULL,46,292,1,419622.00,0,0.00,4.00,0.00,23,24,23,'2022-11-01','2022-11-01',NULL,NULL,NULL,NULL,NULL,0,2,2,2,2,50,1,1,2,1,0,1,0,0,NULL,0.0000,0.00,1,37.21,2,'1',2,'0',2,'0','0',NULL,NULL,NULL,1,'2022-12-06 10:15:26','2025-09-23 01:19:42',NULL),(48,8165,40740,0,NULL,38,'BRUNO OSCAR RIOS',NULL,'2022-12-07',1,1,5,1,NULL,12,NULL,NULL,NULL,NULL,NULL,NULL,NULL,NULL,2,'33261714','20-33261714-2',2,NULL,73,NULL,1,NULL,NULL,NULL,23,23,0,0,0,0,0,NULL,1,NULL,NULL,47,294,1,885788.00,0,0.00,8.00,0.00,24,25,24,'2014-07-15','2014-07-15',NULL,NULL,NULL,NULL,NULL,0,2,2,2,2,50,4,1,2,1,0,1,0,0,NULL,9.6720,164.00,1,37.21,2,'1',2,'0',2,'0','0',NULL,NULL,'#000000',1,'2022-12-07 00:38:17','2025-10-28 23:42:16',NULL);
INSERT INTO `syj_empleados` VALUES (49,8165,40740,0,NULL,80,'JESUS RAMON OSUNA TINEO',NULL,'2022-12-07',1,1,5,1,NULL,1,NULL,NULL,NULL,NULL,NULL,NULL,NULL,NULL,2,'95917750','20-95917750-4',1,NULL,74,NULL,1,NULL,NULL,NULL,23,23,0,0,0,0,0,NULL,1,NULL,NULL,16,123,2,3731.00,0,0.00,9.00,0.00,25,26,25,'2019-04-29','2019-04-29',NULL,NULL,NULL,NULL,NULL,0,2,2,2,6,4,18,1,2,1,0,1,0,0,NULL,9.6720,164.00,1,37.21,2,'1',2,'0',2,'0','0',NULL,NULL,NULL,1,'2022-12-07 00:40:54','2025-10-28 23:21:39',NULL),(50,8165,40740,0,NULL,87,'INMAYELI MARIFE AVANCINE ORTEGA',NULL,'2022-12-07',1,1,5,1,NULL,1,NULL,NULL,NULL,NULL,NULL,NULL,NULL,NULL,2,'96032591','27-96032591-0',1,NULL,73,NULL,1,NULL,NULL,NULL,23,23,0,0,0,0,0,NULL,1,NULL,NULL,56,402,1,1073401.00,0,0.00,8.00,0.00,24,25,24,'2020-05-08','2020-05-08',NULL,NULL,NULL,NULL,NULL,0,2,2,2,2,50,4,1,2,1,0,1,0,0,NULL,9.6720,164.00,1,37.21,2,'1',2,'0',2,'0','0',NULL,NULL,NULL,1,'2022-12-07 00:42:11','2025-10-27 23:32:38',NULL),(51,8165,40740,0,NULL,89,'LIDER ORTIZ',NULL,'2022-12-07',1,1,5,1,NULL,1,NULL,NULL,NULL,NULL,NULL,NULL,NULL,NULL,2,'94403354','20-94403354-9',2,NULL,74,NULL,1,NULL,NULL,NULL,23,23,0,0,0,0,0,NULL,1,NULL,NULL,16,123,2,3731.00,0,0.00,9.00,0.00,25,26,25,'2025-05-15','2025-05-15',NULL,NULL,NULL,NULL,NULL,0,2,2,2,6,4,18,1,2,1,0,1,0,0,NULL,9.6720,164.00,1,37.21,2,'1',2,'0',2,'0','0',NULL,NULL,'#000000',1,'2022-12-07 00:43:36','2025-10-28 23:21:39',NULL),(52,8165,40740,0,NULL,90,'OSCAR SORIANO FLORENTIN ARRUA',NULL,'2022-12-07',1,1,5,1,NULL,1,NULL,NULL,NULL,NULL,NULL,NULL,NULL,NULL,2,'94452630','20-94452630-8',2,NULL,74,NULL,1,NULL,NULL,NULL,23,23,0,0,0,0,0,NULL,1,NULL,NULL,16,123,2,3731.00,0,0.00,8.00,0.00,25,26,25,'2020-09-23','2020-09-23',NULL,NULL,NULL,NULL,NULL,0,2,2,2,6,4,18,1,2,1,0,1,0,0,NULL,9.6720,164.00,1,37.21,2,'1',2,'0',2,'0','0',NULL,NULL,NULL,1,'2022-12-07 00:44:51','2025-10-28 23:21:39',NULL),(53,8165,40740,0,NULL,91,'BRITOS GIMENEZ JUAN DE LA CRUZ',NULL,'2022-12-07',1,1,5,1,NULL,1,NULL,NULL,NULL,NULL,NULL,NULL,NULL,NULL,2,'92120256','20-92120256-4',2,NULL,74,NULL,1,NULL,NULL,NULL,23,23,0,0,0,0,0,NULL,1,NULL,NULL,16,123,2,3731.00,0,0.00,8.00,0.00,25,26,25,'2020-10-01','2020-10-01',NULL,NULL,NULL,NULL,NULL,0,2,2,2,6,4,18,1,2,1,0,1,0,0,NULL,9.6720,164.00,1,37.21,2,'1',2,'0',2,'0','0',NULL,NULL,NULL,1,'2022-12-07 00:45:59','2025-10-28 23:21:39',NULL),(54,8165,40740,0,NULL,107,'LUIS ANTONIO CIPRIANO GUTIERREZ GARCIA',NULL,'2022-12-07',1,1,5,1,NULL,1,NULL,NULL,NULL,NULL,NULL,NULL,NULL,NULL,2,'95976301','20-95976301-2',2,NULL,74,NULL,1,NULL,NULL,NULL,23,23,0,0,0,0,0,NULL,1,NULL,NULL,16,123,2,3731.00,0,0.00,8.00,0.00,25,26,25,'2021-05-02','2021-05-02',NULL,NULL,NULL,NULL,NULL,0,2,2,2,6,4,18,1,2,1,0,1,0,0,NULL,9.6720,164.00,1,37.21,2,'1',2,'0',2,'0','0',NULL,NULL,'#000000',1,'2022-12-07 00:47:18','2025-10-28 23:21:39',NULL),(55,8165,40740,0,NULL,112,'ZENAIDA LOURMAR CORONA DE PAREDES',NULL,'2022-12-07',1,1,5,1,NULL,1,NULL,NULL,NULL,NULL,NULL,NULL,NULL,NULL,2,'95831169','27-95831169-4',1,NULL,73,NULL,1,NULL,NULL,NULL,23,23,0,0,0,0,0,NULL,1,NULL,NULL,47,295,1,442894.00,0,0.00,4.00,0.00,24,25,24,'2022-02-01','2022-02-01',NULL,NULL,NULL,NULL,NULL,0,2,2,2,2,50,1,1,2,1,0,1,0,0,NULL,9.6720,164.00,1,37.21,2,'1',2,'0',2,'0','0',NULL,NULL,NULL,1,'2022-12-07 00:48:54','2025-10-28 23:42:53',NULL),(56,8165,40740,0,NULL,113,'RODRIGUEZ SARABIA GUSTAVO DAMIAN',NULL,'2022-12-07',1,1,5,1,NULL,1,NULL,NULL,NULL,NULL,NULL,NULL,NULL,NULL,2,'41716822','20-41716822-3',2,NULL,74,NULL,1,NULL,NULL,NULL,23,23,0,0,0,0,0,NULL,1,NULL,NULL,16,123,2,3731.00,0,0.00,8.00,0.00,25,26,25,'2022-03-25','2022-03-25',NULL,NULL,NULL,NULL,NULL,0,2,2,2,6,4,18,1,2,1,0,1,0,0,NULL,9.6720,164.00,1,37.21,2,'1',2,'0',2,'0','0',NULL,NULL,NULL,1,'2022-12-07 00:50:48','2025-10-28 23:21:39',NULL);
INSERT INTO `syj_empleados` VALUES (57,8165,40740,0,NULL,114,'ALDO ANTONIO FLORENTIN ARRUA',NULL,'2022-12-07',1,1,5,1,NULL,1,NULL,NULL,NULL,NULL,NULL,NULL,NULL,NULL,2,'94024869','20-94024869-9',2,NULL,74,NULL,1,NULL,NULL,NULL,23,23,0,0,0,0,0,NULL,1,NULL,NULL,16,123,2,3731.00,0,0.00,8.00,0.00,25,26,25,'2022-03-25','2022-03-25',NULL,NULL,NULL,NULL,NULL,0,2,2,2,6,4,18,1,2,1,0,1,0,0,NULL,9.6720,164.00,1,37.21,2,'1',2,'0',2,'0','0',NULL,NULL,NULL,1,'2022-12-07 00:52:11','2025-10-28 23:21:39',NULL),(58,8165,40740,0,NULL,115,'MONTIEL RAMOS, RUBEN',NULL,'2022-12-07',1,1,5,1,NULL,1,NULL,NULL,NULL,NULL,NULL,NULL,NULL,NULL,2,'94569325','20-94569325-9',2,NULL,74,NULL,1,NULL,NULL,NULL,23,23,0,0,0,0,0,NULL,1,NULL,NULL,16,123,2,3731.00,0,0.00,8.00,0.00,25,26,25,'2022-03-25','2022-03-25',NULL,NULL,NULL,NULL,NULL,0,2,2,2,6,4,18,1,2,1,0,1,0,0,NULL,9.6720,164.00,1,37.21,2,'1',2,'0',2,'0','0',NULL,NULL,NULL,1,'2022-12-07 00:53:18','2025-10-28 23:21:39',NULL),(59,8165,40740,0,NULL,116,'OVIDIO JAVIER LOPEZ',NULL,'2022-12-07',1,1,5,1,NULL,1,NULL,NULL,NULL,NULL,NULL,NULL,NULL,NULL,2,'95326066','20-95326066-3',2,NULL,74,NULL,1,NULL,NULL,NULL,23,23,0,0,0,0,0,NULL,1,NULL,NULL,16,123,2,3731.00,0,0.00,9.00,0.00,25,26,25,'2025-05-15','2025-05-15',NULL,NULL,NULL,NULL,NULL,0,2,2,2,6,4,18,1,2,1,0,1,0,0,NULL,96.7200,164.00,1,37.21,2,'1',2,'0',2,'0','0',NULL,NULL,'#000000',1,'2022-12-07 00:54:34','2025-10-28 23:21:39',NULL),(60,8165,40740,0,NULL,117,'FACUNDO DANIEL DRAGON',NULL,'2022-12-07',1,1,5,1,NULL,1,NULL,NULL,NULL,NULL,NULL,NULL,NULL,NULL,2,'41392911','20-41392911-4',2,NULL,74,NULL,1,NULL,NULL,NULL,23,23,0,0,0,0,0,NULL,1,NULL,NULL,16,123,2,3731.00,0,0.00,8.00,0.00,25,26,25,'2022-04-25','2022-04-25',NULL,NULL,NULL,NULL,NULL,0,2,2,2,6,4,18,1,2,1,0,1,0,0,NULL,9.6720,164.00,1,37.21,2,'1',2,'0',2,'0','0',NULL,NULL,NULL,1,'2022-12-07 00:55:40','2025-10-28 23:21:39',NULL),(61,8165,40740,0,NULL,118,'ENDER EDUARDO ARRIETA GONZALEZ',NULL,'2022-12-07',1,1,5,1,NULL,1,NULL,NULL,NULL,NULL,NULL,NULL,NULL,NULL,2,'95977375','20-95977375-1',2,NULL,74,NULL,1,NULL,NULL,NULL,23,23,0,0,0,0,0,NULL,1,NULL,NULL,16,123,2,3731.00,0,0.00,8.00,0.00,25,26,25,'2022-04-22','2022-04-22',NULL,NULL,NULL,NULL,NULL,0,2,2,2,6,4,18,1,2,1,0,1,0,0,NULL,9.6720,164.00,1,37.21,2,'1',2,'0',2,'0','0',NULL,NULL,NULL,1,'2022-12-07 00:56:41','2025-10-28 23:21:39',NULL),(62,8165,40741,0,NULL,1,'DA SILVA, GRACIELA NOEMI',NULL,'2022-12-08',2,1,5,1,NULL,1,NULL,NULL,NULL,NULL,NULL,NULL,NULL,NULL,2,'16962938','27-16962938-8',2,NULL,73,NULL,1,NULL,NULL,NULL,24,24,0,0,0,0,0,NULL,1,NULL,NULL,47,297,1,422896.00,0,0.00,4.00,0.00,26,27,26,'2007-07-12','2007-07-12',NULL,NULL,NULL,NULL,NULL,0,2,2,2,2,4,1,1,2,1,0,1,0,0,NULL,9.6720,164.00,1,37.21,2,'1',2,'0',2,'0','0',NULL,NULL,NULL,1,'2022-12-08 11:50:26','2024-12-14 00:15:57',NULL),(63,8165,40741,0,NULL,2,'BARRETO ROBERTO CARLOS',NULL,'2022-12-08',1,1,5,1,NULL,1,NULL,NULL,NULL,NULL,NULL,NULL,NULL,NULL,2,'20955659','20-20955659-7',1,NULL,74,NULL,1,NULL,NULL,NULL,24,24,0,0,0,0,0,NULL,1,NULL,NULL,48,300,2,4335.00,0,0.00,8.00,0.00,27,29,28,'2011-04-01','2011-04-01',NULL,NULL,NULL,NULL,NULL,0,2,2,2,6,4,18,1,2,1,0,1,0,0,NULL,9.6720,164.00,1,37.21,2,'1',2,'0',2,'0','0',NULL,NULL,NULL,1,'2022-12-08 11:52:12','2025-10-07 16:53:34',NULL),(64,8165,40741,0,NULL,5,'ANDRADE FRANCO HERNAN',NULL,'2022-12-08',1,1,5,1,NULL,1,NULL,NULL,NULL,NULL,NULL,NULL,NULL,NULL,2,'38402427','20-38402427-1',2,NULL,74,NULL,1,NULL,NULL,NULL,24,24,0,0,0,0,0,NULL,1,NULL,NULL,48,384,2,3748.00,0,0.00,8.00,0.00,28,28,27,'2015-11-10','2015-11-10',NULL,NULL,NULL,NULL,NULL,0,2,2,2,6,4,18,1,2,1,0,1,0,0,NULL,9.6720,164.00,1,37.21,2,'1',2,'0',2,'0','0',NULL,NULL,'#000000',1,'2022-12-08 11:53:56','2025-06-06 14:32:51',NULL);
INSERT INTO `syj_empleados` VALUES (65,8165,40741,0,NULL,8,'FREIRE RUBEN DARIO',NULL,'2022-12-08',1,1,5,1,NULL,1,NULL,NULL,NULL,NULL,NULL,NULL,NULL,NULL,2,'30620536','20-30620536-7',1,NULL,74,NULL,1,NULL,NULL,NULL,24,24,0,0,0,0,0,NULL,1,NULL,NULL,48,300,2,4335.00,0,0.00,8.00,0.00,27,29,28,'2017-08-14','2017-08-14',NULL,NULL,NULL,NULL,NULL,0,2,2,2,6,4,18,1,2,1,0,1,0,0,NULL,9.6720,164.00,1,37.21,2,'1',2,'0',2,'0','0',NULL,NULL,NULL,1,'2022-12-08 11:55:49','2025-10-07 16:53:34',NULL),(66,8165,40741,0,NULL,12,'CERDA PEDRO PABLO',NULL,'2022-12-08',1,1,5,1,NULL,1,NULL,NULL,NULL,NULL,NULL,NULL,NULL,NULL,2,'23078722','20-23078722-1',2,NULL,74,NULL,1,NULL,NULL,NULL,24,24,0,0,0,0,0,NULL,1,NULL,NULL,48,300,2,4335.00,0,0.00,8.00,0.00,27,29,28,'2017-08-14','2017-08-14',NULL,NULL,NULL,'2023-09-12',7,0,2,2,2,6,4,18,1,2,1,0,1,0,0,NULL,9.6720,164.00,1,37.21,2,'1',2,'0',2,'0','0',NULL,NULL,NULL,1,'2022-12-08 11:57:07','2025-10-07 16:53:34',NULL),(67,8165,40741,0,NULL,26,'LOPEZ ENZO ARIEL',NULL,'2022-12-08',1,1,5,1,NULL,1,NULL,NULL,NULL,NULL,NULL,NULL,NULL,NULL,2,'44636036','20-44636036-2',2,NULL,74,NULL,1,NULL,NULL,NULL,24,24,0,0,0,0,0,NULL,1,NULL,NULL,48,298,2,2846.00,0,0.00,8.00,0.00,28,28,27,'2021-10-01','2021-10-01',NULL,NULL,NULL,NULL,7,0,2,2,2,2,50,4,1,2,1,0,1,0,0,NULL,9.6720,164.00,1,37.21,2,'1',2,'0',2,'0','0',NULL,NULL,NULL,1,'2022-12-08 11:58:27','2024-09-17 12:07:49',NULL),(68,8165,40720,0,NULL,1,'SEQUEIRA DURBAL GENECIO',NULL,NULL,NULL,NULL,NULL,NULL,NULL,NULL,NULL,NULL,NULL,NULL,NULL,NULL,NULL,NULL,6,'11907889','20-11907889-0',1,NULL,NULL,NULL,NULL,NULL,NULL,NULL,NULL,NULL,0,0,0,0,0,NULL,1,NULL,NULL,5,NULL,NULL,0.00,0,0.00,0.00,0.00,NULL,NULL,NULL,'1969-12-31','1969-12-31',NULL,NULL,NULL,NULL,NULL,0,NULL,NULL,NULL,NULL,NULL,NULL,NULL,NULL,NULL,0,0,0,0,0,0.7800,164.00,0,0.00,NULL,NULL,NULL,NULL,NULL,NULL,'0',NULL,NULL,NULL,1,'2022-12-09 14:03:58','2022-12-09 14:04:46','2022-12-09 14:04:46'),(69,8165,40720,0,NULL,2,'MARTINEZ RAMON ALBERTO',NULL,NULL,NULL,NULL,NULL,NULL,NULL,NULL,NULL,NULL,NULL,NULL,NULL,NULL,NULL,NULL,6,'12416172','20-12416172-0',1,NULL,NULL,NULL,NULL,NULL,NULL,NULL,NULL,NULL,0,0,0,0,0,NULL,1,NULL,NULL,5,NULL,NULL,0.00,0,0.00,0.00,0.00,NULL,NULL,NULL,'2022-12-09','2022-12-09',NULL,NULL,NULL,NULL,NULL,0,NULL,NULL,NULL,NULL,NULL,NULL,NULL,NULL,NULL,0,0,0,0,0,0.7800,164.00,0,0.00,NULL,NULL,NULL,NULL,NULL,NULL,'0',NULL,NULL,NULL,1,'2022-12-09 14:03:58','2022-12-09 14:04:46','2022-12-09 14:04:46'),(70,8165,40720,0,NULL,3,'RUIZ EDUARDO RAFAEL',NULL,NULL,NULL,NULL,NULL,NULL,NULL,NULL,NULL,NULL,NULL,NULL,NULL,NULL,NULL,NULL,6,'13401742','20-13401742-3',1,NULL,NULL,NULL,NULL,NULL,NULL,NULL,NULL,NULL,0,0,0,0,0,NULL,1,NULL,NULL,5,NULL,NULL,0.00,0,0.00,0.00,0.00,NULL,NULL,NULL,'2022-12-09','2022-12-09',NULL,NULL,NULL,NULL,NULL,0,NULL,NULL,NULL,NULL,NULL,NULL,NULL,NULL,NULL,0,0,0,0,0,0.7800,164.00,0,0.00,NULL,NULL,NULL,NULL,NULL,NULL,'0',NULL,NULL,NULL,1,'2022-12-09 14:03:58','2022-12-09 14:04:46','2022-12-09 14:04:46'),(71,8165,40720,0,NULL,4,'AQUINO LUIS ALBERTO',NULL,NULL,NULL,NULL,NULL,NULL,NULL,NULL,NULL,NULL,NULL,NULL,NULL,NULL,NULL,NULL,6,'14090807','20-14090807-0',1,NULL,NULL,NULL,NULL,NULL,NULL,NULL,NULL,NULL,0,0,0,0,0,NULL,1,NULL,NULL,5,NULL,NULL,0.00,0,0.00,0.00,0.00,NULL,NULL,NULL,'2022-12-09','2022-12-09',NULL,NULL,NULL,NULL,NULL,0,NULL,NULL,NULL,NULL,NULL,NULL,NULL,NULL,NULL,0,0,0,0,0,0.7800,164.00,0,0.00,NULL,NULL,NULL,NULL,NULL,NULL,'0',NULL,NULL,NULL,1,'2022-12-09 14:03:58','2022-12-09 14:04:46','2022-12-09 14:04:46'),(72,8165,40720,0,NULL,5,'CENTENO HECTOR HUGO',NULL,NULL,NULL,NULL,NULL,NULL,NULL,NULL,NULL,NULL,NULL,NULL,NULL,NULL,NULL,NULL,6,'14222445','20-14222445-4',1,NULL,NULL,NULL,NULL,NULL,NULL,NULL,NULL,NULL,0,0,0,0,0,NULL,1,NULL,NULL,5,NULL,NULL,0.00,0,0.00,0.00,0.00,NULL,NULL,NULL,'2022-12-09','2022-12-09',NULL,NULL,NULL,NULL,NULL,0,NULL,NULL,NULL,NULL,NULL,NULL,NULL,NULL,NULL,0,0,0,0,0,0.7800,164.00,0,0.00,NULL,NULL,NULL,NULL,NULL,NULL,'0',NULL,NULL,NULL,1,'2022-12-09 14:03:58','2022-12-09 14:04:46','2022-12-09 14:04:46');
INSERT INTO `syj_empleados` VALUES (73,8165,40720,0,NULL,6,'MARQUEZ GUILLERMO DANIEL',NULL,NULL,NULL,NULL,NULL,NULL,NULL,NULL,NULL,NULL,NULL,NULL,NULL,NULL,NULL,NULL,6,'14643543','20-14643543-3',1,NULL,NULL,NULL,NULL,NULL,NULL,NULL,NULL,NULL,0,0,0,0,0,NULL,1,NULL,NULL,5,NULL,NULL,0.00,0,0.00,0.00,0.00,NULL,NULL,NULL,'2022-04-01','2022-04-01',NULL,NULL,NULL,NULL,NULL,0,NULL,NULL,NULL,NULL,NULL,NULL,NULL,NULL,NULL,0,0,0,0,0,0.7800,164.00,0,0.00,NULL,NULL,NULL,NULL,NULL,NULL,'0',NULL,NULL,NULL,1,'2022-12-09 14:03:58','2022-12-09 14:04:46','2022-12-09 14:04:46'),(74,8165,40720,0,NULL,7,'SANCHEZ RUBEN',NULL,NULL,NULL,NULL,NULL,NULL,NULL,NULL,NULL,NULL,NULL,NULL,NULL,NULL,NULL,NULL,6,'14692371','20-14692371-3',1,NULL,NULL,NULL,NULL,NULL,NULL,NULL,NULL,NULL,0,0,0,0,0,NULL,1,NULL,NULL,5,NULL,NULL,0.00,0,0.00,0.00,0.00,NULL,NULL,NULL,'2022-12-09','2022-12-09',NULL,NULL,NULL,NULL,NULL,0,NULL,NULL,NULL,NULL,NULL,NULL,NULL,NULL,NULL,0,0,0,0,0,0.7800,164.00,0,0.00,NULL,NULL,NULL,NULL,NULL,NULL,'0',NULL,NULL,NULL,1,'2022-12-09 14:03:58','2022-12-09 14:04:46','2022-12-09 14:04:46'),(75,8165,40720,0,NULL,8,'CASTELLANO LUIS CARLOS',NULL,NULL,NULL,NULL,NULL,NULL,NULL,NULL,NULL,NULL,NULL,NULL,NULL,NULL,NULL,NULL,6,'14810628','20-14810628-3',1,NULL,NULL,NULL,NULL,NULL,NULL,NULL,NULL,NULL,0,0,0,0,0,NULL,1,NULL,NULL,5,NULL,NULL,0.00,0,0.00,0.00,0.00,NULL,NULL,NULL,'1969-12-31','1969-12-31',NULL,NULL,NULL,NULL,NULL,0,NULL,NULL,NULL,NULL,NULL,NULL,NULL,NULL,NULL,0,0,0,0,0,0.7800,164.00,0,0.00,NULL,NULL,NULL,NULL,NULL,NULL,'0',NULL,NULL,NULL,1,'2022-12-09 14:03:58','2022-12-09 14:04:46','2022-12-09 14:04:46'),(76,8165,40720,0,NULL,9,'CAMPANA LUIS ALBERTO',NULL,NULL,NULL,NULL,NULL,NULL,NULL,NULL,NULL,NULL,NULL,NULL,NULL,NULL,NULL,NULL,6,'16397824','20-16397824-6',1,NULL,NULL,NULL,NULL,NULL,NULL,NULL,NULL,NULL,0,0,0,0,0,NULL,1,NULL,NULL,5,NULL,NULL,0.00,0,0.00,0.00,0.00,NULL,NULL,NULL,'1969-12-31','1969-12-31',NULL,NULL,NULL,NULL,NULL,0,NULL,NULL,NULL,NULL,NULL,NULL,NULL,NULL,NULL,0,0,0,0,0,0.7800,164.00,0,0.00,NULL,NULL,NULL,NULL,NULL,NULL,'0',NULL,NULL,NULL,1,'2022-12-09 14:03:58','2022-12-09 14:04:46','2022-12-09 14:04:46'),(77,8165,40720,0,NULL,10,'CAMBON OMAR ENRIQUE',NULL,NULL,NULL,NULL,NULL,NULL,NULL,NULL,NULL,NULL,NULL,NULL,NULL,NULL,NULL,NULL,6,'16485698','20-16485698-5',1,NULL,NULL,NULL,NULL,NULL,NULL,NULL,NULL,NULL,0,0,0,0,0,NULL,1,NULL,NULL,5,NULL,NULL,0.00,0,0.00,0.00,0.00,NULL,NULL,NULL,'1969-12-31','1969-12-31',NULL,NULL,NULL,NULL,NULL,0,NULL,NULL,NULL,NULL,NULL,NULL,NULL,NULL,NULL,0,0,0,0,0,0.7800,164.00,0,0.00,NULL,NULL,NULL,NULL,NULL,NULL,'0',NULL,NULL,NULL,1,'2022-12-09 14:03:58','2022-12-09 14:04:46','2022-12-09 14:04:46'),(78,8165,40720,0,NULL,11,'ERITIER JORGE ALBERTO',NULL,NULL,NULL,NULL,NULL,NULL,NULL,NULL,NULL,NULL,NULL,NULL,NULL,NULL,NULL,NULL,6,'16533136','20-16533136-3',1,NULL,NULL,NULL,NULL,NULL,NULL,NULL,NULL,NULL,0,0,0,0,0,NULL,1,NULL,NULL,5,NULL,NULL,0.00,0,0.00,0.00,0.00,NULL,NULL,NULL,'1969-12-31','1969-12-31',NULL,NULL,NULL,NULL,NULL,0,NULL,NULL,NULL,NULL,NULL,NULL,NULL,NULL,NULL,0,0,0,0,0,0.7800,164.00,0,0.00,NULL,NULL,NULL,NULL,NULL,NULL,'0',NULL,NULL,NULL,1,'2022-12-09 14:03:58','2022-12-09 14:04:46','2022-12-09 14:04:46'),(79,8165,40720,0,NULL,12,'OCARANZA GUSTAVO MIGUEL',NULL,NULL,NULL,NULL,NULL,NULL,NULL,NULL,NULL,NULL,NULL,NULL,NULL,NULL,NULL,NULL,6,'17153917','20-17153917-0',1,NULL,NULL,NULL,NULL,NULL,NULL,NULL,NULL,NULL,0,0,0,0,0,NULL,1,NULL,NULL,5,NULL,NULL,0.00,0,0.00,0.00,0.00,NULL,NULL,NULL,'2022-12-09','2022-12-09',NULL,NULL,NULL,NULL,NULL,0,NULL,NULL,NULL,NULL,NULL,NULL,NULL,NULL,NULL,0,0,0,0,0,0.7800,164.00,0,0.00,NULL,NULL,NULL,NULL,NULL,NULL,'0',NULL,NULL,NULL,1,'2022-12-09 14:03:58','2022-12-09 14:04:46','2022-12-09 14:04:46');
INSERT INTO `syj_empleados` VALUES (80,8165,40720,0,NULL,13,'AMAYA JOSE DANIEL',NULL,NULL,NULL,NULL,NULL,NULL,NULL,NULL,NULL,NULL,NULL,NULL,NULL,NULL,NULL,NULL,6,'17331502','20-17331502-4',1,NULL,NULL,NULL,NULL,NULL,NULL,NULL,NULL,NULL,0,0,0,0,0,NULL,1,NULL,NULL,5,NULL,NULL,0.00,0,0.00,0.00,0.00,NULL,NULL,NULL,'2022-12-09','2022-12-09',NULL,NULL,NULL,NULL,NULL,0,NULL,NULL,NULL,NULL,NULL,NULL,NULL,NULL,NULL,0,0,0,0,0,0.7800,164.00,0,0.00,NULL,NULL,NULL,NULL,NULL,NULL,'0',NULL,NULL,NULL,1,'2022-12-09 14:03:58','2022-12-09 14:04:46','2022-12-09 14:04:46'),(81,8165,40720,0,NULL,14,'HASSAN HECTOR EDUARDO',NULL,NULL,NULL,NULL,NULL,NULL,NULL,NULL,NULL,NULL,NULL,NULL,NULL,NULL,NULL,NULL,6,'20003398','20-20003398-2',1,NULL,NULL,NULL,NULL,NULL,NULL,NULL,NULL,NULL,0,0,0,0,0,NULL,1,NULL,NULL,5,NULL,NULL,0.00,0,0.00,0.00,0.00,NULL,NULL,NULL,'2022-12-09','2022-12-09',NULL,NULL,NULL,NULL,NULL,0,NULL,NULL,NULL,NULL,NULL,NULL,NULL,NULL,NULL,0,0,0,0,0,0.7800,164.00,0,0.00,NULL,NULL,NULL,NULL,NULL,NULL,'0',NULL,NULL,NULL,1,'2022-12-09 14:03:58','2022-12-09 14:04:46','2022-12-09 14:04:46'),(82,8165,40720,0,NULL,15,'VARELA JORGE FERNANDO',NULL,NULL,NULL,NULL,NULL,NULL,NULL,NULL,NULL,NULL,NULL,NULL,NULL,NULL,NULL,NULL,6,'20698002','20-20698002-9',1,NULL,NULL,NULL,NULL,NULL,NULL,NULL,NULL,NULL,0,0,0,0,0,NULL,1,NULL,NULL,5,NULL,NULL,0.00,0,0.00,0.00,0.00,NULL,NULL,NULL,'2022-12-09','2022-12-09',NULL,NULL,NULL,NULL,NULL,0,NULL,NULL,NULL,NULL,NULL,NULL,NULL,NULL,NULL,0,0,0,0,0,0.7800,164.00,0,0.00,NULL,NULL,NULL,NULL,NULL,NULL,'0',NULL,NULL,NULL,1,'2022-12-09 14:03:58','2022-12-09 14:04:46','2022-12-09 14:04:46'),(83,8165,40720,0,NULL,16,'GALEANO JOSE VICENTE',NULL,NULL,NULL,NULL,NULL,NULL,NULL,NULL,NULL,NULL,NULL,NULL,NULL,NULL,NULL,NULL,6,'21605497','20-21605497-1',1,NULL,NULL,NULL,NULL,NULL,NULL,NULL,NULL,NULL,0,0,0,0,0,NULL,1,NULL,NULL,5,NULL,NULL,0.00,0,0.00,0.00,0.00,NULL,NULL,NULL,'1969-12-31','1969-12-31',NULL,NULL,NULL,NULL,NULL,0,NULL,NULL,NULL,NULL,NULL,NULL,NULL,NULL,NULL,0,0,0,0,0,0.7800,164.00,0,0.00,NULL,NULL,NULL,NULL,NULL,NULL,'0',NULL,NULL,NULL,1,'2022-12-09 14:03:58','2022-12-09 14:04:46','2022-12-09 14:04:46'),(84,8165,40720,0,NULL,17,'MARTINETTI ALEJANDRO MARTIN',NULL,NULL,NULL,NULL,NULL,NULL,NULL,NULL,NULL,NULL,NULL,NULL,NULL,NULL,NULL,NULL,6,'24106235','20-24106235-0',1,NULL,NULL,NULL,NULL,NULL,NULL,NULL,NULL,NULL,0,0,0,0,0,NULL,1,NULL,NULL,5,NULL,NULL,0.00,0,0.00,0.00,0.00,NULL,NULL,NULL,'2022-12-09','2022-12-09',NULL,NULL,NULL,NULL,NULL,0,NULL,NULL,NULL,NULL,NULL,NULL,NULL,NULL,NULL,0,0,0,0,0,0.7800,164.00,0,0.00,NULL,NULL,NULL,NULL,NULL,NULL,'0',NULL,NULL,NULL,1,'2022-12-09 14:03:58','2022-12-09 14:04:46','2022-12-09 14:04:46'),(85,8165,40720,0,NULL,18,'RUBIO CARLOS GABRIEL',NULL,NULL,NULL,NULL,NULL,NULL,NULL,NULL,NULL,NULL,NULL,NULL,NULL,NULL,NULL,NULL,6,'25148354','20-25148354-0',1,NULL,NULL,NULL,NULL,NULL,NULL,NULL,NULL,NULL,0,0,0,0,0,NULL,1,NULL,NULL,5,NULL,NULL,0.00,0,0.00,0.00,0.00,NULL,NULL,NULL,'1969-12-31','1969-12-31',NULL,NULL,NULL,NULL,NULL,0,NULL,NULL,NULL,NULL,NULL,NULL,NULL,NULL,NULL,0,0,0,0,0,0.7800,164.00,0,0.00,NULL,NULL,NULL,NULL,NULL,NULL,'0',NULL,NULL,NULL,1,'2022-12-09 14:03:58','2022-12-09 14:04:46','2022-12-09 14:04:46'),(86,8165,40720,0,NULL,19,'VOTO CRISTIAN DAMIAN',NULL,NULL,NULL,NULL,NULL,NULL,NULL,NULL,NULL,NULL,NULL,NULL,NULL,NULL,NULL,NULL,6,'26917710','20-26917710-2',1,NULL,NULL,NULL,NULL,NULL,NULL,NULL,NULL,NULL,0,0,0,0,0,NULL,1,NULL,NULL,5,NULL,NULL,0.00,0,0.00,0.00,0.00,NULL,NULL,NULL,'2022-12-09','2022-12-09',NULL,NULL,NULL,NULL,NULL,0,NULL,NULL,NULL,NULL,NULL,NULL,NULL,NULL,NULL,0,0,0,0,0,0.7800,164.00,0,0.00,NULL,NULL,NULL,NULL,NULL,NULL,'0',NULL,NULL,NULL,1,'2022-12-09 14:03:58','2022-12-09 14:04:46','2022-12-09 14:04:46');
INSERT INTO `syj_empleados` VALUES (87,8165,40720,0,NULL,20,'FORTE ANTONIO',NULL,NULL,NULL,NULL,NULL,NULL,NULL,NULL,NULL,NULL,NULL,NULL,NULL,NULL,NULL,NULL,6,'27225251','20-27225251-4',1,NULL,NULL,NULL,NULL,NULL,NULL,NULL,NULL,NULL,0,0,0,0,0,NULL,1,NULL,NULL,5,NULL,NULL,0.00,0,0.00,0.00,0.00,NULL,NULL,NULL,'1969-12-31','1969-12-31',NULL,NULL,NULL,NULL,NULL,0,NULL,NULL,NULL,NULL,NULL,NULL,NULL,NULL,NULL,0,0,0,0,0,0.7800,164.00,0,0.00,NULL,NULL,NULL,NULL,NULL,NULL,'0',NULL,NULL,NULL,1,'2022-12-09 14:03:58','2022-12-09 14:04:46','2022-12-09 14:04:46'),(88,8165,40720,0,NULL,21,'GAHLENBECK PABLO ADRIAN',NULL,NULL,NULL,NULL,NULL,NULL,NULL,NULL,NULL,NULL,NULL,NULL,NULL,NULL,NULL,NULL,6,'28364582','20-28364582-8',1,NULL,NULL,NULL,NULL,NULL,NULL,NULL,NULL,NULL,0,0,0,0,0,NULL,1,NULL,NULL,5,NULL,NULL,0.00,0,0.00,0.00,0.00,NULL,NULL,NULL,'1969-12-31','1969-12-31',NULL,NULL,NULL,NULL,NULL,0,NULL,NULL,NULL,NULL,NULL,NULL,NULL,NULL,NULL,0,0,0,0,0,0.7800,164.00,0,0.00,NULL,NULL,NULL,NULL,NULL,NULL,'0',NULL,NULL,NULL,1,'2022-12-09 14:03:58','2022-12-09 14:04:46','2022-12-09 14:04:46'),(89,8165,40720,0,NULL,22,'QUIROZ JUAN PABLO',NULL,NULL,NULL,NULL,NULL,NULL,NULL,NULL,NULL,NULL,NULL,NULL,NULL,NULL,NULL,NULL,6,'28644687','20-28644687-7',1,NULL,NULL,NULL,NULL,NULL,NULL,NULL,NULL,NULL,0,0,0,0,0,NULL,1,NULL,NULL,5,NULL,NULL,0.00,0,0.00,0.00,0.00,NULL,NULL,NULL,'1969-12-31','1969-12-31',NULL,NULL,NULL,NULL,NULL,0,NULL,NULL,NULL,NULL,NULL,NULL,NULL,NULL,NULL,0,0,0,0,0,0.7800,164.00,0,0.00,NULL,NULL,NULL,NULL,NULL,NULL,'0',NULL,NULL,NULL,1,'2022-12-09 14:03:58','2022-12-09 14:04:46','2022-12-09 14:04:46'),(90,8165,40720,0,NULL,23,'CORRADI MARTIN LEONARDO',NULL,NULL,NULL,NULL,NULL,NULL,NULL,NULL,NULL,NULL,NULL,NULL,NULL,NULL,NULL,NULL,6,'28864669','20-28864669-5',1,NULL,NULL,NULL,NULL,NULL,NULL,NULL,NULL,NULL,0,0,0,0,0,NULL,1,NULL,NULL,5,NULL,NULL,0.00,0,0.00,0.00,0.00,NULL,NULL,NULL,'1969-12-31','1969-12-31',NULL,NULL,NULL,NULL,NULL,0,NULL,NULL,NULL,NULL,NULL,NULL,NULL,NULL,NULL,0,0,0,0,0,0.7800,164.00,0,0.00,NULL,NULL,NULL,NULL,NULL,NULL,'0',NULL,NULL,NULL,1,'2022-12-09 14:03:58','2022-12-09 14:04:46','2022-12-09 14:04:46'),(91,8165,40720,0,NULL,24,'MARISCOTTI PABLO ESTEBAN',NULL,NULL,NULL,NULL,NULL,NULL,NULL,NULL,NULL,NULL,NULL,NULL,NULL,NULL,NULL,NULL,6,'29160568','20-29160568-1',1,NULL,NULL,NULL,NULL,NULL,NULL,NULL,NULL,NULL,0,0,0,0,0,NULL,1,NULL,NULL,5,NULL,NULL,0.00,0,0.00,0.00,0.00,NULL,NULL,NULL,'1969-12-31','1969-12-31',NULL,NULL,NULL,NULL,NULL,0,NULL,NULL,NULL,NULL,NULL,NULL,NULL,NULL,NULL,0,0,0,0,0,0.7800,164.00,0,0.00,NULL,NULL,NULL,NULL,NULL,NULL,'0',NULL,NULL,NULL,1,'2022-12-09 14:03:58','2022-12-09 14:04:46','2022-12-09 14:04:46'),(92,8165,40720,0,NULL,25,'FRANCHINI CRISTIAN DANIEL',NULL,NULL,NULL,NULL,NULL,NULL,NULL,NULL,NULL,NULL,NULL,NULL,NULL,NULL,NULL,NULL,6,'29364940','20-29364940-6',1,NULL,NULL,NULL,NULL,NULL,NULL,NULL,NULL,NULL,0,0,0,0,0,NULL,1,NULL,NULL,5,NULL,NULL,0.00,0,0.00,0.00,0.00,NULL,NULL,NULL,'1969-12-31','1969-12-31',NULL,NULL,NULL,NULL,NULL,0,NULL,NULL,NULL,NULL,NULL,NULL,NULL,NULL,NULL,0,0,0,0,0,0.7800,164.00,0,0.00,NULL,NULL,NULL,NULL,NULL,NULL,'0',NULL,NULL,NULL,1,'2022-12-09 14:03:58','2022-12-09 14:04:46','2022-12-09 14:04:46'),(93,8165,40720,0,NULL,26,'PEREYRA CRISTIAN ALBERTO',NULL,NULL,NULL,NULL,NULL,NULL,NULL,NULL,NULL,NULL,NULL,NULL,NULL,NULL,NULL,NULL,6,'29865220','20-29865220-0',1,NULL,NULL,NULL,NULL,NULL,NULL,NULL,NULL,NULL,0,0,0,0,0,NULL,1,NULL,NULL,5,NULL,NULL,0.00,0,0.00,0.00,0.00,NULL,NULL,NULL,'2022-12-09','2022-12-09',NULL,NULL,NULL,NULL,NULL,0,NULL,NULL,NULL,NULL,NULL,NULL,NULL,NULL,NULL,0,0,0,0,0,0.7800,164.00,0,0.00,NULL,NULL,NULL,NULL,NULL,NULL,'0',NULL,NULL,NULL,1,'2022-12-09 14:03:58','2022-12-09 14:04:46','2022-12-09 14:04:46');
INSERT INTO `syj_empleados` VALUES (94,8165,40720,0,NULL,27,'QUIROZ JONATAN EMANUEL',NULL,NULL,NULL,NULL,NULL,NULL,NULL,NULL,NULL,NULL,NULL,NULL,NULL,NULL,NULL,NULL,6,'33368504','20-33368504-4',1,NULL,NULL,NULL,NULL,NULL,NULL,NULL,NULL,NULL,0,0,0,0,0,NULL,1,NULL,NULL,5,NULL,NULL,0.00,0,0.00,0.00,0.00,NULL,NULL,NULL,'1969-12-31','1969-12-31',NULL,NULL,NULL,NULL,NULL,0,NULL,NULL,NULL,NULL,NULL,NULL,NULL,NULL,NULL,0,0,0,0,0,0.7800,164.00,0,0.00,NULL,NULL,NULL,NULL,NULL,NULL,'0',NULL,NULL,NULL,1,'2022-12-09 14:03:58','2022-12-09 14:04:46','2022-12-09 14:04:46'),(95,8165,40720,0,NULL,28,'GIANNETTINO HUGO HERNAN',NULL,NULL,NULL,NULL,NULL,NULL,NULL,NULL,NULL,NULL,NULL,NULL,NULL,NULL,NULL,NULL,6,'35183201','20-35183201-1',1,NULL,NULL,NULL,NULL,NULL,NULL,NULL,NULL,NULL,0,0,0,0,0,NULL,1,NULL,NULL,5,NULL,NULL,0.00,0,0.00,0.00,0.00,NULL,NULL,NULL,'1969-12-31','1969-12-31',NULL,NULL,NULL,NULL,NULL,0,NULL,NULL,NULL,NULL,NULL,NULL,NULL,NULL,NULL,0,0,0,0,0,0.7800,164.00,0,0.00,NULL,NULL,NULL,NULL,NULL,NULL,'0',NULL,NULL,NULL,1,'2022-12-09 14:03:58','2022-12-09 14:04:46','2022-12-09 14:04:46'),(96,8165,40720,0,NULL,29,'LUGONEZ SERGIO LEANDRO',NULL,NULL,NULL,NULL,NULL,NULL,NULL,NULL,NULL,NULL,NULL,NULL,NULL,NULL,NULL,NULL,6,'35863874','20-35863874-1',1,NULL,NULL,NULL,NULL,NULL,NULL,NULL,NULL,NULL,0,0,0,0,0,NULL,1,NULL,NULL,5,NULL,NULL,0.00,0,0.00,0.00,0.00,NULL,NULL,NULL,'1969-12-31','1969-12-31',NULL,NULL,NULL,NULL,NULL,0,NULL,NULL,NULL,NULL,NULL,NULL,NULL,NULL,NULL,0,0,0,0,0,0.7800,164.00,0,0.00,NULL,NULL,NULL,NULL,NULL,NULL,'0',NULL,NULL,NULL,1,'2022-12-09 14:03:58','2022-12-09 14:04:46','2022-12-09 14:04:46'),(97,8165,40720,0,NULL,30,'IGLESIAS MARIANO HERNAN',NULL,NULL,NULL,NULL,NULL,NULL,NULL,NULL,NULL,NULL,NULL,NULL,NULL,NULL,NULL,NULL,6,'37941327','20-37941327-8',1,NULL,NULL,NULL,NULL,NULL,NULL,NULL,NULL,NULL,0,0,0,0,0,NULL,1,NULL,NULL,5,NULL,NULL,0.00,0,0.00,0.00,0.00,NULL,NULL,NULL,'2022-12-09','2022-12-09',NULL,NULL,NULL,NULL,NULL,0,NULL,NULL,NULL,NULL,NULL,NULL,NULL,NULL,NULL,0,0,0,0,0,0.7800,164.00,0,0.00,NULL,NULL,NULL,NULL,NULL,NULL,'0',NULL,NULL,NULL,1,'2022-12-09 14:03:58','2022-12-09 14:04:46','2022-12-09 14:04:46'),(98,8165,40720,0,NULL,1,'ALVAREZ MARCELA ALEJANDRA',NULL,'1991-01-01',2,1,5,1,NULL,1,NULL,NULL,NULL,NULL,NULL,NULL,NULL,NULL,2,'20013005','27-20013005-2',1,NULL,358,358,1,NULL,NULL,NULL,25,25,0,0,0,0,0,NULL,1,NULL,NULL,43,313,1,211612.66,0,0.00,8.00,0.00,36,37,36,'2011-10-01','2011-10-01',NULL,NULL,NULL,NULL,NULL,0,2,2,2,2,121,4,1,1,1,0,0,0,0,0,0.7800,164.00,0,37.21,2,'1',2,'0',2,'0','0',NULL,NULL,NULL,1,'2022-12-11 23:54:16','2023-04-26 00:38:14',NULL),(99,8165,40720,0,NULL,6,'AQUINO LUIS ALBERTO',NULL,'1991-01-01',1,1,5,1,NULL,1,NULL,NULL,NULL,NULL,NULL,NULL,NULL,NULL,2,'14090807','20-14090807-0',1,NULL,182,182,1,NULL,NULL,NULL,25,25,0,0,0,0,0,NULL,1,NULL,NULL,36,301,1,249590.91,0,0.00,8.00,0.00,29,32,29,'2013-05-13','2013-05-13',NULL,NULL,NULL,NULL,NULL,0,2,2,2,2,121,4,1,1,1,0,0,0,0,0,0.7800,164.00,0,37.21,2,'1',2,'0',2,'0','0',NULL,NULL,NULL,1,'2022-12-11 23:54:16','2023-04-25 21:22:02',NULL),(100,8165,40720,0,NULL,8,'CAMPANA LUIS ALBERTO',NULL,'1991-01-01',1,1,5,1,NULL,1,NULL,NULL,NULL,NULL,NULL,NULL,NULL,NULL,2,'16397824','20-16397824-6',1,NULL,182,182,1,NULL,NULL,NULL,25,25,0,0,0,0,0,NULL,1,NULL,NULL,36,302,1,198009.52,0,0.00,8.00,0.00,29,31,29,'2013-05-13','2013-05-13',NULL,NULL,NULL,NULL,NULL,0,2,2,2,2,121,4,1,1,1,0,0,0,0,0,0.7800,164.00,0,37.21,2,'1',2,'0',2,'0','0',NULL,NULL,NULL,1,'2022-12-11 23:54:16','2023-04-21 09:51:04',NULL),(101,8165,40720,0,NULL,9,'MARTINEZ RAMON ALBERTO',NULL,'1991-01-01',1,1,5,1,NULL,1,NULL,NULL,NULL,NULL,NULL,NULL,NULL,NULL,2,'12416172','20-12416172-0',1,NULL,182,182,1,NULL,NULL,NULL,25,25,0,0,0,0,0,NULL,1,NULL,NULL,36,302,1,198009.52,0,0.00,8.00,0.00,29,36,29,'2013-06-01','2013-06-01',NULL,NULL,NULL,NULL,NULL,0,2,2,2,2,121,4,1,1,1,0,0,0,0,0,0.7800,164.00,0,37.21,2,'1',2,'0',2,'0','0',NULL,NULL,NULL,1,'2022-12-11 23:54:16','2023-04-25 21:23:10',NULL);
INSERT INTO `syj_empleados` VALUES (102,8165,40720,0,NULL,10,'RUIZ EDUARDO RAFAEL',NULL,'1991-01-01',1,1,5,1,NULL,1,NULL,NULL,NULL,NULL,NULL,NULL,NULL,NULL,2,'13401742','20-13401742-3',1,NULL,182,182,1,NULL,NULL,NULL,25,25,0,0,0,0,0,NULL,1,NULL,NULL,36,301,1,249590.91,0,0.00,8.00,0.00,29,32,29,'2013-06-01','2013-06-01',NULL,NULL,NULL,NULL,NULL,0,2,2,2,2,121,4,1,1,1,0,0,0,0,0,0.7800,164.00,0,37.21,2,'1',2,'0',2,'0','0',NULL,NULL,NULL,1,'2022-12-11 23:54:16','2023-04-25 21:19:10',NULL),(103,8165,40720,0,NULL,11,'SANCHEZ RUBEN',NULL,'1991-01-01',1,1,5,1,NULL,1,NULL,NULL,NULL,NULL,NULL,NULL,NULL,NULL,2,'14692371','20-14692371-3',1,NULL,182,182,1,NULL,NULL,NULL,25,25,0,0,0,0,0,NULL,1,NULL,NULL,36,302,1,198009.52,0,0.00,8.00,0.00,29,31,29,'2013-06-01','2013-06-01',NULL,NULL,NULL,NULL,NULL,0,2,2,2,2,121,4,1,1,1,0,0,0,0,0,0.7800,164.00,0,37.21,2,'1',2,'0',2,'0','0',NULL,NULL,NULL,1,'2022-12-11 23:54:16','2023-04-25 21:22:55',NULL),(104,8165,40720,0,NULL,12,'AMAYA JOSE DANIEL',NULL,'1991-01-01',1,1,5,1,NULL,1,NULL,NULL,NULL,NULL,NULL,NULL,NULL,NULL,2,'17331502','20-17331502-4',1,NULL,388,388,1,NULL,NULL,NULL,25,25,0,0,0,0,0,NULL,1,NULL,NULL,36,301,1,249590.91,0,0.00,8.00,0.00,29,32,29,'2013-06-01','2013-06-01',NULL,NULL,NULL,NULL,NULL,0,2,2,2,2,121,4,1,1,1,0,0,0,0,0,0.7800,164.00,0,37.21,2,'1',2,'0',2,'0','0',NULL,NULL,NULL,1,'2022-12-11 23:54:16','2023-04-25 21:21:20',NULL),(105,8165,40720,0,NULL,15,'CURULLA SOLANGE',NULL,'1991-01-01',2,1,5,1,NULL,1,NULL,NULL,NULL,NULL,NULL,NULL,NULL,NULL,2,'25641492','27-25641492-4',1,NULL,2,2,1,NULL,NULL,NULL,25,25,0,0,0,0,0,NULL,1,NULL,NULL,43,311,1,400000.00,0,0.00,8.00,0.00,34,34,34,'2015-09-01','2015-09-01',NULL,NULL,NULL,NULL,NULL,0,2,2,2,2,121,4,1,1,1,0,0,0,0,0,0.7800,164.00,0,37.21,2,'1',2,'0',2,'0','0',NULL,NULL,NULL,1,'2022-12-11 23:54:16','2023-04-25 21:25:55',NULL),(106,8165,40720,0,NULL,17,'STOIOVICH ALEJANDRO',NULL,'1991-01-01',1,1,5,1,NULL,1,NULL,NULL,NULL,NULL,NULL,NULL,NULL,NULL,2,'8424766','23-08424766-9',1,NULL,2,2,1,NULL,NULL,NULL,25,25,0,0,0,0,0,NULL,1,NULL,NULL,43,321,1,76229.88,0,0.00,8.00,0.00,35,40,35,'2016-06-01','2016-06-01',NULL,NULL,NULL,NULL,NULL,0,2,2,2,2,121,4,1,1,1,0,0,0,0,0,0.7800,164.00,0,37.21,2,'1',2,'0',2,'0','0',NULL,NULL,NULL,1,'2022-12-11 23:54:16','2023-04-26 00:39:12',NULL),(107,8165,40720,0,NULL,21,'VOTO CRISTIAN DAMIAN',NULL,'1991-01-01',1,1,5,1,NULL,1,NULL,NULL,NULL,NULL,NULL,NULL,NULL,NULL,2,'26917710','20-26917710-2',1,NULL,182,182,1,NULL,NULL,NULL,25,25,0,0,0,0,0,NULL,1,NULL,NULL,36,302,1,198009.52,0,0.00,8.00,0.00,29,31,29,'2016-08-08','2016-08-08',NULL,NULL,NULL,NULL,NULL,0,2,2,2,2,121,4,1,1,1,0,0,0,0,0,0.7800,164.00,0,37.21,2,'1',2,'0',2,'0','0',NULL,NULL,NULL,1,'2022-12-11 23:54:16','2023-04-21 11:09:11',NULL),(108,8165,40720,0,NULL,22,'CORRADI MARTIN LEONARDO',NULL,'1991-01-01',1,1,5,1,NULL,1,NULL,NULL,NULL,NULL,NULL,NULL,NULL,NULL,2,'28864669','20-28864669-5',1,NULL,129,129,1,NULL,NULL,NULL,25,25,0,0,0,0,0,NULL,1,NULL,NULL,36,302,1,198009.52,0,0.00,8.00,0.00,29,31,29,'2016-12-01','2016-12-01',NULL,NULL,NULL,NULL,NULL,0,2,2,2,2,121,4,1,1,1,0,0,0,0,0,0.7800,164.00,0,37.21,2,'1',2,'0',2,'0','0',NULL,NULL,NULL,1,'2022-12-11 23:54:16','2023-04-21 09:51:04',NULL),(109,8165,40720,0,NULL,23,'CENTENO HECTOR HUGO',NULL,'1991-01-01',1,1,5,1,NULL,1,NULL,NULL,NULL,NULL,NULL,NULL,NULL,NULL,2,'14222445','20-14222445-4',1,NULL,182,182,1,NULL,NULL,NULL,25,25,1,0,0,0,0,NULL,1,NULL,NULL,36,302,1,198009.52,0,0.00,8.00,0.00,29,36,29,'2017-01-02','2017-01-02',NULL,NULL,NULL,NULL,NULL,0,2,2,2,2,121,4,1,1,1,0,0,0,0,0,0.7800,164.00,0,37.21,2,'1',2,'0',2,'0','0',NULL,NULL,NULL,1,'2022-12-11 23:54:16','2023-04-25 21:20:24',NULL);
INSERT INTO `syj_empleados` VALUES (110,8165,40720,0,NULL,24,'TORREZ NANCY ADRIANA',NULL,'1991-01-01',2,1,5,1,NULL,1,NULL,NULL,NULL,NULL,NULL,NULL,NULL,NULL,2,'28916149','27-28916149-5',1,NULL,182,182,1,NULL,NULL,NULL,25,25,1,0,0,0,0,NULL,1,NULL,NULL,36,307,1,156672.16,0,0.00,8.00,0.00,33,39,33,'2017-01-10','2017-01-10',NULL,NULL,NULL,NULL,NULL,0,2,2,2,2,121,4,1,1,1,0,0,0,0,0,0.7800,164.00,0,37.21,2,'1',2,'0',2,'0','0',NULL,NULL,NULL,1,'2022-12-11 23:54:16','2023-04-25 21:24:27',NULL),(111,8165,40720,0,NULL,26,'QUIROZ JONATAN EMANUEL',NULL,'1991-01-01',1,1,5,1,NULL,1,NULL,NULL,NULL,NULL,NULL,NULL,NULL,NULL,2,'33368504','20-33368504-4',1,NULL,182,182,1,NULL,NULL,NULL,25,25,0,0,0,0,0,NULL,1,NULL,NULL,36,302,1,198009.52,0,0.00,8.00,0.00,29,42,29,'2017-01-01','2017-01-01',NULL,NULL,NULL,NULL,NULL,0,2,2,2,2,121,4,1,1,1,0,0,0,0,0,0.7800,164.00,0,37.21,2,'1',2,'0',2,'0','0',NULL,NULL,NULL,1,'2022-12-11 23:54:16','2023-04-21 09:51:04',NULL),(112,8165,40720,0,NULL,30,'DEFAZY MICAELA DENISE',NULL,'1991-01-01',2,1,5,1,NULL,1,NULL,NULL,NULL,NULL,NULL,NULL,NULL,NULL,2,'40856977','27-40856977-5',1,NULL,182,182,1,NULL,NULL,NULL,25,25,1,0,0,0,0,NULL,1,NULL,NULL,36,302,1,198009.52,0,0.00,8.00,0.00,29,33,29,'2015-11-02','2015-11-02',NULL,NULL,NULL,NULL,NULL,0,2,2,2,2,121,4,1,1,1,0,0,0,0,0,0.7800,164.00,0,37.21,2,'1',2,'0',2,'0','0',NULL,NULL,NULL,1,'2022-12-11 23:54:16','2023-04-21 11:11:52',NULL),(113,8165,40720,0,NULL,31,'DURBAL GENECIO SEQUEIRA',NULL,'1991-01-01',1,1,5,1,NULL,1,NULL,NULL,NULL,NULL,NULL,NULL,NULL,NULL,2,'11907889','20-11907889-0',1,NULL,2,2,1,NULL,NULL,NULL,25,25,0,0,0,0,0,NULL,1,NULL,NULL,36,308,1,78336.08,0,0.00,4.00,0.00,33,41,33,'2017-02-21','2017-02-21',NULL,NULL,NULL,NULL,NULL,0,2,2,2,2,121,4,1,1,1,0,0,0,0,0,0.7800,164.00,0,37.21,2,'1',2,'0',2,'0','0',NULL,NULL,NULL,1,'2022-12-11 23:54:16','2023-04-21 10:53:30',NULL),(114,8165,40720,0,NULL,35,'LINARI LORENA RAQUEL',NULL,'1991-01-01',2,1,5,1,NULL,1,NULL,NULL,NULL,NULL,NULL,NULL,NULL,NULL,2,'28176054','27-28176054-3',1,NULL,27,27,1,NULL,NULL,NULL,25,25,0,0,0,0,0,NULL,1,NULL,NULL,36,304,1,191446.59,0,0.00,8.00,0.00,30,30,30,'2017-04-11','2017-04-11',NULL,NULL,NULL,NULL,NULL,0,2,2,2,2,121,4,1,1,1,0,0,0,0,0,0.7800,164.00,0,37.21,2,'1',2,'0',2,'0','0',NULL,NULL,NULL,1,'2022-12-11 23:54:16','2023-04-21 10:52:11',NULL),(115,8165,40720,0,NULL,36,'PEREYRA CRISTIAN ALBERTO',NULL,'1991-01-01',1,1,5,1,NULL,1,NULL,NULL,NULL,NULL,NULL,NULL,NULL,NULL,2,'29865220','20-29865220-0',1,NULL,182,182,1,NULL,NULL,NULL,25,25,0,0,0,0,0,NULL,1,NULL,NULL,36,301,1,249590.91,0,0.00,8.00,0.00,29,32,29,'2017-05-01','2017-05-01',NULL,NULL,NULL,NULL,NULL,0,2,2,2,2,121,4,1,1,1,0,0,0,0,0,0.7800,164.00,0,37.21,2,'1',2,'0',2,'0','0',NULL,NULL,NULL,1,'2022-12-11 23:54:16','2023-04-21 11:08:57',NULL),(116,8165,40720,0,NULL,37,'FORTE ANTONIO',NULL,'1991-01-01',1,1,5,1,NULL,1,NULL,NULL,NULL,NULL,NULL,NULL,NULL,NULL,2,'27225251','20-27225251-4',1,NULL,182,182,1,NULL,NULL,NULL,25,25,0,0,0,0,0,NULL,1,NULL,NULL,36,302,1,198009.52,0,0.00,8.00,0.00,29,31,29,'2017-05-01','2017-05-01',NULL,NULL,NULL,NULL,NULL,0,2,2,2,2,121,4,1,1,1,0,0,0,0,0,0.7800,164.00,0,37.21,2,'1',2,'0',2,'0','0',NULL,NULL,NULL,1,'2022-12-11 23:54:16','2023-04-21 11:07:53',NULL),(117,8165,40720,0,NULL,40,'GAHLENBECK PABLO ADRIAN',NULL,'1991-01-01',1,1,5,1,NULL,1,NULL,NULL,NULL,NULL,NULL,NULL,NULL,NULL,2,'28364582','20-28364582-8',2,NULL,235,235,1,NULL,NULL,NULL,25,25,0,0,0,0,0,NULL,1,NULL,NULL,36,305,1,180775.38,0,0.00,8.00,0.00,31,42,31,'2018-02-01','2018-02-01',NULL,NULL,NULL,NULL,NULL,0,2,2,2,2,121,4,1,1,1,0,0,0,0,0,0.7800,164.00,0,37.21,2,'1',2,'0',2,'0','0',NULL,NULL,NULL,1,'2022-12-11 23:54:16','2023-04-25 21:27:14',NULL);
INSERT INTO `syj_empleados` VALUES (118,8165,40720,0,NULL,43,'RAMOS MABEL ANGELICA',NULL,'1991-01-01',2,1,5,1,NULL,1,NULL,NULL,NULL,NULL,NULL,NULL,NULL,NULL,2,'14555990','27-14555990-7',1,NULL,1,1,1,NULL,NULL,NULL,25,25,0,0,0,0,0,NULL,1,NULL,NULL,43,315,1,329403.34,0,0.00,8.00,0.00,36,38,36,'2018-03-01','2018-03-01',NULL,NULL,NULL,NULL,NULL,0,2,2,2,2,121,4,1,1,1,0,0,0,0,0,0.7800,164.00,0,37.21,2,'1',2,'0',2,'0','0',NULL,NULL,NULL,1,'2022-12-11 23:54:16','2023-04-26 00:40:10',NULL),(119,8165,40720,0,NULL,44,'PEREZ VIVIANA ROSA',NULL,'1991-01-01',2,1,5,1,NULL,1,NULL,NULL,NULL,NULL,NULL,NULL,NULL,NULL,2,'21772068','27-21772068-6',1,NULL,182,182,1,NULL,NULL,NULL,25,25,1,0,0,0,0,NULL,1,NULL,NULL,36,302,1,198009.52,0,0.00,8.00,0.00,29,42,29,'2018-03-01','2018-03-01',NULL,NULL,NULL,NULL,NULL,0,2,2,2,2,121,4,1,1,1,0,0,0,0,0,0.7800,164.00,0,37.21,2,'1',2,'0',2,'0','0',NULL,NULL,NULL,1,'2022-12-11 23:54:16','2023-04-25 21:25:08',NULL),(120,8165,40720,0,NULL,45,'IBAÑEZ ANALIA VERONICA',NULL,'1991-01-01',2,1,5,1,NULL,1,NULL,NULL,NULL,NULL,NULL,NULL,NULL,NULL,2,'27593071','27-27593071-2',1,NULL,27,27,1,NULL,NULL,NULL,25,25,0,0,0,0,0,NULL,1,NULL,NULL,43,316,1,326914.17,0,0.00,8.00,0.00,36,37,36,'2018-03-01','2018-03-01',NULL,NULL,NULL,NULL,NULL,0,2,2,2,2,121,4,1,1,1,0,0,0,0,0,0.7800,164.00,0,37.21,2,'1',2,'0',2,'0','0',NULL,NULL,NULL,1,'2022-12-11 23:54:16','2023-04-26 00:40:52',NULL),(121,8165,40720,0,NULL,46,'ERITIER JORGE ALBERTO',NULL,'1991-01-01',1,1,5,1,NULL,1,NULL,NULL,NULL,NULL,NULL,NULL,NULL,NULL,2,'16533136','20-16533136-3',1,NULL,5,5,1,NULL,NULL,NULL,25,25,1,0,0,0,0,NULL,1,NULL,NULL,36,302,1,198009.52,0,0.00,8.00,0.00,29,31,29,'2018-03-01','2018-03-01',NULL,NULL,NULL,NULL,NULL,0,2,2,2,2,121,4,1,1,1,0,0,0,0,0,0.7800,164.00,0,37.21,2,'1',2,'0',2,'0','0',NULL,NULL,NULL,1,'2022-12-11 23:54:16','2023-04-21 09:51:04',NULL),(122,8165,40720,0,NULL,48,'AGUILERA VANESA ISABEL',NULL,'1991-01-01',2,1,5,1,NULL,1,NULL,NULL,NULL,NULL,NULL,NULL,NULL,NULL,2,'30708118','27-30708118-6',1,NULL,182,182,1,NULL,NULL,NULL,25,25,0,0,0,0,0,NULL,1,NULL,NULL,36,301,1,249590.91,0,0.00,8.00,0.00,29,36,29,'2018-04-01','2018-04-01',NULL,NULL,NULL,NULL,NULL,0,2,2,2,2,121,4,1,1,1,0,0,0,0,0,0.7800,164.00,0,37.21,2,'1',2,'0',2,'0','0',NULL,NULL,NULL,1,'2022-12-11 23:54:16','2023-04-25 21:25:21',NULL),(123,8165,40720,0,NULL,49,'GELMI AILEN NOELIA',NULL,'1991-01-01',2,1,5,1,NULL,1,NULL,NULL,NULL,NULL,NULL,NULL,NULL,NULL,2,'35854951','27-35854951-4',3,NULL,182,182,1,NULL,NULL,NULL,25,25,1,0,0,0,0,NULL,1,NULL,NULL,36,302,1,152001.32,1,0.00,8.00,0.00,29,33,29,'2018-07-02','2018-07-02',NULL,NULL,NULL,'2022-11-28',6,0,2,2,2,2,121,4,1,1,1,0,0,0,0,0,0.7800,164.00,0,37.21,2,'1',2,'0',2,'0','0',NULL,NULL,NULL,1,'2022-12-11 23:54:16','2023-04-21 11:07:14',NULL),(124,8165,40720,0,NULL,51,'SOLIS AILIN BELEN',NULL,'1991-01-01',2,1,5,1,NULL,1,NULL,NULL,NULL,NULL,NULL,NULL,NULL,NULL,2,'40622375','27-40622375-8',1,NULL,182,182,1,NULL,NULL,NULL,25,25,0,0,0,0,0,NULL,1,NULL,NULL,36,302,1,198009.52,0,0.00,8.00,0.00,29,36,29,'2019-04-01','2019-04-01',NULL,NULL,NULL,NULL,NULL,0,2,2,2,2,121,4,1,1,1,0,0,0,0,0,0.7800,164.00,0,37.21,2,'1',2,'0',2,'0','0',NULL,NULL,NULL,1,'2022-12-11 23:54:16','2023-04-21 11:07:01',NULL),(125,8165,40720,0,NULL,57,'OROZCO NATALIA OFELIA',NULL,'1991-01-01',2,1,5,1,NULL,1,NULL,NULL,NULL,NULL,NULL,NULL,NULL,NULL,2,'48756834','27-48756834-7',1,NULL,182,182,1,NULL,NULL,NULL,25,25,0,0,0,0,0,NULL,1,NULL,NULL,36,305,1,180775.38,0,0.00,8.00,0.00,31,42,31,'2019-08-15','2019-08-15',NULL,NULL,NULL,NULL,NULL,0,2,2,2,2,121,4,1,1,1,0,0,0,0,0,0.7800,164.00,0,37.21,2,'1',2,'0',2,'0','0',NULL,NULL,NULL,1,'2022-12-11 23:54:16','2023-04-25 21:57:15',NULL);
INSERT INTO `syj_empleados` VALUES (126,8165,40720,0,NULL,58,'CARBONE PAMELA GISELA',NULL,'1991-01-01',2,1,5,1,NULL,1,NULL,NULL,NULL,NULL,NULL,NULL,NULL,NULL,2,'31416442','27-31416442-9',1,NULL,223,223,1,NULL,NULL,NULL,25,25,1,0,0,0,0,NULL,1,NULL,NULL,36,307,1,156672.16,0,0.00,8.00,0.00,33,41,33,'2019-08-24','2019-08-24',NULL,NULL,NULL,NULL,NULL,0,2,2,2,2,121,4,1,1,1,0,0,0,0,0,0.7800,164.00,0,37.21,2,'1',2,'0',2,'0','0',NULL,NULL,NULL,1,'2022-12-11 23:54:16','2023-04-25 21:23:28',NULL),(127,8165,40720,0,NULL,59,'MOSCA BERJESIO DANIELA KARINA',NULL,'1991-01-01',2,1,5,1,NULL,1,NULL,NULL,NULL,NULL,NULL,NULL,NULL,NULL,2,'28322388','23-28322388-4',1,NULL,358,358,1,NULL,NULL,NULL,25,25,0,0,0,0,0,NULL,1,NULL,NULL,43,317,1,259832.37,0,0.00,8.00,0.00,36,30,36,'2019-09-12','2019-09-12',NULL,NULL,NULL,NULL,NULL,0,2,2,2,2,121,4,1,1,1,0,0,0,0,0,0.7800,164.00,0,37.21,2,'1',2,'0',2,'0','0',NULL,NULL,NULL,1,'2022-12-11 23:54:16','2023-04-26 00:41:29',NULL),(128,8165,40720,0,NULL,61,'LAPRIDA ADRIANA VERONICA',NULL,'1991-01-01',2,1,5,1,NULL,1,NULL,NULL,NULL,NULL,NULL,NULL,NULL,NULL,2,'20201829','27-20201829-2',1,NULL,85,85,1,NULL,NULL,NULL,25,25,0,0,0,0,0,NULL,1,NULL,NULL,43,318,1,260463.09,0,0.00,8.00,0.00,36,30,36,'2020-06-01','2020-06-01',NULL,NULL,NULL,NULL,NULL,0,2,2,2,2,121,4,1,1,1,0,0,0,0,0,0.7800,164.00,0,37.21,2,'1',2,'0',2,'0','0',NULL,NULL,NULL,1,'2022-12-11 23:54:16','2023-04-26 00:42:25',NULL),(129,8165,40720,0,NULL,67,'NIEVAS GISELLA NATALI',NULL,'1991-01-01',2,1,5,1,NULL,1,NULL,NULL,NULL,NULL,NULL,NULL,NULL,NULL,2,'38840589','27-38840589-4',1,NULL,182,182,1,NULL,NULL,NULL,25,25,0,0,0,0,0,NULL,1,NULL,NULL,36,305,1,180775.38,0,0.00,8.00,0.00,31,42,31,'2021-07-08','2021-07-08',NULL,NULL,NULL,NULL,NULL,0,2,2,2,2,121,4,1,1,1,0,0,0,0,0,0.7800,164.00,0,37.21,2,'1',2,'0',2,'0','0',NULL,NULL,NULL,1,'2022-12-11 23:54:16','2023-04-21 10:52:30',NULL),(130,8165,40720,0,NULL,69,'BOGLIVO MARIA LUJAN',NULL,'1991-01-01',2,1,5,1,NULL,1,NULL,NULL,NULL,NULL,NULL,NULL,NULL,NULL,2,'37750316','27-37750316-9',2,NULL,182,182,1,NULL,NULL,NULL,25,25,1,0,0,0,0,NULL,1,NULL,NULL,36,302,1,198009.52,0,0.00,8.00,0.00,29,42,29,'2021-07-08','2021-07-08',NULL,NULL,NULL,NULL,NULL,0,2,2,2,2,121,4,1,1,1,0,0,0,0,0,0.7800,164.00,0,37.21,2,'1',2,'0',2,'0','0',NULL,NULL,NULL,1,'2022-12-11 23:54:16','2023-04-25 21:27:28',NULL),(131,8165,40720,0,NULL,71,'GIANNETTINO HUGO HERNAN',NULL,'1991-01-01',1,1,5,1,NULL,1,NULL,NULL,NULL,NULL,NULL,NULL,NULL,NULL,2,'35183201','20-35183201-1',1,NULL,182,182,1,NULL,NULL,NULL,25,25,0,0,0,0,0,NULL,1,NULL,NULL,36,302,1,198009.52,0,0.00,8.00,0.00,29,33,29,'2021-10-07','2021-10-07',NULL,NULL,NULL,NULL,NULL,0,2,2,2,2,121,4,1,1,1,0,0,0,0,0,0.7800,164.00,0,37.21,2,'1',2,'0',2,'0','0',NULL,NULL,NULL,1,'2022-12-11 23:54:16','2023-04-25 21:20:37',NULL),(132,8165,40720,0,NULL,72,'SOMOZA FLORENCIA MARIEL',NULL,'1991-01-01',2,1,5,1,NULL,1,NULL,NULL,NULL,NULL,NULL,NULL,NULL,NULL,2,'39665077','27-39665077-6',1,NULL,182,182,1,NULL,NULL,NULL,25,25,0,0,0,0,0,NULL,1,NULL,NULL,36,302,1,198009.52,0,0.00,8.00,0.00,29,33,29,'2021-11-01','2021-11-01',NULL,NULL,NULL,NULL,NULL,0,2,2,2,2,121,4,1,1,1,0,0,0,0,0,0.7800,164.00,0,37.21,2,'1',2,'0',2,'0','0',NULL,NULL,NULL,1,'2022-12-11 23:54:16','2023-04-25 21:19:22',NULL),(133,8165,40720,0,NULL,73,'MARIANO HERNAN IGLESIAS',NULL,'1991-01-01',1,1,5,1,NULL,1,NULL,NULL,NULL,NULL,NULL,NULL,NULL,NULL,2,'37941327','20-37941327-8',2,NULL,182,182,1,NULL,NULL,NULL,25,25,0,0,0,0,0,NULL,1,NULL,NULL,36,306,1,173785.46,0,0.00,8.00,0.00,32,30,32,'2021-12-01','2021-12-01',NULL,NULL,NULL,NULL,NULL,0,2,2,2,2,121,4,1,1,1,0,0,0,0,0,0.7800,164.00,0,37.21,2,'1',2,'0',2,'0','0',NULL,NULL,NULL,1,'2022-12-11 23:54:16','2023-04-21 10:52:51',NULL);
INSERT INTO `syj_empleados` VALUES (134,8165,40720,0,NULL,74,'CAMBON OMAR ENRIQUE',NULL,'1991-01-01',1,1,5,1,NULL,1,NULL,NULL,NULL,NULL,NULL,NULL,NULL,NULL,2,'16485698','20-16485698-5',1,NULL,182,182,1,NULL,NULL,NULL,25,25,0,0,0,0,0,NULL,1,NULL,NULL,36,301,1,249590.91,0,0.00,8.00,0.00,29,32,29,'2022-01-01','2022-01-01',NULL,NULL,NULL,NULL,NULL,0,2,2,2,2,121,4,1,1,1,0,0,0,0,0,0.7800,164.00,0,37.21,2,'1',2,'0',2,'0','0',NULL,NULL,NULL,1,'2022-12-11 23:54:16','2023-04-21 09:50:45',NULL),(135,8165,40720,0,NULL,75,'CARDOZO DELIA VANESA SONIA',NULL,'1991-01-01',2,1,5,1,NULL,1,NULL,NULL,NULL,NULL,NULL,NULL,NULL,NULL,2,'25055255','27-25055255-1',1,NULL,103,103,1,NULL,NULL,NULL,25,25,0,0,0,0,0,NULL,1,NULL,NULL,36,302,1,198009.52,0,0.00,8.00,0.00,29,30,29,'2022-02-01','2022-02-01',NULL,NULL,NULL,NULL,NULL,0,2,2,2,2,121,4,1,1,1,0,0,0,0,0,0.7800,164.00,0,37.21,2,'1',2,'0',2,'0','0',NULL,NULL,NULL,1,'2022-12-11 23:54:16','2023-04-21 11:10:20',NULL),(136,8165,40720,0,NULL,76,'RUBIO CARLOS GABRIEL',NULL,'1991-01-01',1,1,5,1,NULL,1,NULL,NULL,NULL,NULL,NULL,NULL,NULL,NULL,2,'25148354','20-25148354-0',1,NULL,5,5,1,NULL,NULL,NULL,25,25,0,0,0,0,0,NULL,1,NULL,NULL,36,301,1,249590.91,0,0.00,8.00,0.00,29,32,29,'2022-02-01','2022-02-01',NULL,NULL,NULL,NULL,NULL,0,2,2,2,2,121,4,1,1,1,0,0,0,0,0,0.7800,164.00,0,37.21,2,'1',2,'0',2,'0','0',NULL,NULL,NULL,1,'2022-12-11 23:54:16','2023-04-21 11:08:09',NULL),(137,8165,40720,0,NULL,77,'MARTINETTI ALEJANDRO MARTIN',NULL,'1991-01-01',1,1,5,1,NULL,1,NULL,NULL,NULL,NULL,NULL,NULL,NULL,NULL,2,'24106235','20-24106235-0',1,NULL,1,1,1,NULL,NULL,NULL,25,25,0,0,0,0,0,NULL,1,NULL,NULL,36,301,1,249590.91,0,0.00,8.00,0.00,29,32,29,'2022-03-01','2022-03-01',NULL,NULL,NULL,NULL,NULL,0,2,2,2,2,121,4,1,1,1,0,0,0,0,0,0.7800,164.00,0,37.21,2,'1',2,'0',2,'0','0',NULL,NULL,NULL,1,'2022-12-11 23:54:16','2023-04-21 11:07:25',NULL),(138,8165,40720,0,NULL,78,'MARQUEZ GUILLERMO DANIEL',NULL,'1991-01-01',1,1,5,1,NULL,1,NULL,NULL,NULL,NULL,NULL,NULL,NULL,NULL,2,'14643543','20-14643543-3',1,NULL,182,182,1,NULL,NULL,NULL,25,25,0,0,0,0,0,NULL,1,NULL,NULL,43,319,1,128317.43,0,0.00,8.00,0.00,36,35,36,'2022-04-01','2022-04-01',NULL,NULL,NULL,NULL,NULL,0,2,2,2,2,121,4,1,1,1,0,0,0,0,0,0.7800,164.00,0,37.21,2,'1',2,'0',2,'0','0',NULL,NULL,NULL,1,'2022-12-11 23:54:16','2023-04-26 00:43:02',NULL),(139,8165,40720,0,NULL,79,'CASTELLANO LUIS CARLOS',NULL,'1991-01-01',1,1,5,1,NULL,1,NULL,NULL,NULL,NULL,NULL,NULL,NULL,NULL,2,'14810628','20-14810628-3',1,NULL,182,182,1,NULL,NULL,NULL,25,25,0,0,0,0,0,NULL,1,NULL,NULL,36,302,1,198009.52,0,0.00,8.00,0.00,29,31,29,'2022-04-05','2022-04-05',NULL,NULL,NULL,NULL,NULL,0,2,2,2,2,121,4,1,1,1,0,0,0,0,0,0.7800,164.00,0,37.21,2,'1',2,'0',2,'0','0',NULL,NULL,NULL,1,'2022-12-11 23:54:16','2023-04-25 21:22:15',NULL),(140,8165,40720,0,NULL,81,'BIONDI SILVINA MARISA',NULL,'1991-01-01',2,1,5,1,NULL,1,NULL,NULL,NULL,NULL,NULL,NULL,NULL,NULL,2,'22368529','27-22368529-9',1,NULL,198,198,1,NULL,NULL,NULL,25,25,0,0,0,0,0,NULL,1,NULL,NULL,36,306,1,173785.46,0,0.00,8.00,0.00,32,30,32,'2022-04-01','2022-04-01',NULL,NULL,NULL,NULL,NULL,0,2,2,2,2,121,4,1,1,1,0,0,0,0,0,0.7800,164.00,0,37.21,2,'1',2,'0',2,'0','0',NULL,NULL,NULL,1,'2022-12-11 23:54:16','2023-04-21 10:52:51',NULL),(141,8165,40720,0,NULL,83,'HASSAN HECTOR EDUARDO',NULL,'1991-01-01',1,1,5,1,NULL,1,NULL,NULL,NULL,NULL,NULL,NULL,NULL,NULL,2,'20003398','20-20003398-2',1,NULL,182,182,1,NULL,NULL,NULL,25,25,0,0,0,0,0,NULL,1,NULL,NULL,43,320,1,76229.88,0,0.00,8.00,0.00,36,40,36,'2022-05-01','2022-05-01',NULL,NULL,NULL,NULL,NULL,0,2,2,2,2,121,4,1,1,1,0,0,0,0,0,0.7800,164.00,0,37.21,2,'1',2,'0',2,'0','0',NULL,NULL,NULL,1,'2022-12-11 23:54:16','2023-04-26 00:43:20',NULL);
INSERT INTO `syj_empleados` VALUES (142,8165,40720,0,NULL,84,'TISKER DEBORA SUSANA',NULL,'1991-01-01',2,1,5,1,NULL,1,NULL,NULL,NULL,NULL,NULL,NULL,NULL,NULL,2,'20379184','23-20379184-4',1,NULL,182,182,1,NULL,NULL,NULL,25,25,0,0,0,0,0,NULL,1,NULL,NULL,43,320,1,76229.88,0,0.00,8.00,0.00,36,40,36,'2022-05-01','2022-05-01',NULL,NULL,NULL,NULL,NULL,0,2,2,2,2,121,4,1,1,1,0,0,0,0,0,0.7800,164.00,0,37.21,2,'1',2,'0',2,'0','0',NULL,NULL,NULL,1,'2022-12-11 23:54:16','2023-04-26 00:43:20',NULL),(143,8165,40720,0,NULL,85,'QUIROZ JUAN PABLO',NULL,'1991-01-01',1,1,5,1,NULL,1,NULL,NULL,NULL,NULL,NULL,NULL,NULL,NULL,2,'28644687','20-28644687-7',1,NULL,182,182,1,NULL,NULL,NULL,25,25,1,0,0,0,0,NULL,1,NULL,NULL,36,301,1,249590.91,0,0.00,8.00,0.00,29,32,29,'2022-05-01','2022-05-01',NULL,NULL,NULL,NULL,NULL,0,2,2,2,2,121,4,1,1,1,0,0,0,0,0,0.7800,164.00,0,37.21,2,'1',2,'0',2,'0','0',NULL,NULL,NULL,1,'2022-12-11 23:54:16','2023-04-25 21:21:30',NULL),(144,8165,40720,0,NULL,86,'MARISCOTTI PABLO ESTEBAN',NULL,'1991-01-01',1,1,5,1,NULL,1,NULL,NULL,NULL,NULL,NULL,NULL,NULL,NULL,2,'29160568','20-29160568-1',1,NULL,182,182,1,NULL,NULL,NULL,25,25,0,0,0,0,0,NULL,1,NULL,NULL,36,305,1,180775.38,0,0.00,8.00,0.00,31,42,31,'2022-05-01','2022-05-01',NULL,NULL,NULL,NULL,NULL,0,2,2,2,2,121,4,1,1,1,0,0,0,0,0,0.7800,164.00,0,37.21,2,'1',2,'0',2,'0','0',NULL,NULL,NULL,1,'2022-12-11 23:54:16','2023-04-25 21:23:41',NULL),(145,8165,40720,0,NULL,88,'LUGONEZ SERGIO LEANDRO',NULL,'1991-01-01',1,1,5,1,NULL,1,NULL,NULL,NULL,NULL,NULL,NULL,NULL,NULL,2,'35863874','20-35863874-1',1,NULL,182,182,1,NULL,NULL,NULL,25,25,0,0,0,0,0,NULL,1,NULL,NULL,36,301,1,249590.91,0,0.00,8.00,0.00,29,32,29,'2022-05-01','2022-05-01',NULL,NULL,NULL,NULL,NULL,0,2,2,2,2,121,4,1,1,1,0,0,0,0,0,0.7800,164.00,0,37.21,2,'1',2,'0',2,'0','0',NULL,NULL,NULL,1,'2022-12-11 23:54:16','2023-04-25 21:25:41',NULL),(146,8165,40720,0,NULL,89,'QUIROGA MARIANGELES FLORENCIA',NULL,'1991-01-01',2,1,5,1,NULL,1,NULL,NULL,NULL,NULL,NULL,NULL,NULL,NULL,2,'39107224','27-39107224-3',2,NULL,182,182,1,NULL,NULL,NULL,25,25,0,0,0,0,0,NULL,1,NULL,NULL,36,305,1,180775.38,0,0.00,8.00,0.00,31,42,31,'2022-05-01','2022-05-01',NULL,NULL,NULL,NULL,NULL,0,2,2,2,2,121,4,1,1,1,0,0,0,0,0,0.7800,164.00,0,37.21,2,'1',2,'0',2,'0','0',NULL,NULL,NULL,1,'2022-12-11 23:54:16','2023-04-21 10:52:30',NULL),(147,8165,40720,0,NULL,90,'GALEANO JOSE VICENTE',NULL,'1991-01-01',1,1,5,1,NULL,1,NULL,NULL,NULL,NULL,NULL,NULL,NULL,NULL,2,'21605497','20-21605497-1',1,NULL,182,182,1,NULL,NULL,NULL,25,25,0,0,0,0,0,NULL,1,NULL,NULL,36,301,1,249590.91,0,0.00,8.00,0.00,29,32,29,'2022-06-01','2022-06-01',NULL,NULL,NULL,NULL,NULL,0,2,2,2,2,121,4,1,1,1,0,0,0,0,0,0.7800,164.00,0,37.21,2,'1',2,'0',2,'0','0',NULL,NULL,NULL,1,'2022-12-11 23:54:16','2023-04-21 09:50:45',NULL),(148,8165,40720,0,NULL,91,'FRANCHINI CRISTIAN DANIEL',NULL,'1991-01-01',1,1,5,1,NULL,1,NULL,NULL,NULL,NULL,NULL,NULL,NULL,NULL,2,'29364940','20-29364940-6',1,NULL,182,182,1,NULL,NULL,NULL,25,25,0,0,0,0,0,NULL,1,NULL,NULL,36,301,1,249590.91,0,0.00,8.00,0.00,29,31,29,'2022-07-01','2022-07-01',NULL,NULL,NULL,NULL,NULL,0,2,2,2,2,121,1,1,1,1,0,0,0,0,0,0.7800,164.00,0,37.21,2,'1',2,'0',2,'0','0',NULL,NULL,NULL,1,'2022-12-11 23:54:16','2023-04-21 11:09:24',NULL),(149,8165,40720,0,NULL,93,'ESPINOSA GOMEZ LUCAS ALEJANDRO',NULL,'1991-01-01',1,1,5,1,NULL,1,NULL,NULL,NULL,NULL,NULL,NULL,NULL,NULL,2,'38892013','20-38892013-1',1,NULL,182,182,1,NULL,NULL,NULL,25,25,0,0,0,0,0,NULL,1,NULL,NULL,36,301,1,249590.91,0,0.00,8.00,0.00,29,31,29,'2022-08-01','2022-08-01',NULL,NULL,NULL,NULL,NULL,0,2,2,2,2,121,4,1,1,1,0,0,0,0,0,0.7800,164.00,0,37.21,2,'1',2,'0',2,'0','0',NULL,NULL,NULL,1,'2022-12-11 23:54:16','2023-04-25 21:21:47',NULL);
INSERT INTO `syj_empleados` VALUES (150,8165,40720,0,NULL,95,'QUIROZ CAROLINA FATIMA',NULL,'1991-01-01',2,1,5,1,NULL,1,NULL,NULL,NULL,NULL,NULL,NULL,NULL,NULL,2,'37200820','27-37200820-8',1,NULL,198,198,1,NULL,NULL,NULL,25,25,0,0,0,0,0,NULL,1,NULL,NULL,36,305,1,180775.38,0,0.00,8.00,0.00,31,42,31,'2022-09-01','2022-09-01',NULL,NULL,NULL,NULL,NULL,0,2,2,2,2,121,4,1,1,1,0,0,0,0,0,0.7800,164.00,0,37.21,2,'1',2,'0',2,'0','0',NULL,NULL,NULL,1,'2022-12-11 23:54:16','2023-04-21 11:08:36',NULL),(151,8165,40720,0,NULL,96,'IGLESIAS DEBORA SOLEDAD',NULL,'1991-01-01',2,1,5,1,NULL,1,NULL,NULL,NULL,NULL,NULL,NULL,NULL,NULL,2,'37161634','27-37161634-4',1,NULL,27,27,1,NULL,NULL,NULL,25,25,0,0,0,0,0,NULL,1,NULL,NULL,36,304,1,191446.59,0,0.00,8.00,0.00,30,30,30,'2022-09-01','2022-09-01',NULL,NULL,NULL,NULL,NULL,0,2,2,2,2,121,4,1,1,1,0,0,0,0,0,0.7800,164.00,0,37.21,2,'1',2,'0',2,'0','0',NULL,NULL,NULL,1,'2022-12-11 23:54:16','2023-04-25 21:56:43',NULL),(152,8165,40720,0,NULL,97,'OCARANZA GUSTAVO MIGUEL',NULL,'1991-01-01',1,1,5,1,NULL,1,NULL,NULL,NULL,NULL,NULL,NULL,NULL,NULL,2,'17153917','20-17153917-0',2,NULL,182,182,1,NULL,NULL,NULL,25,25,0,0,0,0,0,NULL,1,NULL,NULL,36,301,1,249590.91,0,0.00,8.00,0.00,29,36,29,'2022-09-01','2022-09-01',NULL,NULL,NULL,NULL,NULL,0,2,2,2,2,121,4,1,1,1,0,0,0,0,0,0.7800,164.00,0,37.21,2,'1',2,'0',2,'0','0',NULL,NULL,NULL,1,'2022-12-11 23:54:16','2023-04-25 21:27:38',NULL),(153,8165,40720,0,NULL,98,'VARELA JORGE FERNANDO',NULL,'1991-01-01',1,1,5,1,NULL,1,NULL,NULL,NULL,NULL,NULL,NULL,NULL,NULL,2,'20698002','20-20698002-9',1,NULL,182,182,1,NULL,NULL,NULL,25,25,0,0,0,0,0,NULL,1,NULL,NULL,36,301,1,249590.91,0,0.00,8.00,0.00,29,32,29,'2022-10-01','2022-10-01',NULL,NULL,NULL,NULL,NULL,0,2,2,2,2,121,4,1,1,1,0,0,0,0,0,0.7800,164.00,0,37.21,2,'1',2,'0',2,'0','0',NULL,NULL,NULL,1,'2022-12-11 23:54:16','2023-04-25 21:21:07',NULL),(154,8165,40742,0,NULL,1,'LUCREZIA VICENTE',NULL,'1991-01-01',2,1,5,1,NULL,9,NULL,NULL,NULL,NULL,NULL,NULL,NULL,NULL,2,'14782648','20-14782648-7',1,NULL,182,182,1,NULL,NULL,NULL,26,26,0,0,0,0,0,NULL,1,NULL,NULL,49,325,1,191446.59,0,0.00,8.00,0.00,41,47,41,'2017-01-01','2017-01-01',NULL,NULL,NULL,NULL,NULL,0,2,2,2,2,121,4,1,1,1,0,0,0,0,0,1.4400,164.00,0,37.21,2,'1',2,'1',2,'1','0',NULL,NULL,NULL,1,'2022-12-15 22:09:51','2023-04-26 01:40:21',NULL),(155,8165,40742,0,NULL,2,'FIGUEROA NATALIA NOEMI',NULL,'1991-01-01',2,1,5,1,NULL,9,NULL,NULL,NULL,NULL,NULL,NULL,NULL,NULL,2,'26410627','27-26410627-9',1,NULL,182,182,1,NULL,NULL,NULL,26,26,0,0,0,0,0,NULL,1,NULL,NULL,49,329,1,78336.08,0,0.00,4.00,0.00,43,50,43,'2017-05-01','2017-05-01',NULL,NULL,NULL,NULL,NULL,0,2,2,2,2,121,1,1,1,1,0,0,0,0,0,1.4400,164.00,0,37.21,2,'1',2,'1',2,'1','0',NULL,NULL,NULL,1,'2022-12-15 22:09:51','2023-04-26 02:06:46',NULL),(156,8165,40742,0,NULL,6,'JUNCOSA SEBASTIAN MARTIN',NULL,'1991-01-01',1,1,5,1,NULL,9,NULL,NULL,NULL,NULL,NULL,NULL,NULL,NULL,2,'26821512','20-26821512-4',1,NULL,182,182,1,NULL,NULL,NULL,26,26,0,0,0,0,0,NULL,1,NULL,NULL,49,322,1,249590.91,0,0.00,4.00,0.00,37,43,37,'2017-07-01','2017-07-01',NULL,NULL,NULL,NULL,NULL,0,2,2,2,2,121,4,1,1,1,0,0,0,0,0,1.4400,164.00,0,37.21,2,'1',2,'1',2,'1','0',NULL,NULL,NULL,1,'2022-12-15 22:09:51','2023-04-26 01:39:45',NULL),(157,8165,40742,0,NULL,7,'AZPEITIA CARLOS ELMO',NULL,'1991-01-01',1,1,5,1,NULL,9,NULL,NULL,NULL,NULL,NULL,NULL,NULL,NULL,2,'13876693','20-13876693-5',1,NULL,182,182,1,NULL,NULL,NULL,26,26,0,0,0,0,0,NULL,1,NULL,NULL,49,323,1,198009.52,0,0.00,8.00,0.00,39,45,39,'2017-07-01','2017-07-01',NULL,NULL,NULL,NULL,NULL,0,2,2,2,2,121,4,1,1,1,0,0,0,0,0,1.4400,164.00,0,37.21,2,'1',2,'1',2,'1','0',NULL,NULL,NULL,1,'2022-12-15 22:09:51','2023-04-26 01:40:00',NULL);
INSERT INTO `syj_empleados` VALUES (158,8165,40742,0,NULL,10,'QUEVEDO JUAN CARLOS',NULL,'1991-01-01',1,1,5,1,NULL,9,NULL,NULL,NULL,NULL,NULL,NULL,NULL,NULL,2,'18545199','20-18545199-3',1,NULL,2,2,1,NULL,NULL,NULL,26,26,0,0,0,0,0,NULL,1,NULL,NULL,43,332,1,67562.51,0,0.00,4.00,0.00,45,52,45,'2017-10-01','2017-10-01',NULL,NULL,NULL,NULL,NULL,0,2,2,2,2,16,37,1,1,1,0,0,0,0,0,1.4400,164.00,0,37.21,2,'1',2,'1',2,'1','0',NULL,NULL,NULL,1,'2022-12-15 22:09:51','2023-04-26 01:56:50',NULL),(159,8165,40742,0,NULL,12,'LUCREZIA KEVIN LEANDRO',NULL,'1991-01-01',1,1,5,1,NULL,9,NULL,NULL,NULL,NULL,NULL,NULL,NULL,NULL,2,'40913639','20-40913639-8',1,NULL,182,182,1,NULL,NULL,NULL,26,26,0,0,0,0,0,NULL,1,NULL,NULL,49,329,1,78336.08,0,0.00,4.00,0.00,43,50,43,'2019-02-25','2019-02-25',NULL,NULL,NULL,NULL,NULL,0,2,2,2,2,121,1,1,1,1,0,0,0,0,0,1.4400,164.00,0,37.21,2,'1',2,'1',2,'1','0',NULL,NULL,NULL,1,'2022-12-15 22:09:51','2023-04-26 02:06:46',NULL),(160,8165,40742,0,NULL,13,'VARGAS RAMON RAFAEL',NULL,'1991-01-01',1,1,5,1,NULL,9,NULL,NULL,NULL,NULL,NULL,NULL,NULL,NULL,2,'17172523','20-17172523-3',1,NULL,182,182,1,NULL,NULL,NULL,26,26,0,0,0,0,0,NULL,1,NULL,NULL,49,323,1,198009.52,0,0.00,8.00,0.00,39,45,39,'2019-04-08','2019-04-08',NULL,NULL,NULL,NULL,NULL,0,2,2,2,2,121,4,1,1,1,0,0,0,0,0,1.4400,164.00,0,37.21,2,'1',2,'1',2,'1','0',NULL,NULL,NULL,1,'2022-12-15 22:09:51','2023-04-26 01:40:00',NULL),(161,8165,40742,0,NULL,15,'SANCHEZ MARCELO DANIEL',NULL,'1991-01-01',1,1,5,1,NULL,9,NULL,NULL,NULL,NULL,NULL,NULL,NULL,NULL,2,'24321504','20-24321504-9',1,NULL,182,182,1,NULL,NULL,NULL,26,26,0,0,0,0,0,NULL,1,NULL,NULL,49,323,1,198009.52,0,0.00,8.00,0.00,39,45,39,'2019-05-01','2019-05-01',NULL,NULL,NULL,NULL,NULL,0,2,2,2,2,121,4,1,1,1,0,0,0,0,0,1.4400,164.00,0,37.21,2,'1',2,'1',2,'1','0',NULL,NULL,NULL,1,'2022-12-15 22:09:51','2023-04-26 01:40:00',NULL),(162,8165,40742,0,NULL,16,'LUCARELLI DARIO ANTONIO',NULL,'1991-01-01',1,1,5,1,NULL,9,NULL,NULL,NULL,NULL,NULL,NULL,NULL,NULL,2,'28585700','20-28585700-8',2,NULL,182,182,1,NULL,NULL,NULL,26,26,0,0,0,0,0,NULL,1,NULL,NULL,49,323,1,198009.52,0,0.00,8.00,0.00,39,45,39,'2019-05-01','2019-05-01',NULL,NULL,NULL,NULL,NULL,0,2,2,2,2,121,4,1,1,1,0,0,0,0,0,1.4400,164.00,0,37.21,2,'1',2,'1',2,'1','0',NULL,NULL,NULL,1,'2022-12-15 22:09:51','2023-04-26 01:40:00',NULL),(163,8165,40742,0,NULL,17,'CASALE JUAN CARLOS',NULL,'1991-01-01',1,1,5,1,NULL,9,NULL,NULL,NULL,NULL,NULL,NULL,NULL,NULL,2,'14434334','20-14434334-5',1,NULL,182,182,1,NULL,NULL,NULL,26,26,0,0,0,0,0,NULL,1,NULL,NULL,49,323,1,198009.52,0,0.00,8.00,0.00,39,45,39,'2019-08-01','2019-08-01',NULL,NULL,NULL,NULL,NULL,0,2,2,2,2,121,4,1,1,1,0,0,0,0,0,1.4400,164.00,0,37.21,2,'1',2,'1',2,'1','0',NULL,NULL,NULL,1,'2022-12-15 22:09:51','2023-04-26 01:40:00',NULL),(164,8165,40742,0,NULL,18,'MACCHI GUSTAVO CESAR',NULL,'1991-01-01',1,1,5,1,NULL,9,NULL,NULL,NULL,NULL,NULL,NULL,NULL,NULL,2,'23265491','20-23265491-1',1,NULL,27,27,1,NULL,NULL,NULL,26,26,0,0,0,0,0,NULL,1,NULL,NULL,43,333,1,1200000.00,0,0.00,8.00,0.00,45,52,46,'2019-10-02','2019-10-02',NULL,NULL,NULL,NULL,NULL,0,2,2,2,2,121,4,1,1,1,0,0,0,0,0,1.4400,164.00,0,37.21,2,'1',2,'1',2,'1','0',NULL,NULL,NULL,1,'2022-12-15 22:09:51','2023-11-01 19:24:33',NULL),(165,8165,40742,0,NULL,19,'VIEYRA WALTER AMERICO',NULL,'1991-01-01',1,1,5,1,NULL,9,NULL,NULL,NULL,NULL,NULL,NULL,NULL,NULL,2,'16785311','20-16785311-1',1,NULL,182,182,1,NULL,NULL,NULL,26,26,0,0,0,0,0,NULL,1,NULL,NULL,49,328,1,156672.16,0,0.00,8.00,0.00,42,48,42,'2019-12-04','2019-12-04',NULL,NULL,NULL,NULL,NULL,0,2,2,2,2,121,4,1,1,1,0,0,0,0,0,1.4400,164.00,0,37.21,2,'1',2,'1',2,'1','0',NULL,NULL,NULL,1,'2022-12-15 22:09:51','2023-04-26 01:40:46',NULL);
INSERT INTO `syj_empleados` VALUES (166,8165,40742,0,NULL,22,'GONZALEZ MAYRA ELIZABETH',NULL,'1991-01-01',2,1,5,1,NULL,9,NULL,NULL,NULL,NULL,NULL,NULL,NULL,NULL,2,'29601060','27-29601060-5',1,NULL,182,182,1,NULL,NULL,NULL,26,26,0,0,0,0,0,NULL,1,NULL,NULL,49,329,1,78336.08,0,0.00,4.00,0.00,43,50,43,'2020-01-11','2020-01-11',NULL,NULL,NULL,NULL,NULL,0,2,2,2,2,121,1,1,1,1,0,0,0,0,0,1.4400,164.00,0,37.21,2,'1',2,'1',2,'1','0',NULL,NULL,NULL,1,'2022-12-15 22:09:51','2023-04-26 02:06:46',NULL),(167,8165,40742,0,NULL,23,'RECIO MARISA NORA',NULL,'1991-01-01',2,1,5,1,NULL,9,NULL,NULL,NULL,NULL,NULL,NULL,NULL,NULL,2,'17166621','27-17166621-5',1,NULL,182,182,1,NULL,NULL,NULL,26,26,0,0,0,0,0,NULL,1,NULL,NULL,49,329,1,78336.08,0,0.00,4.00,0.00,43,50,43,'2020-01-15','2020-01-15',NULL,NULL,NULL,NULL,NULL,0,2,2,2,2,121,1,1,1,1,0,0,0,0,0,1.4400,164.00,0,37.21,2,'1',2,'1',2,'1','0',NULL,NULL,NULL,1,'2022-12-15 22:09:51','2023-04-26 02:06:46',NULL),(168,8165,40742,0,NULL,28,'ESPINOSA ELENA NUNCIA',NULL,'1991-01-01',2,1,5,1,NULL,9,NULL,NULL,NULL,NULL,NULL,NULL,NULL,NULL,2,'13522896','27-13522896-1',1,NULL,182,182,1,NULL,NULL,NULL,26,26,0,0,0,0,0,NULL,1,NULL,NULL,49,329,1,78336.08,0,0.00,4.00,0.00,43,50,43,'2020-12-01','2020-12-01',NULL,NULL,NULL,NULL,NULL,0,2,2,2,3,121,1,1,1,1,0,0,0,0,0,1.4400,164.00,0,37.21,2,'1',2,'1',2,'1','0',NULL,NULL,NULL,1,'2022-12-15 22:09:51','2023-04-26 02:06:46',NULL),(169,8165,40742,0,NULL,29,'FREY MILAGROS ABRIL',NULL,'1991-01-01',2,1,5,1,NULL,9,NULL,NULL,NULL,NULL,NULL,NULL,NULL,NULL,2,'44129746','27-44129746-2',1,NULL,182,182,1,NULL,NULL,NULL,26,26,0,0,0,0,0,NULL,1,NULL,NULL,49,329,1,78336.08,0,0.00,4.00,0.00,43,50,43,'2021-02-01','2021-02-01',NULL,NULL,NULL,NULL,NULL,0,2,2,2,2,121,1,1,1,1,0,0,0,0,0,1.4400,164.00,0,37.21,2,'1',2,'1',2,'1','0',NULL,NULL,NULL,1,'2022-12-15 22:09:51','2023-04-26 02:06:46',NULL),(170,8165,40742,0,NULL,33,'LOPEZ AYELEN MARIA',NULL,'1991-01-01',2,1,5,1,NULL,9,NULL,NULL,NULL,NULL,NULL,NULL,NULL,NULL,2,'38938513','27-38938513-7',1,NULL,182,182,1,NULL,NULL,NULL,26,26,0,0,0,0,0,NULL,1,NULL,NULL,49,325,1,191446.59,0,0.00,8.00,0.00,41,47,41,'2021-06-01','2021-06-01',NULL,NULL,NULL,NULL,NULL,0,2,2,2,2,121,4,1,1,1,0,0,0,0,0,1.4400,164.00,0,37.21,2,'1',2,'1',2,'1','0',NULL,NULL,NULL,1,'2022-12-15 22:09:51','2023-04-26 01:40:21',NULL),(171,8165,40742,0,NULL,34,'ALVAREZ JORGE MANUEL',NULL,'1991-01-01',1,1,5,1,NULL,9,NULL,NULL,NULL,NULL,NULL,NULL,NULL,NULL,2,'21081624','20-21081624-1',1,NULL,182,182,1,NULL,NULL,NULL,26,26,0,0,0,0,0,NULL,1,NULL,NULL,49,328,1,156672.16,0,0.00,8.00,0.00,42,48,42,'2021-09-08','2021-09-08',NULL,NULL,NULL,NULL,NULL,0,2,2,2,2,121,4,1,1,1,0,0,0,0,0,1.4400,164.00,0,37.21,2,'1',2,'1',2,'1','0',NULL,NULL,NULL,1,'2022-12-15 22:09:51','2023-04-26 01:40:46',NULL),(172,8165,40742,0,NULL,35,'FISCHETTI MARIO',NULL,'1991-01-01',1,1,5,1,NULL,9,NULL,NULL,NULL,NULL,NULL,NULL,NULL,NULL,2,'16343613','20-16343613-3',1,NULL,182,182,1,NULL,NULL,NULL,26,26,0,0,0,0,0,NULL,1,NULL,NULL,49,329,1,78336.08,0,0.00,4.00,0.00,43,50,43,'2021-10-01','2021-10-01',NULL,NULL,NULL,NULL,NULL,0,2,2,2,2,121,1,1,1,1,0,0,0,0,0,1.4400,164.00,0,37.21,2,'1',2,'1',2,'1','0',NULL,NULL,NULL,1,'2022-12-15 22:09:51','2023-04-26 02:06:46',NULL),(173,8165,40742,0,NULL,38,'NADAL MARCELA CLAUDIA',NULL,'1991-01-01',2,1,5,1,NULL,9,NULL,NULL,NULL,NULL,NULL,NULL,NULL,NULL,2,'21477997','27-21477997-3',1,NULL,182,182,1,NULL,NULL,NULL,26,26,0,0,0,0,0,NULL,1,NULL,NULL,49,329,1,78336.08,0,0.00,4.00,0.00,43,50,43,'2021-10-01','2021-10-01',NULL,NULL,NULL,NULL,NULL,0,2,2,2,2,121,1,1,1,1,0,0,0,0,0,1.4400,164.00,0,37.21,2,'1',2,'1',2,'1','0',NULL,NULL,NULL,1,'2022-12-15 22:09:51','2023-04-26 02:06:46',NULL);
INSERT INTO `syj_empleados` VALUES (174,8165,40742,0,NULL,39,'PAPPOLLA ANDREA YAEL',NULL,'1991-01-01',2,1,5,1,NULL,9,NULL,NULL,NULL,NULL,NULL,NULL,NULL,NULL,2,'22879573','27-22879573-4',1,NULL,182,182,1,NULL,NULL,NULL,26,26,0,0,0,0,0,NULL,1,NULL,NULL,49,323,1,198009.52,0,0.00,8.00,0.00,39,45,39,'2021-10-02','2021-10-02',NULL,NULL,NULL,NULL,NULL,0,2,2,2,2,121,4,1,1,1,0,0,0,0,0,1.4400,164.00,0,37.21,2,'1',2,'1',2,'1','0',NULL,NULL,NULL,1,'2022-12-15 22:09:51','2023-04-26 01:40:00',NULL),(175,8165,40742,0,NULL,40,'OJEDA DEBORA NURIA',NULL,'1991-01-01',2,1,5,1,NULL,9,NULL,NULL,NULL,NULL,NULL,NULL,NULL,NULL,2,'32155542','27-32155542-5',1,NULL,182,182,1,NULL,NULL,NULL,26,26,0,0,0,0,0,NULL,1,NULL,NULL,49,329,1,78336.08,0,0.00,4.00,0.00,43,50,43,'2021-10-01','2021-10-01',NULL,NULL,NULL,NULL,NULL,0,2,2,2,2,121,1,1,1,1,0,0,0,0,0,1.4400,164.00,0,37.21,2,'1',2,'1',2,'1','0',NULL,NULL,NULL,1,'2022-12-15 22:09:51','2023-04-26 02:06:46',NULL),(176,8165,40742,0,NULL,41,'BARRETO NATALIA BELEN',NULL,'1991-01-01',2,1,5,1,NULL,9,NULL,NULL,NULL,NULL,NULL,NULL,NULL,NULL,2,'32758269','27-32758269-6',1,NULL,129,129,1,NULL,NULL,NULL,26,26,0,0,0,0,0,NULL,1,NULL,NULL,49,329,1,78336.08,0,0.00,4.00,0.00,43,50,43,'2021-10-01','2021-10-01',NULL,NULL,NULL,NULL,NULL,0,2,2,2,2,121,1,1,1,1,0,0,0,0,0,1.4400,164.00,0,37.21,2,'1',2,'1',2,'1','0',NULL,NULL,NULL,1,'2022-12-15 22:09:51','2023-04-26 02:06:46',NULL),(177,8165,40742,0,NULL,42,'LOPEZ AILEN ANTONELLA',NULL,'1991-01-01',2,1,5,1,NULL,9,NULL,NULL,NULL,NULL,NULL,NULL,NULL,NULL,2,'40571736','27-40571736-6',1,NULL,182,182,1,NULL,NULL,NULL,26,26,0,0,0,0,0,NULL,1,NULL,NULL,49,329,1,78336.08,0,0.00,4.00,0.00,43,50,43,'2021-10-01','2021-10-01',NULL,NULL,NULL,NULL,NULL,0,2,2,2,2,121,1,1,1,1,0,0,0,0,0,1.4400,164.00,0,37.21,2,'1',2,'1',2,'1','0',NULL,NULL,NULL,1,'2022-12-15 22:09:51','2023-04-26 02:06:46',NULL),(178,8165,40742,0,NULL,43,'BARRAL MARIANA',NULL,'1991-01-01',2,1,5,1,NULL,9,NULL,NULL,NULL,NULL,NULL,NULL,NULL,NULL,2,'26626261','27-26626261-8',1,NULL,182,182,1,NULL,NULL,NULL,26,26,0,0,0,0,0,NULL,1,NULL,NULL,49,329,1,78336.08,0,0.00,4.00,0.00,43,50,43,'2021-12-01','2021-12-01',NULL,NULL,NULL,NULL,NULL,0,2,2,2,2,121,1,1,1,1,0,0,0,0,0,1.4400,164.00,0,37.21,2,'1',2,'1',2,'1','0',NULL,NULL,NULL,1,'2022-12-15 22:09:51','2023-04-26 02:06:46',NULL),(179,8165,40742,0,NULL,44,'BECERRA AYALA CINTIA YAMILA',NULL,'1991-01-01',2,1,5,1,NULL,9,NULL,NULL,NULL,NULL,NULL,NULL,NULL,NULL,2,'40016494','27-40016494-6',1,NULL,182,182,1,NULL,NULL,NULL,26,26,0,0,0,0,0,NULL,1,NULL,NULL,49,329,1,78336.08,0,0.00,4.00,0.00,43,50,43,'2021-12-01','2021-12-01',NULL,NULL,NULL,NULL,NULL,0,2,2,2,2,121,1,1,1,1,0,0,0,0,0,1.4400,164.00,0,37.21,2,'1',2,'1',2,'1','0',NULL,NULL,NULL,1,'2022-12-15 22:09:51','2023-04-26 02:06:46',NULL),(180,8165,40742,0,NULL,47,'NIZ NADIA MARIEL',NULL,'1991-01-01',2,1,5,1,NULL,9,NULL,NULL,NULL,NULL,NULL,NULL,NULL,NULL,2,'34831148','23-34831148-4',1,NULL,182,182,1,NULL,NULL,NULL,26,26,0,0,0,0,0,NULL,1,NULL,NULL,49,329,1,78336.08,0,0.00,4.00,0.00,43,50,43,'2022-01-01','2022-01-01',NULL,NULL,NULL,NULL,NULL,0,2,2,2,2,121,1,1,1,1,0,0,0,0,0,1.4400,164.00,0,37.21,2,'1',2,'1',2,'1','0',NULL,NULL,NULL,1,'2022-12-15 22:09:51','2023-04-26 02:06:46',NULL),(181,8165,40742,0,NULL,48,'ILIJAS ANDREA MONICA',NULL,'1991-01-01',2,1,5,1,NULL,9,NULL,NULL,NULL,NULL,NULL,NULL,NULL,NULL,2,'23023580','27-23023580-0',1,NULL,182,182,1,NULL,NULL,NULL,26,26,0,0,0,0,0,NULL,1,NULL,NULL,49,329,1,78336.08,0,0.00,4.00,0.00,43,50,43,'2022-01-01','2022-01-01',NULL,NULL,NULL,NULL,NULL,0,2,2,2,2,121,1,1,1,1,0,0,0,0,0,1.4400,164.00,0,37.21,2,'1',2,'1',2,'1','0',NULL,NULL,NULL,1,'2022-12-15 22:09:51','2023-04-26 02:06:46',NULL);
INSERT INTO `syj_empleados` VALUES (182,8165,40742,0,NULL,49,'ZISA IDA ROSA',NULL,'1991-01-01',2,1,5,1,NULL,9,NULL,NULL,NULL,NULL,NULL,NULL,NULL,NULL,2,'11891995','27-11891995-0',1,NULL,2,2,1,NULL,NULL,NULL,26,26,0,0,0,0,0,NULL,1,NULL,NULL,49,329,1,78336.08,0,0.00,4.00,0.00,43,50,43,'2022-04-01','2022-04-01',NULL,NULL,NULL,NULL,NULL,0,2,2,2,3,121,1,1,1,1,0,1,0,0,0,1.4400,164.00,1,37.21,2,'1',2,'0',2,'0','0',NULL,NULL,NULL,1,'2022-12-15 22:09:51','2023-04-26 02:06:46',NULL),(183,8165,40742,0,NULL,50,'BURGOS CARINA GRACIELA',NULL,'1991-01-01',2,1,5,1,NULL,9,NULL,NULL,NULL,NULL,NULL,NULL,NULL,NULL,2,'34024798','27-34024798-7',1,NULL,182,182,1,NULL,NULL,NULL,26,26,0,0,0,0,0,NULL,1,NULL,NULL,49,329,1,78336.08,0,0.00,4.00,0.00,43,50,43,'2022-05-01','2022-05-01',NULL,NULL,NULL,NULL,NULL,0,2,2,2,2,121,1,1,1,1,0,0,0,0,0,1.4400,164.00,0,37.21,2,'1',2,'1',2,'1','0',NULL,NULL,NULL,1,'2022-12-15 22:09:51','2023-04-26 02:06:46',NULL),(184,8165,40742,0,NULL,51,'GOMEZ TAMARA BELEN',NULL,'1991-01-01',2,1,5,1,NULL,9,NULL,NULL,NULL,NULL,NULL,NULL,NULL,NULL,2,'39804647','27-39804647-7',1,NULL,182,182,1,NULL,NULL,NULL,26,26,0,0,0,0,0,NULL,1,NULL,NULL,49,329,1,78336.08,0,0.00,4.00,0.00,43,50,43,'2022-05-01','2022-05-01',NULL,NULL,NULL,NULL,NULL,0,2,2,2,2,121,1,1,1,1,0,0,0,0,0,1.4400,164.00,0,37.21,2,'1',2,'1',2,'1','0',NULL,NULL,NULL,1,'2022-12-15 22:09:51','2023-04-26 02:06:46',NULL),(185,8165,40742,0,NULL,52,'ABREGU NAHIR AYELEN',NULL,'1991-01-01',2,1,5,1,NULL,9,NULL,NULL,NULL,NULL,NULL,NULL,NULL,NULL,2,'43876824','27-43876824-1',2,NULL,182,182,1,NULL,NULL,NULL,26,26,0,0,0,0,0,NULL,1,NULL,NULL,49,329,1,78336.08,0,0.00,4.00,0.00,43,50,43,'2022-07-01','2022-07-01',NULL,NULL,NULL,NULL,NULL,0,2,2,2,2,121,1,1,1,1,0,0,0,0,0,1.4400,164.00,0,37.21,2,'1',2,'1',2,'1','0',NULL,NULL,NULL,1,'2022-12-15 22:09:51','2023-04-26 02:06:46',NULL),(186,8165,40742,0,NULL,53,'BELLO NOELIA JACQUELINE',NULL,'1991-01-01',2,1,5,1,NULL,9,NULL,NULL,NULL,NULL,NULL,NULL,NULL,NULL,2,'33913015','27-33913015-4',1,NULL,182,182,1,NULL,NULL,NULL,26,26,0,0,0,0,0,NULL,1,NULL,NULL,49,329,1,78336.08,0,0.00,4.00,0.00,43,50,43,'2022-07-01','2022-07-01',NULL,NULL,NULL,NULL,NULL,0,2,2,2,2,121,1,1,1,1,0,0,0,0,0,1.4400,164.00,0,37.21,2,'1',2,'1',2,'1','0',NULL,NULL,NULL,1,'2022-12-15 22:09:51','2023-04-26 02:06:46',NULL),(187,8165,40742,0,NULL,54,'CASTRO EMILIO FERNANDO',NULL,'1991-01-01',1,1,5,1,NULL,9,NULL,NULL,NULL,NULL,NULL,NULL,NULL,NULL,2,'23508358','20-23508358-3',1,NULL,182,182,1,NULL,NULL,NULL,26,26,0,0,0,0,0,NULL,1,NULL,NULL,49,329,1,78336.08,0,0.00,4.00,0.00,43,50,43,'2022-08-09','2022-08-09',NULL,NULL,NULL,NULL,NULL,0,2,2,2,2,121,1,1,1,1,0,0,0,0,0,1.4400,164.00,0,37.21,2,'1',2,'1',2,'1','0',NULL,NULL,NULL,1,'2022-12-15 22:09:51','2023-04-26 02:06:46',NULL),(188,8165,40742,0,NULL,56,'CASTRO SERGIO EZEQUIEL',NULL,'1991-01-01',1,1,5,1,NULL,9,NULL,NULL,NULL,NULL,NULL,NULL,NULL,NULL,2,'32311747','20-32311747-1',1,NULL,129,129,1,NULL,NULL,NULL,26,26,0,0,0,0,0,NULL,1,NULL,NULL,49,329,1,78336.08,0,0.00,4.00,0.00,43,50,43,'2022-08-09','2022-08-09',NULL,NULL,NULL,NULL,NULL,0,2,2,2,2,121,1,1,1,1,0,0,0,0,0,1.4400,164.00,0,37.21,2,'1',2,'1',2,'1','0',NULL,NULL,NULL,1,'2022-12-15 22:09:51','2023-04-26 02:06:46',NULL),(189,8165,40742,0,NULL,60,'CASTRO YANINA MARCELA',NULL,'1991-01-01',2,1,5,1,NULL,9,NULL,NULL,NULL,NULL,NULL,NULL,NULL,NULL,2,'34490045','27-34490045-6',1,NULL,182,182,1,NULL,NULL,NULL,26,26,0,0,0,0,0,NULL,1,NULL,NULL,49,329,1,78336.08,0,0.00,4.00,0.00,43,50,43,'2022-08-01','2022-08-01',NULL,NULL,NULL,NULL,NULL,0,2,2,2,2,121,1,1,1,1,0,0,0,0,0,1.4400,164.00,0,37.21,2,'1',2,'1',2,'1','0',NULL,NULL,NULL,1,'2022-12-15 22:09:51','2023-04-26 02:06:46',NULL);
INSERT INTO `syj_empleados` VALUES (190,8165,40742,0,NULL,61,'SOUZA FLORENCIA BELEN',NULL,'1991-01-01',2,1,5,1,NULL,9,NULL,NULL,NULL,NULL,NULL,NULL,NULL,NULL,2,'35402231','27-35402231-7',1,NULL,182,182,1,NULL,NULL,NULL,26,26,0,0,0,0,0,NULL,1,NULL,NULL,49,329,1,78336.08,0,0.00,4.00,0.00,43,50,43,'2022-08-01','2022-08-01',NULL,NULL,NULL,NULL,NULL,0,2,2,2,2,121,1,1,1,1,0,0,0,0,0,1.4400,164.00,0,37.21,2,'1',2,'1',2,'1','0',NULL,NULL,NULL,1,'2022-12-15 22:09:51','2023-04-26 02:06:46',NULL),(191,8165,40742,0,NULL,63,'ALCARAZ SILVA MARIA ANGELICA',NULL,'1991-01-01',2,1,5,1,NULL,9,NULL,NULL,NULL,NULL,NULL,NULL,NULL,NULL,2,'94283144','27-94283144-2',1,NULL,182,182,1,NULL,NULL,NULL,26,26,0,0,0,0,0,NULL,1,NULL,NULL,49,331,1,117504.16,0,0.00,8.00,0.00,44,51,44,'2022-09-01','2022-09-01',NULL,NULL,NULL,NULL,NULL,0,2,2,2,2,121,1,1,1,1,0,0,0,0,0,1.4400,164.00,0,37.21,2,'1',2,'1',2,'1','0',NULL,NULL,NULL,1,'2022-12-15 22:09:51','2023-04-26 01:56:12',NULL),(192,8165,40743,0,NULL,177,'AGRA HECTOR OSCAR',NULL,'1962-11-07',1,1,5,1,NULL,5,NULL,NULL,NULL,NULL,NULL,NULL,NULL,NULL,2,'16950207','20-16950207-3',1,NULL,182,NULL,1,NULL,NULL,NULL,27,27,0,0,0,0,0,NULL,1,NULL,NULL,50,337,1,198009.52,0,0.00,8.00,0.00,47,53,47,'1996-07-01','1996-07-01',NULL,NULL,NULL,NULL,NULL,0,2,2,2,2,50,4,1,2,1,0,1,0,0,NULL,0.0000,0.00,1,37.21,2,'1',2,'0',2,'0','0',NULL,NULL,NULL,1,'2022-12-24 11:51:37','2023-04-25 21:09:18',NULL),(193,8165,40743,0,NULL,133,'MARTINEZ LUIS',NULL,'1983-08-09',1,1,5,1,NULL,1,NULL,NULL,NULL,NULL,NULL,NULL,NULL,NULL,2,'20993833','20-20993833-3',2,NULL,182,NULL,1,NULL,NULL,NULL,27,27,0,0,0,0,0,NULL,1,NULL,NULL,50,356,1,200196.85,0,0.00,8.00,0.00,47,54,47,'1995-07-04','1995-07-04',NULL,NULL,NULL,NULL,NULL,0,2,2,2,2,50,4,1,2,1,0,1,0,0,NULL,0.0000,0.00,1,37.21,2,'1',2,'0',2,'0','0',NULL,NULL,NULL,1,'2023-01-09 23:21:39','2023-01-27 00:06:01',NULL),(194,8165,40743,0,NULL,247,'SENMACHE MANUEL ERNESTO',NULL,'1984-05-09',1,1,5,1,NULL,1,NULL,NULL,NULL,NULL,NULL,NULL,NULL,NULL,2,'18833661','20-18833661-3',1,NULL,182,NULL,1,NULL,NULL,NULL,27,27,0,0,0,0,0,NULL,1,NULL,NULL,52,363,1,6005.28,0,0.00,8.00,0.00,49,56,49,'1999-08-01','1999-08-01',NULL,NULL,NULL,NULL,NULL,0,2,2,2,2,50,4,1,2,1,0,1,0,0,NULL,0.0000,0.00,1,37.21,2,'1',2,'0',2,'0','0',NULL,NULL,NULL,1,'2023-01-09 23:24:32','2023-01-10 21:02:35',NULL),(195,8165,40743,0,NULL,638,'PEREZ MARINA GISELLE',NULL,'2023-01-09',1,1,5,1,NULL,1,NULL,NULL,NULL,NULL,NULL,NULL,NULL,NULL,2,'35127581','27-35127581-8',1,NULL,182,NULL,1,NULL,NULL,NULL,27,27,0,0,0,0,0,NULL,1,NULL,NULL,50,357,1,156672.16,0,0.00,8.00,0.00,48,55,48,'2019-11-01','2019-11-01',NULL,NULL,NULL,NULL,NULL,0,2,2,15,2,50,4,1,2,1,0,1,0,0,NULL,0.0000,0.00,1,37.21,2,'1',2,'0',2,'0','0',NULL,NULL,NULL,1,'2023-01-09 23:26:47','2023-04-25 21:09:40',NULL),(196,8165,40743,0,NULL,663,'MATTIAUDA JOSE ZAPIC',NULL,'1977-09-07',1,1,5,1,NULL,1,NULL,NULL,NULL,NULL,NULL,NULL,NULL,NULL,2,'92622478','20-92622478-7',1,NULL,182,NULL,1,NULL,NULL,NULL,27,27,0,0,0,0,0,NULL,1,NULL,NULL,43,359,1,400000.00,0,0.00,8.00,0.00,50,57,50,'2019-01-02','2019-01-02',NULL,NULL,NULL,NULL,NULL,0,2,2,2,2,50,4,1,2,1,0,1,0,0,NULL,0.0000,0.00,1,37.21,2,'1',2,'0',2,'0','0',NULL,NULL,NULL,1,'2023-01-09 23:28:48','2023-05-09 21:37:15',NULL),(197,8165,40720,0,NULL,99,'LLOBET EDGARDO GASTON',NULL,'1994-04-06',1,1,5,1,NULL,1,NULL,NULL,NULL,NULL,NULL,NULL,NULL,NULL,2,'26865582','20-26865582-5',2,NULL,5,NULL,1,NULL,NULL,NULL,25,25,0,0,0,0,0,NULL,1,NULL,NULL,36,302,1,198009.52,0,0.00,8.00,0.00,29,33,29,'2023-01-03','2023-01-03',NULL,NULL,NULL,NULL,NULL,0,2,2,2,2,121,8,1,2,1,0,1,0,0,NULL,0.7800,164.00,1,37.21,2,'1',2,'0',2,'0','0',NULL,NULL,NULL,1,'2023-01-25 23:23:37','2023-04-21 09:51:04',NULL);
INSERT INTO `syj_empleados` VALUES (198,8165,40744,0,NULL,1,'RODRIGUEZ DE OLASO SASHA LISETTE',NULL,'1973-08-08',2,1,5,1,NULL,14,NULL,NULL,NULL,NULL,NULL,NULL,NULL,NULL,2,'46009980','27-46009980-9',1,NULL,227,NULL,1,NULL,NULL,NULL,28,28,0,0,0,0,0,NULL,1,NULL,NULL,54,380,1,54540.37,0,0.00,4.00,0.00,51,58,51,'2023-01-10','2023-01-10',NULL,NULL,NULL,NULL,NULL,0,2,2,2,2,50,1,1,2,1,0,1,0,0,NULL,2.8800,183.00,1,37.21,2,'1',2,'0',2,'0','0',NULL,NULL,NULL,1,'2023-02-06 22:20:28','2023-02-25 17:49:44',NULL),(199,8165,40740,0,NULL,119,'PINTO PABLO NICOLAS',NULL,'1994-08-18',1,1,5,1,NULL,1,NULL,NULL,NULL,NULL,NULL,NULL,NULL,NULL,2,'38668662','23-38668662-9',1,NULL,73,NULL,1,NULL,NULL,NULL,23,23,0,0,0,0,0,NULL,1,NULL,NULL,47,294,1,885788.00,0,0.00,8.00,0.00,24,25,24,'2023-01-09','2023-01-09',NULL,NULL,NULL,NULL,NULL,0,2,2,2,2,50,4,1,2,1,0,1,0,0,NULL,9.6720,164.00,1,0.00,2,'1',2,'0',2,'0','0',NULL,NULL,NULL,1,'2023-02-10 00:49:14','2025-10-28 23:42:16',NULL),(200,8165,40720,0,NULL,100,'ZURITA LUCAS JOSE',NULL,'2023-03-01',1,1,5,1,NULL,1,NULL,NULL,NULL,NULL,NULL,NULL,NULL,NULL,2,'26183706','20-26183706-5',1,NULL,33,NULL,1,NULL,NULL,NULL,25,25,0,0,0,0,0,NULL,1,NULL,NULL,36,301,1,249590.91,0,0.00,8.00,0.00,29,32,29,'2023-02-01','2023-02-01',NULL,NULL,NULL,NULL,NULL,0,2,2,2,2,121,8,1,2,1,0,1,0,0,NULL,0.7800,164.00,0,0.00,2,'1',2,'0',2,'0','0',NULL,NULL,NULL,1,'2023-03-01 02:28:06','2023-04-21 09:50:45',NULL),(201,8165,40720,0,NULL,101,'OVEJERO MARTIN ALBERTO',NULL,'2023-03-01',1,1,5,1,NULL,1,NULL,NULL,NULL,NULL,NULL,NULL,NULL,NULL,2,'30666908','20-30666908-8',1,NULL,43,NULL,1,NULL,NULL,NULL,25,25,0,0,0,0,0,NULL,1,NULL,NULL,36,301,1,249590.91,0,0.00,8.00,0.00,29,32,29,'2023-02-01','2023-02-01',NULL,NULL,NULL,NULL,NULL,0,2,2,2,2,121,8,1,2,1,0,0,0,0,NULL,0.7800,164.00,0,0.00,2,'1',2,'0',2,'0','0',NULL,NULL,NULL,1,'2023-03-01 02:29:22','2023-04-21 09:50:45',NULL),(202,8165,40720,0,NULL,102,'GAMBINO DANIEL ESTEBAN',NULL,'2023-03-24',1,1,5,1,NULL,1,NULL,NULL,NULL,NULL,NULL,NULL,NULL,NULL,2,'27678067','20-27678067-1',1,NULL,182,NULL,1,NULL,NULL,NULL,25,25,0,0,0,0,0,NULL,1,NULL,NULL,36,302,1,198009.52,0,0.00,8.00,0.00,29,33,29,'2023-03-01','2023-03-01',NULL,NULL,NULL,NULL,NULL,0,2,2,2,2,121,4,1,2,1,0,0,0,0,NULL,0.7800,164.00,0,0.00,2,'1',2,'0',2,'0','0',NULL,NULL,NULL,1,'2023-03-24 13:38:35','2023-04-21 09:51:04',NULL),(203,8165,40720,0,NULL,103,'MONACO MARTIN MAXIMILIANO',NULL,'2023-03-24',1,1,5,1,NULL,1,NULL,NULL,NULL,NULL,NULL,NULL,NULL,NULL,2,'26581650','23-26581650-9',1,NULL,44,44,1,NULL,NULL,NULL,25,25,0,0,0,0,0,NULL,1,NULL,NULL,36,301,1,249590.91,0,0.00,8.00,0.00,29,32,29,'2023-03-01','2023-03-01',NULL,NULL,NULL,NULL,NULL,0,2,2,2,2,121,4,1,2,1,0,0,0,0,NULL,0.7800,164.00,0,0.00,2,'1',2,'0',2,'0','0',NULL,NULL,NULL,1,'2023-03-24 13:40:16','2023-04-21 09:50:45',NULL),(204,8165,40742,0,NULL,64,'PEÑALVER MARCELO FABIAN',NULL,'2023-03-24',1,1,5,1,NULL,1,NULL,NULL,NULL,NULL,NULL,NULL,NULL,NULL,2,'25485359','20-25485359-4',1,NULL,182,NULL,1,NULL,NULL,NULL,26,26,0,0,0,0,0,NULL,1,NULL,NULL,49,328,1,156672.16,0,0.00,8.00,0.00,42,48,42,'2023-03-16','2023-03-16',NULL,NULL,NULL,NULL,NULL,0,2,2,2,2,121,4,1,2,1,0,0,0,0,NULL,1.4400,164.00,0,0.00,2,'1',2,'0',2,'0','0',NULL,NULL,NULL,1,'2023-03-24 19:10:05','2023-04-26 01:40:46',NULL),(205,8165,40723,0,NULL,5,'ROJAS VANESA SOLEDAD',NULL,'2023-03-24',2,1,5,1,NULL,1,NULL,NULL,NULL,NULL,NULL,NULL,NULL,NULL,2,'30304586','23-30304586-4',1,NULL,227,NULL,1,NULL,NULL,NULL,6,6,0,0,0,0,0,NULL,1,NULL,NULL,6,231,1,1073401.00,0,0.00,8.00,0.00,4,4,4,'2023-03-01','2023-03-01',NULL,NULL,NULL,NULL,NULL,0,2,2,2,2,50,4,1,2,1,0,1,0,0,NULL,4.0000,164.00,1,37.21,2,'1',2,'0',2,'0','0',NULL,NULL,NULL,1,'2023-03-24 22:03:14','2025-10-27 23:14:41',NULL);
INSERT INTO `syj_empleados` VALUES (206,8165,40721,0,NULL,2,'MUÑOZ DE ALVAREZ ANDREA',NULL,'2023-03-24',2,1,5,1,NULL,1,NULL,NULL,NULL,NULL,NULL,NULL,NULL,NULL,2,'95697222','27-95697222-7',1,NULL,227,NULL,1,NULL,NULL,NULL,3,3,0,0,0,0,0,NULL,1,NULL,NULL,38,229,1,529193.50,0,0.00,4.00,0.00,3,3,3,'2023-03-01','2023-03-01',NULL,NULL,NULL,NULL,NULL,0,2,2,2,2,50,1,1,2,1,0,1,0,0,NULL,5.7120,164.00,1,0.00,2,'1',2,'0',2,'0','0',NULL,NULL,NULL,1,'2023-03-24 22:21:51','2025-10-27 23:07:43',NULL),(207,8165,40740,0,NULL,120,'FLORENTIN PERALTA EMANUEL',NULL,'2023-03-30',1,1,5,1,NULL,1,NULL,NULL,NULL,NULL,NULL,NULL,NULL,NULL,2,'39331757','20-39331757-5',2,NULL,74,NULL,1,NULL,NULL,NULL,23,23,0,0,0,0,0,NULL,1,NULL,NULL,16,123,2,3731.00,0,0.00,9.00,0.00,25,26,25,'2023-03-14','2023-03-14',NULL,NULL,NULL,NULL,NULL,0,2,2,2,6,4,18,1,2,1,0,1,0,0,NULL,9.6720,164.00,1,0.00,2,'1',2,'0',2,'0','0',NULL,NULL,NULL,1,'2023-03-30 19:46:00','2025-10-28 23:21:39',NULL),(208,8165,40740,0,NULL,121,'CARRIZO CRISTIAN NAHUEL',NULL,'2023-03-30',1,1,5,1,NULL,1,NULL,NULL,NULL,NULL,NULL,NULL,NULL,NULL,2,'40234495','20-40234495-5',2,NULL,236,NULL,1,NULL,NULL,NULL,23,23,0,0,0,0,0,NULL,1,NULL,NULL,16,123,2,3731.00,0,0.00,9.00,0.00,25,26,25,'2023-03-14','2023-03-14',NULL,NULL,NULL,NULL,NULL,0,2,2,2,6,4,18,1,2,1,0,0,0,0,NULL,9.6720,164.00,0,0.00,2,'1',2,'0',2,'0','0',NULL,NULL,NULL,1,'2023-03-30 19:47:42','2025-10-28 23:21:39',NULL),(209,8165,40740,0,NULL,122,'BARRAGAN MATIAS JOEL',NULL,'2023-03-30',1,1,5,1,NULL,1,NULL,NULL,NULL,NULL,NULL,NULL,NULL,NULL,2,'46563262','20-46563262-4',2,NULL,74,NULL,1,NULL,NULL,NULL,23,23,0,0,0,0,0,NULL,1,NULL,NULL,16,123,2,3731.00,0,0.00,9.00,0.00,25,26,25,'2023-03-20','2023-03-20',NULL,NULL,NULL,NULL,NULL,0,2,2,2,6,4,18,1,2,1,0,1,0,0,NULL,9.6720,164.00,0,0.00,2,'1',2,'0',2,'0','0',NULL,NULL,NULL,1,'2023-03-30 19:49:04','2025-10-28 23:21:39',NULL),(210,8165,40720,0,NULL,104,'PRIETO ALDANA BELEN',NULL,'2023-04-26',2,1,5,1,NULL,1,NULL,NULL,NULL,NULL,NULL,NULL,NULL,NULL,2,'37898782','27-37898782-8',1,NULL,5,NULL,1,NULL,NULL,NULL,25,25,0,0,0,0,0,NULL,1,NULL,NULL,36,304,1,191446.59,0,0.00,8.00,0.00,30,30,30,'2023-04-01','2023-04-01',NULL,NULL,NULL,NULL,NULL,0,2,2,2,2,121,4,1,2,1,0,0,0,0,NULL,0.7800,164.00,0,0.00,2,'1',2,'0',2,'0','0',NULL,NULL,NULL,1,'2023-04-26 00:17:23','2023-04-26 00:17:23',NULL),(211,8165,40720,0,NULL,105,'RAMIREZ ARROCHE SELVA',NULL,'2023-04-26',2,1,5,1,NULL,1,NULL,NULL,NULL,NULL,NULL,NULL,NULL,NULL,2,'24819461','27-24819461-3',1,NULL,182,NULL,1,NULL,NULL,NULL,25,25,0,0,0,0,0,NULL,1,NULL,NULL,36,305,1,180775.38,0,0.00,8.00,0.00,31,42,31,'2023-04-01','2023-04-01',NULL,NULL,NULL,NULL,NULL,0,2,2,2,2,121,4,1,2,1,0,0,0,0,NULL,0.7800,164.00,0,0.00,2,'1',2,'0',2,'0','0',NULL,NULL,NULL,1,'2023-04-26 00:19:07','2023-04-26 00:19:07',NULL),(212,8165,40740,0,NULL,123,'BAZAN DEBORA NATALIA',NULL,'2023-06-05',2,1,5,1,NULL,1,NULL,NULL,NULL,NULL,NULL,NULL,NULL,NULL,2,'32892913','27-32892913-4',1,NULL,73,NULL,1,NULL,NULL,NULL,23,23,0,0,0,0,0,NULL,1,NULL,NULL,47,294,1,885788.00,0,0.00,8.00,0.00,24,25,24,'2023-05-04','2023-05-04',NULL,NULL,NULL,NULL,NULL,0,2,2,2,2,50,4,1,2,1,0,1,0,0,NULL,9.6720,164.00,1,0.00,2,'1',2,'0',2,'0','0',NULL,NULL,NULL,1,'2023-06-05 11:36:03','2025-10-28 23:42:16',NULL),(213,8165,40740,0,NULL,124,'ARRUA BENITEZ RUBEN',NULL,'2023-06-28',1,1,5,1,NULL,1,NULL,NULL,NULL,NULL,NULL,NULL,NULL,NULL,2,'92963916','20-92963916-3',1,NULL,2,NULL,1,NULL,NULL,NULL,23,23,0,0,0,0,0,NULL,1,NULL,NULL,43,270,1,500000.00,0,0.00,9.00,0.00,52,59,52,'2023-06-01','2023-06-01',NULL,NULL,NULL,NULL,NULL,0,2,2,2,2,50,37,1,2,1,0,0,0,0,NULL,9.6720,164.00,1,0.00,2,'1',2,'0',2,'0','0',NULL,NULL,NULL,1,'2023-06-28 00:39:04','2024-02-04 18:12:59',NULL);
INSERT INTO `syj_empleados` VALUES (214,8165,40730,0,NULL,5,'LEZCANO ELIANA MARIANA',NULL,'2023-07-25',2,1,5,1,NULL,1,NULL,NULL,NULL,NULL,NULL,NULL,NULL,NULL,2,'33245381','27-33245381-0',2,NULL,5,NULL,1,NULL,NULL,NULL,13,13,0,0,0,0,0,NULL,1,NULL,NULL,42,335,1,723653.38,0,0.00,4.00,0.00,13,13,13,'2023-07-01','2023-07-01',NULL,NULL,NULL,NULL,NULL,0,2,2,2,2,50,1,1,3,1,0,1,0,0,NULL,2.3500,155.00,1,0.00,2,'1',2,'0',2,'0','0',NULL,NULL,NULL,1,'2023-07-25 20:07:03','2025-10-27 23:52:10',NULL),(215,8165,40725,0,NULL,4,'MELNYCZAJKO HORACIO ANIBAL',NULL,'2023-07-31',1,1,5,1,NULL,1,NULL,NULL,NULL,NULL,NULL,NULL,NULL,NULL,2,'12180332','20-12180332-2',2,NULL,149,NULL,1,NULL,NULL,NULL,8,8,0,0,0,0,0,NULL,1,NULL,NULL,43,333,1,1200000.00,0,0.00,8.00,0.00,53,60,53,'2023-07-01','2023-07-01',NULL,NULL,NULL,'2023-11-01',2,0,2,2,2,2,50,8,1,2,1,0,0,0,0,NULL,2.9340,164.00,0,0.00,2,'1',2,'0',2,'0','0',NULL,NULL,NULL,1,'2023-07-31 16:41:27','2024-01-24 21:12:35',NULL),(216,8165,40745,0,NULL,1,'FERNANDEZ GUILLERMO NICOLAS',NULL,'2023-08-09',1,1,5,1,NULL,1,NULL,NULL,NULL,NULL,NULL,NULL,NULL,NULL,2,'42941476','20-42941476-9',2,NULL,227,NULL,1,NULL,NULL,NULL,29,29,0,0,0,0,0,NULL,1,NULL,NULL,56,402,1,1073401.00,0,0.00,8.00,0.00,54,61,54,'2023-06-01','2023-06-01',NULL,NULL,NULL,NULL,NULL,0,2,2,2,2,50,4,1,2,1,0,1,0,0,NULL,0.0000,0.00,1,78.36,2,'1',2,'0',2,'0','0',NULL,NULL,NULL,1,'2023-08-09 19:36:40','2025-10-27 23:32:38',NULL),(217,8165,40745,0,NULL,2,'CORBALAN ZULMA MABEL',NULL,'2023-08-09',2,1,5,1,NULL,1,NULL,NULL,NULL,NULL,NULL,NULL,NULL,NULL,2,'24022492','27-24022492-0',1,NULL,227,NULL,1,NULL,NULL,NULL,29,29,0,0,0,0,0,NULL,1,NULL,NULL,56,404,1,536700.50,0,0.00,4.00,0.00,54,61,54,'2023-06-01','2023-06-01',NULL,NULL,NULL,NULL,NULL,0,2,2,2,2,50,1,1,2,1,0,1,0,0,NULL,0.0000,0.00,1,78.36,2,'1',2,'0',2,'0','0',NULL,NULL,NULL,1,'2023-08-09 19:52:50','2025-10-27 23:32:52',NULL),(218,8165,40745,0,NULL,3,'TORRES LAUTARO TOMAS',NULL,'2023-08-09',1,1,5,1,NULL,1,NULL,NULL,NULL,NULL,NULL,NULL,NULL,NULL,2,'44764330','20-44764330-9',1,NULL,227,NULL,1,NULL,NULL,NULL,29,29,0,0,0,0,0,NULL,1,NULL,NULL,56,402,1,1073401.00,0,0.00,8.00,0.00,54,61,54,'2023-07-27','2023-07-27',NULL,NULL,NULL,NULL,NULL,0,2,2,2,2,50,4,1,2,1,0,1,0,0,NULL,0.0000,0.00,1,78.36,2,'1',2,'0',2,'0','0',NULL,NULL,NULL,1,'2023-08-09 19:54:14','2025-10-27 23:32:38',NULL),(219,8165,40745,0,NULL,4,'FERNANDEZ PAOLA ELIZABETH',NULL,'2023-08-09',1,1,5,1,NULL,1,NULL,NULL,NULL,NULL,NULL,NULL,NULL,NULL,2,'33404638','27-33404638-4',2,NULL,227,NULL,1,NULL,NULL,NULL,29,29,0,0,0,0,0,NULL,1,NULL,NULL,56,404,1,536700.50,0,0.00,4.00,0.00,54,61,54,'2023-07-31','2023-07-31',NULL,NULL,NULL,NULL,NULL,0,2,2,2,2,50,1,1,2,1,0,1,0,0,NULL,0.0000,0.00,1,78.36,2,'1',2,'0',2,'0','0',NULL,NULL,NULL,1,'2023-08-09 19:55:37','2025-10-27 23:32:52',NULL),(220,8165,40746,0,NULL,1,'BUSTOS MIRTA GRACIELA',NULL,'2023-08-27',2,1,5,1,NULL,1,NULL,NULL,NULL,NULL,NULL,NULL,NULL,NULL,2,'17886057','27-17886057-2',1,NULL,67,NULL,1,NULL,NULL,NULL,30,30,0,0,0,0,0,NULL,1,NULL,NULL,57,415,1,526379.50,0,0.00,4.00,0.00,55,62,55,'2025-07-07','2025-07-07',NULL,NULL,NULL,NULL,NULL,0,2,2,2,2,50,1,1,2,1,0,1,0,0,NULL,0.0000,0.00,1,78.36,2,'1',2,'0',2,'0','0',NULL,NULL,'#000000',1,'2023-08-27 22:12:05','2025-08-26 19:14:02',NULL),(221,8165,40740,0,NULL,125,'CORONEL NORMA ESTELA',NULL,'2023-08-28',2,1,5,1,NULL,1,NULL,NULL,NULL,NULL,NULL,NULL,NULL,NULL,2,'35762322','27-35762322-2',1,NULL,2,NULL,1,NULL,NULL,NULL,23,23,0,0,0,0,0,NULL,1,NULL,NULL,43,270,1,500000.00,0,0.00,8.00,0.00,52,59,52,'2023-08-01','2023-08-01',NULL,NULL,NULL,NULL,NULL,0,2,2,2,2,50,37,1,2,1,0,0,0,0,NULL,9.6720,164.00,1,78.36,2,'1',2,'0',2,'0','0',NULL,NULL,NULL,1,'2023-08-28 19:24:18','2024-01-24 22:26:39',NULL);
INSERT INTO `syj_empleados` VALUES (222,8165,40747,0,NULL,1,'DUARTE MIRTHA GRACIELA',NULL,'2023-08-28',1,1,5,1,NULL,1,NULL,NULL,NULL,NULL,NULL,NULL,NULL,NULL,2,'94169609','27-94169609-6',2,NULL,92,NULL,1,NULL,NULL,NULL,31,31,0,0,0,0,0,NULL,1,NULL,NULL,42,263,1,1447306.76,0,0.00,8.00,0.00,56,63,56,'2023-08-01','2018-11-01',NULL,NULL,NULL,NULL,NULL,0,2,2,2,2,50,4,1,2,1,0,1,0,0,NULL,0.0000,0.00,1,78.36,2,'1',2,'0',2,'0','0',NULL,NULL,NULL,1,'2023-08-28 19:37:10','2025-10-27 23:51:49',NULL),(223,8165,40724,0,NULL,3,'DUARTE GIMENEZ MARIA GRISELDA',NULL,'2023-08-28',2,1,5,1,NULL,1,NULL,NULL,NULL,NULL,NULL,NULL,NULL,NULL,2,'94207591','27-94207591-5',2,NULL,223,NULL,1,NULL,NULL,NULL,7,7,0,0,0,0,0,NULL,1,NULL,NULL,42,263,1,1447306.76,0,0.00,8.00,0.00,5,5,5,'2023-08-01','2023-08-01',NULL,NULL,NULL,NULL,NULL,0,2,2,2,2,50,4,1,2,1,0,1,0,0,NULL,2.3500,155.00,1,0.00,2,'1',2,'0',2,'0','0',NULL,NULL,NULL,1,'2023-08-28 20:14:24','2025-10-27 23:51:49',NULL),(224,8165,40740,0,NULL,126,'ORUE LUCAS FABIAN',NULL,'2023-08-29',1,1,5,1,NULL,1,NULL,NULL,NULL,NULL,NULL,NULL,NULL,NULL,2,'42904149','20-42904149-0',2,NULL,74,NULL,1,NULL,NULL,NULL,23,23,0,0,0,0,0,NULL,1,NULL,NULL,16,123,2,3731.00,0,0.00,8.00,0.00,25,26,25,'2023-08-29','2023-08-29',NULL,NULL,NULL,NULL,NULL,0,2,2,2,6,4,18,1,2,1,0,1,0,0,NULL,9.6720,164.00,1,78.36,2,'1',2,'0',2,'0','0',NULL,NULL,NULL,1,'2023-08-29 18:21:30','2025-10-28 23:21:39',NULL),(225,8165,40745,0,NULL,5,'MEDINA BRAIAN YAMIL',NULL,'2023-09-09',1,1,5,1,NULL,1,NULL,NULL,NULL,NULL,NULL,NULL,NULL,NULL,2,'41460474','23-41460474-9',1,NULL,227,NULL,1,NULL,NULL,NULL,29,29,0,0,0,0,0,NULL,1,NULL,NULL,56,404,1,536700.50,0,0.00,4.00,0.00,54,61,54,'2023-08-02','2023-08-02',NULL,NULL,NULL,NULL,NULL,0,2,2,2,2,50,1,1,2,1,0,1,0,0,NULL,0.0000,0.00,1,0.00,2,'1',2,'0',2,'0','0',NULL,NULL,NULL,1,'2023-09-09 23:28:36','2025-10-27 23:32:52',NULL),(226,8165,40745,0,NULL,6,'GOMEZ AGUSTIN GABRIEL',NULL,'2023-09-09',1,1,5,1,NULL,1,NULL,NULL,NULL,NULL,NULL,NULL,NULL,NULL,2,'45007539','20-45007539-7',2,NULL,227,NULL,1,NULL,NULL,NULL,29,29,0,0,0,0,0,NULL,1,NULL,NULL,56,404,1,536700.50,0,0.00,4.00,0.00,54,61,54,'2023-08-02','2023-08-02',NULL,NULL,NULL,NULL,NULL,0,2,2,2,2,50,1,1,2,1,0,1,0,0,NULL,0.0000,0.00,1,0.00,2,'1',2,'0',2,'0','0',NULL,NULL,NULL,1,'2023-09-09 23:29:38','2025-10-27 23:32:52',NULL),(227,8165,40740,0,NULL,127,'RIVERO LUIS GERARDO',NULL,'2023-09-27',1,1,5,1,NULL,1,NULL,NULL,NULL,NULL,NULL,NULL,NULL,NULL,2,'95831528','20-95831528-8',1,NULL,227,NULL,1,NULL,NULL,NULL,23,23,0,0,0,0,0,NULL,1,NULL,NULL,56,402,1,1073401.00,0,0.00,8.00,0.00,24,25,24,'2023-09-01','2023-09-01',NULL,NULL,NULL,NULL,NULL,0,2,2,2,2,50,4,1,2,1,0,1,0,0,NULL,9.6720,164.00,1,0.00,2,'1',2,'0',2,'0','0',NULL,NULL,NULL,1,'2023-09-27 19:23:44','2025-10-27 23:32:38',NULL),(228,8165,40741,0,NULL,27,'LONGUE ALBERTO SEBASTIAN',NULL,'2023-10-23',1,1,5,1,NULL,1,NULL,NULL,NULL,NULL,NULL,NULL,NULL,NULL,2,'34161483','20-34161483-0',2,NULL,140,NULL,1,NULL,NULL,NULL,24,24,0,0,0,0,0,NULL,1,NULL,NULL,48,300,1,4335.00,0,0.00,8.00,0.00,27,29,28,'2023-07-10','2023-07-10',NULL,NULL,NULL,NULL,NULL,0,2,2,2,2,50,4,1,2,1,0,1,0,0,NULL,9.6720,164.00,1,0.00,2,'1',2,'0',2,'0','0',NULL,NULL,NULL,1,'2023-10-23 17:23:59','2025-10-07 16:53:34',NULL),(229,8165,40741,0,NULL,28,'ALARCON RAMON VICENTE',NULL,'2023-10-23',1,1,5,1,NULL,1,NULL,NULL,NULL,NULL,NULL,NULL,NULL,NULL,2,'33777285','20-33777285-5',2,NULL,74,NULL,1,NULL,NULL,NULL,24,24,0,0,0,0,0,NULL,1,NULL,NULL,48,300,1,4335.00,0,0.00,8.00,0.00,27,29,28,'2023-07-17','2023-07-17',NULL,NULL,NULL,NULL,NULL,0,2,2,2,2,50,4,1,2,1,0,1,0,0,NULL,9.6720,164.00,1,0.00,2,'1',2,'0',2,'0','0',NULL,NULL,NULL,1,'2023-10-23 17:25:18','2025-10-07 16:53:34',NULL);
INSERT INTO `syj_empleados` VALUES (230,8165,40740,0,NULL,128,'SILVA NAVAS JOSE ALEJANDRO',NULL,'2023-11-01',1,1,5,1,NULL,1,NULL,NULL,NULL,NULL,NULL,NULL,NULL,NULL,2,'96047389','20-96047389-3',2,NULL,227,NULL,1,NULL,NULL,NULL,23,23,0,0,0,0,0,NULL,1,NULL,NULL,56,402,1,1073401.00,0,0.00,8.00,0.00,24,25,24,'2023-10-02','2023-10-02',NULL,NULL,NULL,'2024-04-19',2,0,2,2,2,2,50,4,1,2,1,0,1,0,0,NULL,9.6720,164.00,1,0.00,2,'1',2,'0',2,'0','0',NULL,NULL,NULL,1,'2023-11-01 19:23:28','2025-10-27 23:32:38',NULL),(231,8165,40726,0,NULL,18,'BAEZ VALERIA OLINDA',NULL,'2023-11-28',2,1,5,1,NULL,1,NULL,NULL,NULL,NULL,NULL,NULL,NULL,NULL,2,'33134192','23-33134192-4',1,NULL,27,NULL,1,NULL,NULL,NULL,9,9,0,0,0,0,0,NULL,1,NULL,NULL,59,428,1,612175.50,0,0.00,4.00,0.00,7,7,7,'2023-11-01','2023-11-01',NULL,NULL,NULL,NULL,NULL,0,2,2,2,2,50,1,1,2,1,0,1,0,0,NULL,5.5140,164.00,1,0.00,2,'1',2,'0',2,'0','0',NULL,NULL,NULL,1,'2023-11-28 20:24:03','2025-10-29 12:24:15',NULL),(232,8165,40748,0,NULL,1,'GOSCHMAN BRIAN GERMAN',NULL,'2023-11-29',1,1,5,1,NULL,1,NULL,NULL,NULL,NULL,NULL,NULL,NULL,NULL,2,'31877623','20-31877623-8',1,NULL,5,NULL,1,NULL,NULL,NULL,32,32,0,0,0,0,0,NULL,1,NULL,NULL,57,413,1,149199.75,0,0.00,8.00,0.00,57,64,57,'2023-11-22','2023-11-22',NULL,NULL,NULL,'2023-12-31',2,0,2,2,2,2,50,8,1,2,1,0,1,0,0,NULL,0.0000,0.00,1,0.00,2,'1',2,'0',2,'0','0',NULL,NULL,NULL,1,'2023-11-29 10:27:59','2023-12-27 20:59:48',NULL),(233,8165,40740,0,NULL,129,'BENITEZ JENNIFER MICAELA',NULL,'2023-11-29',1,1,5,1,NULL,1,NULL,NULL,NULL,NULL,NULL,NULL,NULL,NULL,2,'40429127','27-40429127-6',2,NULL,227,NULL,1,NULL,NULL,NULL,23,23,0,0,0,0,0,NULL,1,NULL,NULL,56,402,1,1073401.00,0,0.00,8.00,0.00,24,25,24,'2023-11-27','2023-11-27',NULL,NULL,NULL,NULL,NULL,0,2,2,2,2,50,4,1,2,1,0,1,0,0,NULL,9.6720,164.00,1,0.00,2,'1',2,'0',2,'0','0',NULL,NULL,NULL,1,'2023-11-29 11:19:42','2025-10-27 23:32:38',NULL),(234,8165,40740,0,NULL,130,'RODRIGUEZ ESPINOZA JOHANA YOLISMAR',NULL,'2023-12-28',2,1,5,1,NULL,1,NULL,NULL,NULL,NULL,NULL,NULL,NULL,NULL,2,'96079932','27-96079932-7',1,NULL,227,NULL,1,NULL,NULL,NULL,23,23,0,0,0,0,0,NULL,1,NULL,NULL,56,404,1,536700.50,0,0.00,4.00,0.00,24,25,24,'2023-12-05','2023-12-05',NULL,NULL,NULL,NULL,NULL,0,2,2,2,2,50,1,1,2,1,0,1,0,0,NULL,9.6720,164.00,1,0.00,2,'1',2,'0',2,'0','0',NULL,NULL,NULL,1,'2023-12-28 00:03:14','2025-10-27 23:32:52',NULL),(235,8165,40735,0,NULL,23,'MUÑOZ EDGARDO HORACIO',NULL,'2004-05-18',1,1,5,1,NULL,1,NULL,NULL,NULL,NULL,NULL,NULL,NULL,NULL,2,'25348340','20-25348340-8',1,NULL,155,NULL,1,NULL,NULL,NULL,18,18,0,0,0,0,0,NULL,1,NULL,NULL,44,281,1,839244.00,0,0.00,4.00,0.00,19,19,19,'2024-04-30','2024-04-30',NULL,NULL,NULL,NULL,NULL,0,2,2,2,2,50,1,1,2,1,0,1,0,0,NULL,8.9300,164.00,1,0.00,2,'1',2,'0',2,'0','0',NULL,NULL,NULL,1,'2024-04-30 14:41:37','2025-09-23 01:07:22',NULL),(236,8165,40745,0,NULL,7,'BAÑARES GONZALO HERNAN',NULL,'2024-05-29',1,1,5,1,NULL,1,NULL,NULL,NULL,NULL,NULL,NULL,NULL,NULL,2,'44423446','20-44423446-7',2,NULL,227,NULL,1,NULL,NULL,NULL,29,29,0,0,0,0,0,NULL,1,NULL,NULL,56,402,1,1073401.00,0,0.00,8.00,0.00,54,61,54,'2023-11-30','2023-11-30',NULL,NULL,NULL,'2024-06-25',2,0,2,2,2,2,50,4,1,2,1,0,1,0,0,NULL,0.0000,0.00,1,0.00,2,'1',2,'0',2,'0','0',NULL,NULL,NULL,1,'2024-05-29 10:07:45','2025-10-27 23:32:38',NULL),(237,8165,40745,0,NULL,8,'MARINO ALAN NAHUEL',NULL,'2024-05-29',1,1,5,1,NULL,1,NULL,NULL,NULL,NULL,NULL,NULL,NULL,NULL,2,'43899921','20-43899921-4',2,NULL,227,NULL,1,NULL,NULL,NULL,29,29,0,0,0,0,0,NULL,1,NULL,NULL,56,402,1,1073401.00,0,0.00,8.00,0.00,54,61,54,'2024-04-06','2024-04-06',NULL,NULL,NULL,NULL,NULL,0,2,2,2,2,50,8,1,2,1,0,1,0,0,NULL,0.0000,0.00,1,0.00,2,'1',2,'0',2,'0','0',NULL,NULL,NULL,1,'2024-05-29 10:09:02','2025-10-27 23:32:38',NULL);
INSERT INTO `syj_empleados` VALUES (238,8165,40745,0,NULL,9,'RECALDE ISCEERN GONZALO MARTIN',NULL,'2024-05-29',1,1,5,1,NULL,1,NULL,NULL,NULL,NULL,NULL,NULL,NULL,NULL,2,'45007770','20-45007770-5',2,NULL,227,NULL,1,NULL,NULL,NULL,29,29,0,0,0,0,0,NULL,1,NULL,NULL,56,404,1,536700.50,0,0.00,4.00,0.00,54,61,54,'2024-12-18','2024-12-18',NULL,NULL,NULL,NULL,NULL,0,2,2,2,2,50,1,1,2,1,0,1,0,0,NULL,0.0000,0.00,1,0.00,2,'1',2,'0',2,'0','0',NULL,NULL,NULL,1,'2024-05-29 10:10:15','2025-10-27 23:32:52',NULL),(239,8165,40745,0,NULL,10,'PALAVECINO AGUSTINA GRISEL',NULL,'2024-05-29',2,1,5,1,NULL,1,NULL,NULL,NULL,NULL,NULL,NULL,NULL,NULL,2,'44080346','27-44080346-1',2,NULL,227,NULL,1,NULL,NULL,NULL,29,29,0,0,0,0,0,NULL,1,NULL,NULL,56,402,1,1073401.00,0,0.00,8.00,0.00,54,61,54,'2024-05-15','2024-05-15',NULL,NULL,NULL,NULL,NULL,0,2,2,2,2,50,8,1,2,1,0,1,0,0,NULL,0.0000,0.00,1,0.00,2,'1',2,'0',2,'0','0',NULL,NULL,NULL,1,'2024-05-29 10:11:13','2025-10-27 23:32:38',NULL),(240,8165,40749,0,NULL,1,'CASTRO ROMAN OMAR',NULL,'2024-05-29',1,1,5,1,NULL,1,NULL,NULL,NULL,NULL,NULL,NULL,NULL,NULL,2,'36521851','20-36521851-0',2,NULL,74,NULL,1,NULL,NULL,NULL,33,33,0,0,0,0,0,NULL,1,NULL,NULL,16,296,2,4056.00,0,0.00,8.00,0.00,58,65,58,'2024-05-20','2024-05-20',NULL,NULL,NULL,NULL,NULL,0,2,2,2,6,4,18,1,2,1,0,1,0,0,NULL,0.0000,0.00,1,0.00,2,'1',2,'0',2,'0','0',NULL,NULL,NULL,1,'2024-05-29 11:44:39','2025-03-25 20:04:42',NULL),(241,8165,40749,0,NULL,2,'DOS SANTOS WALTER HERNAN',NULL,'2024-05-29',1,1,5,1,NULL,1,NULL,NULL,NULL,NULL,NULL,NULL,NULL,NULL,2,'23213169','20-23213169-2',2,NULL,74,NULL,1,NULL,NULL,NULL,33,33,0,0,0,0,0,NULL,1,NULL,NULL,16,296,2,4056.00,0,0.00,8.00,0.00,58,65,58,'2024-05-20','2024-05-20',NULL,NULL,NULL,NULL,NULL,0,2,2,2,6,4,18,1,2,1,0,1,0,0,NULL,0.0000,0.00,1,0.00,2,'1',2,'0',2,'0','0',NULL,NULL,NULL,1,'2024-05-29 11:45:52','2025-03-25 20:04:42',NULL),(242,8165,40749,0,NULL,3,'HERRERA CLAUDIO DANIEL',NULL,'2024-05-29',1,1,5,1,NULL,1,NULL,NULL,NULL,NULL,NULL,NULL,NULL,NULL,2,'31396740','23-31396740-9',1,NULL,74,NULL,1,NULL,NULL,NULL,33,33,0,0,0,0,0,NULL,1,NULL,NULL,16,296,2,4056.00,0,0.00,8.00,0.00,58,65,58,'2024-05-20','2024-05-20',NULL,NULL,NULL,NULL,NULL,0,2,2,2,6,4,18,1,2,1,0,1,0,0,NULL,0.0000,0.00,1,0.00,2,'1',2,'0',2,'0','0',NULL,NULL,NULL,1,'2024-05-29 11:46:56','2025-03-25 20:04:42',NULL),(243,8165,40749,0,NULL,4,'MONTENEGRO HUGO ALEJANDRO',NULL,'2024-05-29',1,1,5,1,NULL,1,NULL,NULL,NULL,NULL,NULL,NULL,NULL,NULL,2,'44080994','20-44080994-5',1,NULL,1,NULL,1,NULL,NULL,NULL,33,33,0,0,0,0,0,NULL,1,NULL,NULL,16,296,2,4056.00,0,0.00,8.00,0.00,58,65,58,'2024-05-20','2024-05-20',NULL,NULL,NULL,NULL,NULL,0,2,2,2,6,4,18,1,2,1,0,1,0,0,NULL,0.0000,0.00,1,0.00,2,'1',2,'0',2,'0','0',NULL,NULL,NULL,1,'2024-05-29 11:47:58','2025-03-25 20:04:42',NULL),(244,8165,40749,0,NULL,5,'TORRILLA FERNANDO GUSTAVO',NULL,'2024-05-29',1,1,5,1,NULL,1,NULL,NULL,NULL,NULL,NULL,NULL,NULL,NULL,2,'36400260','20-36400260-3',2,NULL,74,NULL,1,NULL,NULL,NULL,33,33,0,0,0,0,0,NULL,1,NULL,NULL,16,296,2,4056.00,0,0.00,8.00,0.00,58,65,58,'2024-05-20','2024-05-20',NULL,NULL,NULL,NULL,NULL,0,2,2,2,6,4,18,1,2,1,0,1,0,0,NULL,0.0000,0.00,1,0.00,2,'1',2,'0',2,'0','0',NULL,NULL,NULL,1,'2024-05-29 11:49:10','2025-03-25 20:04:42',NULL),(245,8165,40749,0,NULL,6,'AVALOS BRIAN NAHUEL',NULL,'2024-05-29',1,1,5,1,NULL,1,NULL,NULL,NULL,NULL,NULL,NULL,NULL,NULL,2,'40399849','20-40399849-5',2,NULL,74,NULL,1,NULL,NULL,NULL,33,33,0,0,0,0,0,NULL,1,NULL,NULL,16,123,2,3731.00,0,0.00,8.00,0.00,59,66,59,'2024-05-20','2024-05-20',NULL,NULL,NULL,NULL,NULL,0,2,2,2,6,4,18,1,2,1,0,1,0,0,NULL,0.0000,0.00,1,0.00,2,'1',2,'0',2,'0','0',NULL,NULL,NULL,1,'2024-05-29 11:52:06','2025-10-28 23:21:39',NULL);
INSERT INTO `syj_empleados` VALUES (246,8165,40749,0,NULL,7,'CASTILLO RODRIGO ALEJANDRO',NULL,'2024-05-29',1,1,5,1,NULL,1,NULL,NULL,NULL,NULL,NULL,NULL,NULL,NULL,2,'43052505','20-43052505-1',2,NULL,74,NULL,1,NULL,NULL,NULL,33,33,0,0,0,0,0,NULL,1,NULL,NULL,16,123,2,3731.00,0,0.00,8.00,0.00,59,66,59,'2024-05-20','2024-05-20',NULL,NULL,NULL,NULL,NULL,0,2,2,2,6,4,18,1,2,1,0,1,0,0,NULL,0.0000,0.00,1,0.00,2,'1',2,'0',2,'0','0',NULL,NULL,NULL,1,'2024-05-29 11:53:06','2025-10-28 23:21:39',NULL),(247,8165,40749,0,NULL,8,'HERRERA MAURICIO AGUSTIN',NULL,'2024-05-29',1,1,5,1,NULL,1,NULL,NULL,NULL,NULL,NULL,NULL,NULL,NULL,2,'40234475','20-40234475-0',1,NULL,74,NULL,1,NULL,NULL,NULL,33,33,0,0,0,0,0,NULL,1,NULL,NULL,16,123,2,3731.00,0,0.00,8.00,0.00,59,66,59,'2024-05-20','2024-05-20',NULL,NULL,NULL,NULL,NULL,0,2,2,2,6,4,18,1,2,1,0,1,0,0,NULL,0.0000,0.00,1,0.00,2,'1',2,'0',2,'0','0',NULL,NULL,NULL,1,'2024-05-29 11:54:13','2025-10-28 23:21:39',NULL),(248,8165,40749,0,NULL,9,'QUIÑONEZ GONZALEZ MARCOS ARIEL',NULL,'2024-05-29',1,1,5,1,NULL,1,NULL,NULL,NULL,NULL,NULL,NULL,NULL,NULL,2,'93968236','20-93968236-9',2,NULL,227,NULL,1,NULL,NULL,NULL,33,33,0,0,0,0,0,NULL,1,NULL,NULL,16,296,2,4056.00,0,0.00,8.00,0.00,58,65,58,'2024-05-28','2024-05-28',NULL,NULL,NULL,NULL,NULL,0,2,2,2,6,4,18,1,2,1,0,1,0,0,NULL,0.0000,0.00,1,0.00,2,'1',2,'0',2,'0','0',NULL,NULL,NULL,1,'2024-05-29 11:55:17','2025-03-25 20:04:42',NULL),(249,8165,40724,0,NULL,4,'DOMINGUEZ LUCIA AGOSTINA',NULL,'2024-05-31',1,1,5,1,NULL,1,NULL,NULL,NULL,NULL,NULL,NULL,NULL,NULL,2,'43988465','20-43988465-8',1,NULL,223,NULL,1,NULL,NULL,NULL,7,7,0,0,0,0,0,NULL,1,NULL,NULL,42,263,1,1447306.76,0,0.00,8.00,0.00,5,5,5,'2024-05-01','2024-05-01',NULL,NULL,NULL,NULL,NULL,0,2,2,2,2,50,4,1,2,1,0,1,0,0,NULL,2.3500,155.00,1,0.00,2,'1',2,'0',2,'0','0',NULL,NULL,NULL,1,'2024-05-31 13:21:41','2025-10-27 23:51:49',NULL),(250,8165,40722,0,NULL,2,'WILLIAMS HURTADO PAOLA ANAHI',NULL,'2024-05-31',1,1,5,1,NULL,1,NULL,NULL,NULL,NULL,NULL,NULL,NULL,NULL,2,'27437104','27-27437104-3',1,NULL,223,NULL,1,NULL,NULL,NULL,4,4,0,0,0,0,0,NULL,1,NULL,NULL,42,263,1,1447306.76,0,0.00,8.00,0.00,2,2,2,'2024-05-01','2018-02-20',NULL,NULL,NULL,NULL,NULL,0,2,2,2,2,50,4,1,2,1,0,1,0,0,NULL,0.0000,0.00,1,0.00,2,'1',2,'0',2,'0','0',NULL,NULL,NULL,1,'2024-05-31 13:25:01','2025-10-27 23:51:49',NULL),(251,8165,40749,0,NULL,10,'CARCAVILLA JONATHAN SEBASTIAN',NULL,'2024-06-24',1,1,5,1,NULL,1,NULL,NULL,NULL,NULL,NULL,NULL,NULL,NULL,2,'41291870','20-41291870-4',2,NULL,74,NULL,1,NULL,NULL,NULL,33,33,0,0,0,0,0,NULL,1,NULL,NULL,16,123,2,3731.00,0,0.00,8.00,0.00,59,66,59,'2024-06-06','2024-06-06',NULL,NULL,NULL,NULL,NULL,0,2,2,2,6,4,18,1,2,1,0,1,0,0,NULL,0.0000,0.00,1,0.00,2,'1',2,'0',2,'0','0',NULL,NULL,NULL,1,'2024-06-24 20:11:20','2025-10-28 23:21:39',NULL),(252,8165,40749,0,NULL,11,'LLARRAMENDIA PABLO DAVID',NULL,'2024-06-24',1,1,5,1,NULL,1,NULL,NULL,NULL,NULL,NULL,NULL,NULL,NULL,2,'32661041','20-32661041-1',2,NULL,74,NULL,1,NULL,NULL,NULL,33,33,0,0,0,0,0,NULL,1,NULL,NULL,16,296,2,4056.00,0,0.00,8.00,0.00,58,65,58,'2024-06-11','2024-06-11',NULL,NULL,NULL,NULL,NULL,0,2,2,2,6,4,18,1,2,1,0,1,0,0,NULL,0.0000,0.00,1,0.00,2,'1',2,'0',2,'0','0',NULL,NULL,NULL,1,'2024-06-24 20:12:37','2025-03-25 20:04:42',NULL),(253,8165,40749,0,NULL,12,'DIAZ BRAIAN ALEXIS',NULL,'2024-06-24',1,1,5,1,NULL,1,NULL,NULL,NULL,NULL,NULL,NULL,NULL,NULL,2,'38466935','20-38466935-3',2,NULL,74,NULL,1,NULL,NULL,NULL,33,33,0,0,0,0,0,NULL,1,NULL,NULL,16,296,2,4056.00,0,0.00,8.00,0.00,58,65,58,'2024-06-19','2024-06-19',NULL,NULL,NULL,NULL,NULL,0,2,2,2,6,4,18,1,2,1,0,1,0,0,NULL,0.0000,0.00,1,0.00,2,'1',2,'0',2,'0','0',NULL,NULL,NULL,1,'2024-06-24 20:13:55','2025-03-25 20:04:42',NULL);
INSERT INTO `syj_empleados` VALUES (254,8165,40747,0,NULL,2,'DUARTE GIMENEZ MARIA GRISELDA',NULL,'2024-07-24',2,1,5,1,NULL,1,NULL,NULL,NULL,NULL,NULL,NULL,NULL,NULL,2,'94207591','27-94207591-5',1,NULL,223,NULL,1,NULL,NULL,NULL,31,31,0,0,0,0,0,NULL,1,NULL,NULL,42,263,1,1447306.76,0,0.00,9.00,0.00,56,63,56,'2024-07-01','2024-07-01',NULL,NULL,NULL,NULL,NULL,0,2,2,2,2,50,4,1,2,1,0,1,0,0,NULL,0.0000,0.00,1,0.00,2,'1',2,'0',2,'0','0',NULL,NULL,'#000000',1,'2024-07-24 15:52:58','2025-10-27 23:51:49',NULL),(255,8165,40749,0,NULL,13,'FLEITAS MATIAS EZEQUIEL',NULL,'2024-07-29',1,1,5,1,NULL,1,NULL,NULL,NULL,NULL,NULL,NULL,NULL,NULL,2,'32990539','20-32990539-0',2,NULL,233,NULL,1,NULL,NULL,NULL,33,33,0,0,0,0,0,NULL,1,NULL,NULL,16,296,2,4056.00,0,0.00,8.00,0.00,58,65,58,'2024-07-05','2024-07-05',NULL,NULL,NULL,NULL,NULL,0,2,2,2,6,4,18,1,2,1,0,1,0,0,NULL,0.0000,0.00,1,0.00,2,'1',2,'0',2,'0','0',NULL,NULL,NULL,1,'2024-07-29 18:08:58','2025-03-25 20:04:42',NULL),(256,8165,40749,0,NULL,14,'GOMEZ ALEJANDRO MIGUEL',NULL,'2024-08-21',1,1,5,1,NULL,1,NULL,NULL,NULL,NULL,NULL,NULL,NULL,NULL,2,'38127498','20-38127498-6',2,NULL,74,NULL,1,NULL,NULL,NULL,33,33,0,0,0,0,0,NULL,1,NULL,NULL,16,296,2,4056.00,0,0.00,8.00,0.00,58,65,58,'2024-08-22','2024-08-22',NULL,NULL,NULL,NULL,NULL,0,2,2,2,6,4,18,1,2,1,0,1,0,0,NULL,0.0000,0.00,1,0.00,2,'1',2,'0',2,'0','0',NULL,NULL,NULL,1,'2024-08-21 17:38:10','2025-03-25 20:04:42',NULL),(257,8165,40749,0,NULL,15,'GEREZ MARCELO ALEJANDRO',NULL,'2024-09-17',1,1,5,1,NULL,1,NULL,NULL,NULL,NULL,NULL,NULL,NULL,NULL,2,'27577651','20-27577651-4',2,NULL,25,NULL,1,NULL,NULL,NULL,33,33,0,0,0,0,0,NULL,1,NULL,NULL,16,123,2,3731.00,0,0.00,9.00,0.00,59,66,59,'2024-09-03','2024-09-03',NULL,NULL,NULL,NULL,NULL,0,2,2,2,6,4,18,1,2,1,0,1,0,0,NULL,0.0000,0.00,1,0.00,2,'1',2,'0',2,'0','0',NULL,NULL,NULL,1,'2024-09-17 11:59:00','2025-10-28 23:21:39',NULL),(258,8165,40749,0,NULL,16,'ARAUJO EMANUEL AGUSTIN',NULL,'2024-09-17',1,1,5,1,NULL,1,NULL,NULL,NULL,NULL,NULL,NULL,NULL,NULL,2,'37298877','20-37298877-1',2,NULL,74,NULL,1,NULL,NULL,NULL,33,33,0,0,0,0,0,NULL,1,NULL,NULL,16,296,1,4056.00,0,0.00,9.00,0.00,58,65,58,'2024-09-03','2024-09-03',NULL,NULL,NULL,NULL,NULL,0,2,2,2,6,4,18,1,2,1,0,1,0,0,NULL,0.0000,0.00,1,0.00,2,'1',2,'0',2,'0','0',NULL,NULL,NULL,1,'2024-09-17 12:00:30','2025-03-25 20:04:42',NULL),(259,8165,40723,0,NULL,6,'LEDEZMA NATALIA BELEN',NULL,'2024-09-26',2,1,5,1,NULL,1,NULL,NULL,NULL,NULL,NULL,NULL,NULL,NULL,2,'37542190','27-37542190-4',3,NULL,227,NULL,1,NULL,NULL,NULL,6,6,0,0,0,0,0,NULL,1,NULL,NULL,6,230,1,536700.50,0,0.00,5.00,0.00,4,4,4,'2024-03-13','2024-03-13',NULL,NULL,NULL,'2025-04-30',7,0,2,2,2,2,50,1,1,2,1,0,1,0,0,NULL,4.0000,164.00,1,0.00,2,'1',2,'0',2,'0','0',NULL,NULL,'#000000',1,'2024-09-26 13:24:09','2025-10-27 23:14:58',NULL),(260,8165,40730,0,NULL,6,'MARTINEZ PAOLA ELISABET',NULL,'2025-01-26',2,1,5,1,NULL,1,NULL,NULL,NULL,NULL,NULL,NULL,NULL,NULL,2,'29952179','27-29952179-1',1,NULL,92,NULL,1,NULL,NULL,NULL,13,13,0,0,0,0,0,NULL,1,NULL,NULL,42,335,1,723653.38,0,0.00,4.00,0.00,13,13,13,'2025-01-01','2025-01-01',NULL,NULL,NULL,NULL,NULL,0,2,2,2,2,50,1,1,3,1,0,1,0,0,NULL,2.3500,155.00,1,0.00,2,'1',2,'0',2,'0','0',NULL,NULL,NULL,1,'2025-01-26 16:50:28','2025-10-27 23:52:10',NULL),(261,8165,40745,0,NULL,11,'MARTINEZ VERA MARIANO FRANCO',NULL,'2025-01-28',1,1,5,1,NULL,1,NULL,NULL,NULL,NULL,NULL,NULL,NULL,NULL,2,'45428109','20-45428109-9',2,NULL,227,NULL,1,NULL,NULL,NULL,29,29,0,0,0,0,0,NULL,1,NULL,NULL,56,404,1,536700.50,0,0.00,4.00,0.00,54,61,54,'2024-12-18','2024-12-18',NULL,NULL,NULL,NULL,NULL,0,2,2,2,2,50,1,1,2,1,0,1,0,0,NULL,0.0000,0.00,1,0.00,2,'1',2,'0',2,'0','0',NULL,NULL,NULL,1,'2025-01-28 10:51:24','2025-10-27 23:32:52',NULL);
INSERT INTO `syj_empleados` VALUES (262,8165,40745,0,NULL,12,'BATAGLIA MATEO EZEQUIEL',NULL,'2025-01-28',1,1,5,1,NULL,1,NULL,NULL,NULL,NULL,NULL,NULL,NULL,NULL,2,'47460378','20-47460378-5',2,NULL,227,NULL,1,NULL,NULL,NULL,29,29,0,0,0,0,0,NULL,1,NULL,NULL,56,404,1,536700.50,0,0.00,4.00,0.00,54,61,54,'2024-12-18','2024-12-18',NULL,NULL,NULL,NULL,NULL,0,2,2,2,2,50,1,1,2,1,0,1,0,0,NULL,0.0000,0.00,1,0.00,2,'1',2,'0',2,'0','0',NULL,NULL,NULL,1,'2025-01-28 10:52:39','2025-10-27 23:32:52',NULL),(263,8165,40745,0,NULL,13,'NIEVAS MATIAS ARIEL',NULL,'2025-01-28',1,1,5,1,NULL,1,NULL,NULL,NULL,NULL,NULL,NULL,NULL,NULL,2,'45624735','20-45624735-1',2,NULL,227,NULL,1,NULL,NULL,NULL,29,29,0,0,0,0,0,NULL,1,NULL,NULL,56,404,1,536700.50,0,0.00,4.00,0.00,54,61,54,'2024-12-18','2024-12-18',NULL,NULL,NULL,NULL,NULL,0,2,2,2,2,50,1,1,2,1,0,1,0,0,NULL,0.0000,0.00,1,0.00,2,'1',2,'0',2,'0','0',NULL,NULL,NULL,1,'2025-01-28 10:53:43','2025-10-27 23:32:52',NULL),(264,8165,40731,0,NULL,4,'ZITTERKOPF MIRIAM GLADYS',NULL,'2025-02-24',2,1,5,1,NULL,1,NULL,NULL,NULL,NULL,NULL,NULL,NULL,NULL,2,'20840433','23-20840433-4',1,NULL,143,NULL,1,NULL,NULL,NULL,14,14,1,0,0,0,0,NULL,1,NULL,NULL,57,406,1,1051637.00,0,0.00,8.00,0.00,61,67,60,'2025-02-01','2025-02-01',NULL,NULL,NULL,NULL,NULL,0,5,5,2,2,50,4,1,2,1,0,1,0,0,NULL,6.1450,164.00,1,0.00,2,'1',2,'0',2,'0','0',NULL,NULL,'#000000',1,'2025-02-24 21:11:02','2025-10-29 00:05:02',NULL),(265,8165,40739,0,NULL,2,'MEZA CLAUDIA BEATRIZ',NULL,'2025-02-24',1,1,5,1,NULL,1,NULL,NULL,NULL,NULL,NULL,NULL,NULL,NULL,2,'20278957','27-20278957-4',1,NULL,102,NULL,1,NULL,NULL,NULL,22,22,0,0,0,0,0,NULL,1,NULL,NULL,46,292,1,419622.00,0,0.00,4.00,0.00,23,24,23,'2025-02-01','2025-02-01',NULL,NULL,NULL,NULL,NULL,0,2,2,2,2,50,1,1,2,1,0,1,0,0,NULL,0.0000,0.00,1,0.00,2,'1',2,'0',2,'0','0',NULL,NULL,NULL,1,'2025-02-24 22:50:24','2025-09-23 01:19:42',NULL),(266,8165,40731,0,NULL,5,'NOGUEIRA RODOLFO GABRIEL',NULL,'2025-04-26',1,1,5,1,NULL,1,NULL,NULL,NULL,NULL,NULL,NULL,NULL,NULL,2,'31934327','20-31934327-0',1,NULL,163,NULL,1,NULL,NULL,NULL,14,14,0,0,0,0,0,NULL,1,NULL,NULL,34,240,1,457050.00,0,0.00,4.00,0.00,14,14,14,'2025-04-21','2025-04-21',NULL,NULL,NULL,NULL,NULL,0,5,5,2,2,50,1,1,2,1,0,1,0,0,NULL,6.1450,164.00,1,0.00,2,'1',2,'0',2,'0','0',NULL,NULL,'#000000',1,'2025-04-26 13:14:15','2025-09-23 00:56:45',NULL),(267,8165,40740,0,NULL,131,'RIVERO NAZARENO ABEL',NULL,'2025-05-22',1,1,5,1,NULL,1,NULL,NULL,NULL,NULL,NULL,NULL,NULL,NULL,2,'36826376','20-36826376-2',2,NULL,236,NULL,1,NULL,NULL,NULL,23,23,0,0,0,0,0,NULL,1,NULL,NULL,16,123,2,3731.00,0,0.00,9.00,0.00,25,26,25,'2025-05-15','2025-05-15',NULL,NULL,NULL,NULL,NULL,0,2,2,2,6,4,18,1,2,1,0,1,0,0,NULL,9.6720,164.00,1,0.00,2,'1',2,'0',2,'0','0',NULL,NULL,'#000000',1,'2025-05-22 16:09:16','2025-10-28 23:21:39',NULL),(268,8165,40740,0,NULL,132,'RODRIGUEZ JOSE ARIEL',NULL,'2025-05-22',1,1,5,1,NULL,1,NULL,NULL,NULL,NULL,NULL,NULL,NULL,NULL,2,'45957290','20-45957290-3',2,NULL,74,NULL,1,NULL,NULL,NULL,23,23,0,0,0,0,0,NULL,1,NULL,NULL,16,123,2,3731.00,0,0.00,9.00,0.00,25,26,25,'2025-05-15','2025-05-15',NULL,NULL,NULL,NULL,NULL,0,2,2,2,6,4,18,1,2,1,0,1,0,0,NULL,9.6720,164.00,1,0.00,2,'1',2,'0',2,'0','0',NULL,NULL,'#000000',1,'2025-05-22 16:15:36','2025-10-28 23:21:39',NULL),(269,8165,40916,0,NULL,1,'BAGLIONI CLAUDIO EZEQUIEL',NULL,'2025-05-26',1,1,5,1,NULL,1,NULL,NULL,NULL,NULL,NULL,NULL,NULL,NULL,2,'31352327','20-31352327-7',1,NULL,183,NULL,1,NULL,NULL,NULL,34,34,0,0,0,0,0,NULL,1,NULL,NULL,60,432,2,41465.32,0,0.00,8.00,0.00,62,68,61,'2025-05-02','2025-05-02',NULL,NULL,NULL,NULL,NULL,0,2,2,2,2,50,8,1,2,1,0,1,0,0,NULL,0.0000,0.00,1,0.00,2,'1',2,'0',2,'0','0',NULL,NULL,'#000000',1,'2025-05-26 14:05:58','2025-10-29 10:29:55',NULL);
INSERT INTO `syj_empleados` VALUES (270,8165,40916,0,NULL,2,'ALMENARA LOPEZ ANGEL DANIEL',NULL,'2025-05-26',1,1,5,1,NULL,1,NULL,NULL,NULL,NULL,NULL,NULL,NULL,NULL,2,'95911902','20-95911902-4',1,NULL,183,NULL,1,NULL,NULL,NULL,34,34,0,0,0,0,0,NULL,1,NULL,NULL,60,430,2,34321.33,0,0.00,8.00,0.00,62,68,61,'2025-05-02','2025-05-02',NULL,NULL,NULL,NULL,NULL,0,2,2,2,2,50,8,1,2,1,0,1,0,0,NULL,0.0000,0.00,1,0.00,2,'1',2,'0',2,'0','0',NULL,NULL,'#000000',1,'2025-05-26 14:08:01','2025-10-29 10:29:32',NULL),(271,8165,40916,0,NULL,3,'PANIAGUA LUCIANO BELTRAN',NULL,'2025-05-26',1,1,5,1,NULL,1,NULL,NULL,NULL,NULL,NULL,NULL,NULL,NULL,2,'38009058','23-38009058-9',1,NULL,211,NULL,1,NULL,NULL,NULL,34,34,0,0,0,0,0,NULL,1,NULL,NULL,60,430,2,34321.33,0,0.00,8.00,0.00,62,68,61,'2025-05-02','2025-05-02',NULL,NULL,NULL,NULL,NULL,0,2,2,2,2,50,8,1,2,1,0,1,0,0,NULL,0.0000,0.00,1,0.00,2,'1',2,'0',2,'0','0',NULL,NULL,'#000000',1,'2025-05-26 14:09:11','2025-10-29 10:29:32',NULL),(272,8165,40740,0,NULL,133,'CASTRO AGUILERA REINALDO ANDRES',NULL,'2025-07-29',1,1,5,1,NULL,1,NULL,NULL,NULL,NULL,NULL,NULL,NULL,NULL,2,'95941081','20-95941081-0',1,NULL,74,NULL,1,NULL,NULL,NULL,23,23,0,0,0,0,0,NULL,1,NULL,NULL,16,124,1,677895.00,0,0.00,8.00,0.00,24,25,24,'2025-07-01','2025-07-01',NULL,NULL,NULL,NULL,NULL,0,2,2,2,6,4,18,1,2,1,0,1,0,0,NULL,9.6720,164.00,1,0.00,2,'1',2,'0',2,'0','0',NULL,NULL,'#000000',1,'2025-07-29 19:32:17','2025-10-28 23:22:17',NULL),(273,8165,40973,0,NULL,1,'DIAZ MUÑOZ AGUSTINA ANAHI',NULL,'2025-10-01',2,1,5,1,NULL,1,NULL,NULL,NULL,NULL,NULL,NULL,NULL,NULL,2,'47741779','27-47741779-0',1,NULL,227,NULL,1,NULL,NULL,NULL,35,35,1,0,0,0,0,NULL,1,NULL,NULL,38,228,1,536700.50,0,0.00,4.00,0.00,63,69,62,'2025-09-01','2025-09-01',NULL,NULL,NULL,NULL,NULL,0,2,2,2,2,50,1,1,2,1,0,1,0,0,NULL,0.0000,0.00,1,0.00,2,'1',2,'0',2,'0','0',NULL,NULL,'#000000',1,'2025-10-01 11:25:01','2025-10-27 23:27:09',NULL);

--
