INSERT INTO `syj_conceptos` VALUES (3378,1,34,'Antigüedad No Remunerativo',2500,25000,NULL,3,NULL,1,1,1,1,0,1,0,0,1,NULL,NULL,0,1,2,0.00,12,NULL,1,1,1,NULL,NULL,1,NULL,0.00,5,0.00,NULL,NULL,NULL,NULL,3,1,1,2,4,1,NULL,0.00,6,0.00,NULL,0.00,3,1,1,1,0.00,0.00,1,1,0.00,0.00,1,1,1,NULL,NULL,1,NULL,NULL,0,'2020-04-07 03:05:36','2020-05-08 10:11:41',NULL),(3379,1,34,'Presentismo No Remunerativo',2550,27501,NULL,3,NULL,1,1,1,1,0,1,0,0,1,NULL,NULL,0,1,1,8.33,NULL,NULL,1,1,1,NULL,NULL,1,NULL,0.00,5,0.00,NULL,NULL,NULL,NULL,3,1,1,2,4,1,NULL,0.00,6,0.00,NULL,0.00,3,2,4,2,-2.00,0.00,1,1,0.00,0.00,3,1,1,2,4,1,NULL,NULL,0,'2020-04-07 03:05:36','2020-05-08 10:21:31',NULL),(3380,1,34,'1º SAC No Rem',2600,26000,NULL,3,NULL,1,1,1,1,0,1,0,0,1,NULL,NULL,0,1,5,0.00,NULL,NULL,3,1,1,2,2,1,NULL,0.00,5,0.00,NULL,NULL,NULL,NULL,3,1,1,2,4,1,NULL,0.00,6,0.00,NULL,0.00,2,1,1,1,0.00,0.00,1,1,0.00,0.00,1,1,1,NULL,NULL,1,NULL,NULL,1,'2020-04-07 03:05:36','2020-05-06 12:32:28',NULL),(3381,1,34,'Horas Extras al 50% s/ No Rem',2650,26500,NULL,3,NULL,1,1,1,1,0,1,0,0,1,NULL,NULL,0,1,5,0.00,NULL,NULL,3,1,1,2,2,1,NULL,0.00,5,0.00,NULL,NULL,NULL,NULL,3,1,1,2,4,1,13,0.00,6,0.00,NULL,0.00,2,1,1,1,0.00,0.00,1,1,0.00,0.00,1,1,1,NULL,NULL,1,NULL,NULL,0,'2020-04-07 03:05:36','2020-05-08 10:15:05',NULL),(3382,1,34,'Horas Extras al 100% s/ No Rem',2700,27000,NULL,3,NULL,1,1,1,1,0,1,0,0,1,NULL,NULL,0,1,5,0.00,NULL,NULL,3,1,1,2,2,1,NULL,0.00,5,0.00,NULL,NULL,NULL,NULL,3,1,1,2,4,1,14,0.00,6,0.00,NULL,0.00,2,1,1,1,0.00,0.00,1,1,0.00,0.00,1,1,1,NULL,NULL,1,NULL,NULL,0,'2020-04-07 03:05:36','2020-05-08 10:15:45',NULL),(3383,1,34,'Inasistencias Injustificadas No Rem',2750,27500,NULL,3,NULL,1,1,1,1,0,1,0,0,1,NULL,NULL,0,1,5,0.00,NULL,NULL,3,1,1,2,2,1,NULL,0.00,5,0.00,NULL,NULL,NULL,NULL,3,1,1,2,4,1,5,0.00,6,0.00,NULL,0.00,2,1,1,1,0.00,0.00,1,1,0.00,0.00,1,1,1,NULL,NULL,1,NULL,'Cargar la cantidad de Días en negativo.',1,'2020-04-07 03:05:36','2020-05-06 12:51:31',NULL),(3384,1,34,'2º SAC No Rem',2610,26100,NULL,3,NULL,1,1,1,1,0,1,0,0,1,NULL,NULL,0,1,5,0.00,NULL,NULL,3,1,1,2,2,1,NULL,0.00,5,0.00,NULL,NULL,NULL,NULL,3,1,1,2,4,1,NULL,0.00,6,0.00,NULL,0.00,2,1,1,1,0.00,0.00,1,1,0.00,0.00,1,1,1,NULL,NULL,1,NULL,NULL,1,'2020-04-07 03:05:36','2020-05-06 12:35:45',NULL),(3385,1,34,'SAC No Remunerativo',2620,26200,NULL,3,NULL,1,1,1,1,0,1,0,0,1,NULL,NULL,0,1,2,0.00,36,NULL,1,1,1,NULL,NULL,1,NULL,0.00,5,0.00,NULL,NULL,NULL,NULL,3,1,1,2,4,1,NULL,0.00,6,0.00,NULL,0.00,2,1,1,1,0.00,0.00,1,1,0.00,0.00,1,1,1,NULL,NULL,1,NULL,NULL,1,'2020-04-07 03:05:36','2020-05-06 12:38:23',NULL),(3386,1,34,'Jubilación',4010,40100,NULL,5,NULL,1,3,1,4,0,1,0,0,1,NULL,NULL,0,1,2,0.00,4,NULL,1,1,1,NULL,NULL,1,NULL,0.00,5,0.00,NULL,NULL,NULL,NULL,2,2,2,2,4,1,NULL,0.00,6,0.00,NULL,0.00,3,1,1,1,0.00,0.00,1,1,0.00,0.00,1,1,1,NULL,NULL,1,NULL,NULL,1,'2020-04-07 03:05:36','2020-04-09 12:01:00',NULL),(3387,1,34,'INSSJP (Ley 19.032)',4020,40200,NULL,5,NULL,1,3,1,6,0,1,0,0,1,NULL,NULL,0,1,2,0.00,2,NULL,1,1,1,NULL,NULL,1,NULL,0.00,5,0.00,NULL,NULL,NULL,NULL,2,2,2,2,4,1,NULL,0.00,6,0.00,NULL,0.00,3,1,1,1,0.00,0.00,1,1,0.00,0.00,1,1,1,NULL,NULL,1,NULL,NULL,1,'2020-04-07 03:05:36','2020-05-11 14:55:24',NULL),(3388,1,34,'Obra Social',4030,40300,NULL,5,NULL,1,2,1,3,0,1,0,0,1,NULL,NULL,0,1,2,0.00,3,NULL,1,1,1,NULL,NULL,1,NULL,0.00,5,0.00,NULL,NULL,NULL,NULL,2,2,2,2,4,1,21,0.00,6,0.00,NULL,0.00,3,1,1,1,0.00,0.00,1,1,0.00,0.00,1,1,1,NULL,NULL,1,NULL,NULL,1,'2020-04-07 03:05:36','2020-05-11 14:56:48',NULL),(3389,88,34,'Sindicato UPSRA',4040,40400,NULL,5,NULL,2,1,1,5,0,1,0,0,1,NULL,NULL,0,1,1,2.50,NULL,NULL,1,1,1,NULL,NULL,1,NULL,0.00,5,0.00,NULL,NULL,NULL,NULL,2,2,2,2,4,1,NULL,0.00,6,0.00,NULL,0.00,3,1,1,1,0.00,0.00,1,1,0.00,0.00,1,1,1,NULL,NULL,1,NULL,NULL,1,'2020-04-07 03:05:36','2020-05-22 13:56:50',NULL);
INSERT INTO `syj_conceptos` VALUES (3390,1,34,'Obra Social s/ No Rem',4100,41000,NULL,4,NULL,1,1,1,1,0,1,0,0,1,NULL,NULL,0,1,1,0.00,NULL,NULL,1,1,1,NULL,NULL,1,NULL,0.00,1,0.00,NULL,NULL,NULL,NULL,1,1,1,NULL,NULL,1,NULL,0.00,2,0.00,NULL,0.00,NULL,1,1,1,0.00,0.00,1,1,0.00,0.00,1,1,1,NULL,NULL,1,NULL,NULL,1,'2020-04-07 03:05:36','2020-04-07 03:05:36',NULL),(3391,1,34,'Sindicato s/ No Rem',4150,41500,NULL,4,NULL,1,1,1,1,0,1,0,0,1,NULL,NULL,0,1,1,0.00,NULL,NULL,1,1,1,NULL,NULL,1,NULL,0.00,1,0.00,NULL,NULL,NULL,NULL,1,1,1,NULL,NULL,1,NULL,0.00,2,0.00,NULL,0.00,NULL,1,1,1,0.00,0.00,1,1,0.00,0.00,1,1,1,NULL,NULL,1,NULL,NULL,1,'2020-04-07 03:05:36','2020-04-07 03:05:36',NULL),(3392,1,34,'Adicional Familiar a cargo Obra Social',4320,43200,NULL,4,NULL,1,1,1,1,0,1,0,0,1,NULL,NULL,0,1,1,0.00,NULL,NULL,1,1,1,NULL,NULL,1,NULL,0.00,1,0.00,NULL,NULL,NULL,NULL,1,1,1,NULL,NULL,1,NULL,0.00,2,0.00,NULL,0.00,NULL,1,1,1,0.00,0.00,1,1,0.00,0.00,1,1,1,NULL,NULL,1,NULL,NULL,1,'2020-04-07 03:05:36','2020-04-07 03:05:36',NULL),(3393,1,34,'Embargo',4060,40600,NULL,5,NULL,2,1,1,1,0,1,0,0,1,NULL,NULL,0,1,1,0.00,NULL,NULL,1,1,1,NULL,NULL,1,NULL,0.00,1,0.00,NULL,NULL,NULL,NULL,1,1,1,NULL,NULL,1,NULL,0.00,2,0.00,NULL,0.00,NULL,1,1,1,0.00,0.00,1,1,0.00,0.00,1,1,1,NULL,NULL,1,NULL,NULL,1,'2020-04-07 03:05:36','2020-05-06 13:24:52',NULL),(3394,1,34,'Beneficio Dto 561/19',4370,43700,NULL,4,NULL,1,1,1,1,0,1,0,0,1,NULL,NULL,0,1,1,0.00,NULL,NULL,1,1,1,NULL,NULL,1,NULL,0.00,1,0.00,NULL,NULL,NULL,NULL,1,1,1,NULL,NULL,1,NULL,0.00,2,0.00,NULL,0.00,NULL,1,1,1,0.00,0.00,1,1,0.00,0.00,1,1,1,NULL,NULL,1,NULL,NULL,1,'2020-04-07 03:05:36','2020-04-07 03:05:36',NULL),(3395,1,34,'Jubilación',5010,50100,NULL,6,NULL,1,1,1,1,0,0,0,0,1,NULL,NULL,0,1,1,0.00,NULL,NULL,1,1,1,NULL,NULL,1,NULL,0.00,1,0.00,NULL,NULL,NULL,NULL,1,1,1,NULL,NULL,1,NULL,0.00,2,0.00,NULL,0.00,NULL,1,1,1,0.00,0.00,1,1,0.00,0.00,1,1,1,NULL,NULL,1,NULL,NULL,1,'2020-04-07 03:05:36','2020-04-07 16:22:45',NULL),(3396,1,34,'Fondo Nacional de Empleo',5020,50200,NULL,6,NULL,1,1,1,1,0,0,0,0,1,NULL,NULL,0,1,1,0.00,NULL,NULL,1,1,1,NULL,NULL,1,NULL,0.00,1,0.00,NULL,NULL,NULL,NULL,1,1,1,NULL,NULL,1,NULL,0.00,2,0.00,NULL,0.00,NULL,1,1,1,0.00,0.00,1,1,0.00,0.00,1,1,1,NULL,NULL,1,NULL,NULL,1,'2020-04-07 03:05:36','2020-05-06 13:16:34',NULL),(3397,1,34,'INSSJP(Ley 19.032)',5030,50300,NULL,6,NULL,1,1,1,1,0,0,0,0,1,NULL,NULL,0,1,1,0.00,NULL,NULL,1,1,1,NULL,NULL,1,NULL,0.00,1,0.00,NULL,NULL,NULL,NULL,1,1,1,NULL,NULL,1,NULL,0.00,2,0.00,NULL,0.00,NULL,1,1,1,0.00,0.00,1,1,0.00,0.00,1,1,1,NULL,NULL,1,NULL,NULL,1,'2020-04-07 03:05:36','2020-05-06 13:17:07',NULL),(3398,1,34,'Obra Social',5040,50400,NULL,6,NULL,1,1,1,1,0,0,0,0,1,NULL,NULL,0,1,1,0.00,NULL,NULL,1,1,1,NULL,NULL,1,NULL,0.00,1,0.00,NULL,NULL,NULL,NULL,1,1,1,NULL,NULL,1,NULL,0.00,2,0.00,NULL,0.00,NULL,1,1,1,0.00,0.00,1,1,0.00,0.00,1,1,1,NULL,NULL,1,NULL,NULL,1,'2020-04-07 03:05:36','2020-04-16 12:51:58',NULL),(3399,1,34,'Asigs Familiares',5060,50600,NULL,6,NULL,1,1,1,1,0,0,0,0,1,NULL,NULL,0,1,1,0.00,NULL,NULL,1,1,1,NULL,NULL,1,NULL,0.00,1,0.00,NULL,NULL,NULL,NULL,1,1,1,NULL,NULL,1,NULL,0.00,2,0.00,NULL,0.00,NULL,1,1,1,0.00,0.00,1,1,0.00,0.00,1,1,1,NULL,NULL,1,NULL,NULL,1,'2020-04-07 03:05:36','2020-05-06 13:17:38',NULL),(3400,1,34,'Porcentaje ART',5080,50800,NULL,6,NULL,1,1,1,1,0,0,0,0,1,NULL,NULL,0,1,1,0.00,NULL,NULL,1,1,1,NULL,NULL,1,NULL,0.00,1,0.00,NULL,NULL,NULL,NULL,1,1,1,NULL,NULL,1,NULL,0.00,2,0.00,NULL,0.00,NULL,1,1,1,0.00,0.00,1,1,0.00,0.00,1,1,1,NULL,NULL,1,NULL,NULL,1,'2020-04-07 03:05:36','2020-05-06 13:18:32',NULL),(3401,1,34,'Obra Social s/ No Rem',5100,51000,NULL,6,NULL,1,1,1,1,0,0,0,0,1,NULL,NULL,0,1,1,0.00,NULL,NULL,1,1,1,NULL,NULL,1,NULL,0.00,1,0.00,NULL,NULL,NULL,NULL,1,1,1,NULL,NULL,1,NULL,0.00,2,0.00,NULL,0.00,NULL,1,1,1,0.00,0.00,1,1,0.00,0.00,1,1,1,NULL,NULL,1,NULL,NULL,1,'2020-04-07 03:05:36','2020-05-06 13:18:56',NULL);
INSERT INTO `syj_conceptos` VALUES (3402,1,34,'Inasistencias Por Enfermedad',1010,10100,NULL,2,NULL,1,1,1,1,0,1,1,0,1,NULL,NULL,0,1,3,0.00,NULL,NULL,1,1,1,NULL,NULL,1,NULL,0.00,2,0.00,NULL,NULL,17,NULL,1,1,1,NULL,NULL,1,NULL,0.00,6,0.00,NULL,0.00,2,1,1,1,0.00,0.00,1,1,0.00,0.00,1,1,1,NULL,NULL,1,NULL,NULL,1,'2020-04-07 03:05:36','2020-04-08 13:00:06',NULL),(3403,1,34,'Inasistencias por Accidente de Trabajo',1020,10200,NULL,2,NULL,1,1,1,1,0,1,1,0,1,NULL,NULL,0,1,3,0.00,NULL,NULL,1,1,1,NULL,NULL,1,NULL,0.00,2,0.00,NULL,NULL,17,NULL,1,1,1,NULL,NULL,1,NULL,0.00,6,0.00,NULL,0.00,2,1,1,1,0.00,0.00,1,1,0.00,0.00,1,1,1,NULL,NULL,1,NULL,NULL,1,'2020-04-07 03:05:36','2020-04-08 13:01:25',NULL),(3404,1,34,'Días Trabajados',1040,10400,NULL,2,NULL,1,1,1,1,0,1,1,0,1,NULL,NULL,0,1,2,0.00,34,NULL,2,2,3,NULL,NULL,1,NULL,0.00,2,0.00,NULL,NULL,17,NULL,1,1,1,NULL,NULL,1,NULL,0.00,1,0.00,8,0.00,NULL,1,1,1,0.00,0.00,1,1,0.00,0.00,1,1,1,NULL,NULL,1,NULL,NULL,1,'2020-04-07 03:05:36','2020-05-11 15:04:26',NULL),(3405,1,34,'Día del Gremio',1110,11100,NULL,2,NULL,1,1,1,1,0,1,1,0,1,NULL,NULL,0,1,1,0.00,NULL,NULL,1,1,1,NULL,NULL,1,NULL,0.00,2,0.00,NULL,NULL,18,NULL,1,1,1,NULL,NULL,1,NULL,0.00,6,0.00,NULL,0.00,2,1,1,1,0.00,0.00,1,1,0.00,0.00,1,1,1,NULL,NULL,1,NULL,'En mes Septiembre, cuando se liquide dicho concepto se deberá ingresar manualmente en Dias Trabajados 29 dias.',1,'2020-04-07 03:05:36','2020-04-15 13:40:23',NULL),(3406,1,34,'Feriados Nacionales No Trabajados',1111,11109,NULL,2,NULL,1,1,1,1,0,1,1,0,1,NULL,NULL,0,1,3,0.00,NULL,NULL,1,1,1,NULL,NULL,1,NULL,0.00,2,0.00,NULL,NULL,18,NULL,1,1,1,NULL,NULL,1,NULL,0.00,6,0.00,NULL,0.00,2,1,1,1,0.00,0.00,1,1,0.00,0.00,1,1,1,NULL,NULL,1,NULL,'Se deberá informar por las novedades la cantidad de dias Feriados Nac. No Trabajados\r\nDicho concepto retorna como Valor, el Básico Diario.',1,'2020-04-07 03:05:36','2020-04-08 13:05:03',NULL),(3407,1,34,'SAC',1120,11200,NULL,2,NULL,1,1,1,1,0,1,1,0,1,NULL,NULL,0,1,2,0.00,36,NULL,1,1,1,NULL,NULL,1,NULL,0.00,2,0.00,NULL,NULL,38,NULL,1,1,1,NULL,NULL,1,2,0.00,6,0.00,NULL,0.00,2,1,1,1,0.00,0.00,1,1,0.00,0.00,1,1,1,NULL,NULL,1,NULL,NULL,1,'2020-04-07 03:05:36','2022-02-24 12:19:23',NULL),(3408,1,34,'Cuota Fija ART',5070,50700,NULL,6,NULL,1,1,1,1,0,0,0,0,1,NULL,NULL,0,1,1,0.00,NULL,NULL,1,1,1,NULL,NULL,1,NULL,0.00,1,0.00,NULL,NULL,NULL,NULL,1,1,1,NULL,NULL,1,NULL,0.00,2,0.00,NULL,0.00,NULL,1,1,1,0.00,0.00,1,1,0.00,0.00,1,1,1,NULL,NULL,1,NULL,NULL,1,'2020-04-07 03:05:36','2020-05-06 13:18:04',NULL),(3409,1,34,'Basico',90,900,NULL,1,NULL,1,1,1,1,NULL,NULL,NULL,NULL,1,NULL,NULL,0,1,1,30.00,NULL,NULL,1,1,1,NULL,NULL,1,NULL,0.00,2,0.00,NULL,NULL,17,NULL,1,1,1,NULL,NULL,1,NULL,0.00,1,0.00,8,0.00,NULL,1,1,1,0.00,0.00,1,1,0.00,0.00,1,1,1,NULL,NULL,1,NULL,'Retorna el Basico Completo = 30 * Basico Diario',1,'2020-04-07 15:08:12','2020-04-17 08:34:51',NULL),(3410,1,34,'Antigüedad',95,950,NULL,1,NULL,1,1,1,1,NULL,NULL,NULL,1,1,NULL,NULL,0,1,2,0.00,12,NULL,1,1,1,NULL,NULL,1,NULL,0.00,1,0.00,NULL,NULL,NULL,NULL,3,1,1,2,4,1,9,0.00,6,0.00,NULL,0.00,2,1,1,1,0.00,0.00,1,1,0.00,0.00,1,1,1,NULL,NULL,1,NULL,NULL,1,'2020-04-07 15:09:41','2020-05-21 15:33:21',NULL),(3411,1,34,'Basico Diario Vacaciones',120,1200,NULL,1,NULL,1,1,1,1,NULL,NULL,NULL,NULL,1,NULL,NULL,0,1,1,1.00,NULL,NULL,1,1,1,NULL,NULL,1,NULL,0.00,2,0.00,NULL,NULL,17,NULL,1,1,1,NULL,NULL,1,NULL,0.00,6,0.00,NULL,0.00,2,1,1,1,0.00,0.00,1,1,0.00,0.00,1,1,1,NULL,NULL,1,NULL,NULL,1,'2020-04-08 13:09:47','2020-04-08 13:09:47',NULL),(3412,1,34,'Sueldo Conformado Rem',110,1100,NULL,1,NULL,1,1,1,1,NULL,NULL,NULL,NULL,1,NULL,NULL,0,1,1,1.00,NULL,NULL,1,1,1,NULL,NULL,1,NULL,0.00,5,0.00,NULL,NULL,NULL,NULL,3,1,1,2,4,1,NULL,0.00,6,0.00,NULL,0.00,2,1,1,1,0.00,0.00,1,1,0.00,0.00,1,1,1,NULL,NULL,1,NULL,'Sumatoria de los conceptos de Control 80+90+100',1,'2020-04-08 13:21:05','2020-04-24 16:39:03',NULL);
INSERT INTO `syj_conceptos` VALUES (3413,1,34,'Presentismo',240,2400,NULL,1,NULL,1,1,1,1,NULL,NULL,NULL,NULL,1,NULL,NULL,0,1,1,8.33,NULL,NULL,1,1,1,NULL,NULL,1,NULL,0.00,5,0.00,NULL,NULL,NULL,NULL,3,1,1,2,4,1,NULL,0.00,6,0.00,NULL,0.00,3,1,1,1,0.00,0.00,1,1,0.00,0.00,1,1,1,NULL,NULL,1,NULL,NULL,1,'2020-04-08 13:22:54','2020-04-24 16:39:39',NULL),(3414,88,34,'Antiguedad',1050,11113,NULL,2,NULL,1,1,1,1,1,1,1,0,1,NULL,NULL,0,1,2,0.00,12,NULL,1,1,1,NULL,NULL,1,NULL,0.00,5,1.00,NULL,NULL,NULL,NULL,3,2,2,2,4,1,1,0.00,6,0.00,NULL,0.00,3,1,1,1,0.00,0.00,1,1,0.00,0.00,1,1,1,NULL,NULL,1,NULL,NULL,1,'2020-04-16 10:57:29','2020-05-22 13:46:38',NULL),(3415,1,34,'Horas Extras comunes',1075,11120,NULL,2,NULL,1,1,1,1,NULL,NULL,NULL,NULL,1,NULL,NULL,1,1,3,0.00,NULL,NULL,1,1,1,NULL,NULL,1,NULL,0.00,2,0.00,NULL,NULL,31,NULL,3,1,1,2,4,1,1,0.00,6,0.00,NULL,0.00,2,1,1,1,0.00,0.00,1,1,0.00,0.00,1,1,1,NULL,NULL,1,NULL,NULL,1,'2020-04-17 08:52:46','2020-04-24 16:54:47',NULL),(3416,1,34,'Sueldo Conformado No Rem',170,1700,NULL,1,NULL,1,1,1,1,NULL,NULL,NULL,NULL,1,NULL,NULL,0,1,1,1.00,NULL,NULL,1,1,1,NULL,NULL,1,NULL,0.00,5,0.00,NULL,NULL,NULL,NULL,3,1,1,2,4,1,NULL,0.00,6,0.00,NULL,0.00,2,1,1,1,0.00,0.00,1,1,0.00,0.00,1,1,1,NULL,NULL,1,NULL,NULL,1,'2020-04-19 07:08:56','2020-05-06 17:02:12',NULL),(3417,1,34,'Antigüedad No Rem',175,1750,NULL,1,NULL,1,1,1,1,NULL,NULL,NULL,NULL,1,NULL,NULL,0,1,2,0.00,12,NULL,1,1,1,NULL,NULL,1,NULL,0.00,5,0.00,NULL,NULL,NULL,NULL,3,3,3,2,4,1,NULL,0.00,6,0.00,NULL,0.00,3,2,4,2,-2.00,0.00,1,1,0.00,0.00,3,1,1,2,2,1,NULL,NULL,1,'2020-04-19 07:13:32','2020-05-06 17:03:13',NULL),(3418,1,34,'SAC Indemnización Integración Mes de Despido',2015,20150,NULL,3,NULL,1,1,1,1,NULL,NULL,NULL,NULL,1,NULL,NULL,0,1,3,0.00,NULL,NULL,1,1,1,NULL,NULL,1,NULL,0.00,5,1.00,NULL,NULL,NULL,NULL,3,1,1,2,4,1,3,0.00,6,0.00,NULL,0.00,2,1,1,1,0.00,0.00,1,1,0.00,0.00,1,1,1,NULL,NULL,1,NULL,NULL,1,'2020-04-24 14:49:56','2020-04-30 09:52:11',NULL),(3419,1,34,'Indemnizacion por Antigüedad',2130,21300,NULL,3,NULL,1,1,1,1,NULL,NULL,NULL,NULL,1,NULL,NULL,0,1,2,0.00,14,NULL,1,1,1,NULL,NULL,1,NULL,0.00,2,0.00,NULL,NULL,39,NULL,1,1,1,NULL,NULL,1,28,0.00,6,0.00,NULL,0.00,2,1,1,1,0.00,0.00,1,1,0.00,0.00,1,1,1,NULL,NULL,1,NULL,NULL,1,'2020-04-24 17:24:27','2020-04-30 12:12:54',NULL),(3420,1,34,'Presentismo No Rem',180,1800,NULL,1,NULL,1,1,1,1,NULL,NULL,NULL,NULL,1,NULL,NULL,0,1,1,8.33,NULL,NULL,1,1,1,NULL,NULL,1,NULL,0.00,5,0.00,NULL,NULL,NULL,NULL,3,1,1,2,4,1,NULL,0.00,6,0.00,NULL,0.00,3,1,1,1,0.00,0.00,1,1,0.00,0.00,1,1,1,NULL,NULL,1,NULL,NULL,1,'2020-05-06 12:50:49','2020-05-06 17:04:04',NULL),(3421,88,34,'VIATICO No Remunerativo',2000,1700,NULL,3,NULL,1,1,1,1,NULL,NULL,NULL,NULL,1,NULL,NULL,1,0,3,30.00,NULL,NULL,1,1,1,NULL,NULL,1,NULL,0.00,1,156.00,NULL,NULL,NULL,NULL,1,1,1,NULL,NULL,1,NULL,0.00,6,0.00,NULL,0.00,2,1,1,1,0.00,0.00,1,1,0.00,0.00,1,1,1,NULL,NULL,1,NULL,NULL,1,'2020-05-06 16:26:24','2020-05-22 13:56:05',NULL),(3422,88,34,'Plusl hora nocturna VG',1210,12100,NULL,2,NULL,1,1,1,1,1,1,1,1,1,NULL,NULL,0,0,3,0.00,NULL,NULL,1,1,1,NULL,NULL,1,NULL,0.00,2,0.00,NULL,NULL,12,NULL,1,1,1,NULL,NULL,1,9,0.00,6,0.00,NULL,0.00,2,1,1,1,0.00,0.00,1,1,0.00,0.00,1,1,1,NULL,NULL,1,NULL,NULL,1,'2020-04-07 03:05:35','2020-05-22 14:23:37',NULL),(3423,88,34,'Presentismo VP',1070,10700,NULL,2,NULL,1,1,1,1,0,1,1,0,1,NULL,NULL,0,0,3,1.00,NULL,NULL,1,1,1,NULL,NULL,1,NULL,0.00,1,2400.00,NULL,NULL,NULL,NULL,3,1,1,2,4,1,NULL,0.00,6,0.00,NULL,0.00,2,2,4,2,-2.00,0.00,1,1,0.00,0.00,3,1,1,2,2,1,NULL,NULL,1,'2020-04-07 03:05:36','2020-05-22 13:52:01',NULL),(3424,88,34,'Presentismo ADM',1070,10700,NULL,2,NULL,1,1,1,1,0,1,1,0,1,NULL,NULL,0,0,3,1.00,NULL,NULL,1,1,1,NULL,NULL,1,NULL,0.00,1,2300.00,NULL,NULL,NULL,NULL,3,1,1,2,4,1,NULL,0.00,6,0.00,NULL,0.00,2,2,4,2,-2.00,0.00,1,1,0.00,0.00,3,1,1,2,2,1,NULL,NULL,1,'2020-04-07 03:05:36','2020-05-22 13:55:00',NULL);
INSERT INTO `syj_conceptos` VALUES (3425,NULL,5,'Plus Feriado',1115,11150,NULL,2,NULL,1,1,1,1,NULL,NULL,NULL,NULL,1,NULL,NULL,1,1,3,0.00,NULL,NULL,1,1,1,NULL,NULL,1,NULL,0.00,2,0.00,NULL,NULL,48,NULL,1,1,1,NULL,NULL,1,NULL,0.00,6,0.00,NULL,0.00,2,1,1,1,0.00,0.00,1,1,0.00,0.00,1,1,1,NULL,NULL,1,NULL,NULL,1,'2022-02-24 12:19:23','2022-02-24 12:19:23',NULL),(3426,NULL,6,'Plus Feriado',1115,11150,NULL,2,NULL,1,1,1,1,NULL,NULL,NULL,NULL,1,NULL,NULL,1,1,3,0.00,NULL,NULL,1,1,1,NULL,NULL,1,NULL,0.00,2,0.00,NULL,NULL,48,NULL,1,1,1,NULL,NULL,1,NULL,0.00,6,0.00,NULL,0.00,2,1,1,1,0.00,0.00,1,1,0.00,0.00,1,1,1,NULL,NULL,1,NULL,NULL,1,'2022-02-24 12:19:23','2022-02-24 12:19:23',NULL),(3427,NULL,7,'Plus Feriado',1115,11150,NULL,2,NULL,1,1,1,1,NULL,NULL,NULL,NULL,1,NULL,NULL,1,1,3,0.00,NULL,NULL,1,1,1,NULL,NULL,1,NULL,0.00,2,0.00,NULL,NULL,48,NULL,1,1,1,NULL,NULL,1,NULL,0.00,6,0.00,NULL,0.00,2,1,1,1,0.00,0.00,1,1,0.00,0.00,1,1,1,NULL,NULL,1,NULL,NULL,1,'2022-02-24 12:19:23','2022-02-24 12:19:23',NULL),(3428,NULL,13,'Plus Feriado',1115,11150,NULL,2,NULL,1,1,1,1,NULL,NULL,NULL,NULL,1,NULL,NULL,1,1,3,0.00,NULL,NULL,1,1,1,NULL,NULL,1,NULL,0.00,2,0.00,NULL,NULL,48,NULL,1,1,1,NULL,NULL,1,NULL,0.00,6,0.00,NULL,0.00,2,1,1,1,0.00,0.00,1,1,0.00,0.00,1,1,1,NULL,NULL,1,NULL,NULL,1,'2022-02-24 12:19:23','2022-02-24 12:19:23',NULL),(3429,NULL,14,'Plus Feriado',1115,11150,NULL,2,NULL,1,1,1,1,NULL,NULL,NULL,NULL,1,NULL,NULL,1,1,3,0.00,NULL,NULL,1,1,1,NULL,NULL,1,NULL,0.00,2,0.00,NULL,NULL,48,NULL,1,1,1,NULL,NULL,1,NULL,0.00,6,0.00,NULL,0.00,2,1,1,1,0.00,0.00,1,1,0.00,0.00,1,1,1,NULL,NULL,1,NULL,NULL,1,'2022-02-24 12:19:23','2022-02-24 12:19:23',NULL),(3430,NULL,15,'Plus Feriado',1115,11150,NULL,2,NULL,1,1,1,1,NULL,NULL,NULL,NULL,1,NULL,NULL,1,1,3,0.00,NULL,NULL,1,1,1,NULL,NULL,1,NULL,0.00,2,0.00,NULL,NULL,48,NULL,1,1,1,NULL,NULL,1,NULL,0.00,6,0.00,NULL,0.00,2,1,1,1,0.00,0.00,1,1,0.00,0.00,1,1,1,NULL,NULL,1,NULL,NULL,1,'2022-02-24 12:19:23','2022-02-24 12:19:23',NULL),(3431,NULL,16,'Plus Feriado',1115,11150,NULL,2,NULL,1,1,1,1,NULL,NULL,NULL,NULL,1,NULL,NULL,1,1,3,0.00,NULL,NULL,1,1,1,NULL,NULL,1,NULL,0.00,2,0.00,NULL,NULL,48,NULL,1,1,1,NULL,NULL,1,NULL,0.00,6,0.00,NULL,0.00,2,1,1,1,0.00,0.00,1,1,0.00,0.00,1,1,1,NULL,NULL,1,NULL,NULL,1,'2022-02-24 12:19:23','2022-02-24 12:19:23',NULL),(3432,NULL,17,'Plus Feriado',1115,11150,NULL,2,NULL,1,1,1,1,NULL,NULL,NULL,NULL,1,NULL,NULL,1,1,3,0.00,NULL,NULL,1,1,1,NULL,NULL,1,NULL,0.00,2,0.00,NULL,NULL,48,NULL,1,1,1,NULL,NULL,1,NULL,0.00,6,0.00,NULL,0.00,2,1,1,1,0.00,0.00,1,1,0.00,0.00,1,1,1,NULL,NULL,1,NULL,NULL,1,'2022-02-24 12:19:23','2022-02-24 12:19:23',NULL),(3433,NULL,18,'Plus Feriado',1115,11150,NULL,2,NULL,1,1,1,1,NULL,NULL,NULL,NULL,1,NULL,NULL,1,1,3,0.00,NULL,NULL,1,1,1,NULL,NULL,1,NULL,0.00,2,0.00,NULL,NULL,48,NULL,1,1,1,NULL,NULL,1,NULL,0.00,6,0.00,NULL,0.00,2,1,1,1,0.00,0.00,1,1,0.00,0.00,1,1,1,NULL,NULL,1,NULL,NULL,1,'2022-02-24 12:19:23','2022-02-24 12:19:23',NULL),(3434,NULL,19,'Plus Feriado',1115,11150,NULL,2,NULL,1,1,1,1,NULL,NULL,NULL,NULL,1,NULL,NULL,1,1,3,0.00,NULL,NULL,1,1,1,NULL,NULL,1,NULL,0.00,2,0.00,NULL,NULL,48,NULL,1,1,1,NULL,NULL,1,NULL,0.00,6,0.00,NULL,0.00,2,1,1,1,0.00,0.00,1,1,0.00,0.00,1,1,1,NULL,NULL,1,NULL,NULL,1,'2022-02-24 12:19:23','2022-02-24 12:19:23',NULL),(3435,NULL,20,'Plus Feriado',1115,11150,NULL,2,NULL,1,1,1,1,NULL,NULL,NULL,NULL,1,NULL,NULL,1,1,3,0.00,NULL,NULL,1,1,1,NULL,NULL,1,NULL,0.00,2,0.00,NULL,NULL,48,NULL,1,1,1,NULL,NULL,1,NULL,0.00,6,0.00,NULL,0.00,2,1,1,1,0.00,0.00,1,1,0.00,0.00,1,1,1,NULL,NULL,1,NULL,NULL,1,'2022-02-24 12:19:23','2022-02-24 12:19:23',NULL),(3436,NULL,21,'Plus Feriado',1115,11150,NULL,2,NULL,1,1,1,1,NULL,NULL,NULL,NULL,1,NULL,NULL,1,1,3,0.00,NULL,NULL,1,1,1,NULL,NULL,1,NULL,0.00,2,0.00,NULL,NULL,48,NULL,1,1,1,NULL,NULL,1,NULL,0.00,6,0.00,NULL,0.00,2,1,1,1,0.00,0.00,1,1,0.00,0.00,1,1,1,NULL,NULL,1,NULL,NULL,1,'2022-02-24 12:19:23','2022-02-24 12:19:23',NULL);
INSERT INTO `syj_conceptos` VALUES (3437,NULL,22,'Plus Feriado',1115,11150,NULL,2,NULL,1,1,1,1,NULL,NULL,NULL,NULL,1,NULL,NULL,1,1,3,0.00,NULL,NULL,1,1,1,NULL,NULL,1,NULL,0.00,2,0.00,NULL,NULL,48,NULL,1,1,1,NULL,NULL,1,NULL,0.00,6,0.00,NULL,0.00,2,1,1,1,0.00,0.00,1,1,0.00,0.00,1,1,1,NULL,NULL,1,NULL,NULL,1,'2022-02-24 12:19:23','2022-02-24 12:19:23',NULL),(3438,NULL,24,'Plus Feriado',1115,11150,NULL,2,NULL,1,1,1,1,NULL,NULL,NULL,NULL,1,NULL,NULL,1,1,3,0.00,NULL,NULL,1,1,1,NULL,NULL,1,NULL,0.00,2,0.00,NULL,NULL,48,NULL,1,1,1,NULL,NULL,1,NULL,0.00,6,0.00,NULL,0.00,2,1,1,1,0.00,0.00,1,1,0.00,0.00,1,1,1,NULL,NULL,1,NULL,NULL,1,'2022-02-24 12:19:23','2022-02-24 12:19:23',NULL),(3439,NULL,34,'Plus Feriado',1115,11150,NULL,2,NULL,1,1,1,1,NULL,NULL,NULL,NULL,1,NULL,NULL,1,1,3,0.00,NULL,NULL,1,1,1,NULL,NULL,1,NULL,0.00,2,0.00,NULL,NULL,48,NULL,1,1,1,NULL,NULL,1,NULL,0.00,6,0.00,NULL,0.00,2,1,1,1,0.00,0.00,1,1,0.00,0.00,1,1,1,NULL,NULL,1,NULL,NULL,1,'2022-02-24 12:19:23','2022-02-24 12:19:23',NULL),(3440,NULL,35,'Sueldo Remunerativo',1000,10001,NULL,2,NULL,2,1,1,1,0,0,0,0,1,NULL,NULL,0,1,1,0.00,NULL,NULL,1,1,1,NULL,NULL,1,NULL,0.00,1,0.00,NULL,NULL,NULL,NULL,1,1,1,NULL,NULL,1,NULL,0.00,1,0.00,NULL,0.00,NULL,1,1,1,0.00,0.00,1,1,0.00,0.00,1,1,1,NULL,NULL,1,NULL,NULL,1,'2022-02-24 12:19:31','2022-02-24 12:19:31',NULL),(3441,6649,36,'Comisiones de venta',1220,12200,NULL,2,NULL,2,1,1,1,0,1,1,0,1,NULL,NULL,0,1,1,1.00,NULL,NULL,1,1,1,NULL,NULL,1,NULL,0.00,1,0.00,NULL,NULL,NULL,NULL,1,1,1,NULL,NULL,1,NULL,0.00,6,0.00,NULL,0.00,2,1,1,1,0.00,0.00,1,1,0.00,0.00,1,1,1,NULL,NULL,1,NULL,NULL,1,'2020-04-07 06:05:35','2020-04-10 00:56:08',NULL),(3442,6649,36,'Reintegro Ganancias Renta 4ta Categoría',2800,43700,NULL,3,NULL,1,1,1,1,0,0,0,0,1,NULL,NULL,0,1,1,1.00,NULL,NULL,1,1,1,NULL,NULL,1,NULL,0.00,1,0.00,NULL,NULL,NULL,NULL,1,1,1,NULL,NULL,1,7,0.00,6,0.00,9,0.00,2,1,1,1,0.00,0.00,1,1,0.00,0.00,1,1,1,NULL,NULL,1,NULL,NULL,0,'2020-04-07 06:05:35','2020-05-06 17:17:25',NULL),(3443,6649,36,'Redondeo',2900,43800,NULL,3,NULL,1,1,1,1,0,1,0,0,1,NULL,NULL,0,1,1,1.00,NULL,NULL,1,1,1,NULL,NULL,1,NULL,0.00,1,0.00,NULL,NULL,NULL,NULL,1,1,1,NULL,NULL,1,NULL,0.00,2,0.00,11,0.00,1,1,1,1,0.00,0.00,1,1,0.00,0.00,1,1,1,NULL,NULL,1,NULL,NULL,0,'2020-04-07 06:05:35','2022-08-03 18:35:32',NULL),(3444,6649,36,'Retención Ganancias Renta 4ta Categoría',4330,43600,NULL,5,NULL,1,1,1,7,0,0,0,0,1,NULL,NULL,1,1,1,1.00,NULL,NULL,1,1,1,NULL,NULL,1,NULL,0.00,3,0.00,NULL,NULL,NULL,NULL,1,1,1,NULL,NULL,1,NULL,0.00,6,0.00,NULL,0.00,2,1,1,1,0.00,0.00,1,1,0.00,0.00,1,1,1,NULL,NULL,1,NULL,'Se puede ingresar a mano o lo calcula Taxes, creando un detalle de liquidacion en el empleado',0,'2020-04-07 06:05:35','2023-03-14 21:08:56',NULL),(3445,6649,36,'Adicional voluntario',1210,12100,NULL,2,NULL,2,1,1,1,1,1,1,0,1,NULL,NULL,0,1,3,1.00,NULL,NULL,1,1,1,NULL,NULL,1,NULL,0.00,3,0.00,NULL,NULL,NULL,NULL,1,1,1,NULL,NULL,1,NULL,0.00,6,0.00,NULL,0.00,2,1,1,1,0.00,0.00,1,1,0.00,0.00,1,1,1,NULL,NULL,1,NULL,NULL,1,'2020-04-07 06:05:35','2020-04-16 15:28:01',NULL),(3446,6649,36,'Vacaciones',1045,11000,NULL,2,NULL,1,1,1,1,0,1,1,0,1,NULL,NULL,0,1,2,0.00,33,NULL,1,1,1,NULL,NULL,1,NULL,0.00,2,0.00,NULL,NULL,18,NULL,1,1,1,NULL,NULL,1,NULL,0.00,6,0.00,NULL,0.00,2,1,1,1,0.00,0.00,1,1,0.00,0.00,1,1,1,NULL,NULL,1,NULL,NULL,1,'2020-04-07 06:05:35','2020-04-30 14:48:21',NULL),(3447,6649,36,'A cuenta futuros aumentos',1230,12300,NULL,2,NULL,2,1,1,1,1,1,1,0,1,NULL,NULL,0,1,3,1.00,NULL,NULL,1,1,1,NULL,NULL,1,NULL,0.00,3,0.00,NULL,NULL,NULL,NULL,1,1,1,NULL,NULL,1,NULL,0.00,6,0.00,NULL,0.00,2,1,1,1,0.00,0.00,1,1,0.00,0.00,1,1,1,NULL,NULL,1,NULL,NULL,1,'2020-04-07 06:05:35','2020-05-06 15:00:11',NULL),(3448,6649,36,'Aumento solidario Decreto 14/2020',1240,12400,NULL,2,NULL,1,1,1,1,0,1,1,0,1,NULL,NULL,0,1,3,0.00,NULL,NULL,1,1,1,NULL,NULL,1,NULL,0.00,3,4000.00,NULL,NULL,NULL,NULL,1,1,1,NULL,NULL,1,NULL,0.00,6,0.00,NULL,0.00,2,1,1,1,0.00,0.00,1,1,0.00,0.00,1,1,1,NULL,NULL,1,NULL,'Valido hasta...',1,'2020-04-07 06:05:35','2022-08-01 20:21:17',NULL);
INSERT INTO `syj_conceptos` VALUES (3449,6649,36,'Suma no Remunerativa',2920,1000,63,3,NULL,2,1,1,1,0,1,0,0,1,NULL,NULL,0,1,1,1.00,NULL,NULL,1,1,1,NULL,NULL,1,NULL,0.00,1,1.00,NULL,NULL,NULL,NULL,1,1,1,NULL,NULL,1,NULL,0.00,1,0.00,NULL,0.00,2,1,1,1,0.00,0.00,1,1,0.00,0.00,1,1,1,NULL,NULL,1,NULL,NULL,1,'2020-04-07 06:05:35','2023-05-02 17:29:14',NULL),(3450,6649,36,'SAC Indemnización sustitutiva Mes de Preaviso',2030,29400,NULL,3,NULL,1,1,1,1,0,1,0,0,1,NULL,NULL,0,1,1,1.00,NULL,NULL,1,1,1,NULL,NULL,1,NULL,0.00,5,0.00,NULL,NULL,NULL,NULL,3,1,1,2,4,1,NULL,0.00,6,0.00,NULL,0.00,2,1,1,1,0.00,0.00,1,1,0.00,0.00,1,1,1,NULL,NULL,1,NULL,NULL,1,'2020-04-07 06:05:36','2023-05-29 20:21:19',NULL),(3451,6649,36,'Indemnización Por Antigüedad ART 247',2950,29500,NULL,3,NULL,1,1,1,1,0,0,0,0,1,NULL,NULL,0,1,1,0.00,NULL,NULL,1,1,1,NULL,NULL,1,NULL,0.00,1,0.00,NULL,NULL,NULL,NULL,1,1,1,NULL,NULL,1,NULL,0.00,6,0.00,NULL,0.00,2,1,1,1,0.00,0.00,1,1,0.00,0.00,1,1,1,NULL,NULL,1,NULL,NULL,1,'2020-04-07 06:05:36','2020-05-06 15:59:56',NULL),(3452,6649,36,'Gratificación por egreso',2100,21000,NULL,3,NULL,1,1,1,1,0,1,0,0,1,NULL,NULL,0,1,1,1.00,NULL,NULL,1,1,1,NULL,NULL,1,NULL,0.00,3,0.00,NULL,NULL,NULL,NULL,1,1,1,NULL,NULL,1,NULL,0.00,6,0.00,NULL,0.00,2,1,1,1,0.00,0.00,1,1,0.00,0.00,1,1,1,NULL,NULL,1,NULL,NULL,1,'2020-04-07 06:05:36','2023-01-27 20:10:55','2023-01-27 20:10:55'),(3453,6649,36,'Inasistencia por Suspensión',1060,11114,NULL,2,NULL,1,1,1,1,0,1,1,0,1,NULL,NULL,0,1,3,0.00,NULL,NULL,1,1,1,NULL,NULL,1,NULL,0.00,5,0.00,NULL,NULL,NULL,NULL,3,1,1,2,4,1,5,0.00,6,0.00,NULL,0.00,2,1,1,1,0.00,0.00,1,1,0.00,0.00,1,1,1,NULL,NULL,1,NULL,'Cargar la cantidad de Dias en Negativo',1,'2020-04-07 06:05:36','2020-04-25 12:25:53',NULL),(3454,6649,36,'Presentismo',1070,111150,27,2,NULL,1,1,1,1,0,1,1,0,1,NULL,NULL,0,1,1,10.00,NULL,NULL,1,1,1,NULL,NULL,1,NULL,0.00,5,0.00,NULL,NULL,NULL,NULL,3,1,1,2,4,1,NULL,0.00,6,0.00,NULL,0.00,3,2,4,2,-2.00,0.00,1,1,0.00,0.00,3,1,1,2,2,1,NULL,NULL,1,'2020-04-07 06:05:36','2023-05-02 17:32:48',NULL),(3455,6649,36,'Horas Extras al 50%',1080,11121,NULL,2,NULL,1,1,1,1,1,1,1,0,1,NULL,NULL,0,1,3,0.00,NULL,NULL,1,1,1,NULL,NULL,1,NULL,0.00,2,0.00,NULL,NULL,30,NULL,3,1,1,2,4,1,1,0.00,6,0.00,NULL,0.00,2,1,1,1,0.00,0.00,1,1,0.00,0.00,1,1,1,NULL,NULL,1,NULL,NULL,1,'2020-04-07 06:05:36','2020-04-24 19:56:05',NULL),(3456,6649,36,'Horas Extras al 100%',1090,11122,NULL,2,NULL,1,1,1,1,1,1,1,0,1,NULL,NULL,0,1,3,0.00,NULL,NULL,1,1,1,NULL,NULL,1,NULL,0.00,2,0.00,NULL,NULL,29,NULL,3,1,1,2,4,1,1,0.00,6,0.00,NULL,0.00,2,1,1,1,0.00,0.00,1,1,0.00,0.00,1,1,1,NULL,NULL,1,NULL,NULL,1,'2020-04-07 06:05:36','2020-04-24 19:56:47',NULL),(3457,6649,36,'Feriados Nacionales  Trabajados',1112,11110,NULL,2,NULL,1,1,1,1,0,1,1,0,1,NULL,NULL,0,1,3,0.00,NULL,NULL,1,1,1,NULL,NULL,1,NULL,0.00,2,0.00,NULL,NULL,18,NULL,3,1,1,2,3,1,NULL,0.00,6,0.00,NULL,0.00,2,1,1,1,0.00,0.00,1,1,0.00,0.00,1,1,1,NULL,NULL,1,NULL,'Se deberá informar por las novedades la cantidad de dias Feriados Nac.Trabajados\r\nDicho concepto retorna como Valor, la suma del Básico /30 + Básico/25.',1,'2020-04-07 06:05:36','2020-04-30 12:17:04',NULL),(3458,6649,36,'PRV s/Vacaciones',1130,11050,NULL,2,NULL,1,1,1,1,0,1,0,0,1,NULL,NULL,0,1,1,0.00,NULL,NULL,1,1,1,NULL,NULL,1,3,0.00,5,0.00,NULL,NULL,NULL,NULL,2,2,3,2,4,3,NULL,0.00,6,0.00,NULL,0.00,2,1,1,1,0.00,0.00,1,1,0.00,0.00,1,1,1,NULL,NULL,1,NULL,NULL,0,'2020-04-07 06:05:36','2020-05-08 13:30:32',NULL),(3459,6649,36,'Licencia por Maternidad',1190,11900,NULL,2,NULL,1,1,1,1,0,1,1,0,1,NULL,NULL,0,1,3,0.00,NULL,NULL,1,1,1,NULL,NULL,1,NULL,0.00,5,0.00,NULL,NULL,NULL,NULL,3,1,1,2,4,1,NULL,0.00,1,0.00,NULL,0.00,NULL,1,1,1,0.00,0.00,1,1,0.00,0.00,1,1,1,NULL,NULL,1,NULL,'Si la empleada estuvo el mes completo de Licencia se liquidará por medio del tipo de liquidación ”Licencia por Maternidad”  informando los 30 días.\r\nCaso contrario se liquidará a través de la',1,'2020-04-07 06:05:36','2020-05-06 14:56:02',NULL);
INSERT INTO `syj_conceptos` VALUES (3460,6649,36,'Descuento Licencia por Maternidad',1200,12000,NULL,2,NULL,1,1,1,1,0,1,1,0,1,NULL,NULL,0,1,1,1.00,NULL,NULL,1,1,1,NULL,NULL,1,NULL,0.00,5,0.00,NULL,NULL,NULL,NULL,3,1,1,2,4,1,NULL,0.00,6,-1.00,NULL,0.00,6,1,1,1,0.00,0.00,1,1,0.00,0.00,1,1,1,NULL,NULL,1,NULL,NULL,1,'2020-04-07 06:05:36','2020-05-06 14:58:40',NULL),(3461,6649,36,'Indemnización Integración Mes de Despido',2010,20100,NULL,3,NULL,1,1,1,1,0,1,0,0,1,NULL,NULL,0,1,1,1.00,NULL,NULL,1,1,1,NULL,NULL,1,5,0.00,5,0.00,NULL,NULL,NULL,NULL,3,1,1,2,4,1,NULL,0.00,6,0.00,NULL,0.00,2,1,1,1,0.00,0.00,1,1,0.00,0.00,1,1,1,NULL,NULL,1,NULL,NULL,1,'2020-04-07 06:05:36','2020-04-24 17:28:21',NULL),(3462,6649,36,'PRV s/Integracion Mes de Despido',2060,20600,NULL,3,NULL,1,1,1,1,0,1,0,0,1,NULL,NULL,0,1,1,0.00,NULL,NULL,1,1,1,NULL,NULL,1,6,0.00,5,0.00,NULL,NULL,NULL,NULL,2,2,2,2,4,3,4,0.00,6,0.00,NULL,0.00,2,1,1,1,0.00,0.00,1,1,0.00,0.00,1,1,1,NULL,NULL,1,NULL,NULL,1,'2020-04-07 06:05:36','2023-05-29 18:22:58','2023-05-29 18:22:58'),(3463,6649,36,'Indemnización sustitutiva Mes de Preaviso',2025,20250,NULL,3,NULL,1,1,1,1,0,1,0,0,1,NULL,NULL,0,1,3,1.00,NULL,NULL,1,1,1,NULL,NULL,1,NULL,0.00,2,0.00,NULL,NULL,38,NULL,1,1,1,NULL,NULL,1,NULL,0.00,6,0.00,NULL,0.00,2,1,1,1,0.00,0.00,1,1,0.00,0.00,1,1,1,NULL,NULL,1,NULL,NULL,0,'2020-04-07 06:05:36','2023-05-29 18:15:07',NULL),(3464,6649,36,'PRV s/Mes de Preaviso',2060,20600,NULL,3,NULL,1,1,1,1,0,1,0,0,1,NULL,NULL,0,1,1,0.00,NULL,NULL,1,1,1,NULL,NULL,1,NULL,0.00,1,0.00,NULL,NULL,NULL,NULL,1,1,1,NULL,NULL,1,NULL,0.00,2,0.00,NULL,0.00,NULL,1,1,1,0.00,0.00,1,1,0.00,0.00,1,1,1,NULL,NULL,1,NULL,NULL,0,'2020-04-07 06:05:36','2020-05-06 15:10:39',NULL),(3465,6649,36,'Vacaciones No Gozadas',2100,20000,54,3,NULL,1,1,1,1,0,1,0,0,1,NULL,NULL,0,1,3,0.00,NULL,NULL,1,1,1,NULL,NULL,1,1,0.00,3,0.00,NULL,NULL,NULL,NULL,3,1,1,2,4,1,6,0.00,6,0.00,NULL,0.00,2,1,1,1,0.00,0.00,1,1,0.00,0.00,1,1,1,NULL,NULL,1,NULL,'En caso de Liquidar Final sin contar con Liquidaciones de meses anteriores, se deberá cambiar la configuración de la solapa valor unitario por Orgien del Valor: A INGRESAR.',1,'2020-04-07 06:05:36','2023-05-29 18:28:12',NULL),(3466,6649,36,'PRV s/Vacaciones No Gozadas',2060,20600,NULL,3,NULL,1,1,1,1,0,1,0,0,1,NULL,NULL,0,1,5,0.00,NULL,NULL,3,1,1,2,2,1,NULL,0.00,5,0.00,NULL,NULL,NULL,NULL,2,2,3,2,4,3,4,0.00,6,0.00,NULL,0.00,2,1,1,1,0.00,0.00,1,1,0.00,0.00,1,1,1,NULL,NULL,1,NULL,NULL,0,'2020-04-07 06:05:36','2020-05-06 15:12:32',NULL),(3467,6649,36,'Feriados Nacionales No Trab. No Rem',2350,23500,NULL,3,NULL,1,1,1,1,0,1,0,0,1,NULL,NULL,0,1,1,0.00,NULL,NULL,1,1,1,NULL,NULL,1,NULL,0.00,1,0.00,NULL,NULL,NULL,NULL,1,1,1,NULL,NULL,1,NULL,0.00,2,0.00,NULL,0.00,NULL,1,1,1,0.00,0.00,1,1,0.00,0.00,1,1,1,NULL,NULL,1,NULL,NULL,1,'2020-04-07 06:05:36','2020-05-06 15:17:23',NULL),(3468,6649,36,'Feriados Nacionales Trabajados No Rem',2400,24000,NULL,3,NULL,1,1,1,1,0,1,0,0,1,NULL,NULL,0,1,1,0.00,NULL,NULL,1,1,1,NULL,NULL,1,NULL,0.00,1,0.00,NULL,NULL,NULL,NULL,1,1,1,NULL,NULL,1,NULL,0.00,2,0.00,NULL,0.00,NULL,1,1,1,0.00,0.00,1,1,0.00,0.00,1,1,1,NULL,NULL,1,NULL,NULL,1,'2020-04-07 06:05:36','2020-05-06 15:17:59',NULL),(3469,6649,36,'SAC Vacaciones No Gozadas',2120,21200,60,3,NULL,1,1,1,1,0,1,0,0,1,NULL,NULL,0,1,1,1.00,NULL,NULL,1,1,1,NULL,NULL,1,NULL,0.00,5,0.00,NULL,NULL,NULL,NULL,3,1,1,2,4,1,3,0.00,6,0.00,NULL,0.00,2,1,1,1,0.00,0.00,1,1,0.00,0.00,1,1,1,NULL,NULL,1,NULL,NULL,1,'2020-04-07 06:05:36','2023-02-01 20:44:11',NULL),(3470,6649,36,'Antigüedad No Remunerativo',2500,25000,NULL,3,NULL,2,1,1,1,0,1,0,0,1,NULL,NULL,0,1,1,1.00,12,NULL,1,1,1,NULL,NULL,1,NULL,0.00,1,0.00,NULL,NULL,NULL,NULL,3,1,1,2,4,1,NULL,0.00,1,0.00,NULL,0.00,2,1,1,1,0.00,0.00,1,1,0.00,0.00,1,1,1,NULL,NULL,1,NULL,NULL,1,'2020-04-07 06:05:36','2023-05-02 19:00:51',NULL);
INSERT INTO `syj_conceptos` VALUES (3471,6649,36,'Presentismo No Remunerativo',2550,27501,NULL,3,NULL,2,1,1,1,0,1,0,0,1,NULL,NULL,0,1,1,1.00,NULL,NULL,1,1,1,NULL,NULL,1,NULL,0.00,1,0.00,NULL,NULL,NULL,NULL,3,1,1,2,4,1,NULL,0.00,1,0.00,NULL,0.00,2,1,1,2,0.00,0.00,1,1,0.00,0.00,3,1,1,2,4,1,NULL,NULL,1,'2020-04-07 06:05:36','2023-05-02 19:01:54',NULL),(3472,6649,36,'1º SAC No Rem',2600,26000,63,3,NULL,1,1,1,1,0,1,0,0,1,NULL,NULL,0,0,2,0.00,53,NULL,3,1,1,2,2,1,1,0.00,2,0.00,NULL,NULL,20,NULL,3,1,1,2,4,1,22,0.00,6,0.00,12,2.00,9,1,1,1,0.00,0.00,1,1,0.00,0.00,1,1,1,NULL,NULL,1,NULL,NULL,1,'2020-04-07 06:05:36','2023-06-09 16:30:26',NULL),(3473,6649,36,'Horas Extras al 50% s/ No Rem',2650,26500,NULL,3,NULL,1,1,1,1,0,1,0,0,1,NULL,NULL,0,1,5,0.00,NULL,NULL,3,1,1,2,2,1,NULL,0.00,5,0.00,NULL,NULL,NULL,NULL,3,1,1,2,4,1,13,0.00,6,0.00,NULL,0.00,2,1,1,1,0.00,0.00,1,1,0.00,0.00,1,1,1,NULL,NULL,1,NULL,NULL,0,'2020-04-07 06:05:36','2020-05-08 13:15:05',NULL),(3474,6649,36,'Horas Extras al 100% s/ No Rem',2700,27000,NULL,3,NULL,1,1,1,1,0,1,0,0,1,NULL,NULL,0,1,5,0.00,NULL,NULL,3,1,1,2,2,1,NULL,0.00,5,0.00,NULL,NULL,NULL,NULL,3,1,1,2,4,1,14,0.00,6,0.00,NULL,0.00,2,1,1,1,0.00,0.00,1,1,0.00,0.00,1,1,1,NULL,NULL,1,NULL,NULL,0,'2020-04-07 06:05:36','2020-05-08 13:15:45',NULL),(3475,6649,36,'Inasistencias Injustificadas No Rem',2750,27500,NULL,3,NULL,1,1,1,1,0,1,0,0,1,NULL,NULL,0,1,5,0.00,NULL,NULL,3,1,1,2,2,1,NULL,0.00,5,0.00,NULL,NULL,NULL,NULL,3,1,1,2,4,1,5,0.00,6,0.00,NULL,0.00,2,1,1,1,0.00,0.00,1,1,0.00,0.00,1,1,1,NULL,NULL,1,NULL,'Cargar la cantidad de Días en negativo.',1,'2020-04-07 06:05:36','2020-05-06 15:51:31',NULL),(3476,6649,36,'2º SAC No Rem',2610,26100,63,3,NULL,1,1,1,1,0,1,0,0,1,NULL,NULL,0,0,2,0.00,53,NULL,3,1,1,2,2,1,1,0.00,2,0.00,NULL,NULL,20,NULL,3,1,1,2,4,1,22,0.00,6,0.00,12,2.00,9,1,1,1,0.00,0.00,1,1,0.00,0.00,1,1,1,NULL,NULL,1,NULL,NULL,1,'2020-04-07 06:05:36','2023-05-29 20:34:05',NULL),(3477,6649,36,'SAC No Remunerativo',2620,26200,NULL,3,NULL,1,1,1,1,0,1,0,0,1,NULL,NULL,0,1,2,0.00,36,NULL,1,1,1,NULL,NULL,1,NULL,0.00,5,0.00,NULL,NULL,NULL,NULL,3,1,1,2,4,1,NULL,0.00,6,0.00,NULL,0.00,2,1,1,1,0.00,0.00,1,1,0.00,0.00,1,1,1,NULL,NULL,1,NULL,NULL,1,'2020-04-07 06:05:36','2023-02-01 18:55:03',NULL),(3478,6649,36,'Jubilación',4010,40100,65,5,NULL,1,3,1,4,0,1,0,0,1,NULL,NULL,0,1,2,0.00,4,NULL,1,1,1,NULL,NULL,1,NULL,0.00,5,0.00,NULL,NULL,NULL,NULL,2,2,2,2,4,3,NULL,0.00,6,0.00,NULL,0.00,3,1,1,1,0.00,0.00,1,1,0.00,0.00,1,1,1,NULL,NULL,1,NULL,NULL,1,'2020-04-07 06:05:36','2022-12-26 16:45:45',NULL),(3479,6649,36,'INSSJP (Ley 19.032)',4020,40200,66,5,NULL,1,3,1,6,0,1,0,0,1,NULL,NULL,0,1,2,0.00,2,NULL,1,1,1,NULL,NULL,1,NULL,0.00,5,0.00,NULL,NULL,NULL,NULL,2,2,2,2,4,3,NULL,0.00,6,0.00,NULL,0.00,3,1,1,1,0.00,0.00,1,1,0.00,0.00,1,1,1,NULL,NULL,1,NULL,NULL,1,'2020-04-07 06:05:36','2022-12-26 16:48:39',NULL),(3480,6649,36,'Obra Social',4030,40300,67,5,NULL,1,2,1,3,0,1,0,0,1,NULL,NULL,0,1,2,0.00,3,NULL,1,1,1,NULL,NULL,1,NULL,0.00,5,0.00,NULL,NULL,NULL,NULL,2,2,3,2,4,3,1,0.00,6,0.00,NULL,0.00,3,1,1,1,0.00,0.00,1,1,0.00,0.00,1,1,1,NULL,NULL,1,NULL,NULL,1,'2020-04-07 06:05:36','2023-06-13 23:55:53',NULL),(3481,6649,36,'Sindicato',4040,40400,69,5,NULL,1,1,1,5,0,1,0,0,1,NULL,NULL,0,1,1,3.00,NULL,NULL,1,1,1,NULL,NULL,1,NULL,0.00,5,0.00,NULL,NULL,NULL,NULL,2,2,3,2,4,3,NULL,0.00,6,0.00,NULL,0.00,3,1,1,1,0.00,0.00,1,1,0.00,0.00,1,1,1,NULL,NULL,1,NULL,NULL,1,'2020-04-07 06:05:36','2023-06-13 23:56:31',NULL),(3482,6649,36,'Obra Social s/ No Rem',4100,41000,NULL,4,NULL,1,1,1,1,0,1,0,0,1,NULL,NULL,0,1,1,0.00,NULL,NULL,1,1,1,NULL,NULL,1,NULL,0.00,1,0.00,NULL,NULL,NULL,NULL,1,1,1,NULL,NULL,1,NULL,0.00,2,0.00,NULL,0.00,NULL,1,1,1,0.00,0.00,1,1,0.00,0.00,1,1,1,NULL,NULL,1,NULL,NULL,1,'2020-04-07 06:05:36','2020-04-07 06:05:36',NULL);
INSERT INTO `syj_conceptos` VALUES (3483,6649,36,'Sindicato s/ No Rem',4150,41500,NULL,4,NULL,1,1,1,1,0,1,0,0,1,NULL,NULL,0,1,1,0.00,NULL,NULL,1,1,1,NULL,NULL,1,NULL,0.00,1,0.00,NULL,NULL,NULL,NULL,1,1,1,NULL,NULL,1,NULL,0.00,2,0.00,NULL,0.00,NULL,1,1,1,0.00,0.00,1,1,0.00,0.00,1,1,1,NULL,NULL,1,NULL,NULL,1,'2020-04-07 06:05:36','2020-04-07 06:05:36',NULL),(3484,6649,36,'Adicional Familiar a cargo Obra Social',4320,43200,NULL,4,NULL,1,1,1,1,0,1,0,0,1,NULL,NULL,0,1,1,0.00,NULL,NULL,1,1,1,NULL,NULL,1,NULL,0.00,1,0.00,NULL,NULL,NULL,NULL,1,1,1,NULL,NULL,1,NULL,0.00,2,0.00,NULL,0.00,NULL,1,1,1,0.00,0.00,1,1,0.00,0.00,1,1,1,NULL,NULL,1,NULL,NULL,1,'2020-04-07 06:05:36','2020-04-07 06:05:36',NULL),(3485,6649,36,'Embargo',4060,40600,NULL,5,NULL,2,1,1,1,0,1,0,0,1,NULL,NULL,0,1,1,0.00,NULL,NULL,1,1,1,NULL,NULL,1,NULL,0.00,1,0.00,NULL,NULL,NULL,NULL,1,1,1,NULL,NULL,1,NULL,0.00,2,0.00,NULL,0.00,NULL,1,1,1,0.00,0.00,1,1,0.00,0.00,1,1,1,NULL,NULL,1,NULL,NULL,1,'2020-04-07 06:05:36','2020-05-06 16:24:52',NULL),(3486,6649,36,'Beneficio Dto 561/19',4370,43700,NULL,4,NULL,1,1,1,1,0,1,0,0,1,NULL,NULL,0,1,1,0.00,NULL,NULL,1,1,1,NULL,NULL,1,NULL,0.00,1,0.00,NULL,NULL,NULL,NULL,1,1,1,NULL,NULL,1,NULL,0.00,2,0.00,NULL,0.00,NULL,1,1,1,0.00,0.00,1,1,0.00,0.00,1,1,1,NULL,NULL,1,NULL,NULL,1,'2020-04-07 06:05:36','2020-04-07 06:05:36',NULL),(3487,6649,36,'Jubilación',5010,50100,NULL,6,NULL,1,1,1,1,0,0,0,0,1,NULL,NULL,0,1,1,0.00,NULL,NULL,1,1,1,NULL,NULL,1,NULL,0.00,1,0.00,NULL,NULL,NULL,NULL,1,1,1,NULL,NULL,1,NULL,0.00,2,0.00,NULL,0.00,NULL,1,1,1,0.00,0.00,1,1,0.00,0.00,1,1,1,NULL,NULL,1,NULL,NULL,1,'2020-04-07 06:05:36','2020-04-07 19:22:45',NULL),(3488,6649,36,'Fondo Nacional de Empleo',5020,50200,NULL,6,NULL,1,1,1,1,0,0,0,0,1,NULL,NULL,0,1,1,0.00,NULL,NULL,1,1,1,NULL,NULL,1,NULL,0.00,1,0.00,NULL,NULL,NULL,NULL,1,1,1,NULL,NULL,1,NULL,0.00,2,0.00,NULL,0.00,NULL,1,1,1,0.00,0.00,1,1,0.00,0.00,1,1,1,NULL,NULL,1,NULL,NULL,1,'2020-04-07 06:05:36','2020-05-06 16:16:34',NULL),(3489,6649,36,'INSSJP(Ley 19.032)',5030,50300,NULL,6,NULL,1,1,1,1,0,0,0,0,1,NULL,NULL,0,1,1,0.00,NULL,NULL,1,1,1,NULL,NULL,1,NULL,0.00,1,0.00,NULL,NULL,NULL,NULL,1,1,1,NULL,NULL,1,NULL,0.00,2,0.00,NULL,0.00,NULL,1,1,1,0.00,0.00,1,1,0.00,0.00,1,1,1,NULL,NULL,1,NULL,NULL,1,'2020-04-07 06:05:36','2020-05-06 16:17:07',NULL),(3490,6649,36,'Obra Social',5040,50400,NULL,6,NULL,1,1,1,1,0,0,0,0,1,NULL,NULL,0,1,1,0.00,NULL,NULL,1,1,1,NULL,NULL,1,NULL,0.00,1,0.00,NULL,NULL,NULL,NULL,1,1,1,NULL,NULL,1,NULL,0.00,2,0.00,NULL,0.00,NULL,1,1,1,0.00,0.00,1,1,0.00,0.00,1,1,1,NULL,NULL,1,NULL,NULL,1,'2020-04-07 06:05:36','2020-04-16 15:51:58',NULL),(3491,6649,36,'Asigs Familiares',5060,50600,NULL,6,NULL,1,1,1,1,0,0,0,0,1,NULL,NULL,0,1,1,0.00,NULL,NULL,1,1,1,NULL,NULL,1,NULL,0.00,1,0.00,NULL,NULL,NULL,NULL,1,1,1,NULL,NULL,1,NULL,0.00,2,0.00,NULL,0.00,NULL,1,1,1,0.00,0.00,1,1,0.00,0.00,1,1,1,NULL,NULL,1,NULL,NULL,1,'2020-04-07 06:05:36','2020-05-06 16:17:38',NULL),(3492,6649,36,'Porcentaje ART',5080,50800,NULL,6,NULL,1,1,1,1,0,0,0,0,1,NULL,NULL,0,1,1,0.00,NULL,NULL,1,1,1,NULL,NULL,1,NULL,0.00,1,0.00,NULL,NULL,NULL,NULL,1,1,1,NULL,NULL,1,NULL,0.00,2,0.00,NULL,0.00,NULL,1,1,1,0.00,0.00,1,1,0.00,0.00,1,1,1,NULL,NULL,1,NULL,NULL,1,'2020-04-07 06:05:36','2020-05-06 16:18:32',NULL),(3493,6649,36,'Obra Social s/ No Rem',5100,51000,NULL,6,NULL,1,1,1,1,0,0,0,0,1,NULL,NULL,0,1,1,0.00,NULL,NULL,1,1,1,NULL,NULL,1,NULL,0.00,1,0.00,NULL,NULL,NULL,NULL,1,1,1,NULL,NULL,1,NULL,0.00,2,0.00,NULL,0.00,NULL,1,1,1,0.00,0.00,1,1,0.00,0.00,1,1,1,NULL,NULL,1,NULL,NULL,1,'2020-04-07 06:05:36','2020-05-06 16:18:56',NULL),(3494,6649,36,'Inasistencias Por Enfermedad',1010,10100,NULL,2,NULL,1,1,1,1,0,1,1,0,1,NULL,NULL,0,1,3,0.00,NULL,NULL,1,1,1,NULL,NULL,1,NULL,0.00,2,0.00,NULL,NULL,17,NULL,1,1,1,NULL,NULL,1,NULL,0.00,6,0.00,NULL,0.00,2,1,1,1,0.00,0.00,1,1,0.00,0.00,1,1,1,NULL,NULL,1,NULL,NULL,1,'2020-04-07 06:05:36','2020-04-08 16:00:06',NULL);
INSERT INTO `syj_conceptos` VALUES (3495,6649,36,'Inasistencias por Accidente de Trabajo',1020,10200,NULL,2,NULL,1,1,1,1,0,1,1,0,1,NULL,NULL,0,1,3,0.00,NULL,NULL,1,1,1,NULL,NULL,1,NULL,0.00,2,0.00,NULL,NULL,17,NULL,1,1,1,NULL,NULL,1,NULL,0.00,6,0.00,NULL,0.00,2,1,1,1,0.00,0.00,1,1,0.00,0.00,1,1,1,NULL,NULL,1,NULL,NULL,1,'2020-04-07 06:05:36','2020-04-08 16:01:25',NULL),(3496,6649,36,'Días Trabajados',1040,10400,1,2,NULL,1,1,1,1,0,1,1,0,1,NULL,NULL,0,1,1,30.00,20,NULL,2,2,3,NULL,NULL,1,1,0.00,2,0.00,NULL,NULL,17,NULL,1,1,1,NULL,NULL,1,22,0.00,1,0.00,8,0.00,NULL,1,1,1,0.00,0.00,1,1,0.00,0.00,1,1,1,NULL,NULL,1,NULL,NULL,1,'2020-04-07 06:05:36','2023-08-17 20:53:53',NULL),(3497,6649,36,'Día del Gremio',1110,11100,NULL,2,NULL,1,1,1,1,0,1,1,0,1,NULL,NULL,0,1,1,0.00,NULL,NULL,1,1,1,NULL,NULL,1,NULL,0.00,2,0.00,NULL,NULL,18,NULL,1,1,1,NULL,NULL,1,NULL,0.00,6,0.00,NULL,0.00,2,1,1,1,0.00,0.00,1,1,0.00,0.00,1,1,1,NULL,NULL,1,NULL,'En mes Septiembre, cuando se liquide dicho concepto se deberá ingresar manualmente en Dias Trabajados 29 dias.',1,'2020-04-07 06:05:36','2020-04-15 16:40:23',NULL),(3498,6649,36,'Feriados Nacionales No Trabajados',1111,11109,NULL,2,NULL,1,1,1,1,0,1,1,0,1,NULL,NULL,0,1,3,0.00,NULL,NULL,1,1,1,NULL,NULL,1,NULL,0.00,2,0.00,NULL,NULL,18,NULL,1,1,1,NULL,NULL,1,NULL,0.00,6,0.00,NULL,0.00,2,1,1,1,0.00,0.00,1,1,0.00,0.00,1,1,1,NULL,NULL,1,NULL,'Se deberá informar por las novedades la cantidad de dias Feriados Nac. No Trabajados\r\nDicho concepto retorna como Valor, el Básico Diario.',1,'2020-04-07 06:05:36','2020-04-08 16:05:03',NULL),(3499,6649,36,'SAC',1120,11200,11,2,NULL,1,1,1,1,0,1,1,0,1,NULL,NULL,0,0,2,0.00,36,NULL,1,1,1,NULL,NULL,1,NULL,0.00,2,0.00,NULL,NULL,38,NULL,1,1,1,NULL,NULL,1,2,0.00,6,0.00,NULL,0.00,2,1,1,1,0.00,0.00,1,1,0.00,0.00,1,1,1,NULL,NULL,1,NULL,NULL,1,'2020-04-07 06:05:36','2023-06-09 16:34:50',NULL),(3500,6649,36,'Cuota Fija ART',5070,50700,NULL,6,NULL,1,1,1,1,0,0,0,0,1,NULL,NULL,0,1,1,0.00,NULL,NULL,1,1,1,NULL,NULL,1,NULL,0.00,1,0.00,NULL,NULL,NULL,NULL,1,1,1,NULL,NULL,1,NULL,0.00,2,0.00,NULL,0.00,NULL,1,1,1,0.00,0.00,1,1,0.00,0.00,1,1,1,NULL,NULL,1,NULL,NULL,1,'2020-04-07 06:05:36','2020-05-06 16:18:04',NULL),(3501,6649,36,'Basico',90,900,NULL,1,NULL,1,1,1,1,NULL,NULL,NULL,NULL,1,NULL,NULL,0,1,1,30.00,NULL,NULL,1,1,1,NULL,NULL,1,NULL,0.00,2,0.00,NULL,NULL,17,NULL,1,1,1,NULL,NULL,1,NULL,0.00,1,0.00,8,0.00,NULL,1,1,1,0.00,0.00,1,1,0.00,0.00,1,1,1,NULL,NULL,1,NULL,'Retorna el Basico Completo = 30 * Basico Diario',1,'2020-04-07 18:08:12','2020-04-17 11:34:51',NULL),(3502,6649,36,'Antigüedad',95,950,NULL,1,NULL,1,1,1,1,NULL,NULL,NULL,NULL,1,NULL,NULL,0,1,1,1.50,12,NULL,1,1,1,NULL,NULL,1,NULL,0.00,5,0.00,NULL,NULL,NULL,NULL,3,1,1,2,4,1,NULL,0.00,6,0.00,NULL,0.00,3,1,1,1,0.00,0.00,1,1,0.00,0.00,1,1,1,NULL,NULL,1,NULL,NULL,1,'2020-04-07 18:09:41','2022-08-01 20:10:59',NULL),(3503,6649,36,'Basico Diario Vacaciones',120,1200,NULL,1,NULL,1,1,1,1,NULL,NULL,NULL,NULL,1,NULL,NULL,0,1,1,1.00,NULL,NULL,1,1,1,NULL,NULL,1,NULL,0.00,2,0.00,NULL,NULL,17,NULL,1,1,1,NULL,NULL,1,NULL,0.00,6,0.00,NULL,0.00,2,1,1,1,0.00,0.00,1,1,0.00,0.00,1,1,1,NULL,NULL,1,NULL,NULL,1,'2020-04-08 16:09:47','2020-04-08 16:09:47',NULL),(3504,6649,36,'Sueldo Conformado Rem',110,1100,NULL,1,NULL,1,1,1,1,NULL,NULL,NULL,NULL,1,NULL,NULL,0,1,1,1.00,NULL,NULL,1,1,1,NULL,NULL,1,NULL,0.00,5,0.00,NULL,NULL,NULL,NULL,3,1,1,2,4,1,NULL,0.00,6,0.00,NULL,0.00,2,1,1,1,0.00,0.00,1,1,0.00,0.00,1,1,1,NULL,NULL,1,NULL,'Sumatoria de los conceptos de Control 80+90+100',1,'2020-04-08 16:21:05','2020-04-24 19:39:03',NULL),(3505,6649,36,'Presentismo',240,2400,NULL,1,NULL,1,1,1,1,NULL,NULL,NULL,NULL,1,NULL,NULL,0,1,1,10.00,NULL,NULL,1,1,1,NULL,NULL,1,NULL,0.00,5,0.00,NULL,NULL,NULL,NULL,3,1,1,2,4,1,NULL,0.00,6,0.00,NULL,0.00,3,1,1,1,0.00,0.00,1,1,0.00,0.00,1,1,1,NULL,NULL,1,NULL,NULL,1,'2020-04-08 16:22:54','2022-08-01 19:37:12',NULL);
INSERT INTO `syj_conceptos` VALUES (3506,6649,36,'Antiguedad',1050,111130,22,2,NULL,1,1,1,1,0,1,1,NULL,1,NULL,NULL,0,1,2,0.00,12,NULL,1,1,1,NULL,NULL,1,12,1.50,5,0.00,NULL,NULL,16,NULL,3,2,2,2,4,1,1,0.00,6,0.00,NULL,0.00,3,1,1,1,0.00,0.00,1,1,0.00,0.00,1,1,1,NULL,NULL,1,NULL,NULL,1,'2020-04-16 13:57:29','2023-05-02 17:31:06',NULL),(3507,6649,36,'Acuerdo CCT 130/75 febrero/2020',1241,12410,NULL,2,NULL,1,1,1,1,NULL,NULL,NULL,NULL,1,NULL,NULL,0,1,1,0.00,NULL,NULL,1,1,1,NULL,NULL,1,NULL,0.00,3,2000.00,NULL,NULL,NULL,NULL,1,1,1,NULL,NULL,1,NULL,0.00,6,0.00,NULL,0.00,2,1,1,1,0.00,0.00,1,1,0.00,0.00,1,1,1,NULL,NULL,1,NULL,NULL,1,'2020-04-16 15:21:14','2022-08-01 20:21:54',NULL),(3508,6649,36,'Horas Extras comunes',1075,11120,NULL,2,NULL,1,1,1,1,NULL,NULL,NULL,NULL,1,NULL,NULL,1,1,3,0.00,NULL,NULL,1,1,1,NULL,NULL,1,NULL,0.00,2,0.00,NULL,NULL,31,NULL,3,1,1,2,4,1,1,0.00,6,0.00,NULL,0.00,2,1,1,1,0.00,0.00,1,1,0.00,0.00,1,1,1,NULL,NULL,1,NULL,NULL,1,'2020-04-17 11:52:46','2020-04-24 19:54:47',NULL),(3509,6649,36,'Sueldo Conformado No Rem',170,1700,NULL,1,NULL,1,1,1,1,NULL,NULL,NULL,NULL,1,NULL,NULL,0,1,1,1.00,NULL,NULL,1,1,1,NULL,NULL,1,NULL,0.00,5,0.00,NULL,NULL,NULL,NULL,3,1,1,2,4,1,NULL,0.00,6,0.00,NULL,0.00,2,1,1,1,0.00,0.00,1,1,0.00,0.00,1,1,1,NULL,NULL,1,NULL,NULL,1,'2020-04-19 10:08:56','2020-05-06 20:02:12',NULL),(3510,6649,36,'Antigüedad No Rem',175,1750,NULL,1,NULL,1,1,1,1,NULL,NULL,NULL,NULL,1,NULL,NULL,0,1,2,0.00,12,NULL,1,1,1,NULL,NULL,1,NULL,0.00,5,0.00,NULL,NULL,NULL,NULL,3,3,3,2,4,1,NULL,0.00,6,0.00,NULL,0.00,3,2,4,2,-2.00,0.00,1,1,0.00,0.00,3,1,1,2,2,1,NULL,NULL,1,'2020-04-19 10:13:32','2020-05-06 20:03:13',NULL),(3511,6649,36,'SAC Indemnización Integración Mes de Despido',2015,20150,NULL,3,NULL,1,1,1,1,NULL,NULL,NULL,NULL,1,NULL,NULL,0,1,3,0.00,NULL,NULL,1,1,1,NULL,NULL,1,NULL,0.00,5,1.00,NULL,NULL,NULL,NULL,3,1,1,2,4,1,3,0.00,6,0.00,NULL,0.00,2,1,1,1,0.00,0.00,1,1,0.00,0.00,1,1,1,NULL,NULL,1,NULL,NULL,1,'2020-04-24 17:49:56','2020-04-30 12:52:11',NULL),(3512,6649,36,'Indemnizacion por Antigüedad',2130,21300,53,3,NULL,1,1,1,1,NULL,NULL,NULL,NULL,1,NULL,NULL,0,1,2,0.00,14,NULL,1,1,1,NULL,NULL,1,NULL,0.00,2,0.00,NULL,NULL,39,NULL,1,1,1,NULL,NULL,1,30,2.00,6,0.00,NULL,0.00,2,1,1,1,0.00,0.00,1,1,0.00,0.00,1,1,1,NULL,NULL,1,NULL,NULL,1,'2020-04-24 20:24:27','2023-06-08 19:33:03',NULL),(3513,6649,36,'Presentismo No Rem',180,1800,NULL,2,NULL,1,1,1,1,NULL,NULL,NULL,NULL,1,NULL,NULL,0,1,1,10.00,NULL,NULL,1,1,1,NULL,NULL,1,NULL,0.00,5,0.00,NULL,NULL,NULL,NULL,3,1,1,2,4,1,NULL,0.00,6,0.00,NULL,0.00,3,1,1,1,0.00,0.00,1,1,0.00,0.00,1,1,1,NULL,NULL,1,NULL,NULL,0,'2020-05-06 15:50:49','2022-09-09 18:10:26',NULL),(3514,6649,36,'Concepto No Remunerativo',2000,1700,62,3,NULL,1,1,1,1,0,NULL,NULL,NULL,1,NULL,NULL,0,0,1,1.00,15,NULL,1,1,1,NULL,NULL,1,1,0.00,2,0.00,NULL,NULL,20,NULL,1,1,1,2,4,1,22,0.00,6,0.00,1,0.00,9,1,1,1,0.00,0.00,1,1,0.00,0.00,1,1,1,NULL,NULL,1,NULL,NULL,1,'2020-05-06 19:26:24','2023-08-17 20:56:48',NULL),(3515,6649,36,'FAECYS',4050,40500,NULL,5,NULL,1,1,1,5,NULL,NULL,NULL,NULL,1,NULL,NULL,0,0,1,0.50,NULL,NULL,1,1,1,NULL,NULL,1,1,0.00,5,0.00,NULL,NULL,NULL,NULL,2,2,2,2,4,1,NULL,0.00,6,0.00,NULL,0.00,3,1,1,1,0.00,0.00,1,1,0.00,0.00,1,1,1,NULL,NULL,1,NULL,NULL,0,'2020-05-12 17:20:52','2022-08-02 19:31:51',NULL),(3516,6649,36,'Plus Feriado',1115,11150,NULL,2,NULL,1,1,1,1,NULL,NULL,NULL,NULL,1,NULL,NULL,1,1,3,0.00,NULL,NULL,1,1,1,NULL,NULL,1,NULL,0.00,2,0.00,NULL,NULL,48,NULL,1,1,1,NULL,NULL,1,NULL,0.00,6,0.00,NULL,0.00,2,1,1,1,0.00,0.00,1,1,0.00,0.00,1,1,1,NULL,NULL,1,NULL,NULL,1,'2022-02-24 15:19:23','2022-02-24 15:19:23',NULL),(3517,6649,36,'Diferencia por Vacaciones',1072,10720,20,2,NULL,2,1,1,1,NULL,NULL,NULL,NULL,1,NULL,NULL,0,1,1,1.00,NULL,NULL,1,1,1,NULL,NULL,1,NULL,0.00,1,1.00,NULL,NULL,NULL,NULL,1,1,1,NULL,NULL,1,NULL,0.00,1,0.00,NULL,0.00,NULL,1,1,1,0.00,0.00,1,1,0.00,0.00,1,1,1,NULL,NULL,1,NULL,NULL,1,'2022-08-02 16:34:39','2023-02-01 18:52:40',NULL);
INSERT INTO `syj_conceptos` VALUES (3518,6649,36,'Diferencia por Vacaciones',90,900,NULL,2,NULL,2,1,1,1,NULL,NULL,NULL,NULL,1,NULL,NULL,1,1,1,1.00,NULL,NULL,1,1,1,NULL,NULL,1,NULL,0.00,1,1.00,NULL,NULL,NULL,NULL,1,1,1,NULL,NULL,1,NULL,0.00,1,0.00,NULL,0.00,NULL,1,1,1,0.00,0.00,1,1,0.00,0.00,1,1,1,NULL,NULL,1,NULL,NULL,1,'2022-08-02 16:34:40','2022-08-10 17:01:16',NULL),(3519,6649,36,'Cuota Mutual',4070,40700,76,5,NULL,2,1,1,1,NULL,1,NULL,NULL,1,NULL,NULL,0,1,1,150.00,NULL,NULL,1,1,1,NULL,NULL,1,NULL,0.00,1,1.00,NULL,NULL,NULL,NULL,1,1,1,NULL,NULL,1,NULL,0.00,1,0.00,NULL,0.00,NULL,1,1,1,0.00,0.00,1,1,0.00,0.00,1,1,1,NULL,NULL,1,NULL,NULL,1,'2022-08-02 20:08:11','2023-02-01 19:11:52',NULL),(3520,6649,36,'Hs. Extras',1076,10760,15,2,NULL,2,1,1,1,NULL,NULL,NULL,NULL,1,NULL,NULL,0,1,1,0.00,NULL,NULL,1,1,1,NULL,NULL,1,NULL,0.00,1,0.00,NULL,NULL,NULL,NULL,1,1,1,NULL,NULL,1,NULL,0.00,1,0.00,NULL,0.00,NULL,1,1,1,0.00,0.00,1,1,0.00,0.00,1,1,1,NULL,NULL,1,NULL,NULL,1,'2022-08-03 20:52:03','2022-12-29 22:39:43',NULL),(3521,6649,36,'Descuentos hs',1041,10410,1,2,NULL,2,1,1,1,NULL,NULL,NULL,NULL,1,NULL,NULL,1,1,1,1.00,NULL,NULL,1,1,1,NULL,NULL,1,NULL,0.00,1,0.00,NULL,NULL,NULL,NULL,1,1,1,NULL,NULL,1,NULL,0.00,1,0.00,NULL,0.00,NULL,1,1,1,0.00,0.00,1,1,0.00,0.00,1,1,1,NULL,NULL,1,NULL,NULL,1,'2022-08-04 15:45:16','2023-05-03 00:29:38',NULL),(3522,6649,37,'Comisiones de venta',1220,12200,NULL,2,NULL,2,1,1,1,0,1,1,0,1,NULL,NULL,0,1,1,1.00,NULL,NULL,1,1,1,NULL,NULL,1,NULL,0.00,1,0.00,NULL,NULL,NULL,NULL,1,1,1,NULL,NULL,1,NULL,0.00,6,0.00,NULL,0.00,2,1,1,1,0.00,0.00,1,1,0.00,0.00,1,1,1,NULL,NULL,1,NULL,NULL,1,'2020-04-07 09:05:35','2020-04-10 03:56:08',NULL),(3523,6649,37,'Reintegro Ganancias Renta 4ta Categoría',2800,43700,NULL,3,NULL,1,1,1,1,0,0,0,0,1,NULL,NULL,0,1,1,1.00,NULL,NULL,1,1,1,NULL,NULL,1,NULL,0.00,1,0.00,NULL,NULL,NULL,NULL,1,1,1,NULL,NULL,1,7,0.00,6,0.00,9,0.00,2,1,1,1,0.00,0.00,1,1,0.00,0.00,1,1,1,NULL,NULL,1,NULL,NULL,0,'2020-04-07 09:05:35','2020-05-06 20:17:25',NULL),(3524,6649,37,'Redondeo',2900,43800,NULL,3,NULL,1,1,1,1,0,1,0,0,1,NULL,NULL,0,1,1,1.00,NULL,NULL,1,1,1,NULL,NULL,1,NULL,0.00,1,0.00,NULL,NULL,NULL,NULL,1,1,1,NULL,NULL,1,NULL,0.00,2,0.00,11,0.00,1,1,1,1,0.00,0.00,1,1,0.00,0.00,1,1,1,NULL,NULL,1,NULL,NULL,0,'2020-04-07 09:05:35','2022-08-03 21:35:32',NULL),(3525,6649,37,'Retención Ganancias Renta 4ta Categoría',4330,43600,NULL,5,NULL,1,1,1,7,0,0,0,0,1,NULL,NULL,1,1,1,1.00,NULL,NULL,1,1,1,NULL,NULL,1,NULL,0.00,3,0.00,NULL,NULL,NULL,NULL,1,1,1,NULL,NULL,1,NULL,0.00,6,0.00,NULL,0.00,2,1,1,1,0.00,0.00,1,1,0.00,0.00,1,1,1,NULL,NULL,1,NULL,'Se puede ingresar a mano o lo calcula Taxes, creando un detalle de liquidacion en el empleado',1,'2020-04-07 09:05:35','2020-04-07 09:05:35',NULL),(3526,6649,37,'Adicional voluntario',1210,12100,NULL,2,NULL,2,1,1,1,1,1,1,0,1,NULL,NULL,0,1,3,1.00,NULL,NULL,1,1,1,NULL,NULL,1,NULL,0.00,3,0.00,NULL,NULL,NULL,NULL,1,1,1,NULL,NULL,1,NULL,0.00,6,0.00,NULL,0.00,2,1,1,1,0.00,0.00,1,1,0.00,0.00,1,1,1,NULL,NULL,1,NULL,NULL,1,'2020-04-07 09:05:35','2020-04-16 18:28:01',NULL),(3527,6649,37,'Vacaciones',1045,11000,NULL,2,NULL,1,1,1,1,0,1,1,0,1,NULL,NULL,0,1,2,0.00,33,NULL,1,1,1,NULL,NULL,1,NULL,0.00,2,0.00,NULL,NULL,18,NULL,1,1,1,NULL,NULL,1,NULL,0.00,6,0.00,NULL,0.00,2,1,1,1,0.00,0.00,1,1,0.00,0.00,1,1,1,NULL,NULL,1,NULL,NULL,1,'2020-04-07 09:05:35','2020-04-30 17:48:21',NULL),(3528,6649,37,'A cuenta futuros aumentos',1230,12300,NULL,2,NULL,2,1,1,1,1,1,1,0,1,NULL,NULL,0,1,3,1.00,NULL,NULL,1,1,1,NULL,NULL,1,NULL,0.00,3,0.00,NULL,NULL,NULL,NULL,1,1,1,NULL,NULL,1,NULL,0.00,6,0.00,NULL,0.00,2,1,1,1,0.00,0.00,1,1,0.00,0.00,1,1,1,NULL,NULL,1,NULL,NULL,1,'2020-04-07 09:05:35','2020-05-06 18:00:11',NULL),(3529,6649,37,'Aumento solidario Decreto 14/2020',1240,12400,NULL,2,NULL,1,1,1,1,0,1,1,0,1,NULL,NULL,0,1,3,0.00,NULL,NULL,1,1,1,NULL,NULL,1,NULL,0.00,3,4000.00,NULL,NULL,NULL,NULL,1,1,1,NULL,NULL,1,NULL,0.00,6,0.00,NULL,0.00,2,1,1,1,0.00,0.00,1,1,0.00,0.00,1,1,1,NULL,NULL,1,NULL,'Valido hasta...',1,'2020-04-07 09:05:35','2022-08-01 23:21:17',NULL);
INSERT INTO `syj_conceptos` VALUES (3530,6649,37,'Suma no Remunerativa',2920,29200,NULL,3,NULL,1,1,1,1,1,1,0,0,1,NULL,NULL,0,1,1,0.00,NULL,NULL,1,1,1,NULL,NULL,1,NULL,0.00,1,0.00,NULL,NULL,NULL,NULL,1,1,1,NULL,NULL,1,NULL,0.00,6,0.00,NULL,0.00,2,1,1,1,0.00,0.00,1,1,0.00,0.00,1,1,1,NULL,NULL,1,NULL,NULL,1,'2020-04-07 09:05:35','2020-05-06 18:58:25',NULL),(3531,6649,37,'SAC Indemnización sustitutiva Mes de Preaviso',2030,29400,NULL,3,NULL,1,1,1,1,0,1,0,0,1,NULL,NULL,0,1,1,1.00,NULL,NULL,1,1,1,NULL,NULL,1,NULL,0.00,5,0.00,NULL,NULL,NULL,NULL,3,1,1,2,4,1,NULL,0.00,6,0.00,NULL,0.00,2,1,1,1,0.00,0.00,1,1,0.00,0.00,1,1,1,NULL,NULL,1,NULL,NULL,1,'2020-04-07 09:05:36','2020-04-24 23:16:58',NULL),(3532,6649,37,'Indemnización Por Antigüedad ART 247',2950,29500,NULL,3,NULL,1,1,1,1,0,0,0,0,1,NULL,NULL,0,1,1,0.00,NULL,NULL,1,1,1,NULL,NULL,1,NULL,0.00,1,0.00,NULL,NULL,NULL,NULL,1,1,1,NULL,NULL,1,NULL,0.00,6,0.00,NULL,0.00,2,1,1,1,0.00,0.00,1,1,0.00,0.00,1,1,1,NULL,NULL,1,NULL,NULL,1,'2020-04-07 09:05:36','2020-05-06 18:59:56',NULL),(3533,6649,37,'Gratificación por egreso',2100,21000,NULL,3,NULL,1,1,1,1,0,1,0,0,1,NULL,NULL,0,1,1,1.00,NULL,NULL,1,1,1,NULL,NULL,1,NULL,0.00,3,0.00,NULL,NULL,NULL,NULL,1,1,1,NULL,NULL,1,NULL,0.00,6,0.00,NULL,0.00,2,1,1,1,0.00,0.00,1,1,0.00,0.00,1,1,1,NULL,NULL,1,NULL,NULL,1,'2020-04-07 09:05:36','2020-05-06 18:15:09',NULL),(3534,6649,37,'Inasistencia por Suspensión',1060,11114,NULL,2,NULL,1,1,1,1,0,1,1,0,1,NULL,NULL,0,1,3,0.00,NULL,NULL,1,1,1,NULL,NULL,1,NULL,0.00,5,0.00,NULL,NULL,NULL,NULL,3,1,1,2,4,1,5,0.00,6,0.00,NULL,0.00,2,1,1,1,0.00,0.00,1,1,0.00,0.00,1,1,1,NULL,NULL,1,NULL,'Cargar la cantidad de Dias en Negativo',1,'2020-04-07 09:05:36','2020-04-25 15:25:53',NULL),(3535,6649,37,'Presentismo',1070,11115,27,2,NULL,1,1,1,1,0,1,1,0,1,NULL,NULL,0,1,1,10.00,NULL,NULL,1,1,1,NULL,NULL,1,NULL,0.00,5,0.00,NULL,NULL,NULL,NULL,3,1,1,2,4,1,NULL,0.00,6,0.00,NULL,0.00,3,2,4,2,-2.00,0.00,1,1,0.00,0.00,3,1,1,2,2,1,NULL,NULL,1,'2020-04-07 09:05:36','2022-08-09 22:34:45',NULL),(3536,6649,37,'Horas Extras al 50%',1080,11121,NULL,2,NULL,1,1,1,1,1,1,1,0,1,NULL,NULL,0,1,3,0.00,NULL,NULL,1,1,1,NULL,NULL,1,NULL,0.00,2,0.00,NULL,NULL,30,NULL,3,1,1,2,4,1,1,0.00,6,0.00,NULL,0.00,2,1,1,1,0.00,0.00,1,1,0.00,0.00,1,1,1,NULL,NULL,1,NULL,NULL,1,'2020-04-07 09:05:36','2020-04-24 22:56:05',NULL),(3537,6649,37,'Horas Extras al 100%',1090,11122,NULL,2,NULL,1,1,1,1,1,1,1,0,1,NULL,NULL,0,1,3,0.00,NULL,NULL,1,1,1,NULL,NULL,1,NULL,0.00,2,0.00,NULL,NULL,29,NULL,3,1,1,2,4,1,1,0.00,6,0.00,NULL,0.00,2,1,1,1,0.00,0.00,1,1,0.00,0.00,1,1,1,NULL,NULL,1,NULL,NULL,1,'2020-04-07 09:05:36','2020-04-24 22:56:47',NULL),(3538,6649,37,'Feriados Nacionales  Trabajados',1112,11110,NULL,2,NULL,1,1,1,1,0,1,1,0,1,NULL,NULL,0,1,3,0.00,NULL,NULL,1,1,1,NULL,NULL,1,NULL,0.00,2,0.00,NULL,NULL,18,NULL,3,1,1,2,3,1,NULL,0.00,6,0.00,NULL,0.00,2,1,1,1,0.00,0.00,1,1,0.00,0.00,1,1,1,NULL,NULL,1,NULL,'Se deberá informar por las novedades la cantidad de dias Feriados Nac.Trabajados\r\nDicho concepto retorna como Valor, la suma del Básico /30 + Básico/25.',1,'2020-04-07 09:05:36','2020-04-30 15:17:04',NULL),(3539,6649,37,'PRV s/Vacaciones',1130,11050,NULL,2,NULL,1,1,1,1,0,1,0,0,1,NULL,NULL,0,1,1,0.00,NULL,NULL,1,1,1,NULL,NULL,1,3,0.00,5,0.00,NULL,NULL,NULL,NULL,2,2,3,2,4,3,NULL,0.00,6,0.00,NULL,0.00,2,1,1,1,0.00,0.00,1,1,0.00,0.00,1,1,1,NULL,NULL,1,NULL,NULL,0,'2020-04-07 09:05:36','2020-05-08 16:30:32',NULL),(3540,6649,37,'Licencia por Maternidad',1190,11900,NULL,2,NULL,1,1,1,1,0,1,1,0,1,NULL,NULL,0,1,3,0.00,NULL,NULL,1,1,1,NULL,NULL,1,NULL,0.00,5,0.00,NULL,NULL,NULL,NULL,3,1,1,2,4,1,NULL,0.00,1,0.00,NULL,0.00,NULL,1,1,1,0.00,0.00,1,1,0.00,0.00,1,1,1,NULL,NULL,1,NULL,'Si la empleada estuvo el mes completo de Licencia se liquidará por medio del tipo de liquidación ”Licencia por Maternidad”  informando los 30 días.\r\nCaso contrario se liquidará a través de la',1,'2020-04-07 09:05:36','2020-05-06 17:56:02',NULL);
INSERT INTO `syj_conceptos` VALUES (3541,6649,37,'Descuento Licencia por Maternidad',1200,12000,NULL,2,NULL,1,1,1,1,0,1,1,0,1,NULL,NULL,0,1,1,1.00,NULL,NULL,1,1,1,NULL,NULL,1,NULL,0.00,5,0.00,NULL,NULL,NULL,NULL,3,1,1,2,4,1,NULL,0.00,6,-1.00,NULL,0.00,6,1,1,1,0.00,0.00,1,1,0.00,0.00,1,1,1,NULL,NULL,1,NULL,NULL,1,'2020-04-07 09:05:36','2020-05-06 17:58:40',NULL),(3542,6649,37,'Indemnización Integración Mes de Despido',2010,20100,NULL,3,NULL,1,1,1,1,0,1,0,0,1,NULL,NULL,0,1,1,1.00,NULL,NULL,1,1,1,NULL,NULL,1,5,0.00,5,0.00,NULL,NULL,NULL,NULL,3,1,1,2,4,1,NULL,0.00,6,0.00,NULL,0.00,2,1,1,1,0.00,0.00,1,1,0.00,0.00,1,1,1,NULL,NULL,1,NULL,NULL,1,'2020-04-07 09:05:36','2020-04-24 20:28:21',NULL),(3543,6649,37,'PRV s/Integracion Mes de Despido',2060,20600,NULL,3,NULL,1,1,1,1,0,1,0,0,1,NULL,NULL,0,1,1,0.00,NULL,NULL,1,1,1,NULL,NULL,1,6,0.00,5,0.00,NULL,NULL,NULL,NULL,2,2,2,2,4,3,4,0.00,6,0.00,NULL,0.00,2,1,1,1,0.00,0.00,1,1,0.00,0.00,1,1,1,NULL,NULL,1,NULL,NULL,1,'2020-04-07 09:05:36','2020-05-06 18:06:44',NULL),(3544,6649,37,'Indemnización sustitutiva Mes de Preaviso',2025,20250,NULL,3,NULL,1,1,1,1,0,1,0,0,1,NULL,NULL,0,1,3,1.00,NULL,NULL,1,1,1,NULL,NULL,1,NULL,0.00,2,0.00,NULL,NULL,38,NULL,1,1,1,NULL,NULL,1,NULL,0.00,6,0.00,NULL,0.00,2,1,1,1,0.00,0.00,1,1,0.00,0.00,1,1,1,NULL,NULL,1,NULL,NULL,1,'2020-04-07 09:05:36','2020-04-30 17:59:57',NULL),(3545,6649,37,'PRV s/Mes de Preaviso',2060,20600,NULL,3,NULL,1,1,1,1,0,1,0,0,1,NULL,NULL,0,1,1,0.00,NULL,NULL,1,1,1,NULL,NULL,1,NULL,0.00,1,0.00,NULL,NULL,NULL,NULL,1,1,1,NULL,NULL,1,NULL,0.00,2,0.00,NULL,0.00,NULL,1,1,1,0.00,0.00,1,1,0.00,0.00,1,1,1,NULL,NULL,1,NULL,NULL,0,'2020-04-07 09:05:36','2020-05-06 18:10:39',NULL),(3546,6649,37,'Vacaciones No Gozadas',2100,20000,NULL,3,NULL,1,1,1,1,0,1,0,0,1,NULL,NULL,0,1,1,0.00,NULL,NULL,1,1,1,NULL,NULL,1,8,0.00,5,0.00,NULL,NULL,NULL,NULL,3,1,1,2,4,1,6,0.00,6,0.00,NULL,0.00,2,1,1,1,0.00,0.00,1,1,0.00,0.00,1,1,1,NULL,NULL,1,NULL,'En caso de Liquidar Final sin contar con Liquidaciones de meses anteriores, se deberá cambiar la configuración de la solapa valor unitario por Orgien del Valor: A INGRESAR.',1,'2020-04-07 09:05:36','2020-04-25 15:34:22',NULL),(3547,6649,37,'PRV s/Vacaciones No Gozadas',2060,20600,NULL,3,NULL,1,1,1,1,0,1,0,0,1,NULL,NULL,0,1,5,0.00,NULL,NULL,3,1,1,2,2,1,NULL,0.00,5,0.00,NULL,NULL,NULL,NULL,2,2,3,2,4,3,4,0.00,6,0.00,NULL,0.00,2,1,1,1,0.00,0.00,1,1,0.00,0.00,1,1,1,NULL,NULL,1,NULL,NULL,0,'2020-04-07 09:05:36','2020-05-06 18:12:32',NULL),(3548,6649,37,'Feriados Nacionales No Trab. No Rem',2350,23500,NULL,3,NULL,1,1,1,1,0,1,0,0,1,NULL,NULL,0,1,1,0.00,NULL,NULL,1,1,1,NULL,NULL,1,NULL,0.00,1,0.00,NULL,NULL,NULL,NULL,1,1,1,NULL,NULL,1,NULL,0.00,2,0.00,NULL,0.00,NULL,1,1,1,0.00,0.00,1,1,0.00,0.00,1,1,1,NULL,NULL,1,NULL,NULL,1,'2020-04-07 09:05:36','2020-05-06 18:17:23',NULL),(3549,6649,37,'Feriados Nacionales Trabajados No Rem',2400,24000,NULL,3,NULL,1,1,1,1,0,1,0,0,1,NULL,NULL,0,1,1,0.00,NULL,NULL,1,1,1,NULL,NULL,1,NULL,0.00,1,0.00,NULL,NULL,NULL,NULL,1,1,1,NULL,NULL,1,NULL,0.00,2,0.00,NULL,0.00,NULL,1,1,1,0.00,0.00,1,1,0.00,0.00,1,1,1,NULL,NULL,1,NULL,NULL,1,'2020-04-07 09:05:36','2020-05-06 18:17:59',NULL),(3550,6649,37,'SAC Vacaciones No Gozadas',2120,21200,NULL,3,NULL,1,1,1,1,0,1,0,0,1,NULL,NULL,0,1,1,1.00,NULL,NULL,1,1,1,NULL,NULL,1,NULL,0.00,5,0.00,NULL,NULL,NULL,NULL,3,1,1,2,4,1,3,0.00,6,0.00,NULL,0.00,2,1,1,1,0.00,0.00,1,1,0.00,0.00,1,1,1,NULL,NULL,1,NULL,NULL,1,'2020-04-07 09:05:36','2020-04-25 23:24:19',NULL),(3551,6649,37,'Antigüedad No Remunerativo',2500,25000,NULL,3,NULL,1,1,1,1,0,1,0,0,1,NULL,NULL,0,1,2,0.00,12,NULL,1,1,1,NULL,NULL,1,NULL,0.00,5,0.00,NULL,NULL,NULL,NULL,3,1,1,2,4,1,NULL,0.00,6,0.00,NULL,0.00,3,1,1,1,0.00,0.00,1,1,0.00,0.00,1,1,1,NULL,NULL,1,NULL,NULL,0,'2020-04-07 09:05:36','2020-05-08 16:11:41',NULL);
INSERT INTO `syj_conceptos` VALUES (3552,6649,37,'Presentismo No Remunerativo',2550,27501,NULL,3,NULL,1,1,1,1,0,1,0,0,1,NULL,NULL,0,1,1,8.33,NULL,NULL,1,1,1,NULL,NULL,1,NULL,0.00,5,0.00,NULL,NULL,NULL,NULL,3,1,1,2,4,1,NULL,0.00,6,0.00,NULL,0.00,3,2,4,2,-2.00,0.00,1,1,0.00,0.00,3,1,1,2,4,1,NULL,NULL,0,'2020-04-07 09:05:36','2020-05-08 16:21:31',NULL),(3553,6649,37,'1º SAC No Rem',2600,26000,NULL,3,NULL,1,1,1,1,0,1,0,0,1,NULL,NULL,0,1,5,0.00,NULL,NULL,3,1,1,2,2,1,NULL,0.00,5,0.00,NULL,NULL,NULL,NULL,3,1,1,2,4,1,NULL,0.00,6,0.00,NULL,0.00,2,1,1,1,0.00,0.00,1,1,0.00,0.00,1,1,1,NULL,NULL,1,NULL,NULL,1,'2020-04-07 09:05:36','2020-05-06 18:32:28',NULL),(3554,6649,37,'Horas Extras al 50% s/ No Rem',2650,26500,NULL,3,NULL,1,1,1,1,0,1,0,0,1,NULL,NULL,0,1,5,0.00,NULL,NULL,3,1,1,2,2,1,NULL,0.00,5,0.00,NULL,NULL,NULL,NULL,3,1,1,2,4,1,13,0.00,6,0.00,NULL,0.00,2,1,1,1,0.00,0.00,1,1,0.00,0.00,1,1,1,NULL,NULL,1,NULL,NULL,0,'2020-04-07 09:05:36','2020-05-08 16:15:05',NULL),(3555,6649,37,'Horas Extras al 100% s/ No Rem',2700,27000,NULL,3,NULL,1,1,1,1,0,1,0,0,1,NULL,NULL,0,1,5,0.00,NULL,NULL,3,1,1,2,2,1,NULL,0.00,5,0.00,NULL,NULL,NULL,NULL,3,1,1,2,4,1,14,0.00,6,0.00,NULL,0.00,2,1,1,1,0.00,0.00,1,1,0.00,0.00,1,1,1,NULL,NULL,1,NULL,NULL,0,'2020-04-07 09:05:36','2020-05-08 16:15:45',NULL),(3556,6649,37,'Inasistencias Injustificadas No Rem',2750,27500,NULL,3,NULL,1,1,1,1,0,1,0,0,1,NULL,NULL,0,1,5,0.00,NULL,NULL,3,1,1,2,2,1,NULL,0.00,5,0.00,NULL,NULL,NULL,NULL,3,1,1,2,4,1,5,0.00,6,0.00,NULL,0.00,2,1,1,1,0.00,0.00,1,1,0.00,0.00,1,1,1,NULL,NULL,1,NULL,'Cargar la cantidad de Días en negativo.',1,'2020-04-07 09:05:36','2020-05-06 18:51:31',NULL),(3557,6649,37,'2º SAC No Rem',2610,26100,61,3,NULL,1,1,1,1,0,1,0,0,1,NULL,NULL,0,0,2,0.00,53,NULL,3,1,1,2,2,1,1,0.00,2,0.00,NULL,NULL,20,NULL,3,1,1,2,4,1,NULL,0.00,6,0.00,12,2.00,9,1,1,1,0.00,0.00,1,1,0.00,0.00,1,1,1,NULL,NULL,1,NULL,NULL,1,'2020-04-07 09:05:36','2023-01-12 18:28:17',NULL),(3558,6649,37,'SAC No Remunerativo',2620,26200,NULL,3,NULL,1,1,1,1,0,1,0,0,1,NULL,NULL,0,1,2,0.00,36,NULL,1,1,1,NULL,NULL,1,NULL,0.00,5,0.00,NULL,NULL,NULL,NULL,3,1,1,2,4,1,NULL,0.00,6,0.00,NULL,0.00,2,1,1,1,0.00,0.00,1,1,0.00,0.00,1,1,1,NULL,NULL,1,NULL,NULL,1,'2020-04-07 09:05:36','2020-05-06 18:38:23',NULL),(3559,6649,37,'Jubilación',4010,40100,65,5,NULL,1,3,1,4,0,1,0,0,1,NULL,NULL,0,1,2,0.00,4,NULL,1,1,1,NULL,NULL,1,NULL,0.00,5,0.00,NULL,NULL,NULL,NULL,2,2,2,2,4,1,NULL,0.00,6,0.00,NULL,0.00,3,1,1,1,0.00,0.00,1,1,0.00,0.00,1,1,1,NULL,NULL,1,NULL,NULL,1,'2020-04-07 09:05:36','2022-08-10 19:39:18',NULL),(3560,6649,37,'INSSJP (Ley 19.032)',4020,40200,66,5,NULL,1,3,1,6,0,1,0,0,1,NULL,NULL,0,1,2,0.00,2,NULL,1,1,1,NULL,NULL,1,NULL,0.00,5,0.00,NULL,NULL,NULL,NULL,2,2,2,2,4,1,NULL,0.00,6,0.00,NULL,0.00,3,1,1,1,0.00,0.00,1,1,0.00,0.00,1,1,1,NULL,NULL,1,NULL,NULL,1,'2020-04-07 09:05:36','2022-08-10 19:41:57',NULL),(3561,6649,37,'Obra Social',4030,40300,67,5,NULL,1,2,1,3,0,1,0,0,1,NULL,NULL,0,1,2,0.00,3,NULL,1,1,1,NULL,NULL,1,NULL,0.00,5,0.00,NULL,NULL,NULL,NULL,2,2,3,2,4,3,1,0.00,6,0.00,NULL,0.00,3,1,1,1,0.00,0.00,1,1,0.00,0.00,1,1,1,NULL,NULL,1,NULL,NULL,1,'2020-04-07 09:05:36','2023-02-06 22:51:20',NULL),(3562,6649,37,'Sindicato',4040,40400,69,5,NULL,1,1,1,5,0,1,0,0,1,NULL,NULL,0,1,1,2.00,NULL,NULL,1,1,1,NULL,NULL,1,NULL,0.00,5,0.00,NULL,NULL,NULL,NULL,2,2,3,2,4,3,NULL,0.00,6,0.00,NULL,0.00,3,1,1,1,0.00,0.00,1,1,0.00,0.00,1,1,1,NULL,NULL,1,NULL,NULL,1,'2020-04-07 09:05:36','2023-02-06 22:36:20',NULL),(3563,6649,37,'Obra Social s/ No Rem',4100,41000,NULL,4,NULL,1,1,1,1,0,1,0,0,1,NULL,NULL,0,1,1,0.00,NULL,NULL,1,1,1,NULL,NULL,1,NULL,0.00,1,0.00,NULL,NULL,NULL,NULL,1,1,1,NULL,NULL,1,NULL,0.00,2,0.00,NULL,0.00,NULL,1,1,1,0.00,0.00,1,1,0.00,0.00,1,1,1,NULL,NULL,1,NULL,NULL,1,'2020-04-07 09:05:36','2020-04-07 09:05:36',NULL);
INSERT INTO `syj_conceptos` VALUES (3564,6649,37,'Sindicato s/ No Rem',4150,41500,NULL,4,NULL,1,1,1,1,0,1,0,0,1,NULL,NULL,0,1,1,0.00,NULL,NULL,1,1,1,NULL,NULL,1,NULL,0.00,1,0.00,NULL,NULL,NULL,NULL,1,1,1,NULL,NULL,1,NULL,0.00,2,0.00,NULL,0.00,NULL,1,1,1,0.00,0.00,1,1,0.00,0.00,1,1,1,NULL,NULL,1,NULL,NULL,1,'2020-04-07 09:05:36','2020-04-07 09:05:36',NULL),(3565,6649,37,'Adicional Familiar a cargo Obra Social',4320,43200,NULL,4,NULL,1,1,1,1,0,1,0,0,1,NULL,NULL,0,1,1,0.00,NULL,NULL,1,1,1,NULL,NULL,1,NULL,0.00,1,0.00,NULL,NULL,NULL,NULL,1,1,1,NULL,NULL,1,NULL,0.00,2,0.00,NULL,0.00,NULL,1,1,1,0.00,0.00,1,1,0.00,0.00,1,1,1,NULL,NULL,1,NULL,NULL,1,'2020-04-07 09:05:36','2020-04-07 09:05:36',NULL),(3566,6649,37,'Embargo',4060,40600,NULL,5,NULL,2,1,1,1,0,1,0,0,1,NULL,NULL,0,1,1,0.00,NULL,NULL,1,1,1,NULL,NULL,1,NULL,0.00,1,0.00,NULL,NULL,NULL,NULL,1,1,1,NULL,NULL,1,NULL,0.00,2,0.00,NULL,0.00,NULL,1,1,1,0.00,0.00,1,1,0.00,0.00,1,1,1,NULL,NULL,1,NULL,NULL,1,'2020-04-07 09:05:36','2020-05-06 19:24:52',NULL),(3567,6649,37,'Beneficio Dto 561/19',4370,43700,NULL,4,NULL,1,1,1,1,0,1,0,0,1,NULL,NULL,0,1,1,0.00,NULL,NULL,1,1,1,NULL,NULL,1,NULL,0.00,1,0.00,NULL,NULL,NULL,NULL,1,1,1,NULL,NULL,1,NULL,0.00,2,0.00,NULL,0.00,NULL,1,1,1,0.00,0.00,1,1,0.00,0.00,1,1,1,NULL,NULL,1,NULL,NULL,1,'2020-04-07 09:05:36','2020-04-07 09:05:36',NULL),(3568,6649,37,'Jubilación',5010,50100,NULL,6,NULL,1,1,1,1,0,0,0,0,1,NULL,NULL,0,1,1,0.00,NULL,NULL,1,1,1,NULL,NULL,1,NULL,0.00,1,0.00,NULL,NULL,NULL,NULL,1,1,1,NULL,NULL,1,NULL,0.00,2,0.00,NULL,0.00,NULL,1,1,1,0.00,0.00,1,1,0.00,0.00,1,1,1,NULL,NULL,1,NULL,NULL,1,'2020-04-07 09:05:36','2020-04-07 22:22:45',NULL),(3569,6649,37,'Fondo Nacional de Empleo',5020,50200,NULL,6,NULL,1,1,1,1,0,0,0,0,1,NULL,NULL,0,1,1,0.00,NULL,NULL,1,1,1,NULL,NULL,1,NULL,0.00,1,0.00,NULL,NULL,NULL,NULL,1,1,1,NULL,NULL,1,NULL,0.00,2,0.00,NULL,0.00,NULL,1,1,1,0.00,0.00,1,1,0.00,0.00,1,1,1,NULL,NULL,1,NULL,NULL,1,'2020-04-07 09:05:36','2020-05-06 19:16:34',NULL),(3570,6649,37,'INSSJP(Ley 19.032)',5030,50300,NULL,6,NULL,1,1,1,1,0,0,0,0,1,NULL,NULL,0,1,1,0.00,NULL,NULL,1,1,1,NULL,NULL,1,NULL,0.00,1,0.00,NULL,NULL,NULL,NULL,1,1,1,NULL,NULL,1,NULL,0.00,2,0.00,NULL,0.00,NULL,1,1,1,0.00,0.00,1,1,0.00,0.00,1,1,1,NULL,NULL,1,NULL,NULL,1,'2020-04-07 09:05:36','2020-05-06 19:17:07',NULL),(3571,6649,37,'Obra Social',5040,50400,NULL,6,NULL,1,1,1,1,0,0,0,0,1,NULL,NULL,0,1,1,0.00,NULL,NULL,1,1,1,NULL,NULL,1,NULL,0.00,1,0.00,NULL,NULL,NULL,NULL,1,1,1,NULL,NULL,1,NULL,0.00,2,0.00,NULL,0.00,NULL,1,1,1,0.00,0.00,1,1,0.00,0.00,1,1,1,NULL,NULL,1,NULL,NULL,1,'2020-04-07 09:05:36','2020-04-16 18:51:58',NULL),(3572,6649,37,'Asigs Familiares',5060,50600,NULL,6,NULL,1,1,1,1,0,0,0,0,1,NULL,NULL,0,1,1,0.00,NULL,NULL,1,1,1,NULL,NULL,1,NULL,0.00,1,0.00,NULL,NULL,NULL,NULL,1,1,1,NULL,NULL,1,NULL,0.00,2,0.00,NULL,0.00,NULL,1,1,1,0.00,0.00,1,1,0.00,0.00,1,1,1,NULL,NULL,1,NULL,NULL,1,'2020-04-07 09:05:36','2020-05-06 19:17:38',NULL),(3573,6649,37,'Porcentaje ART',5080,50800,NULL,6,NULL,1,1,1,1,0,0,0,0,1,NULL,NULL,0,1,1,0.00,NULL,NULL,1,1,1,NULL,NULL,1,NULL,0.00,1,0.00,NULL,NULL,NULL,NULL,1,1,1,NULL,NULL,1,NULL,0.00,2,0.00,NULL,0.00,NULL,1,1,1,0.00,0.00,1,1,0.00,0.00,1,1,1,NULL,NULL,1,NULL,NULL,1,'2020-04-07 09:05:36','2020-05-06 19:18:32',NULL),(3574,6649,37,'Obra Social s/ No Rem',5100,51000,NULL,6,NULL,1,1,1,1,0,0,0,0,1,NULL,NULL,0,1,1,0.00,NULL,NULL,1,1,1,NULL,NULL,1,NULL,0.00,1,0.00,NULL,NULL,NULL,NULL,1,1,1,NULL,NULL,1,NULL,0.00,2,0.00,NULL,0.00,NULL,1,1,1,0.00,0.00,1,1,0.00,0.00,1,1,1,NULL,NULL,1,NULL,NULL,1,'2020-04-07 09:05:36','2020-05-06 19:18:56',NULL),(3575,6649,37,'Inasistencias Por Enfermedad',1010,10100,NULL,2,NULL,1,1,1,1,0,1,1,0,1,NULL,NULL,0,1,3,0.00,NULL,NULL,1,1,1,NULL,NULL,1,NULL,0.00,2,0.00,NULL,NULL,17,NULL,1,1,1,NULL,NULL,1,NULL,0.00,6,0.00,NULL,0.00,2,1,1,1,0.00,0.00,1,1,0.00,0.00,1,1,1,NULL,NULL,1,NULL,NULL,1,'2020-04-07 09:05:36','2020-04-08 19:00:06',NULL);
INSERT INTO `syj_conceptos` VALUES (3576,6649,37,'Inasistencias por Accidente de Trabajo',1020,10200,NULL,2,NULL,1,1,1,1,0,1,1,0,1,NULL,NULL,0,1,3,0.00,NULL,NULL,1,1,1,NULL,NULL,1,NULL,0.00,2,0.00,NULL,NULL,17,NULL,1,1,1,NULL,NULL,1,NULL,0.00,6,0.00,NULL,0.00,2,1,1,1,0.00,0.00,1,1,0.00,0.00,1,1,1,NULL,NULL,1,NULL,NULL,1,'2020-04-07 09:05:36','2020-04-08 19:01:25',NULL),(3577,6649,37,'Días Trabajados',1040,10400,1,2,NULL,1,1,1,1,0,1,1,0,1,NULL,NULL,0,1,2,0.00,34,NULL,2,2,3,NULL,NULL,1,NULL,0.00,2,0.00,NULL,NULL,17,NULL,1,1,1,NULL,NULL,1,NULL,0.00,1,0.00,8,0.00,NULL,1,1,1,0.00,0.00,1,1,0.00,0.00,1,1,1,NULL,NULL,1,NULL,NULL,1,'2020-04-07 09:05:36','2023-01-12 00:46:11',NULL),(3578,6649,37,'Día del Gremio',1110,11100,NULL,2,NULL,1,1,1,1,0,1,1,0,1,NULL,NULL,0,1,1,0.00,NULL,NULL,1,1,1,NULL,NULL,1,NULL,0.00,2,0.00,NULL,NULL,18,NULL,1,1,1,NULL,NULL,1,NULL,0.00,6,0.00,NULL,0.00,2,1,1,1,0.00,0.00,1,1,0.00,0.00,1,1,1,NULL,NULL,1,NULL,'En mes Septiembre, cuando se liquide dicho concepto se deberá ingresar manualmente en Dias Trabajados 29 dias.',1,'2020-04-07 09:05:36','2020-04-15 19:40:23',NULL),(3579,6649,37,'Feriados Nacionales No Trabajados',1111,11109,NULL,2,NULL,1,1,1,1,0,1,1,0,1,NULL,NULL,0,1,3,0.00,NULL,NULL,1,1,1,NULL,NULL,1,NULL,0.00,2,0.00,NULL,NULL,18,NULL,1,1,1,NULL,NULL,1,NULL,0.00,6,0.00,NULL,0.00,2,1,1,1,0.00,0.00,1,1,0.00,0.00,1,1,1,NULL,NULL,1,NULL,'Se deberá informar por las novedades la cantidad de dias Feriados Nac. No Trabajados\r\nDicho concepto retorna como Valor, el Básico Diario.',1,'2020-04-07 09:05:36','2020-04-08 19:05:03',NULL),(3580,6649,37,'SAC',1120,11200,13,2,NULL,1,1,1,1,0,1,1,0,1,NULL,NULL,0,1,2,0.00,36,NULL,1,1,1,NULL,NULL,1,NULL,0.00,2,0.00,NULL,NULL,38,NULL,1,1,1,NULL,NULL,1,2,0.00,6,0.00,NULL,0.00,2,1,1,1,0.00,0.00,1,1,0.00,0.00,1,1,1,NULL,NULL,1,NULL,NULL,1,'2020-04-07 09:05:36','2023-01-12 18:25:40',NULL),(3581,6649,37,'Cuota Fija ART',5070,50700,NULL,6,NULL,1,1,1,1,0,0,0,0,1,NULL,NULL,0,1,1,0.00,NULL,NULL,1,1,1,NULL,NULL,1,NULL,0.00,1,0.00,NULL,NULL,NULL,NULL,1,1,1,NULL,NULL,1,NULL,0.00,2,0.00,NULL,0.00,NULL,1,1,1,0.00,0.00,1,1,0.00,0.00,1,1,1,NULL,NULL,1,NULL,NULL,1,'2020-04-07 09:05:36','2020-05-06 19:18:04',NULL),(3582,6649,37,'Basico',90,900,NULL,1,NULL,1,1,1,1,NULL,NULL,NULL,NULL,1,NULL,NULL,0,1,1,30.00,NULL,NULL,1,1,1,NULL,NULL,1,NULL,0.00,2,0.00,NULL,NULL,17,NULL,1,1,1,NULL,NULL,1,NULL,0.00,1,0.00,8,0.00,NULL,1,1,1,0.00,0.00,1,1,0.00,0.00,1,1,1,NULL,NULL,1,NULL,'Retorna el Basico Completo = 30 * Basico Diario',1,'2020-04-07 21:08:12','2020-04-17 14:34:51',NULL),(3583,6649,37,'Antigüedad',95,950,NULL,1,NULL,1,1,1,1,NULL,NULL,NULL,NULL,1,NULL,NULL,0,1,1,1.50,12,NULL,1,1,1,NULL,NULL,1,NULL,0.00,5,0.00,NULL,NULL,NULL,NULL,3,1,1,2,4,1,NULL,0.00,6,0.00,NULL,0.00,3,1,1,1,0.00,0.00,1,1,0.00,0.00,1,1,1,NULL,NULL,1,NULL,NULL,1,'2020-04-07 21:09:41','2022-08-01 23:10:59',NULL),(3584,6649,37,'Basico Diario Vacaciones',120,1200,NULL,1,NULL,1,1,1,1,NULL,NULL,NULL,NULL,1,NULL,NULL,0,1,1,1.00,NULL,NULL,1,1,1,NULL,NULL,1,NULL,0.00,2,0.00,NULL,NULL,17,NULL,1,1,1,NULL,NULL,1,NULL,0.00,6,0.00,NULL,0.00,2,1,1,1,0.00,0.00,1,1,0.00,0.00,1,1,1,NULL,NULL,1,NULL,NULL,1,'2020-04-08 19:09:47','2020-04-08 19:09:47',NULL),(3585,6649,37,'Sueldo Conformado Rem',110,1100,NULL,1,NULL,1,1,1,1,NULL,NULL,NULL,NULL,1,NULL,NULL,0,1,1,1.00,NULL,NULL,1,1,1,NULL,NULL,1,NULL,0.00,5,0.00,NULL,NULL,NULL,NULL,3,1,1,2,4,1,NULL,0.00,6,0.00,NULL,0.00,2,1,1,1,0.00,0.00,1,1,0.00,0.00,1,1,1,NULL,NULL,1,NULL,'Sumatoria de los conceptos de Control 80+90+100',1,'2020-04-08 19:21:05','2020-04-24 22:39:03',NULL),(3586,6649,37,'Presentismo',240,2400,NULL,1,NULL,1,1,1,1,NULL,NULL,NULL,NULL,1,NULL,NULL,0,1,1,10.00,NULL,NULL,1,1,1,NULL,NULL,1,NULL,0.00,5,0.00,NULL,NULL,NULL,NULL,3,1,1,2,4,1,NULL,0.00,6,0.00,NULL,0.00,3,1,1,1,0.00,0.00,1,1,0.00,0.00,1,1,1,NULL,NULL,1,NULL,NULL,1,'2020-04-08 19:22:54','2022-08-01 22:37:12',NULL);
INSERT INTO `syj_conceptos` VALUES (3587,6649,37,'Antiguedad',1050,11113,22,2,NULL,1,1,1,1,0,1,1,NULL,1,NULL,NULL,0,1,2,0.00,12,NULL,1,1,1,NULL,NULL,1,12,1.00,5,0.00,NULL,NULL,16,NULL,3,2,2,2,4,1,1,0.00,6,0.00,NULL,0.00,3,1,1,1,0.00,0.00,1,1,0.00,0.00,1,1,1,NULL,NULL,1,NULL,NULL,1,'2020-04-16 16:57:29','2023-03-07 23:13:22',NULL),(3588,6649,37,'Acuerdo CCT 130/75 febrero/2020',1241,12410,NULL,2,NULL,1,1,1,1,NULL,NULL,NULL,NULL,1,NULL,NULL,0,1,1,0.00,NULL,NULL,1,1,1,NULL,NULL,1,NULL,0.00,3,2000.00,NULL,NULL,NULL,NULL,1,1,1,NULL,NULL,1,NULL,0.00,6,0.00,NULL,0.00,2,1,1,1,0.00,0.00,1,1,0.00,0.00,1,1,1,NULL,NULL,1,NULL,NULL,1,'2020-04-16 18:21:14','2022-08-01 23:21:54',NULL),(3589,6649,37,'Horas Extras comunes',1075,11120,NULL,2,NULL,1,1,1,1,NULL,NULL,NULL,NULL,1,NULL,NULL,1,1,3,0.00,NULL,NULL,1,1,1,NULL,NULL,1,NULL,0.00,2,0.00,NULL,NULL,31,NULL,3,1,1,2,4,1,1,0.00,6,0.00,NULL,0.00,2,1,1,1,0.00,0.00,1,1,0.00,0.00,1,1,1,NULL,NULL,1,NULL,NULL,1,'2020-04-17 14:52:46','2020-04-24 22:54:47',NULL),(3590,6649,37,'Sueldo Conformado No Rem',170,1700,NULL,1,NULL,1,1,1,1,NULL,NULL,NULL,NULL,1,NULL,NULL,0,1,1,1.00,NULL,NULL,1,1,1,NULL,NULL,1,NULL,0.00,5,0.00,NULL,NULL,NULL,NULL,3,1,1,2,4,1,NULL,0.00,6,0.00,NULL,0.00,2,1,1,1,0.00,0.00,1,1,0.00,0.00,1,1,1,NULL,NULL,1,NULL,NULL,1,'2020-04-19 13:08:56','2020-05-06 23:02:12',NULL),(3591,6649,37,'Antigüedad No Rem',175,1750,NULL,1,NULL,1,1,1,1,NULL,NULL,NULL,NULL,1,NULL,NULL,0,1,2,0.00,12,NULL,1,1,1,NULL,NULL,1,NULL,0.00,5,0.00,NULL,NULL,NULL,NULL,3,3,3,2,4,1,NULL,0.00,6,0.00,NULL,0.00,3,2,4,2,-2.00,0.00,1,1,0.00,0.00,3,1,1,2,2,1,NULL,NULL,1,'2020-04-19 13:13:32','2020-05-06 23:03:13',NULL),(3592,6649,37,'SAC Indemnización Integración Mes de Despido',2015,20150,NULL,3,NULL,1,1,1,1,NULL,NULL,NULL,NULL,1,NULL,NULL,0,1,3,0.00,NULL,NULL,1,1,1,NULL,NULL,1,NULL,0.00,5,1.00,NULL,NULL,NULL,NULL,3,1,1,2,4,1,3,0.00,6,0.00,NULL,0.00,2,1,1,1,0.00,0.00,1,1,0.00,0.00,1,1,1,NULL,NULL,1,NULL,NULL,1,'2020-04-24 20:49:56','2020-04-30 15:52:11',NULL),(3593,6649,37,'Indemnizacion por Antigüedad',2130,21300,NULL,3,NULL,1,1,1,1,NULL,NULL,NULL,NULL,1,NULL,NULL,0,1,2,0.00,14,NULL,1,1,1,NULL,NULL,1,NULL,0.00,2,0.00,NULL,NULL,39,NULL,1,1,1,NULL,NULL,1,28,0.00,6,0.00,NULL,0.00,2,1,1,1,0.00,0.00,1,1,0.00,0.00,1,1,1,NULL,NULL,1,NULL,NULL,1,'2020-04-24 23:24:27','2020-04-30 18:12:54',NULL),(3594,6649,37,'Presentismo No Rem',180,1800,NULL,1,NULL,1,1,1,1,NULL,NULL,NULL,NULL,1,NULL,NULL,0,1,1,8.33,NULL,NULL,1,1,1,NULL,NULL,1,NULL,0.00,5,0.00,NULL,NULL,NULL,NULL,3,1,1,2,4,1,NULL,0.00,6,0.00,NULL,0.00,3,1,1,1,0.00,0.00,1,1,0.00,0.00,1,1,1,NULL,NULL,1,NULL,NULL,1,'2020-05-06 18:50:49','2020-05-06 23:04:04',NULL),(3595,6649,37,'Concepto No Remunerativo',2000,1700,63,3,NULL,1,1,1,1,0,NULL,NULL,NULL,1,NULL,NULL,1,0,1,1.00,NULL,NULL,1,1,1,NULL,NULL,1,NULL,0.00,3,0.00,NULL,NULL,NULL,NULL,1,1,1,NULL,NULL,1,NULL,0.00,6,0.00,NULL,0.00,2,1,1,1,0.00,0.00,1,1,0.00,0.00,1,1,1,NULL,NULL,1,NULL,NULL,1,'2020-05-06 22:26:24','2023-02-06 22:57:28',NULL),(3596,6649,37,'FAECYS',4050,40500,NULL,5,NULL,1,1,1,5,NULL,NULL,NULL,NULL,1,NULL,NULL,0,0,1,0.50,NULL,NULL,1,1,1,NULL,NULL,1,1,0.00,5,0.00,NULL,NULL,NULL,NULL,2,2,2,2,4,1,NULL,0.00,6,0.00,NULL,0.00,3,1,1,1,0.00,0.00,1,1,0.00,0.00,1,1,1,NULL,NULL,1,NULL,NULL,0,'2020-05-12 20:20:52','2022-08-02 22:31:51',NULL),(3597,6649,37,'Plus Feriado',1115,11150,NULL,2,NULL,1,1,1,1,NULL,NULL,NULL,NULL,1,NULL,NULL,1,1,3,0.00,NULL,NULL,1,1,1,NULL,NULL,1,NULL,0.00,2,0.00,NULL,NULL,48,NULL,1,1,1,NULL,NULL,1,NULL,0.00,6,0.00,NULL,0.00,2,1,1,1,0.00,0.00,1,1,0.00,0.00,1,1,1,NULL,NULL,1,NULL,NULL,1,'2022-02-24 18:19:23','2022-02-24 18:19:23',NULL),(3598,6649,37,'Diferencia por Vacaciones',1072,10720,20,2,NULL,2,1,1,1,NULL,NULL,NULL,NULL,1,NULL,NULL,1,1,1,1.00,NULL,NULL,1,1,1,NULL,NULL,1,NULL,0.00,1,1.00,NULL,NULL,NULL,NULL,1,1,1,NULL,NULL,1,NULL,0.00,1,0.00,NULL,0.00,NULL,1,1,1,0.00,0.00,1,1,0.00,0.00,1,1,1,NULL,NULL,1,NULL,NULL,1,'2022-08-02 19:34:39','2022-08-10 20:04:03',NULL);
INSERT INTO `syj_conceptos` VALUES (3599,6649,37,'Diferencia por Vacaciones',90,900,NULL,2,NULL,2,1,1,1,NULL,NULL,NULL,NULL,1,NULL,NULL,1,1,1,1.00,NULL,NULL,1,1,1,NULL,NULL,1,NULL,0.00,1,1.00,NULL,NULL,NULL,NULL,1,1,1,NULL,NULL,1,NULL,0.00,1,0.00,NULL,0.00,NULL,1,1,1,0.00,0.00,1,1,0.00,0.00,1,1,1,NULL,NULL,1,NULL,NULL,1,'2022-08-02 19:34:40','2022-08-10 20:01:16',NULL),(3600,6649,37,'Cuota Mutual',4070,40700,76,5,NULL,2,1,1,1,NULL,1,NULL,NULL,1,NULL,NULL,1,1,1,150.00,NULL,NULL,1,1,1,NULL,NULL,1,NULL,0.00,1,1.00,NULL,NULL,NULL,NULL,1,1,1,NULL,NULL,1,NULL,0.00,1,0.00,NULL,0.00,NULL,1,1,1,0.00,0.00,1,1,0.00,0.00,1,1,1,NULL,NULL,1,NULL,NULL,1,'2022-08-02 23:08:11','2022-08-10 19:44:38',NULL),(3601,6649,37,'Hs. Extras',1076,10760,15,2,NULL,2,1,1,1,NULL,NULL,NULL,NULL,1,NULL,NULL,1,1,1,0.00,NULL,NULL,1,1,1,NULL,NULL,1,NULL,0.00,1,0.00,NULL,NULL,NULL,NULL,1,1,1,NULL,NULL,1,NULL,0.00,1,0.00,NULL,0.00,NULL,1,1,1,0.00,0.00,1,1,0.00,0.00,1,1,1,NULL,NULL,1,NULL,NULL,1,'2022-08-03 23:52:03','2022-08-10 20:05:19',NULL),(3602,6649,37,'Descuentos hs',1041,10410,NULL,2,NULL,2,1,1,1,NULL,NULL,NULL,NULL,1,NULL,NULL,1,1,1,1.00,NULL,NULL,1,1,1,NULL,NULL,1,NULL,0.00,1,0.00,NULL,NULL,NULL,NULL,1,1,1,NULL,NULL,1,NULL,0.00,1,0.00,NULL,0.00,NULL,1,1,1,0.00,0.00,1,1,0.00,0.00,1,1,1,NULL,NULL,1,NULL,NULL,1,'2022-08-04 18:45:16','2022-08-05 01:11:16',NULL),(3603,6649,37,'Contribución Solidaria',4080,40800,76,5,NULL,2,1,1,1,NULL,NULL,NULL,NULL,1,NULL,NULL,1,1,1,1.40,NULL,NULL,1,1,1,NULL,NULL,1,NULL,0.00,5,0.00,NULL,NULL,NULL,NULL,2,2,2,2,4,1,NULL,0.00,6,0.00,NULL,0.00,3,1,1,1,0.00,0.00,1,1,0.00,0.00,1,1,1,NULL,NULL,1,NULL,NULL,1,'2022-10-21 20:08:08','2022-12-14 02:52:56',NULL),(3604,6649,37,'Horas Trabajadas',1030,10300,1,2,NULL,1,1,1,1,NULL,1,NULL,NULL,1,NULL,NULL,0,1,2,0.00,26,NULL,1,1,1,NULL,NULL,1,NULL,0.00,2,0.00,NULL,NULL,15,NULL,1,1,1,NULL,NULL,1,NULL,0.00,6,0.00,NULL,0.00,2,1,1,1,0.00,0.00,1,1,0.00,0.00,1,1,1,NULL,NULL,1,NULL,NULL,1,'2022-10-25 20:52:04','2023-02-07 00:20:57',NULL),(3605,6649,36,'Bono Dto. 841/22',98,980,63,3,NULL,2,1,1,1,1,NULL,NULL,NULL,1,NULL,NULL,0,1,1,1.00,NULL,NULL,1,1,1,NULL,NULL,1,NULL,0.00,1,1.00,NULL,NULL,NULL,NULL,1,1,1,NULL,NULL,1,NULL,0.00,1,0.00,NULL,0.00,NULL,1,1,1,0.00,0.00,1,1,0.00,0.00,1,1,1,NULL,NULL,1,NULL,NULL,1,'2022-12-23 17:27:18','2022-12-26 17:11:06',NULL),(3606,6649,36,'SAC Proporcional',1121,11210,14,2,NULL,1,1,1,1,NULL,NULL,NULL,NULL,1,NULL,NULL,0,1,2,0.00,36,NULL,1,1,1,NULL,NULL,1,NULL,0.00,2,0.00,NULL,NULL,38,NULL,1,1,1,NULL,NULL,1,2,0.00,6,0.00,NULL,0.00,2,1,1,1,0.00,0.00,1,1,0.00,0.00,1,1,1,NULL,NULL,1,NULL,NULL,1,'2023-02-01 21:04:31','2023-02-01 21:04:31',NULL),(3607,6649,37,'Bono Dto. 841/22',84,840,63,3,NULL,2,1,1,1,1,NULL,NULL,NULL,1,NULL,NULL,0,1,1,1.00,NULL,NULL,1,1,1,NULL,NULL,1,NULL,0.00,1,1.00,NULL,NULL,NULL,NULL,1,1,1,NULL,NULL,1,NULL,0.00,1,0.00,NULL,0.00,NULL,1,1,1,0.00,0.00,1,1,0.00,0.00,1,1,1,NULL,NULL,1,NULL,NULL,1,'2023-02-03 20:41:28','2023-02-06 22:48:03',NULL),(3608,6649,38,'Comisiones de venta',1220,12200,NULL,2,NULL,2,1,1,1,0,1,1,0,1,NULL,NULL,0,1,1,1.00,NULL,NULL,1,1,1,NULL,NULL,1,NULL,0.00,1,0.00,NULL,NULL,NULL,NULL,1,1,1,NULL,NULL,1,NULL,0.00,6,0.00,NULL,0.00,2,1,1,1,0.00,0.00,1,1,0.00,0.00,1,1,1,NULL,NULL,1,NULL,NULL,1,'2020-04-07 09:05:35','2020-04-10 03:56:08',NULL),(3609,6649,38,'Reintegro Ganancias Renta 4ta Categoría',2800,43700,NULL,3,NULL,1,1,1,1,0,0,0,0,1,NULL,NULL,0,1,1,1.00,NULL,NULL,1,1,1,NULL,NULL,1,NULL,0.00,1,0.00,NULL,NULL,NULL,NULL,1,1,1,NULL,NULL,1,7,0.00,6,0.00,9,0.00,2,1,1,1,0.00,0.00,1,1,0.00,0.00,1,1,1,NULL,NULL,1,NULL,NULL,0,'2020-04-07 09:05:35','2020-05-06 20:17:25',NULL),(3610,6649,38,'Redondeo',2900,43800,NULL,3,NULL,1,1,1,1,0,1,0,0,1,NULL,NULL,0,1,1,1.00,NULL,NULL,1,1,1,NULL,NULL,1,NULL,0.00,1,0.00,NULL,NULL,NULL,NULL,1,1,1,NULL,NULL,1,NULL,0.00,2,0.00,11,0.00,1,1,1,1,0.00,0.00,1,1,0.00,0.00,1,1,1,NULL,NULL,1,NULL,NULL,0,'2020-04-07 09:05:35','2022-08-03 21:35:32',NULL);
INSERT INTO `syj_conceptos` VALUES (3611,6649,38,'Retención Ganancias Renta 4ta Categoría',4330,43600,NULL,5,NULL,1,1,1,7,0,0,0,0,1,NULL,NULL,1,1,1,1.00,NULL,NULL,1,1,1,NULL,NULL,1,NULL,0.00,3,0.00,NULL,NULL,NULL,NULL,1,1,1,NULL,NULL,1,NULL,0.00,6,0.00,NULL,0.00,2,1,1,1,0.00,0.00,1,1,0.00,0.00,1,1,1,NULL,NULL,1,NULL,'Se puede ingresar a mano o lo calcula Taxes, creando un detalle de liquidacion en el empleado',1,'2020-04-07 09:05:35','2020-04-07 09:05:35',NULL),(3612,6649,38,'Adicional voluntario',1210,12100,NULL,2,NULL,2,1,1,1,1,1,1,0,1,NULL,NULL,0,1,3,1.00,NULL,NULL,1,1,1,NULL,NULL,1,NULL,0.00,3,0.00,NULL,NULL,NULL,NULL,1,1,1,NULL,NULL,1,NULL,0.00,6,0.00,NULL,0.00,2,1,1,1,0.00,0.00,1,1,0.00,0.00,1,1,1,NULL,NULL,1,NULL,NULL,1,'2020-04-07 09:05:35','2020-04-16 18:28:01',NULL),(3613,6649,38,'Vacaciones',1045,11000,NULL,2,NULL,1,1,1,1,0,1,1,0,1,NULL,NULL,0,1,2,0.00,33,NULL,1,1,1,NULL,NULL,1,NULL,0.00,2,0.00,NULL,NULL,18,NULL,1,1,1,NULL,NULL,1,NULL,0.00,6,0.00,NULL,0.00,2,1,1,1,0.00,0.00,1,1,0.00,0.00,1,1,1,NULL,NULL,1,NULL,NULL,1,'2020-04-07 09:05:35','2020-04-30 17:48:21',NULL),(3614,6649,38,'A cuenta futuros aumentos',1230,12300,NULL,2,NULL,2,1,1,1,1,1,1,0,1,NULL,NULL,0,1,3,1.00,NULL,NULL,1,1,1,NULL,NULL,1,NULL,0.00,3,0.00,NULL,NULL,NULL,NULL,1,1,1,NULL,NULL,1,NULL,0.00,6,0.00,NULL,0.00,2,1,1,1,0.00,0.00,1,1,0.00,0.00,1,1,1,NULL,NULL,1,NULL,NULL,1,'2020-04-07 09:05:35','2020-05-06 18:00:11',NULL),(3615,6649,38,'Aumento solidario Decreto 14/2020',1240,12400,NULL,2,NULL,1,1,1,1,0,1,1,0,1,NULL,NULL,0,1,3,0.00,NULL,NULL,1,1,1,NULL,NULL,1,NULL,0.00,3,4000.00,NULL,NULL,NULL,NULL,1,1,1,NULL,NULL,1,NULL,0.00,6,0.00,NULL,0.00,2,1,1,1,0.00,0.00,1,1,0.00,0.00,1,1,1,NULL,NULL,1,NULL,'Valido hasta...',1,'2020-04-07 09:05:35','2022-08-01 23:21:17',NULL),(3616,6649,38,'Suma no Remunerativa',2920,29200,63,3,NULL,2,1,1,1,0,1,0,0,1,NULL,NULL,0,1,1,1.00,NULL,NULL,1,1,1,NULL,NULL,1,NULL,0.00,1,1.00,NULL,NULL,NULL,NULL,1,1,1,NULL,NULL,1,NULL,0.00,1,0.00,NULL,0.00,2,1,1,1,0.00,0.00,1,1,0.00,0.00,1,1,1,NULL,NULL,1,NULL,NULL,1,'2020-04-07 09:05:35','2022-12-22 23:21:30',NULL),(3617,6649,38,'SAC Indemnización sustitutiva Mes de Preaviso',2030,29400,NULL,3,NULL,1,1,1,1,0,1,0,0,1,NULL,NULL,0,1,1,1.00,NULL,NULL,1,1,1,NULL,NULL,1,NULL,0.00,5,0.00,NULL,NULL,NULL,NULL,3,1,1,2,4,1,NULL,0.00,6,0.00,NULL,0.00,2,1,1,1,0.00,0.00,1,1,0.00,0.00,1,1,1,NULL,NULL,1,NULL,NULL,1,'2020-04-07 09:05:36','2020-04-24 23:16:58',NULL),(3618,6649,38,'Indemnización Por Antigüedad ART 247',2950,29500,NULL,3,NULL,1,1,1,1,0,0,0,0,1,NULL,NULL,0,1,1,0.00,NULL,NULL,1,1,1,NULL,NULL,1,NULL,0.00,1,0.00,NULL,NULL,NULL,NULL,1,1,1,NULL,NULL,1,NULL,0.00,6,0.00,NULL,0.00,2,1,1,1,0.00,0.00,1,1,0.00,0.00,1,1,1,NULL,NULL,1,NULL,NULL,1,'2020-04-07 09:05:36','2020-05-06 18:59:56',NULL),(3619,6649,38,'Inasistencia por Suspensión',1060,11114,NULL,2,NULL,1,1,1,1,0,1,1,0,1,NULL,NULL,0,1,3,0.00,NULL,NULL,1,1,1,NULL,NULL,1,NULL,0.00,5,0.00,NULL,NULL,NULL,NULL,3,1,1,2,4,1,5,0.00,6,0.00,NULL,0.00,2,1,1,1,0.00,0.00,1,1,0.00,0.00,1,1,1,NULL,NULL,1,NULL,'Cargar la cantidad de Dias en Negativo',1,'2020-04-07 09:05:36','2020-04-25 15:25:53',NULL),(3620,6649,38,'Presentismo',1070,11115,27,2,NULL,1,1,1,1,0,1,1,0,1,NULL,NULL,0,1,1,10.00,NULL,NULL,1,1,1,NULL,NULL,1,NULL,0.00,5,0.00,NULL,NULL,NULL,NULL,3,1,1,2,4,1,NULL,0.00,6,0.00,NULL,0.00,3,2,4,2,-2.00,0.00,1,1,0.00,0.00,3,1,1,2,2,1,NULL,NULL,1,'2020-04-07 09:05:36','2023-02-01 21:51:29',NULL),(3621,6649,38,'Horas Extras al 50%',1080,11121,NULL,2,NULL,1,1,1,1,1,1,1,0,1,NULL,NULL,0,1,3,0.00,NULL,NULL,1,1,1,NULL,NULL,1,NULL,0.00,2,0.00,NULL,NULL,30,NULL,3,1,1,2,4,1,1,0.00,6,0.00,NULL,0.00,2,1,1,1,0.00,0.00,1,1,0.00,0.00,1,1,1,NULL,NULL,1,NULL,NULL,1,'2020-04-07 09:05:36','2020-04-24 22:56:05',NULL),(3622,6649,38,'Horas Extras al 100%',1090,11122,NULL,2,NULL,1,1,1,1,1,1,1,0,1,NULL,NULL,0,1,3,0.00,NULL,NULL,1,1,1,NULL,NULL,1,NULL,0.00,2,0.00,NULL,NULL,29,NULL,3,1,1,2,4,1,1,0.00,6,0.00,NULL,0.00,2,1,1,1,0.00,0.00,1,1,0.00,0.00,1,1,1,NULL,NULL,1,NULL,NULL,1,'2020-04-07 09:05:36','2020-04-24 22:56:47',NULL);
INSERT INTO `syj_conceptos` VALUES (3623,6649,38,'Feriados Nacionales  Trabajados',1112,11110,NULL,2,NULL,1,1,1,1,0,1,1,0,1,NULL,NULL,0,1,3,0.00,NULL,NULL,1,1,1,NULL,NULL,1,NULL,0.00,2,0.00,NULL,NULL,18,NULL,3,1,1,2,3,1,NULL,0.00,6,0.00,NULL,0.00,2,1,1,1,0.00,0.00,1,1,0.00,0.00,1,1,1,NULL,NULL,1,NULL,'Se deberá informar por las novedades la cantidad de dias Feriados Nac.Trabajados\r\nDicho concepto retorna como Valor, la suma del Básico /30 + Básico/25.',1,'2020-04-07 09:05:36','2020-04-30 15:17:04',NULL),(3624,6649,38,'PRV s/Vacaciones',1130,11050,NULL,2,NULL,1,1,1,1,0,1,0,0,1,NULL,NULL,0,1,1,0.00,NULL,NULL,1,1,1,NULL,NULL,1,3,0.00,5,0.00,NULL,NULL,NULL,NULL,2,2,3,2,4,3,NULL,0.00,6,0.00,NULL,0.00,2,1,1,1,0.00,0.00,1,1,0.00,0.00,1,1,1,NULL,NULL,1,NULL,NULL,0,'2020-04-07 09:05:36','2020-05-08 16:30:32',NULL),(3625,6649,38,'Licencia por Maternidad',1190,11900,NULL,2,NULL,1,1,1,1,0,1,1,0,1,NULL,NULL,0,1,3,0.00,NULL,NULL,1,1,1,NULL,NULL,1,NULL,0.00,5,0.00,NULL,NULL,NULL,NULL,3,1,1,2,4,1,NULL,0.00,1,0.00,NULL,0.00,NULL,1,1,1,0.00,0.00,1,1,0.00,0.00,1,1,1,NULL,NULL,1,NULL,'Si la empleada estuvo el mes completo de Licencia se liquidará por medio del tipo de liquidación ”Licencia por Maternidad”  informando los 30 días.\r\nCaso contrario se liquidará a través de la',1,'2020-04-07 09:05:36','2020-05-06 17:56:02',NULL),(3626,6649,38,'Descuento Licencia por Maternidad',1200,12000,NULL,2,NULL,1,1,1,1,0,1,1,0,1,NULL,NULL,0,1,1,1.00,NULL,NULL,1,1,1,NULL,NULL,1,NULL,0.00,5,0.00,NULL,NULL,NULL,NULL,3,1,1,2,4,1,NULL,0.00,6,-1.00,NULL,0.00,6,1,1,1,0.00,0.00,1,1,0.00,0.00,1,1,1,NULL,NULL,1,NULL,NULL,1,'2020-04-07 09:05:36','2020-05-06 17:58:40',NULL),(3627,6649,38,'Indemnización Integración Mes de Despido',2010,20100,NULL,3,NULL,1,1,1,1,0,1,0,0,1,NULL,NULL,0,1,1,1.00,NULL,NULL,1,1,1,NULL,NULL,1,5,0.00,5,0.00,NULL,NULL,NULL,NULL,3,1,1,2,4,1,NULL,0.00,6,0.00,NULL,0.00,2,1,1,1,0.00,0.00,1,1,0.00,0.00,1,1,1,NULL,NULL,1,NULL,NULL,1,'2020-04-07 09:05:36','2020-04-24 20:28:21',NULL),(3628,6649,38,'PRV s/Integracion Mes de Despido',2060,20600,NULL,3,NULL,1,1,1,1,0,1,0,0,1,NULL,NULL,0,1,1,0.00,NULL,NULL,1,1,1,NULL,NULL,1,6,0.00,5,0.00,NULL,NULL,NULL,NULL,2,2,2,2,4,3,4,0.00,6,0.00,NULL,0.00,2,1,1,1,0.00,0.00,1,1,0.00,0.00,1,1,1,NULL,NULL,1,NULL,NULL,1,'2020-04-07 09:05:36','2020-05-06 18:06:44',NULL),(3629,6649,38,'Indemnización sustitutiva Mes de Preaviso',2025,20250,NULL,3,NULL,1,1,1,1,0,1,0,0,1,NULL,NULL,0,1,3,1.00,NULL,NULL,1,1,1,NULL,NULL,1,NULL,0.00,2,0.00,NULL,NULL,38,NULL,1,1,1,NULL,NULL,1,NULL,0.00,6,0.00,NULL,0.00,2,1,1,1,0.00,0.00,1,1,0.00,0.00,1,1,1,NULL,NULL,1,NULL,NULL,1,'2020-04-07 09:05:36','2020-04-30 17:59:57',NULL),(3630,6649,38,'PRV s/Mes de Preaviso',2060,20600,NULL,3,NULL,1,1,1,1,0,1,0,0,1,NULL,NULL,0,1,1,0.00,NULL,NULL,1,1,1,NULL,NULL,1,NULL,0.00,1,0.00,NULL,NULL,NULL,NULL,1,1,1,NULL,NULL,1,NULL,0.00,2,0.00,NULL,0.00,NULL,1,1,1,0.00,0.00,1,1,0.00,0.00,1,1,1,NULL,NULL,1,NULL,NULL,0,'2020-04-07 09:05:36','2020-05-06 18:10:39',NULL),(3631,6649,38,'Vacaciones No Gozadas',2100,20000,54,3,NULL,1,1,1,1,0,1,0,0,1,NULL,NULL,0,1,1,0.00,NULL,NULL,1,1,1,NULL,NULL,1,8,0.00,3,0.00,NULL,NULL,NULL,NULL,3,1,1,2,4,1,6,0.00,6,0.00,NULL,0.00,2,1,1,1,0.00,0.00,1,1,0.00,0.00,1,1,1,NULL,NULL,1,NULL,'En caso de Liquidar Final sin contar con Liquidaciones de meses anteriores, se deberá cambiar la configuración de la solapa valor unitario por Orgien del Valor: A INGRESAR.',1,'2020-04-07 09:05:36','2023-02-01 23:19:04',NULL),(3632,6649,38,'PRV s/Vacaciones No Gozadas',2060,20600,NULL,3,NULL,1,1,1,1,0,1,0,0,1,NULL,NULL,0,1,5,0.00,NULL,NULL,3,1,1,2,2,1,NULL,0.00,5,0.00,NULL,NULL,NULL,NULL,2,2,3,2,4,3,4,0.00,6,0.00,NULL,0.00,2,1,1,1,0.00,0.00,1,1,0.00,0.00,1,1,1,NULL,NULL,1,NULL,NULL,0,'2020-04-07 09:05:36','2020-05-06 18:12:32',NULL);
INSERT INTO `syj_conceptos` VALUES (3633,6649,38,'Feriados Nacionales No Trab. No Rem',2350,23500,NULL,3,NULL,1,1,1,1,0,1,0,0,1,NULL,NULL,0,1,1,0.00,NULL,NULL,1,1,1,NULL,NULL,1,NULL,0.00,1,0.00,NULL,NULL,NULL,NULL,1,1,1,NULL,NULL,1,NULL,0.00,2,0.00,NULL,0.00,NULL,1,1,1,0.00,0.00,1,1,0.00,0.00,1,1,1,NULL,NULL,1,NULL,NULL,1,'2020-04-07 09:05:36','2020-05-06 18:17:23',NULL),(3634,6649,38,'Feriados Nacionales Trabajados No Rem',2400,24000,NULL,3,NULL,1,1,1,1,0,1,0,0,1,NULL,NULL,0,1,1,0.00,NULL,NULL,1,1,1,NULL,NULL,1,NULL,0.00,1,0.00,NULL,NULL,NULL,NULL,1,1,1,NULL,NULL,1,NULL,0.00,2,0.00,NULL,0.00,NULL,1,1,1,0.00,0.00,1,1,0.00,0.00,1,1,1,NULL,NULL,1,NULL,NULL,1,'2020-04-07 09:05:36','2020-05-06 18:17:59',NULL),(3635,6649,38,'SAC Vacaciones No Gozadas',2120,21200,60,3,NULL,1,1,1,1,0,1,0,0,1,NULL,NULL,0,1,1,1.00,NULL,NULL,1,1,1,NULL,NULL,1,NULL,0.00,5,0.00,NULL,NULL,NULL,NULL,3,1,1,2,4,1,3,0.00,6,0.00,NULL,0.00,2,1,1,1,0.00,0.00,1,1,0.00,0.00,1,1,1,NULL,NULL,1,NULL,NULL,1,'2020-04-07 09:05:36','2023-02-01 23:44:11',NULL),(3636,6649,38,'Antigüedad No Remunerativo',2500,25000,NULL,3,NULL,1,1,1,1,0,1,0,0,1,NULL,NULL,0,1,2,0.00,12,NULL,1,1,1,NULL,NULL,1,NULL,0.00,5,0.00,NULL,NULL,NULL,NULL,3,1,1,2,4,1,NULL,0.00,6,0.00,NULL,0.00,3,1,1,1,0.00,0.00,1,1,0.00,0.00,1,1,1,NULL,NULL,1,NULL,NULL,0,'2020-04-07 09:05:36','2020-05-08 16:11:41',NULL),(3637,6649,38,'Presentismo No Remunerativo',2550,27501,NULL,3,NULL,1,1,1,1,0,1,0,0,1,NULL,NULL,0,1,1,8.33,NULL,NULL,1,1,1,NULL,NULL,1,NULL,0.00,5,0.00,NULL,NULL,NULL,NULL,3,1,1,2,4,1,NULL,0.00,6,0.00,NULL,0.00,3,2,4,2,-2.00,0.00,1,1,0.00,0.00,3,1,1,2,4,1,NULL,NULL,0,'2020-04-07 09:05:36','2020-05-08 16:21:31',NULL),(3638,6649,38,'1º SAC No Rem',2600,26000,NULL,3,NULL,1,1,1,1,0,1,0,0,1,NULL,NULL,0,1,5,0.00,NULL,NULL,3,1,1,2,2,1,NULL,0.00,5,0.00,NULL,NULL,NULL,NULL,3,1,1,2,4,1,NULL,0.00,6,0.00,NULL,0.00,2,1,1,1,0.00,0.00,1,1,0.00,0.00,1,1,1,NULL,NULL,1,NULL,NULL,1,'2020-04-07 09:05:36','2020-05-06 18:32:28',NULL),(3639,6649,38,'Horas Extras al 50% s/ No Rem',2650,26500,NULL,3,NULL,1,1,1,1,0,1,0,0,1,NULL,NULL,0,1,5,0.00,NULL,NULL,3,1,1,2,2,1,NULL,0.00,5,0.00,NULL,NULL,NULL,NULL,3,1,1,2,4,1,13,0.00,6,0.00,NULL,0.00,2,1,1,1,0.00,0.00,1,1,0.00,0.00,1,1,1,NULL,NULL,1,NULL,NULL,0,'2020-04-07 09:05:36','2020-05-08 16:15:05',NULL),(3640,6649,38,'Horas Extras al 100% s/ No Rem',2700,27000,NULL,3,NULL,1,1,1,1,0,1,0,0,1,NULL,NULL,0,1,5,0.00,NULL,NULL,3,1,1,2,2,1,NULL,0.00,5,0.00,NULL,NULL,NULL,NULL,3,1,1,2,4,1,14,0.00,6,0.00,NULL,0.00,2,1,1,1,0.00,0.00,1,1,0.00,0.00,1,1,1,NULL,NULL,1,NULL,NULL,0,'2020-04-07 09:05:36','2020-05-08 16:15:45',NULL),(3641,6649,38,'Inasistencias Injustificadas No Rem',2750,27500,NULL,3,NULL,1,1,1,1,0,1,0,0,1,NULL,NULL,0,1,5,0.00,NULL,NULL,3,1,1,2,2,1,NULL,0.00,5,0.00,NULL,NULL,NULL,NULL,3,1,1,2,4,1,5,0.00,6,0.00,NULL,0.00,2,1,1,1,0.00,0.00,1,1,0.00,0.00,1,1,1,NULL,NULL,1,NULL,'Cargar la cantidad de Días en negativo.',1,'2020-04-07 09:05:36','2020-05-06 18:51:31',NULL),(3642,6649,38,'2º SAC No Rem',2610,26100,63,3,NULL,1,1,1,1,0,1,0,0,1,NULL,NULL,0,0,2,0.00,53,NULL,3,1,1,2,2,1,1,0.00,2,0.00,NULL,NULL,20,NULL,3,1,1,2,4,1,22,0.00,6,0.00,12,2.00,9,1,1,1,0.00,0.00,1,1,0.00,0.00,1,1,1,NULL,NULL,1,NULL,NULL,1,'2020-04-07 09:05:36','2023-01-09 20:48:05',NULL),(3643,6649,38,'SAC No Remunerativo',2620,26200,NULL,3,NULL,1,1,1,1,0,1,0,0,1,NULL,NULL,0,1,2,0.00,36,NULL,1,1,1,NULL,NULL,1,NULL,0.00,5,0.00,NULL,NULL,NULL,NULL,3,1,1,2,4,1,NULL,0.00,6,0.00,NULL,0.00,2,1,1,1,0.00,0.00,1,1,0.00,0.00,1,1,1,NULL,NULL,1,NULL,NULL,1,'2020-04-07 09:05:36','2023-02-01 21:55:03',NULL),(3644,6649,38,'Jubilación',4010,40100,65,5,NULL,1,3,1,4,0,1,0,0,1,NULL,NULL,0,1,2,0.00,4,NULL,1,1,1,NULL,NULL,1,NULL,0.00,5,0.00,NULL,NULL,NULL,NULL,2,2,2,2,4,3,NULL,0.00,6,0.00,NULL,0.00,3,1,1,1,0.00,0.00,1,1,0.00,0.00,1,1,1,NULL,NULL,1,NULL,NULL,1,'2020-04-07 09:05:36','2022-12-26 19:45:45',NULL);
INSERT INTO `syj_conceptos` VALUES (3645,6649,38,'INSSJP (Ley 19.032)',4020,40200,66,5,NULL,1,3,1,6,0,1,0,0,1,NULL,NULL,0,1,2,0.00,2,NULL,1,1,1,NULL,NULL,1,NULL,0.00,5,0.00,NULL,NULL,NULL,NULL,2,2,2,2,4,3,NULL,0.00,6,0.00,NULL,0.00,3,1,1,1,0.00,0.00,1,1,0.00,0.00,1,1,1,NULL,NULL,1,NULL,NULL,1,'2020-04-07 09:05:36','2022-12-26 19:48:39',NULL),(3646,6649,38,'Obra Social',4030,40300,67,5,NULL,1,2,1,3,0,1,0,0,1,NULL,NULL,0,1,2,0.00,3,NULL,1,1,1,NULL,NULL,1,NULL,0.00,5,0.00,NULL,NULL,NULL,NULL,2,2,3,2,4,3,1,0.00,6,0.00,NULL,0.00,3,1,1,1,0.00,0.00,1,1,0.00,0.00,1,1,1,NULL,NULL,1,NULL,NULL,1,'2020-04-07 09:05:36','2023-02-02 20:40:01',NULL),(3647,6649,38,'Cuota Sindical Suterh 2%',4040,40400,69,5,NULL,1,1,1,5,0,1,0,0,1,NULL,NULL,0,1,1,2.00,NULL,NULL,1,1,1,NULL,NULL,1,NULL,0.00,5,0.00,NULL,NULL,NULL,NULL,2,2,3,2,4,3,NULL,0.00,6,0.00,NULL,0.00,3,1,1,1,0.00,0.00,1,1,0.00,0.00,1,1,1,NULL,NULL,1,NULL,NULL,0,'2020-04-07 09:05:36','2023-02-15 14:16:35',NULL),(3648,6649,38,'Obra Social s/ No Rem',4100,41000,NULL,4,NULL,1,1,1,1,0,1,0,0,1,NULL,NULL,0,1,1,0.00,NULL,NULL,1,1,1,NULL,NULL,1,NULL,0.00,1,0.00,NULL,NULL,NULL,NULL,1,1,1,NULL,NULL,1,NULL,0.00,2,0.00,NULL,0.00,NULL,1,1,1,0.00,0.00,1,1,0.00,0.00,1,1,1,NULL,NULL,1,NULL,NULL,1,'2020-04-07 09:05:36','2020-04-07 09:05:36',NULL),(3649,6649,38,'Sindicato s/ No Rem',4150,41500,NULL,4,NULL,1,1,1,1,0,1,0,0,1,NULL,NULL,0,1,1,0.00,NULL,NULL,1,1,1,NULL,NULL,1,NULL,0.00,1,0.00,NULL,NULL,NULL,NULL,1,1,1,NULL,NULL,1,NULL,0.00,2,0.00,NULL,0.00,NULL,1,1,1,0.00,0.00,1,1,0.00,0.00,1,1,1,NULL,NULL,1,NULL,NULL,1,'2020-04-07 09:05:36','2020-04-07 09:05:36',NULL),(3650,6649,38,'Adicional Familiar a cargo Obra Social',4320,43200,NULL,4,NULL,1,1,1,1,0,1,0,0,1,NULL,NULL,0,1,1,0.00,NULL,NULL,1,1,1,NULL,NULL,1,NULL,0.00,1,0.00,NULL,NULL,NULL,NULL,1,1,1,NULL,NULL,1,NULL,0.00,2,0.00,NULL,0.00,NULL,1,1,1,0.00,0.00,1,1,0.00,0.00,1,1,1,NULL,NULL,1,NULL,NULL,1,'2020-04-07 09:05:36','2020-04-07 09:05:36',NULL),(3651,6649,38,'Embargo',4060,40600,NULL,5,NULL,2,1,1,1,0,1,0,0,1,NULL,NULL,0,1,1,0.00,NULL,NULL,1,1,1,NULL,NULL,1,NULL,0.00,1,0.00,NULL,NULL,NULL,NULL,1,1,1,NULL,NULL,1,NULL,0.00,2,0.00,NULL,0.00,NULL,1,1,1,0.00,0.00,1,1,0.00,0.00,1,1,1,NULL,NULL,1,NULL,NULL,1,'2020-04-07 09:05:36','2020-05-06 19:24:52',NULL),(3652,6649,38,'Beneficio Dto 561/19',4370,43700,NULL,4,NULL,1,1,1,1,0,1,0,0,1,NULL,NULL,0,1,1,0.00,NULL,NULL,1,1,1,NULL,NULL,1,NULL,0.00,1,0.00,NULL,NULL,NULL,NULL,1,1,1,NULL,NULL,1,NULL,0.00,2,0.00,NULL,0.00,NULL,1,1,1,0.00,0.00,1,1,0.00,0.00,1,1,1,NULL,NULL,1,NULL,NULL,1,'2020-04-07 09:05:36','2020-04-07 09:05:36',NULL),(3653,6649,38,'Jubilación',5010,50100,NULL,6,NULL,1,1,1,1,0,0,0,0,1,NULL,NULL,0,1,1,0.00,NULL,NULL,1,1,1,NULL,NULL,1,NULL,0.00,1,0.00,NULL,NULL,NULL,NULL,1,1,1,NULL,NULL,1,NULL,0.00,2,0.00,NULL,0.00,NULL,1,1,1,0.00,0.00,1,1,0.00,0.00,1,1,1,NULL,NULL,1,NULL,NULL,1,'2020-04-07 09:05:36','2020-04-07 22:22:45',NULL),(3654,6649,38,'Fondo Nacional de Empleo',5020,50200,NULL,6,NULL,1,1,1,1,0,0,0,0,1,NULL,NULL,0,1,1,0.00,NULL,NULL,1,1,1,NULL,NULL,1,NULL,0.00,1,0.00,NULL,NULL,NULL,NULL,1,1,1,NULL,NULL,1,NULL,0.00,2,0.00,NULL,0.00,NULL,1,1,1,0.00,0.00,1,1,0.00,0.00,1,1,1,NULL,NULL,1,NULL,NULL,1,'2020-04-07 09:05:36','2020-05-06 19:16:34',NULL),(3655,6649,38,'INSSJP(Ley 19.032)',5030,50300,NULL,6,NULL,1,1,1,1,0,0,0,0,1,NULL,NULL,0,1,1,0.00,NULL,NULL,1,1,1,NULL,NULL,1,NULL,0.00,1,0.00,NULL,NULL,NULL,NULL,1,1,1,NULL,NULL,1,NULL,0.00,2,0.00,NULL,0.00,NULL,1,1,1,0.00,0.00,1,1,0.00,0.00,1,1,1,NULL,NULL,1,NULL,NULL,1,'2020-04-07 09:05:36','2020-05-06 19:17:07',NULL),(3656,6649,38,'Obra Social',5040,50400,NULL,6,NULL,1,1,1,1,0,0,0,0,1,NULL,NULL,0,1,1,0.00,NULL,NULL,1,1,1,NULL,NULL,1,NULL,0.00,1,0.00,NULL,NULL,NULL,NULL,1,1,1,NULL,NULL,1,NULL,0.00,2,0.00,NULL,0.00,NULL,1,1,1,0.00,0.00,1,1,0.00,0.00,1,1,1,NULL,NULL,1,NULL,NULL,1,'2020-04-07 09:05:36','2020-04-16 18:51:58',NULL);
INSERT INTO `syj_conceptos` VALUES (3657,6649,38,'Asigs Familiares',5060,50600,NULL,6,NULL,1,1,1,1,0,0,0,0,1,NULL,NULL,0,1,1,0.00,NULL,NULL,1,1,1,NULL,NULL,1,NULL,0.00,1,0.00,NULL,NULL,NULL,NULL,1,1,1,NULL,NULL,1,NULL,0.00,2,0.00,NULL,0.00,NULL,1,1,1,0.00,0.00,1,1,0.00,0.00,1,1,1,NULL,NULL,1,NULL,NULL,1,'2020-04-07 09:05:36','2020-05-06 19:17:38',NULL),(3658,6649,38,'Porcentaje ART',5080,50800,NULL,6,NULL,1,1,1,1,0,0,0,0,1,NULL,NULL,0,1,1,0.00,NULL,NULL,1,1,1,NULL,NULL,1,NULL,0.00,1,0.00,NULL,NULL,NULL,NULL,1,1,1,NULL,NULL,1,NULL,0.00,2,0.00,NULL,0.00,NULL,1,1,1,0.00,0.00,1,1,0.00,0.00,1,1,1,NULL,NULL,1,NULL,NULL,1,'2020-04-07 09:05:36','2020-05-06 19:18:32',NULL),(3659,6649,38,'Obra Social s/ No Rem',5100,51000,NULL,6,NULL,1,1,1,1,0,0,0,0,1,NULL,NULL,0,1,1,0.00,NULL,NULL,1,1,1,NULL,NULL,1,NULL,0.00,1,0.00,NULL,NULL,NULL,NULL,1,1,1,NULL,NULL,1,NULL,0.00,2,0.00,NULL,0.00,NULL,1,1,1,0.00,0.00,1,1,0.00,0.00,1,1,1,NULL,NULL,1,NULL,NULL,1,'2020-04-07 09:05:36','2020-05-06 19:18:56',NULL),(3660,6649,38,'Inasistencias Por Enfermedad',1010,10100,NULL,2,NULL,1,1,1,1,0,1,1,0,1,NULL,NULL,0,1,3,0.00,NULL,NULL,1,1,1,NULL,NULL,1,NULL,0.00,2,0.00,NULL,NULL,17,NULL,1,1,1,NULL,NULL,1,NULL,0.00,6,0.00,NULL,0.00,2,1,1,1,0.00,0.00,1,1,0.00,0.00,1,1,1,NULL,NULL,1,NULL,NULL,1,'2020-04-07 09:05:36','2020-04-08 19:00:06',NULL),(3661,6649,38,'Inasistencias por Accidente de Trabajo',1020,10200,NULL,2,NULL,1,1,1,1,0,1,1,0,1,NULL,NULL,0,1,3,0.00,NULL,NULL,1,1,1,NULL,NULL,1,NULL,0.00,2,0.00,NULL,NULL,17,NULL,1,1,1,NULL,NULL,1,NULL,0.00,6,0.00,NULL,0.00,2,1,1,1,0.00,0.00,1,1,0.00,0.00,1,1,1,NULL,NULL,1,NULL,NULL,1,'2020-04-07 09:05:36','2020-04-08 19:01:25',NULL),(3662,6649,38,'Días Trabajados',1040,10400,1,2,NULL,1,1,1,1,0,1,1,0,1,NULL,NULL,0,1,2,0.00,34,NULL,2,2,3,NULL,NULL,1,NULL,0.00,2,0.00,NULL,NULL,17,NULL,1,1,1,NULL,NULL,1,NULL,0.00,1,0.00,8,0.00,NULL,1,1,1,0.00,0.00,1,1,0.00,0.00,1,1,1,NULL,NULL,1,NULL,NULL,1,'2020-04-07 09:05:36','2022-08-09 22:37:45',NULL),(3663,6649,38,'Día del Gremio',1110,11100,NULL,2,NULL,1,1,1,1,0,1,1,0,1,NULL,NULL,0,1,1,0.00,NULL,NULL,1,1,1,NULL,NULL,1,NULL,0.00,2,0.00,NULL,NULL,18,NULL,1,1,1,NULL,NULL,1,NULL,0.00,6,0.00,NULL,0.00,2,1,1,1,0.00,0.00,1,1,0.00,0.00,1,1,1,NULL,NULL,1,NULL,'En mes Septiembre, cuando se liquide dicho concepto se deberá ingresar manualmente en Dias Trabajados 29 dias.',1,'2020-04-07 09:05:36','2020-04-15 19:40:23',NULL),(3664,6649,38,'Feriados Nacionales No Trabajados',1111,11109,NULL,2,NULL,1,1,1,1,0,1,1,0,1,NULL,NULL,0,1,3,0.00,NULL,NULL,1,1,1,NULL,NULL,1,NULL,0.00,2,0.00,NULL,NULL,18,NULL,1,1,1,NULL,NULL,1,NULL,0.00,6,0.00,NULL,0.00,2,1,1,1,0.00,0.00,1,1,0.00,0.00,1,1,1,NULL,NULL,1,NULL,'Se deberá informar por las novedades la cantidad de dias Feriados Nac. No Trabajados\r\nDicho concepto retorna como Valor, el Básico Diario.',1,'2020-04-07 09:05:36','2020-04-08 19:05:03',NULL),(3665,6649,38,'SAC',1120,11200,13,2,NULL,1,1,1,1,0,1,1,0,1,NULL,NULL,0,0,2,0.00,36,NULL,1,1,1,NULL,NULL,1,NULL,0.00,2,0.00,NULL,NULL,38,NULL,1,1,1,NULL,NULL,1,2,0.00,6,0.00,NULL,0.00,2,1,1,1,0.00,0.00,1,1,0.00,0.00,1,1,1,NULL,NULL,1,NULL,NULL,1,'2020-04-07 09:05:36','2023-02-02 00:05:37',NULL),(3666,6649,38,'Cuota Fija ART',5070,50700,NULL,6,NULL,1,1,1,1,0,0,0,0,1,NULL,NULL,0,1,1,0.00,NULL,NULL,1,1,1,NULL,NULL,1,NULL,0.00,1,0.00,NULL,NULL,NULL,NULL,1,1,1,NULL,NULL,1,NULL,0.00,2,0.00,NULL,0.00,NULL,1,1,1,0.00,0.00,1,1,0.00,0.00,1,1,1,NULL,NULL,1,NULL,NULL,1,'2020-04-07 09:05:36','2020-05-06 19:18:04',NULL),(3667,6649,38,'Basico',90,900,NULL,1,NULL,1,1,1,1,NULL,NULL,NULL,NULL,1,NULL,NULL,0,1,1,30.00,NULL,NULL,1,1,1,NULL,NULL,1,NULL,0.00,2,0.00,NULL,NULL,17,NULL,1,1,1,NULL,NULL,1,NULL,0.00,1,0.00,8,0.00,NULL,1,1,1,0.00,0.00,1,1,0.00,0.00,1,1,1,NULL,NULL,1,NULL,'Retorna el Basico Completo = 30 * Basico Diario',1,'2020-04-07 21:08:12','2020-04-17 14:34:51',NULL);
INSERT INTO `syj_conceptos` VALUES (3668,6649,38,'Antigüedad',95,950,NULL,1,NULL,1,1,1,1,NULL,NULL,NULL,NULL,1,NULL,NULL,0,1,1,1.50,12,NULL,1,1,1,NULL,NULL,1,NULL,0.00,5,0.00,NULL,NULL,NULL,NULL,3,1,1,2,4,1,NULL,0.00,6,0.00,NULL,0.00,3,1,1,1,0.00,0.00,1,1,0.00,0.00,1,1,1,NULL,NULL,1,NULL,NULL,1,'2020-04-07 21:09:41','2022-08-01 23:10:59',NULL),(3669,6649,38,'Basico Diario Vacaciones',120,1200,NULL,1,NULL,1,1,1,1,NULL,NULL,NULL,NULL,1,NULL,NULL,0,1,1,1.00,NULL,NULL,1,1,1,NULL,NULL,1,NULL,0.00,2,0.00,NULL,NULL,17,NULL,1,1,1,NULL,NULL,1,NULL,0.00,6,0.00,NULL,0.00,2,1,1,1,0.00,0.00,1,1,0.00,0.00,1,1,1,NULL,NULL,1,NULL,NULL,1,'2020-04-08 19:09:47','2020-04-08 19:09:47',NULL),(3670,6649,38,'Sueldo Conformado Rem',110,1100,NULL,1,NULL,1,1,1,1,NULL,NULL,NULL,NULL,1,NULL,NULL,0,1,1,1.00,NULL,NULL,1,1,1,NULL,NULL,1,NULL,0.00,5,0.00,NULL,NULL,NULL,NULL,3,1,1,2,4,1,NULL,0.00,6,0.00,NULL,0.00,2,1,1,1,0.00,0.00,1,1,0.00,0.00,1,1,1,NULL,NULL,1,NULL,'Sumatoria de los conceptos de Control 80+90+100',1,'2020-04-08 19:21:05','2020-04-24 22:39:03',NULL),(3671,6649,38,'Presentismo',240,2400,NULL,1,NULL,1,1,1,1,NULL,NULL,NULL,NULL,1,NULL,NULL,0,1,1,10.00,NULL,NULL,1,1,1,NULL,NULL,1,NULL,0.00,5,0.00,NULL,NULL,NULL,NULL,3,1,1,2,4,1,NULL,0.00,6,0.00,NULL,0.00,3,1,1,1,0.00,0.00,1,1,0.00,0.00,1,1,1,NULL,NULL,1,NULL,NULL,1,'2020-04-08 19:22:54','2022-08-01 22:37:12',NULL),(3672,6649,38,'Antiguedad',1050,11113,22,2,NULL,1,1,1,1,0,1,1,NULL,1,NULL,NULL,0,1,2,0.00,12,NULL,1,1,1,NULL,NULL,1,12,3097.40,5,0.00,NULL,NULL,16,NULL,3,2,2,2,4,1,1,0.00,6,0.00,NULL,0.00,3,1,1,1,0.00,0.00,1,1,0.00,0.00,1,1,1,NULL,NULL,1,NULL,NULL,1,'2020-04-16 16:57:29','2023-02-13 20:45:32',NULL),(3673,6649,38,'Acuerdo CCT 130/75 febrero/2020',1241,12410,NULL,2,NULL,1,1,1,1,NULL,NULL,NULL,NULL,1,NULL,NULL,0,1,1,0.00,NULL,NULL,1,1,1,NULL,NULL,1,NULL,0.00,3,2000.00,NULL,NULL,NULL,NULL,1,1,1,NULL,NULL,1,NULL,0.00,6,0.00,NULL,0.00,2,1,1,1,0.00,0.00,1,1,0.00,0.00,1,1,1,NULL,NULL,1,NULL,NULL,1,'2020-04-16 18:21:14','2022-08-01 23:21:54',NULL),(3674,6649,38,'Horas Extras comunes',1075,11120,NULL,2,NULL,1,1,1,1,NULL,NULL,NULL,NULL,1,NULL,NULL,1,1,3,0.00,NULL,NULL,1,1,1,NULL,NULL,1,NULL,0.00,2,0.00,NULL,NULL,31,NULL,3,1,1,2,4,1,1,0.00,6,0.00,NULL,0.00,2,1,1,1,0.00,0.00,1,1,0.00,0.00,1,1,1,NULL,NULL,1,NULL,NULL,1,'2020-04-17 14:52:46','2020-04-24 22:54:47',NULL),(3675,6649,38,'Sueldo Conformado No Rem',170,1700,NULL,1,NULL,1,1,1,1,NULL,NULL,NULL,NULL,1,NULL,NULL,0,1,1,1.00,NULL,NULL,1,1,1,NULL,NULL,1,NULL,0.00,5,0.00,NULL,NULL,NULL,NULL,3,1,1,2,4,1,NULL,0.00,6,0.00,NULL,0.00,2,1,1,1,0.00,0.00,1,1,0.00,0.00,1,1,1,NULL,NULL,1,NULL,NULL,1,'2020-04-19 13:08:56','2020-05-06 23:02:12',NULL),(3676,6649,38,'Antigüedad No Rem',175,1750,NULL,1,NULL,1,1,1,1,NULL,NULL,NULL,NULL,1,NULL,NULL,0,1,2,0.00,12,NULL,1,1,1,NULL,NULL,1,NULL,0.00,5,0.00,NULL,NULL,NULL,NULL,3,3,3,2,4,1,NULL,0.00,6,0.00,NULL,0.00,3,2,4,2,-2.00,0.00,1,1,0.00,0.00,3,1,1,2,2,1,NULL,NULL,1,'2020-04-19 13:13:32','2020-05-06 23:03:13',NULL),(3677,6649,38,'SAC Indemnización Integración Mes de Despido',2015,20150,NULL,3,NULL,1,1,1,1,NULL,NULL,NULL,NULL,1,NULL,NULL,0,1,3,0.00,NULL,NULL,1,1,1,NULL,NULL,1,NULL,0.00,5,1.00,NULL,NULL,NULL,NULL,3,1,1,2,4,1,3,0.00,6,0.00,NULL,0.00,2,1,1,1,0.00,0.00,1,1,0.00,0.00,1,1,1,NULL,NULL,1,NULL,NULL,1,'2020-04-24 20:49:56','2020-04-30 15:52:11',NULL),(3678,6649,38,'Indemnizacion por Antigüedad',2130,21300,NULL,3,NULL,1,1,1,1,NULL,NULL,NULL,NULL,1,NULL,NULL,0,1,2,0.00,14,NULL,1,1,1,NULL,NULL,1,NULL,0.00,2,0.00,NULL,NULL,39,NULL,1,1,1,NULL,NULL,1,28,0.00,6,0.00,NULL,0.00,2,1,1,1,0.00,0.00,1,1,0.00,0.00,1,1,1,NULL,NULL,1,NULL,NULL,1,'2020-04-24 23:24:27','2020-04-30 18:12:54',NULL),(3679,6649,38,'Presentismo No Rem',180,1800,NULL,2,NULL,1,1,1,1,NULL,NULL,NULL,NULL,1,NULL,NULL,0,1,1,10.00,NULL,NULL,1,1,1,NULL,NULL,1,NULL,0.00,5,0.00,NULL,NULL,NULL,NULL,3,1,1,2,4,1,NULL,0.00,6,0.00,NULL,0.00,3,1,1,1,0.00,0.00,1,1,0.00,0.00,1,1,1,NULL,NULL,1,NULL,NULL,0,'2020-05-06 18:50:49','2022-09-09 21:10:26',NULL);
INSERT INTO `syj_conceptos` VALUES (3680,6649,38,'Concepto No Remunerativo',2000,1700,62,3,NULL,1,1,1,1,0,NULL,NULL,NULL,1,NULL,NULL,0,0,1,1.00,NULL,NULL,1,1,1,NULL,NULL,1,NULL,0.00,2,0.00,NULL,NULL,20,NULL,1,1,1,2,4,1,22,0.00,6,0.00,NULL,0.00,2,1,1,1,0.00,0.00,1,1,0.00,0.00,1,1,1,NULL,NULL,1,NULL,NULL,1,'2020-05-06 22:26:24','2023-02-01 21:53:36',NULL),(3681,6649,38,'FAECYS',4050,40500,NULL,5,NULL,1,1,1,5,NULL,NULL,NULL,NULL,1,NULL,NULL,0,0,1,0.50,NULL,NULL,1,1,1,NULL,NULL,1,1,0.00,5,0.00,NULL,NULL,NULL,NULL,2,2,2,2,4,1,NULL,0.00,6,0.00,NULL,0.00,3,1,1,1,0.00,0.00,1,1,0.00,0.00,1,1,1,NULL,NULL,1,NULL,NULL,0,'2020-05-12 20:20:52','2022-08-02 22:31:51',NULL),(3682,6649,38,'Plus Feriado',1115,11150,NULL,2,NULL,1,1,1,1,NULL,NULL,NULL,NULL,1,NULL,NULL,1,1,3,0.00,NULL,NULL,1,1,1,NULL,NULL,1,NULL,0.00,2,0.00,NULL,NULL,48,NULL,1,1,1,NULL,NULL,1,NULL,0.00,6,0.00,NULL,0.00,2,1,1,1,0.00,0.00,1,1,0.00,0.00,1,1,1,NULL,NULL,1,NULL,NULL,1,'2022-02-24 18:19:23','2022-02-24 18:19:23',NULL),(3683,6649,38,'Diferencia por Vacaciones',1072,10720,20,2,NULL,2,1,1,1,NULL,NULL,NULL,NULL,1,NULL,NULL,0,1,1,1.00,NULL,NULL,1,1,1,NULL,NULL,1,NULL,0.00,1,1.00,NULL,NULL,NULL,NULL,1,1,1,NULL,NULL,1,NULL,0.00,1,0.00,NULL,0.00,NULL,1,1,1,0.00,0.00,1,1,0.00,0.00,1,1,1,NULL,NULL,1,NULL,NULL,1,'2022-08-02 19:34:39','2023-02-01 21:52:40',NULL),(3684,6649,38,'Diferencia por Vacaciones',90,900,NULL,2,NULL,2,1,1,1,NULL,NULL,NULL,NULL,1,NULL,NULL,1,1,1,1.00,NULL,NULL,1,1,1,NULL,NULL,1,NULL,0.00,1,1.00,NULL,NULL,NULL,NULL,1,1,1,NULL,NULL,1,NULL,0.00,1,0.00,NULL,0.00,NULL,1,1,1,0.00,0.00,1,1,0.00,0.00,1,1,1,NULL,NULL,1,NULL,NULL,1,'2022-08-02 19:34:40','2022-08-10 20:01:16',NULL),(3685,6649,38,'Cuota Mutual',4070,40700,76,5,NULL,2,1,1,1,NULL,1,NULL,NULL,1,NULL,NULL,0,1,1,150.00,NULL,NULL,1,1,1,NULL,NULL,1,NULL,0.00,1,1.00,NULL,NULL,NULL,NULL,1,1,1,NULL,NULL,1,NULL,0.00,1,0.00,NULL,0.00,NULL,1,1,1,0.00,0.00,1,1,0.00,0.00,1,1,1,NULL,NULL,1,NULL,NULL,1,'2022-08-02 23:08:11','2023-02-01 22:11:52',NULL),(3686,6649,38,'Hs. Extras',1076,10760,15,2,NULL,2,1,1,1,NULL,NULL,NULL,NULL,1,NULL,NULL,0,1,1,1.00,NULL,NULL,1,1,1,NULL,NULL,1,NULL,0.00,1,1.00,NULL,NULL,NULL,NULL,1,1,1,NULL,NULL,1,NULL,0.00,6,0.00,NULL,0.00,2,1,1,1,0.00,0.00,1,1,0.00,0.00,1,1,1,NULL,NULL,1,NULL,NULL,0,'2022-08-03 23:52:03','2023-02-15 14:13:03',NULL),(3687,6649,38,'Descuentos hs',1041,10410,NULL,2,NULL,2,1,1,1,NULL,NULL,NULL,NULL,1,NULL,NULL,1,1,1,1.00,NULL,NULL,1,1,1,NULL,NULL,1,NULL,0.00,1,0.00,NULL,NULL,NULL,NULL,1,1,1,NULL,NULL,1,NULL,0.00,1,0.00,NULL,0.00,NULL,1,1,1,0.00,0.00,1,1,0.00,0.00,1,1,1,NULL,NULL,1,NULL,NULL,1,'2022-08-04 18:45:16','2022-08-05 01:11:16',NULL),(3688,6649,38,'Bono Dto. 841/22',98,980,63,3,NULL,2,1,1,1,1,NULL,NULL,NULL,1,NULL,NULL,0,1,1,1.00,NULL,NULL,1,1,1,NULL,NULL,1,NULL,0.00,1,1.00,NULL,NULL,NULL,NULL,1,1,1,NULL,NULL,1,NULL,0.00,1,0.00,NULL,0.00,NULL,1,1,1,0.00,0.00,1,1,0.00,0.00,1,1,1,NULL,NULL,1,NULL,NULL,1,'2022-12-23 20:27:18','2022-12-26 20:11:06',NULL),(3689,6649,38,'SAC Proporcional',1121,11210,14,2,NULL,1,1,1,1,NULL,NULL,NULL,NULL,1,NULL,NULL,0,1,2,0.00,36,NULL,1,1,1,NULL,NULL,1,NULL,0.00,2,0.00,NULL,NULL,38,NULL,1,1,1,NULL,NULL,1,2,0.00,6,0.00,NULL,0.00,2,1,1,1,0.00,0.00,1,1,0.00,0.00,1,1,1,NULL,NULL,1,NULL,NULL,1,'2023-02-02 00:04:31','2023-02-02 00:04:31',NULL),(3690,6649,38,'Vivienda',1071,10710,5,2,NULL,2,1,1,1,NULL,NULL,NULL,NULL,1,NULL,NULL,0,1,1,1.00,NULL,NULL,1,1,1,NULL,NULL,1,NULL,0.00,1,1.00,NULL,NULL,NULL,NULL,1,1,1,NULL,NULL,1,NULL,0.00,6,0.00,NULL,0.00,2,1,1,1,0.00,0.00,1,1,0.00,0.00,1,1,1,NULL,NULL,1,NULL,NULL,0,'2023-02-13 21:04:16','2023-02-15 14:10:31',NULL),(3691,6649,38,'Limpieza Cocheras',1073,10730,24,2,NULL,2,1,1,1,NULL,NULL,NULL,NULL,1,NULL,NULL,0,1,1,1.00,NULL,NULL,1,1,1,NULL,NULL,1,NULL,0.00,1,1.00,NULL,NULL,NULL,NULL,1,1,1,NULL,NULL,1,NULL,0.00,6,0.00,NULL,0.00,2,1,1,1,0.00,0.00,1,1,0.00,0.00,1,1,1,NULL,NULL,1,NULL,NULL,0,'2023-02-13 21:09:45','2023-02-15 14:11:05',NULL);
INSERT INTO `syj_conceptos` VALUES (3692,6649,38,'Retiro  Residuos',1074,10740,24,2,NULL,2,1,1,1,NULL,NULL,NULL,NULL,1,NULL,NULL,0,1,1,1.00,NULL,NULL,1,1,1,NULL,NULL,1,NULL,0.00,1,1.00,NULL,NULL,NULL,NULL,1,1,1,NULL,NULL,1,NULL,0.00,6,0.00,NULL,0.00,2,1,1,1,0.00,0.00,1,1,0.00,0.00,1,1,1,NULL,NULL,1,NULL,NULL,0,'2023-02-13 21:16:38','2023-02-15 14:11:35',NULL),(3693,6649,38,'Vivienda',4041,40410,76,5,NULL,2,1,1,1,NULL,NULL,NULL,NULL,1,NULL,NULL,0,0,1,1.00,NULL,NULL,1,1,1,NULL,NULL,1,NULL,0.00,1,1.00,NULL,NULL,NULL,NULL,1,1,1,NULL,NULL,1,NULL,0.00,6,0.00,NULL,0.00,2,1,1,1,0.00,0.00,1,1,0.00,0.00,1,1,1,NULL,NULL,1,NULL,NULL,0,'2023-02-13 21:46:27','2023-02-15 14:17:23',NULL),(3694,6649,38,'C.P.F. 1%',4042,40420,76,5,NULL,1,1,1,1,NULL,0,NULL,NULL,1,NULL,NULL,0,1,1,1.00,NULL,NULL,1,1,1,NULL,NULL,1,NULL,0.00,5,0.00,NULL,NULL,NULL,NULL,2,2,3,2,4,3,NULL,0.00,6,0.00,NULL,0.00,3,1,1,1,0.00,0.00,1,1,0.00,0.00,1,1,1,NULL,NULL,1,NULL,NULL,0,'2023-02-13 21:53:30','2023-02-15 14:18:00',NULL),(3695,6649,38,'Fateryh (F.M.V.D.D) 1,75%',4043,40430,76,5,NULL,1,1,1,1,NULL,NULL,NULL,NULL,1,NULL,NULL,0,1,1,1.75,NULL,NULL,1,1,1,NULL,NULL,1,NULL,0.00,5,0.00,NULL,NULL,NULL,NULL,2,2,3,2,4,3,NULL,0.00,6,0.00,NULL,0.00,3,1,1,1,0.00,0.00,1,1,0.00,0.00,1,1,1,NULL,NULL,1,NULL,NULL,0,'2023-02-13 21:58:41','2023-02-15 14:19:26',NULL),(3696,6649,38,'Bono Remunerativo',1078,10780,21,2,NULL,1,1,1,1,NULL,NULL,NULL,NULL,1,NULL,NULL,0,1,1,1.00,NULL,NULL,1,1,1,NULL,NULL,1,NULL,0.00,2,0.00,NULL,NULL,20,NULL,1,1,1,NULL,NULL,1,22,0.00,6,0.00,NULL,0.00,2,1,1,1,0.00,0.00,1,1,0.00,0.00,1,1,1,NULL,NULL,1,NULL,NULL,0,'2023-02-13 22:21:58','2023-02-15 14:13:56',NULL),(3697,6649,6,'Aporte Solidario OSECAC',4070,40700,76,5,NULL,1,1,1,1,NULL,NULL,NULL,NULL,1,NULL,NULL,0,1,3,1.00,NULL,NULL,1,1,1,NULL,NULL,1,NULL,0.00,1,100.00,NULL,NULL,NULL,NULL,1,1,1,NULL,NULL,1,NULL,0.00,6,0.00,NULL,0.00,2,1,1,1,0.00,0.00,1,1,0.00,0.00,1,1,1,NULL,NULL,1,NULL,NULL,1,'2023-02-15 19:20:58','2023-02-17 21:23:34',NULL),(3698,6649,39,'Comisiones de venta',1220,12200,NULL,2,NULL,2,1,1,1,0,1,1,0,1,NULL,NULL,0,1,1,1.00,NULL,NULL,1,1,1,NULL,NULL,1,NULL,0.00,1,0.00,NULL,NULL,NULL,NULL,1,1,1,NULL,NULL,1,NULL,0.00,6,0.00,NULL,0.00,2,1,1,1,0.00,0.00,1,1,0.00,0.00,1,1,1,NULL,NULL,1,NULL,NULL,1,'2020-04-07 06:05:35','2020-04-10 00:56:08',NULL),(3699,6649,39,'Reintegro Ganancias Renta 4ta Categoría',2800,43700,NULL,3,NULL,1,1,1,1,0,0,0,0,1,NULL,NULL,0,1,1,1.00,NULL,NULL,1,1,1,NULL,NULL,1,NULL,0.00,1,0.00,NULL,NULL,NULL,NULL,1,1,1,NULL,NULL,1,7,0.00,6,0.00,9,0.00,2,1,1,1,0.00,0.00,1,1,0.00,0.00,1,1,1,NULL,NULL,1,NULL,NULL,0,'2020-04-07 06:05:35','2020-05-06 17:17:25',NULL),(3700,6649,39,'Redondeo',2900,43800,64,3,NULL,1,1,1,1,0,1,0,0,1,NULL,NULL,0,1,1,1.00,NULL,NULL,1,1,1,NULL,NULL,1,NULL,0.00,1,0.00,NULL,NULL,NULL,NULL,1,1,1,NULL,NULL,1,NULL,0.00,2,0.00,11,0.00,1,1,1,1,0.00,0.00,1,1,0.00,0.00,1,1,1,NULL,NULL,1,NULL,NULL,1,'2020-04-07 06:05:35','2023-02-16 23:43:16',NULL),(3701,6649,39,'Retención Ganancias Renta 4ta Categoría',4330,43600,NULL,5,NULL,1,1,1,7,0,0,0,0,1,NULL,NULL,1,1,1,1.00,NULL,NULL,1,1,1,NULL,NULL,1,NULL,0.00,3,0.00,NULL,NULL,NULL,NULL,1,1,1,NULL,NULL,1,NULL,0.00,6,0.00,NULL,0.00,2,1,1,1,0.00,0.00,1,1,0.00,0.00,1,1,1,NULL,NULL,1,NULL,'Se puede ingresar a mano o lo calcula Taxes, creando un detalle de liquidacion en el empleado',1,'2020-04-07 06:05:35','2023-03-09 02:02:13',NULL),(3702,6649,39,'Adicional voluntario',1210,12100,NULL,2,NULL,2,1,1,1,1,1,1,0,1,NULL,NULL,0,1,3,1.00,NULL,NULL,1,1,1,NULL,NULL,1,NULL,0.00,3,0.00,NULL,NULL,NULL,NULL,1,1,1,NULL,NULL,1,NULL,0.00,6,0.00,NULL,0.00,2,1,1,1,0.00,0.00,1,1,0.00,0.00,1,1,1,NULL,NULL,1,NULL,NULL,1,'2020-04-07 06:05:35','2020-04-16 15:28:01',NULL),(3703,6649,39,'Vacaciones',1045,11000,NULL,2,NULL,1,1,1,1,0,1,1,0,1,NULL,NULL,0,1,2,0.00,33,NULL,1,1,1,NULL,NULL,1,NULL,0.00,2,0.00,NULL,NULL,18,NULL,1,1,1,NULL,NULL,1,NULL,0.00,6,0.00,NULL,0.00,2,1,1,1,0.00,0.00,1,1,0.00,0.00,1,1,1,NULL,NULL,1,NULL,NULL,1,'2020-04-07 06:05:35','2020-04-30 14:48:21',NULL);
INSERT INTO `syj_conceptos` VALUES (3704,6649,39,'A cuenta futuros aumentos',1230,12300,NULL,2,NULL,2,1,1,1,1,1,1,0,1,NULL,NULL,0,1,3,1.00,NULL,NULL,1,1,1,NULL,NULL,1,NULL,0.00,3,0.00,NULL,NULL,NULL,NULL,1,1,1,NULL,NULL,1,NULL,0.00,6,0.00,NULL,0.00,2,1,1,1,0.00,0.00,1,1,0.00,0.00,1,1,1,NULL,NULL,1,NULL,NULL,1,'2020-04-07 06:05:35','2020-05-06 15:00:11',NULL),(3705,6649,39,'Aumento solidario Decreto 14/2020',1240,12400,NULL,2,NULL,1,1,1,1,0,1,1,0,1,NULL,NULL,0,1,3,1.00,NULL,NULL,1,1,1,NULL,NULL,1,NULL,0.00,3,4000.00,NULL,NULL,NULL,NULL,1,1,1,NULL,NULL,1,NULL,0.00,6,0.00,NULL,0.00,2,1,1,1,0.00,0.00,1,1,0.00,0.00,1,1,1,NULL,NULL,1,NULL,'Valido hasta...',1,'2020-04-07 06:05:35','2023-02-16 17:20:43',NULL),(3706,6649,39,'Suma no Remunerativa',2920,29200,NULL,3,NULL,1,1,1,1,1,1,0,0,1,NULL,NULL,0,1,1,0.00,NULL,NULL,1,1,1,NULL,NULL,1,NULL,0.00,1,0.00,NULL,NULL,NULL,NULL,1,1,1,NULL,NULL,1,NULL,0.00,6,0.00,NULL,0.00,2,1,1,1,0.00,0.00,1,1,0.00,0.00,1,1,1,NULL,NULL,1,NULL,NULL,1,'2020-04-07 06:05:35','2020-05-06 15:58:25',NULL),(3707,6649,39,'SAC Indemnización sustitutiva Mes de Preaviso',2030,29400,NULL,3,NULL,1,1,1,1,0,1,0,0,1,NULL,NULL,0,1,1,1.00,NULL,NULL,1,1,1,NULL,NULL,1,NULL,0.00,5,0.00,NULL,NULL,NULL,NULL,3,1,1,2,4,1,NULL,0.00,6,0.00,NULL,0.00,2,1,1,1,0.00,0.00,1,1,0.00,0.00,1,1,1,NULL,NULL,1,NULL,NULL,1,'2020-04-07 06:05:36','2020-04-24 20:16:58',NULL),(3708,6649,39,'Indemnización Por Antigüedad ART 247',2950,29500,NULL,3,NULL,1,1,1,1,0,0,0,0,1,NULL,NULL,0,1,1,0.00,NULL,NULL,1,1,1,NULL,NULL,1,NULL,0.00,1,0.00,NULL,NULL,NULL,NULL,1,1,1,NULL,NULL,1,NULL,0.00,6,0.00,NULL,0.00,2,1,1,1,0.00,0.00,1,1,0.00,0.00,1,1,1,NULL,NULL,1,NULL,NULL,1,'2020-04-07 06:05:36','2020-05-06 15:59:56',NULL),(3709,6649,39,'Gratificación por egreso',2100,21000,NULL,3,NULL,1,1,1,1,0,1,0,0,1,NULL,NULL,0,1,1,1.00,NULL,NULL,1,1,1,NULL,NULL,1,NULL,0.00,3,0.00,NULL,NULL,NULL,NULL,1,1,1,NULL,NULL,1,NULL,0.00,6,0.00,NULL,0.00,2,1,1,1,0.00,0.00,1,1,0.00,0.00,1,1,1,NULL,NULL,1,NULL,NULL,1,'2020-04-07 06:05:36','2020-05-06 15:15:09',NULL),(3710,6649,39,'Inasistencia por Suspensión',1060,11114,NULL,2,NULL,1,1,1,1,0,1,1,0,1,NULL,NULL,0,1,3,0.00,NULL,NULL,1,1,1,NULL,NULL,1,NULL,0.00,5,0.00,NULL,NULL,NULL,NULL,3,1,1,2,4,1,5,0.00,6,0.00,NULL,0.00,2,1,1,1,0.00,0.00,1,1,0.00,0.00,1,1,1,NULL,NULL,1,NULL,'Cargar la cantidad de Dias en Negativo',1,'2020-04-07 06:05:36','2020-04-25 12:25:53',NULL),(3711,6649,39,'Presentismo',1070,11115,NULL,2,NULL,1,1,1,1,0,1,1,0,1,NULL,NULL,0,1,1,8.33,NULL,NULL,1,1,1,NULL,NULL,1,NULL,0.00,5,0.00,NULL,NULL,NULL,NULL,3,1,1,2,4,1,NULL,0.00,6,0.00,NULL,0.00,3,2,4,2,-2.00,0.00,1,1,0.00,0.00,3,1,1,2,2,1,NULL,NULL,0,'2020-04-07 06:05:36','2023-02-16 17:58:09',NULL),(3712,6649,39,'Horas Extras al 50%',1080,11121,NULL,2,NULL,1,1,1,1,1,1,1,0,1,NULL,NULL,0,1,3,0.00,NULL,NULL,1,1,1,NULL,NULL,1,NULL,0.00,2,0.00,NULL,NULL,30,NULL,3,1,1,2,4,1,1,0.00,6,0.00,NULL,0.00,2,1,1,1,0.00,0.00,1,1,0.00,0.00,1,1,1,NULL,NULL,1,NULL,NULL,1,'2020-04-07 06:05:36','2020-04-24 19:56:05',NULL),(3713,6649,39,'Horas Extras al 100%',1090,11122,17,2,NULL,1,1,1,1,0,1,1,0,1,NULL,NULL,0,1,3,0.00,NULL,NULL,1,1,1,NULL,NULL,1,NULL,0.00,1,2319.34,NULL,NULL,29,NULL,3,1,1,2,4,1,1,0.00,6,0.00,NULL,0.00,2,1,1,1,0.00,0.00,1,1,0.00,0.00,1,1,1,NULL,NULL,1,NULL,NULL,1,'2020-04-07 06:05:36','2023-06-09 00:32:29',NULL),(3714,6649,39,'Feriados Nacionales  Trabajados',1112,11110,NULL,2,NULL,1,1,1,1,0,1,1,0,1,NULL,NULL,0,1,3,0.00,NULL,NULL,1,1,1,NULL,NULL,1,NULL,0.00,2,0.00,NULL,NULL,18,NULL,3,1,1,2,3,1,NULL,0.00,6,0.00,NULL,0.00,2,1,1,1,0.00,0.00,1,1,0.00,0.00,1,1,1,NULL,NULL,1,NULL,'Se deberá informar por las novedades la cantidad de dias Feriados Nac.Trabajados\r\nDicho concepto retorna como Valor, la suma del Básico /30 + Básico/25.',1,'2020-04-07 06:05:36','2020-04-30 12:17:04',NULL);
INSERT INTO `syj_conceptos` VALUES (3715,6649,39,'PRV s/Vacaciones',1130,11050,NULL,2,NULL,1,1,1,1,0,1,0,0,1,NULL,NULL,0,1,1,0.00,NULL,NULL,1,1,1,NULL,NULL,1,3,0.00,5,0.00,NULL,NULL,NULL,NULL,2,2,3,2,4,3,NULL,0.00,6,0.00,NULL,0.00,2,1,1,1,0.00,0.00,1,1,0.00,0.00,1,1,1,NULL,NULL,1,NULL,NULL,0,'2020-04-07 06:05:36','2020-05-08 13:30:32',NULL),(3716,6649,39,'Licencia por Maternidad',1190,11900,NULL,2,NULL,1,1,1,1,0,1,1,0,1,NULL,NULL,0,1,3,0.00,NULL,NULL,1,1,1,NULL,NULL,1,NULL,0.00,5,0.00,NULL,NULL,NULL,NULL,3,1,1,2,4,1,NULL,0.00,1,0.00,NULL,0.00,NULL,1,1,1,0.00,0.00,1,1,0.00,0.00,1,1,1,NULL,NULL,1,NULL,'Si la empleada estuvo el mes completo de Licencia se liquidará por medio del tipo de liquidación ”Licencia por Maternidad”  informando los 30 días.\r\nCaso contrario se liquidará a través de la',1,'2020-04-07 06:05:36','2020-05-06 14:56:02',NULL),(3717,6649,39,'Descuento Licencia por Maternidad',1200,12000,NULL,2,NULL,1,1,1,1,0,1,1,0,1,NULL,NULL,0,1,1,1.00,NULL,NULL,1,1,1,NULL,NULL,1,NULL,0.00,5,0.00,NULL,NULL,NULL,NULL,3,1,1,2,4,1,NULL,0.00,6,-1.00,NULL,0.00,6,1,1,1,0.00,0.00,1,1,0.00,0.00,1,1,1,NULL,NULL,1,NULL,NULL,1,'2020-04-07 06:05:36','2020-05-06 14:58:40',NULL),(3718,6649,39,'Indemnización Integración Mes de Despido',2010,20100,NULL,3,NULL,1,1,1,1,0,1,0,0,1,NULL,NULL,0,1,1,1.00,NULL,NULL,1,1,1,NULL,NULL,1,5,0.00,5,0.00,NULL,NULL,NULL,NULL,3,1,1,2,4,1,NULL,0.00,6,0.00,NULL,0.00,2,1,1,1,0.00,0.00,1,1,0.00,0.00,1,1,1,NULL,NULL,1,NULL,NULL,1,'2020-04-07 06:05:36','2020-04-24 17:28:21',NULL),(3719,6649,39,'PRV s/Integracion Mes de Despido',2060,20600,NULL,3,NULL,1,1,1,1,0,1,0,0,1,NULL,NULL,0,1,1,0.00,NULL,NULL,1,1,1,NULL,NULL,1,6,0.00,5,0.00,NULL,NULL,NULL,NULL,2,2,2,2,4,3,4,0.00,6,0.00,NULL,0.00,2,1,1,1,0.00,0.00,1,1,0.00,0.00,1,1,1,NULL,NULL,1,NULL,NULL,1,'2020-04-07 06:05:36','2020-05-06 15:06:44',NULL),(3720,6649,39,'Indemnización sustitutiva Mes de Preaviso',2025,20250,NULL,3,NULL,1,1,1,1,0,1,0,0,1,NULL,NULL,0,1,3,1.00,NULL,NULL,1,1,1,NULL,NULL,1,NULL,0.00,2,0.00,NULL,NULL,38,NULL,1,1,1,NULL,NULL,1,NULL,0.00,6,0.00,NULL,0.00,2,1,1,1,0.00,0.00,1,1,0.00,0.00,1,1,1,NULL,NULL,1,NULL,NULL,1,'2020-04-07 06:05:36','2020-04-30 14:59:57',NULL),(3721,6649,39,'PRV s/Mes de Preaviso',2060,20600,NULL,3,NULL,1,1,1,1,0,1,0,0,1,NULL,NULL,0,1,1,0.00,NULL,NULL,1,1,1,NULL,NULL,1,NULL,0.00,1,0.00,NULL,NULL,NULL,NULL,1,1,1,NULL,NULL,1,NULL,0.00,2,0.00,NULL,0.00,NULL,1,1,1,0.00,0.00,1,1,0.00,0.00,1,1,1,NULL,NULL,1,NULL,NULL,0,'2020-04-07 06:05:36','2020-05-06 15:10:39',NULL),(3722,6649,39,'Vacaciones No Gozadas',2100,20000,NULL,3,NULL,1,1,1,1,0,1,0,0,1,NULL,NULL,0,1,1,0.00,NULL,NULL,1,1,1,NULL,NULL,1,8,0.00,5,0.00,NULL,NULL,NULL,NULL,3,1,1,2,4,1,6,0.00,6,0.00,NULL,0.00,2,1,1,1,0.00,0.00,1,1,0.00,0.00,1,1,1,NULL,NULL,1,NULL,'En caso de Liquidar Final sin contar con Liquidaciones de meses anteriores, se deberá cambiar la configuración de la solapa valor unitario por Orgien del Valor: A INGRESAR.',1,'2020-04-07 06:05:36','2020-04-25 12:34:22',NULL),(3723,6649,39,'PRV s/Vacaciones No Gozadas',2060,20600,NULL,3,NULL,1,1,1,1,0,1,0,0,1,NULL,NULL,0,1,5,0.00,NULL,NULL,3,1,1,2,2,1,NULL,0.00,5,0.00,NULL,NULL,NULL,NULL,2,2,3,2,4,3,4,0.00,6,0.00,NULL,0.00,2,1,1,1,0.00,0.00,1,1,0.00,0.00,1,1,1,NULL,NULL,1,NULL,NULL,0,'2020-04-07 06:05:36','2020-05-06 15:12:32',NULL),(3724,6649,39,'Feriados Nacionales No Trab. No Rem',2350,23500,NULL,3,NULL,1,1,1,1,0,1,0,0,1,NULL,NULL,0,1,1,0.00,NULL,NULL,1,1,1,NULL,NULL,1,NULL,0.00,1,0.00,NULL,NULL,NULL,NULL,1,1,1,NULL,NULL,1,NULL,0.00,2,0.00,NULL,0.00,NULL,1,1,1,0.00,0.00,1,1,0.00,0.00,1,1,1,NULL,NULL,1,NULL,NULL,1,'2020-04-07 06:05:36','2020-05-06 15:17:23',NULL),(3725,6649,39,'Feriados Nacionales Trabajados No Rem',2400,24000,NULL,3,NULL,1,1,1,1,0,1,0,0,1,NULL,NULL,0,1,1,0.00,NULL,NULL,1,1,1,NULL,NULL,1,NULL,0.00,1,0.00,NULL,NULL,NULL,NULL,1,1,1,NULL,NULL,1,NULL,0.00,2,0.00,NULL,0.00,NULL,1,1,1,0.00,0.00,1,1,0.00,0.00,1,1,1,NULL,NULL,1,NULL,NULL,1,'2020-04-07 06:05:36','2020-05-06 15:17:59',NULL);
INSERT INTO `syj_conceptos` VALUES (3726,6649,39,'SAC Vacaciones No Gozadas',2120,21200,NULL,3,NULL,1,1,1,1,0,1,0,0,1,NULL,NULL,0,1,1,1.00,NULL,NULL,1,1,1,NULL,NULL,1,NULL,0.00,5,0.00,NULL,NULL,NULL,NULL,3,1,1,2,4,1,3,0.00,6,0.00,NULL,0.00,2,1,1,1,0.00,0.00,1,1,0.00,0.00,1,1,1,NULL,NULL,1,NULL,NULL,1,'2020-04-07 06:05:36','2020-04-25 20:24:19',NULL),(3727,6649,39,'Antigüedad No Remunerativo',2500,25000,NULL,3,NULL,1,1,1,1,0,1,0,0,1,NULL,NULL,0,1,2,0.00,12,NULL,1,1,1,NULL,NULL,1,NULL,0.00,5,0.00,NULL,NULL,NULL,NULL,3,1,1,2,4,1,NULL,0.00,6,0.00,NULL,0.00,3,1,1,1,0.00,0.00,1,1,0.00,0.00,1,1,1,NULL,NULL,1,NULL,NULL,0,'2020-04-07 06:05:36','2020-05-08 13:11:41',NULL),(3728,6649,39,'Presentismo No Remunerativo',2550,27501,NULL,3,NULL,1,1,1,1,0,1,0,0,1,NULL,NULL,0,1,1,8.33,NULL,NULL,1,1,1,NULL,NULL,1,NULL,0.00,5,0.00,NULL,NULL,NULL,NULL,3,1,1,2,4,1,NULL,0.00,6,0.00,NULL,0.00,3,2,4,2,-2.00,0.00,1,1,0.00,0.00,3,1,1,2,4,1,NULL,NULL,0,'2020-04-07 06:05:36','2020-05-08 13:21:31',NULL),(3729,6649,39,'1º SAC No Rem',2600,26000,NULL,3,NULL,1,1,1,1,0,1,0,0,1,NULL,NULL,0,1,5,0.00,NULL,NULL,3,1,1,2,2,1,NULL,0.00,5,0.00,NULL,NULL,NULL,NULL,3,1,1,2,4,1,NULL,0.00,6,0.00,NULL,0.00,2,1,1,1,0.00,0.00,1,1,0.00,0.00,1,1,1,NULL,NULL,1,NULL,NULL,1,'2020-04-07 06:05:36','2020-05-06 15:32:28',NULL),(3730,6649,39,'Horas Extras al 50% s/ No Rem',2650,26500,NULL,3,NULL,1,1,1,1,0,1,0,0,1,NULL,NULL,0,1,5,0.00,NULL,NULL,3,1,1,2,2,1,NULL,0.00,5,0.00,NULL,NULL,NULL,NULL,3,1,1,2,4,1,13,0.00,6,0.00,NULL,0.00,2,1,1,1,0.00,0.00,1,1,0.00,0.00,1,1,1,NULL,NULL,1,NULL,NULL,0,'2020-04-07 06:05:36','2020-05-08 13:15:05',NULL),(3731,6649,39,'Horas Extras al 100% s/ No Rem',2700,27000,NULL,3,NULL,1,1,1,1,0,1,0,0,1,NULL,NULL,0,1,5,0.00,NULL,NULL,3,1,1,2,2,1,NULL,0.00,5,0.00,NULL,NULL,NULL,NULL,3,1,1,2,4,1,14,0.00,6,0.00,NULL,0.00,2,1,1,1,0.00,0.00,1,1,0.00,0.00,1,1,1,NULL,NULL,1,NULL,NULL,0,'2020-04-07 06:05:36','2020-05-08 13:15:45',NULL),(3732,6649,39,'Inasistencias Injustificadas No Rem',2750,27500,NULL,3,NULL,1,1,1,1,0,1,0,0,1,NULL,NULL,0,1,5,0.00,NULL,NULL,3,1,1,2,2,1,NULL,0.00,5,0.00,NULL,NULL,NULL,NULL,3,1,1,2,4,1,5,0.00,6,0.00,NULL,0.00,2,1,1,1,0.00,0.00,1,1,0.00,0.00,1,1,1,NULL,NULL,1,NULL,'Cargar la cantidad de Días en negativo.',1,'2020-04-07 06:05:36','2020-05-06 15:51:31',NULL),(3733,6649,39,'2º SAC No Rem',2610,26100,NULL,3,NULL,1,1,1,1,0,1,0,0,1,NULL,NULL,0,1,5,0.00,NULL,NULL,3,1,1,2,2,1,NULL,0.00,5,0.00,NULL,NULL,NULL,NULL,3,1,1,2,4,1,NULL,0.00,6,0.00,NULL,0.00,2,1,1,1,0.00,0.00,1,1,0.00,0.00,1,1,1,NULL,NULL,1,NULL,NULL,1,'2020-04-07 06:05:36','2020-05-06 15:35:45',NULL),(3734,6649,39,'SAC No Remunerativo',2620,26200,NULL,3,NULL,1,1,1,1,0,1,0,0,1,NULL,NULL,0,1,2,0.00,36,NULL,1,1,1,NULL,NULL,1,NULL,0.00,5,0.00,NULL,NULL,NULL,NULL,3,1,1,2,4,1,NULL,0.00,6,0.00,NULL,0.00,2,1,1,1,0.00,0.00,1,1,0.00,0.00,1,1,1,NULL,NULL,1,NULL,NULL,1,'2020-04-07 06:05:36','2020-05-06 15:38:23',NULL),(3735,6649,39,'Jubilación',4010,40100,65,5,NULL,1,3,1,4,0,1,0,0,1,NULL,NULL,0,1,2,0.00,4,NULL,1,1,1,NULL,NULL,1,NULL,0.00,5,0.00,NULL,NULL,NULL,NULL,2,2,2,2,4,1,NULL,0.00,6,0.00,NULL,0.00,3,1,1,1,0.00,0.00,1,1,0.00,0.00,1,1,1,NULL,NULL,1,NULL,NULL,1,'2020-04-07 06:05:36','2023-02-16 23:49:47',NULL),(3736,6649,39,'INSSJP (Ley 19.032)',4020,40200,66,5,NULL,1,3,1,6,0,1,0,0,1,NULL,NULL,0,1,2,0.00,2,NULL,1,1,1,NULL,NULL,1,NULL,0.00,5,0.00,NULL,NULL,NULL,NULL,2,2,2,2,4,1,NULL,0.00,6,0.00,NULL,0.00,3,1,1,1,0.00,0.00,1,1,0.00,0.00,1,1,1,NULL,NULL,1,NULL,NULL,1,'2020-04-07 06:05:36','2023-02-16 23:51:24',NULL),(3737,6649,39,'Obra Social',4030,40300,67,5,NULL,1,2,1,3,0,1,0,0,1,NULL,NULL,0,1,2,0.00,3,NULL,1,1,1,NULL,NULL,1,NULL,0.00,5,0.00,NULL,NULL,NULL,NULL,2,2,2,2,4,1,21,0.00,6,0.00,NULL,0.00,3,1,1,1,0.00,0.00,1,1,0.00,0.00,1,1,1,NULL,NULL,1,NULL,NULL,1,'2020-04-07 06:05:36','2023-04-12 16:14:19',NULL);
INSERT INTO `syj_conceptos` VALUES (3738,6649,39,'Cuota Sindical Suterh 2%',4040,40400,69,5,NULL,1,1,1,5,0,1,0,0,1,NULL,NULL,0,1,1,2.00,NULL,NULL,1,1,1,NULL,NULL,1,NULL,0.00,5,0.00,NULL,NULL,NULL,NULL,2,2,2,2,4,1,NULL,0.00,6,0.00,NULL,0.00,3,1,1,1,0.00,0.00,1,1,0.00,0.00,1,1,1,NULL,NULL,1,NULL,NULL,1,'2020-04-07 06:05:36','2023-02-16 22:08:06',NULL),(3739,6649,39,'Obra Social s/ No Rem',4100,41000,NULL,4,NULL,1,1,1,1,0,1,0,0,1,NULL,NULL,0,1,1,0.00,NULL,NULL,1,1,1,NULL,NULL,1,NULL,0.00,1,0.00,NULL,NULL,NULL,NULL,1,1,1,NULL,NULL,1,NULL,0.00,2,0.00,NULL,0.00,NULL,1,1,1,0.00,0.00,1,1,0.00,0.00,1,1,1,NULL,NULL,1,NULL,NULL,1,'2020-04-07 06:05:36','2020-04-07 06:05:36',NULL),(3740,6649,39,'Sindicato s/ No Rem',4150,41500,NULL,4,NULL,1,1,1,1,0,1,0,0,1,NULL,NULL,0,1,1,0.00,NULL,NULL,1,1,1,NULL,NULL,1,NULL,0.00,1,0.00,NULL,NULL,NULL,NULL,1,1,1,NULL,NULL,1,NULL,0.00,2,0.00,NULL,0.00,NULL,1,1,1,0.00,0.00,1,1,0.00,0.00,1,1,1,NULL,NULL,1,NULL,NULL,1,'2020-04-07 06:05:36','2020-04-07 06:05:36',NULL),(3741,6649,39,'Adicional Familiar a cargo Obra Social',4320,43200,NULL,4,NULL,1,1,1,1,0,1,0,0,1,NULL,NULL,0,1,1,0.00,NULL,NULL,1,1,1,NULL,NULL,1,NULL,0.00,1,0.00,NULL,NULL,NULL,NULL,1,1,1,NULL,NULL,1,NULL,0.00,2,0.00,NULL,0.00,NULL,1,1,1,0.00,0.00,1,1,0.00,0.00,1,1,1,NULL,NULL,1,NULL,NULL,1,'2020-04-07 06:05:36','2020-04-07 06:05:36',NULL),(3742,6649,39,'Embargo',4060,40600,NULL,5,NULL,2,1,1,1,0,1,0,0,1,NULL,NULL,0,1,1,0.00,NULL,NULL,1,1,1,NULL,NULL,1,NULL,0.00,1,0.00,NULL,NULL,NULL,NULL,1,1,1,NULL,NULL,1,NULL,0.00,2,0.00,NULL,0.00,NULL,1,1,1,0.00,0.00,1,1,0.00,0.00,1,1,1,NULL,NULL,1,NULL,NULL,1,'2020-04-07 06:05:36','2020-05-06 16:24:52',NULL),(3743,6649,39,'Beneficio Dto 561/19',4370,43700,NULL,4,NULL,1,1,1,1,0,1,0,0,1,NULL,NULL,0,1,1,0.00,NULL,NULL,1,1,1,NULL,NULL,1,NULL,0.00,1,0.00,NULL,NULL,NULL,NULL,1,1,1,NULL,NULL,1,NULL,0.00,2,0.00,NULL,0.00,NULL,1,1,1,0.00,0.00,1,1,0.00,0.00,1,1,1,NULL,NULL,1,NULL,NULL,1,'2020-04-07 06:05:36','2020-04-07 06:05:36',NULL),(3744,6649,39,'Jubilación',5010,50100,NULL,6,NULL,1,1,1,1,0,0,0,0,1,NULL,NULL,0,1,1,0.00,NULL,NULL,1,1,1,NULL,NULL,1,NULL,0.00,1,0.00,NULL,NULL,NULL,NULL,1,1,1,NULL,NULL,1,NULL,0.00,2,0.00,NULL,0.00,NULL,1,1,1,0.00,0.00,1,1,0.00,0.00,1,1,1,NULL,NULL,1,NULL,NULL,1,'2020-04-07 06:05:36','2020-04-07 19:22:45',NULL),(3745,6649,39,'Fondo Nacional de Empleo',5020,50200,NULL,6,NULL,1,1,1,1,0,0,0,0,1,NULL,NULL,0,1,1,0.00,NULL,NULL,1,1,1,NULL,NULL,1,NULL,0.00,1,0.00,NULL,NULL,NULL,NULL,1,1,1,NULL,NULL,1,NULL,0.00,2,0.00,NULL,0.00,NULL,1,1,1,0.00,0.00,1,1,0.00,0.00,1,1,1,NULL,NULL,1,NULL,NULL,1,'2020-04-07 06:05:36','2020-05-06 16:16:34',NULL),(3746,6649,39,'INSSJP(Ley 19.032)',5030,50300,NULL,6,NULL,1,1,1,1,0,0,0,0,1,NULL,NULL,0,1,1,0.00,NULL,NULL,1,1,1,NULL,NULL,1,NULL,0.00,1,0.00,NULL,NULL,NULL,NULL,1,1,1,NULL,NULL,1,NULL,0.00,2,0.00,NULL,0.00,NULL,1,1,1,0.00,0.00,1,1,0.00,0.00,1,1,1,NULL,NULL,1,NULL,NULL,1,'2020-04-07 06:05:36','2020-05-06 16:17:07',NULL),(3747,6649,39,'Obra Social',5040,50400,NULL,6,NULL,1,1,1,1,0,0,0,0,1,NULL,NULL,0,1,1,0.00,NULL,NULL,1,1,1,NULL,NULL,1,NULL,0.00,1,0.00,NULL,NULL,NULL,NULL,1,1,1,NULL,NULL,1,NULL,0.00,2,0.00,NULL,0.00,NULL,1,1,1,0.00,0.00,1,1,0.00,0.00,1,1,1,NULL,NULL,1,NULL,NULL,1,'2020-04-07 06:05:36','2020-04-16 15:51:58',NULL),(3748,6649,39,'Asigs Familiares',5060,50600,NULL,6,NULL,1,1,1,1,0,0,0,0,1,NULL,NULL,0,1,1,0.00,NULL,NULL,1,1,1,NULL,NULL,1,NULL,0.00,1,0.00,NULL,NULL,NULL,NULL,1,1,1,NULL,NULL,1,NULL,0.00,2,0.00,NULL,0.00,NULL,1,1,1,0.00,0.00,1,1,0.00,0.00,1,1,1,NULL,NULL,1,NULL,NULL,1,'2020-04-07 06:05:36','2020-05-06 16:17:38',NULL),(3749,6649,39,'Porcentaje ART',5080,50800,NULL,6,NULL,1,1,1,1,0,0,0,0,1,NULL,NULL,0,1,1,0.00,NULL,NULL,1,1,1,NULL,NULL,1,NULL,0.00,1,0.00,NULL,NULL,NULL,NULL,1,1,1,NULL,NULL,1,NULL,0.00,2,0.00,NULL,0.00,NULL,1,1,1,0.00,0.00,1,1,0.00,0.00,1,1,1,NULL,NULL,1,NULL,NULL,1,'2020-04-07 06:05:36','2020-05-06 16:18:32',NULL);
INSERT INTO `syj_conceptos` VALUES (3750,6649,39,'Obra Social s/ No Rem',5100,51000,NULL,6,NULL,1,1,1,1,0,0,0,0,1,NULL,NULL,0,1,1,0.00,NULL,NULL,1,1,1,NULL,NULL,1,NULL,0.00,1,0.00,NULL,NULL,NULL,NULL,1,1,1,NULL,NULL,1,NULL,0.00,2,0.00,NULL,0.00,NULL,1,1,1,0.00,0.00,1,1,0.00,0.00,1,1,1,NULL,NULL,1,NULL,NULL,1,'2020-04-07 06:05:36','2020-05-06 16:18:56',NULL),(3751,6649,39,'Inasistencias Por Enfermedad',1010,10100,NULL,2,NULL,1,1,1,1,0,1,1,0,1,NULL,NULL,0,1,3,0.00,NULL,NULL,1,1,1,NULL,NULL,1,NULL,0.00,2,0.00,NULL,NULL,17,NULL,1,1,1,NULL,NULL,1,NULL,0.00,6,0.00,NULL,0.00,2,1,1,1,0.00,0.00,1,1,0.00,0.00,1,1,1,NULL,NULL,1,NULL,NULL,1,'2020-04-07 06:05:36','2020-04-08 16:00:06',NULL),(3752,6649,39,'Inasistencias por Accidente de Trabajo',1020,10200,NULL,2,NULL,1,1,1,1,0,1,1,0,1,NULL,NULL,0,1,3,0.00,NULL,NULL,1,1,1,NULL,NULL,1,NULL,0.00,2,0.00,NULL,NULL,17,NULL,1,1,1,NULL,NULL,1,NULL,0.00,6,0.00,NULL,0.00,2,1,1,1,0.00,0.00,1,1,0.00,0.00,1,1,1,NULL,NULL,1,NULL,NULL,1,'2020-04-07 06:05:36','2020-04-08 16:01:25',NULL),(3753,6649,39,'Días Trabajados',1040,10400,1,2,NULL,1,1,1,1,0,1,1,0,1,NULL,NULL,0,0,2,0.00,34,NULL,2,2,3,NULL,NULL,1,NULL,0.00,2,0.00,NULL,NULL,17,NULL,1,1,1,NULL,NULL,1,NULL,0.00,6,0.00,8,0.00,2,1,1,1,0.00,0.00,1,1,0.00,0.00,1,1,1,NULL,NULL,1,NULL,NULL,1,'2020-04-07 06:05:36','2023-04-12 03:04:11',NULL),(3754,6649,39,'Día del Gremio',1110,11100,NULL,2,NULL,1,1,1,1,0,1,1,0,1,NULL,NULL,0,1,1,0.00,NULL,NULL,1,1,1,NULL,NULL,1,NULL,0.00,2,0.00,NULL,NULL,18,NULL,1,1,1,NULL,NULL,1,NULL,0.00,6,0.00,NULL,0.00,2,1,1,1,0.00,0.00,1,1,0.00,0.00,1,1,1,NULL,NULL,1,NULL,'En mes Septiembre, cuando se liquide dicho concepto se deberá ingresar manualmente en Dias Trabajados 29 dias.',1,'2020-04-07 06:05:36','2020-04-15 16:40:23',NULL),(3755,6649,39,'Feriados Nacionales No Trabajados',1111,11109,NULL,2,NULL,1,1,1,1,0,1,1,0,1,NULL,NULL,0,1,3,0.00,NULL,NULL,1,1,1,NULL,NULL,1,NULL,0.00,2,0.00,NULL,NULL,18,NULL,1,1,1,NULL,NULL,1,NULL,0.00,6,0.00,NULL,0.00,2,1,1,1,0.00,0.00,1,1,0.00,0.00,1,1,1,NULL,NULL,1,NULL,'Se deberá informar por las novedades la cantidad de dias Feriados Nac. No Trabajados\r\nDicho concepto retorna como Valor, el Básico Diario.',1,'2020-04-07 06:05:36','2020-04-08 16:05:03',NULL),(3756,6649,39,'SAC',1120,11200,NULL,2,NULL,1,1,1,1,0,1,1,0,1,NULL,NULL,0,1,2,0.00,36,NULL,1,1,1,NULL,NULL,1,NULL,0.00,2,0.00,NULL,NULL,38,NULL,1,1,1,NULL,NULL,1,2,0.00,6,0.00,NULL,0.00,2,1,1,1,0.00,0.00,1,1,0.00,0.00,1,1,1,NULL,NULL,1,NULL,NULL,1,'2020-04-07 06:05:36','2022-02-24 15:19:23',NULL),(3757,6649,39,'Cuota Fija ART',5070,50700,NULL,6,NULL,1,1,1,1,0,0,0,0,1,NULL,NULL,0,1,1,0.00,NULL,NULL,1,1,1,NULL,NULL,1,NULL,0.00,1,0.00,NULL,NULL,NULL,NULL,1,1,1,NULL,NULL,1,NULL,0.00,2,0.00,NULL,0.00,NULL,1,1,1,0.00,0.00,1,1,0.00,0.00,1,1,1,NULL,NULL,1,NULL,NULL,1,'2020-04-07 06:05:36','2020-05-06 16:18:04',NULL),(3758,6649,39,'Basico',90,900,NULL,1,NULL,1,1,1,1,NULL,NULL,NULL,NULL,1,NULL,NULL,0,1,1,30.00,NULL,NULL,1,1,1,NULL,NULL,1,NULL,0.00,2,0.00,NULL,NULL,17,NULL,1,1,1,NULL,NULL,1,NULL,0.00,1,0.00,8,0.00,NULL,1,1,1,0.00,0.00,1,1,0.00,0.00,1,1,1,NULL,NULL,1,NULL,'Retorna el Basico Completo = 30 * Basico Diario',1,'2020-04-07 18:08:12','2020-04-17 11:34:51',NULL),(3759,6649,39,'Antigüedad',95,950,NULL,1,NULL,1,1,1,1,NULL,NULL,NULL,NULL,1,NULL,NULL,0,1,2,0.00,12,NULL,1,1,1,NULL,NULL,1,NULL,0.00,5,0.00,NULL,NULL,NULL,NULL,3,1,1,2,4,1,NULL,0.00,6,0.00,NULL,0.00,3,1,1,1,0.00,0.00,1,1,0.00,0.00,1,1,1,NULL,NULL,1,NULL,NULL,1,'2020-04-07 18:09:41','2020-04-23 15:52:08',NULL),(3760,6649,39,'Basico Diario Vacaciones',120,1200,NULL,1,NULL,1,1,1,1,NULL,NULL,NULL,NULL,1,NULL,NULL,0,1,1,1.00,NULL,NULL,1,1,1,NULL,NULL,1,NULL,0.00,2,0.00,NULL,NULL,17,NULL,1,1,1,NULL,NULL,1,NULL,0.00,6,0.00,NULL,0.00,2,1,1,1,0.00,0.00,1,1,0.00,0.00,1,1,1,NULL,NULL,1,NULL,NULL,1,'2020-04-08 16:09:47','2020-04-08 16:09:47',NULL);
INSERT INTO `syj_conceptos` VALUES (3761,6649,39,'Sueldo Conformado Rem',110,1100,NULL,1,NULL,1,1,1,1,NULL,NULL,NULL,NULL,1,NULL,NULL,0,1,1,1.00,NULL,NULL,1,1,1,NULL,NULL,1,NULL,0.00,5,0.00,NULL,NULL,NULL,NULL,3,1,1,2,4,1,NULL,0.00,6,0.00,NULL,0.00,2,1,1,1,0.00,0.00,1,1,0.00,0.00,1,1,1,NULL,NULL,1,NULL,'Sumatoria de los conceptos de Control 80+90+100',1,'2020-04-08 16:21:05','2020-04-24 19:39:03',NULL),(3762,6649,39,'Presentismo',240,2400,NULL,1,NULL,1,1,1,1,NULL,NULL,NULL,NULL,1,NULL,NULL,0,1,1,8.33,NULL,NULL,1,1,1,NULL,NULL,1,NULL,0.00,5,0.00,NULL,NULL,NULL,NULL,3,1,1,2,4,1,NULL,0.00,6,0.00,NULL,0.00,3,1,1,1,0.00,0.00,1,1,0.00,0.00,1,1,1,NULL,NULL,1,NULL,NULL,1,'2020-04-08 16:22:54','2020-04-24 19:39:39',NULL),(3763,6649,39,'Antiguedad',1050,11113,NULL,2,NULL,1,1,1,1,1,1,1,NULL,1,NULL,NULL,0,1,2,0.00,12,NULL,1,1,1,NULL,NULL,1,12,3097.40,5,0.00,NULL,NULL,NULL,NULL,3,2,2,2,4,1,NULL,0.00,6,0.00,NULL,0.00,3,1,1,1,0.00,0.00,1,1,0.00,0.00,1,1,1,NULL,NULL,1,NULL,NULL,0,'2020-04-16 13:57:29','2023-02-16 17:56:10',NULL),(3764,6649,39,'Acuerdo CCT 130/75 febrero/2020',1241,12410,NULL,2,NULL,1,1,1,1,NULL,NULL,NULL,NULL,1,NULL,NULL,0,1,1,1.00,NULL,NULL,1,1,1,NULL,NULL,1,NULL,0.00,3,1000.00,NULL,NULL,NULL,NULL,1,1,1,NULL,NULL,1,NULL,0.00,6,0.00,NULL,0.00,2,1,1,1,0.00,0.00,1,1,0.00,0.00,1,1,1,NULL,NULL,1,NULL,NULL,1,'2020-04-16 15:21:14','2023-02-16 17:21:07',NULL),(3765,6649,39,'Horas Extras comunes',1075,11120,NULL,2,NULL,1,1,1,1,NULL,NULL,NULL,NULL,1,NULL,NULL,1,1,3,0.00,NULL,NULL,1,1,1,NULL,NULL,1,NULL,0.00,2,0.00,NULL,NULL,31,NULL,3,1,1,2,4,1,1,0.00,6,0.00,NULL,0.00,2,1,1,1,0.00,0.00,1,1,0.00,0.00,1,1,1,NULL,NULL,1,NULL,NULL,1,'2020-04-17 11:52:46','2020-04-24 19:54:47',NULL),(3766,6649,39,'Sueldo Conformado No Rem',170,1700,NULL,1,NULL,1,1,1,1,NULL,NULL,NULL,NULL,1,NULL,NULL,0,1,1,1.00,NULL,NULL,1,1,1,NULL,NULL,1,NULL,0.00,5,0.00,NULL,NULL,NULL,NULL,3,1,1,2,4,1,NULL,0.00,6,0.00,NULL,0.00,2,1,1,1,0.00,0.00,1,1,0.00,0.00,1,1,1,NULL,NULL,1,NULL,NULL,1,'2020-04-19 10:08:56','2020-05-06 20:02:12',NULL),(3767,6649,39,'Antigüedad No Rem',175,1750,NULL,1,NULL,1,1,1,1,NULL,NULL,NULL,NULL,1,NULL,NULL,0,1,2,0.00,12,NULL,1,1,1,NULL,NULL,1,NULL,0.00,5,0.00,NULL,NULL,NULL,NULL,3,3,3,2,4,1,NULL,0.00,6,0.00,NULL,0.00,3,2,4,2,-2.00,0.00,1,1,0.00,0.00,3,1,1,2,2,1,NULL,NULL,1,'2020-04-19 10:13:32','2020-05-06 20:03:13',NULL),(3768,6649,39,'SAC Indemnización Integración Mes de Despido',2015,20150,NULL,3,NULL,1,1,1,1,NULL,NULL,NULL,NULL,1,NULL,NULL,0,1,3,0.00,NULL,NULL,1,1,1,NULL,NULL,1,NULL,0.00,5,1.00,NULL,NULL,NULL,NULL,3,1,1,2,4,1,3,0.00,6,0.00,NULL,0.00,2,1,1,1,0.00,0.00,1,1,0.00,0.00,1,1,1,NULL,NULL,1,NULL,NULL,1,'2020-04-24 17:49:56','2020-04-30 12:52:11',NULL),(3769,6649,39,'Indemnizacion por Antigüedad',2130,21300,NULL,3,NULL,1,1,1,1,NULL,NULL,NULL,NULL,1,NULL,NULL,0,1,2,0.00,14,NULL,1,1,1,NULL,NULL,1,NULL,0.00,2,0.00,NULL,NULL,39,NULL,1,1,1,NULL,NULL,1,28,0.00,6,0.00,NULL,0.00,2,1,1,1,0.00,0.00,1,1,0.00,0.00,1,1,1,NULL,NULL,1,NULL,NULL,1,'2020-04-24 20:24:27','2020-04-30 15:12:54',NULL),(3770,6649,39,'Presentismo No Rem',180,1800,NULL,1,NULL,1,1,1,1,NULL,NULL,NULL,NULL,1,NULL,NULL,0,1,1,8.33,NULL,NULL,1,1,1,NULL,NULL,1,NULL,0.00,5,0.00,NULL,NULL,NULL,NULL,3,1,1,2,4,1,NULL,0.00,6,0.00,NULL,0.00,3,1,1,1,0.00,0.00,1,1,0.00,0.00,1,1,1,NULL,NULL,1,NULL,NULL,1,'2020-05-06 15:50:49','2020-05-06 20:04:04',NULL),(3771,6649,39,'Concepto No Remunerativo',2000,1700,NULL,3,NULL,1,1,1,1,NULL,NULL,NULL,NULL,1,NULL,NULL,1,0,1,1.00,NULL,NULL,1,1,1,NULL,NULL,1,NULL,0.00,3,0.00,NULL,NULL,NULL,NULL,1,1,1,NULL,NULL,1,NULL,0.00,6,0.00,NULL,0.00,2,1,1,1,0.00,0.00,1,1,0.00,0.00,1,1,1,NULL,NULL,1,NULL,NULL,1,'2020-05-06 19:26:24','2020-05-06 19:34:00',NULL),(3772,6649,39,'Plus Feriado',1115,11150,NULL,2,NULL,1,1,1,1,NULL,NULL,NULL,NULL,1,NULL,NULL,1,1,3,0.00,NULL,NULL,1,1,1,NULL,NULL,1,NULL,0.00,2,0.00,NULL,NULL,48,NULL,1,1,1,NULL,NULL,1,NULL,0.00,6,0.00,NULL,0.00,2,1,1,1,0.00,0.00,1,1,0.00,0.00,1,1,1,NULL,NULL,1,NULL,NULL,1,'2022-02-24 15:19:23','2022-02-24 15:19:23',NULL);
INSERT INTO `syj_conceptos` VALUES (3773,6649,39,'Antiguedad',1051,10510,22,2,NULL,1,1,1,1,NULL,1,1,NULL,1,NULL,NULL,0,1,2,0.00,12,NULL,1,1,1,NULL,NULL,1,1,0.00,1,3902.80,NULL,NULL,NULL,NULL,3,1,1,2,4,1,NULL,0.00,6,0.00,NULL,0.00,2,1,1,1,0.00,0.00,1,1,0.00,0.00,1,1,1,NULL,NULL,1,NULL,NULL,1,'2023-02-16 18:13:20','2023-06-09 00:24:10',NULL),(3774,6649,39,'Vivienda',1071,10710,5,2,NULL,1,1,1,1,NULL,1,1,NULL,1,NULL,NULL,0,1,3,0.00,NULL,NULL,1,1,1,NULL,NULL,1,NULL,0.00,1,1307.80,NULL,NULL,NULL,NULL,1,1,1,NULL,NULL,1,NULL,0.00,6,0.00,NULL,0.00,2,1,1,1,0.00,0.00,1,1,0.00,0.00,1,1,1,NULL,NULL,1,NULL,NULL,1,'2023-02-16 19:45:56','2023-06-09 00:18:23',NULL),(3775,6649,39,'Retiro  Residuos',1074,10740,24,2,NULL,1,1,1,1,NULL,1,1,0,1,NULL,NULL,0,1,3,0.00,NULL,NULL,1,1,1,NULL,NULL,1,NULL,0.00,1,356.00,NULL,NULL,NULL,NULL,1,1,1,NULL,NULL,1,NULL,0.00,6,0.00,NULL,0.00,2,1,1,1,0.00,0.00,1,1,0.00,0.00,1,1,1,NULL,NULL,1,NULL,NULL,1,'2023-02-16 19:55:03','2023-06-09 00:19:26',NULL),(3776,6649,39,'Bono Remunerativo',1078,10780,21,2,NULL,1,1,1,1,NULL,1,1,NULL,1,NULL,NULL,0,0,1,1.00,NULL,NULL,1,1,1,NULL,NULL,1,NULL,0.00,2,0.00,NULL,NULL,20,NULL,1,1,1,NULL,NULL,1,22,0.00,6,0.00,NULL,0.00,2,1,1,1,0.00,0.00,1,1,0.00,0.00,1,1,1,NULL,NULL,1,NULL,NULL,0,'2023-02-16 20:00:22','2023-03-31 21:00:37',NULL),(3777,6649,39,'Caja Prot. Familia 1%',4042,40420,76,5,NULL,1,1,1,1,NULL,NULL,NULL,NULL,1,NULL,NULL,1,1,1,1.00,NULL,NULL,1,1,1,NULL,NULL,1,NULL,0.00,5,0.00,NULL,NULL,NULL,NULL,2,2,2,2,4,1,NULL,0.00,6,0.00,NULL,0.00,3,1,1,1,0.00,0.00,1,1,0.00,0.00,1,1,1,NULL,NULL,1,NULL,NULL,1,'2023-02-16 22:53:40','2023-02-16 22:53:40',NULL),(3778,6649,39,'Fateryh (F.M.V.D.D) 1,75%',4043,40430,76,5,NULL,1,1,1,1,NULL,NULL,NULL,NULL,1,NULL,NULL,0,1,1,1.75,NULL,NULL,1,1,1,NULL,NULL,1,NULL,0.00,5,0.00,NULL,NULL,NULL,NULL,2,2,2,2,4,1,NULL,0.00,6,0.00,NULL,0.00,3,1,1,1,0.00,0.00,1,1,0.00,0.00,1,1,1,NULL,NULL,1,NULL,NULL,1,'2023-02-16 22:57:36','2023-02-17 17:01:23',NULL),(3779,6649,39,'Fateryh 1%',4044,40440,76,5,NULL,1,1,1,1,NULL,NULL,NULL,NULL,1,NULL,NULL,0,1,1,1.00,NULL,NULL,1,1,1,NULL,NULL,1,NULL,0.00,5,0.00,NULL,NULL,NULL,NULL,2,2,2,2,4,1,NULL,0.00,6,0.00,NULL,0.00,3,1,1,1,0.00,0.00,1,1,0.00,0.00,1,1,1,NULL,NULL,1,NULL,NULL,1,'2023-02-16 23:02:10','2023-06-08 17:50:58',NULL),(3780,6649,39,'Seguro Vitalicio',4045,40450,70,5,NULL,1,1,1,1,NULL,NULL,NULL,NULL,1,NULL,NULL,0,1,3,0.00,NULL,NULL,1,1,1,NULL,NULL,1,NULL,0.00,1,1449.57,NULL,NULL,NULL,NULL,1,1,1,NULL,NULL,1,NULL,0.00,6,0.00,NULL,0.00,2,1,1,1,0.00,0.00,1,1,0.00,0.00,1,1,1,NULL,NULL,1,NULL,NULL,1,'2023-02-16 23:15:43','2023-03-31 21:03:14',NULL),(3781,6649,39,'Vivienda',4041,40410,76,5,NULL,1,1,1,1,NULL,NULL,NULL,NULL,1,NULL,NULL,0,1,3,0.00,NULL,NULL,1,1,1,NULL,NULL,1,NULL,0.00,1,1307.80,NULL,NULL,NULL,NULL,1,1,1,NULL,NULL,1,NULL,0.00,6,0.00,NULL,0.00,2,1,1,1,0.00,0.00,1,1,0.00,0.00,1,1,1,NULL,NULL,1,NULL,NULL,1,'2023-02-16 23:18:58','2023-06-09 00:18:50',NULL),(3782,6649,39,'Limpieza Cocheras',1073,10730,24,2,NULL,1,1,1,1,NULL,NULL,NULL,NULL,1,NULL,NULL,0,1,3,0.00,NULL,NULL,1,1,1,NULL,NULL,1,NULL,0.00,1,3855.60,NULL,NULL,NULL,NULL,1,1,1,NULL,NULL,1,NULL,0.00,6,0.00,NULL,0.00,2,1,1,1,0.00,0.00,1,1,0.00,0.00,1,1,1,NULL,NULL,1,NULL,NULL,1,'2023-02-17 17:42:29','2023-02-17 17:42:29',NULL),(3783,6649,39,'Feriados Trabajados',1072,10720,8,2,NULL,1,1,1,1,NULL,NULL,NULL,NULL,1,NULL,NULL,1,1,3,0.00,NULL,NULL,1,1,1,NULL,NULL,1,NULL,0.00,1,3448.00,NULL,NULL,NULL,NULL,1,1,1,NULL,NULL,1,NULL,0.00,6,0.00,NULL,0.00,2,1,1,1,0.00,0.00,1,1,0.00,0.00,1,1,1,NULL,NULL,1,NULL,NULL,1,'2023-02-17 21:18:59','2023-02-21 19:53:22',NULL),(3784,6649,39,'Feriados Trabajados',1076,10760,8,2,NULL,1,1,1,1,NULL,NULL,NULL,NULL,1,NULL,NULL,1,1,3,0.00,NULL,NULL,1,1,1,NULL,NULL,1,NULL,0.00,1,6896.00,NULL,NULL,NULL,NULL,1,1,1,NULL,NULL,1,NULL,0.00,6,0.00,NULL,0.00,2,1,1,1,0.00,0.00,1,1,0.00,0.00,1,1,1,NULL,NULL,1,NULL,NULL,1,'2023-02-17 21:20:02','2023-02-17 21:21:52','2023-02-17 21:21:52');
INSERT INTO `syj_conceptos` VALUES (3785,6649,39,'Adic.Bono Remunerativo Proporc.',1076,10760,21,2,NULL,1,1,1,1,NULL,NULL,NULL,NULL,1,NULL,NULL,1,1,3,0.00,NULL,NULL,1,1,1,NULL,NULL,1,NULL,0.00,1,6500.00,NULL,NULL,NULL,NULL,1,1,1,NULL,NULL,1,NULL,0.00,6,0.00,NULL,0.00,2,1,1,1,0.00,0.00,1,1,0.00,0.00,1,1,1,NULL,NULL,1,NULL,NULL,1,'2023-02-17 21:25:23','2023-02-21 19:49:30',NULL),(3786,6649,39,'Limpieza Cocheras Proporc.',1077,10770,24,2,NULL,1,1,1,1,NULL,NULL,NULL,NULL,1,NULL,NULL,0,1,3,0.00,NULL,NULL,1,1,1,NULL,NULL,1,NULL,0.00,1,1554.24,NULL,NULL,NULL,NULL,1,1,1,NULL,NULL,1,NULL,0.00,6,0.00,NULL,0.00,2,1,1,1,0.00,0.00,1,1,0.00,0.00,1,1,1,NULL,NULL,1,NULL,NULL,1,'2023-02-21 20:00:49','2023-02-21 20:00:49',NULL),(3787,6649,6,'Diferencia por Vacaciones',1046,11000,20,2,NULL,1,1,1,1,0,0,0,NULL,1,NULL,NULL,0,1,3,1.00,NULL,NULL,1,1,1,NULL,NULL,1,NULL,0.00,3,1.00,NULL,NULL,NULL,NULL,1,1,1,NULL,NULL,1,NULL,0.00,6,1.00,NULL,0.00,2,1,1,1,0.00,0.00,1,1,0.00,0.00,1,1,1,NULL,NULL,1,NULL,NULL,1,'2023-02-22 16:04:17','2023-03-06 15:34:47',NULL),(3788,6649,6,'Vacaciones 2',1047,11000,20,2,NULL,1,1,1,1,1,NULL,NULL,NULL,1,NULL,NULL,0,1,3,1.00,NULL,NULL,1,1,1,NULL,NULL,1,NULL,0.00,1,3832.91,NULL,NULL,NULL,NULL,1,1,1,NULL,NULL,1,NULL,0.00,6,0.00,NULL,0.00,2,1,1,1,0.00,0.00,1,1,0.00,0.00,1,1,1,NULL,NULL,1,NULL,NULL,1,'2023-02-22 16:20:59','2023-02-22 20:03:53','2023-02-22 20:03:53'),(3789,6649,6,'Vacaciones 3',1048,11000,20,2,NULL,1,1,1,1,1,NULL,NULL,NULL,1,NULL,NULL,0,1,3,1.00,NULL,NULL,1,1,1,NULL,NULL,1,NULL,0.00,1,3184.26,NULL,NULL,NULL,NULL,1,1,1,NULL,NULL,1,NULL,0.00,6,0.00,NULL,0.00,2,1,1,1,0.00,0.00,1,1,0.00,0.00,1,1,1,NULL,NULL,1,NULL,NULL,1,'2023-02-22 16:22:18','2023-02-22 20:03:40','2023-02-22 20:03:40'),(3790,6649,39,'Diferencia por Vacaciones',1046,10460,20,2,NULL,1,1,1,1,NULL,NULL,NULL,NULL,1,NULL,NULL,1,1,3,0.00,NULL,NULL,1,1,1,NULL,NULL,1,NULL,0.00,3,0.00,NULL,NULL,NULL,NULL,1,1,1,NULL,NULL,1,NULL,0.00,6,0.00,NULL,0.00,2,1,1,1,0.00,0.00,1,1,0.00,0.00,1,1,1,NULL,NULL,1,NULL,NULL,1,'2023-03-09 01:44:05','2023-03-09 01:44:05',NULL),(3791,6649,39,'Horas Feriados Nacionales',1091,11122,17,2,NULL,1,1,1,1,NULL,NULL,NULL,NULL,1,NULL,NULL,1,1,3,0.00,NULL,NULL,1,1,1,NULL,NULL,1,NULL,0.00,1,2319.34,NULL,NULL,NULL,NULL,1,1,1,NULL,NULL,1,NULL,0.00,6,0.00,NULL,0.00,2,1,1,1,0.00,0.00,1,1,0.00,0.00,1,1,1,NULL,NULL,1,NULL,NULL,1,'2023-03-09 23:21:02','2023-06-09 00:41:05',NULL),(3792,6649,39,'Retiro  Residuos (MJ)',1079,10790,24,2,NULL,1,1,1,1,NULL,NULL,NULL,NULL,1,NULL,NULL,1,1,3,0.00,NULL,NULL,1,1,1,NULL,NULL,1,NULL,0.00,1,169.50,NULL,NULL,NULL,NULL,1,1,1,NULL,NULL,1,NULL,0.00,6,0.00,NULL,0.00,2,1,1,1,0.00,0.00,1,1,0.00,0.00,1,1,1,NULL,NULL,1,NULL,NULL,1,'2023-03-09 23:29:32','2023-03-09 23:29:32',NULL),(3793,6649,39,'Bono Remunerativo (MJ)',1081,10810,21,2,NULL,1,1,1,1,NULL,NULL,NULL,NULL,1,NULL,NULL,1,1,1,1.00,NULL,NULL,1,1,1,NULL,NULL,1,NULL,0.00,2,0.00,NULL,NULL,20,NULL,1,1,1,NULL,NULL,1,NULL,0.00,6,0.00,NULL,0.00,2,1,1,1,0.00,0.00,1,1,0.00,0.00,1,1,1,NULL,NULL,1,NULL,NULL,1,'2023-03-09 23:40:01','2023-03-09 23:43:02','2023-03-09 23:43:02'),(3794,6649,39,'Seguro Vitalicio (MJ)',4046,40460,70,5,NULL,1,1,1,1,NULL,NULL,NULL,NULL,1,NULL,NULL,1,1,3,0.00,NULL,NULL,1,1,1,NULL,NULL,1,NULL,0.00,1,677.05,NULL,NULL,NULL,NULL,1,1,1,NULL,NULL,1,NULL,0.00,6,0.00,NULL,0.00,2,1,1,1,0.00,0.00,1,1,0.00,0.00,1,1,1,NULL,NULL,1,NULL,NULL,1,'2023-03-10 00:11:08','2023-03-10 00:11:08',NULL),(3795,6649,36,'Licencia sin goce de Haberes',1191,11910,1,2,NULL,2,1,1,1,NULL,NULL,NULL,NULL,1,NULL,NULL,0,1,1,0.00,34,NULL,1,1,1,NULL,NULL,1,NULL,0.00,1,0.00,NULL,NULL,17,NULL,3,1,1,2,4,1,NULL,0.00,1,0.00,1,0.00,6,1,1,1,0.00,0.00,1,1,0.00,0.00,1,1,1,NULL,NULL,1,NULL,NULL,1,'2023-03-14 17:52:22','2023-05-03 00:00:00',NULL),(3796,6649,39,'Sueldo Básico',1041,10401,1,2,NULL,1,1,1,1,NULL,NULL,NULL,NULL,1,NULL,NULL,0,0,1,1.00,NULL,NULL,1,1,1,NULL,NULL,1,NULL,0.00,1,44212.00,NULL,NULL,NULL,NULL,1,1,1,NULL,NULL,1,NULL,0.00,6,0.00,NULL,0.00,2,1,1,1,0.00,0.00,1,1,0.00,0.00,1,1,1,NULL,NULL,1,NULL,NULL,1,'2023-04-12 03:09:42','2023-04-12 09:26:16',NULL);
INSERT INTO `syj_conceptos` VALUES (3797,6649,39,'Diferencia Obra Social 1',4031,40301,67,5,NULL,1,2,1,1,NULL,NULL,NULL,NULL,1,NULL,NULL,1,1,2,1.00,3,NULL,1,1,1,NULL,NULL,1,NULL,0.00,3,68117.45,NULL,NULL,NULL,NULL,1,1,1,NULL,NULL,1,NULL,0.00,6,0.00,NULL,0.00,3,1,1,1,0.00,0.00,1,1,0.00,0.00,1,1,1,NULL,NULL,1,NULL,NULL,0,'2023-04-12 16:39:08','2023-06-08 17:47:24',NULL),(3798,6649,39,'Horas Trabajadas',1042,10420,1,2,NULL,1,1,1,1,NULL,NULL,NULL,NULL,1,NULL,NULL,1,0,3,0.00,NULL,NULL,1,1,1,NULL,NULL,1,NULL,0.00,1,1579.00,NULL,NULL,NULL,NULL,1,1,1,NULL,NULL,1,NULL,0.00,6,0.00,NULL,0.00,2,1,1,1,0.00,0.00,1,1,0.00,0.00,1,1,1,NULL,NULL,1,NULL,NULL,1,'2023-04-18 02:33:05','2023-04-18 02:33:05',NULL),(3799,6649,36,'Diferencia Presentismo',1074,10740,27,2,NULL,2,1,1,1,NULL,NULL,NULL,NULL,1,NULL,NULL,0,1,1,0.00,NULL,NULL,1,1,1,NULL,NULL,1,NULL,0.00,1,0.00,NULL,NULL,NULL,NULL,1,1,1,NULL,NULL,1,NULL,0.00,1,0.00,NULL,0.00,NULL,1,1,1,0.00,0.00,1,1,0.00,0.00,1,1,1,NULL,NULL,1,NULL,NULL,1,'2023-04-25 18:11:41','2023-04-25 18:11:41',NULL),(3800,6649,39,'0,75% ART.27 BIS CCT',4047,40470,76,5,NULL,1,1,1,1,0,NULL,NULL,NULL,1,NULL,NULL,0,1,1,0.75,NULL,NULL,1,1,1,NULL,NULL,1,NULL,0.00,5,0.00,NULL,NULL,NULL,NULL,2,2,2,2,4,1,NULL,0.00,6,0.00,NULL,0.00,3,1,1,1,0.00,0.00,1,1,0.00,0.00,1,1,1,NULL,NULL,1,NULL,NULL,1,'2023-06-08 18:04:53','2023-06-08 18:10:40',NULL),(3801,6649,39,'Fdo.Educ. y Comunic.',4048,40480,76,5,NULL,1,1,1,1,NULL,NULL,NULL,NULL,1,NULL,NULL,0,0,3,1.00,NULL,NULL,1,1,1,NULL,NULL,1,NULL,0.00,3,3000.00,NULL,NULL,NULL,NULL,1,1,1,NULL,NULL,1,NULL,0.00,6,1.00,NULL,0.00,2,1,1,1,0.00,0.00,1,1,0.00,0.00,1,1,1,NULL,NULL,1,NULL,NULL,1,'2023-06-08 18:14:10','2023-06-08 18:20:49',NULL);

--
-- Table structure for table `syj_conceptos_afip`
--

CREATE TABLE `syj_conceptos_afip` (
  `id` int(10) unsigned NOT NULL AUTO_INCREMENT,
  `codigo` varchar(191) COLLATE utf8mb4_unicode_ci NOT NULL,
  `descripcion` varchar(191) COLLATE utf8mb4_unicode_ci NOT NULL,
  `tipo` varchar(191) COLLATE utf8mb4_unicode_ci NOT NULL,
  `habilitado` tinyint(1) NOT NULL DEFAULT '1',
  `marca_repet` int(11) NOT NULL,
  `sipa_apor` int(11) NOT NULL,
  `sipa_cont` int(11) NOT NULL,
  `inssjyp_apor` int(11) NOT NULL,
  `inssjyp_cont` int(11) NOT NULL,
  `ooss_apor` int(11) NOT NULL,
  `ooss_cont` int(11) NOT NULL,
  `fondo_sol_red_apor` int(11) NOT NULL,
  `fondo_sol_red_cont` int(11) NOT NULL,
  `renatea_apor` int(11) NOT NULL,
  `renatea_cont` int(11) NOT NULL,
  `libre_1` int(11) NOT NULL,
  `asig_fam_con` int(11) NOT NULL,
  `libre_2` int(11) NOT NULL,
  `fondo_nac_emp_cont` int(11) NOT NULL,
  `libre_3` int(11) NOT NULL,
  `lrt_cont` int(11) NOT NULL,
  `regim_dif_aport` int(11) NOT NULL,
  `libre_4` int(11) NOT NULL,
  `regim_esp_apor` int(11) NOT NULL,
  `libre_5` int(11) NOT NULL,
  `created_at` timestamp NULL DEFAULT NULL,
  `updated_at` timestamp NULL DEFAULT NULL,
  `deleted_at` timestamp NULL DEFAULT NULL,
  PRIMARY KEY (`id`)
) ENGINE=InnoDB AUTO_INCREMENT=77 DEFAULT CHARSET=utf8mb4 COLLATE=utf8mb4_unicode_ci;

--
-- Dumping data for table `syj_conceptos_afip`
--

INSERT INTO `syj_conceptos_afip` VALUES (1,'110000','Sueldo','Remunerativos',1,0,1,1,1,1,1,1,1,1,1,1,0,1,0,1,0,1,0,1,0,0,NULL,'2022-02-24 12:19:27',NULL),(2,'110001','Preaviso','Remunerativos',1,0,1,1,1,1,1,1,1,1,1,1,0,1,0,1,0,1,0,1,0,0,NULL,'2022-02-24 12:19:27',NULL),(3,'110002','Remuneraciones en especie','Remunerativos',1,0,1,1,1,1,1,1,1,1,1,1,0,1,0,1,0,1,0,1,0,0,NULL,'2022-02-24 12:19:27',NULL),(4,'110003','Comida','Remunerativos',1,0,1,1,1,1,1,1,1,1,1,1,0,1,0,1,0,1,0,1,0,0,NULL,'2022-02-24 12:19:27',NULL),(5,'110004','Habitación','Remunerativos',1,0,1,1,1,1,1,1,1,1,1,1,0,1,0,1,0,1,0,1,0,0,NULL,'2022-02-24 12:19:27',NULL),(6,'110005','Licencias por estudio','Remunerativos',1,0,1,1,1,1,1,1,1,1,1,1,0,1,0,1,0,1,0,1,0,0,NULL,'2022-02-24 12:19:27',NULL),(7,'110006','Donación de sangre','Remunerativos',1,0,1,1,1,1,1,1,1,1,1,1,0,1,0,1,0,1,0,1,0,0,NULL,'2022-02-24 12:19:27',NULL),(8,'110007','Feriado','Remunerativos',1,0,1,1,1,1,1,1,1,1,1,1,0,1,0,1,0,1,0,1,0,0,NULL,'2022-02-24 12:19:27',NULL),(9,'110008','Prest. Dineraria Ley 24577 (primeros 10d)','Remunerativos',1,0,1,1,1,1,1,1,1,1,1,1,0,1,0,1,0,1,0,1,0,0,NULL,'2022-02-24 12:19:27',NULL),(10,'110009','Prest. Dineraria Ley 24577 (a cargo de ART)','Remunerativos',1,0,1,1,1,1,1,1,1,1,1,1,0,1,0,1,0,1,0,1,0,0,NULL,'2022-02-24 12:19:27',NULL),(11,'120000','Sueldo anual complementario','Remunerativos',1,0,1,1,1,1,1,1,1,1,1,1,0,1,0,1,0,1,0,1,0,0,NULL,'2022-02-24 12:19:27',NULL),(12,'120001','SAC 1er semestre','Remunerativos',1,0,1,1,1,1,1,1,1,1,1,1,0,1,0,1,0,1,0,1,0,0,NULL,'2022-02-24 12:19:27',NULL),(13,'120002','SAC 2do semestre','Remunerativos',1,0,1,1,1,1,1,1,1,1,1,1,0,1,0,1,0,1,0,1,0,0,NULL,'2022-02-24 12:19:27',NULL),(14,'120003','SAC proporcional','Remunerativos',1,0,1,1,1,1,1,1,1,1,1,1,0,1,0,1,0,1,0,1,0,0,NULL,'2022-02-24 12:19:27',NULL),(15,'130000','Horas extras','Remunerativos',1,0,1,1,1,1,1,1,1,1,1,1,0,1,0,1,0,1,0,1,0,0,NULL,'2022-02-24 12:19:27',NULL),(16,'130001','Horas extras al 50 %','Remunerativos',1,0,1,1,1,1,1,1,1,1,1,1,0,1,0,1,0,1,0,1,0,0,NULL,'2022-02-24 12:19:27',NULL),(17,'130002','Horas extras al 100 %','Remunerativos',1,0,1,1,1,1,1,1,1,1,1,1,0,1,0,1,0,1,0,1,0,0,NULL,'2022-02-24 12:19:27',NULL),(18,'130003','Horas extras al 200 %','Remunerativos',1,0,1,1,1,1,1,1,1,1,1,1,0,1,0,1,0,1,0,1,0,0,NULL,'2022-02-24 12:19:27',NULL),(19,'140000','Zona desfavorable','Remunerativos',1,0,1,1,1,1,1,1,1,1,1,1,0,1,0,1,0,1,0,1,0,0,NULL,'2022-02-24 12:19:27',NULL),(20,'150000','Adelanto vacacional','Remunerativos',1,0,1,1,1,1,1,1,1,1,1,1,0,1,0,1,0,1,0,1,0,0,NULL,'2022-02-24 12:19:27',NULL),(21,'160000','Adicionales','Remunerativos',1,0,1,1,1,1,1,1,1,1,1,1,0,1,0,1,0,1,0,1,0,0,NULL,'2022-02-24 12:19:27',NULL),(22,'160001','Adicional por antigüedad','Remunerativos',1,0,1,1,1,1,1,1,1,1,1,1,0,1,0,1,0,1,0,1,0,0,NULL,'2022-02-24 12:19:27',NULL),(23,'160002','Adicional por título','Remunerativos',1,0,1,1,1,1,1,1,1,1,1,1,0,1,0,1,0,1,0,1,0,0,NULL,'2022-02-24 12:19:27',NULL),(24,'160003','Adicional por tarea','Remunerativos',1,0,1,1,1,1,1,1,1,1,1,1,0,1,0,1,0,1,0,1,0,0,NULL,'2022-02-24 12:19:27',NULL),(25,'160004','Adicional por desarraigo','Remunerativos',1,0,1,1,1,1,1,1,1,1,1,1,0,1,0,1,0,1,0,1,0,0,NULL,'2022-02-24 12:19:27',NULL),(26,'170000','Gratificaciones y/o Premios','Remunerativos',1,0,1,1,1,1,1,1,1,1,1,1,0,1,0,1,0,1,0,1,0,0,NULL,'2022-02-24 12:19:27',NULL),(27,'170001','Premio por presentismo','Remunerativos',1,0,1,1,1,1,1,1,1,1,1,1,0,1,0,1,0,1,0,1,0,0,NULL,'2022-02-24 12:19:27',NULL),(28,'170002','Premio por producción','Remunerativos',1,0,1,1,1,1,1,1,1,1,1,1,0,1,0,1,0,1,0,1,0,0,NULL,'2022-02-24 12:19:27',NULL),(29,'170003','Comisiones','Remunerativos',1,0,1,1,1,1,1,1,1,1,1,1,0,1,0,1,0,1,0,1,0,0,NULL,'2022-02-24 12:19:27',NULL),(30,'170004','Accesorios','Remunerativos',1,0,1,1,1,1,1,1,1,1,1,1,0,1,0,1,0,1,0,1,0,0,NULL,'2022-02-24 12:19:27',NULL),(31,'170005','Viáticos sin comprobante','Remunerativos',1,0,1,1,1,1,1,1,1,1,1,1,0,1,0,1,0,1,0,1,0,0,NULL,'2022-02-24 12:19:27',NULL);
INSERT INTO `syj_conceptos_afip` VALUES (32,'170006','Propinas habituales no prohibidas','Remunerativos',1,0,1,1,1,1,1,1,1,1,1,1,0,1,0,1,0,1,0,1,0,0,NULL,'2022-02-24 12:19:27',NULL),(33,'499999','Redondeo (Remunerativo)','Remunerativos',1,0,1,1,1,1,1,1,1,1,1,1,0,1,0,1,0,1,0,1,0,0,NULL,'2022-02-24 12:19:27',NULL),(34,'510000','Asignaciones Familiares','No remunerativos',1,0,0,0,0,0,0,0,0,0,0,0,0,0,0,0,0,0,0,0,0,0,NULL,NULL,NULL),(35,'510001','Ayuda escolar','No remunerativos',1,0,0,0,0,0,0,0,0,0,0,0,0,0,0,0,0,0,0,0,0,0,NULL,NULL,NULL),(36,'510002','Asignación por hijo/hijo con discapacidad','No remunerativos',1,0,0,0,0,0,0,0,0,0,0,0,0,0,0,0,0,0,0,0,0,0,NULL,NULL,NULL),(37,'510003','Asignación por maternidad','No remunerativos',1,0,0,0,0,0,0,0,0,0,0,0,0,0,0,0,0,0,0,0,0,0,NULL,NULL,NULL),(38,'510004','Asignación por maternidad down','No remunerativos',1,0,0,0,0,0,0,0,0,0,0,0,0,0,0,0,0,0,0,0,0,0,NULL,NULL,NULL),(39,'510005','Asignación por matrimonio','No remunerativos',1,0,0,0,0,0,0,0,0,0,0,0,0,0,0,0,0,0,0,0,0,0,NULL,NULL,NULL),(40,'510006','Asignación por nacimiento / adopción','No remunerativos',1,0,0,0,0,0,0,0,0,0,0,0,0,0,0,0,0,0,0,0,0,0,NULL,NULL,NULL),(41,'510007','Asignación por prenatal','No remunerativos',1,0,0,0,0,0,0,0,0,0,0,0,0,0,0,0,0,0,0,0,0,0,NULL,NULL,NULL),(42,'520000','Beneficios sociales','No remunerativos',1,0,0,0,0,0,0,0,0,0,0,0,0,0,0,0,0,0,0,0,0,0,NULL,NULL,NULL),(43,'520001','Servicio de comedor','No remunerativos',1,0,0,0,0,0,0,0,0,0,0,0,0,0,0,0,0,0,0,0,0,0,NULL,NULL,NULL),(44,'520002','Gastos médicos','No remunerativos',1,0,0,0,0,0,0,0,0,0,0,0,0,0,0,0,0,0,0,0,0,0,NULL,NULL,NULL),(45,'520003','Provisión de ropa de trabajo','No remunerativos',1,0,0,0,0,0,0,0,0,0,0,0,0,0,0,0,0,0,0,0,0,0,NULL,NULL,NULL),(46,'520004','Guardería','No remunerativos',1,0,0,0,0,0,0,0,0,0,0,0,0,0,0,0,0,0,0,0,0,0,NULL,NULL,NULL),(47,'520005','Provisión de útiles escolares','No remunerativos',1,0,0,0,0,0,0,0,0,0,0,0,0,0,0,0,0,0,0,0,0,0,NULL,NULL,NULL),(48,'520006','Gastos de sepelio','No remunerativos',1,0,0,0,0,0,0,0,0,0,0,0,0,0,0,0,0,0,0,0,0,0,NULL,NULL,NULL),(49,'520007','Cursos de capacitación','No remunerativos',1,0,0,0,0,0,0,0,0,0,0,0,0,0,0,0,0,0,0,0,0,0,NULL,NULL,NULL),(50,'520008','Becas (art. 7 Ley 24.241 y modif.)','No remunerativos',1,0,0,0,0,0,0,0,0,0,0,0,0,0,0,0,0,0,0,0,0,0,NULL,NULL,NULL),(51,'520009','Desempleo (art. 7 Ley 24.241 y modif.)','No remunerativos',1,0,0,0,0,0,0,0,0,0,0,0,0,0,0,0,0,0,0,0,0,0,NULL,NULL,NULL),(52,'520010','Gratificación por cese laboral (art. 7 Ley 24.241 y modif.)','No remunerativos',1,0,0,0,0,0,0,0,0,0,0,0,0,0,0,0,0,0,0,0,0,0,NULL,NULL,NULL),(53,'520011','Indemnización por extinción del contrato de trabajo (art. 7 Ley 24.241 y modif.)','No remunerativos',1,0,0,0,0,0,0,0,0,0,0,0,0,0,0,0,0,0,0,0,0,0,NULL,NULL,NULL),(54,'520012','Vacaciones no gozadas (art. 7 Ley 24.241 y modif.)','No remunerativos',1,0,0,0,0,0,0,0,0,0,0,0,0,0,0,0,0,0,0,0,0,0,NULL,NULL,NULL),(55,'520013','Incapacidad permanente (art. 7 Ley 24.241 y modif.)','No remunerativos',1,0,0,0,0,0,0,0,0,0,0,0,0,0,0,0,0,0,0,0,0,0,NULL,NULL,NULL),(56,'520014','Indemización por despido','No remunerativos',1,0,0,0,0,0,0,0,0,0,0,0,0,0,0,0,0,0,0,0,0,0,NULL,NULL,NULL),(57,'520015','Indemización sustitutiva del preaviso','No remunerativos',1,0,0,0,0,0,0,0,0,0,0,0,0,0,0,0,0,0,0,0,0,0,NULL,NULL,NULL),(58,'520016','Integración mes de despido','No remunerativos',1,0,0,0,0,0,0,0,0,0,0,0,0,0,0,0,0,0,0,0,0,0,NULL,NULL,NULL),(59,'520017','SAC sobre integración o preaviso','No remunerativos',1,0,0,0,0,0,0,0,0,0,0,0,0,0,0,0,0,0,0,0,0,0,NULL,NULL,NULL),(60,'520018','SAC sobre vacaciones no gozadas','No remunerativos',1,0,0,0,0,0,0,0,0,0,0,0,0,0,0,0,0,0,0,0,0,0,NULL,NULL,NULL),(61,'530000','Incrementos no remunerativos (con aportes OS)','No remunerativos',1,0,0,0,0,0,1,0,1,0,0,0,0,0,0,0,0,0,0,0,0,0,NULL,'2022-02-24 12:19:30',NULL),(62,'540000','Incrementos no remunerativos (con aportes y contribuciones OS)','No remunerativos',1,0,0,0,0,0,1,1,1,1,0,0,0,0,0,0,0,0,0,0,0,0,NULL,NULL,NULL);
INSERT INTO `syj_conceptos_afip` VALUES (63,'550000','Importes no remunerativos especiales','No remunerativos',1,0,1,1,1,1,1,1,1,1,1,1,0,1,0,1,0,1,0,1,1,0,NULL,'2022-02-24 12:19:27',NULL),(64,'799999','Redondeo (No Remunerativo)','No remunerativos',1,0,0,0,0,0,0,0,0,0,0,0,0,0,0,0,0,0,0,0,0,0,NULL,NULL,NULL),(65,'810000','Sistema previsional','Descuentos',1,0,0,0,0,0,0,0,0,0,0,0,0,0,0,0,0,0,0,0,0,0,NULL,NULL,NULL),(66,'810001','INSSJyP','Descuentos',1,0,0,0,0,0,0,0,0,0,0,0,0,0,0,0,0,0,0,0,0,0,NULL,NULL,NULL),(67,'810002','Obra Social','Descuentos',1,0,0,0,0,0,0,0,0,0,0,0,0,0,0,0,0,0,0,0,0,0,NULL,NULL,NULL),(68,'810003','Fondo Solidario de Redistribución (ex ANSSAL)','Descuentos',1,0,0,0,0,0,0,0,0,0,0,0,0,0,0,0,0,0,0,0,0,0,NULL,NULL,NULL),(69,'810004','Cuota Sindical','Descuentos',1,0,0,0,0,0,0,0,0,0,0,0,0,0,0,0,0,0,0,0,0,0,NULL,NULL,NULL),(70,'810005','Seguro de Vida','Descuentos',1,0,0,0,0,0,0,0,0,0,0,0,0,0,0,0,0,0,0,0,0,0,NULL,NULL,NULL),(71,'810006','RENATEA (ex RENATRE)','Descuentos',1,0,0,0,0,0,0,0,0,0,0,0,0,0,0,0,0,0,0,0,0,0,NULL,NULL,NULL),(72,'810007','Préstamos','Descuentos',1,0,0,0,0,0,0,0,0,0,0,0,0,0,0,0,0,0,0,0,0,0,NULL,NULL,NULL),(73,'810008','Impuesto a las Ganancias','Descuentos',1,0,0,0,0,0,0,0,0,0,0,0,0,0,0,0,0,0,0,0,0,0,NULL,NULL,NULL),(74,'810009','Obra Social - Adherentes','Descuentos',1,0,0,0,0,0,0,0,0,0,0,0,0,0,0,0,0,0,0,0,0,0,NULL,NULL,NULL),(75,'810010','Fondo Solidario de Redistribución (ex ANSSAL) - Adherentes','Descuentos',1,0,0,0,0,0,0,0,0,0,0,0,0,0,0,0,0,0,0,0,0,0,NULL,NULL,NULL),(76,'820000','Otros descuentos','Descuentos',1,0,0,0,0,0,0,0,0,0,0,0,0,0,0,0,0,0,0,0,0,0,NULL,NULL,NULL);

--
-- Table structure for table `syj_config`
--

CREATE TABLE `syj_config` (
  `id` int(10) unsigned NOT NULL AUTO_INCREMENT,
  `user_id` int(10) unsigned DEFAULT NULL,
  `person_id` int(10) unsigned NOT NULL,
  `tipo_empleador_id` int(10) unsigned NOT NULL,
  `alic_aporte_contri_id` int(10) unsigned NOT NULL,
  `actividad_id` int(10) unsigned NOT NULL,
  `obra_social_id` int(10) unsigned NOT NULL,
  `zonageografica_id` int(10) unsigned NOT NULL,
  `reduccion_zona_geografica` tinyint(1) DEFAULT '0',
  `aplica_art_4_dto_814` tinyint(1) DEFAULT '0',
  `recupero_iva_suss` decimal(20,2) DEFAULT '0.00',
  `art_alicuota_porc` decimal(20,4) DEFAULT '0.0000',
  `art_alicuota_fija` decimal(20,2) DEFAULT '0.00',
  `prima_individual` decimal(20,2) DEFAULT '0.00',
  `prox_nro_rec` int(11) DEFAULT NULL,
  `syj_recibos_modelo_id` int(10) unsigned DEFAULT '1',
  `prox_nro_folio` int(11) DEFAULT NULL,
  `nro_tomo` int(11) DEFAULT NULL,
  `tituloley20744_id` int(10) unsigned DEFAULT NULL,
  `nro_inscr_min_trabajo` int(11) DEFAULT NULL,
  `logo` varchar(191) COLLATE utf8mb4_unicode_ci DEFAULT NULL,
  `firma` varchar(191) COLLATE utf8mb4_unicode_ci DEFAULT NULL,
  `habilitado` tinyint(1) NOT NULL DEFAULT '1',
  `created_at` timestamp NULL DEFAULT NULL,
  `updated_at` timestamp NULL DEFAULT NULL,
  `deleted_at` timestamp NULL DEFAULT NULL,
  PRIMARY KEY (`id`),
  KEY `syj_config_person_id_foreign` (`person_id`),
  KEY `syj_config_tipo_empleador_id_foreign` (`tipo_empleador_id`),
  KEY `syj_config_alic_aporte_contri_id_foreign` (`alic_aporte_contri_id`),
  KEY `syj_config_actividad_id_foreign` (`actividad_id`),
  KEY `syj_config_obra_social_id_foreign` (`obra_social_id`),
  KEY `syj_config_zonageografica_id_foreign` (`zonageografica_id`),
  KEY `syj_config_tituloley20744_id_foreign` (`tituloley20744_id`),
  KEY `syj_config_syj_recibos_modelo_id_foreign` (`syj_recibos_modelo_id`),
  CONSTRAINT `syj_config_actividad_id_foreign` FOREIGN KEY (`actividad_id`) REFERENCES `syj_actividad` (`id`),
  CONSTRAINT `syj_config_alic_aporte_contri_id_foreign` FOREIGN KEY (`alic_aporte_contri_id`) REFERENCES `syj_alicuota_aporte_contribucion` (`id`),
  CONSTRAINT `syj_config_obra_social_id_foreign` FOREIGN KEY (`obra_social_id`) REFERENCES `syj_obra_social` (`id`),
  CONSTRAINT `syj_config_person_id_foreign` FOREIGN KEY (`person_id`) REFERENCES `persons` (`id`),
  CONSTRAINT `syj_config_syj_recibos_modelo_id_foreign` FOREIGN KEY (`syj_recibos_modelo_id`) REFERENCES `syj_recibos_modelos` (`id`),
  CONSTRAINT `syj_config_tipo_empleador_id_foreign` FOREIGN KEY (`tipo_empleador_id`) REFERENCES `syj_tipo_empleador` (`id`),
  CONSTRAINT `syj_config_tituloley20744_id_foreign` FOREIGN KEY (`tituloley20744_id`) REFERENCES `syj_tituloley20744` (`id`),
  CONSTRAINT `syj_config_zonageografica_id_foreign` FOREIGN KEY (`zonageografica_id`) REFERENCES `syj_zonageografica` (`id`)
) ENGINE=InnoDB AUTO_INCREMENT=13 DEFAULT CHARSET=utf8mb4 COLLATE=utf8mb4_unicode_ci;

--
-- Dumping data for table `syj_config`
--

INSERT INTO `syj_config` VALUES (1,6649,40719,2,2,50,79,2,0,0,0.00,1.9500,100.00,0.00,NULL,5,1,0,1,0,'','',1,'2022-04-26 02:47:05','2022-04-26 21:02:50',NULL),(2,6649,40746,2,2,50,79,7,0,0,0.00,2.3400,238.00,0.00,NULL,6,1,0,1,0,'','',1,'2022-06-14 00:34:51','2023-05-23 19:46:25',NULL),(3,6649,40747,2,2,50,161,2,0,0,0.00,11.5320,200.00,0.00,NULL,5,1,0,4,0,'','',1,'2022-08-15 20:17:57','2023-04-06 00:05:18',NULL),(4,6649,40749,2,2,50,5,1,0,0,0.00,4.7880,200.00,0.00,NULL,2,1,0,4,0,'','',1,'2023-02-08 23:45:23','2023-04-12 02:09:05',NULL),(5,6649,40750,2,2,50,84,1,0,0,0.00,5.1800,183.00,0.00,NULL,2,1,0,4,0,'','',1,'2023-02-13 22:25:22','2023-02-13 22:26:15',NULL),(6,6649,40751,2,2,141,84,1,0,0,0.00,5.9200,183.00,0.00,NULL,2,1,0,4,0,'','',1,'2023-02-13 22:32:41','2023-02-13 22:34:21',NULL),(7,6649,40752,2,2,50,84,1,0,0,0.00,5.9500,200.00,0.00,NULL,2,1,0,4,0,'','',1,'2023-02-13 22:36:03','2023-04-12 02:06:39',NULL),(8,6649,40753,2,2,50,84,1,0,0,0.00,7.4400,183.00,0.00,NULL,2,1,0,4,0,'','',1,'2023-02-13 22:39:14','2023-02-13 22:40:36',NULL),(9,6649,40754,2,2,141,84,1,0,0,0.00,5.1280,183.00,0.00,NULL,2,1,0,3,0,'','',1,'2023-02-13 22:41:54','2023-02-13 22:43:35',NULL),(10,6649,40755,2,2,50,84,1,0,0,0.00,2.0150,183.00,0.00,NULL,2,1,0,4,0,'','',1,'2023-02-13 22:44:34','2023-02-14 21:36:46',NULL),(11,6649,40748,2,2,50,227,1,0,0,0.00,2.6710,183.00,0.00,NULL,2,1,0,1,0,'','',1,'2023-02-14 10:44:25','2023-02-14 10:44:25',NULL),(12,6649,40764,2,2,50,227,1,0,0,0.00,3.0000,183.00,0.00,NULL,2,1,0,4,0,'','',1,'2023-02-16 10:55:54','2023-02-16 10:58:07',NULL);

--
-- Table structure for table `syj_convenio_categoria_columnas`
--

CREATE TABLE `syj_convenio_categoria_columnas` (
  `id` int(10) unsigned NOT NULL AUTO_INCREMENT,
  `user_id` int(10) unsigned DEFAULT NULL,
  `descripcion` varchar(191) COLLATE utf8mb4_unicode_ci DEFAULT NULL,
  `funcion` varchar(191) COLLATE utf8mb4_unicode_ci DEFAULT NULL,
  `habilitado` tinyint(1) NOT NULL DEFAULT '1',
  `created_at` timestamp NULL DEFAULT NULL,
  `updated_at` timestamp NULL DEFAULT NULL,
  `deleted_at` timestamp NULL DEFAULT NULL,
  PRIMARY KEY (`id`)
) ENGINE=InnoDB AUTO_INCREMENT=9 DEFAULT CHARSET=utf8mb4 COLLATE=utf8mb4_unicode_ci;

--
-- Dumping data for table `syj_convenio_categoria_columnas`
--

INSERT INTO `syj_convenio_categoria_columnas` VALUES (1,NULL,'Basico','basico',1,'2020-05-28 20:55:25','2020-05-28 20:55:25',NULL),(2,NULL,'Total Hs Mensuales','total_hs_mens',1,'2020-05-28 20:55:25','2020-05-28 20:55:25',NULL),(3,NULL,'Horas Jornada Completa','hs_jor_compl',1,'2020-05-28 20:55:25','2020-05-28 20:55:25',NULL),(4,NULL,'Adicional 1','adicional_1',1,'2020-05-28 20:55:25','2020-05-28 20:55:25',NULL),(5,NULL,'Adicional 2','adicional_2',1,'2020-05-28 20:55:25','2020-05-28 20:55:25',NULL),(6,NULL,'Adicional 3','adicional_3',1,'2020-05-28 20:55:25','2020-05-28 20:55:25',NULL),(7,NULL,'Adicional 4','adicional_4',1,'2020-05-28 20:55:25','2020-05-28 20:55:25',NULL),(8,NULL,'Adicional 5','adicional_5',1,'2020-05-28 20:55:25','2020-05-28 20:55:25',NULL);

--
-- Table structure for table `syj_convenio_categorias`
--

CREATE TABLE `syj_convenio_categorias` (
  `id` int(10) unsigned NOT NULL AUTO_INCREMENT,
  `user_id` int(10) unsigned DEFAULT NULL,
  `syj_convenio_id` int(10) unsigned NOT NULL,
  `descripcion` varchar(191) COLLATE utf8mb4_unicode_ci DEFAULT NULL,
  `basico` decimal(16,2) NOT NULL,
  `total_hs_mens` decimal(16,2) NOT NULL,
  `hs_jor_compl` decimal(16,2) NOT NULL,
  `adicional_1` decimal(16,2) NOT NULL,
  `adicional_2` decimal(16,2) NOT NULL,
  `adicional_3` decimal(16,2) NOT NULL,
  `adicional_4` decimal(16,2) NOT NULL,
  `adicional_5` decimal(16,2) NOT NULL,
  `habilitado` tinyint(1) NOT NULL DEFAULT '1',
  `created_at` timestamp NULL DEFAULT NULL,
  `updated_at` timestamp NULL DEFAULT NULL,
  `deleted_at` timestamp NULL DEFAULT NULL,
  PRIMARY KEY (`id`),
  KEY `syj_convenio_categorias_syj_convenio_id_foreign` (`syj_convenio_id`),
  CONSTRAINT `syj_convenio_categorias_syj_convenio_id_foreign` FOREIGN KEY (`syj_convenio_id`) REFERENCES `syj_convenios` (`id`)
) ENGINE=InnoDB AUTO_INCREMENT=265 DEFAULT CHARSET=utf8mb4 COLLATE=utf8mb4_unicode_ci;

--
-- Dumping data for table `syj_convenio_categorias`
--

INSERT INTO `syj_convenio_categorias` VALUES (25,1,5,'Administrativa A',35395.20,192.00,8.00,0.00,0.00,0.00,0.00,0.00,1,'2020-04-07 03:01:58','2020-05-06 16:30:07',NULL),(26,1,5,'Auxiliar B',35891.01,192.00,8.00,0.00,0.00,0.00,0.00,0.00,1,'2020-04-07 03:01:58','2020-05-06 16:31:59',NULL),(27,1,5,'Auxiliar Especializado A',18482.38,200.00,8.00,0.00,0.00,0.00,0.00,0.00,1,'2020-04-07 03:01:58','2020-05-06 16:32:01',NULL),(28,1,5,'Auxiliar Especializado B',18448.32,200.00,8.00,0.00,0.00,0.00,0.00,0.00,1,'2020-04-07 03:01:58','2020-05-06 16:32:07',NULL),(29,1,5,'Cajeros B',18397.39,200.00,8.00,0.00,0.00,0.00,0.00,0.00,1,'2020-04-07 03:01:58','2020-05-06 16:33:25',NULL),(30,1,5,'Maestranza A',17938.64,200.00,8.00,0.00,0.00,0.00,0.00,0.00,1,'2020-04-07 03:01:58','2020-05-06 16:32:12',NULL),(31,1,5,'Personal Auxilar A',18278.39,200.00,8.00,0.00,0.00,0.00,0.00,0.00,1,'2020-04-07 03:01:58','2020-05-06 16:32:18',NULL),(32,1,5,'Vendedores B',36552.38,192.00,8.00,0.00,0.00,0.00,0.00,0.00,1,'2020-04-07 03:01:58','2020-05-06 16:32:24',NULL),(33,1,6,'Administrativa A',35395.20,192.00,8.00,0.00,0.00,0.00,0.00,0.00,1,'2020-04-07 03:01:58','2020-05-06 16:30:07',NULL),(34,1,6,'Auxiliar B',35891.01,192.00,8.00,0.00,0.00,0.00,0.00,0.00,1,'2020-04-07 03:01:58','2020-05-06 16:31:59',NULL),(35,1,6,'Auxiliar Especializado A',18482.38,200.00,8.00,0.00,0.00,0.00,0.00,0.00,1,'2020-04-07 03:01:58','2020-05-06 16:32:01',NULL),(36,1,6,'Auxiliar Especializado B',18448.32,200.00,8.00,0.00,0.00,0.00,0.00,0.00,1,'2020-04-07 03:01:58','2020-05-06 16:32:07',NULL),(37,1,6,'Cajeros B',18397.39,200.00,8.00,0.00,0.00,0.00,0.00,0.00,1,'2020-04-07 03:01:58','2020-05-06 16:33:25',NULL),(38,1,6,'Maestranza A',17938.64,200.00,8.00,0.00,0.00,0.00,0.00,0.00,1,'2020-04-07 03:01:58','2020-05-06 16:32:12',NULL),(39,1,6,'Personal Auxilar A',18278.39,200.00,8.00,0.00,0.00,0.00,0.00,0.00,1,'2020-04-07 03:01:58','2020-05-06 16:32:18',NULL),(40,6649,6,'Vendedores B',125201.62,192.00,8.00,53756.60,0.00,0.00,0.00,0.00,1,'2020-04-07 03:01:58','2023-04-11 17:33:23',NULL),(41,1,7,'Director',0.00,192.00,8.00,0.00,0.00,0.00,0.00,0.00,1,'2020-04-07 03:01:58','2020-05-12 12:37:52',NULL),(42,1,7,'Gerente',0.00,192.00,8.00,0.00,0.00,0.00,0.00,0.00,1,'2020-04-07 03:01:58','2020-05-12 12:38:07',NULL),(95,88,13,'CATEGORIA 1',127.01,192.00,8.00,0.00,0.00,0.00,0.00,0.00,1,'2020-04-07 03:01:58','2020-05-13 10:33:33',NULL),(96,88,13,'CATEGORIA 2',500.00,192.00,8.00,0.00,0.00,0.00,0.00,0.00,1,'2020-04-07 03:01:58','2020-05-13 10:33:52',NULL),(104,88,14,'2da CATEGORIA',38681.74,192.00,8.00,0.00,0.00,0.00,0.00,0.00,1,'2020-04-07 03:01:58','2020-05-13 15:18:05',NULL),(105,88,14,'4ta. CATEGORIA',35160.69,192.00,8.00,0.00,0.00,0.00,0.00,0.00,1,'2020-05-13 12:33:41','2020-05-13 12:33:41',NULL),(106,88,14,'ADMINISTRATIVA DE 3ra. CATEGORIA',0.00,192.00,8.00,0.00,0.00,0.00,0.00,0.00,1,'2020-05-13 12:34:18','2020-05-13 12:34:18',NULL),(107,88,14,'INSTRUMENTADORA 3ra. CATEGORIA',0.00,192.00,8.00,0.00,0.00,0.00,0.00,0.00,1,'2020-05-13 12:34:47','2020-05-13 12:34:47',NULL),(110,88,15,'ASISTENTE GERIATRICA',35762.82,200.00,8.00,0.00,0.00,0.00,0.00,0.00,1,'2020-05-13 12:34:18','2020-05-13 15:46:16',NULL),(112,88,15,'PERSONAL DE LAVADERO Y ROPERIA',34987.49,200.00,8.00,0.00,0.00,0.00,0.00,0.00,1,'2020-05-13 15:46:58','2020-05-13 15:46:58',NULL),(113,88,15,'MUCAMA DE PISO, CONSULTORIO EXTERNO Y GERIATRICO',34793.74,200.00,8.00,0.00,0.00,0.00,0.00,0.00,1,'2020-05-13 15:48:01','2020-05-13 15:48:01',NULL),(114,88,15,'OFICIAL MANTENIMIENTO',39994.89,200.00,8.00,0.00,0.00,0.00,0.00,0.00,1,'2020-05-13 15:48:48','2020-05-13 15:48:48',NULL),(115,88,15,'MEDIO OFICIAL MANTENIMIENTO',37668.62,200.00,8.00,0.00,0.00,0.00,0.00,0.00,1,'2020-05-13 15:49:23','2020-05-13 15:49:23',NULL),(116,88,15,'PRIMER COCINERO/A',39994.89,200.00,8.00,0.00,0.00,0.00,0.00,0.00,1,'2020-05-13 15:51:12','2020-05-13 15:51:12',NULL),(117,88,15,'SEGUNDO COCINERO/A',37798.01,200.00,8.00,0.00,0.00,0.00,0.00,0.00,1,'2020-05-13 15:51:47','2020-05-13 15:51:47',NULL);
INSERT INTO `syj_convenio_categorias` VALUES (118,88,15,'AYUDANTE DE COCINA Y CACEROLERO',37022.75,200.00,8.00,0.00,0.00,0.00,0.00,0.00,1,'2020-05-13 15:52:40','2020-05-13 15:52:40',NULL),(119,88,15,'PEONES DE COCINA',34793.74,200.00,8.00,0.00,0.00,0.00,0.00,0.00,1,'2020-05-13 15:53:19','2020-05-13 15:53:19',NULL),(120,88,15,'ADMINISTRATIVO 3RA CATEGORIA',36667.37,200.00,8.00,0.00,0.00,0.00,0.00,0.00,1,'2020-05-13 15:54:04','2020-05-13 15:54:04',NULL),(121,88,15,'CADETE',32693.59,200.00,8.00,0.00,0.00,0.00,0.00,0.00,1,'2020-05-13 15:54:30','2020-05-13 15:54:30',NULL),(122,88,15,'AUXILIAR DE ENFERMERIA',37281.06,200.00,8.00,0.00,0.00,0.00,0.00,0.00,1,'2020-05-13 15:55:06','2020-05-13 15:55:06',NULL),(123,88,16,'OFICIAL',175.06,176.00,9.00,0.00,0.00,0.00,0.00,0.00,1,'2020-04-07 03:01:58','2020-05-19 11:05:40',NULL),(124,88,16,'PEON / AYUDANTE',148.17,176.00,9.00,0.00,0.00,0.00,0.00,0.00,1,'2020-04-07 03:01:58','2020-05-28 14:27:23',NULL),(125,88,17,'1RA CATEGORIA: JEFE',40000.00,192.00,8.00,0.00,0.00,0.00,0.00,0.00,1,'2020-04-07 03:01:58','2020-05-19 11:21:34',NULL),(126,88,17,'2DA CATEGORIA: ADM. POLIVALENTE A',35891.01,192.00,8.00,0.00,0.00,0.00,0.00,0.00,1,'2020-04-07 03:01:58','2020-05-19 11:22:03',NULL),(127,88,17,'3RA CATEGORIA: ADM. POLIVALENTE B',18482.38,200.00,8.00,0.00,0.00,0.00,0.00,0.00,1,'2020-04-07 03:01:58','2020-05-19 11:22:26',NULL),(128,88,17,'4TA CATEGORIA: ADM. POLIVALENTE C',37370.26,200.00,8.00,0.00,0.00,0.00,0.00,0.00,1,'2020-04-07 03:01:58','2020-05-19 14:11:06',NULL),(129,88,17,'5TA. CATEGORIA: CADETE',18397.39,200.00,8.00,0.00,0.00,0.00,0.00,0.00,1,'2020-04-07 03:01:58','2020-05-19 11:23:26',NULL),(133,88,18,'MEZCLADOR',137.53,176.00,8.00,0.00,0.00,0.00,0.00,0.00,1,'2020-04-07 03:01:58','2020-05-19 14:28:33',NULL),(134,88,18,'PRENSERO',129.62,176.00,8.00,0.00,0.00,0.00,0.00,0.00,1,'2020-04-07 03:01:58','2020-05-19 14:28:42',NULL),(135,88,19,'CATEGORIA E',120.57,180.00,8.00,0.00,0.00,0.00,0.00,0.00,1,'2020-04-07 03:01:58','2020-05-19 15:26:59',NULL),(136,88,19,'CATEGORIA C',500.00,180.00,8.00,0.00,0.00,0.00,0.00,0.00,1,'2020-04-07 03:01:58','2020-05-19 15:27:16',NULL),(142,88,20,'BARMAN',17938.64,192.00,8.00,0.00,0.00,0.00,0.00,0.00,1,'2020-04-07 03:01:58','2020-05-20 09:11:49',NULL),(143,88,20,'COCINERO',18278.39,192.00,8.00,0.00,0.00,0.00,0.00,0.00,1,'2020-04-07 03:01:58','2020-05-20 09:12:01',NULL),(144,88,20,'MOZO',24840.00,192.00,8.00,0.00,0.00,0.00,0.00,0.00,1,'2020-04-07 03:01:58','2020-05-20 09:12:27',NULL),(152,88,21,'OFICIAL',26800.00,192.00,8.00,0.00,0.00,0.00,0.00,0.00,1,'2020-04-07 03:01:58','2020-05-28 11:58:12',NULL),(159,88,22,'Conductor de 1ra Categoria',40921.80,240.00,8.00,0.00,0.00,0.00,0.00,0.00,1,'2020-04-07 03:01:58','2020-05-20 14:30:18',NULL),(160,88,22,'Peon especializado',37734.60,240.00,8.00,0.00,0.00,0.00,0.00,0.00,1,'2020-04-07 03:01:58','2020-05-20 14:30:49',NULL),(172,88,24,'CATEGORIA A',18448.32,192.00,8.00,0.00,0.00,0.00,0.00,0.00,1,'2020-04-07 03:01:58','2020-05-22 10:04:13',NULL),(174,88,24,'CATEGORIA B',17938.64,192.00,8.00,0.00,0.00,0.00,0.00,0.00,1,'2020-04-07 03:01:58','2020-05-22 10:04:26',NULL),(175,88,24,'CATEGORIA C',18278.39,192.00,8.00,0.00,0.00,0.00,0.00,0.00,1,'2020-04-07 03:01:58','2020-05-22 10:04:41',NULL),(176,88,24,'CATEGORIA D',57530.00,192.00,8.00,0.00,0.00,0.00,0.00,0.00,1,'2020-04-07 03:01:58','2020-05-22 10:04:59',NULL),(204,1,34,'VIGILADOR GENERAL',25500.00,200.00,8.00,0.00,0.00,0.00,0.00,0.00,1,'2020-04-07 03:01:58','2020-05-22 11:40:59',NULL),(205,1,34,'VIGILADOR PRINCIPAL',29821.00,200.00,8.00,0.00,0.00,0.00,0.00,0.00,1,'2020-04-07 03:01:58','2020-05-22 11:41:29',NULL),(206,1,34,'ADMINISTRATIVO',28742.00,200.00,8.00,0.00,0.00,0.00,0.00,0.00,1,'2020-04-07 03:01:58','2020-05-22 11:41:56',NULL),(207,NULL,35,'Generica',1.00,1.00,1.00,0.00,0.00,0.00,0.00,0.00,1,'2022-02-24 12:19:31','2022-02-24 12:19:31',NULL),(208,6649,36,'Personal Jerárquico 1º',307606.00,192.00,8.00,46141.00,0.00,0.00,0.00,0.00,1,'2020-04-07 06:01:58','2023-08-17 22:14:19',NULL);
INSERT INTO `syj_convenio_categorias` VALUES (209,6649,36,'Personal Jerárquico 2º',280564.00,192.00,8.00,42085.00,0.00,0.00,0.00,0.00,1,'2020-04-07 06:01:58','2023-08-17 22:15:09',NULL),(210,6649,36,'Personal Jerárquico 3º',266102.00,192.00,8.00,39915.00,0.00,0.00,0.00,0.00,1,'2020-04-07 06:01:58','2023-08-17 22:17:41',NULL),(211,6649,36,'Personal Jerárquico 4º',253201.00,192.00,8.00,37980.00,0.00,0.00,0.00,0.00,1,'2020-04-07 06:01:58','2023-08-17 22:18:45',NULL),(212,6649,36,'Personal Jerárquico 5º',241677.00,192.00,8.00,36252.00,0.00,0.00,0.00,0.00,1,'2020-04-07 06:01:58','2023-08-17 22:19:22',NULL),(213,6649,36,'Personal Administrativo 1º',233138.00,192.00,8.00,34971.00,0.00,0.00,0.00,0.00,1,'2020-04-07 06:01:58','2023-08-17 22:20:10',NULL),(214,6649,36,'Personal Administrativo 2º',221660.00,192.00,8.00,33249.00,0.00,0.00,0.00,0.00,1,'2020-04-07 06:01:58','2023-08-17 22:20:52',NULL),(215,6649,36,'Personal Administrativo 3º',216656.00,192.00,8.00,32498.00,0.00,0.00,0.00,0.00,1,'2020-04-07 06:01:58','2023-08-17 22:21:43',NULL),(216,6649,36,'Personal Administrativo 4º Aux. 1º',210779.00,192.00,8.00,31617.00,0.00,0.00,0.00,0.00,1,'2022-06-14 17:29:17','2023-08-17 22:22:39',NULL),(217,6649,36,'Personal Administrativo 4º Aux. 2º',206142.00,192.00,8.00,30921.00,0.00,0.00,0.00,0.00,1,'2022-06-14 17:30:54','2023-08-17 22:23:24',NULL),(218,6649,36,'Personal Administrativo 5',200357.00,192.00,8.00,30054.00,0.00,0.00,0.00,0.00,1,'2022-06-14 17:32:01','2023-08-17 22:24:15',NULL),(219,6649,36,'Promotores',200357.00,192.00,8.00,30054.00,0.00,0.00,0.00,0.00,1,'2022-06-14 17:33:03','2023-08-17 22:24:55',NULL),(220,6649,36,'Personal Servicio 1º',224322.00,192.00,8.00,33648.00,0.00,0.00,0.00,0.00,1,'2022-06-14 17:33:49','2023-08-17 22:25:46',NULL),(221,6649,36,'Personal Servicio 2º',213855.00,192.00,8.00,32078.00,0.00,0.00,0.00,0.00,1,'2022-06-14 17:35:05','2023-08-17 22:27:04',NULL),(222,6649,36,'Personal Servicio 3º',206509.00,192.00,8.00,30976.00,0.00,0.00,0.00,0.00,1,'2022-06-14 17:35:46','2023-08-17 22:27:41',NULL),(223,6649,36,'Personal Servicio 4º',199714.00,192.00,8.00,29957.00,0.00,0.00,0.00,0.00,1,'2022-06-14 17:36:25','2023-08-17 22:28:36',NULL),(224,6649,37,'PRODUCCION-AUXILIAR',777.59,108.00,9.90,15000.00,0.00,0.00,0.00,0.00,1,'2020-04-07 09:01:58','2023-04-10 16:28:42',NULL),(225,6649,37,'PRODUCCION-OPERADOR',836.78,108.00,9.90,15000.00,0.00,0.00,0.00,0.00,1,'2020-04-07 09:01:58','2023-04-10 16:28:51',NULL),(226,6649,37,'PRODUCCION-OPERADOR CALIFICADO',874.21,108.00,9.90,15000.00,0.00,0.00,0.00,0.00,1,'2020-04-07 09:01:58','2023-04-10 16:29:20',NULL),(227,6649,37,'ADMINISTRATIVO-NIVEL 4',160934.00,30.00,8.00,15000.00,0.00,0.00,0.00,0.00,1,'2020-04-07 09:01:58','2023-04-06 00:04:40',NULL),(228,6649,37,'Personal Jerárquico 5º',114199.00,192.00,8.00,0.00,0.00,0.00,0.00,0.00,1,'2020-04-07 09:01:58','2022-10-25 21:34:11','2022-10-25 21:34:11'),(229,6649,37,'Personal Administrativo 1º',110164.00,192.00,8.00,0.00,0.00,0.00,0.00,0.00,1,'2020-04-07 09:01:58','2022-10-25 21:33:58','2022-10-25 21:33:58'),(230,6649,37,'Personal Administrativo 2º',104740.00,192.00,8.00,0.00,0.00,0.00,0.00,0.00,1,'2020-04-07 09:01:58','2022-10-25 21:33:53','2022-10-25 21:33:53'),(231,6649,37,'Personal Administrativo 3º',102376.00,192.00,8.00,0.00,0.00,0.00,0.00,0.00,1,'2020-04-07 09:01:58','2022-10-25 21:33:45','2022-10-25 21:33:45'),(232,6649,37,'Personal Administrativo 4º Aux. 1º',99599.00,192.00,8.00,0.00,0.00,0.00,0.00,0.00,1,'2022-06-14 20:29:17','2022-10-25 21:33:40','2022-10-25 21:33:40'),(233,6649,37,'Personal Administrativo 4º Aux. 2º',97408.00,192.00,8.00,0.00,0.00,0.00,0.00,0.00,1,'2022-06-14 20:30:54','2022-10-25 21:33:34','2022-10-25 21:33:34'),(234,6649,37,'Personal Administrativo 5',94674.00,192.00,8.00,0.00,0.00,0.00,0.00,0.00,1,'2022-06-14 20:32:01','2022-10-25 21:33:25','2022-10-25 21:33:25'),(235,6649,37,'Promotores',94674.00,192.00,8.00,0.00,0.00,0.00,0.00,0.00,1,'2022-06-14 20:33:03','2022-10-25 21:33:21','2022-10-25 21:33:21');
INSERT INTO `syj_convenio_categorias` VALUES (236,6649,37,'Personal Servicio 1º',105999.00,192.00,8.00,0.00,0.00,0.00,0.00,0.00,1,'2022-06-14 20:33:49','2022-10-25 21:33:12','2022-10-25 21:33:12'),(237,6649,37,'Personal Servicio 2º',101052.00,192.00,8.00,0.00,0.00,0.00,0.00,0.00,1,'2022-06-14 20:35:05','2022-10-25 21:33:18','2022-10-25 21:33:18'),(238,6649,37,'Personal Servicio 3º',97581.00,192.00,8.00,0.00,0.00,0.00,0.00,0.00,1,'2022-06-14 20:35:46','2022-10-25 21:33:08','2022-10-25 21:33:08'),(239,6649,37,'Personal Servicio 4º',94370.00,192.00,8.00,0.00,0.00,0.00,0.00,0.00,1,'2022-06-14 20:36:25','2022-10-25 21:33:03','2022-10-25 21:33:03'),(240,6649,38,'Encargado Permanente con Vivienda - 1RA.CAT.',158113.00,200.00,9.00,24000.00,0.00,0.00,0.00,0.00,1,'2020-04-07 09:01:58','2023-02-13 22:27:25',NULL),(241,6649,38,'Encargado Permanente con Vivienda - 2DA.CAT.',151525.00,200.00,9.00,24000.00,0.00,0.00,0.00,0.00,1,'2020-04-07 09:01:58','2023-02-13 22:27:35',NULL),(242,6649,38,'Encargado Permanente con Vivienda - 3RA.CAT.',144937.00,200.00,9.00,24000.00,0.00,0.00,0.00,0.00,1,'2020-04-07 09:01:58','2023-02-13 22:27:16',NULL),(243,6649,38,'Encargado No Permanente  sin Vivienda - 4TA.CAT.',81529.00,200.00,9.00,24000.00,0.00,0.00,0.00,0.00,1,'2020-04-07 09:01:58','2023-02-13 22:58:24',NULL),(244,6649,38,'Personal Jornalizado no mas de 18 hs.-4TA.CAT.',143413.00,200.00,8.00,24000.00,0.00,0.00,0.00,0.00,1,'2020-04-07 09:01:58','2023-02-13 23:05:27',NULL),(245,6649,38,'Encargado Permanente con Vivienda - 4TA.CAT.',131761.00,200.00,8.00,24000.00,0.00,0.00,0.00,0.00,1,'2020-04-07 09:01:58','2023-02-14 20:55:39',NULL),(246,6649,38,'Personal Administrativo 2º',131534.00,192.00,8.00,16239.00,0.00,0.00,0.00,0.00,1,'2020-04-07 09:01:58','2023-02-15 14:23:52','2023-02-15 14:23:52'),(247,6649,38,'Personal Administrativo 3º',128565.00,192.00,8.00,15872.00,0.00,0.00,0.00,0.00,1,'2020-04-07 09:01:58','2023-02-15 14:24:33','2023-02-15 14:24:33'),(248,6649,38,'Personal Administrativo 4º Aux. 1º',125078.00,192.00,8.00,15442.00,0.00,0.00,0.00,0.00,1,'2022-06-14 20:29:17','2023-02-15 14:24:28','2023-02-15 14:24:28'),(249,6649,38,'Personal Administrativo 4º Aux. 2º',122326.00,192.00,8.00,15102.00,0.00,0.00,0.00,0.00,1,'2022-06-14 20:30:54','2023-02-15 14:24:24','2023-02-15 14:24:24'),(250,6649,38,'Personal Administrativo 5',118893.00,192.00,8.00,14678.00,0.00,0.00,0.00,0.00,1,'2022-06-14 20:32:01','2023-02-15 14:24:19','2023-02-15 14:24:19'),(251,6649,38,'Promotores',118893.00,192.00,8.00,14678.00,0.00,0.00,0.00,0.00,1,'2022-06-14 20:33:03','2023-02-15 14:24:15','2023-02-15 14:24:15'),(252,6649,38,'Personal Servicio 1º',133114.00,192.00,8.00,16434.00,0.00,0.00,0.00,0.00,1,'2022-06-14 20:33:49','2023-02-15 14:24:12','2023-02-15 14:24:12'),(253,6649,38,'Personal Servicio 2º',126903.00,192.00,8.00,15667.00,0.00,0.00,0.00,0.00,1,'2022-06-14 20:35:05','2023-02-15 14:24:09','2023-02-15 14:24:09'),(254,6649,38,'Personal Servicio 3º',122544.00,192.00,8.00,15129.00,0.00,0.00,0.00,0.00,1,'2022-06-14 20:35:46','2023-02-15 14:24:04','2023-02-15 14:24:04'),(255,6649,38,'Personal Servicio 4º',118512.00,192.00,8.00,14631.00,0.00,0.00,0.00,0.00,1,'2022-06-14 20:36:25','2023-02-15 14:23:58','2023-02-15 14:23:58'),(256,6649,39,'Encargado Permanente con Vivienda - 3RA.CAT.',144937.00,200.00,8.00,26000.00,0.00,0.00,0.00,0.00,1,'2020-04-07 06:01:58','2023-03-09 01:37:21',NULL),(257,6649,39,'Encargado No Permanente  sin Vivienda - 4TA.CAT.',81529.00,200.00,8.00,26000.00,0.00,0.00,0.00,0.00,1,'2020-04-07 06:01:58','2023-03-09 01:37:46',NULL),(258,6649,39,'Personal Jornalizado no mas de 18 hs.-4TA.CAT.',82108.00,96.00,4.00,0.00,0.00,0.00,0.00,0.00,1,'2020-04-07 06:01:58','2023-04-18 02:17:08',NULL),(259,6649,39,'Encargado  Permanente  con Vivienda - 4TA.CAT.',166019.00,200.00,8.00,26000.00,0.00,0.00,0.00,0.00,1,'2020-04-07 06:01:58','2023-06-09 00:17:09',NULL),(260,6649,39,'SuplenteMedia Jornada',103440.00,100.00,4.00,9880.00,0.00,0.00,0.00,0.00,1,'2020-04-07 06:01:58','2023-03-09 23:34:28',NULL);
INSERT INTO `syj_convenio_categorias` VALUES (261,6649,39,'Maestranza A',17938.64,200.00,8.00,0.00,0.00,0.00,0.00,0.00,1,'2020-04-07 06:01:58','2020-05-06 19:32:12',NULL),(262,6649,39,'Personal Auxilar A',18278.39,200.00,8.00,0.00,0.00,0.00,0.00,0.00,1,'2020-04-07 06:01:58','2020-05-06 19:32:18',NULL),(263,6649,39,'Vendedores B',36552.38,192.00,8.00,0.00,0.00,0.00,0.00,0.00,1,'2020-04-07 06:01:58','2020-05-06 19:32:24',NULL),(264,6649,6,'Vendedor A',122574.78,192.00,8.00,52628.74,0.00,0.00,0.00,0.00,1,'2023-02-16 10:59:09','2023-04-11 21:29:57',NULL);

--
-- Table structure for table `syj_convenio_formatosicoss`
--

CREATE TABLE `syj_convenio_formatosicoss` (
  `user_id` int(10) unsigned DEFAULT NULL,
  `syj_convenio_id` int(10) unsigned DEFAULT NULL,
  `syj_formato_sicoss_id` int(10) unsigned DEFAULT NULL,
  `created_at` timestamp NULL DEFAULT NULL,
  `updated_at` timestamp NULL DEFAULT NULL,
  `deleted_at` timestamp NULL DEFAULT NULL,
  KEY `syj_convenio_formatosicoss_syj_convenio_id_foreign` (`syj_convenio_id`),
  KEY `syj_convenio_formatosicoss_syj_formato_sicoss_id_foreign` (`syj_formato_sicoss_id`),
  CONSTRAINT `syj_convenio_formatosicoss_syj_convenio_id_foreign` FOREIGN KEY (`syj_convenio_id`) REFERENCES `syj_convenios` (`id`),
  CONSTRAINT `syj_convenio_formatosicoss_syj_formato_sicoss_id_foreign` FOREIGN KEY (`syj_formato_sicoss_id`) REFERENCES `syj_formato_sicoss` (`id`)
) ENGINE=InnoDB DEFAULT CHARSET=utf8mb4 COLLATE=utf8mb4_unicode_ci;

--
-- Dumping data for table `syj_convenio_formatosicoss`
--

INSERT INTO `syj_convenio_formatosicoss` VALUES (NULL,5,1,NULL,NULL,NULL),(1,6,1,NULL,NULL,NULL),(1,7,1,NULL,NULL,NULL),(88,13,1,NULL,NULL,NULL),(88,14,1,NULL,NULL,NULL),(88,15,1,NULL,NULL,NULL),(88,16,1,NULL,NULL,NULL),(88,17,1,NULL,NULL,NULL),(88,18,1,NULL,NULL,NULL),(88,19,1,NULL,NULL,NULL),(88,20,1,NULL,NULL,NULL),(88,21,1,NULL,NULL,NULL),(88,22,1,NULL,NULL,NULL),(88,24,1,NULL,NULL,NULL),(1,34,1,NULL,NULL,NULL),(NULL,5,2,'2022-02-24 12:19:27','2022-02-24 12:19:27',NULL),(NULL,6,2,'2022-02-24 12:19:27','2022-02-24 12:19:27',NULL),(NULL,7,2,'2022-02-24 12:19:27','2022-02-24 12:19:27',NULL),(NULL,13,2,'2022-02-24 12:19:27','2022-02-24 12:19:27',NULL),(NULL,14,2,'2022-02-24 12:19:27','2022-02-24 12:19:27',NULL),(NULL,15,2,'2022-02-24 12:19:27','2022-02-24 12:19:27',NULL),(NULL,16,2,'2022-02-24 12:19:27','2022-02-24 12:19:27',NULL),(NULL,17,2,'2022-02-24 12:19:27','2022-02-24 12:19:27',NULL),(NULL,18,2,'2022-02-24 12:19:27','2022-02-24 12:19:27',NULL),(NULL,19,2,'2022-02-24 12:19:27','2022-02-24 12:19:27',NULL),(NULL,20,2,'2022-02-24 12:19:27','2022-02-24 12:19:27',NULL),(NULL,21,2,'2022-02-24 12:19:27','2022-02-24 12:19:27',NULL),(NULL,22,2,'2022-02-24 12:19:27','2022-02-24 12:19:27',NULL),(NULL,24,2,'2022-02-24 12:19:27','2022-02-24 12:19:27',NULL),(NULL,34,2,'2022-02-24 12:19:27','2022-02-24 12:19:27',NULL),(NULL,35,1,NULL,NULL,NULL),(NULL,35,2,NULL,NULL,NULL),(6649,36,1,NULL,NULL,NULL),(6649,36,2,'2022-02-24 15:19:27','2022-02-24 15:19:27',NULL),(6649,37,1,NULL,NULL,NULL),(6649,37,2,'2022-02-24 18:19:27','2022-02-24 18:19:27',NULL),(6649,38,1,NULL,NULL,NULL),(6649,38,2,'2022-02-24 18:19:27','2022-02-24 18:19:27',NULL),(6649,39,1,NULL,NULL,NULL),(6649,39,2,'2022-02-24 15:19:27','2022-02-24 15:19:27',NULL);

--
-- Table structure for table `syj_convenios`
--

CREATE TABLE `syj_convenios` (
  `id` int(10) unsigned NOT NULL AUTO_INCREMENT,
  `user_id` int(10) unsigned DEFAULT NULL,
  `descripcion` varchar(191) COLLATE utf8mb4_unicode_ci DEFAULT NULL,
  `syj_emp_afecta_id` int(10) unsigned NOT NULL,
  `habilitado` tinyint(1) NOT NULL DEFAULT '1',
  `created_at` timestamp NULL DEFAULT NULL,
  `updated_at` timestamp NULL DEFAULT NULL,
  `deleted_at` timestamp NULL DEFAULT NULL,
  PRIMARY KEY (`id`),
  KEY `syj_convenios_syj_emp_afecta_id_foreign` (`syj_emp_afecta_id`),
  CONSTRAINT `syj_convenios_syj_emp_afecta_id_foreign` FOREIGN KEY (`syj_emp_afecta_id`) REFERENCES `syj_emp_afecta` (`id`)
) ENGINE=InnoDB AUTO_INCREMENT=40 DEFAULT CHARSET=utf8mb4 COLLATE=utf8mb4_unicode_ci;

--
-- Dumping data for table `syj_convenios`
--

INSERT INTO `syj_convenios` VALUES (5,88,'CONVENIO GENERICO',2,1,'2020-04-07 03:01:58','2022-02-24 12:19:25',NULL),(6,6649,'COMERCIO 130/75',2,1,'2020-05-11 15:11:16','2022-04-26 21:57:50',NULL),(7,1,'DIRECTORES - GERENTES',2,1,'2020-05-12 12:36:54','2022-02-24 12:19:25',NULL),(13,88,'TINTOREROS 0526/08',3,1,'2020-05-13 10:17:46','2020-05-13 10:48:47',NULL),(14,88,'SANIDAD 108/75',2,1,'2020-05-13 12:21:02','2020-05-13 12:21:26',NULL),(15,88,'SANIDAD 122/75',2,1,'2020-05-13 15:40:51','2020-05-13 15:40:51',NULL),(16,88,'UOCRA 76/75',3,1,'2020-05-19 09:56:17','2020-05-19 09:56:17',NULL),(17,88,'SOECRA - COCHERIAS 749/18',2,1,'2020-05-19 11:20:07','2022-02-24 12:19:25',NULL),(18,88,'SOCAYA 179/75',3,1,'2020-05-19 14:24:18','2020-05-19 14:24:18',NULL),(19,88,'AOTRA 500/07',3,1,'2020-05-19 15:21:50','2020-05-19 15:21:50',NULL),(20,88,'UTHGRA 389/04',2,1,'2020-05-20 08:56:34','2022-02-24 12:19:25',NULL),(21,88,'SOMRA 281/96',2,1,'2020-05-20 11:46:24','2022-02-24 12:19:25',NULL),(22,88,'CAMIONEROS 40/89',2,1,'2020-05-20 13:28:57','2022-02-24 12:19:25',NULL),(24,88,'ATILRA 02/88',2,1,'2020-05-21 20:24:45','2022-02-24 12:19:25',NULL),(34,88,'UPSRA - Seguridad 507/07',2,1,'2020-05-22 12:48:31','2022-02-24 12:19:25',NULL),(35,NULL,'Empleado Eventual',1,1,'2022-02-24 12:19:31','2022-02-24 12:19:31',NULL),(36,6649,'UTEDYC CCT Nº 496/07',2,1,'2022-06-14 00:48:13','2022-06-14 00:50:02',NULL),(37,6649,'UNIO OBREROS EMPLEADOS PLASTICOS  419/05',2,1,'2022-08-16 16:10:11','2023-04-10 16:34:29',NULL),(38,6649,'SUTERH',2,0,'2023-02-09 00:00:32','2023-02-16 00:06:30',NULL),(39,6649,'CONVENIO SUTHER',2,1,'2023-02-16 00:07:38','2023-02-16 00:07:38',NULL);

--
-- Table structure for table `syj_domicilios`
--

CREATE TABLE `syj_domicilios` (
  `id` int(10) unsigned NOT NULL AUTO_INCREMENT,
  `user_id` int(10) unsigned DEFAULT NULL,
  `person_id` int(10) unsigned NOT NULL,
  `pais_id` int(10) unsigned NOT NULL,
  `zone_id` int(10) unsigned NOT NULL,
  `localidad_id` int(10) unsigned NOT NULL,
  `calle` varchar(191) COLLATE utf8mb4_unicode_ci DEFAULT NULL,
  `numero` int(11) DEFAULT NULL,
  `piso` varchar(191) COLLATE utf8mb4_unicode_ci DEFAULT NULL,
  `depto` varchar(191) COLLATE utf8mb4_unicode_ci DEFAULT NULL,
  `cod_postal` int(11) DEFAULT NULL,
  `sucursal` varchar(191) COLLATE utf8mb4_unicode_ci DEFAULT NULL,
  `is_legal` tinyint(1) NOT NULL DEFAULT '0',
  `habilitado` tinyint(1) NOT NULL DEFAULT '1',
  `created_at` timestamp NULL DEFAULT NULL,
  `updated_at` timestamp NULL DEFAULT NULL,
  `deleted_at` timestamp NULL DEFAULT NULL,
  PRIMARY KEY (`id`),
  KEY `syj_domicilios_person_id_foreign` (`person_id`),
  KEY `syj_domicilios_pais_id_foreign` (`pais_id`),
  KEY `syj_domicilios_zone_id_foreign` (`zone_id`),
  KEY `syj_domicilios_localidad_id_foreign` (`localidad_id`),
  CONSTRAINT `syj_domicilios_localidad_id_foreign` FOREIGN KEY (`localidad_id`) REFERENCES `localidad` (`id`),
  CONSTRAINT `syj_domicilios_pais_id_foreign` FOREIGN KEY (`pais_id`) REFERENCES `pais` (`id`),
  CONSTRAINT `syj_domicilios_person_id_foreign` FOREIGN KEY (`person_id`) REFERENCES `persons` (`id`),
  CONSTRAINT `syj_domicilios_zone_id_foreign` FOREIGN KEY (`zone_id`) REFERENCES `zones` (`id`)
) ENGINE=InnoDB AUTO_INCREMENT=16 DEFAULT CHARSET=utf8mb4 COLLATE=utf8mb4_unicode_ci;

--
-- Dumping data for table `syj_domicilios`
--

INSERT INTO `syj_domicilios` VALUES (1,6649,40719,1,23,8,'Monseñor Marcon',3161,'','',1408,'1',0,1,'2022-04-26 22:03:03','2022-04-26 22:03:03',NULL),(2,6649,40746,1,23,9,'Monseñor Marcon',3161,'0','0',1754,'1',0,1,'2022-06-16 15:16:35','2022-06-16 15:16:35',NULL),(3,6649,40746,1,23,9,'Monseñor Marcon',3035,'0','0',1754,'1',0,1,'2022-06-16 15:18:04','2022-06-16 15:18:04',NULL),(4,6649,40746,1,23,9,'Monseñor Marcon',3743,'0','0',1754,'1',0,1,'2022-06-16 15:18:42','2022-06-16 15:18:42',NULL),(5,6649,40746,1,23,9,'Monseñor Marcon',3743,'0','0',1754,'1',0,1,'2022-06-16 15:19:41','2022-06-16 15:19:59','2022-06-16 15:19:59'),(6,6649,40747,1,23,2,'Sobremonte',459,'','',1646,'1',0,1,'2022-10-20 19:05:32','2022-10-20 19:05:32',NULL),(7,6649,40747,1,23,2,'Sobremonte',459,'','',1646,'1',0,1,'2022-10-20 19:11:51','2022-10-20 19:11:59','2022-10-20 19:11:59'),(8,6649,40749,1,22,1,'AV.PEDRO GOYENA',971,'0','0',1424,'1',0,1,'2023-02-08 23:59:04','2023-02-08 23:59:04',NULL),(9,6649,40750,1,22,1,'BOYACA',358,'','',1406,'1',0,1,'2023-02-13 22:28:46','2023-02-13 22:28:46',NULL),(10,6649,40751,1,22,1,'AVENIDA DIRECTORIO',3009,'','',1406,'1',0,1,'2023-02-13 22:33:24','2023-02-13 22:33:24',NULL),(11,6649,40752,1,22,1,'FRANKLIN',1769,'','',1406,'1',0,1,'2023-02-13 22:36:47','2023-02-13 22:36:47',NULL),(12,6649,40754,1,22,1,'VARELA',39,'','',1406,'1',0,1,'2023-02-13 22:42:23','2023-02-13 22:42:23',NULL),(13,6649,40755,1,22,1,'AV.RIVADAVIA',7190,'','',1406,'1',0,1,'2023-02-13 22:45:26','2023-02-13 22:45:26',NULL),(14,6649,40748,1,22,1,'AVENIDA CÓRDOBA',4650,'','',1414,'1',0,1,'2023-02-14 10:42:28','2023-02-14 10:42:28',NULL),(15,6649,40764,1,22,1,'AV.CABILDO',2730,'','',1428,'1',0,1,'2023-02-16 12:57:26','2023-02-16 12:57:26',NULL);

--
-- Table structure for table `syj_emp_afecta`
--

CREATE TABLE `syj_emp_afecta` (
  `id` int(10) unsigned NOT NULL AUTO_INCREMENT,
  `user_id` int(10) unsigned DEFAULT NULL,
  `descripcion` varchar(191) COLLATE utf8mb4_unicode_ci NOT NULL,
  `habilitado` tinyint(1) NOT NULL DEFAULT '1',
  `created_at` timestamp NULL DEFAULT NULL,
  `updated_at` timestamp NULL DEFAULT NULL,
  `deleted_at` timestamp NULL DEFAULT NULL,
  PRIMARY KEY (`id`),
  UNIQUE KEY `syj_emp_afecta_descripcion_unique` (`descripcion`)
) ENGINE=InnoDB AUTO_INCREMENT=4 DEFAULT CHARSET=utf8mb4 COLLATE=utf8mb4_unicode_ci;

--
-- Dumping data for table `syj_emp_afecta`
--

INSERT INTO `syj_emp_afecta` VALUES (1,NULL,'Todos',1,'2020-05-28 20:55:23','2020-05-28 20:55:23',NULL),(2,NULL,'Mensual/Jornal',1,'2020-05-28 20:55:23','2020-05-28 20:55:23',NULL),(3,NULL,'Quincenal',1,'2020-05-28 20:55:23','2020-05-28 20:55:23',NULL);

--
-- Table structure for table `syj_emp_alcance`
--

CREATE TABLE `syj_emp_alcance` (
  `id` int(10) unsigned NOT NULL AUTO_INCREMENT,
  `user_id` int(10) unsigned DEFAULT NULL,
  `descripcion` varchar(191) COLLATE utf8mb4_unicode_ci NOT NULL,
  `habilitado` tinyint(1) NOT NULL DEFAULT '1',
  `created_at` timestamp NULL DEFAULT NULL,
  `updated_at` timestamp NULL DEFAULT NULL,
  `deleted_at` timestamp NULL DEFAULT NULL,
  PRIMARY KEY (`id`),
  UNIQUE KEY `syj_emp_alcance_descripcion_unique` (`descripcion`)
) ENGINE=InnoDB AUTO_INCREMENT=3 DEFAULT CHARSET=utf8mb4 COLLATE=utf8mb4_unicode_ci;

--
-- Dumping data for table `syj_emp_alcance`
--

INSERT INTO `syj_emp_alcance` VALUES (1,NULL,'General',1,'2020-05-28 20:55:23','2020-05-28 20:55:23',NULL),(2,NULL,'Por Empleado',1,'2020-05-28 20:55:23','2020-05-28 20:55:23',NULL);

--
-- Table structure for table `syj_emp_cod_siniestro`
--

CREATE TABLE `syj_emp_cod_siniestro` (
  `id` int(10) unsigned NOT NULL AUTO_INCREMENT,
  `user_id` int(10) unsigned DEFAULT NULL,
  `codigo_afip` varchar(191) COLLATE utf8mb4_unicode_ci NOT NULL,
  `descripcion` varchar(191) COLLATE utf8mb4_unicode_ci NOT NULL,
  `habilitado` tinyint(1) NOT NULL DEFAULT '1',
  `created_at` timestamp NULL DEFAULT NULL,
  `updated_at` timestamp NULL DEFAULT NULL,
  `deleted_at` timestamp NULL DEFAULT NULL,
  PRIMARY KEY (`id`),
  UNIQUE KEY `syj_emp_cod_siniestro_codigo_afip_unique` (`codigo_afip`)
) ENGINE=InnoDB AUTO_INCREMENT=15 DEFAULT CHARSET=utf8mb4 COLLATE=utf8mb4_unicode_ci;

--
-- Dumping data for table `syj_emp_cod_siniestro`
--

INSERT INTO `syj_emp_cod_siniestro` VALUES (1,NULL,'0','No Incapacitado',1,'2020-05-28 20:55:24','2020-05-28 20:55:24',NULL),(2,NULL,'1','ILT Incapacidad Laboral Temporaria',1,'2020-05-28 20:55:24','2020-05-28 20:55:24',NULL),(3,NULL,'2','ILPPP Incap Lab Perman Parcial Provisoria',1,'2020-05-28 20:55:24','2020-05-28 20:55:24',NULL),(4,NULL,'3','ILPPD Incap Lab Perman Parcial Definitiva',1,'2020-05-28 20:55:24','2020-05-28 20:55:24',NULL),(5,NULL,'4','ILPTP Incap Lab Perman Total Provisoria',1,'2020-05-28 20:55:24','2020-05-28 20:55:24',NULL),(6,NULL,'5','Capital de recomp Art 15,ap 3 Ley 24557',1,'2020-05-28 20:55:24','2020-05-28 20:55:24',NULL),(7,NULL,'6','Ajuste Definitivo ILPPD de pago mensual',1,'2020-05-28 20:55:24','2020-05-28 20:55:24',NULL),(8,NULL,'7','RENTA PERIOD ILPPD Inc Lab Perm Parc Def>50%',1,'2020-05-28 20:55:24','2020-05-28 20:55:24',NULL),(9,NULL,'8','SRT/SSN F Garantia/F Res ILT Incap Lab Temp',1,'2020-05-28 20:55:24','2020-05-28 20:55:24',NULL),(10,NULL,'9','SRT/SSN F Gtia/F Res ILPPP Inc Lab Perm Parc',1,'2020-05-28 20:55:24','2020-05-28 20:55:24',NULL),(11,NULL,'10','SRT/SSN F Gtia/F Res ILPTP Inc Lab Perm Total',1,'2020-05-28 20:55:24','2020-05-28 20:55:24',NULL),(12,NULL,'11','SRT/SSN F Gtia/F Res ILPPD Inc Lab Perm Par D',1,'2020-05-28 20:55:24','2020-05-28 20:55:24',NULL),(13,NULL,'12','ILPPD Beneficios devengados art 11 p.4',1,'2020-05-28 20:55:24','2020-05-28 20:55:24',NULL),(14,NULL,'13','INFORME Incr salarial de trabaj siniest a ART',1,'2020-05-28 20:55:24','2020-05-28 20:55:24',NULL);

--
-- Table structure for table `syj_emp_condicion`
--

CREATE TABLE `syj_emp_condicion` (
  `id` int(10) unsigned NOT NULL AUTO_INCREMENT,
  `user_id` int(10) unsigned DEFAULT NULL,
  `descripcion` varchar(191) COLLATE utf8mb4_unicode_ci NOT NULL,
  `codigo_afip` int(10) unsigned NOT NULL,
  `habilitado` tinyint(1) NOT NULL DEFAULT '1',
  `created_at` timestamp NULL DEFAULT NULL,
  `updated_at` timestamp NULL DEFAULT NULL,
  `deleted_at` timestamp NULL DEFAULT NULL,
  PRIMARY KEY (`id`),
  UNIQUE KEY `syj_emp_condicion_descripcion_unique` (`descripcion`)
) ENGINE=InnoDB AUTO_INCREMENT=15 DEFAULT CHARSET=utf8mb4 COLLATE=utf8mb4_unicode_ci;

--
-- Dumping data for table `syj_emp_condicion`
--

INSERT INTO `syj_emp_condicion` VALUES (1,NULL,'Jubilado Decreto Nº 894/01 y/o Dec 2288/02',0,1,'2020-05-28 20:55:24','2020-05-28 20:55:24',NULL),(2,NULL,'SERVICIOS COMUNES Mayor de 18 años',1,1,'2020-05-28 20:55:24','2020-05-28 20:55:34',NULL),(3,NULL,'Jubilado',2,1,'2020-05-28 20:55:24','2020-05-28 20:55:34',NULL),(4,NULL,'Menor',3,1,'2020-05-28 20:55:24','2020-05-28 20:55:34',NULL),(5,NULL,'Menor Anterior',4,0,'2020-05-28 20:55:24','2022-02-24 12:19:31',NULL),(6,NULL,'SERVICIOS DIFERENCIADOS Mayor de 18 años',5,1,'2020-05-28 20:55:24','2020-05-28 20:55:34',NULL),(7,NULL,'Pre-Jubilables Sin relacion de dependencia-s/',6,1,'2020-05-28 20:55:24','2020-05-28 20:55:34',NULL),(8,NULL,'MEDIDA DE NO INNOVAR SERV COMUNES',7,0,'2020-05-28 20:55:24','2022-02-24 12:19:31',NULL),(9,NULL,'MEDIDA DE NO INNOVAR SERV DIFERENCIADOS',8,0,'2020-05-28 20:55:24','2022-02-24 12:19:31',NULL),(10,NULL,'Jubilado Decreto Nº 206/00 y/o Decreto 894/01',9,1,'2020-05-28 20:55:24','2020-05-28 20:55:34',NULL),(11,NULL,'Pensión (NO SIPA)',10,1,'2020-05-28 20:55:24','2020-05-28 20:55:34',NULL),(12,NULL,'Pensión no contributiva (NO SIPA)',11,1,'2020-05-28 20:55:24','2020-05-28 20:55:34',NULL),(13,NULL,'Art. 8º Ley Nº 27426',12,1,'2022-02-24 12:19:31','2022-02-24 12:19:31',NULL),(14,NULL,'Servicios Diferenciados no alcanzados por el Dto. 633/2018',13,1,'2022-02-24 12:19:31','2022-02-24 12:19:31',NULL);

--
-- Table structure for table `syj_emp_estado`
--

CREATE TABLE `syj_emp_estado` (
  `id` int(10) unsigned NOT NULL AUTO_INCREMENT,
  `user_id` int(10) unsigned DEFAULT NULL,
  `descripcion` varchar(191) COLLATE utf8mb4_unicode_ci NOT NULL,
  `habilitado` tinyint(1) NOT NULL DEFAULT '1',
  `created_at` timestamp NULL DEFAULT NULL,
  `updated_at` timestamp NULL DEFAULT NULL,
  `deleted_at` timestamp NULL DEFAULT NULL,
  PRIMARY KEY (`id`),
  UNIQUE KEY `syj_emp_estado_descripcion_unique` (`descripcion`)
) ENGINE=InnoDB AUTO_INCREMENT=4 DEFAULT CHARSET=utf8mb4 COLLATE=utf8mb4_unicode_ci;

--
-- Dumping data for table `syj_emp_estado`
--

INSERT INTO `syj_emp_estado` VALUES (1,NULL,'Habilitado',1,'2020-05-28 20:55:23','2020-05-28 20:55:23',NULL),(2,NULL,'Inhabilitado',1,'2020-05-28 20:55:23','2020-05-28 20:55:23',NULL),(3,NULL,'Baja',1,'2020-05-28 20:55:23','2020-05-28 20:55:23',NULL);

--
-- Table structure for table `syj_emp_mod_contratacion`
--

CREATE TABLE `syj_emp_mod_contratacion` (
  `id` int(10) unsigned NOT NULL AUTO_INCREMENT,
  `user_id` int(10) unsigned DEFAULT NULL,
  `codigo_afip` varchar(191) COLLATE utf8mb4_unicode_ci NOT NULL,
  `descripcion` varchar(191) COLLATE utf8mb4_unicode_ci NOT NULL,
  `habilitado` tinyint(1) NOT NULL DEFAULT '1',
  `created_at` timestamp NULL DEFAULT NULL,
  `updated_at` timestamp NULL DEFAULT NULL,
  `deleted_at` timestamp NULL DEFAULT NULL,
  PRIMARY KEY (`id`),
  UNIQUE KEY `syj_emp_mod_contratacion_codigo_afip_unique` (`codigo_afip`)
) ENGINE=InnoDB AUTO_INCREMENT=123 DEFAULT CHARSET=utf8mb4 COLLATE=utf8mb4_unicode_ci;

--
-- Dumping data for table `syj_emp_mod_contratacion`
--

INSERT INTO `syj_emp_mod_contratacion` VALUES (1,NULL,'1','A tiempo parcial:Indeterminado/permanente',1,'2020-05-28 20:55:24','2020-05-28 20:55:24',NULL),(2,NULL,'2','Becarios/Residencias medicas Ley 22127',1,'2020-05-28 20:55:24','2020-05-28 20:55:24',NULL),(3,NULL,'3','De aprendizaje l.25013',1,'2020-05-28 20:55:24','2020-05-28 20:55:24',NULL),(4,NULL,'8','A tiempo completo indet/Trabajo permanente',1,'2020-05-28 20:55:24','2020-05-28 20:55:24',NULL),(5,NULL,'10','Pasantias-sin obra social',1,'2020-05-28 20:55:24','2020-05-28 20:55:24',NULL),(6,NULL,'11','Trabajo de temporada',1,'2020-05-28 20:55:24','2020-05-28 20:55:24',NULL),(7,NULL,'12','Trabajo eventual',1,'2020-05-28 20:55:24','2020-05-28 20:55:24',NULL),(8,NULL,'14','Nuevo Periodo de Prueba',1,'2020-05-28 20:55:24','2020-05-28 20:55:24',NULL),(9,NULL,'15','Pto Nuevo Varones y Mujeres de 25 a 44 años',1,'2020-05-28 20:55:24','2020-05-28 20:55:24',NULL),(10,NULL,'16','Nuevo Periodo de Prueba Trab Disc Art 34',1,'2020-05-28 20:55:24','2020-05-28 20:55:24',NULL),(11,NULL,'17','Pto Nuevo Menor de 25 años, Varones y Mujeres',1,'2020-05-28 20:55:24','2020-05-28 20:55:24',NULL),(12,NULL,'18','Trabajador Discapacitado Art 34 Ley 24147',1,'2020-05-28 20:55:24','2020-05-28 20:55:24',NULL),(13,NULL,'19','Puesto Nuevo. Varones y Mujeres 25 a 44 años',1,'2020-05-28 20:55:24','2020-05-28 20:55:24',NULL),(14,NULL,'20','Pto Nuevo Menor de 25 años, Varones y Mujeres',1,'2020-05-28 20:55:24','2020-05-28 20:55:24',NULL),(15,NULL,'21','A tiempo parcial det(contrato a plazo fijo)',1,'2020-05-28 20:55:24','2020-05-28 20:55:24',NULL),(16,NULL,'22','A Tiempo completo det(contrato a plazo fijo)',1,'2020-05-28 20:55:24','2020-05-28 20:55:24',NULL),(17,NULL,'23','Personal no permanente L 22248',1,'2020-05-28 20:55:24','2020-05-28 20:55:24',NULL),(18,NULL,'24','Personal de la Construccion L 22250',1,'2020-05-28 20:55:24','2020-05-28 20:55:24',NULL),(19,NULL,'25','Empleo publico provincial',1,'2020-05-28 20:55:24','2020-05-28 20:55:24',NULL),(20,NULL,'26','Benef de programa de empleo, capacit y recup',1,'2020-05-28 20:55:24','2020-05-28 20:55:24',NULL),(21,NULL,'27','Pasantias Ley 26427-con obra social-',1,'2020-05-28 20:55:24','2020-05-28 20:55:24',NULL),(22,NULL,'28','Programas Jefes y Jefas de Hogar',1,'2020-05-28 20:55:24','2020-05-28 20:55:24',NULL),(23,NULL,'29','Decreto Nº 1212/03 Aportante Autonomo',1,'2020-05-28 20:55:24','2020-05-28 20:55:24',NULL),(24,NULL,'30','Nuevo Periodo de Prueba Trabaj Discap Art 87',1,'2020-05-28 20:55:24','2020-05-28 20:55:24',NULL),(25,NULL,'31','Trabajador Discapacitado Art 87 L 24013',1,'2020-05-28 20:55:24','2020-05-28 20:55:24',NULL),(26,NULL,'44','Changa Solidaria CCT 62/75',1,'2020-05-28 20:55:24','2020-05-28 20:55:24',NULL),(27,NULL,'45','Personal no permanente hoteles CCT 362/03',1,'2020-05-28 20:55:24','2020-05-28 20:55:24',NULL),(28,NULL,'46','Planta transitoria Adm Pub Nac,Prov y/o Munic',1,'2020-05-28 20:55:24','2020-05-28 20:55:24',NULL),(29,NULL,'47','Representacion Gremial',1,'2020-05-28 20:55:24','2020-05-28 20:55:24',NULL),(30,NULL,'48','Art 4 L 24241 Traslado temp desde el exterior',1,'2020-05-28 20:55:24','2020-05-28 20:55:24',NULL),(31,NULL,'49','Directores-empleado SA con OS y LRT',1,'2020-05-28 20:55:24','2020-05-28 20:55:24',NULL),(32,NULL,'51','Pasantias Ley 26247-con OS- benef pens de dis',1,'2020-05-28 20:55:24','2020-05-28 20:55:24',NULL),(33,NULL,'95','Planes Ministerio de Trabajo',1,'2020-05-28 20:55:24','2020-05-28 20:55:24',NULL),(34,NULL,'96','Plan Trabajo por San Luis Ley 5411/03',1,'2020-05-28 20:55:24','2020-05-28 20:55:24',NULL),(35,NULL,'97','Programa Trabajo para jovenes tucumanos',1,'2020-05-28 20:55:24','2020-05-28 20:55:24',NULL),(36,NULL,'98','BONUS 2da oportunidad',1,'2020-05-28 20:55:24','2020-05-28 20:55:24',NULL),(37,NULL,'99','LRT(Directores SA,municipios,org cent y desc',1,'2020-05-28 20:55:24','2020-05-28 20:55:24',NULL),(38,NULL,'110','Trabajo Permanente Prest.Continua Ley 26727',1,'2020-05-28 20:55:24','2020-05-28 20:55:24',NULL);
INSERT INTO `syj_emp_mod_contratacion` VALUES (39,NULL,'111','Trabajo Temporario Ley 26727',1,'2020-05-28 20:55:24','2020-05-28 20:55:24',NULL),(40,NULL,'112','Trabajo Permanente Discontinuo Ley 26727',1,'2020-05-28 20:55:24','2020-05-28 20:55:24',NULL),(41,NULL,'113','Trabajo por eq.o cuadrilla familiar Ley 26727',1,'2020-05-28 20:55:24','2020-05-28 20:55:24',NULL),(42,NULL,'114','Trabajo temporario con Reducción Ley 26727',0,'2020-05-28 20:55:24','2022-02-24 12:19:31',NULL),(43,NULL,'115','Trabajo permanente disc con reducción ley 267',0,'2020-05-28 20:55:24','2022-02-24 12:19:31',NULL),(44,NULL,'201','Puesto Nuevo art 16 Ley 26467 benef prim 12m',0,'2020-05-28 20:55:24','2022-02-24 12:19:31',NULL),(45,NULL,'202','Pto Nuevo art 16 Ley 26467 trab discap Art 34',0,'2020-05-28 20:55:24','2022-02-24 12:19:31',NULL),(46,NULL,'203','Pto nuevo art 16 Ley 26467 trab disc Art 87',0,'2020-05-28 20:55:24','2022-02-24 12:19:31',NULL),(47,NULL,'204','Pto nuevo art 16 L 26467-meses 13 a 24-benef',0,'2020-05-28 20:55:24','2022-02-24 12:19:31',NULL),(48,NULL,'205','Pto nuevo art 16 L 26467 trab disc Art 34 L24',0,'2020-05-28 20:55:24','2022-02-24 12:19:31',NULL),(49,NULL,'206','Pto nuevo art 16 L 26467 trab disc Art 87 L28',0,'2020-05-28 20:55:24','2022-02-24 12:19:31',NULL),(50,NULL,'301','Art.19 Ley 26940. Tiempo indeterminado',0,'2020-05-28 20:55:24','2022-12-28 17:52:57',NULL),(51,NULL,'302','Art.19 L 26940- Trab. disc. art.34 L 24147 TI',0,'2020-05-28 20:55:24','2022-12-28 17:52:57',NULL),(52,NULL,'303','Art.19 L 26940- Trab. disc. art.34 L 24013 TI',0,'2020-05-28 20:55:24','2022-12-28 17:52:57',NULL),(53,NULL,'304','Art.19 L 26940. Tiempo parcial. Art. 92 LCT',0,'2020-05-28 20:55:24','2022-12-28 17:52:57',NULL),(54,NULL,'305','Art.19 L 26940.Trab. disc. art. 34 L 24147 TP',0,'2020-05-28 20:55:24','2022-12-28 17:52:57',NULL),(55,NULL,'306','Art.19 L 26940.Trab. disc. art. 87 L 24013 TP',0,'2020-05-28 20:55:24','2022-12-28 17:52:57',NULL),(56,NULL,'307','Art.24 L 26940. Hta 15 emp. Prim. 12 meses',0,'2020-05-28 20:55:24','2022-02-24 12:19:31',NULL),(57,NULL,'308','Art24 L 26940 Hta 15 emp. Prim. 12 mes TD A34',0,'2020-05-28 20:55:24','2022-02-24 12:19:31',NULL),(58,NULL,'309','Art24 L 26940 Hta 15 emp. Prim. 12 mes TD A87',0,'2020-05-28 20:55:24','2022-02-24 12:19:31',NULL),(59,NULL,'310','Art 24 L 26940 Hta 15 emp. 2dos12 meses',0,'2020-05-28 20:55:24','2022-02-24 12:19:31',NULL),(60,NULL,'311','Art 24 L 26940 Hta 15 emp. 2dos12 meses',0,'2020-05-28 20:55:24','2022-02-24 12:19:31',NULL),(61,NULL,'312','Art 24 L 26940 Hta 15 emp. 2dos12 meses',0,'2020-05-28 20:55:24','2022-02-24 12:19:31',NULL),(62,NULL,'313','Art 24 L 26940 Hta 16 a 80 emp. Tiempo indet',0,'2020-05-28 20:55:24','2022-02-24 12:19:31',NULL),(63,NULL,'314','Art 24 L 26940 Hta 16 a 80 emp. Tiempo indet',0,'2020-05-28 20:55:24','2022-02-24 12:19:31',NULL),(64,NULL,'315','Art 24 L 26940 Hta 16 a 80 emp. Tiempo indet',0,'2020-05-28 20:55:24','2022-02-24 12:19:31',NULL),(65,NULL,'989','CCG Tabaco Salta',1,'2020-05-28 20:55:24','2020-05-28 20:55:24',NULL),(66,NULL,'990','CCG Tabaco Jujuy',1,'2020-05-28 20:55:24','2020-05-28 20:55:24',NULL),(67,NULL,'991','CCG Vitivinicola de Rio Negro',0,'2020-05-28 20:55:24','2022-02-24 12:19:31',NULL),(68,NULL,'992','CCG Multiproducto del Chaco',1,'2020-05-28 20:55:24','2020-05-28 20:55:24',NULL),(69,NULL,'993','CCG Frutihortícola de San Juan',1,'2020-05-28 20:55:24','2020-05-28 20:55:24',NULL),(70,NULL,'994','CCG Yerba Mate Misiones',1,'2020-05-28 20:55:24','2020-05-28 20:55:24',NULL),(71,NULL,'995','CCG Vitivinícola de San Juan',0,'2020-05-28 20:55:24','2022-02-24 12:19:31',NULL),(72,NULL,'996','CCG Vitivinícola de Mendoza',0,'2020-05-28 20:55:24','2022-12-28 17:52:57',NULL),(73,NULL,'997','CCG forestal del Chaco',1,'2020-05-28 20:55:24','2020-05-28 20:55:24',NULL),(74,NULL,'998','CCG tabaco Virginia del Chaco',1,'2020-05-28 20:55:24','2020-05-28 20:55:24',NULL),(75,NULL,'999','Art11 L 26476 Trabajador registrado Rect. FI',0,'2020-05-28 20:55:24','2022-02-24 12:19:31',NULL);
INSERT INTO `syj_emp_mod_contratacion` VALUES (76,NULL,'59','Taller Protegido de Producción Ley 26816, art. 2º punto 2',1,'2022-02-24 12:19:31','2022-02-24 12:19:31',NULL),(77,NULL,'60','Taller Protegido Especial para el Empleo (TPEE) Ley 26816, art. 2º punto1',1,'2022-02-24 12:19:31','2022-02-24 12:19:31',NULL),(78,NULL,'61','Actor - Interprete en Empleador Contratante Ley 27.203- c/Obra Social',1,'2022-02-24 12:19:31','2022-02-24 12:19:31',NULL),(79,NULL,'62','Actor - Interprete en Empleador Contratante Ley 27.203- s/Obra Social',1,'2022-02-24 12:19:31','2022-02-24 12:19:31',NULL),(80,NULL,'102','Personal permanente discontinuo con ART(para uso de la EU Decreto Nro 762/14)',1,'2022-02-24 12:19:31','2022-02-24 12:19:31',NULL),(81,NULL,'103','Retiro Voluntario - Decreto 263/2018 y otros',1,'2022-02-24 12:19:31','2022-02-24 12:19:31',NULL),(82,NULL,'401','Puesto nuevo Art 2 inc. a Decreto 191/ 2021. Primeros 12 meses',1,'2022-02-24 12:19:31','2022-02-24 12:19:31',NULL),(83,NULL,'404','Puesto nuevo Art 2 inc. d Decreto 191/ 2021. Primeros 12 meses',1,'2022-02-24 12:19:31','2022-02-24 12:19:31',NULL),(84,NULL,'407','Tiempo parcial. Puesto nuevo Art 2 inc. a Decreto 191/ 2021. Primeros 12 meses',1,'2022-02-24 12:19:31','2022-02-24 12:19:31',NULL),(85,NULL,'410','Tiempo parcial. Puesto nuevo Art 2 inc. d Decreto 191/ 2021. Primeros 12 meses',1,'2022-02-24 12:19:31','2022-02-24 12:19:31',NULL),(86,NULL,'413','Discapacitado Ley 24.013 y Puesto nuevo Art 2 inc. a Decreto 191/ 2021',1,'2022-02-24 12:19:31','2022-02-24 12:19:31',NULL),(87,NULL,'414','Discapacitado Ley 24.013 y Puesto nuevo Art 2 inc. d Decreto 191/ 2021',1,'2022-02-24 12:19:31','2022-02-24 12:19:31',NULL),(88,NULL,'415','Discapacitado Ley 24.013 y Tiempo parcial Puesto nuevo Art 2 inc. a Decreto 191/ 2021',1,'2022-02-24 12:19:31','2022-02-24 12:19:31',NULL),(89,NULL,'416','Discapacitado Ley 24.013 y Tiempo parcial Puesto nuevo Art 2 inc. d Decreto 191/ 2021',1,'2022-02-24 12:19:31','2022-02-24 12:19:31',NULL),(90,NULL,'984','CCG foresto industrial del Chaco',1,'2022-02-24 12:19:31','2022-02-24 12:19:31',NULL),(91,NULL,'988','CCG limón Tucumán, Salta y Jujuy',1,'2022-02-24 12:19:31','2022-02-24 12:19:31',NULL),(92,NULL,'63','Acciones de Entrenamiento para el Trabajo - Res 1107/2022',1,'2022-12-28 17:52:57','2022-12-28 17:52:57',NULL),(93,NULL,'402','Puesto nuevo Art 2 inc. b Decreto 191/ 2021. Segundos 12 meses',1,'2022-12-28 17:52:57','2022-12-28 17:52:57',NULL),(94,NULL,'405','Puesto nuevo Art 2 inc. e Decreto 191/ 2021 segundos 12 meses',1,'2022-12-28 17:52:57','2022-12-28 17:52:57',NULL),(95,NULL,'408','Tiempo parcial. Puesto nuevo Art 2 inc. b Decreto 191/ 2021. Segundos 12 meses',1,'2022-12-28 17:52:57','2022-12-28 17:52:57',NULL),(96,NULL,'411','Tiempo parcial. Puesto nuevo Art 2 inc. e Decreto 191/ 2021. Segundos 12 meses',1,'2022-12-28 17:52:57','2022-12-28 17:52:57',NULL),(97,NULL,'501','Puesto Nuevo Art 2 inc. a. Dec. 493/2021',1,'2022-12-28 17:52:57','2022-12-28 17:52:57',NULL),(98,NULL,'502','Puesto Nuevo Art 2 inc. b.Dec. 493/2021',1,'2022-12-28 17:52:57','2022-12-28 17:52:57',NULL),(99,NULL,'503','Tiempo parcial. Puesto Nuevo Art 2 inc. a.Dec. 493/2021',1,'2022-12-28 17:52:57','2022-12-28 17:52:57',NULL),(100,NULL,'504','Tiempo parcial. Puesto Nuevo Art 2 inc. b.Dec. 493/2021',1,'2022-12-28 17:52:57','2022-12-28 17:52:57',NULL),(101,NULL,'505','Discapacitado Ley 24.013 y Puesto nuevo Art 2 inc. a. Dec. 493/2021',1,'2022-12-28 17:52:57','2022-12-28 17:52:57',NULL),(102,NULL,'506','Discapacitado Ley 24.013 y Tiempo parcial Puesto Nuevo Art 2 inc. a.Dec. 493/2021',1,'2022-12-28 17:52:57','2022-12-28 17:52:57',NULL),(103,NULL,'507','Trabajo permanente prestación continua Ley 26727. Puesto Nuevo Art 2 inc. a. Dec. 493/2021',1,'2022-12-28 17:52:57','2022-12-28 17:52:57',NULL),(104,NULL,'508','Trabajo permanente prestación continua Ley 26727. Puesto Nuevo Art 2 inc. b. Dec. 493/2021',1,'2022-12-28 17:52:57','2022-12-28 17:52:57',NULL);
INSERT INTO `syj_emp_mod_contratacion` VALUES (105,NULL,'509','Trabajo permanente discontinuo ley 26727. Puesto Nuevo Art 2 inc. a.  Dec. 493/2021',1,'2022-12-28 17:52:57','2022-12-28 17:52:57',NULL),(106,NULL,'510','Trabajo permanente discontinuo ley 26727. Puesto Nuevo Art 2 inc. b. Dec. 493/2021',1,'2022-12-28 17:52:57','2022-12-28 17:52:57',NULL),(107,NULL,'511','Pthen cpe.descripcion_peris:= ersonal de la Construcción L 22250 Puesto Nuevo Art 2 inc. a. Dec. 493/2021',1,'2022-12-28 17:52:57','2022-12-28 17:52:57',NULL),(108,NULL,'512','Personal de la Construcción L 22250 Puesto Nuevo Art 2 inc. b. Dec. 493/2021',1,'2022-12-28 17:52:57','2022-12-28 17:52:57',NULL),(109,NULL,'601','Contrato por plazo indeterminado a tiempo completo (art 90 Ley 20744) Art 2 Decreto 551/2022. Reduccion 100%.',1,'2022-12-28 17:52:57','2022-12-28 17:52:57',NULL),(110,NULL,'602','Contrato por plazo indeterminado a tiempo parcial (art 90 y art 92 Ley 20744) Art 2 Decreto 551/2022. Reduccion 50%.',1,'2022-12-28 17:52:57','2022-12-28 17:52:57',NULL),(111,NULL,'603','Contrato de trabajo a plazo fijo a tiempo completo ( art 93 Ley 20744) Art 2 Decreto 551/2022. Reduccion 100%.',1,'2022-12-28 17:52:57','2022-12-28 17:52:57',NULL),(112,NULL,'604','Contrato de trabajo a plazo fijo a tiempo parcial ( art 92 y art 93 Ley 20744) Art 2 Decreto 551/2022. Reduccion 50%.',1,'2022-12-28 17:52:57','2022-12-28 17:52:57',NULL),(113,NULL,'605','Contrato trabajo de temporada a tiempo completo ( art 96 Ley 20744) Art 2 Decreto 551/2022. Reduccion 100%.',1,'2022-12-28 17:52:57','2022-12-28 17:52:57',NULL),(114,NULL,'606','Contrato trabajo de temporada a tiempo parcial ( art 92 y art 96 Ley 20744) Art 2 Decreto 551/2022 Reduccion 50%.',1,'2022-12-28 17:52:57','2022-12-28 17:52:57',NULL),(115,NULL,'607','Contrato de trabajo agrario permanente prestación continua a tiempo completo (Ley 26727). Puesto Nuevo Art 2 Decreto 551/2022 Reduccion 100%.',1,'2022-12-28 17:52:57','2022-12-28 17:52:57',NULL),(116,NULL,'608','Contrato de trabajo agrario permanente prestación continua a tiempo parcial (Ley 26727). Puesto Nuevo Art 2 Decreto 551/2022 Reduccion 50%.',1,'2022-12-28 17:52:57','2022-12-28 17:52:57',NULL),(117,NULL,'609','Contrato de trabajo agrario permanente discontinuo a tiempo completo (Ley 26727). Puesto Nuevo Art 2 Decreto 551/2022 Reduccion 100%',1,'2022-12-28 17:52:57','2022-12-28 17:52:57',NULL),(118,NULL,'610','Contrato de trabajo agrario permanente discontinuo a tiempo parcial (Ley 26727). Puesto Nuevo Art 2 Decreto 551/2022 Reduccion 50%.',1,'2022-12-28 17:52:57','2022-12-28 17:52:57',NULL),(119,NULL,'611','Contrato de trabajo agrario de temporada a tiempo completo (Ley 26727). Puesto Nuevo Art 2 Decreto 551/2022 Reduccion 100%.',1,'2022-12-28 17:52:57','2022-12-28 17:52:57',NULL),(120,NULL,'612','Contrato de trabajo agrario de temporada a tiempo parcial (Ley 26727). Puesto Nuevo Art 2 Decreto 551/2022 Reduccion 50%.',1,'2022-12-28 17:52:57','2022-12-28 17:52:57',NULL),(121,NULL,'613','Personal de la Construcción a tiempo completo (Ley 22250) Puesto Nuevo Art 2. Decreto 551/2022 Reduccion 100%.',1,'2022-12-28 17:52:57','2022-12-28 17:52:57',NULL),(122,NULL,'614','Personal de la Construcción a tiempo parcial (Ley 22250 y art 92 Ley 20744) Puesto Nuevo Art 2. Decreto 551/2022 Reduccion 50%.',1,'2022-12-28 17:52:57','2022-12-28 17:52:57',NULL);

--
-- Table structure for table `syj_emp_parentesco`
--

CREATE TABLE `syj_emp_parentesco` (
  `id` int(10) unsigned NOT NULL AUTO_INCREMENT,
  `user_id` int(10) unsigned DEFAULT NULL,
  `descripcion` varchar(191) COLLATE utf8mb4_unicode_ci NOT NULL,
  `habilitado` tinyint(1) NOT NULL DEFAULT '1',
  `created_at` timestamp NULL DEFAULT NULL,
  `updated_at` timestamp NULL DEFAULT NULL,
  `deleted_at` timestamp NULL DEFAULT NULL,
  PRIMARY KEY (`id`)
) ENGINE=InnoDB AUTO_INCREMENT=10 DEFAULT CHARSET=utf8mb4 COLLATE=utf8mb4_unicode_ci;

--
-- Dumping data for table `syj_emp_parentesco`
--

INSERT INTO `syj_emp_parentesco` VALUES (1,NULL,'Cónyuge',1,'2020-05-28 20:55:24','2020-05-28 20:55:24',NULL),(2,NULL,'Concubino/a',1,'2020-05-28 20:55:24','2020-05-28 20:55:24',NULL),(3,NULL,'Hijo soltero menor de 21 años',1,'2020-05-28 20:55:24','2020-05-28 20:55:24',NULL),(4,NULL,'Hijo soltereo de 21 a 25 años cursando est.re',1,'2020-05-28 20:55:24','2020-05-28 20:55:24',NULL),(5,NULL,'Hijo del cónyuge menor de 21 años',1,'2020-05-28 20:55:24','2020-05-28 20:55:24',NULL),(6,NULL,'Hijo de cónyuge soltero de 21 a 25  cursando',1,'2020-05-28 20:55:24','2020-05-28 20:55:24',NULL),(7,NULL,'Menor bajo guarda o tutela',1,'2020-05-28 20:55:24','2020-05-28 20:55:24',NULL),(8,NULL,'Familiar a cargo',1,'2020-05-28 20:55:24','2020-05-28 20:55:24',NULL),(9,NULL,'Mayor de 25 años discapacitado',1,'2020-05-28 20:55:24','2020-05-28 20:55:24',NULL);

--
-- Table structure for table `syj_emp_situacion_revista`
--

CREATE TABLE `syj_emp_situacion_revista` (
  `id` int(10) unsigned NOT NULL AUTO_INCREMENT,
  `user_id` int(10) unsigned DEFAULT NULL,
  `descripcion` varchar(191) COLLATE utf8mb4_unicode_ci NOT NULL,
  `codigo_afip` int(10) unsigned NOT NULL,
  `habilitado` tinyint(1) NOT NULL DEFAULT '1',
  `created_at` timestamp NULL DEFAULT NULL,
  `updated_at` timestamp NULL DEFAULT NULL,
  `deleted_at` timestamp NULL DEFAULT NULL,
  PRIMARY KEY (`id`),
  UNIQUE KEY `syj_emp_situacion_revista_descripcion_unique` (`descripcion`)
) ENGINE=InnoDB AUTO_INCREMENT=34 DEFAULT CHARSET=utf8mb4 COLLATE=utf8mb4_unicode_ci;

--
-- Dumping data for table `syj_emp_situacion_revista`
--

INSERT INTO `syj_emp_situacion_revista` VALUES (1,NULL,'Baja por Fallecimiento',0,1,'2020-05-28 20:55:24','2020-05-28 20:55:24',NULL),(2,NULL,'Activo',1,1,'2020-05-28 20:55:24','2020-05-28 20:55:34',NULL),(3,NULL,'Bajas otras Causales',2,0,'2020-05-28 20:55:24','2022-02-24 12:19:31',NULL),(4,NULL,'Activo Decreto Nº796/97',3,0,'2020-05-28 20:55:24','2022-02-24 12:19:31',NULL),(5,NULL,'Baja otras causales Decreto Nº796/97',4,0,'2020-05-28 20:55:24','2022-02-24 12:19:31',NULL),(6,NULL,'Licencia por Maternidad',5,1,'2020-05-28 20:55:24','2020-05-28 20:55:34',NULL),(7,NULL,'Suspensiones otras Causales',6,1,'2020-05-28 20:55:24','2020-05-28 20:55:34',NULL),(8,NULL,'Baja por Despido',7,0,'2020-05-28 20:55:24','2022-02-24 12:19:31',NULL),(9,NULL,'Baja por Despido Decreto Nº796/97',8,0,'2020-05-28 20:55:24','2022-02-24 12:19:31',NULL),(10,NULL,'Suspendido Ley 20744 art 223 bis',9,1,'2020-05-28 20:55:24','2020-05-28 20:55:34',NULL),(11,NULL,'Licencia por excedencia',10,1,'2020-05-28 20:55:24','2020-05-28 20:55:34',NULL),(12,NULL,'Licencia por Maternidad Down',11,1,'2020-05-28 20:55:24','2020-05-28 20:55:34',NULL),(13,NULL,'Licencia por Vacaciones',12,1,'2020-05-28 20:55:24','2020-05-28 20:55:34',NULL),(14,NULL,'Licencia sin goce de haberes',13,1,'2020-05-28 20:55:24','2020-05-28 20:55:34',NULL),(15,NULL,'Reserva de puesto',14,1,'2020-05-28 20:55:24','2020-05-28 20:55:34',NULL),(16,NULL,'ESE Cese transitorio de serv(art6,inc6y7 D34',15,1,'2020-05-28 20:55:24','2020-05-28 20:55:34',NULL),(17,NULL,'Personal Siniestrado de terc uso por la ART',16,1,'2020-05-28 20:55:24','2020-05-28 20:55:34',NULL),(18,NULL,'Reingreso por disposicion judicial',17,1,'2020-05-28 20:55:24','2020-05-28 20:55:34',NULL),(19,NULL,'ILT primeros 10 dias',18,1,'2020-05-28 20:55:24','2020-05-28 20:55:34',NULL),(20,NULL,'ILT dias 11 y siguientes',19,1,'2020-05-28 20:55:24','2020-05-28 20:55:34',NULL),(21,NULL,'Trabajador siniestrado en nomina de ART',20,1,'2020-05-28 20:55:24','2020-05-28 20:55:34',NULL),(22,NULL,'Trabajador de temporada Reserva de puesto',21,1,'2020-05-28 20:55:24','2020-05-28 20:55:34',NULL),(23,NULL,'Activo- Funciones en el exterior',31,1,'2020-05-28 20:55:24','2020-05-28 20:55:34',NULL),(24,NULL,'Licencia por paternidad',32,1,'2020-05-28 20:55:24','2020-05-28 20:55:34',NULL),(25,NULL,'Licencia por fuerza mayor (Art. 221 LCT)',33,1,'2020-05-28 20:55:24','2020-05-28 20:55:34',NULL),(26,NULL,'Empleado event. en EU (p/su uso ESE) mes com',42,1,'2020-05-28 20:55:24','2020-05-28 20:55:34',NULL),(27,NULL,'Empleado event. en EU (p/su uso ESE) mes inc',43,1,'2020-05-28 20:55:24','2020-05-28 20:55:34',NULL),(28,NULL,'Conservación del emp. p/accidente o enf.incu',44,1,'2020-05-28 20:55:24','2020-05-28 20:55:34',NULL),(29,NULL,'Suspenciones por causas disciplinarias',45,1,'2020-05-28 20:55:24','2020-05-28 20:55:34',NULL),(30,NULL,'Activo - LSD (sin remuneracion)',30,1,'2022-02-24 12:19:31','2022-02-24 12:19:31',NULL),(31,NULL,'Suspendido. Res. 397/2020 MTEySS c/Aportes OS',48,1,'2022-02-24 12:19:31','2022-02-24 12:19:31',NULL),(32,NULL,'Susp. período parcial L 20744 art.223bis / Res. 397 MTEySS',49,1,'2022-02-24 12:19:31','2022-02-24 12:19:31',NULL),(33,NULL,'Dto 792/20 - Mayores 60 años, embarazadas, grupo de riesgo',50,1,'2022-02-24 12:19:31','2022-02-24 12:19:31',NULL);

--
-- Table structure for table `syj_empleado_concepto`
--

CREATE TABLE `syj_empleado_concepto` (
  `user_id` int(10) unsigned DEFAULT NULL,
  `syj_empleado_id` int(10) unsigned DEFAULT NULL,
  `syj_concepto_id` int(10) unsigned DEFAULT NULL,
  `pers_descripcion` tinyint(1) NOT NULL DEFAULT '0',
  `descripcion` varchar(191) COLLATE utf8mb4_unicode_ci DEFAULT NULL,
  `pers_cantidad` tinyint(1) NOT NULL DEFAULT '0',
  `cantidad` decimal(16,2) NOT NULL DEFAULT '0.00',
  `pers_valor` tinyint(1) NOT NULL DEFAULT '0',
  `valor` decimal(16,2) NOT NULL DEFAULT '0.00',
  `pers_importe` tinyint(1) NOT NULL DEFAULT '0',
  `importe` decimal(16,2) NOT NULL DEFAULT '0.00',
  `created_at` timestamp NULL DEFAULT NULL,
  `updated_at` timestamp NULL DEFAULT NULL,
  KEY `syj_empleado_concepto_syj_empleado_id_foreign` (`syj_empleado_id`),
  KEY `syj_empleado_concepto_syj_concepto_id_foreign` (`syj_concepto_id`),
  CONSTRAINT `syj_empleado_concepto_syj_concepto_id_foreign` FOREIGN KEY (`syj_concepto_id`) REFERENCES `syj_conceptos` (`id`),
  CONSTRAINT `syj_empleado_concepto_syj_empleado_id_foreign` FOREIGN KEY (`syj_empleado_id`) REFERENCES `syj_empleados` (`id`)
) ENGINE=InnoDB DEFAULT CHARSET=utf8mb4 COLLATE=utf8mb4_unicode_ci;

--
-- Dumping data for table `syj_empleado_concepto`
--

INSERT INTO `syj_empleado_concepto` VALUES (6649,56,3697,0,'Aporte Solidario OSECAC',0,1.00,0,1.00,1,100.00,'2023-02-15 19:21:47','2023-02-15 19:21:47'),(6649,57,3697,0,'Aporte Solidario OSECAC',0,1.00,0,1.00,1,100.00,'2023-02-15 19:23:20','2023-02-15 19:23:20'),(6649,58,3697,0,'Aporte Solidario OSECAC',0,1.00,0,1.00,1,100.00,'2023-02-15 19:23:50','2023-02-15 19:23:50'),(6649,46,3587,0,'Antiguedad',1,1.00,1,1.00,1,19223.10,'2023-04-06 00:08:16','2023-04-06 00:08:16'),(6649,43,3603,0,'Contribución Solidaria',0,1.40,0,0.00,0,0.00,'2023-04-06 00:08:33','2023-04-06 00:08:33'),(6649,43,3587,0,'Antiguedad',1,1.00,1,1.00,1,20683.83,'2023-04-06 00:08:33','2023-04-06 00:08:33'),(6649,44,3603,0,'Contribución Solidaria',0,1.40,0,0.00,0,0.00,'2023-04-06 00:09:07','2023-04-06 00:09:07'),(6649,44,3587,0,'Antiguedad',1,1.00,1,1.00,1,14102.61,'2023-04-06 00:09:07','2023-04-06 00:09:07'),(6649,31,3519,0,'Cuota Mutual',1,1.00,0,1.00,1,200.00,'2023-04-24 23:25:42','2023-04-24 23:25:42'),(6649,23,3519,0,'Cuota Mutual',1,1.00,0,1.00,1,200.00,'2023-04-24 23:35:15','2023-04-24 23:35:15'),(6649,33,3519,0,'Cuota Mutual',1,1.00,0,1.00,1,200.00,'2023-04-24 23:41:06','2023-04-24 23:41:06'),(6649,29,3519,0,'Cuota Mutual',1,1.00,0,1.00,1,230.00,'2023-04-24 23:42:38','2023-04-24 23:42:38'),(6649,42,3519,0,'Cuota Mutual',1,1.00,0,1.00,1,200.00,'2023-04-24 23:45:37','2023-04-24 23:45:37'),(6649,28,3519,0,'Cuota Mutual',1,1.00,0,1.00,1,200.00,'2023-05-23 17:09:34','2023-05-23 17:09:34'),(6649,22,3519,0,'Cuota Mutual',1,1.00,0,1.00,1,200.00,'2023-05-23 17:10:39','2023-05-23 17:10:39'),(6649,37,3519,0,'Cuota Mutual',1,1.00,0,1.00,1,200.00,'2023-06-23 13:57:11','2023-06-23 13:57:11'),(6649,27,3519,0,'Cuota Mutual',1,1.00,0,1.00,1,200.00,'2023-06-23 13:58:39','2023-06-23 13:58:39'),(6649,25,3519,0,'Cuota Mutual',1,1.00,0,1.00,1,200.00,'2023-07-25 12:21:30','2023-07-25 12:21:30'),(6649,25,3517,1,'Diferencia por Vacaciones',1,1.00,0,1.00,1,9832.59,'2023-07-25 12:21:30','2023-07-25 12:21:30'),(6649,30,3519,0,'Cuota Mutual',1,1.00,0,1.00,1,200.00,'2023-07-25 12:22:07','2023-07-25 12:22:07'),(6649,39,3519,0,'Cuota Mutual',1,1.00,0,1.00,1,200.00,'2023-07-25 12:25:13','2023-07-25 12:25:13'),(6649,39,3517,1,'Diferencia por Vacaciones',1,1.00,1,1.00,1,23938.10,'2023-07-25 12:25:13','2023-07-25 12:25:13'),(6649,32,3519,0,'Cuota Mutual',1,1.00,0,1.00,1,200.00,'2023-07-25 12:26:05','2023-07-25 12:26:05'),(6649,32,3517,1,'Diferencia por Vacaciones',1,1.00,1,1.00,1,12175.42,'2023-07-25 12:26:05','2023-07-25 12:26:05'),(6649,24,3519,0,'Cuota Mutual',1,1.00,0,1.00,1,200.00,'2023-07-25 12:27:14','2023-07-25 12:27:14'),(6649,24,3517,1,'Diferencia por Vacaciones',1,1.00,1,1.00,1,10172.58,'2023-07-25 12:27:14','2023-07-25 12:27:14'),(6649,38,3519,0,'Cuota Mutual',1,1.00,0,1.00,1,200.00,'2023-07-25 12:36:35','2023-07-25 12:36:35'),(6649,38,3517,1,'Diferencia por Vacaciones',1,1.00,1,1.00,1,20570.33,'2023-07-25 12:36:35','2023-07-25 12:36:35'),(6649,38,3520,1,'Hs. Extras',1,0.00,1,0.00,1,12618.00,'2023-07-25 12:36:35','2023-07-25 12:36:35'),(6649,36,3519,0,'Cuota Mutual',1,1.00,0,1.00,1,200.00,'2023-07-25 12:42:33','2023-07-25 12:42:33'),(6649,34,3519,0,'Cuota Mutual',1,1.00,0,1.00,1,200.00,'2023-07-25 12:43:11','2023-07-25 12:43:11'),(6649,41,3519,0,'Cuota Mutual',1,1.00,0,1.00,1,200.00,'2023-07-25 12:45:07','2023-07-25 12:45:07'),(6649,41,3520,1,'Hs. Extras',1,0.00,1,0.00,1,14020.00,'2023-07-25 12:45:07','2023-07-25 12:45:07'),(6649,35,3795,0,'Licencia sin goce de Haberes',1,30.00,1,-4371.34,1,-174853.50,'2023-08-17 23:08:39','2023-08-17 23:08:39');

--
-- Table structure for table `syj_empleado_excluir_concepto`
--

CREATE TABLE `syj_empleado_excluir_concepto` (
  `user_id` int(10) unsigned DEFAULT NULL,
  `syj_empleado_id` int(10) unsigned DEFAULT NULL,
  `syj_concepto_id` int(10) unsigned DEFAULT NULL,
  `created_at` timestamp NULL DEFAULT NULL,
  `updated_at` timestamp NULL DEFAULT NULL,
  KEY `syj_empleado_excluir_concepto_syj_empleado_id_foreign` (`syj_empleado_id`),
  KEY `syj_empleado_excluir_concepto_syj_concepto_id_foreign` (`syj_concepto_id`),
  CONSTRAINT `syj_empleado_excluir_concepto_syj_concepto_id_foreign` FOREIGN KEY (`syj_concepto_id`) REFERENCES `syj_conceptos` (`id`),
  CONSTRAINT `syj_empleado_excluir_concepto_syj_empleado_id_foreign` FOREIGN KEY (`syj_empleado_id`) REFERENCES `syj_empleados` (`id`)
) ENGINE=InnoDB DEFAULT CHARSET=utf8mb4 COLLATE=utf8mb4_unicode_ci;

--
-- Dumping data for table `syj_empleado_excluir_concepto`
--

INSERT INTO `syj_empleado_excluir_concepto` VALUES (6649,61,1626,'2023-02-22 16:23:15','2023-02-22 16:23:15'),(6649,61,3788,'2023-02-22 16:23:15','2023-02-22 16:23:15'),(6649,61,3789,'2023-02-22 16:23:15','2023-02-22 16:23:15'),(6649,60,1626,'2023-02-22 20:07:57','2023-02-22 20:07:57'),(6649,60,1634,'2023-02-22 20:07:57','2023-02-22 20:07:57'),(6649,59,1626,'2023-02-22 20:35:29','2023-02-22 20:35:29'),(6649,48,3779,'2023-03-09 01:53:22','2023-03-09 01:53:22'),(6649,48,3701,'2023-03-09 01:53:22','2023-03-09 01:53:22'),(6649,62,3778,'2023-03-09 15:57:09','2023-03-09 15:57:09'),(6649,53,3778,'2023-03-09 20:16:59','2023-03-09 20:16:59'),(6649,63,3778,'2023-03-10 00:02:57','2023-03-10 00:02:57'),(6649,43,3562,'2023-04-06 00:08:33','2023-04-06 00:08:33'),(6649,44,3562,'2023-04-06 00:09:07','2023-04-06 00:09:07'),(6649,47,3562,'2023-04-10 16:37:15','2023-04-10 16:37:15'),(6649,47,3535,'2023-04-10 16:37:15','2023-04-10 16:37:15'),(6649,52,3796,'2023-04-18 02:34:14','2023-04-18 02:34:14'),(6649,28,3481,'2023-05-23 17:09:34','2023-05-23 17:09:34'),(6649,22,3481,'2023-05-23 17:10:39','2023-05-23 17:10:39'),(6649,27,3481,'2023-06-23 13:58:39','2023-06-23 13:58:39'),(6649,35,3506,'2023-08-17 23:08:39','2023-08-17 23:08:39'),(6649,35,3454,'2023-08-17 23:08:39','2023-08-17 23:08:39'),(6649,35,3514,'2023-08-17 23:08:39','2023-08-17 23:08:39'),(6649,35,3478,'2023-08-17 23:08:39','2023-08-17 23:08:39'),(6649,35,3479,'2023-08-17 23:08:39','2023-08-17 23:08:39'),(6649,35,3480,'2023-08-17 23:08:39','2023-08-17 23:08:39'),(6649,35,3481,'2023-08-17 23:08:39','2023-08-17 23:08:39');

--
-- Table structure for table `syj_empleados`
--

CREATE TABLE `syj_empleados` (
  `id` int(10) unsigned NOT NULL AUTO_INCREMENT,
  `user_id` int(10) unsigned DEFAULT NULL,
  `person_id` int(10) unsigned NOT NULL,
  `has_user` tinyint(1) NOT NULL DEFAULT '0',
  `legajo` int(11) DEFAULT NULL,
  `apeynombre` varchar(191) COLLATE utf8mb4_unicode_ci NOT NULL,
  `apecasado` varchar(191) COLLATE utf8mb4_unicode_ci DEFAULT NULL,
  `fecha_nacimiento` date DEFAULT NULL,
  `sexo_id` int(10) unsigned DEFAULT NULL,
  `nacionalidad_id` int(10) unsigned DEFAULT NULL,
  `estado_civil_id` int(10) unsigned DEFAULT NULL,
  `pais_id` int(10) unsigned DEFAULT NULL,
  `zone_id` int(10) unsigned DEFAULT NULL,
  `localidad_id` int(10) unsigned DEFAULT NULL,
  `domicilio` varchar(191) COLLATE utf8mb4_unicode_ci DEFAULT NULL,
  `altnumero` varchar(191) COLLATE utf8mb4_unicode_ci DEFAULT NULL,
  `piso` varchar(191) COLLATE utf8mb4_unicode_ci DEFAULT NULL,
  `depto` varchar(191) COLLATE utf8mb4_unicode_ci DEFAULT NULL,
  `cod_postal` varchar(191) COLLATE utf8mb4_unicode_ci DEFAULT NULL,
  `telefono` varchar(191) COLLATE utf8mb4_unicode_ci DEFAULT NULL,
  `movil` varchar(191) COLLATE utf8mb4_unicode_ci DEFAULT NULL,
  `email` varchar(191) COLLATE utf8mb4_unicode_ci DEFAULT NULL,
  `tipo_documento_id` int(10) unsigned DEFAULT NULL,
  `num_documento` varchar(191) COLLATE utf8mb4_unicode_ci DEFAULT NULL,
  `cuil` varchar(191) COLLATE utf8mb4_unicode_ci DEFAULT NULL,
  `syj_emp_estado_id` int(10) unsigned DEFAULT NULL,
  `foto` text COLLATE utf8mb4_unicode_ci,
  `syj_obra_social_id` int(10) unsigned DEFAULT NULL,
  `syj_obra_social_plan_id` int(10) unsigned DEFAULT NULL,
  `syj_forma_pago_id` int(10) unsigned DEFAULT NULL,
  `ctacte_banco_id` int(10) unsigned DEFAULT NULL,
  `num_cta_banco` varchar(191) COLLATE utf8mb4_unicode_ci DEFAULT NULL,
  `cbu` varchar(191) COLLATE utf8mb4_unicode_ci DEFAULT NULL,
  `syj_domicilio_id_laboral` int(10) unsigned DEFAULT NULL,
  `syj_domicilio_id_pago` int(10) unsigned DEFAULT NULL,
  `afiliado_sindicato` tinyint(1) NOT NULL DEFAULT '0',
  `is_pers_temp` tinyint(1) NOT NULL DEFAULT '0',
  `is_zona_patagonica` tinyint(1) NOT NULL DEFAULT '0',
  `is_syj_empleado_event` tinyint(1) unsigned NOT NULL DEFAULT '0',
  `is_comprador` tinyint(1) NOT NULL DEFAULT '0',
  `syj_empleado_event_id` int(10) unsigned NOT NULL DEFAULT '1',
  `num_construccion` varchar(191) COLLATE utf8mb4_unicode_ci DEFAULT NULL,
  `num_fondo_cese_desemp` varchar(191) COLLATE utf8mb4_unicode_ci DEFAULT NULL,
  `syj_convenio_id` int(10) unsigned DEFAULT NULL,
  `syj_convenio_categoria_id` int(10) unsigned DEFAULT NULL,
  `syj_clase_tipo_liquidacion_id` int(10) unsigned DEFAULT NULL,
  `basico` decimal(16,2) NOT NULL DEFAULT '0.00',
  `basico_person` tinyint(1) NOT NULL DEFAULT '0',
  `adic_fijo` decimal(16,2) NOT NULL DEFAULT '0.00',
  `hs_jornada` decimal(16,2) NOT NULL DEFAULT '0.00',
  `neto_pactado` decimal(16,2) NOT NULL DEFAULT '0.00',
  `syj_seccion_id` int(10) unsigned DEFAULT NULL,
  `syj_cargo_id` int(10) unsigned DEFAULT NULL,
  `syj_centro_costo_id` int(10) unsigned DEFAULT NULL,
  `fecha_ingreso` date DEFAULT NULL,
  `fecha_recon_ing` date DEFAULT NULL,
  `fecha_baja` date DEFAULT NULL,
  `syj_motivo_egreso_id` int(10) unsigned DEFAULT NULL,
  `liq_en_cero` tinyint(1) NOT NULL DEFAULT '0',
  `syj_tipo_empleador_id` int(10) unsigned DEFAULT NULL,
  `syj_alicuota_apor_cont_id` int(10) unsigned DEFAULT NULL,
  `syj_emp_situacion_revista_id` int(10) unsigned DEFAULT NULL,
  `syj_emp_condicion_id` int(10) unsigned DEFAULT NULL,
  `syj_actividad_id` int(10) unsigned DEFAULT NULL,
  `syj_emp_mod_contratacion_id` int(10) unsigned DEFAULT NULL,
  `syj_emp_cod_siniestro_id` int(10) unsigned DEFAULT NULL,
  `syj_zonageografica_id` int(10) unsigned DEFAULT NULL,
  `syj_regimen_id` int(10) unsigned DEFAULT NULL,
  `is_asignaciones_fami` tinyint(1) NOT NULL DEFAULT '0',
  `is_trabajador_cct` tinyint(1) NOT NULL DEFAULT '0',
  `cant_adherentes` int(10) unsigned DEFAULT '0',
  `cant_hijos` int(10) unsigned DEFAULT '0',
  `is_conyuge` int(10) unsigned DEFAULT '0',
  `art_porcentaje` decimal(20,4) DEFAULT '0.0000',
  `art_fijo` decimal(16,2) NOT NULL DEFAULT '0.00',
  `is_seg_colec_vida_obl` tinyint(1) NOT NULL DEFAULT '0',
  `prima_individual` decimal(16,2) NOT NULL DEFAULT '0.00',
  `syj_emp_sit_revista_1_id` int(10) unsigned DEFAULT NULL,
  `dia_inicio_1` varchar(191) COLLATE utf8mb4_unicode_ci DEFAULT NULL,
  `syj_emp_sit_revista_2_id` int(10) unsigned DEFAULT NULL,
  `dia_inicio_2` varchar(191) COLLATE utf8mb4_unicode_ci DEFAULT NULL,
  `syj_emp_sit_revista_3_id` int(10) unsigned DEFAULT NULL,
  `dia_inicio_3` varchar(191) COLLATE utf8mb4_unicode_ci DEFAULT NULL,
  `dias_propor_tope` varchar(191) COLLATE utf8mb4_unicode_ci DEFAULT '0',
  `nota` text COLLATE utf8mb4_unicode_ci,
  `observaciones_del_recibo` text COLLATE utf8mb4_unicode_ci,
  `habilitado` tinyint(1) NOT NULL DEFAULT '1',
  `created_at` timestamp NULL DEFAULT NULL,
  `updated_at` timestamp NULL DEFAULT NULL,
  `deleted_at` timestamp NULL DEFAULT NULL,
  PRIMARY KEY (`id`),
  KEY `syj_empleados_person_id_foreign` (`person_id`),
  KEY `syj_empleados_sexo_id_foreign` (`sexo_id`),
  KEY `syj_empleados_nacionalidad_id_foreign` (`nacionalidad_id`),
  KEY `syj_empleados_estado_civil_id_foreign` (`estado_civil_id`),
  KEY `syj_empleados_pais_id_foreign` (`pais_id`),
  KEY `syj_empleados_zone_id_foreign` (`zone_id`),
  KEY `syj_empleados_localidad_id_foreign` (`localidad_id`),
  KEY `syj_empleados_tipo_documento_id_foreign` (`tipo_documento_id`),
  KEY `syj_empleados_syj_emp_estado_id_foreign` (`syj_emp_estado_id`),
  KEY `syj_empleados_syj_convenio_id_foreign` (`syj_convenio_id`),
  KEY `syj_empleados_syj_convenio_categoria_id_foreign` (`syj_convenio_categoria_id`),
  KEY `syj_empleados_syj_seccion_id_foreign` (`syj_seccion_id`),
  KEY `syj_empleados_syj_cargo_id_foreign` (`syj_cargo_id`),
  KEY `syj_empleados_syj_centro_costo_id_foreign` (`syj_centro_costo_id`),
  KEY `syj_empleados_syj_motivo_egreso_id_foreign` (`syj_motivo_egreso_id`),
  KEY `syj_empleados_syj_tipo_empleador_id_foreign` (`syj_tipo_empleador_id`),
  KEY `syj_empleados_syj_alicuota_apor_cont_id_foreign` (`syj_alicuota_apor_cont_id`),
  KEY `syj_empleados_syj_obra_social_id_foreign` (`syj_obra_social_id`),
  KEY `syj_empleados_syj_obra_social_plan_id_foreign` (`syj_obra_social_plan_id`),
  KEY `syj_empleados_syj_clase_tipo_liquidacion_id_foreign` (`syj_clase_tipo_liquidacion_id`),
  KEY `syj_empleados_syj_forma_pago_id_foreign` (`syj_forma_pago_id`),
  KEY `syj_empleados_ctacte_banco_id_foreign` (`ctacte_banco_id`),
  KEY `syj_empleados_syj_domicilio_id_laboral_foreign` (`syj_domicilio_id_laboral`),
  KEY `syj_empleados_syj_domicilio_id_pago_foreign` (`syj_domicilio_id_pago`),
  KEY `syj_empleados_syj_emp_situacion_revista_id_foreign` (`syj_emp_situacion_revista_id`),
  KEY `syj_empleados_syj_emp_condicion_id_foreign` (`syj_emp_condicion_id`),
  KEY `syj_empleados_syj_actividad_id_foreign` (`syj_actividad_id`),
  KEY `syj_empleados_syj_emp_mod_contratacion_id_foreign` (`syj_emp_mod_contratacion_id`),
  KEY `syj_empleados_syj_emp_cod_siniestro_id_foreign` (`syj_emp_cod_siniestro_id`),
  KEY `syj_empleados_syj_zonageografica_id_foreign` (`syj_zonageografica_id`),
  KEY `syj_empleados_syj_regimen_id_foreign` (`syj_regimen_id`),
  KEY `syj_empleados_syj_emp_sit_revista_1_id_foreign` (`syj_emp_sit_revista_1_id`),
  KEY `syj_empleados_syj_emp_sit_revista_2_id_foreign` (`syj_emp_sit_revista_2_id`),
  KEY `syj_empleados_syj_emp_sit_revista_3_id_foreign` (`syj_emp_sit_revista_3_id`),
  KEY `syj_empleados_syj_empleado_event_id_foreign` (`syj_empleado_event_id`),
  CONSTRAINT `syj_empleados_ctacte_banco_id_foreign` FOREIGN KEY (`ctacte_banco_id`) REFERENCES `ctacte_bancos` (`id`),
  CONSTRAINT `syj_empleados_estado_civil_id_foreign` FOREIGN KEY (`estado_civil_id`) REFERENCES `estado_civil` (`id`),
  CONSTRAINT `syj_empleados_localidad_id_foreign` FOREIGN KEY (`localidad_id`) REFERENCES `localidad` (`id`),
  CONSTRAINT `syj_empleados_nacionalidad_id_foreign` FOREIGN KEY (`nacionalidad_id`) REFERENCES `nacionalidad` (`id`),
  CONSTRAINT `syj_empleados_pais_id_foreign` FOREIGN KEY (`pais_id`) REFERENCES `pais` (`id`),
  CONSTRAINT `syj_empleados_person_id_foreign` FOREIGN KEY (`person_id`) REFERENCES `persons` (`id`),
  CONSTRAINT `syj_empleados_sexo_id_foreign` FOREIGN KEY (`sexo_id`) REFERENCES `sexo` (`id`),
  CONSTRAINT `syj_empleados_syj_actividad_id_foreign` FOREIGN KEY (`syj_actividad_id`) REFERENCES `syj_actividad` (`id`),
  CONSTRAINT `syj_empleados_syj_alicuota_apor_cont_id_foreign` FOREIGN KEY (`syj_alicuota_apor_cont_id`) REFERENCES `syj_alicuota_aporte_contribucion` (`id`),
  CONSTRAINT `syj_empleados_syj_cargo_id_foreign` FOREIGN KEY (`syj_cargo_id`) REFERENCES `syj_cargos` (`id`),
  CONSTRAINT `syj_empleados_syj_centro_costo_id_foreign` FOREIGN KEY (`syj_centro_costo_id`) REFERENCES `syj_centros_costos` (`id`),
  CONSTRAINT `syj_empleados_syj_clase_tipo_liquidacion_id_foreign` FOREIGN KEY (`syj_clase_tipo_liquidacion_id`) REFERENCES `syj_clase_tipo_liquidacion` (`id`),
  CONSTRAINT `syj_empleados_syj_convenio_categoria_id_foreign` FOREIGN KEY (`syj_convenio_categoria_id`) REFERENCES `syj_convenio_categorias` (`id`),
  CONSTRAINT `syj_empleados_syj_convenio_id_foreign` FOREIGN KEY (`syj_convenio_id`) REFERENCES `syj_convenios` (`id`),
  CONSTRAINT `syj_empleados_syj_domicilio_id_laboral_foreign` FOREIGN KEY (`syj_domicilio_id_laboral`) REFERENCES `syj_domicilios` (`id`),
  CONSTRAINT `syj_empleados_syj_domicilio_id_pago_foreign` FOREIGN KEY (`syj_domicilio_id_pago`) REFERENCES `syj_domicilios` (`id`),
  CONSTRAINT `syj_empleados_syj_emp_cod_siniestro_id_foreign` FOREIGN KEY (`syj_emp_cod_siniestro_id`) REFERENCES `syj_emp_cod_siniestro` (`id`),
  CONSTRAINT `syj_empleados_syj_emp_condicion_id_foreign` FOREIGN KEY (`syj_emp_condicion_id`) REFERENCES `syj_emp_condicion` (`id`),
  CONSTRAINT `syj_empleados_syj_emp_estado_id_foreign` FOREIGN KEY (`syj_emp_estado_id`) REFERENCES `syj_emp_estado` (`id`),
  CONSTRAINT `syj_empleados_syj_emp_mod_contratacion_id_foreign` FOREIGN KEY (`syj_emp_mod_contratacion_id`) REFERENCES `syj_emp_mod_contratacion` (`id`),
  CONSTRAINT `syj_empleados_syj_emp_sit_revista_1_id_foreign` FOREIGN KEY (`syj_emp_sit_revista_1_id`) REFERENCES `syj_emp_situacion_revista` (`id`),
  CONSTRAINT `syj_empleados_syj_emp_sit_revista_2_id_foreign` FOREIGN KEY (`syj_emp_sit_revista_2_id`) REFERENCES `syj_emp_situacion_revista` (`id`),
  CONSTRAINT `syj_empleados_syj_emp_sit_revista_3_id_foreign` FOREIGN KEY (`syj_emp_sit_revista_3_id`) REFERENCES `syj_emp_situacion_revista` (`id`),
  CONSTRAINT `syj_empleados_syj_emp_situacion_revista_id_foreign` FOREIGN KEY (`syj_emp_situacion_revista_id`) REFERENCES `syj_emp_situacion_revista` (`id`),
  CONSTRAINT `syj_empleados_syj_empleado_event_id_foreign` FOREIGN KEY (`syj_empleado_event_id`) REFERENCES `syj_empleados_event` (`id`),
  CONSTRAINT `syj_empleados_syj_forma_pago_id_foreign` FOREIGN KEY (`syj_forma_pago_id`) REFERENCES `syj_forma_pago` (`id`),
  CONSTRAINT `syj_empleados_syj_motivo_egreso_id_foreign` FOREIGN KEY (`syj_motivo_egreso_id`) REFERENCES `syj_motivo_egreso` (`id`),
  CONSTRAINT `syj_empleados_syj_obra_social_id_foreign` FOREIGN KEY (`syj_obra_social_id`) REFERENCES `syj_obra_social` (`id`),
  CONSTRAINT `syj_empleados_syj_obra_social_plan_id_foreign` FOREIGN KEY (`syj_obra_social_plan_id`) REFERENCES `syj_obra_social_planes` (`id`),
  CONSTRAINT `syj_empleados_syj_regimen_id_foreign` FOREIGN KEY (`syj_regimen_id`) REFERENCES `syj_regimen` (`id`),
  CONSTRAINT `syj_empleados_syj_seccion_id_foreign` FOREIGN KEY (`syj_seccion_id`) REFERENCES `syj_secciones` (`id`),
  CONSTRAINT `syj_empleados_syj_tipo_empleador_id_foreign` FOREIGN KEY (`syj_tipo_empleador_id`) REFERENCES `syj_tipo_empleador` (`id`),
  CONSTRAINT `syj_empleados_syj_zonageografica_id_foreign` FOREIGN KEY (`syj_zonageografica_id`) REFERENCES `syj_zonageografica` (`id`),
  CONSTRAINT `syj_empleados_tipo_documento_id_foreign` FOREIGN KEY (`tipo_documento_id`) REFERENCES `tipo_documento` (`id`),
  CONSTRAINT `syj_empleados_zone_id_foreign` FOREIGN KEY (`zone_id`) REFERENCES `zones` (`id`)
) ENGINE=InnoDB AUTO_INCREMENT=65 DEFAULT CHARSET=utf8mb4 COLLATE=utf8mb4_unicode_ci;

--
-- Dumping data for table `syj_empleados`
--

INSERT INTO `syj_empleados` VALUES (1,6649,40719,0,1,'GRASSANO ELIO DOMINGO',NULL,NULL,NULL,NULL,NULL,NULL,NULL,NULL,NULL,NULL,NULL,NULL,NULL,NULL,NULL,NULL,6,'07803981','20-07803981-8',1,NULL,NULL,NULL,NULL,NULL,NULL,NULL,NULL,NULL,0,0,0,0,0,1,NULL,NULL,5,NULL,NULL,0.00,0,0.00,0.00,0.00,NULL,NULL,NULL,'1969-12-31','1969-12-31',NULL,NULL,0,NULL,NULL,NULL,NULL,NULL,NULL,NULL,NULL,NULL,0,0,0,0,0,1.9500,100.00,0,0.00,NULL,NULL,NULL,NULL,NULL,NULL,'0',NULL,NULL,1,'2022-04-26 21:39:02','2022-04-26 21:39:02',NULL),(2,6649,40719,0,2,'GONZALEZ MARIO RAUL',NULL,NULL,NULL,NULL,NULL,NULL,NULL,NULL,NULL,NULL,NULL,NULL,NULL,NULL,NULL,NULL,6,'14495148','20-14495148-5',1,NULL,NULL,NULL,NULL,NULL,NULL,NULL,NULL,NULL,0,0,0,0,0,1,NULL,NULL,5,NULL,NULL,0.00,0,0.00,0.00,0.00,NULL,NULL,NULL,'1969-12-31','1969-12-31',NULL,NULL,0,NULL,NULL,NULL,NULL,NULL,NULL,NULL,NULL,NULL,0,0,0,0,0,1.9500,100.00,0,0.00,NULL,NULL,NULL,NULL,NULL,NULL,'0',NULL,NULL,1,'2022-04-26 21:39:02','2022-04-26 21:39:02',NULL),(3,6649,40719,0,3,'DALEFFE JULIAN AGUSTIN',NULL,NULL,NULL,NULL,NULL,NULL,NULL,NULL,NULL,NULL,NULL,NULL,NULL,NULL,NULL,NULL,6,'38142405','20-38142405-8',1,NULL,NULL,NULL,NULL,NULL,NULL,NULL,NULL,NULL,0,0,0,0,0,1,NULL,NULL,5,NULL,NULL,0.00,0,0.00,0.00,0.00,NULL,NULL,NULL,'1969-12-31','1969-12-31',NULL,NULL,0,NULL,NULL,NULL,NULL,NULL,NULL,NULL,NULL,NULL,0,0,0,0,0,1.9500,100.00,0,0.00,NULL,NULL,NULL,NULL,NULL,NULL,'0',NULL,NULL,1,'2022-04-26 21:39:02','2022-04-26 21:39:02',NULL),(4,6649,40719,0,4,'ARENA ALAN EZEQUIEL',NULL,NULL,NULL,NULL,NULL,NULL,NULL,NULL,NULL,NULL,NULL,NULL,NULL,NULL,NULL,NULL,6,'39670837','20-39670837-0',1,NULL,NULL,NULL,NULL,NULL,NULL,NULL,NULL,NULL,0,0,0,0,0,1,NULL,NULL,5,NULL,NULL,0.00,0,0.00,0.00,0.00,NULL,NULL,NULL,'1969-12-31','1969-12-31',NULL,NULL,0,NULL,NULL,NULL,NULL,NULL,NULL,NULL,NULL,NULL,0,0,0,0,0,1.9500,100.00,0,0.00,NULL,NULL,NULL,NULL,NULL,NULL,'0',NULL,NULL,1,'2022-04-26 21:39:02','2022-04-26 21:39:02',NULL),(5,6649,40719,0,5,'SALCEDO ALICIA CRISTINA',NULL,NULL,NULL,NULL,NULL,NULL,NULL,NULL,NULL,NULL,NULL,NULL,NULL,NULL,NULL,NULL,6,'23194493','24-23194493-8',1,NULL,NULL,NULL,NULL,NULL,NULL,NULL,NULL,NULL,0,0,0,0,0,1,NULL,NULL,5,NULL,NULL,0.00,0,0.00,0.00,0.00,NULL,NULL,NULL,'1969-12-31','1969-12-31',NULL,NULL,0,NULL,NULL,NULL,NULL,NULL,NULL,NULL,NULL,NULL,0,0,0,0,0,1.9500,100.00,0,0.00,NULL,NULL,NULL,NULL,NULL,NULL,'0',NULL,NULL,1,'2022-04-26 21:39:02','2022-04-26 21:39:02',NULL),(6,6649,40719,0,6,'MARTIN MARIA MERCEDES',NULL,NULL,NULL,NULL,NULL,NULL,NULL,NULL,NULL,NULL,NULL,NULL,NULL,NULL,NULL,NULL,6,'06424589','27-06424589-4',1,NULL,NULL,NULL,NULL,NULL,NULL,NULL,NULL,NULL,0,0,0,0,0,1,NULL,NULL,5,NULL,NULL,0.00,0,0.00,0.00,0.00,NULL,NULL,NULL,'2022-04-26','2022-04-26',NULL,NULL,0,NULL,NULL,NULL,NULL,NULL,NULL,NULL,NULL,NULL,0,0,0,0,0,1.9500,100.00,0,0.00,NULL,NULL,NULL,NULL,NULL,NULL,'0',NULL,NULL,1,'2022-04-26 21:39:02','2022-04-26 21:39:02',NULL),(7,6649,40719,0,7,'SANTIAGO STELLA MARIS',NULL,NULL,NULL,NULL,NULL,NULL,NULL,NULL,NULL,NULL,NULL,NULL,NULL,NULL,NULL,NULL,6,'13313874','27-13313874-4',1,NULL,NULL,NULL,NULL,NULL,NULL,NULL,NULL,NULL,0,0,0,0,0,1,NULL,NULL,5,NULL,NULL,0.00,0,0.00,0.00,0.00,NULL,NULL,NULL,'1969-12-31','1969-12-31',NULL,NULL,0,NULL,NULL,NULL,NULL,NULL,NULL,NULL,NULL,NULL,0,0,0,0,0,1.9500,100.00,0,0.00,NULL,NULL,NULL,NULL,NULL,NULL,'0',NULL,NULL,1,'2022-04-26 21:39:02','2022-04-26 21:39:02',NULL),(8,6649,40719,0,8,'MORANA ANALIA NIEVES',NULL,NULL,NULL,NULL,NULL,NULL,NULL,NULL,NULL,NULL,NULL,NULL,NULL,NULL,NULL,NULL,6,'21464834','27-21464834-8',1,NULL,NULL,NULL,NULL,NULL,NULL,NULL,NULL,NULL,0,0,0,0,0,1,NULL,NULL,5,NULL,NULL,0.00,0,0.00,0.00,0.00,NULL,NULL,NULL,'1969-12-31','1969-12-31',NULL,NULL,0,NULL,NULL,NULL,NULL,NULL,NULL,NULL,NULL,NULL,0,0,0,0,0,1.9500,100.00,0,0.00,NULL,NULL,NULL,NULL,NULL,NULL,'0',NULL,NULL,1,'2022-04-26 21:39:02','2022-04-26 21:39:02',NULL);
INSERT INTO `syj_empleados` VALUES (9,6649,40719,0,9,'BAILONI MARIA FERNANDA',NULL,NULL,NULL,NULL,NULL,NULL,NULL,NULL,NULL,NULL,NULL,NULL,NULL,NULL,NULL,NULL,6,'21473034','27-21473034-6',1,NULL,NULL,NULL,NULL,NULL,NULL,NULL,NULL,NULL,0,0,0,0,0,1,NULL,NULL,5,NULL,NULL,0.00,0,0.00,0.00,0.00,NULL,NULL,NULL,'1969-12-31','1969-12-31',NULL,NULL,0,NULL,NULL,NULL,NULL,NULL,NULL,NULL,NULL,NULL,0,0,0,0,0,1.9500,100.00,0,0.00,NULL,NULL,NULL,NULL,NULL,NULL,'0',NULL,NULL,1,'2022-04-26 21:39:02','2022-04-26 21:39:02',NULL),(10,6649,40719,0,10,'ANDRADA ROSANA FABIANA',NULL,NULL,NULL,NULL,NULL,NULL,NULL,NULL,NULL,NULL,NULL,NULL,NULL,NULL,NULL,NULL,6,'21820315','27-21820315-4',1,NULL,NULL,NULL,NULL,NULL,NULL,NULL,NULL,NULL,0,0,0,0,0,1,NULL,NULL,5,NULL,NULL,0.00,0,0.00,0.00,0.00,NULL,NULL,NULL,'1969-12-31','1969-12-31',NULL,NULL,0,NULL,NULL,NULL,NULL,NULL,NULL,NULL,NULL,NULL,0,0,0,0,0,1.9500,100.00,0,0.00,NULL,NULL,NULL,NULL,NULL,NULL,'0',NULL,NULL,1,'2022-04-26 21:39:02','2022-04-26 21:39:02',NULL),(11,6649,40719,0,11,'CAPCHEY ESTELA KARINA',NULL,NULL,NULL,NULL,NULL,NULL,NULL,NULL,NULL,NULL,NULL,NULL,NULL,NULL,NULL,NULL,6,'22243600','27-22243600-7',1,NULL,NULL,NULL,NULL,NULL,NULL,NULL,NULL,NULL,0,0,0,0,0,1,NULL,NULL,5,NULL,NULL,0.00,0,0.00,0.00,0.00,NULL,NULL,NULL,'2022-04-26','2022-04-26',NULL,NULL,0,NULL,NULL,NULL,NULL,NULL,NULL,NULL,NULL,NULL,0,0,0,0,0,1.9500,100.00,0,0.00,NULL,NULL,NULL,NULL,NULL,NULL,'0',NULL,NULL,1,'2022-04-26 21:39:02','2022-04-26 21:39:02',NULL),(12,6649,40719,0,12,'MAZA NORMA ESTELA',NULL,NULL,NULL,NULL,NULL,NULL,NULL,NULL,NULL,NULL,NULL,NULL,NULL,NULL,NULL,NULL,6,'22611335','27-22611335-0',1,NULL,NULL,NULL,NULL,NULL,NULL,NULL,NULL,NULL,0,0,0,0,0,1,NULL,NULL,5,NULL,NULL,0.00,0,0.00,0.00,0.00,NULL,NULL,NULL,'1969-12-31','1969-12-31',NULL,NULL,0,NULL,NULL,NULL,NULL,NULL,NULL,NULL,NULL,NULL,0,0,0,0,0,1.9500,100.00,0,0.00,NULL,NULL,NULL,NULL,NULL,NULL,'0',NULL,NULL,1,'2022-04-26 21:39:02','2022-04-26 21:39:02',NULL),(13,6649,40719,0,13,'QUINTANA ALEJANDRA',NULL,NULL,NULL,NULL,NULL,NULL,NULL,NULL,NULL,NULL,NULL,NULL,NULL,NULL,NULL,NULL,6,'24544000','27-24544000-1',1,NULL,NULL,NULL,NULL,NULL,NULL,NULL,NULL,NULL,0,0,0,0,0,1,NULL,NULL,5,NULL,NULL,0.00,0,0.00,0.00,0.00,NULL,NULL,NULL,'2022-04-26','2022-04-26',NULL,NULL,0,NULL,NULL,NULL,NULL,NULL,NULL,NULL,NULL,NULL,0,0,0,0,0,1.9500,100.00,0,0.00,NULL,NULL,NULL,NULL,NULL,NULL,'0',NULL,NULL,1,'2022-04-26 21:39:02','2022-04-26 21:39:02',NULL),(14,6649,40719,0,14,'GALOTTO MARIA FERNANDA',NULL,NULL,NULL,NULL,NULL,NULL,NULL,NULL,NULL,NULL,NULL,NULL,NULL,NULL,NULL,NULL,6,'25594050','27-25594050-9',1,NULL,NULL,NULL,NULL,NULL,NULL,NULL,NULL,NULL,0,0,0,0,0,1,NULL,NULL,5,NULL,NULL,0.00,0,0.00,0.00,0.00,NULL,NULL,NULL,'1969-12-31','1969-12-31',NULL,NULL,0,NULL,NULL,NULL,NULL,NULL,NULL,NULL,NULL,NULL,0,0,0,0,0,1.9500,100.00,0,0.00,NULL,NULL,NULL,NULL,NULL,NULL,'0',NULL,NULL,1,'2022-04-26 21:39:02','2022-04-26 21:39:02',NULL),(15,6649,40719,0,15,'MELGAREJO ROLON SILVIA NOEMI',NULL,NULL,NULL,NULL,NULL,NULL,NULL,NULL,NULL,NULL,NULL,NULL,NULL,NULL,NULL,NULL,6,'25600578','27-25600578-1',1,NULL,NULL,NULL,NULL,NULL,NULL,NULL,NULL,NULL,0,0,0,0,0,1,NULL,NULL,5,NULL,NULL,0.00,0,0.00,0.00,0.00,NULL,NULL,NULL,'2022-04-27','2022-04-27',NULL,NULL,0,NULL,NULL,NULL,NULL,NULL,NULL,NULL,NULL,NULL,0,0,0,0,0,1.9500,100.00,0,0.00,NULL,NULL,NULL,NULL,NULL,NULL,'0',NULL,NULL,1,'2022-04-26 21:39:02','2022-04-26 21:39:02',NULL),(16,6649,40719,0,16,'LOHN SILVINA GABRIELA',NULL,NULL,NULL,NULL,NULL,NULL,NULL,NULL,NULL,NULL,NULL,NULL,NULL,NULL,NULL,NULL,6,'25732420','27-25732420-1',1,NULL,NULL,NULL,NULL,NULL,NULL,NULL,NULL,NULL,0,0,0,0,0,1,NULL,NULL,5,NULL,NULL,0.00,0,0.00,0.00,0.00,NULL,NULL,NULL,'2022-04-27','2022-04-27',NULL,NULL,0,NULL,NULL,NULL,NULL,NULL,NULL,NULL,NULL,NULL,0,0,0,0,0,1.9500,100.00,0,0.00,NULL,NULL,NULL,NULL,NULL,NULL,'0',NULL,NULL,1,'2022-04-26 21:39:02','2022-04-26 21:39:02',NULL);
INSERT INTO `syj_empleados` VALUES (17,6649,40719,0,17,'LAUDARI SILVINA VALERIA',NULL,NULL,NULL,NULL,NULL,NULL,NULL,NULL,NULL,NULL,NULL,NULL,NULL,NULL,NULL,NULL,6,'27241402','27-27241402-0',1,NULL,NULL,NULL,NULL,NULL,NULL,NULL,NULL,NULL,0,0,0,0,0,1,NULL,NULL,5,NULL,NULL,0.00,0,0.00,0.00,0.00,NULL,NULL,NULL,'2008-12-01','2008-12-01',NULL,NULL,0,NULL,NULL,NULL,NULL,NULL,NULL,NULL,NULL,NULL,0,0,0,0,0,1.9500,100.00,0,0.00,NULL,NULL,NULL,NULL,NULL,NULL,'0',NULL,NULL,1,'2022-04-26 21:39:02','2022-04-26 21:39:02',NULL),(18,6649,40719,0,18,'CORDOBA VANINA JAEL',NULL,NULL,NULL,NULL,NULL,NULL,NULL,NULL,NULL,NULL,NULL,NULL,NULL,NULL,NULL,NULL,6,'28095197','27-28095197-3',1,NULL,NULL,NULL,NULL,NULL,NULL,NULL,NULL,NULL,0,0,0,0,0,1,NULL,NULL,5,NULL,NULL,0.00,0,0.00,0.00,0.00,NULL,NULL,NULL,'1969-12-31','1969-12-31',NULL,NULL,0,NULL,NULL,NULL,NULL,NULL,NULL,NULL,NULL,NULL,0,0,0,0,0,1.9500,100.00,0,0.00,NULL,NULL,NULL,NULL,NULL,NULL,'0',NULL,NULL,1,'2022-04-26 21:39:02','2022-04-26 21:39:02',NULL),(19,6649,40719,0,19,'GONZALEZ MARISA BELEN',NULL,NULL,NULL,NULL,NULL,NULL,NULL,NULL,NULL,NULL,NULL,NULL,NULL,NULL,NULL,NULL,6,'28761971','27-28761971-0',1,NULL,NULL,NULL,NULL,NULL,NULL,NULL,NULL,NULL,0,0,0,0,0,1,NULL,NULL,5,NULL,NULL,0.00,0,0.00,0.00,0.00,NULL,NULL,NULL,'1969-12-31','1969-12-31',NULL,NULL,0,NULL,NULL,NULL,NULL,NULL,NULL,NULL,NULL,NULL,0,0,0,0,0,1.9500,100.00,0,0.00,NULL,NULL,NULL,NULL,NULL,NULL,'0',NULL,NULL,1,'2022-04-26 21:39:02','2022-04-26 21:39:02',NULL),(20,6649,40719,0,20,'SOTELO SILVINA SOLEDAD',NULL,NULL,NULL,NULL,NULL,NULL,NULL,NULL,NULL,NULL,NULL,NULL,NULL,NULL,NULL,NULL,6,'35137612','27-35137612-6',1,NULL,NULL,NULL,NULL,NULL,NULL,NULL,NULL,NULL,0,0,0,0,0,1,NULL,NULL,5,NULL,NULL,0.00,0,0.00,0.00,0.00,NULL,NULL,NULL,'1969-12-31','1969-12-31',NULL,NULL,0,NULL,NULL,NULL,NULL,NULL,NULL,NULL,NULL,NULL,0,0,0,0,0,1.9500,100.00,0,0.00,NULL,NULL,NULL,NULL,NULL,NULL,'0',NULL,NULL,1,'2022-04-26 21:39:02','2022-04-26 21:39:02',NULL),(21,6649,40719,0,21,'SANCHEZ URREA MARIA ISABEL',NULL,NULL,NULL,NULL,NULL,NULL,NULL,NULL,NULL,NULL,NULL,NULL,NULL,NULL,NULL,NULL,6,'92536452','27-92536452-0',1,NULL,NULL,NULL,NULL,NULL,NULL,NULL,NULL,NULL,0,0,0,0,0,1,NULL,NULL,5,NULL,NULL,0.00,0,0.00,0.00,0.00,NULL,NULL,NULL,'2022-04-27','2022-04-27',NULL,NULL,0,NULL,NULL,NULL,NULL,NULL,NULL,NULL,NULL,NULL,0,0,0,0,0,1.9500,100.00,0,0.00,NULL,NULL,NULL,NULL,NULL,NULL,'0',NULL,NULL,1,'2022-04-26 21:39:02','2022-04-26 21:39:02',NULL),(22,6649,40746,0,1,'GRASSANO ELIO DOMINGO',NULL,'1949-09-19',1,1,7,1,NULL,9,NULL,NULL,NULL,NULL,NULL,NULL,NULL,NULL,6,'07803981','20-07803981-8',1,NULL,2,NULL,5,NULL,NULL,'0140042703512050907253',2,2,0,0,0,0,0,1,NULL,NULL,36,214,1,221660.00,0,0.00,7.00,0.00,3,3,1,'2015-08-18','2015-08-18',NULL,NULL,0,2,2,2,3,50,4,1,2,1,0,0,0,0,0,2.3400,238.00,1,0.00,2,'01',2,'00',2,'00','0',NULL,NULL,1,'2022-06-14 01:03:36','2023-08-17 22:20:52',NULL),(23,6649,40746,0,2,'GONZALEZ MARIO RAUL',NULL,'1961-07-12',1,1,6,1,NULL,9,NULL,NULL,NULL,NULL,NULL,NULL,NULL,NULL,6,'14495148','20-14495148-5',1,NULL,79,NULL,5,NULL,NULL,'0140042703512050907178',2,2,0,0,0,0,0,1,NULL,NULL,36,220,1,224322.00,0,0.00,8.00,0.00,2,2,1,'2001-09-01','2001-09-01',NULL,NULL,0,2,2,2,2,50,4,1,2,1,0,0,0,0,0,2.3400,238.00,1,0.00,2,'01',2,'00',2,'00','0',NULL,NULL,1,'2022-06-14 01:03:36','2023-08-17 22:25:46',NULL),(24,6649,40746,0,3,'DALEFFE JULIAN AGUSTIN',NULL,'1994-07-07',2,1,5,1,NULL,9,NULL,NULL,NULL,NULL,NULL,NULL,NULL,NULL,6,'38142405','20-38142405-8',1,NULL,79,NULL,5,NULL,NULL,'0140042703512054074513',3,3,0,0,0,0,0,1,NULL,NULL,36,213,1,233138.00,0,0.00,6.00,0.00,6,8,2,'2015-09-01','2015-09-01',NULL,NULL,0,2,2,2,2,50,4,1,2,1,0,0,0,0,0,2.3400,238.00,1,0.00,2,'01',2,'00',2,'00','0',NULL,NULL,1,'2022-06-14 01:03:36','2023-08-17 22:20:10',NULL);
INSERT INTO `syj_empleados` VALUES (25,6649,40746,0,4,'ARENA ALAN EZEQUIEL',NULL,'1996-05-29',1,1,5,1,NULL,9,NULL,NULL,NULL,NULL,NULL,NULL,NULL,NULL,6,'39670837','20-39670837-0',1,NULL,79,NULL,5,NULL,NULL,'0140042703512054348902',3,3,0,0,0,0,0,1,NULL,NULL,36,213,1,233138.00,0,0.00,6.00,0.00,6,8,2,'2016-03-01','2016-03-01',NULL,NULL,0,2,2,2,2,50,4,1,2,1,0,0,0,0,0,2.3400,238.00,1,0.00,2,'01',2,'00',2,'00','0',NULL,NULL,1,'2022-06-14 01:03:36','2023-08-17 22:20:10',NULL),(26,6649,40746,0,5,'SALCEDO ALICIA CRISTINA',NULL,'1973-05-31',2,1,5,1,NULL,9,NULL,NULL,NULL,NULL,NULL,NULL,NULL,NULL,6,'23194493','24-23194493-8',3,NULL,79,NULL,5,NULL,NULL,'0140042703512054349042',4,4,0,0,0,0,0,1,NULL,NULL,36,221,1,213855.00,0,0.00,4.00,0.00,5,6,3,'2016-03-01','2016-03-01','2023-05-05',7,0,2,2,2,2,50,4,1,2,1,0,0,0,0,0,2.3400,238.00,1,0.00,2,'01',2,'00',2,'00','0',NULL,NULL,1,'2022-06-14 01:03:36','2023-08-17 22:27:04',NULL),(27,6649,40746,0,6,'MARTIN MARIA MERCEDES',NULL,'1950-12-27',2,1,6,4,NULL,9,NULL,NULL,NULL,NULL,NULL,NULL,NULL,NULL,6,'06424589','27-06424589-4',1,NULL,2,NULL,5,NULL,NULL,'0140042703512053417874',3,3,0,0,0,0,0,1,NULL,NULL,36,220,1,224322.00,0,0.00,5.00,0.00,2,5,2,'2014-05-02','2014-05-02',NULL,NULL,0,2,2,2,3,50,4,1,2,1,0,0,0,0,0,2.3400,238.00,1,0.00,2,'01',2,'00',2,'00','0',NULL,NULL,1,'2022-06-14 01:03:37','2023-08-17 22:25:46',NULL),(28,6649,40746,0,7,'SANTIAGO STELLA MARIS',NULL,'1959-05-11',2,1,5,1,NULL,9,NULL,NULL,NULL,NULL,NULL,NULL,NULL,NULL,6,'13313874','27-13313874-4',1,NULL,2,NULL,5,NULL,NULL,'0140042703512050908225',2,2,0,0,0,0,0,1,NULL,NULL,36,212,1,241677.00,0,0.00,7.00,0.00,1,1,1,'2019-12-01','2019-12-01',NULL,NULL,0,2,2,2,3,50,4,1,2,1,0,0,0,0,0,2.3400,238.00,1,0.00,2,'01',2,'00',2,'00','0',NULL,NULL,1,'2022-06-14 01:03:37','2023-08-17 22:19:22',NULL),(29,6649,40746,0,8,'MORANA ANALIA NIEVES',NULL,'1970-02-14',2,1,3,1,NULL,9,NULL,NULL,NULL,NULL,NULL,NULL,NULL,NULL,6,'21464834','27-21464834-8',1,NULL,143,NULL,5,NULL,NULL,'0140042703512050907840',3,3,0,0,0,0,0,1,NULL,NULL,36,210,1,266102.00,0,0.00,8.00,0.00,4,4,2,'2001-01-01','2001-01-01',NULL,NULL,0,2,2,2,2,50,4,1,2,1,0,0,0,0,0,2.3400,238.00,1,0.00,2,'01',2,'00',2,'00','0',NULL,NULL,1,'2022-06-14 01:03:37','2023-08-17 22:17:41',NULL),(30,6649,40746,0,9,'BAILONI MARIA FERNANDA',NULL,'1969-12-31',2,1,6,1,NULL,9,NULL,NULL,NULL,NULL,NULL,NULL,NULL,NULL,6,'21473034','27-21473034-6',1,NULL,79,NULL,5,NULL,NULL,'0140042703512052336150',4,4,0,0,0,0,0,1,NULL,NULL,36,220,1,224322.00,0,0.00,8.00,0.00,2,10,3,'2011-07-01','2011-07-01',NULL,NULL,0,2,2,2,2,50,4,1,2,1,0,0,0,0,0,2.3400,238.00,1,0.00,2,'01',2,'00',2,'00','0',NULL,NULL,1,'2022-06-14 01:03:37','2023-08-17 22:25:46',NULL),(31,6649,40746,0,10,'ANDRADA ROSANA FABIANA',NULL,'1970-08-29',2,1,4,1,NULL,9,NULL,NULL,NULL,NULL,NULL,NULL,NULL,NULL,6,'21820315','27-21820315-4',1,NULL,79,NULL,5,NULL,NULL,'0140042703512051433579',4,4,0,0,0,0,0,1,NULL,NULL,36,210,1,266102.00,0,0.00,8.00,0.00,4,4,3,'1994-09-01','1994-09-01',NULL,NULL,0,2,2,2,2,50,4,1,2,1,0,0,0,0,0,2.3400,238.00,1,0.00,2,'01',2,'00',2,'00','0',NULL,NULL,1,'2022-06-14 01:03:37','2023-08-17 22:17:41',NULL),(32,6649,40746,0,11,'CAPCHEY ESTELA KARINA',NULL,'1971-11-02',2,1,5,1,NULL,9,NULL,NULL,NULL,NULL,NULL,NULL,NULL,NULL,6,'22243600','27-22243600-7',1,NULL,79,NULL,5,NULL,NULL,'0140042703512053703704',4,4,0,0,0,0,0,1,NULL,NULL,36,221,1,213855.00,0,0.00,8.00,0.00,5,11,3,'2015-01-05','2015-01-05',NULL,NULL,0,2,2,2,2,50,4,1,2,1,0,0,0,0,0,2.3400,238.00,1,0.00,2,'01',2,'00',2,'00','0',NULL,NULL,1,'2022-06-14 01:03:37','2023-08-17 22:27:04',NULL),(33,6649,40746,0,12,'MAZA NORMA ESTELA',NULL,'1972-05-13',2,1,7,1,NULL,9,NULL,NULL,NULL,NULL,NULL,NULL,NULL,NULL,6,'22611335','27-22611335-0',1,NULL,79,NULL,5,NULL,NULL,'0140042703512053703964',4,4,0,0,0,0,0,1,NULL,NULL,36,221,1,213855.00,0,0.00,8.00,0.00,5,12,3,'2015-01-05','2015-01-05',NULL,NULL,0,2,2,2,2,50,4,1,2,1,0,0,0,0,0,2.3400,238.00,1,0.00,2,'01',2,'00',2,'00','0',NULL,NULL,1,'2022-06-14 01:03:37','2023-08-17 22:27:04',NULL);
INSERT INTO `syj_empleados` VALUES (34,6649,40746,0,13,'QUINTANA ALEJANDRA',NULL,'1975-07-22',2,1,6,1,NULL,9,NULL,NULL,NULL,NULL,NULL,NULL,NULL,NULL,6,'24544000','27-24544000-1',1,NULL,79,NULL,5,NULL,NULL,'0140042703512050908065',3,3,0,0,0,0,0,1,NULL,NULL,36,212,1,241677.00,0,0.00,6.00,0.00,1,7,2,'2007-04-16','2007-04-16',NULL,NULL,0,2,2,2,2,50,4,1,2,1,0,0,0,0,0,2.3400,238.00,1,0.00,2,'01',2,'00',2,'00','0',NULL,NULL,1,'2022-06-14 01:03:37','2023-08-17 22:19:22',NULL),(35,6649,40746,0,14,'GALOTTO MARIA FERNANDA',NULL,'1977-01-12',2,1,5,1,NULL,9,NULL,NULL,NULL,NULL,NULL,NULL,NULL,NULL,6,'25594050','27-25594050-9',1,NULL,79,NULL,5,NULL,NULL,'0140042703512051433654',3,3,0,0,0,0,0,1,NULL,NULL,36,213,1,233138.00,0,0.00,6.00,0.00,6,7,2,'2010-01-01','2010-01-01',NULL,NULL,0,2,2,14,2,50,4,1,2,1,0,0,0,0,0,2.3400,238.00,1,0.00,14,'01',14,'00',14,'00','0',NULL,NULL,1,'2022-06-14 01:03:37','2023-08-17 23:08:39',NULL),(36,6649,40746,0,15,'MELGAREJO ROLON SILVIA NOEMI',NULL,'1976-11-18',2,1,5,1,NULL,9,NULL,NULL,NULL,NULL,NULL,NULL,NULL,NULL,6,'25600578','27-25600578-1',1,NULL,79,NULL,5,NULL,NULL,'0140042703512054980072',4,4,0,0,0,0,0,1,NULL,NULL,36,221,1,213855.00,0,0.00,8.00,0.00,5,11,3,'2017-07-03','2017-07-03',NULL,NULL,0,2,2,2,2,50,4,1,2,1,0,0,0,0,0,2.3400,238.00,1,0.00,2,'01',2,'00',2,'00','0',NULL,NULL,1,'2022-06-14 01:03:37','2023-08-17 22:27:04',NULL),(37,6649,40746,0,16,'LOHN SILVINA GABRIELA',NULL,'1976-11-21',2,1,7,1,NULL,9,NULL,NULL,NULL,NULL,NULL,NULL,NULL,NULL,6,'25732420','27-25732420-1',1,NULL,79,NULL,5,NULL,NULL,'0140042703512050907765',3,3,0,0,0,0,0,1,NULL,NULL,36,220,1,224322.00,0,0.00,8.00,0.00,2,6,2,'2006-08-01','2006-08-01',NULL,NULL,0,2,2,2,2,50,4,1,2,1,0,0,0,0,0,2.3400,238.00,1,0.00,2,'01',2,'00',2,'00','0',NULL,NULL,1,'2022-06-14 01:03:37','2023-08-17 22:25:46',NULL),(38,6649,40746,0,17,'LAUDARI SILVINA VALERIA',NULL,'1979-05-07',2,1,6,1,NULL,9,NULL,NULL,NULL,NULL,NULL,NULL,NULL,NULL,6,'27241402','27-27241402-0',1,NULL,79,NULL,5,NULL,NULL,'0140042703512050907413',3,3,0,0,0,0,0,1,NULL,NULL,36,220,1,224322.00,0,0.00,6.00,0.00,2,5,2,'2008-12-01','2008-12-01',NULL,NULL,0,2,2,2,2,50,4,1,2,1,0,0,0,0,0,2.3400,238.00,1,0.00,2,'01',2,'00',2,'00','0',NULL,NULL,1,'2022-06-14 01:03:37','2023-08-17 22:25:46',NULL),(39,6649,40746,0,18,'CORDOBA VANINA JAEL',NULL,'1980-04-30',2,1,6,1,NULL,9,NULL,NULL,NULL,NULL,NULL,NULL,NULL,NULL,6,'28095197','27-28095197-3',1,NULL,129,NULL,5,NULL,NULL,'0140042703512050906878',3,3,0,0,0,0,0,1,NULL,NULL,36,212,1,241677.00,0,0.00,6.00,0.00,1,1,2,'2001-09-01','2001-09-01',NULL,NULL,0,2,2,2,2,50,4,1,2,1,0,0,0,0,0,2.3400,238.00,1,0.00,2,'01',2,'00',2,'00','0',NULL,NULL,1,'2022-06-14 01:03:37','2023-08-17 22:19:22',NULL),(40,6649,40746,0,19,'GONZALEZ MARISA BELEN',NULL,'1981-06-10',2,1,6,1,NULL,9,NULL,NULL,NULL,NULL,NULL,NULL,NULL,NULL,6,'28761971','27-28761971-0',2,NULL,79,NULL,5,NULL,NULL,'0140042703512051806788',3,3,0,0,0,0,0,1,NULL,NULL,36,213,1,233138.00,0,0.00,6.00,0.00,6,7,2,'2011-01-02','2011-01-02',NULL,2,0,2,2,2,2,50,4,1,2,1,0,0,0,0,0,2.3400,238.00,1,0.00,2,'01',2,'00',2,'00','0',NULL,NULL,1,'2022-06-14 01:03:37','2023-08-17 22:20:10',NULL),(41,6649,40746,0,20,'SOTELO SILVINA SOLEDAD',NULL,'1989-12-31',2,1,6,1,NULL,9,NULL,NULL,NULL,NULL,NULL,NULL,NULL,NULL,6,'35137612','27-35137612-6',1,NULL,79,NULL,5,NULL,NULL,'0140042703512054557409',3,3,0,0,0,0,0,1,NULL,NULL,36,220,1,224322.00,0,0.00,8.00,0.00,2,9,2,'2016-08-01','2016-08-01',NULL,NULL,0,2,2,2,2,50,4,1,2,1,0,0,0,0,0,2.3400,238.00,1,0.00,2,'01',2,'00',2,'00','0',NULL,NULL,1,'2022-06-14 01:03:37','2023-08-17 22:25:46',NULL),(42,6649,40746,0,21,'SANCHEZ URREA MARIA ISABEL',NULL,'1957-04-30',2,1,7,1,NULL,9,NULL,NULL,NULL,NULL,NULL,NULL,NULL,NULL,6,'92536452','27-92536452-0',1,NULL,79,NULL,5,NULL,NULL,'0140042703512052336402',4,4,0,0,0,0,0,1,NULL,NULL,36,221,1,213855.00,0,0.00,8.00,0.00,5,11,3,'2011-07-01','2011-07-01',NULL,NULL,0,2,2,2,2,50,4,1,2,1,0,0,0,0,0,2.3400,238.00,1,0.00,2,'01',2,'00',2,'00','0',NULL,NULL,1,'2022-06-14 01:03:37','2023-08-17 22:27:04',NULL);
INSERT INTO `syj_empleados` VALUES (43,6649,40747,0,1,'CORDOBA EDUARDO ARIEL',NULL,'1976-06-09',1,1,5,1,NULL,2,NULL,NULL,NULL,NULL,NULL,NULL,NULL,NULL,6,'24959570','20-24959570-6',1,NULL,161,NULL,5,NULL,NULL,'0290035310000050134189',6,6,0,0,0,0,0,1,NULL,NULL,37,224,2,777.59,0,0.00,10.80,0.00,8,14,4,'2000-04-01','2000-04-01',NULL,NULL,0,2,2,2,2,50,4,1,2,1,0,0,0,0,0,11.5320,200.00,0,0.00,2,'01',2,'00',2,'00','0',NULL,NULL,1,'2022-08-15 20:18:35','2023-04-10 16:28:42',NULL),(44,6649,40747,0,2,'PAREDES SOTELO ANIBAL CRISPIN',NULL,'1975-04-20',1,1,5,1,NULL,3,NULL,NULL,NULL,NULL,NULL,NULL,NULL,NULL,6,'94965466','20-94965466-5',1,NULL,25,NULL,5,NULL,NULL,'0290035310000050134493',6,6,0,0,0,0,0,1,NULL,NULL,37,224,2,777.59,0,0.00,10.80,0.00,8,14,4,'2007-04-01','2007-04-01',NULL,NULL,0,2,2,2,2,50,4,1,2,1,0,0,0,0,0,11.5320,200.00,1,0.00,2,'01',2,'00',2,'00','0',NULL,NULL,1,'2022-08-15 20:18:35','2023-04-10 16:28:42',NULL),(45,6649,40747,0,3,'RAMIREZ OLGA BENITA',NULL,NULL,NULL,NULL,NULL,NULL,NULL,NULL,NULL,NULL,NULL,NULL,NULL,NULL,NULL,NULL,6,'11008575','27-11008575-9',1,NULL,NULL,NULL,NULL,NULL,NULL,NULL,NULL,NULL,0,0,0,0,0,1,NULL,NULL,5,NULL,NULL,0.00,0,0.00,0.00,0.00,NULL,NULL,NULL,'1994-07-01','1994-07-01',NULL,NULL,0,NULL,NULL,NULL,NULL,NULL,NULL,NULL,NULL,NULL,0,0,0,0,0,11.5320,133.00,0,0.00,NULL,NULL,NULL,NULL,NULL,NULL,'0',NULL,NULL,1,'2022-08-15 20:18:35','2022-10-20 16:03:17','2022-10-20 16:03:17'),(46,6649,40747,0,4,'MARTINEZ MARTA MABEL',NULL,'1967-06-18',2,1,5,1,NULL,3,NULL,NULL,NULL,NULL,NULL,NULL,NULL,NULL,6,'18527405','27-18527405-0',1,NULL,25,NULL,5,NULL,NULL,'0290035310000050134561',6,6,0,0,0,0,0,1,NULL,NULL,37,225,2,836.78,0,0.00,10.80,0.00,8,14,4,'2003-11-01','2003-11-01',NULL,NULL,0,2,2,2,2,50,4,1,2,1,0,0,0,0,0,11.5320,200.00,1,0.00,2,'01',2,'00',2,'00','0',NULL,NULL,1,'2022-08-15 20:18:35','2023-04-10 16:28:51',NULL),(47,6649,40747,0,5,'SAMPIETRO SONIA VANESA',NULL,'1983-09-04',2,1,5,1,NULL,3,NULL,NULL,NULL,NULL,NULL,NULL,NULL,NULL,6,'30477215','27-30477215-3',1,NULL,25,NULL,5,NULL,NULL,'0290035310000050134639',6,6,0,0,0,0,0,1,NULL,NULL,37,227,1,160934.00,0,0.00,8.00,0.00,9,15,5,'2013-08-01','2013-08-01',NULL,NULL,0,2,2,2,2,50,4,1,2,1,0,0,0,0,0,11.5320,200.00,1,0.00,2,'01',2,'00',2,'00','0',NULL,NULL,1,'2022-08-15 20:18:35','2023-04-10 16:37:15',NULL),(48,6649,40749,0,1,'MAS CARLOS FABIAN',NULL,'2023-02-09',1,1,5,1,NULL,1,'PEDRO GOYENA','973','PB',NULL,'1424',NULL,NULL,NULL,6,'24872664','20-24872664-5',1,NULL,84,NULL,1,NULL,NULL,NULL,8,8,1,0,0,0,0,1,NULL,NULL,39,256,1,144937.00,0,0.00,8.00,0.00,10,16,7,'1997-07-01','1997-07-01',NULL,NULL,0,2,2,2,2,50,4,1,1,1,0,0,0,0,0,4.7880,200.00,1,0.00,2,'01',2,'00',2,'00','0',NULL,NULL,1,'2023-02-08 23:45:43','2023-04-12 02:09:05',NULL),(49,6649,40755,0,1,'BOBADILLA CLAUDIA GISELA',NULL,NULL,NULL,NULL,NULL,NULL,NULL,NULL,NULL,NULL,NULL,NULL,NULL,NULL,NULL,NULL,6,'28732368','27-28732368-4',1,NULL,NULL,NULL,NULL,NULL,NULL,NULL,NULL,NULL,0,0,0,0,0,1,NULL,NULL,5,NULL,NULL,0.00,0,0.00,0.00,0.00,NULL,NULL,NULL,'1969-12-31','1969-12-31',NULL,NULL,0,NULL,NULL,NULL,NULL,NULL,NULL,NULL,NULL,NULL,0,0,0,0,0,2.0150,183.00,0,0.00,NULL,NULL,NULL,NULL,NULL,NULL,'0',NULL,NULL,1,'2023-02-13 22:50:46','2023-02-13 23:09:04','2023-02-13 23:09:04'),(50,6649,40750,0,1,'BOBADILLA CLAUDIA GISELA',NULL,'1981-04-12',2,1,6,1,NULL,1,NULL,NULL,NULL,NULL,NULL,NULL,NULL,NULL,6,'28732368','27-28732368-4',1,NULL,84,NULL,5,NULL,NULL,'0720167388000037301772',9,9,0,0,0,0,0,1,NULL,NULL,38,243,1,81529.00,0,0.00,5.00,0.00,11,17,8,'1969-12-31','1969-12-31',NULL,NULL,0,2,2,2,2,50,1,1,1,1,0,0,0,0,0,5.1800,183.00,0,0.00,2,'01',2,'1',2,'1','0',NULL,NULL,1,'2023-02-13 23:09:36','2023-02-15 09:43:34',NULL);
INSERT INTO `syj_empleados` VALUES (51,6649,40753,0,1,'LEDESMA PAULA VERONICA',NULL,NULL,NULL,NULL,NULL,NULL,NULL,NULL,NULL,NULL,NULL,NULL,NULL,NULL,NULL,NULL,6,'25912466','27-25912466-8',1,NULL,NULL,NULL,NULL,NULL,NULL,NULL,NULL,NULL,0,0,0,0,0,1,NULL,NULL,5,NULL,NULL,0.00,0,0.00,0.00,0.00,NULL,NULL,NULL,'1969-12-31','1969-12-31',NULL,NULL,0,NULL,NULL,NULL,NULL,NULL,NULL,NULL,NULL,NULL,0,0,0,0,0,7.4400,183.00,0,0.00,NULL,NULL,NULL,NULL,NULL,NULL,'0',NULL,NULL,1,'2023-02-14 10:14:52','2023-02-14 10:14:52',NULL),(52,6649,40751,0,1,'WILCHES HOYOS ALEXA LUZ DAY',NULL,'2023-04-18',2,1,6,1,NULL,1,NULL,NULL,NULL,NULL,NULL,NULL,NULL,NULL,6,'19023790','27-19023790-2',1,NULL,84,NULL,4,NULL,NULL,'0720167388000037847472',10,10,0,0,0,0,0,1,NULL,NULL,39,258,1,82108.00,0,0.00,4.00,82108.00,12,18,9,'2019-04-04','2019-04-04',NULL,NULL,0,2,2,2,2,141,1,1,1,1,0,0,0,0,0,5.9200,200.00,1,78.36,2,'01',2,'00',2,'00','0',NULL,NULL,1,'2023-02-14 10:16:02','2023-04-18 02:34:14',NULL),(53,6649,40755,0,1,'VILLALBA LAURA MARGOT',NULL,'1971-07-21',2,1,5,1,NULL,1,'mmm','1010',NULL,NULL,NULL,NULL,NULL,NULL,6,'22107061','27-22107061-0',1,NULL,227,NULL,1,NULL,NULL,NULL,13,13,1,0,0,0,0,1,NULL,NULL,39,259,1,166019.00,0,0.00,8.00,0.00,16,22,13,'2008-06-13','2008-06-13',NULL,NULL,0,2,2,2,2,50,4,1,1,1,0,1,0,1,0,2.0150,183.00,1,37.21,2,'01',2,'00',2,'00','0',NULL,NULL,1,'2023-02-14 10:17:52','2023-06-09 00:17:09',NULL),(54,6649,40752,0,1,'GONZALEZ ZULMA',NULL,'2023-04-12',2,1,6,1,NULL,1,NULL,NULL,NULL,NULL,NULL,NULL,NULL,NULL,6,'17993713','27-17993713-7',1,NULL,84,NULL,1,NULL,NULL,NULL,11,11,0,0,0,0,0,1,NULL,NULL,39,258,1,82108.00,0,0.00,4.00,0.00,13,19,10,'2012-02-01','2012-02-01',NULL,NULL,0,2,2,2,2,50,1,1,1,1,0,0,0,0,0,5.9500,200.00,0,0.00,2,'01',2,'00',2,'00','0',NULL,NULL,1,'2023-02-14 10:18:45','2023-04-18 02:17:08',NULL),(55,6649,40754,0,1,'SAYAGO ROBERTO EDUARDO',NULL,NULL,NULL,NULL,NULL,NULL,NULL,NULL,NULL,NULL,NULL,NULL,NULL,NULL,NULL,NULL,6,'24707019','20-24707019-3',1,NULL,NULL,NULL,NULL,NULL,NULL,NULL,NULL,NULL,0,0,0,0,0,1,NULL,NULL,5,NULL,NULL,0.00,0,0.00,0.00,0.00,NULL,NULL,NULL,'1969-12-31','1969-12-31',NULL,NULL,0,NULL,NULL,NULL,NULL,NULL,NULL,NULL,NULL,NULL,0,0,0,0,0,5.1280,183.00,0,0.00,NULL,NULL,NULL,NULL,NULL,NULL,'0',NULL,NULL,1,'2023-02-14 10:19:41','2023-02-14 10:19:41',NULL),(56,6649,40748,0,1,'CONDE DOMINGUEZ CAROLINA MARISA',NULL,'1981-01-17',2,1,5,1,NULL,1,NULL,NULL,NULL,NULL,NULL,NULL,NULL,NULL,6,'28696265','27-28696265-9',1,NULL,227,NULL,5,NULL,NULL,'0150873201000001205450',14,14,0,0,0,0,0,1,NULL,NULL,6,40,1,125201.62,0,0.00,8.00,0.00,17,23,14,'2020-09-08','2020-09-08',NULL,NULL,0,2,2,2,2,50,4,1,1,1,0,1,0,0,0,2.6710,183.00,1,0.00,2,'01',2,'00',2,'00','0',NULL,NULL,1,'2023-02-14 10:44:47','2023-04-11 17:33:23',NULL),(57,6649,40748,0,2,'DIAZ GABRIELA MARIANA',NULL,'1987-06-18',2,1,5,1,NULL,1,NULL,NULL,NULL,NULL,NULL,NULL,NULL,NULL,6,'33086493','27-33086493-7',1,NULL,227,227,5,NULL,NULL,'0150873201000001361956',14,14,0,0,0,0,0,1,NULL,NULL,6,40,1,125201.62,0,0.00,8.00,0.00,17,23,14,'2021-03-01','2021-03-01',NULL,NULL,0,2,2,2,2,50,4,1,1,1,0,1,0,0,0,2.6710,183.00,0,0.00,2,'01',2,'00',2,'00','0',NULL,NULL,1,'2023-02-14 10:44:47','2023-04-11 17:33:23',NULL),(58,6649,40748,0,3,'NUÑEZ CLAUDIA ELIZABETH',NULL,'1996-04-03',2,1,5,1,NULL,1,NULL,NULL,NULL,NULL,NULL,NULL,NULL,NULL,6,'39572356','27-39572356-7',1,NULL,227,NULL,1,NULL,NULL,NULL,14,14,0,0,0,0,0,1,NULL,NULL,6,40,1,125201.62,0,0.00,8.00,0.00,17,23,14,'2023-02-01','2023-02-01',NULL,NULL,0,2,2,2,2,50,4,1,1,1,0,1,0,0,0,2.6710,183.00,0,0.00,2,'01',2,'00',2,'00','0',NULL,NULL,1,'2023-02-14 10:44:47','2023-04-11 17:33:23',NULL),(59,6649,40764,0,1,'LOPEZ ADRIAN GERARDO',NULL,'2023-02-16',1,1,5,1,NULL,1,NULL,NULL,NULL,NULL,NULL,NULL,NULL,NULL,6,'33802476','20-33802476-3',1,NULL,227,NULL,1,NULL,NULL,NULL,15,15,0,0,0,0,0,1,NULL,NULL,6,264,1,122574.78,0,0.00,8.00,0.00,18,24,15,'2022-11-14','2022-11-14',NULL,NULL,0,2,2,2,2,50,4,1,1,1,0,1,0,0,0,3.0000,183.00,1,37.21,2,'01',2,'00',2,'00','0',NULL,NULL,1,'2023-02-16 12:49:31','2023-04-11 21:29:57',NULL);
INSERT INTO `syj_empleados` VALUES (60,6649,40764,0,2,'SERENO ALVARO ANDRES',NULL,'1995-03-19',1,1,5,1,NULL,1,NULL,NULL,NULL,NULL,NULL,NULL,NULL,NULL,6,'38281278','20-38281278-7',1,NULL,227,NULL,1,NULL,NULL,NULL,15,15,0,0,0,0,0,1,NULL,NULL,6,264,1,122574.78,0,0.00,8.00,0.00,18,24,15,'2022-09-14','2022-09-14',NULL,NULL,0,2,2,2,2,50,4,1,1,1,0,1,0,0,0,3.0000,183.00,1,37.21,2,'01',2,'00',2,'00','0',NULL,NULL,1,'2023-02-16 12:49:31','2023-04-11 21:29:57',NULL),(61,6649,40764,0,3,'GODOY FLORENCIA AYELEN',NULL,'1996-05-08',1,1,6,1,NULL,1,NULL,NULL,NULL,NULL,NULL,NULL,NULL,NULL,6,'39921053','23-39921053-4',1,NULL,227,NULL,1,NULL,NULL,NULL,15,15,0,0,0,0,0,1,NULL,NULL,6,264,1,122574.78,0,0.00,8.00,0.00,18,24,15,'2018-12-17','2018-12-17',NULL,NULL,0,2,2,2,2,50,4,1,1,1,0,1,0,0,0,3.0000,183.00,1,37.21,2,'01',2,'00',2,'00','0',NULL,NULL,1,'2023-02-16 12:49:31','2023-04-11 21:29:57',NULL),(62,6649,40749,0,2,'PARACAMPO SILVIA SUSANA',NULL,'2023-02-17',2,1,5,1,NULL,1,NULL,NULL,NULL,NULL,NULL,NULL,NULL,NULL,2,'10897422','27-10897422-8',3,NULL,2,NULL,1,NULL,NULL,NULL,8,8,0,0,0,0,0,1,NULL,NULL,39,260,1,103440.00,0,0.00,4.00,0.00,10,25,7,'2023-01-16','2023-01-16',NULL,NULL,0,2,2,2,3,50,15,1,1,1,0,0,0,0,NULL,4.7880,200.00,0,0.00,2,'01',2,'00',2,'00','0',NULL,NULL,1,'2023-02-17 20:41:07','2023-04-12 02:09:05',NULL),(63,6649,40755,0,2,'VILLALBA FEDERICO',NULL,'2023-03-09',1,1,5,1,NULL,1,NULL,NULL,NULL,NULL,NULL,NULL,NULL,NULL,2,'40783595','20-40783595-7',1,NULL,84,NULL,1,NULL,NULL,NULL,13,13,0,0,0,0,0,1,NULL,NULL,39,260,1,103440.00,0,0.00,4.00,0.00,16,22,13,'2023-02-01','2023-02-01',NULL,NULL,0,2,2,2,2,50,15,1,1,1,0,0,0,0,NULL,2.0150,183.00,0,0.00,2,'1',2,'1',2,'1','0',NULL,NULL,1,'2023-03-09 21:10:54','2023-03-10 00:02:57',NULL),(64,6649,40746,0,22,'VELASCO YESICA DEL ROSARIO',NULL,'1981-10-14',2,1,6,1,NULL,9,NULL,NULL,NULL,NULL,NULL,NULL,NULL,NULL,2,'29328591','27-29328591-3',1,NULL,79,NULL,5,NULL,NULL,'0140042703512061067142',4,4,0,0,0,0,0,1,NULL,NULL,36,221,1,213855.00,0,0.00,4.00,0.00,5,6,3,'2023-06-01','2023-06-01',NULL,NULL,0,2,2,2,2,50,1,1,7,1,0,0,0,0,NULL,2.3400,238.00,0,0.00,2,'01',2,'00',2,'00','0',NULL,NULL,1,'2023-06-13 12:25:16','2023-08-17 22:27:04',NULL);

--
