INSERT INTO `syj_formato_sicoss_detalle` VALUES (1630,NULL,24,47,'Importe a Detraer Ley 26.473',0.00,15,'0',7,'0',2,3,NULL,3,NULL,NULL,NULL,2,4,NULL,1,NULL,NULL,NULL),(1631,NULL,34,2,'CUIT',0.00,11,' ',1,'1',2,2,1,1,NULL,NULL,NULL,NULL,NULL,NULL,1,NULL,NULL,NULL),(1632,NULL,34,3,'Marca de Cónyuge',0.00,1,'0',6,'1',2,2,3,1,NULL,NULL,NULL,NULL,NULL,NULL,1,NULL,NULL,NULL),(1633,NULL,34,4,'Cantidad de hijos',0.00,2,'0',1,'0',2,2,4,1,NULL,NULL,NULL,NULL,NULL,NULL,1,NULL,NULL,NULL),(1634,NULL,34,5,'Marca CCT',0.00,1,' ',1,'1',2,2,22,1,NULL,NULL,NULL,NULL,NULL,NULL,1,NULL,NULL,NULL),(1635,NULL,34,6,'Marca SCVO',0.00,1,' ',1,'1',2,2,24,1,NULL,NULL,NULL,NULL,NULL,NULL,1,NULL,NULL,NULL),(1636,NULL,34,7,'Marca corresponde reducción',0.00,1,'0',6,'1',2,2,26,1,NULL,NULL,NULL,NULL,NULL,NULL,1,NULL,NULL,NULL),(1637,NULL,34,8,'Tipo de Empresa',0.00,1,' ',1,'1',2,2,14,1,NULL,NULL,NULL,NULL,NULL,NULL,1,NULL,NULL,NULL),(1638,NULL,34,9,'Tipo de operación',0.00,1,' ',7,'1',2,1,NULL,1,NULL,NULL,NULL,NULL,NULL,NULL,1,NULL,NULL,NULL),(1639,NULL,34,10,'Código situación',0.00,2,'0',1,'0',2,2,5,1,NULL,NULL,NULL,NULL,NULL,NULL,1,NULL,NULL,NULL),(1640,NULL,34,11,'Código condición',0.00,2,'0',1,'0',2,2,6,1,NULL,NULL,NULL,NULL,NULL,NULL,1,NULL,NULL,NULL),(1641,NULL,34,12,'Código de Actividad',0.00,3,'0',1,'0',2,2,7,1,NULL,NULL,NULL,NULL,NULL,NULL,1,NULL,NULL,NULL),(1642,NULL,34,13,'Código modalidad contratación',0.00,3,'0',1,'0',2,2,9,1,NULL,NULL,NULL,NULL,NULL,NULL,1,NULL,NULL,NULL),(1643,NULL,34,14,'Código siniestrado',0.00,2,'0',1,'0',2,2,13,1,NULL,NULL,NULL,NULL,NULL,NULL,1,NULL,NULL,NULL),(1644,NULL,34,15,'Código de Localidad',0.00,2,' ',1,'1',2,2,8,1,NULL,NULL,NULL,NULL,NULL,NULL,1,NULL,NULL,NULL),(1645,NULL,34,16,'Situación de Revista 1',0.00,2,'0',1,'0',2,2,16,1,NULL,NULL,NULL,NULL,NULL,NULL,1,NULL,NULL,NULL),(1646,NULL,34,17,'Día inicio Situación de Revista 1',0.00,2,'0',1,'0',2,2,17,1,NULL,NULL,NULL,NULL,NULL,NULL,1,NULL,NULL,NULL),(1647,NULL,34,18,'Situación de Revista 2',0.00,2,'0',1,'0',2,2,18,1,NULL,NULL,NULL,NULL,NULL,NULL,1,NULL,NULL,NULL),(1648,NULL,34,19,'Día inicio Situación de Revista 2',0.00,2,'0',1,'0',2,2,19,1,NULL,NULL,NULL,NULL,NULL,NULL,1,NULL,NULL,NULL),(1649,NULL,34,20,'Situación de Revista 3',0.00,2,'0',1,'0',2,2,20,1,NULL,NULL,NULL,NULL,NULL,NULL,1,NULL,NULL,NULL),(1650,NULL,34,21,'Día inicio Situación de Revista 3',0.00,2,'0',1,'0',2,2,21,1,NULL,NULL,NULL,NULL,NULL,NULL,1,NULL,NULL,NULL),(1651,NULL,34,22,'Cant días trabajados',0.00,2,'0',2,'0',2,3,NULL,3,NULL,NULL,NULL,2,2,NULL,1,NULL,NULL,NULL),(1652,NULL,34,23,'Horas trabajadas',0.00,3,'0',1,'0',2,2,26,1,NULL,NULL,NULL,NULL,NULL,NULL,1,NULL,NULL,NULL),(1653,NULL,34,24,'Porcentaje aporte adicional SS',0.00,5,'0',7,'0',2,1,NULL,1,NULL,NULL,NULL,NULL,NULL,NULL,1,NULL,NULL,NULL),(1654,NULL,34,25,'Porcentaje Contribucion tarea diferencial',0.00,5,'0',7,'0',2,1,NULL,1,NULL,NULL,NULL,NULL,NULL,NULL,1,NULL,NULL,NULL),(1655,NULL,34,26,'Código Obra social',0.00,6,'0',1,'0',2,2,10,1,NULL,NULL,NULL,NULL,NULL,NULL,1,NULL,NULL,NULL),(1656,NULL,34,27,'Cantidad adherentes',0.00,2,'0',1,'0',2,2,11,1,NULL,NULL,NULL,NULL,NULL,NULL,1,NULL,NULL,NULL),(1657,NULL,34,28,'Aporte Adicional OS',0.00,15,'0',7,'0',2,3,NULL,3,NULL,NULL,NULL,2,4,NULL,1,NULL,NULL,NULL),(1658,NULL,34,29,'Contribucion Adicional OS',0.00,15,'0',7,'0',2,3,NULL,3,NULL,NULL,NULL,2,4,NULL,1,NULL,NULL,NULL),(1659,NULL,34,30,'Base calculo Diferencial Aportes OS y FSR',0.00,15,'0',7,'0',2,3,NULL,3,NULL,NULL,NULL,2,4,NULL,1,NULL,NULL,NULL),(1660,NULL,34,31,'Base calculo Diferencial Contribuciones OS y FSR',0.00,15,'0',7,'0',2,3,NULL,3,NULL,NULL,NULL,2,4,NULL,1,NULL,NULL,NULL),(1661,NULL,34,32,'Base calculo Diferencial LRT',0.00,15,'0',7,'0',2,3,NULL,3,NULL,NULL,NULL,2,4,NULL,1,NULL,NULL,NULL),(1662,NULL,34,33,'Remuneracion Maternidad ANSeS',0.00,15,'0',7,'0',2,3,NULL,3,NULL,NULL,NULL,2,4,NULL,1,NULL,NULL,NULL),(1663,NULL,34,34,'Remuneracion bruta',0.00,15,'0',7,'0',2,3,NULL,2,NULL,2,2,2,4,NULL,1,NULL,NULL,NULL);
INSERT INTO `syj_formato_sicoss_detalle` VALUES (1664,NULL,34,35,'Base imponible 1',0.00,15,'0',7,'0',2,3,NULL,2,NULL,2,2,2,4,NULL,1,NULL,NULL,NULL),(1665,NULL,34,36,'Base imponible 2',0.00,15,'0',7,'0',2,3,NULL,2,NULL,2,2,2,4,NULL,1,NULL,NULL,NULL),(1666,NULL,34,37,'Base imponible 3',0.00,15,'0',7,'0',2,3,NULL,2,NULL,2,2,2,4,NULL,1,NULL,NULL,NULL),(1667,NULL,34,38,'Base imponible 4',0.00,15,'0',7,'0',2,3,NULL,3,NULL,NULL,NULL,2,3,NULL,1,NULL,NULL,NULL),(1668,NULL,34,39,'Base imponible 5',0.00,15,'0',7,'0',2,3,NULL,2,NULL,2,2,2,4,NULL,1,NULL,NULL,NULL),(1669,NULL,34,40,'Base imponible 6',0.00,15,'0',7,'0',2,1,NULL,1,NULL,NULL,NULL,NULL,NULL,NULL,1,NULL,NULL,NULL),(1670,NULL,34,41,'Base imponible 7',0.00,15,'0',7,'0',2,3,NULL,3,NULL,NULL,NULL,2,3,NULL,1,NULL,NULL,NULL),(1671,NULL,34,42,'Base imponible 8',0.00,15,'0',7,'0',2,3,NULL,3,NULL,NULL,NULL,2,3,NULL,1,NULL,NULL,NULL),(1672,NULL,34,43,'Base imponible 9',0.00,15,'0',7,'0',2,3,NULL,2,NULL,2,2,2,4,NULL,1,NULL,NULL,NULL),(1673,NULL,34,44,'Base para el calculo diferencial de aporte Seg. Social',0.00,15,'0',7,'0',2,1,NULL,1,NULL,NULL,NULL,NULL,NULL,NULL,1,NULL,NULL,NULL),(1674,NULL,34,45,'Base para el calculo diferencial de contribuciones de Seg Social',0.00,15,'0',7,'0',2,1,NULL,1,NULL,NULL,NULL,NULL,NULL,NULL,1,NULL,NULL,NULL),(1675,NULL,34,46,'Base imponible 10',0.00,15,'0',7,'0',2,3,NULL,3,NULL,NULL,NULL,2,4,NULL,1,NULL,NULL,NULL),(1676,NULL,34,47,'Importe a Detraer Ley 26.473',0.00,15,'0',7,'0',2,3,NULL,3,NULL,NULL,NULL,2,4,NULL,1,NULL,NULL,NULL),(1677,NULL,35,1,'CUIL',0.00,11,'',1,'STR_PAD_RIGHT',1,2,1,1,NULL,NULL,NULL,NULL,NULL,'',1,NULL,NULL,NULL),(1678,NULL,35,2,'Apellido y Nombre',0.00,30,'',1,'STR_PAD_RIGHT',1,2,2,1,NULL,NULL,NULL,NULL,NULL,'',1,NULL,NULL,NULL),(1679,NULL,35,3,'Conyuge',0.00,1,'0',4,'STR_PAD_RIGHT',1,2,3,1,NULL,NULL,NULL,NULL,NULL,'',1,NULL,NULL,NULL),(1680,NULL,35,4,'Cantidad de Hijos',0.00,2,'0',1,'STR_PAD_LEFT',1,2,4,1,NULL,NULL,NULL,NULL,NULL,'',1,NULL,NULL,NULL),(1681,NULL,35,5,'Codigo de Situacion',0.00,2,'0',1,'STR_PAD_LEFT',1,2,5,1,NULL,NULL,NULL,NULL,NULL,'',1,NULL,NULL,NULL),(1682,NULL,35,6,'Codigo de Condicion',0.00,2,'0',1,'STR_PAD_LEFT',1,2,6,1,NULL,NULL,NULL,NULL,NULL,'',1,NULL,NULL,NULL),(1683,NULL,35,7,'Codigo de Actividad',0.00,3,'0',1,'STR_PAD_LEFT',1,2,7,1,NULL,NULL,NULL,NULL,NULL,'',1,NULL,NULL,NULL),(1684,NULL,35,8,'Codigo de Zona',0.00,2,'0',1,'STR_PAD_LEFT',1,2,8,1,NULL,NULL,NULL,NULL,NULL,'',1,NULL,NULL,NULL),(1685,NULL,35,9,'Porcentaje de Aporte Adicional SS',0.00,5,'',3,'STR_PAD_LEFT',1,1,NULL,1,NULL,NULL,NULL,NULL,NULL,'',1,NULL,NULL,NULL),(1686,NULL,35,10,'Codigo de Modalidad de Contratacion',0.00,3,'0',1,'STR_PAD_LEFT',1,2,9,1,NULL,NULL,NULL,NULL,NULL,'',1,NULL,NULL,NULL),(1687,NULL,35,11,'Codigo de Obra Social',0.00,6,'0',1,'STR_PAD_LEFT',1,1,10,1,NULL,NULL,NULL,NULL,NULL,'',1,NULL,NULL,NULL),(1688,NULL,35,12,'Cantidad de Adherentes',0.00,2,'0',1,'STR_PAD_LEFT',1,2,11,1,NULL,NULL,NULL,NULL,NULL,'',1,NULL,NULL,NULL),(1689,NULL,35,13,'Remuneracion Total',0.00,12,'',3,'STR_PAD_LEFT',1,3,NULL,2,NULL,2,3,2,4,'',1,NULL,NULL,NULL),(1690,NULL,35,14,'Remuneracion Imponible 1',0.00,12,'',3,'STR_PAD_LEFT',1,3,NULL,2,NULL,2,2,2,4,'',1,NULL,NULL,NULL),(1691,NULL,35,15,'Asignaciones Familiares Pagadas',0.00,9,'',3,'STR_PAD_LEFT',1,1,NULL,1,NULL,NULL,NULL,NULL,NULL,'',1,NULL,NULL,NULL),(1692,NULL,35,16,'Importe Aporte Voluntario',0.00,9,'',3,'STR_PAD_LEFT',1,1,NULL,1,NULL,NULL,NULL,NULL,NULL,'',1,NULL,NULL,NULL),(1693,NULL,35,17,'Importe Adicional OS',0.00,9,'',3,'STR_PAD_LEFT',1,1,NULL,1,NULL,NULL,NULL,NULL,NULL,'',1,NULL,NULL,NULL),(1694,NULL,35,18,'Importe Excedentes Aportes SS',0.00,9,'',3,'STR_PAD_LEFT',1,1,NULL,1,NULL,NULL,NULL,NULL,NULL,'',1,NULL,NULL,NULL),(1695,NULL,35,19,'Importe Excedentes Aportes OS',0.00,9,'',3,'STR_PAD_LEFT',1,1,NULL,1,NULL,NULL,NULL,NULL,NULL,'',1,NULL,NULL,NULL),(1696,NULL,35,20,'Provincia Localidad',0.00,50,'',1,'STR_PAD_RIGHT',1,2,12,1,NULL,NULL,NULL,NULL,NULL,'',1,NULL,NULL,NULL);
INSERT INTO `syj_formato_sicoss_detalle` VALUES (1697,NULL,35,21,'Remuneracion Imponible 2',0.00,12,'',3,'STR_PAD_LEFT',1,3,NULL,2,NULL,2,2,2,4,'',1,NULL,NULL,NULL),(1698,NULL,35,22,'Remuneracion Imponible 3',0.00,12,'',3,'STR_PAD_LEFT',1,3,NULL,2,NULL,2,2,2,4,'',1,NULL,NULL,NULL),(1699,NULL,35,23,'Remuneracion Imponible 4',0.00,12,'',3,'STR_PAD_LEFT',1,3,26,3,NULL,NULL,NULL,2,3,'',1,NULL,NULL,NULL),(1700,NULL,35,24,'Codigo de Siniestrado',0.00,2,'0',1,'STR_PAD_LEFT',1,2,13,1,NULL,NULL,NULL,NULL,NULL,'',1,NULL,NULL,NULL),(1701,NULL,35,25,'Marca de Corresponde Reduccion',0.00,1,'0',4,'STR_PAD_LEFT',1,2,26,1,NULL,NULL,NULL,NULL,NULL,'',1,NULL,NULL,NULL),(1702,NULL,35,26,'Capital de Recomposicion de LRT',0.00,9,'',3,'STR_PAD_LEFT',1,1,NULL,1,NULL,NULL,NULL,NULL,NULL,'',1,NULL,NULL,NULL),(1703,NULL,35,27,'Tipo de Empresa',0.00,1,'0',1,'STR_PAD_LEFT',1,2,14,1,NULL,NULL,NULL,NULL,NULL,'',1,NULL,NULL,NULL),(1704,NULL,35,28,'Aporte Adicional de Obra Social',0.00,9,'',3,'STR_PAD_LEFT',1,3,NULL,3,NULL,NULL,NULL,2,4,'',1,NULL,NULL,NULL),(1705,NULL,35,29,'Regimen',0.00,1,'',1,'STR_PAD_LEFT',1,2,15,1,NULL,NULL,NULL,NULL,NULL,'',1,NULL,NULL,NULL),(1706,NULL,35,30,'Situacion de Revista 1',0.00,2,'0',1,'STR_PAD_LEFT',1,2,16,1,NULL,NULL,NULL,NULL,NULL,'',1,NULL,NULL,NULL),(1707,NULL,35,31,'Dia inicio Situacion Revista 1',0.00,2,'0',1,'STR_PAD_LEFT',1,2,17,1,NULL,NULL,NULL,NULL,NULL,'',1,NULL,NULL,NULL),(1708,NULL,35,32,'Situacion de Revista 2',0.00,2,'0',1,'STR_PAD_LEFT',1,2,18,1,NULL,NULL,NULL,NULL,NULL,'',1,NULL,NULL,NULL),(1709,NULL,35,33,'Dia inicio Situacion Revista 2',0.00,2,'0',1,'STR_PAD_LEFT',1,2,19,1,NULL,NULL,NULL,NULL,NULL,'',1,NULL,NULL,NULL),(1710,NULL,35,34,'Situacion de Revista 3',0.00,2,'0',1,'STR_PAD_LEFT',1,2,20,1,NULL,NULL,NULL,NULL,NULL,'',1,NULL,NULL,NULL),(1711,NULL,35,35,'Dia inicio Situacion Revista 3',0.00,2,'0',1,'STR_PAD_LEFT',1,2,21,1,NULL,NULL,NULL,NULL,NULL,'',1,NULL,NULL,NULL),(1712,NULL,35,36,'Sueldo + Adicionales',0.00,12,'',3,'STR_PAD_LEFT',1,3,NULL,3,NULL,NULL,NULL,2,4,'',1,NULL,NULL,NULL),(1713,NULL,35,37,'SAC',0.00,12,'',3,'STR_PAD_LEFT',1,3,NULL,3,NULL,NULL,NULL,2,4,'',1,NULL,NULL,NULL),(1714,NULL,35,38,'Horas Extra',0.00,12,'',3,'STR_PAD_LEFT',1,3,NULL,3,NULL,NULL,NULL,2,4,'',1,NULL,NULL,NULL),(1715,NULL,35,39,'Zona desfavorable',0.00,12,'',3,'STR_PAD_LEFT',1,1,NULL,1,NULL,NULL,NULL,NULL,NULL,'',1,NULL,NULL,NULL),(1716,NULL,35,40,'Vacaciones',0.00,12,'',3,'STR_PAD_LEFT',1,3,NULL,3,NULL,NULL,NULL,2,4,'',1,NULL,NULL,NULL),(1717,NULL,35,41,'Cantidad de dias trabajados',0.00,9,'0',2,'STR_PAD_LEFT',1,3,NULL,3,NULL,NULL,NULL,2,2,'',1,NULL,NULL,NULL),(1718,NULL,35,42,'Remuneracion Imponible 5',0.00,12,'',3,'STR_PAD_LEFT',1,3,NULL,2,NULL,2,2,2,4,'',1,NULL,NULL,NULL),(1719,NULL,35,43,'Trabajador Convencionado',0.00,1,'0',4,'STR_PAD_LEFT',1,2,22,1,NULL,NULL,NULL,NULL,NULL,'',1,NULL,NULL,NULL),(1720,NULL,35,44,'Remuneracion Imponible 6',0.00,12,'',3,'STR_PAD_LEFT',1,1,NULL,1,NULL,NULL,NULL,NULL,NULL,'',1,NULL,NULL,NULL),(1721,NULL,35,45,'Tipo de Operacion',0.00,1,'',3,'STR_PAD_LEFT',1,1,NULL,1,NULL,NULL,NULL,NULL,NULL,'',1,NULL,NULL,NULL),(1722,NULL,35,46,'Adicionales',0.00,12,'',3,'STR_PAD_LEFT',1,3,NULL,3,NULL,NULL,NULL,2,4,'',1,NULL,NULL,NULL),(1723,NULL,35,47,'Premios',0.00,12,'',3,'STR_PAD_LEFT',1,3,NULL,3,NULL,NULL,NULL,2,4,'',1,NULL,NULL,NULL),(1724,NULL,35,48,'Remuneracion Imponible 8',0.00,12,'0',3,'STR_PAD_LEFT',1,3,NULL,3,NULL,2,2,2,3,'',1,NULL,NULL,NULL),(1725,NULL,35,49,'Remuneracion Imponible 7',0.00,12,'',3,'STR_PAD_LEFT',1,1,NULL,1,NULL,NULL,NULL,NULL,NULL,'',1,NULL,NULL,NULL),(1726,NULL,35,50,'Cantidad de Horas Extras',0.00,3,'0',2,'STR_PAD_LEFT',1,3,NULL,3,NULL,NULL,NULL,2,2,'',1,NULL,NULL,NULL),(1727,NULL,35,51,'Conceptos No Remunerativos',0.00,12,'',3,'STR_PAD_LEFT',1,3,NULL,2,NULL,3,3,2,4,'',1,NULL,NULL,NULL),(1728,NULL,35,52,'Maternidad',0.00,12,'',3,'STR_PAD_LEFT',1,3,NULL,3,NULL,NULL,NULL,2,4,'',1,NULL,NULL,NULL),(1729,NULL,35,53,'Rectificacion de remuneraciones',0.00,9,'',3,'STR_PAD_LEFT',1,1,NULL,1,NULL,NULL,NULL,NULL,NULL,'',1,NULL,NULL,NULL);
INSERT INTO `syj_formato_sicoss_detalle` VALUES (1730,NULL,35,54,'Remuneracion Imponible 9',0.00,12,'',3,'STR_PAD_LEFT',1,3,NULL,2,NULL,2,3,2,4,'',1,NULL,NULL,NULL),(1731,NULL,35,55,'Contribucion tarea diferencial (%)',0.00,9,'',3,'STR_PAD_LEFT',1,1,NULL,1,NULL,NULL,NULL,NULL,NULL,'',1,NULL,NULL,NULL),(1732,NULL,35,56,'Horas Trabajadas',0.00,3,'0',1,'STR_PAD_LEFT',1,2,26,1,NULL,NULL,NULL,NULL,NULL,'',1,NULL,NULL,NULL),(1733,NULL,35,57,'Seguro Colectivo de Vida Obligatorio',0.00,1,'0',4,'STR_PAD_LEFT',1,2,24,1,NULL,NULL,NULL,NULL,NULL,'',1,NULL,NULL,NULL),(1734,NULL,35,58,'Importe a detraer Ley 27430',0.00,12,'',3,'STR_PAD_LEFT',1,1,NULL,1,NULL,NULL,NULL,NULL,NULL,'',1,NULL,NULL,NULL),(1735,NULL,35,59,'Incremento Salarial',0.00,12,'',3,'STR_PAD_LEFT',1,3,NULL,3,NULL,NULL,NULL,2,4,'',1,NULL,NULL,NULL),(1736,NULL,35,60,'Remuneracion Imponible 11',0.00,12,'',3,'STR_PAD_LEFT',1,1,NULL,1,NULL,NULL,NULL,NULL,NULL,'',1,NULL,NULL,NULL),(1737,NULL,35,2,'CUIT',0.00,11,' ',1,'1',2,2,1,1,NULL,NULL,NULL,NULL,NULL,'',1,NULL,NULL,NULL),(1738,NULL,35,3,'Marca de Cónyuge',0.00,1,'0',6,'1',2,2,3,1,NULL,NULL,NULL,NULL,NULL,'',1,NULL,NULL,NULL),(1739,NULL,35,4,'Cantidad de hijos',0.00,2,'0',1,'0',2,2,4,1,NULL,NULL,NULL,NULL,NULL,'',1,NULL,NULL,NULL),(1740,NULL,35,5,'Marca CCT',0.00,1,' ',1,'1',2,2,22,1,NULL,NULL,NULL,NULL,NULL,'',1,NULL,NULL,NULL),(1741,NULL,35,6,'Marca SCVO',0.00,1,' ',1,'1',2,2,24,1,NULL,NULL,NULL,NULL,NULL,'',1,NULL,NULL,NULL),(1742,NULL,35,7,'Marca corresponde reducción',0.00,1,'0',6,'1',2,2,26,1,NULL,NULL,NULL,NULL,NULL,'',1,NULL,NULL,NULL),(1743,NULL,35,8,'Tipo de Empresa',0.00,1,' ',1,'1',2,2,14,1,NULL,NULL,NULL,NULL,NULL,'',1,NULL,NULL,NULL),(1744,NULL,35,9,'Tipo de operación',0.00,1,' ',7,'1',2,1,NULL,1,NULL,NULL,NULL,NULL,NULL,'',1,NULL,NULL,NULL),(1745,NULL,35,10,'Código situación',0.00,2,'0',1,'0',2,2,5,1,NULL,NULL,NULL,NULL,NULL,'',1,NULL,NULL,NULL),(1746,NULL,35,11,'Código condición',0.00,2,'0',1,'0',2,2,6,1,NULL,NULL,NULL,NULL,NULL,'',1,NULL,NULL,NULL),(1747,NULL,35,12,'Código de Actividad',0.00,3,'0',1,'0',2,2,7,1,NULL,NULL,NULL,NULL,NULL,'',1,NULL,NULL,NULL),(1748,NULL,35,13,'Código modalidad contratación',0.00,3,'0',1,'0',2,2,9,1,NULL,NULL,NULL,NULL,NULL,'',1,NULL,NULL,NULL),(1749,NULL,35,14,'Código siniestrado',0.00,2,'0',1,'0',2,2,13,1,NULL,NULL,NULL,NULL,NULL,'',1,NULL,NULL,NULL),(1750,NULL,35,15,'Código de Localidad',0.00,2,' ',1,'1',2,2,8,1,NULL,NULL,NULL,NULL,NULL,'',1,NULL,NULL,NULL),(1751,NULL,35,16,'Situación de Revista 1',0.00,2,'0',1,'0',2,2,16,1,NULL,NULL,NULL,NULL,NULL,'',1,NULL,NULL,NULL),(1752,NULL,35,17,'Día inicio Situación de Revista 1',0.00,2,'0',1,'0',2,2,17,1,NULL,NULL,NULL,NULL,NULL,'',1,NULL,NULL,NULL),(1753,NULL,35,18,'Situación de Revista 2',0.00,2,'0',1,'0',2,2,18,1,NULL,NULL,NULL,NULL,NULL,'',1,NULL,NULL,NULL),(1754,NULL,35,19,'Día inicio Situación de Revista 2',0.00,2,'0',1,'0',2,2,19,1,NULL,NULL,NULL,NULL,NULL,'',1,NULL,NULL,NULL),(1755,NULL,35,20,'Situación de Revista 3',0.00,2,'0',1,'0',2,2,20,1,NULL,NULL,NULL,NULL,NULL,'',1,NULL,NULL,NULL),(1756,NULL,35,21,'Día inicio Situación de Revista 3',0.00,2,'0',1,'0',2,2,21,1,NULL,NULL,NULL,NULL,NULL,'',1,NULL,NULL,NULL),(1757,NULL,35,22,'Cant días trabajados',0.00,2,'0',2,'0',2,2,28,3,NULL,NULL,NULL,2,2,'',1,NULL,NULL,NULL),(1758,NULL,35,23,'Horas trabajadas',0.00,3,'0',2,'0',2,2,29,1,NULL,NULL,NULL,NULL,NULL,'',1,NULL,NULL,NULL),(1759,NULL,35,24,'Porcentaje aporte adicional SS',0.00,5,'0',7,'0',2,1,NULL,1,NULL,NULL,NULL,NULL,NULL,'',1,NULL,NULL,NULL),(1760,NULL,35,25,'Porcentaje Contribucion tarea diferencial',0.00,5,'0',7,'0',2,1,NULL,1,NULL,NULL,NULL,NULL,NULL,'',1,NULL,NULL,NULL),(1761,NULL,35,26,'Código Obra social',0.00,6,'0',1,'0',2,2,10,1,NULL,NULL,NULL,NULL,NULL,'',1,NULL,NULL,NULL),(1762,NULL,35,27,'Cantidad adherentes',0.00,2,'0',1,'0',2,2,11,1,NULL,NULL,NULL,NULL,NULL,'',1,NULL,NULL,NULL),(1763,NULL,35,28,'Aporte Adicional OS',0.00,15,'0',7,'0',2,3,NULL,3,NULL,NULL,NULL,2,4,'',1,NULL,NULL,NULL);
INSERT INTO `syj_formato_sicoss_detalle` VALUES (1764,NULL,35,29,'Contribucion Adicional OS',0.00,15,'0',7,'0',2,3,NULL,3,NULL,NULL,NULL,2,4,'',1,NULL,NULL,NULL),(1765,NULL,35,30,'Base calculo Diferencial Aportes OS y FSR',0.00,15,'0',7,'0',2,3,NULL,3,NULL,NULL,NULL,2,4,'',1,NULL,NULL,NULL),(1766,NULL,35,31,'Base calculo Diferencial Contribuciones OS y FSR',0.00,15,'0',7,'0',2,3,NULL,3,NULL,NULL,NULL,2,4,'',1,NULL,NULL,NULL),(1767,NULL,35,32,'Base calculo Diferencial LRT',0.00,15,'0',7,'0',2,3,NULL,3,NULL,NULL,NULL,2,4,'',1,NULL,NULL,NULL),(1768,NULL,35,33,'Remuneracion Maternidad ANSeS',0.00,15,'0',7,'0',2,3,NULL,3,NULL,NULL,NULL,2,4,'',1,NULL,NULL,NULL),(1769,NULL,35,34,'Remuneracion bruta',0.00,15,'0',7,'0',2,1,NULL,2,NULL,2,3,2,4,'',1,NULL,NULL,NULL),(1770,NULL,35,35,'Base imponible 1',0.00,15,'0',7,'0',2,1,NULL,2,NULL,2,2,2,4,'',1,NULL,NULL,NULL),(1771,NULL,35,36,'Base imponible 2',0.00,15,'0',7,'0',2,1,NULL,2,NULL,2,2,2,4,'',1,NULL,NULL,NULL),(1772,NULL,35,37,'Base imponible 3',0.00,15,'0',7,'0',2,1,NULL,2,NULL,2,2,2,4,'',1,NULL,NULL,NULL),(1773,NULL,35,38,'Base imponible 4',0.00,15,'0',7,'0',2,1,NULL,3,NULL,NULL,NULL,2,3,'',1,NULL,NULL,NULL),(1774,NULL,35,39,'Base imponible 5',0.00,15,'0',7,'0',2,1,NULL,2,NULL,2,2,2,4,'',1,NULL,NULL,NULL),(1775,NULL,35,40,'Base imponible 6',0.00,15,'0',7,'0',2,1,NULL,1,NULL,NULL,NULL,NULL,NULL,'',1,NULL,NULL,NULL),(1776,NULL,35,41,'Base imponible 7',0.00,15,'0',7,'0',2,1,NULL,2,NULL,2,2,2,4,'',1,NULL,NULL,NULL),(1777,NULL,35,42,'Base imponible 8',0.00,15,'0',7,'0',2,3,NULL,3,NULL,NULL,NULL,2,3,'',1,NULL,NULL,NULL),(1778,NULL,35,43,'Base imponible 9',0.00,15,'0',7,'0',2,3,NULL,2,NULL,2,2,2,4,'',1,NULL,NULL,NULL),(1779,NULL,35,44,'Base para el calculo diferencial de aporte Seg. Social',0.00,15,'0',7,'0',2,1,NULL,1,NULL,NULL,NULL,NULL,NULL,'',1,NULL,NULL,NULL),(1780,NULL,35,45,'Base para el calculo diferencial de contribuciones de Seg Social',0.00,15,'0',7,'0',2,1,NULL,1,NULL,NULL,NULL,NULL,NULL,'',1,NULL,NULL,NULL),(1781,NULL,35,46,'Base imponible 10',0.00,15,'0',7,'0',2,3,NULL,3,NULL,NULL,NULL,2,4,'',1,NULL,NULL,NULL),(1782,NULL,35,47,'Importe a Detraer Ley 26.473',0.00,15,'0',7,'0',2,3,NULL,3,NULL,NULL,NULL,2,4,'',1,NULL,NULL,NULL),(1783,8303,36,1,'CUIL',0.00,11,NULL,1,'STR_PAD_RIGHT',1,2,1,1,NULL,NULL,NULL,NULL,NULL,'',1,NULL,'2020-05-03 15:16:17',NULL),(1784,8303,36,2,'Apellido y Nombre',0.00,30,NULL,1,'STR_PAD_RIGHT',1,2,2,1,NULL,NULL,NULL,NULL,NULL,'',1,NULL,'2020-05-02 14:49:09',NULL),(1785,8303,36,3,'Conyuge',0.00,1,'0',4,'STR_PAD_RIGHT',1,2,3,1,NULL,NULL,NULL,NULL,NULL,'',1,NULL,'2020-05-03 17:00:13',NULL),(1786,8303,36,4,'Cantidad de Hijos',0.00,2,'0',1,'STR_PAD_LEFT',1,2,4,1,NULL,NULL,NULL,NULL,NULL,'',1,NULL,'2020-05-03 15:18:04',NULL),(1787,8303,36,5,'Codigo de Situacion',0.00,2,'0',1,'STR_PAD_LEFT',1,2,5,1,NULL,NULL,NULL,NULL,NULL,'',1,NULL,'2020-05-03 15:18:24',NULL),(1788,8303,36,6,'Codigo de Condicion',0.00,2,'0',1,'STR_PAD_LEFT',1,2,6,1,NULL,NULL,NULL,NULL,NULL,'',1,NULL,'2020-04-29 14:18:17',NULL),(1789,8303,36,7,'Codigo de Actividad',0.00,3,'0',1,'STR_PAD_LEFT',1,2,7,1,NULL,NULL,NULL,NULL,NULL,'',1,NULL,'2020-04-29 14:18:17',NULL),(1790,8303,36,8,'Codigo de Zona',0.00,2,'0',1,'STR_PAD_LEFT',1,2,8,1,NULL,NULL,NULL,NULL,NULL,'',1,NULL,'2020-04-29 14:18:17',NULL),(1791,8303,36,9,'Porcentaje de Aporte Adicional SS',0.00,5,NULL,3,'STR_PAD_LEFT',1,1,NULL,1,NULL,NULL,NULL,NULL,NULL,'',1,NULL,'2020-05-03 15:59:20',NULL),(1792,8303,36,10,'Codigo de Modalidad de Contratacion',0.00,3,'0',1,'STR_PAD_LEFT',1,2,9,1,NULL,NULL,NULL,NULL,NULL,'',1,NULL,'2020-04-29 14:18:17',NULL),(1793,8303,36,11,'Codigo de Obra Social',0.00,6,'0',1,'STR_PAD_LEFT',1,2,10,1,NULL,NULL,NULL,NULL,NULL,'',1,NULL,'2020-05-02 15:53:43',NULL),(1794,8303,36,12,'Cantidad de Adherentes',0.00,2,'0',1,'STR_PAD_LEFT',1,2,11,1,NULL,NULL,NULL,NULL,NULL,'',1,NULL,'2020-05-02 15:55:30',NULL),(1795,8303,36,13,'Remuneracion Total',0.00,12,NULL,3,'STR_PAD_LEFT',1,3,NULL,2,NULL,2,3,2,4,'',1,NULL,'2020-05-03 15:25:04',NULL);
INSERT INTO `syj_formato_sicoss_detalle` VALUES (1796,8303,36,14,'Remuneracion Imponible 1',0.00,12,NULL,3,'STR_PAD_LEFT',1,3,NULL,2,NULL,2,2,2,4,'',1,NULL,'2020-05-03 15:25:12',NULL),(1797,8303,36,15,'Asignaciones Familiares Pagadas',0.00,9,NULL,3,'STR_PAD_LEFT',1,1,NULL,1,NULL,NULL,NULL,NULL,NULL,'',1,NULL,'2020-05-02 15:57:07',NULL),(1798,8303,36,16,'Importe Aporte Voluntario',0.00,9,NULL,3,'STR_PAD_LEFT',1,1,NULL,1,NULL,NULL,NULL,NULL,NULL,'',1,NULL,'2020-05-02 15:57:14',NULL),(1799,8303,36,17,'Importe Adicional OS',0.00,9,NULL,3,'STR_PAD_LEFT',1,1,NULL,1,NULL,NULL,NULL,NULL,NULL,'',1,NULL,'2020-05-02 15:57:21',NULL),(1800,8303,36,18,'Importe Excedentes Aportes SS',0.00,9,NULL,3,'STR_PAD_LEFT',1,1,NULL,1,NULL,NULL,NULL,NULL,NULL,'',1,NULL,'2020-05-02 15:57:25',NULL),(1801,8303,36,19,'Importe Excedentes Aportes OS',0.00,9,NULL,3,'STR_PAD_LEFT',1,1,NULL,1,NULL,NULL,NULL,NULL,NULL,'',1,NULL,'2020-05-02 15:57:30',NULL),(1802,8303,36,20,'Provincia Localidad',0.00,50,NULL,1,'STR_PAD_RIGHT',1,2,12,1,NULL,NULL,NULL,NULL,NULL,'',1,NULL,'2020-05-02 16:29:03',NULL),(1803,8303,36,21,'Remuneracion Imponible 2',0.00,12,NULL,3,'STR_PAD_LEFT',1,3,NULL,2,NULL,2,2,2,4,'',1,NULL,'2020-05-03 15:28:27',NULL),(1804,8303,36,22,'Remuneracion Imponible 3',0.00,12,NULL,3,'STR_PAD_LEFT',1,3,NULL,2,NULL,2,2,2,4,'',1,NULL,'2020-05-03 15:28:33',NULL),(1805,8303,36,23,'Remuneracion Imponible 4',0.00,12,NULL,3,'STR_PAD_LEFT',1,3,26,3,NULL,NULL,NULL,2,3,'',1,NULL,'2020-05-27 19:01:16',NULL),(1806,8303,36,24,'Codigo de Siniestrado',0.00,2,'0',1,'STR_PAD_LEFT',1,2,13,1,NULL,NULL,NULL,NULL,NULL,'',1,NULL,'2020-05-02 15:59:35',NULL),(1807,8303,36,25,'Marca de Corresponde Reduccion',0.00,1,'0',4,'STR_PAD_LEFT',1,2,26,1,NULL,NULL,NULL,NULL,NULL,'',1,NULL,'2020-05-03 17:07:54',NULL),(1808,8303,36,26,'Capital de Recomposicion de LRT',0.00,9,NULL,3,'STR_PAD_LEFT',1,1,NULL,1,NULL,NULL,NULL,NULL,NULL,'',1,NULL,'2020-05-03 16:37:13',NULL),(1809,8303,36,27,'Tipo de Empresa',0.00,1,'0',1,'STR_PAD_LEFT',1,2,14,1,NULL,NULL,NULL,NULL,NULL,'',1,NULL,'2020-05-02 16:01:19',NULL),(1810,8303,36,28,'Aporte Adicional de Obra Social',0.00,9,NULL,3,'STR_PAD_LEFT',1,3,NULL,3,NULL,NULL,NULL,2,4,'',1,NULL,'2020-05-03 15:29:21',NULL),(1811,8303,36,29,'Regimen',0.00,1,NULL,1,'STR_PAD_LEFT',1,2,15,1,NULL,NULL,NULL,NULL,NULL,'',1,NULL,'2020-05-02 16:01:54',NULL),(1812,8303,36,30,'Situacion de Revista 1',0.00,2,'0',1,'STR_PAD_LEFT',1,2,16,1,NULL,NULL,NULL,NULL,NULL,'',1,NULL,'2020-05-02 16:02:04',NULL),(1813,8303,36,31,'Dia inicio Situacion Revista 1',0.00,2,'0',1,'STR_PAD_LEFT',1,2,17,1,NULL,NULL,NULL,NULL,NULL,'',1,NULL,'2020-05-02 16:02:17',NULL),(1814,8303,36,32,'Situacion de Revista 2',0.00,2,'0',1,'STR_PAD_LEFT',1,2,18,1,NULL,NULL,NULL,NULL,NULL,'',1,NULL,'2020-05-02 16:02:50',NULL),(1815,8303,36,33,'Dia inicio Situacion Revista 2',0.00,2,'0',1,'STR_PAD_LEFT',1,2,19,1,NULL,NULL,NULL,NULL,NULL,'',1,NULL,'2020-05-02 16:02:38',NULL),(1816,8303,36,34,'Situacion de Revista 3',0.00,2,'0',1,'STR_PAD_LEFT',1,2,20,1,NULL,NULL,NULL,NULL,NULL,'',1,NULL,'2020-05-02 16:03:01',NULL),(1817,8303,36,35,'Dia inicio Situacion Revista 3',0.00,2,'0',1,'STR_PAD_LEFT',1,2,21,1,NULL,NULL,NULL,NULL,NULL,'',1,NULL,'2020-05-02 16:03:10',NULL),(1818,8303,36,36,'Sueldo + Adicionales',0.00,12,NULL,3,'STR_PAD_LEFT',1,3,NULL,3,NULL,NULL,NULL,2,4,'',1,NULL,'2020-05-03 15:30:12',NULL),(1819,8303,36,37,'SAC',0.00,12,NULL,3,'STR_PAD_LEFT',1,3,NULL,3,NULL,NULL,NULL,2,4,'',1,NULL,'2020-05-03 15:30:19',NULL),(1820,8303,36,38,'Horas Extra',0.00,12,NULL,3,'STR_PAD_LEFT',1,3,NULL,3,NULL,NULL,NULL,2,4,'',1,NULL,'2020-05-27 03:02:29',NULL),(1821,8303,36,39,'Zona desfavorable',0.00,12,NULL,3,'STR_PAD_LEFT',1,1,NULL,1,NULL,NULL,NULL,NULL,NULL,'',1,NULL,'2020-05-02 16:03:46',NULL),(1822,8303,36,40,'Vacaciones',0.00,12,NULL,3,'STR_PAD_LEFT',1,3,NULL,3,NULL,NULL,NULL,2,4,'',1,NULL,'2020-05-27 12:05:00',NULL),(1823,8303,36,41,'Cantidad de dias trabajados',0.00,9,'0',2,'STR_PAD_LEFT',1,3,NULL,3,NULL,NULL,NULL,2,2,'',1,NULL,'2020-05-27 12:05:14',NULL);
INSERT INTO `syj_formato_sicoss_detalle` VALUES (1824,8303,36,42,'Remuneracion Imponible 5',0.00,12,NULL,3,'STR_PAD_LEFT',1,3,NULL,2,NULL,2,2,2,4,'',1,NULL,'2020-05-03 15:31:27',NULL),(1825,8303,36,43,'Trabajador Convencionado',0.00,1,'0',4,'STR_PAD_LEFT',1,2,22,1,NULL,NULL,NULL,NULL,NULL,'',1,NULL,'2020-05-03 16:58:08',NULL),(1826,8303,36,44,'Remuneracion Imponible 6',0.00,12,NULL,3,'STR_PAD_LEFT',1,1,NULL,1,NULL,NULL,NULL,NULL,NULL,'',1,NULL,'2020-05-02 16:04:46',NULL),(1827,8303,36,45,'Tipo de Operacion',0.00,1,NULL,3,'STR_PAD_LEFT',1,1,NULL,1,NULL,NULL,NULL,NULL,NULL,'',1,NULL,'2020-05-03 16:57:50',NULL),(1828,8303,36,46,'Adicionales',0.00,12,NULL,3,'STR_PAD_LEFT',1,3,NULL,3,NULL,NULL,NULL,2,4,'',1,NULL,'2020-05-27 12:05:26',NULL),(1829,8303,36,47,'Premios',0.00,12,NULL,3,'STR_PAD_LEFT',1,3,NULL,3,NULL,NULL,NULL,2,4,'',1,NULL,'2020-05-27 12:05:33',NULL),(1830,8303,36,48,'Remuneracion Imponible 8',0.00,12,'0',3,'STR_PAD_LEFT',1,3,NULL,3,NULL,2,2,2,3,'',1,NULL,'2020-05-27 12:04:17',NULL),(1831,8303,36,49,'Remuneracion Imponible 7',0.00,12,NULL,3,'STR_PAD_LEFT',1,1,NULL,1,NULL,NULL,NULL,NULL,NULL,'',1,NULL,'2020-05-02 16:06:15',NULL),(1832,8303,36,50,'Cantidad de Horas Extras',0.00,3,'0',2,'STR_PAD_LEFT',1,3,NULL,3,NULL,NULL,NULL,2,2,'',1,NULL,'2020-05-27 12:05:39',NULL),(1833,8303,36,51,'Conceptos No Remunerativos',0.00,12,NULL,3,'STR_PAD_LEFT',1,3,NULL,2,NULL,3,3,2,4,'',1,NULL,'2020-05-27 12:05:46',NULL),(1834,8303,36,52,'Maternidad',0.00,12,NULL,3,'STR_PAD_LEFT',1,3,NULL,3,NULL,NULL,NULL,2,4,'',1,NULL,'2020-05-03 15:32:52',NULL),(1835,8303,36,53,'Rectificacion de remuneraciones',0.00,9,NULL,3,'STR_PAD_LEFT',1,1,NULL,1,NULL,NULL,NULL,NULL,NULL,'',1,NULL,'2020-05-02 16:07:28',NULL),(1836,8303,36,54,'Remuneracion Imponible 9',0.00,12,NULL,3,'STR_PAD_LEFT',1,3,NULL,2,NULL,2,3,2,4,'',1,NULL,'2020-05-03 15:33:17',NULL),(1837,8303,36,55,'Contribucion tarea diferencial (%)',0.00,9,NULL,3,'STR_PAD_LEFT',1,1,NULL,1,NULL,NULL,NULL,NULL,NULL,'',1,NULL,'2020-05-02 16:07:48',NULL),(1838,8303,36,56,'Horas Trabajadas',0.00,3,'0',1,'STR_PAD_LEFT',1,2,26,1,NULL,NULL,NULL,NULL,NULL,'',1,NULL,'2020-05-03 16:28:57',NULL),(1839,8303,36,57,'Seguro Colectivo de Vida Obligatorio',0.00,1,'0',4,'STR_PAD_LEFT',1,2,24,1,NULL,NULL,NULL,NULL,NULL,'',1,NULL,'2020-05-03 16:58:36',NULL),(1840,8303,36,58,'Importe a detraer Ley 27430',0.00,12,NULL,3,'STR_PAD_LEFT',1,1,NULL,1,NULL,NULL,NULL,NULL,NULL,'',1,NULL,'2020-05-02 16:08:33',NULL),(1841,8303,36,59,'Incremento Salarial',0.00,12,NULL,3,'STR_PAD_LEFT',1,3,NULL,3,NULL,NULL,NULL,2,4,NULL,1,NULL,'2020-05-27 12:06:04',NULL),(1842,8303,36,60,'Remuneracion Imponible 11',0.00,12,NULL,3,'STR_PAD_LEFT',1,1,NULL,1,NULL,NULL,NULL,NULL,NULL,NULL,1,NULL,'2020-05-03 16:21:29',NULL),(1843,8303,36,NULL,'Identificador de registro',0.00,2,' ',1,'1',NULL,NULL,NULL,1,NULL,NULL,NULL,NULL,NULL,NULL,1,NULL,NULL,NULL),(1844,8303,36,NULL,'CUIT',0.00,11,' ',1,'1',NULL,NULL,NULL,1,NULL,NULL,NULL,NULL,NULL,NULL,1,NULL,NULL,NULL),(1845,8303,36,NULL,'Marca de Cónyuge',0.00,1,' ',1,'1',NULL,NULL,NULL,1,NULL,NULL,NULL,NULL,NULL,NULL,1,NULL,NULL,NULL),(1846,8303,36,NULL,'Cantidad de hijos',0.00,2,' ',1,'1',NULL,NULL,NULL,1,NULL,NULL,NULL,NULL,NULL,NULL,1,NULL,NULL,NULL),(1847,8303,36,NULL,'Marca CCT',0.00,1,' ',1,'1',NULL,NULL,NULL,1,NULL,NULL,NULL,NULL,NULL,NULL,1,NULL,NULL,NULL),(1848,8303,36,NULL,'Marca SCVO',0.00,1,' ',1,'1',NULL,NULL,NULL,1,NULL,NULL,NULL,NULL,NULL,NULL,1,NULL,NULL,NULL),(1849,8303,36,NULL,'Marca corresponde reducción',0.00,1,' ',1,'1',NULL,NULL,NULL,1,NULL,NULL,NULL,NULL,NULL,NULL,1,NULL,NULL,NULL),(1850,8303,36,NULL,'Tipo de Empresa',0.00,1,' ',1,'1',NULL,NULL,NULL,1,NULL,NULL,NULL,NULL,NULL,NULL,1,NULL,NULL,NULL),(1851,8303,36,NULL,'Tipo de operación',0.00,1,' ',1,'1',NULL,NULL,NULL,1,NULL,NULL,NULL,NULL,NULL,NULL,1,NULL,NULL,NULL),(1852,8303,36,NULL,'Código situación',0.00,2,' ',1,'1',NULL,NULL,NULL,1,NULL,NULL,NULL,NULL,NULL,NULL,1,NULL,NULL,NULL);
INSERT INTO `syj_formato_sicoss_detalle` VALUES (1853,8303,36,NULL,'Código condición',0.00,2,' ',1,'1',NULL,NULL,NULL,1,NULL,NULL,NULL,NULL,NULL,NULL,1,NULL,NULL,NULL),(1854,8303,36,NULL,'Código de Actividad',0.00,3,' ',1,'1',NULL,NULL,NULL,1,NULL,NULL,NULL,NULL,NULL,NULL,1,NULL,NULL,NULL),(1855,8303,36,NULL,'Código modalidad contratación',0.00,3,' ',1,'1',NULL,NULL,NULL,1,NULL,NULL,NULL,NULL,NULL,NULL,1,NULL,NULL,NULL),(1856,8303,36,NULL,'Código siniestrado',0.00,2,' ',1,'1',NULL,NULL,NULL,1,NULL,NULL,NULL,NULL,NULL,NULL,1,NULL,NULL,NULL),(1857,8303,36,NULL,'Código de Localidad',0.00,2,' ',1,'1',NULL,NULL,NULL,1,NULL,NULL,NULL,NULL,NULL,NULL,1,NULL,NULL,NULL),(1858,8303,36,NULL,'Situación de Revista 1',0.00,2,' ',1,'1',NULL,NULL,NULL,1,NULL,NULL,NULL,NULL,NULL,NULL,1,NULL,NULL,NULL),(1859,8303,36,NULL,'Día inicio Situación de Revista 1',0.00,2,' ',1,'1',NULL,NULL,NULL,1,NULL,NULL,NULL,NULL,NULL,NULL,1,NULL,NULL,NULL),(1860,8303,36,NULL,'Situación de Revista 2',0.00,2,' ',1,'1',NULL,NULL,NULL,1,NULL,NULL,NULL,NULL,NULL,NULL,1,NULL,NULL,NULL),(1861,8303,36,NULL,'Día inicio Situación de Revista 2',0.00,2,' ',1,'1',NULL,NULL,NULL,1,NULL,NULL,NULL,NULL,NULL,NULL,1,NULL,NULL,NULL),(1862,8303,36,NULL,'Situación de Revista 3',0.00,2,' ',1,'1',NULL,NULL,NULL,1,NULL,NULL,NULL,NULL,NULL,NULL,1,NULL,NULL,NULL),(1863,8303,36,NULL,'Día inicio Situación de Revista 3',0.00,2,' ',1,'1',NULL,NULL,NULL,1,NULL,NULL,NULL,NULL,NULL,NULL,1,NULL,NULL,NULL),(1864,8303,36,NULL,'Cant días trabajados',0.00,2,' ',1,'1',NULL,NULL,NULL,1,NULL,NULL,NULL,NULL,NULL,NULL,1,NULL,NULL,NULL),(1865,8303,36,NULL,'Horas trabajadas',0.00,3,' ',1,'1',NULL,NULL,NULL,1,NULL,NULL,NULL,NULL,NULL,NULL,1,NULL,NULL,NULL),(1866,8303,36,NULL,'Porcentaje aporte adicional SS',0.00,5,' ',1,'1',NULL,NULL,NULL,1,NULL,NULL,NULL,NULL,NULL,NULL,1,NULL,NULL,NULL),(1867,8303,36,NULL,'Porcentaje Contribucion tarea diferencial',0.00,5,' ',1,'1',NULL,NULL,NULL,1,NULL,NULL,NULL,NULL,NULL,NULL,1,NULL,NULL,NULL),(1868,8303,36,NULL,'Código Obra social',0.00,6,' ',1,'1',NULL,NULL,NULL,1,NULL,NULL,NULL,NULL,NULL,NULL,1,NULL,NULL,NULL),(1869,8303,36,NULL,'Cantidad adherentes',0.00,2,' ',1,'1',NULL,NULL,NULL,1,NULL,NULL,NULL,NULL,NULL,NULL,1,NULL,NULL,NULL),(1870,8303,36,NULL,'Aporte Adicional OS',0.00,15,'0',1,'0',NULL,NULL,NULL,1,NULL,NULL,NULL,NULL,NULL,NULL,1,NULL,NULL,NULL),(1871,8303,36,NULL,'Contribucion Adicional OS',0.00,15,'0',1,'0',NULL,NULL,NULL,1,NULL,NULL,NULL,NULL,NULL,NULL,1,NULL,NULL,NULL),(1872,8303,36,NULL,'Base calculo Diferencial Aportes OS y FSR',0.00,15,'0',1,'0',NULL,NULL,NULL,1,NULL,NULL,NULL,NULL,NULL,NULL,1,NULL,NULL,NULL),(1873,8303,36,NULL,'Base calculo Diferencial Contribuciones OS y FSR',0.00,15,'0',1,'0',NULL,NULL,NULL,1,NULL,NULL,NULL,NULL,NULL,NULL,1,NULL,NULL,NULL),(1874,8303,36,NULL,'Base calculo Diferencial LRT',0.00,15,'0',1,'0',NULL,NULL,NULL,1,NULL,NULL,NULL,NULL,NULL,NULL,1,NULL,NULL,NULL),(1875,8303,36,NULL,'Remuneracion Maternidad ANSeS',0.00,15,'0',1,'0',NULL,NULL,NULL,1,NULL,NULL,NULL,NULL,NULL,NULL,1,NULL,NULL,NULL),(1876,8303,36,NULL,'Remuneracion bruta',0.00,15,'0',1,'0',NULL,NULL,NULL,1,NULL,NULL,NULL,NULL,NULL,NULL,1,NULL,NULL,NULL),(1877,8303,36,NULL,'Base imponible 1',0.00,15,'0',1,'0',NULL,NULL,NULL,1,NULL,NULL,NULL,NULL,NULL,NULL,1,NULL,NULL,NULL),(1878,8303,36,NULL,'Base imponible 2',0.00,15,'0',1,'0',NULL,NULL,NULL,1,NULL,NULL,NULL,NULL,NULL,NULL,1,NULL,NULL,NULL),(1879,8303,36,NULL,'Base imponible 3',0.00,15,'0',1,'0',NULL,NULL,NULL,1,NULL,NULL,NULL,NULL,NULL,NULL,1,NULL,NULL,NULL),(1880,8303,36,NULL,'Base imponible 4',0.00,15,'0',1,'0',NULL,NULL,NULL,1,NULL,NULL,NULL,NULL,NULL,NULL,1,NULL,NULL,NULL),(1881,8303,36,NULL,'Base imponible 5',0.00,15,'0',1,'0',NULL,NULL,NULL,1,NULL,NULL,NULL,NULL,NULL,NULL,1,NULL,NULL,NULL),(1882,8303,36,NULL,'Base imponible 6',0.00,15,'0',1,'0',NULL,NULL,NULL,1,NULL,NULL,NULL,NULL,NULL,NULL,1,NULL,NULL,NULL),(1883,8303,36,NULL,'Base imponible 7',0.00,15,'0',1,'0',NULL,NULL,NULL,1,NULL,NULL,NULL,NULL,NULL,NULL,1,NULL,NULL,NULL);
INSERT INTO `syj_formato_sicoss_detalle` VALUES (1884,8303,36,NULL,'Base imponible 8',0.00,15,'0',1,'0',NULL,NULL,NULL,1,NULL,NULL,NULL,NULL,NULL,NULL,1,NULL,NULL,NULL),(1885,8303,36,NULL,'Base imponible 9',0.00,15,'0',1,'0',NULL,NULL,NULL,1,NULL,NULL,NULL,NULL,NULL,NULL,1,NULL,NULL,NULL),(1886,8303,36,NULL,'Base para el calculo diferencial de aporte Seg. Social',0.00,15,'0',1,'0',NULL,NULL,NULL,1,NULL,NULL,NULL,NULL,NULL,NULL,1,NULL,NULL,NULL),(1887,8303,36,NULL,'Base para el calculo diferencial de contribuciones de Seg Social',0.00,15,'0',1,'0',NULL,NULL,NULL,1,NULL,NULL,NULL,NULL,NULL,NULL,1,NULL,NULL,NULL),(1888,8303,36,NULL,'Base imponible 10',0.00,15,'0',1,'0',NULL,NULL,NULL,1,NULL,NULL,NULL,NULL,NULL,NULL,1,NULL,NULL,NULL),(1889,8303,36,NULL,'Importe a Detraer Ley 26.473',0.00,15,'0',1,'0',NULL,NULL,NULL,1,NULL,NULL,NULL,NULL,NULL,NULL,1,NULL,NULL,NULL),(1890,8303,36,2,'CUIT',0.00,11,' ',1,'1',2,2,1,1,NULL,NULL,NULL,NULL,NULL,NULL,1,NULL,NULL,NULL),(1891,8303,36,3,'Marca de Cónyuge',0.00,1,'0',6,'1',2,2,3,1,NULL,NULL,NULL,NULL,NULL,NULL,1,NULL,NULL,NULL),(1892,8303,36,4,'Cantidad de hijos',0.00,2,'0',1,'0',2,2,4,1,NULL,NULL,NULL,NULL,NULL,NULL,1,NULL,NULL,NULL),(1893,8303,36,5,'Marca CCT',0.00,1,' ',1,'1',2,2,22,1,NULL,NULL,NULL,NULL,NULL,NULL,1,NULL,NULL,NULL),(1894,8303,36,6,'Marca SCVO',0.00,1,' ',1,'1',2,2,24,1,NULL,NULL,NULL,NULL,NULL,NULL,1,NULL,NULL,NULL),(1895,8303,36,7,'Marca corresponde reducción',0.00,1,'0',6,'1',2,2,26,1,NULL,NULL,NULL,NULL,NULL,NULL,1,NULL,NULL,NULL),(1896,8303,36,8,'Tipo de Empresa',0.00,1,' ',1,'1',2,2,14,1,NULL,NULL,NULL,NULL,NULL,NULL,1,NULL,NULL,NULL),(1897,8303,36,9,'Tipo de operación',0.00,1,' ',7,'1',2,1,NULL,1,NULL,NULL,NULL,NULL,NULL,NULL,1,NULL,NULL,NULL),(1898,8303,36,10,'Código situación',0.00,2,'0',1,'0',2,2,5,1,NULL,NULL,NULL,NULL,NULL,NULL,1,NULL,NULL,NULL),(1899,8303,36,11,'Código condición',0.00,2,'0',1,'0',2,2,6,1,NULL,NULL,NULL,NULL,NULL,NULL,1,NULL,NULL,NULL),(1900,8303,36,12,'Código de Actividad',0.00,3,'0',1,'0',2,2,7,1,NULL,NULL,NULL,NULL,NULL,NULL,1,NULL,NULL,NULL),(1901,8303,36,13,'Código modalidad contratación',0.00,3,'0',1,'0',2,2,9,1,NULL,NULL,NULL,NULL,NULL,NULL,1,NULL,NULL,NULL),(1902,8303,36,14,'Código siniestrado',0.00,2,'0',1,'0',2,2,13,1,NULL,NULL,NULL,NULL,NULL,NULL,1,NULL,NULL,NULL),(1903,8303,36,15,'Código de Localidad',0.00,2,' ',1,'1',2,2,8,1,NULL,NULL,NULL,NULL,NULL,NULL,1,NULL,NULL,NULL),(1904,8303,36,16,'Situación de Revista 1',0.00,2,'0',1,'0',2,2,16,1,NULL,NULL,NULL,NULL,NULL,NULL,1,NULL,NULL,NULL),(1905,8303,36,17,'Día inicio Situación de Revista 1',0.00,2,'0',1,'0',2,2,17,1,NULL,NULL,NULL,NULL,NULL,NULL,1,NULL,NULL,NULL),(1906,8303,36,18,'Situación de Revista 2',0.00,2,'0',1,'0',2,2,18,1,NULL,NULL,NULL,NULL,NULL,NULL,1,NULL,NULL,NULL),(1907,8303,36,19,'Día inicio Situación de Revista 2',0.00,2,'0',1,'0',2,2,19,1,NULL,NULL,NULL,NULL,NULL,NULL,1,NULL,NULL,NULL),(1908,8303,36,20,'Situación de Revista 3',0.00,2,'0',1,'0',2,2,20,1,NULL,NULL,NULL,NULL,NULL,NULL,1,NULL,NULL,NULL),(1909,8303,36,21,'Día inicio Situación de Revista 3',0.00,2,'0',1,'0',2,2,21,1,NULL,NULL,NULL,NULL,NULL,NULL,1,NULL,NULL,NULL),(1910,8303,36,22,'Cant días trabajados',0.00,2,'0',2,'0',2,3,NULL,3,NULL,NULL,NULL,2,2,NULL,1,NULL,NULL,NULL),(1911,8303,36,23,'Horas trabajadas',0.00,3,'0',1,'0',2,2,26,1,NULL,NULL,NULL,NULL,NULL,NULL,1,NULL,NULL,NULL),(1912,8303,36,24,'Porcentaje aporte adicional SS',0.00,5,'0',7,'0',2,1,NULL,1,NULL,NULL,NULL,NULL,NULL,NULL,1,NULL,NULL,NULL),(1913,8303,36,25,'Porcentaje Contribucion tarea diferencial',0.00,5,'0',7,'0',2,1,NULL,1,NULL,NULL,NULL,NULL,NULL,NULL,1,NULL,NULL,NULL),(1914,8303,36,26,'Código Obra social',0.00,6,'0',1,'0',2,2,10,1,NULL,NULL,NULL,NULL,NULL,NULL,1,NULL,NULL,NULL),(1915,8303,36,27,'Cantidad adherentes',0.00,2,'0',1,'0',2,2,11,1,NULL,NULL,NULL,NULL,NULL,NULL,1,NULL,NULL,NULL),(1916,8303,36,28,'Aporte Adicional OS',0.00,15,'0',7,'0',2,3,NULL,3,NULL,NULL,NULL,2,4,NULL,1,NULL,NULL,NULL);
INSERT INTO `syj_formato_sicoss_detalle` VALUES (1917,8303,36,29,'Contribucion Adicional OS',0.00,15,'0',7,'0',2,3,NULL,3,NULL,NULL,NULL,2,4,NULL,1,NULL,NULL,NULL),(1918,8303,36,30,'Base calculo Diferencial Aportes OS y FSR',0.00,15,'0',7,'0',2,3,NULL,3,NULL,NULL,NULL,2,4,NULL,1,NULL,NULL,NULL),(1919,8303,36,31,'Base calculo Diferencial Contribuciones OS y FSR',0.00,15,'0',7,'0',2,3,NULL,3,NULL,NULL,NULL,2,4,NULL,1,NULL,NULL,NULL),(1920,8303,36,32,'Base calculo Diferencial LRT',0.00,15,'0',7,'0',2,3,NULL,3,NULL,NULL,NULL,2,4,NULL,1,NULL,NULL,NULL),(1921,8303,36,33,'Remuneracion Maternidad ANSeS',0.00,15,'0',7,'0',2,3,NULL,3,NULL,NULL,NULL,2,4,NULL,1,NULL,NULL,NULL),(1922,8303,36,34,'Remuneracion bruta',0.00,15,'0',7,'0',2,3,NULL,2,NULL,2,2,2,4,NULL,1,NULL,NULL,NULL),(1923,8303,36,35,'Base imponible 1',0.00,15,'0',7,'0',2,3,NULL,2,NULL,2,2,2,4,NULL,1,NULL,NULL,NULL),(1924,8303,36,36,'Base imponible 2',0.00,15,'0',7,'0',2,3,NULL,2,NULL,2,2,2,4,NULL,1,NULL,NULL,NULL),(1925,8303,36,37,'Base imponible 3',0.00,15,'0',7,'0',2,3,NULL,2,NULL,2,2,2,4,NULL,1,NULL,NULL,NULL),(1926,8303,36,38,'Base imponible 4',0.00,15,'0',7,'0',2,3,NULL,3,NULL,NULL,NULL,2,3,NULL,1,NULL,NULL,NULL),(1927,8303,36,39,'Base imponible 5',0.00,15,'0',7,'0',2,3,NULL,2,NULL,2,2,2,4,NULL,1,NULL,NULL,NULL),(1928,8303,36,40,'Base imponible 6',0.00,15,'0',7,'0',2,1,NULL,1,NULL,NULL,NULL,NULL,NULL,NULL,1,NULL,NULL,NULL),(1929,8303,36,41,'Base imponible 7',0.00,15,'0',7,'0',2,3,NULL,3,NULL,NULL,NULL,2,3,NULL,1,NULL,NULL,NULL),(1930,8303,36,42,'Base imponible 8',0.00,15,'0',7,'0',2,3,NULL,3,NULL,NULL,NULL,2,3,NULL,1,NULL,NULL,NULL),(1931,8303,36,43,'Base imponible 9',0.00,15,'0',7,'0',2,3,NULL,2,NULL,2,2,2,4,NULL,1,NULL,NULL,NULL),(1932,8303,36,44,'Base para el calculo diferencial de aporte Seg. Social',0.00,15,'0',7,'0',2,1,NULL,1,NULL,NULL,NULL,NULL,NULL,NULL,1,NULL,NULL,NULL),(1933,8303,36,45,'Base para el calculo diferencial de contribuciones de Seg Social',0.00,15,'0',7,'0',2,1,NULL,1,NULL,NULL,NULL,NULL,NULL,NULL,1,NULL,NULL,NULL),(1934,8303,36,46,'Base imponible 10',0.00,15,'0',7,'0',2,3,NULL,3,NULL,NULL,NULL,2,4,NULL,1,NULL,NULL,NULL),(1935,8303,36,47,'Importe a Detraer Ley 26.473',0.00,15,'0',7,'0',2,3,NULL,3,NULL,NULL,NULL,2,4,NULL,1,NULL,NULL,NULL),(1936,8303,37,1,'CUIL',0.00,11,NULL,1,'STR_PAD_RIGHT',1,2,1,1,NULL,NULL,NULL,NULL,NULL,'',1,NULL,NULL,NULL),(1937,8303,37,2,'Apellido y Nombre',0.00,30,NULL,1,'STR_PAD_RIGHT',1,2,2,1,NULL,NULL,NULL,NULL,NULL,'',1,NULL,NULL,NULL),(1938,8303,37,3,'Conyuge',0.00,1,'0',4,'STR_PAD_RIGHT',1,2,3,1,NULL,NULL,NULL,NULL,NULL,'',1,NULL,NULL,NULL),(1939,8303,37,4,'Cantidad de Hijos',0.00,2,'0',1,'STR_PAD_LEFT',1,2,4,1,NULL,NULL,NULL,NULL,NULL,'',1,NULL,NULL,NULL),(1940,8303,37,5,'Codigo de Situacion',0.00,2,'0',1,'STR_PAD_LEFT',1,2,5,1,NULL,NULL,NULL,NULL,NULL,'',1,NULL,NULL,NULL),(1941,8303,37,6,'Codigo de Condicion',0.00,2,'0',1,'STR_PAD_LEFT',1,2,6,1,NULL,NULL,NULL,NULL,NULL,'',1,NULL,NULL,NULL),(1942,8303,37,7,'Codigo de Actividad',0.00,3,'0',1,'STR_PAD_LEFT',1,2,7,1,NULL,NULL,NULL,NULL,NULL,'',1,NULL,NULL,NULL),(1943,8303,37,8,'Codigo de Zona',0.00,2,'0',1,'STR_PAD_LEFT',1,2,8,1,NULL,NULL,NULL,NULL,NULL,'',1,NULL,NULL,NULL),(1944,8303,37,9,'Porcentaje de Aporte Adicional SS',0.00,5,NULL,3,'STR_PAD_LEFT',1,1,NULL,1,NULL,NULL,NULL,NULL,NULL,'',1,NULL,NULL,NULL),(1945,8303,37,10,'Codigo de Modalidad de Contratacion',0.00,3,'0',1,'STR_PAD_LEFT',1,2,9,1,NULL,NULL,NULL,NULL,NULL,'',1,NULL,NULL,NULL),(1946,8303,37,11,'Codigo de Obra Social',0.00,6,'0',1,'STR_PAD_LEFT',1,2,10,1,NULL,NULL,NULL,NULL,NULL,'',1,NULL,NULL,NULL),(1947,8303,37,12,'Cantidad de Adherentes',0.00,2,'0',1,'STR_PAD_LEFT',1,2,11,1,NULL,NULL,NULL,NULL,NULL,'',1,NULL,NULL,NULL),(1948,8303,37,13,'Remuneracion Total',0.00,12,NULL,3,'STR_PAD_LEFT',1,3,NULL,2,NULL,2,3,2,4,'',1,NULL,NULL,NULL),(1949,8303,37,14,'Remuneracion Imponible 1',0.00,12,NULL,3,'STR_PAD_LEFT',1,3,NULL,2,NULL,2,2,2,4,'',1,NULL,NULL,NULL);
INSERT INTO `syj_formato_sicoss_detalle` VALUES (1950,8303,37,15,'Asignaciones Familiares Pagadas',0.00,9,NULL,3,'STR_PAD_LEFT',1,1,NULL,1,NULL,NULL,NULL,NULL,NULL,'',1,NULL,NULL,NULL),(1951,8303,37,16,'Importe Aporte Voluntario',0.00,9,NULL,3,'STR_PAD_LEFT',1,1,NULL,1,NULL,NULL,NULL,NULL,NULL,'',1,NULL,NULL,NULL),(1952,8303,37,17,'Importe Adicional OS',0.00,9,NULL,3,'STR_PAD_LEFT',1,1,NULL,1,NULL,NULL,NULL,NULL,NULL,'',1,NULL,NULL,NULL),(1953,8303,37,18,'Importe Excedentes Aportes SS',0.00,9,NULL,3,'STR_PAD_LEFT',1,1,NULL,1,NULL,NULL,NULL,NULL,NULL,'',1,NULL,NULL,NULL),(1954,8303,37,19,'Importe Excedentes Aportes OS',0.00,9,NULL,3,'STR_PAD_LEFT',1,1,NULL,1,NULL,NULL,NULL,NULL,NULL,'',1,NULL,NULL,NULL),(1955,8303,37,20,'Provincia Localidad',0.00,50,NULL,1,'STR_PAD_RIGHT',1,2,12,1,NULL,NULL,NULL,NULL,NULL,'',1,NULL,NULL,NULL),(1956,8303,37,21,'Remuneracion Imponible 2',0.00,12,NULL,3,'STR_PAD_LEFT',1,3,NULL,2,NULL,2,2,2,4,'',1,NULL,NULL,NULL),(1957,8303,37,22,'Remuneracion Imponible 3',0.00,12,NULL,3,'STR_PAD_LEFT',1,3,NULL,2,NULL,2,2,2,4,'',1,NULL,NULL,NULL),(1958,8303,37,23,'Remuneracion Imponible 4',0.00,12,NULL,3,'STR_PAD_LEFT',1,3,26,3,NULL,NULL,NULL,2,3,'',1,NULL,'2020-05-27 12:09:07',NULL),(1959,8303,37,24,'Codigo de Siniestrado',0.00,2,'0',1,'STR_PAD_LEFT',1,2,13,1,NULL,NULL,NULL,NULL,NULL,'',1,NULL,NULL,NULL),(1960,8303,37,25,'Marca de Corresponde Reduccion',0.00,1,'0',4,'STR_PAD_LEFT',1,2,26,1,NULL,NULL,NULL,NULL,NULL,'',1,NULL,NULL,NULL),(1961,8303,37,26,'Capital de Recomposicion de LRT',0.00,9,NULL,3,'STR_PAD_LEFT',1,1,NULL,1,NULL,NULL,NULL,NULL,NULL,'',1,NULL,NULL,NULL),(1962,8303,37,27,'Tipo de Empresa',0.00,1,'0',1,'STR_PAD_LEFT',1,2,14,1,NULL,NULL,NULL,NULL,NULL,'',1,NULL,NULL,NULL),(1963,8303,37,28,'Aporte Adicional de Obra Social',0.00,9,NULL,3,'STR_PAD_LEFT',1,3,NULL,3,NULL,NULL,NULL,2,4,'',1,NULL,NULL,NULL),(1964,8303,37,29,'Regimen',0.00,1,NULL,1,'STR_PAD_LEFT',1,2,15,1,NULL,NULL,NULL,NULL,NULL,'',1,NULL,NULL,NULL),(1965,8303,37,30,'Situacion de Revista 1',0.00,2,'0',1,'STR_PAD_LEFT',1,2,16,1,NULL,NULL,NULL,NULL,NULL,'',1,NULL,NULL,NULL),(1966,8303,37,31,'Dia inicio Situacion Revista 1',0.00,2,'0',1,'STR_PAD_LEFT',1,2,17,1,NULL,NULL,NULL,NULL,NULL,'',1,NULL,NULL,NULL),(1967,8303,37,32,'Situacion de Revista 2',0.00,2,'0',1,'STR_PAD_LEFT',1,2,18,1,NULL,NULL,NULL,NULL,NULL,'',1,NULL,NULL,NULL),(1968,8303,37,33,'Dia inicio Situacion Revista 2',0.00,2,'0',1,'STR_PAD_LEFT',1,2,19,1,NULL,NULL,NULL,NULL,NULL,'',1,NULL,NULL,NULL),(1969,8303,37,34,'Situacion de Revista 3',0.00,2,'0',1,'STR_PAD_LEFT',1,2,20,1,NULL,NULL,NULL,NULL,NULL,'',1,NULL,NULL,NULL),(1970,8303,37,35,'Dia inicio Situacion Revista 3',0.00,2,'0',1,'STR_PAD_LEFT',1,2,21,1,NULL,NULL,NULL,NULL,NULL,'',1,NULL,NULL,NULL),(1971,8303,37,36,'Sueldo + Adicionales',0.00,12,NULL,3,'STR_PAD_LEFT',1,3,NULL,3,NULL,NULL,NULL,2,4,'',1,NULL,'2020-05-27 19:05:41',NULL),(1972,8303,37,37,'SAC',0.00,12,NULL,3,'STR_PAD_LEFT',1,3,NULL,3,NULL,NULL,NULL,2,4,'',1,NULL,'2020-05-27 19:09:31',NULL),(1973,8303,37,38,'Horas Extra',0.00,12,NULL,3,'STR_PAD_LEFT',1,3,NULL,3,NULL,NULL,NULL,2,4,'',1,NULL,'2020-05-27 03:02:14',NULL),(1974,8303,37,39,'Zona desfavorable',0.00,12,NULL,3,'STR_PAD_LEFT',1,1,NULL,1,NULL,NULL,NULL,NULL,NULL,'',1,NULL,NULL,NULL),(1975,8303,37,40,'Vacaciones',0.00,12,NULL,3,'STR_PAD_LEFT',1,3,NULL,3,NULL,NULL,NULL,2,4,'',1,NULL,'2020-05-27 03:03:26',NULL),(1976,8303,37,41,'Cantidad de dias trabajados',0.00,9,'0',2,'STR_PAD_LEFT',1,3,NULL,3,NULL,NULL,NULL,2,2,'',1,NULL,'2020-05-27 03:04:22',NULL),(1977,8303,37,42,'Remuneracion Imponible 5',0.00,12,NULL,3,'STR_PAD_LEFT',1,3,NULL,2,NULL,2,2,2,4,'',1,NULL,NULL,NULL),(1978,8303,37,43,'Trabajador Convencionado',0.00,1,'0',4,'STR_PAD_LEFT',1,2,22,1,NULL,NULL,NULL,NULL,NULL,'',1,NULL,NULL,NULL),(1979,8303,37,44,'Remuneracion Imponible 6',0.00,12,NULL,3,'STR_PAD_LEFT',1,1,NULL,1,NULL,NULL,NULL,NULL,NULL,'',1,NULL,NULL,NULL),(1980,8303,37,45,'Tipo de Operacion',0.00,1,NULL,3,'STR_PAD_LEFT',1,1,NULL,1,NULL,NULL,NULL,NULL,NULL,'',1,NULL,NULL,NULL);
INSERT INTO `syj_formato_sicoss_detalle` VALUES (1981,8303,37,46,'Adicionales',0.00,12,NULL,3,'STR_PAD_LEFT',1,3,NULL,3,NULL,NULL,NULL,2,4,'',1,NULL,'2020-05-27 03:05:31',NULL),(1982,8303,37,47,'Premios',0.00,12,NULL,3,'STR_PAD_LEFT',1,3,NULL,3,NULL,NULL,NULL,2,4,'',1,NULL,'2020-05-27 03:05:51',NULL),(1983,8303,37,48,'Remuneracion Imponible 8',0.00,12,'0',3,'STR_PAD_LEFT',1,3,NULL,3,NULL,2,2,2,3,'',1,NULL,'2020-05-27 03:06:21',NULL),(1984,8303,37,49,'Remuneracion Imponible 7',0.00,12,NULL,3,'STR_PAD_LEFT',1,1,NULL,1,NULL,NULL,NULL,NULL,NULL,'',1,NULL,NULL,NULL),(1985,8303,37,50,'Cantidad de Horas Extras',0.00,3,'0',2,'STR_PAD_LEFT',1,3,NULL,3,NULL,NULL,NULL,2,2,'',1,NULL,'2020-05-27 03:07:00',NULL),(1986,8303,37,51,'Conceptos No Remunerativos',0.00,12,NULL,3,'STR_PAD_LEFT',1,3,NULL,2,NULL,3,3,2,4,'',1,NULL,NULL,NULL),(1987,8303,37,52,'Maternidad',0.00,12,NULL,3,'STR_PAD_LEFT',1,3,NULL,3,NULL,NULL,NULL,2,4,'',1,NULL,'2020-05-27 03:07:33',NULL),(1988,8303,37,53,'Rectificacion de remuneraciones',0.00,9,NULL,3,'STR_PAD_LEFT',1,1,NULL,1,NULL,NULL,NULL,NULL,NULL,'',1,NULL,NULL,NULL),(1989,8303,37,54,'Remuneracion Imponible 9',0.00,12,NULL,3,'STR_PAD_LEFT',1,3,NULL,2,NULL,2,3,2,4,'',1,NULL,NULL,NULL),(1990,8303,37,55,'Contribucion tarea diferencial (%)',0.00,9,NULL,3,'STR_PAD_LEFT',1,1,NULL,1,NULL,NULL,NULL,NULL,NULL,'',1,NULL,NULL,NULL),(1991,8303,37,56,'Horas Trabajadas',0.00,3,'0',1,'STR_PAD_LEFT',1,2,26,1,NULL,NULL,NULL,NULL,NULL,'',1,NULL,NULL,NULL),(1992,8303,37,57,'Seguro Colectivo de Vida Obligatorio',0.00,1,'0',4,'STR_PAD_LEFT',1,2,24,1,NULL,NULL,NULL,NULL,NULL,'',1,NULL,NULL,NULL),(1993,8303,37,58,'Importe a detraer Ley 27430',0.00,12,NULL,3,'STR_PAD_LEFT',1,1,NULL,1,NULL,NULL,NULL,NULL,NULL,'',1,NULL,NULL,NULL),(1994,8303,37,59,'Incremento Salarial',0.00,12,NULL,3,'STR_PAD_LEFT',1,3,NULL,3,NULL,NULL,NULL,2,4,NULL,1,NULL,'2020-05-27 03:08:13',NULL),(1995,8303,37,60,'Remuneracion Imponible 11',0.00,12,NULL,3,'STR_PAD_LEFT',1,1,NULL,1,NULL,NULL,NULL,NULL,NULL,NULL,1,NULL,NULL,NULL),(1996,8303,37,2,'CUIT',0.00,11,' ',1,'1',2,2,1,1,NULL,NULL,NULL,NULL,NULL,NULL,1,NULL,NULL,NULL),(1997,8303,37,3,'Marca de Cónyuge',0.00,1,'0',6,'1',2,2,3,1,NULL,NULL,NULL,NULL,NULL,NULL,1,NULL,NULL,NULL),(1998,8303,37,4,'Cantidad de hijos',0.00,2,'0',1,'0',2,2,4,1,NULL,NULL,NULL,NULL,NULL,NULL,1,NULL,NULL,NULL),(1999,8303,37,5,'Marca CCT',0.00,1,' ',1,'1',2,2,22,1,NULL,NULL,NULL,NULL,NULL,NULL,1,NULL,NULL,NULL),(2000,8303,37,6,'Marca SCVO',0.00,1,' ',1,'1',2,2,24,1,NULL,NULL,NULL,NULL,NULL,NULL,1,NULL,NULL,NULL),(2001,8303,37,7,'Marca corresponde reducción',0.00,1,'0',6,'1',2,2,26,1,NULL,NULL,NULL,NULL,NULL,NULL,1,NULL,NULL,NULL),(2002,8303,37,8,'Tipo de Empresa',0.00,1,' ',1,'1',2,2,14,1,NULL,NULL,NULL,NULL,NULL,NULL,1,NULL,NULL,NULL),(2003,8303,37,9,'Tipo de operación',0.00,1,' ',7,'1',2,1,NULL,1,NULL,NULL,NULL,NULL,NULL,NULL,1,NULL,NULL,NULL),(2004,8303,37,10,'Código situación',0.00,2,'0',1,'0',2,2,5,1,NULL,NULL,NULL,NULL,NULL,NULL,1,NULL,NULL,NULL),(2005,8303,37,11,'Código condición',0.00,2,'0',1,'0',2,2,6,1,NULL,NULL,NULL,NULL,NULL,NULL,1,NULL,NULL,NULL),(2006,8303,37,12,'Código de Actividad',0.00,3,'0',1,'0',2,2,7,1,NULL,NULL,NULL,NULL,NULL,NULL,1,NULL,NULL,NULL),(2007,8303,37,13,'Código modalidad contratación',0.00,3,'0',1,'0',2,2,9,1,NULL,NULL,NULL,NULL,NULL,NULL,1,NULL,NULL,NULL),(2008,8303,37,14,'Código siniestrado',0.00,2,'0',1,'0',2,2,13,1,NULL,NULL,NULL,NULL,NULL,NULL,1,NULL,NULL,NULL),(2009,8303,37,15,'Código de Localidad',0.00,2,' ',1,'1',2,2,8,1,NULL,NULL,NULL,NULL,NULL,NULL,1,NULL,NULL,NULL),(2010,8303,37,16,'Situación de Revista 1',0.00,2,'0',1,'0',2,2,16,1,NULL,NULL,NULL,NULL,NULL,NULL,1,NULL,NULL,NULL),(2011,8303,37,17,'Día inicio Situación de Revista 1',0.00,2,'0',1,'0',2,2,17,1,NULL,NULL,NULL,NULL,NULL,NULL,1,NULL,NULL,NULL),(2012,8303,37,18,'Situación de Revista 2',0.00,2,'0',1,'0',2,2,18,1,NULL,NULL,NULL,NULL,NULL,NULL,1,NULL,NULL,NULL),(2013,8303,37,19,'Día inicio Situación de Revista 2',0.00,2,'0',1,'0',2,2,19,1,NULL,NULL,NULL,NULL,NULL,NULL,1,NULL,NULL,NULL);
INSERT INTO `syj_formato_sicoss_detalle` VALUES (2014,8303,37,20,'Situación de Revista 3',0.00,2,'0',1,'0',2,2,20,1,NULL,NULL,NULL,NULL,NULL,NULL,1,NULL,NULL,NULL),(2015,8303,37,21,'Día inicio Situación de Revista 3',0.00,2,'0',1,'0',2,2,21,1,NULL,NULL,NULL,NULL,NULL,NULL,1,NULL,NULL,NULL),(2016,8303,37,22,'Cant días trabajados',0.00,2,'0',2,'0',2,3,NULL,3,NULL,NULL,NULL,2,2,NULL,1,NULL,NULL,NULL),(2017,8303,37,23,'Horas trabajadas',0.00,3,'0',1,'0',2,2,26,1,NULL,NULL,NULL,NULL,NULL,NULL,1,NULL,NULL,NULL),(2018,8303,37,24,'Porcentaje aporte adicional SS',0.00,5,'0',7,'0',2,1,NULL,1,NULL,NULL,NULL,NULL,NULL,NULL,1,NULL,NULL,NULL),(2019,8303,37,25,'Porcentaje Contribucion tarea diferencial',0.00,5,'0',7,'0',2,1,NULL,1,NULL,NULL,NULL,NULL,NULL,NULL,1,NULL,NULL,NULL),(2020,8303,37,26,'Código Obra social',0.00,6,'0',1,'0',2,2,10,1,NULL,NULL,NULL,NULL,NULL,NULL,1,NULL,NULL,NULL),(2021,8303,37,27,'Cantidad adherentes',0.00,2,'0',1,'0',2,2,11,1,NULL,NULL,NULL,NULL,NULL,NULL,1,NULL,NULL,NULL),(2022,8303,37,28,'Aporte Adicional OS',0.00,15,'0',7,'0',2,3,NULL,3,NULL,NULL,NULL,2,4,NULL,1,NULL,NULL,NULL),(2023,8303,37,29,'Contribucion Adicional OS',0.00,15,'0',7,'0',2,3,NULL,3,NULL,NULL,NULL,2,4,NULL,1,NULL,NULL,NULL),(2024,8303,37,30,'Base calculo Diferencial Aportes OS y FSR',0.00,15,'0',7,'0',2,3,NULL,3,NULL,NULL,NULL,2,4,NULL,1,NULL,NULL,NULL),(2025,8303,37,31,'Base calculo Diferencial Contribuciones OS y FSR',0.00,15,'0',7,'0',2,3,NULL,3,NULL,NULL,NULL,2,4,NULL,1,NULL,NULL,NULL),(2026,8303,37,32,'Base calculo Diferencial LRT',0.00,15,'0',7,'0',2,3,NULL,3,NULL,NULL,NULL,2,4,NULL,1,NULL,NULL,NULL),(2027,8303,37,33,'Remuneracion Maternidad ANSeS',0.00,15,'0',7,'0',2,3,NULL,3,NULL,NULL,NULL,2,4,NULL,1,NULL,NULL,NULL),(2028,8303,37,34,'Remuneracion bruta',0.00,15,'0',7,'0',2,3,NULL,2,NULL,2,2,2,4,NULL,1,NULL,NULL,NULL),(2029,8303,37,35,'Base imponible 1',0.00,15,'0',7,'0',2,3,NULL,2,NULL,2,2,2,4,NULL,1,NULL,NULL,NULL),(2030,8303,37,36,'Base imponible 2',0.00,15,'0',7,'0',2,3,NULL,2,NULL,2,2,2,4,NULL,1,NULL,NULL,NULL),(2031,8303,37,37,'Base imponible 3',0.00,15,'0',7,'0',2,3,NULL,2,NULL,2,2,2,4,NULL,1,NULL,NULL,NULL),(2032,8303,37,38,'Base imponible 4',0.00,15,'0',7,'0',2,3,NULL,3,NULL,NULL,NULL,2,3,NULL,1,NULL,NULL,NULL),(2033,8303,37,39,'Base imponible 5',0.00,15,'0',7,'0',2,3,NULL,2,NULL,2,2,2,4,NULL,1,NULL,NULL,NULL),(2034,8303,37,40,'Base imponible 6',0.00,15,'0',7,'0',2,1,NULL,1,NULL,NULL,NULL,NULL,NULL,NULL,1,NULL,NULL,NULL),(2035,8303,37,41,'Base imponible 7',0.00,15,'0',7,'0',2,3,NULL,3,NULL,NULL,NULL,2,3,NULL,1,NULL,NULL,NULL),(2036,8303,37,42,'Base imponible 8',0.00,15,'0',7,'0',2,3,NULL,3,NULL,NULL,NULL,2,3,NULL,1,NULL,NULL,NULL),(2037,8303,37,43,'Base imponible 9',0.00,15,'0',7,'0',2,3,NULL,2,NULL,2,2,2,4,NULL,1,NULL,NULL,NULL),(2038,8303,37,44,'Base para el calculo diferencial de aporte Seg. Social',0.00,15,'0',7,'0',2,1,NULL,1,NULL,NULL,NULL,NULL,NULL,NULL,1,NULL,NULL,NULL),(2039,8303,37,45,'Base para el calculo diferencial de contribuciones de Seg Social',0.00,15,'0',7,'0',2,1,NULL,1,NULL,NULL,NULL,NULL,NULL,NULL,1,NULL,NULL,NULL),(2040,8303,37,46,'Base imponible 10',0.00,15,'0',7,'0',2,3,NULL,3,NULL,NULL,NULL,2,4,NULL,1,NULL,NULL,NULL),(2041,8303,37,47,'Importe a Detraer Ley 26.473',0.00,15,'0',7,'0',2,3,NULL,3,NULL,NULL,NULL,2,4,NULL,1,NULL,NULL,NULL),(2042,8303,38,1,'CUIL',0.00,11,NULL,1,'STR_PAD_RIGHT',1,2,1,1,NULL,NULL,NULL,NULL,NULL,'',1,NULL,'2020-05-03 15:16:17',NULL),(2043,8303,38,2,'Apellido y Nombre',0.00,30,NULL,1,'STR_PAD_RIGHT',1,2,2,1,NULL,NULL,NULL,NULL,NULL,'',1,NULL,'2020-05-02 14:49:09',NULL),(2044,8303,38,3,'Conyuge',0.00,1,'0',4,'STR_PAD_RIGHT',1,2,3,1,NULL,NULL,NULL,NULL,NULL,'',1,NULL,'2020-05-03 17:00:13',NULL),(2045,8303,38,4,'Cantidad de Hijos',0.00,2,'0',1,'STR_PAD_LEFT',1,2,4,1,NULL,NULL,NULL,NULL,NULL,'',1,NULL,'2020-05-03 15:18:04',NULL),(2046,8303,38,5,'Codigo de Situacion',0.00,2,'0',1,'STR_PAD_LEFT',1,2,5,1,NULL,NULL,NULL,NULL,NULL,'',1,NULL,'2020-05-03 15:18:24',NULL);
INSERT INTO `syj_formato_sicoss_detalle` VALUES (2047,8303,38,6,'Codigo de Condicion',0.00,2,'0',1,'STR_PAD_LEFT',1,2,6,1,NULL,NULL,NULL,NULL,NULL,'',1,NULL,'2020-04-29 14:18:17',NULL),(2048,8303,38,7,'Codigo de Actividad',0.00,3,'0',1,'STR_PAD_LEFT',1,2,7,1,NULL,NULL,NULL,NULL,NULL,'',1,NULL,'2020-04-29 14:18:17',NULL),(2049,8303,38,8,'Codigo de Zona',0.00,2,'0',1,'STR_PAD_LEFT',1,2,8,1,NULL,NULL,NULL,NULL,NULL,'',1,NULL,'2020-04-29 14:18:17',NULL),(2050,8303,38,9,'Porcentaje de Aporte Adicional SS',0.00,5,NULL,3,'STR_PAD_LEFT',1,1,NULL,1,NULL,NULL,NULL,NULL,NULL,'',1,NULL,'2020-05-03 15:59:20',NULL),(2051,8303,38,10,'Codigo de Modalidad de Contratacion',0.00,3,'0',1,'STR_PAD_LEFT',1,2,9,1,NULL,NULL,NULL,NULL,NULL,'',1,NULL,'2020-04-29 14:18:17',NULL),(2052,8303,38,11,'Codigo de Obra Social',0.00,6,'0',1,'STR_PAD_LEFT',1,2,10,1,NULL,NULL,NULL,NULL,NULL,'',1,NULL,'2020-05-02 15:53:43',NULL),(2053,8303,38,12,'Cantidad de Adherentes',0.00,2,'0',1,'STR_PAD_LEFT',1,2,11,1,NULL,NULL,NULL,NULL,NULL,'',1,NULL,'2020-05-02 15:55:30',NULL),(2054,8303,38,13,'Remuneracion Total',0.00,12,NULL,3,'STR_PAD_LEFT',1,3,NULL,2,NULL,2,3,2,4,'',1,NULL,'2020-05-03 15:25:04',NULL),(2055,8303,38,14,'Remuneracion Imponible 1',0.00,12,NULL,3,'STR_PAD_LEFT',1,3,NULL,2,NULL,2,2,2,4,'',1,NULL,'2020-05-03 15:25:12',NULL),(2056,8303,38,15,'Asignaciones Familiares Pagadas',0.00,9,NULL,3,'STR_PAD_LEFT',1,1,NULL,1,NULL,NULL,NULL,NULL,NULL,'',1,NULL,'2020-05-02 15:57:07',NULL),(2057,8303,38,16,'Importe Aporte Voluntario',0.00,9,NULL,3,'STR_PAD_LEFT',1,1,NULL,1,NULL,NULL,NULL,NULL,NULL,'',1,NULL,'2020-05-02 15:57:14',NULL),(2058,8303,38,17,'Importe Adicional OS',0.00,9,NULL,3,'STR_PAD_LEFT',1,1,NULL,1,NULL,NULL,NULL,NULL,NULL,'',1,NULL,'2020-05-02 15:57:21',NULL),(2059,8303,38,18,'Importe Excedentes Aportes SS',0.00,9,NULL,3,'STR_PAD_LEFT',1,1,NULL,1,NULL,NULL,NULL,NULL,NULL,'',1,NULL,'2020-05-02 15:57:25',NULL),(2060,8303,38,19,'Importe Excedentes Aportes OS',0.00,9,NULL,3,'STR_PAD_LEFT',1,1,NULL,1,NULL,NULL,NULL,NULL,NULL,'',1,NULL,'2020-05-02 15:57:30',NULL),(2061,8303,38,20,'Provincia Localidad',0.00,50,NULL,1,'STR_PAD_RIGHT',1,2,12,1,NULL,NULL,NULL,NULL,NULL,'',1,NULL,'2020-05-02 16:29:03',NULL),(2062,8303,38,21,'Remuneracion Imponible 2',0.00,12,NULL,3,'STR_PAD_LEFT',1,3,NULL,2,NULL,2,2,2,4,'',1,NULL,'2020-05-03 15:28:27',NULL),(2063,8303,38,22,'Remuneracion Imponible 3',0.00,12,NULL,3,'STR_PAD_LEFT',1,3,NULL,2,NULL,2,2,2,4,'',1,NULL,'2020-05-03 15:28:33',NULL),(2064,8303,38,23,'Remuneracion Imponible 4',0.00,12,NULL,3,'STR_PAD_LEFT',1,3,26,3,NULL,NULL,NULL,2,3,'',1,NULL,'2020-05-27 19:01:16',NULL),(2065,8303,38,24,'Codigo de Siniestrado',0.00,2,'0',1,'STR_PAD_LEFT',1,2,13,1,NULL,NULL,NULL,NULL,NULL,'',1,NULL,'2020-05-02 15:59:35',NULL),(2066,8303,38,25,'Marca de Corresponde Reduccion',0.00,1,'0',4,'STR_PAD_LEFT',1,2,26,1,NULL,NULL,NULL,NULL,NULL,'',1,NULL,'2020-05-03 17:07:54',NULL),(2067,8303,38,26,'Capital de Recomposicion de LRT',0.00,9,NULL,3,'STR_PAD_LEFT',1,1,NULL,1,NULL,NULL,NULL,NULL,NULL,'',1,NULL,'2020-05-03 16:37:13',NULL),(2068,8303,38,27,'Tipo de Empresa',0.00,1,'0',1,'STR_PAD_LEFT',1,2,14,1,NULL,NULL,NULL,NULL,NULL,'',1,NULL,'2020-05-02 16:01:19',NULL),(2069,8303,38,28,'Aporte Adicional de Obra Social',0.00,9,NULL,3,'STR_PAD_LEFT',1,3,NULL,3,NULL,NULL,NULL,2,4,'',1,NULL,'2020-05-03 15:29:21',NULL),(2070,8303,38,29,'Regimen',0.00,1,NULL,1,'STR_PAD_LEFT',1,2,15,1,NULL,NULL,NULL,NULL,NULL,'',1,NULL,'2020-05-02 16:01:54',NULL),(2071,8303,38,30,'Situacion de Revista 1',0.00,2,'0',1,'STR_PAD_LEFT',1,2,16,1,NULL,NULL,NULL,NULL,NULL,'',1,NULL,'2020-05-02 16:02:04',NULL),(2072,8303,38,31,'Dia inicio Situacion Revista 1',0.00,2,'0',1,'STR_PAD_LEFT',1,2,17,1,NULL,NULL,NULL,NULL,NULL,'',1,NULL,'2020-05-02 16:02:17',NULL),(2073,8303,38,32,'Situacion de Revista 2',0.00,2,'0',1,'STR_PAD_LEFT',1,2,18,1,NULL,NULL,NULL,NULL,NULL,'',1,NULL,'2020-05-02 16:02:50',NULL),(2074,8303,38,33,'Dia inicio Situacion Revista 2',0.00,2,'0',1,'STR_PAD_LEFT',1,2,19,1,NULL,NULL,NULL,NULL,NULL,'',1,NULL,'2020-05-02 16:02:38',NULL);
INSERT INTO `syj_formato_sicoss_detalle` VALUES (2075,8303,38,34,'Situacion de Revista 3',0.00,2,'0',1,'STR_PAD_LEFT',1,2,20,1,NULL,NULL,NULL,NULL,NULL,'',1,NULL,'2020-05-02 16:03:01',NULL),(2076,8303,38,35,'Dia inicio Situacion Revista 3',0.00,2,'0',1,'STR_PAD_LEFT',1,2,21,1,NULL,NULL,NULL,NULL,NULL,'',1,NULL,'2020-05-02 16:03:10',NULL),(2077,8303,38,36,'Sueldo + Adicionales',0.00,12,NULL,3,'STR_PAD_LEFT',1,3,NULL,3,NULL,NULL,NULL,2,4,'',1,NULL,'2020-05-03 15:30:12',NULL),(2078,8303,38,37,'SAC',0.00,12,NULL,3,'STR_PAD_LEFT',1,3,NULL,3,NULL,NULL,NULL,2,4,'',1,NULL,'2020-05-03 15:30:19',NULL),(2079,8303,38,38,'Horas Extra',0.00,12,NULL,3,'STR_PAD_LEFT',1,3,NULL,3,NULL,NULL,NULL,2,4,'',1,NULL,'2020-05-27 03:02:29',NULL),(2080,8303,38,39,'Zona desfavorable',0.00,12,NULL,3,'STR_PAD_LEFT',1,1,NULL,1,NULL,NULL,NULL,NULL,NULL,'',1,NULL,'2020-05-02 16:03:46',NULL),(2081,8303,38,40,'Vacaciones',0.00,12,NULL,3,'STR_PAD_LEFT',1,3,NULL,3,NULL,NULL,NULL,2,4,'',1,NULL,'2020-05-27 12:05:00',NULL),(2082,8303,38,41,'Cantidad de dias trabajados',0.00,9,'0',2,'STR_PAD_LEFT',1,3,NULL,3,NULL,NULL,NULL,2,2,'',1,NULL,'2020-05-27 12:05:14',NULL),(2083,8303,38,42,'Remuneracion Imponible 5',0.00,12,NULL,3,'STR_PAD_LEFT',1,3,NULL,2,NULL,2,2,2,4,'',1,NULL,'2020-05-03 15:31:27',NULL),(2084,8303,38,43,'Trabajador Convencionado',0.00,1,'0',4,'STR_PAD_LEFT',1,2,22,1,NULL,NULL,NULL,NULL,NULL,'',1,NULL,'2020-05-03 16:58:08',NULL),(2085,8303,38,44,'Remuneracion Imponible 6',0.00,12,NULL,3,'STR_PAD_LEFT',1,1,NULL,1,NULL,NULL,NULL,NULL,NULL,'',1,NULL,'2020-05-02 16:04:46',NULL),(2086,8303,38,45,'Tipo de Operacion',0.00,1,NULL,3,'STR_PAD_LEFT',1,1,NULL,1,NULL,NULL,NULL,NULL,NULL,'',1,NULL,'2020-05-03 16:57:50',NULL),(2087,8303,38,46,'Adicionales',0.00,12,NULL,3,'STR_PAD_LEFT',1,3,NULL,3,NULL,NULL,NULL,2,4,'',1,NULL,'2020-05-27 12:05:26',NULL),(2088,8303,38,47,'Premios',0.00,12,NULL,3,'STR_PAD_LEFT',1,3,NULL,3,NULL,NULL,NULL,2,4,'',1,NULL,'2020-05-27 12:05:33',NULL),(2089,8303,38,48,'Remuneracion Imponible 8',0.00,12,'0',3,'STR_PAD_LEFT',1,3,NULL,3,NULL,2,2,2,3,'',1,NULL,'2020-05-27 12:04:17',NULL),(2090,8303,38,49,'Remuneracion Imponible 7',0.00,12,NULL,3,'STR_PAD_LEFT',1,1,NULL,1,NULL,NULL,NULL,NULL,NULL,'',1,NULL,'2020-05-02 16:06:15',NULL),(2091,8303,38,50,'Cantidad de Horas Extras',0.00,3,'0',2,'STR_PAD_LEFT',1,3,NULL,3,NULL,NULL,NULL,2,2,'',1,NULL,'2020-05-27 12:05:39',NULL),(2092,8303,38,51,'Conceptos No Remunerativos',0.00,12,NULL,3,'STR_PAD_LEFT',1,3,NULL,2,NULL,3,3,2,4,'',1,NULL,'2020-05-27 12:05:46',NULL),(2093,8303,38,52,'Maternidad',0.00,12,NULL,3,'STR_PAD_LEFT',1,3,NULL,3,NULL,NULL,NULL,2,4,'',1,NULL,'2020-05-03 15:32:52',NULL),(2094,8303,38,53,'Rectificacion de remuneraciones',0.00,9,NULL,3,'STR_PAD_LEFT',1,1,NULL,1,NULL,NULL,NULL,NULL,NULL,'',1,NULL,'2020-05-02 16:07:28',NULL),(2095,8303,38,54,'Remuneracion Imponible 9',0.00,12,NULL,3,'STR_PAD_LEFT',1,3,NULL,2,NULL,2,3,2,4,'',1,NULL,'2020-05-03 15:33:17',NULL),(2096,8303,38,55,'Contribucion tarea diferencial (%)',0.00,9,NULL,3,'STR_PAD_LEFT',1,1,NULL,1,NULL,NULL,NULL,NULL,NULL,'',1,NULL,'2020-05-02 16:07:48',NULL),(2097,8303,38,56,'Horas Trabajadas',0.00,3,'0',1,'STR_PAD_LEFT',1,2,26,1,NULL,NULL,NULL,NULL,NULL,'',1,NULL,'2020-05-03 16:28:57',NULL),(2098,8303,38,57,'Seguro Colectivo de Vida Obligatorio',0.00,1,'0',4,'STR_PAD_LEFT',1,2,24,1,NULL,NULL,NULL,NULL,NULL,'',1,NULL,'2020-05-03 16:58:36',NULL),(2099,8303,38,58,'Importe a detraer Ley 27430',0.00,12,NULL,3,'STR_PAD_LEFT',1,1,NULL,1,NULL,NULL,NULL,NULL,NULL,'',1,NULL,'2020-05-02 16:08:33',NULL),(2100,8303,38,59,'Incremento Salarial',0.00,12,NULL,3,'STR_PAD_LEFT',1,3,NULL,3,NULL,NULL,NULL,2,4,NULL,1,NULL,'2020-05-27 12:06:04',NULL),(2101,8303,38,60,'Remuneracion Imponible 11',0.00,12,NULL,3,'STR_PAD_LEFT',1,1,NULL,1,NULL,NULL,NULL,NULL,NULL,NULL,1,NULL,'2020-05-03 16:21:29',NULL),(2102,8303,38,NULL,'Identificador de registro',0.00,2,' ',1,'1',NULL,NULL,NULL,1,NULL,NULL,NULL,NULL,NULL,NULL,1,NULL,NULL,NULL);
INSERT INTO `syj_formato_sicoss_detalle` VALUES (2103,8303,38,NULL,'CUIT',0.00,11,' ',1,'1',NULL,NULL,NULL,1,NULL,NULL,NULL,NULL,NULL,NULL,1,NULL,NULL,NULL),(2104,8303,38,NULL,'Marca de Cónyuge',0.00,1,' ',1,'1',NULL,NULL,NULL,1,NULL,NULL,NULL,NULL,NULL,NULL,1,NULL,NULL,NULL),(2105,8303,38,NULL,'Cantidad de hijos',0.00,2,' ',1,'1',NULL,NULL,NULL,1,NULL,NULL,NULL,NULL,NULL,NULL,1,NULL,NULL,NULL),(2106,8303,38,NULL,'Marca CCT',0.00,1,' ',1,'1',NULL,NULL,NULL,1,NULL,NULL,NULL,NULL,NULL,NULL,1,NULL,NULL,NULL),(2107,8303,38,NULL,'Marca SCVO',0.00,1,' ',1,'1',NULL,NULL,NULL,1,NULL,NULL,NULL,NULL,NULL,NULL,1,NULL,NULL,NULL),(2108,8303,38,NULL,'Marca corresponde reducción',0.00,1,' ',1,'1',NULL,NULL,NULL,1,NULL,NULL,NULL,NULL,NULL,NULL,1,NULL,NULL,NULL),(2109,8303,38,NULL,'Tipo de Empresa',0.00,1,' ',1,'1',NULL,NULL,NULL,1,NULL,NULL,NULL,NULL,NULL,NULL,1,NULL,NULL,NULL),(2110,8303,38,NULL,'Tipo de operación',0.00,1,' ',1,'1',NULL,NULL,NULL,1,NULL,NULL,NULL,NULL,NULL,NULL,1,NULL,NULL,NULL),(2111,8303,38,NULL,'Código situación',0.00,2,' ',1,'1',NULL,NULL,NULL,1,NULL,NULL,NULL,NULL,NULL,NULL,1,NULL,NULL,NULL),(2112,8303,38,NULL,'Código condición',0.00,2,' ',1,'1',NULL,NULL,NULL,1,NULL,NULL,NULL,NULL,NULL,NULL,1,NULL,NULL,NULL),(2113,8303,38,NULL,'Código de Actividad',0.00,3,' ',1,'1',NULL,NULL,NULL,1,NULL,NULL,NULL,NULL,NULL,NULL,1,NULL,NULL,NULL),(2114,8303,38,NULL,'Código modalidad contratación',0.00,3,' ',1,'1',NULL,NULL,NULL,1,NULL,NULL,NULL,NULL,NULL,NULL,1,NULL,NULL,NULL),(2115,8303,38,NULL,'Código siniestrado',0.00,2,' ',1,'1',NULL,NULL,NULL,1,NULL,NULL,NULL,NULL,NULL,NULL,1,NULL,NULL,NULL),(2116,8303,38,NULL,'Código de Localidad',0.00,2,' ',1,'1',NULL,NULL,NULL,1,NULL,NULL,NULL,NULL,NULL,NULL,1,NULL,NULL,NULL),(2117,8303,38,NULL,'Situación de Revista 1',0.00,2,' ',1,'1',NULL,NULL,NULL,1,NULL,NULL,NULL,NULL,NULL,NULL,1,NULL,NULL,NULL),(2118,8303,38,NULL,'Día inicio Situación de Revista 1',0.00,2,' ',1,'1',NULL,NULL,NULL,1,NULL,NULL,NULL,NULL,NULL,NULL,1,NULL,NULL,NULL),(2119,8303,38,NULL,'Situación de Revista 2',0.00,2,' ',1,'1',NULL,NULL,NULL,1,NULL,NULL,NULL,NULL,NULL,NULL,1,NULL,NULL,NULL),(2120,8303,38,NULL,'Día inicio Situación de Revista 2',0.00,2,' ',1,'1',NULL,NULL,NULL,1,NULL,NULL,NULL,NULL,NULL,NULL,1,NULL,NULL,NULL),(2121,8303,38,NULL,'Situación de Revista 3',0.00,2,' ',1,'1',NULL,NULL,NULL,1,NULL,NULL,NULL,NULL,NULL,NULL,1,NULL,NULL,NULL),(2122,8303,38,NULL,'Día inicio Situación de Revista 3',0.00,2,' ',1,'1',NULL,NULL,NULL,1,NULL,NULL,NULL,NULL,NULL,NULL,1,NULL,NULL,NULL),(2123,8303,38,NULL,'Cant días trabajados',0.00,2,' ',1,'1',NULL,NULL,NULL,1,NULL,NULL,NULL,NULL,NULL,NULL,1,NULL,NULL,NULL),(2124,8303,38,NULL,'Horas trabajadas',0.00,3,' ',1,'1',NULL,NULL,NULL,1,NULL,NULL,NULL,NULL,NULL,NULL,1,NULL,NULL,NULL),(2125,8303,38,NULL,'Porcentaje aporte adicional SS',0.00,5,' ',1,'1',NULL,NULL,NULL,1,NULL,NULL,NULL,NULL,NULL,NULL,1,NULL,NULL,NULL),(2126,8303,38,NULL,'Porcentaje Contribucion tarea diferencial',0.00,5,' ',1,'1',NULL,NULL,NULL,1,NULL,NULL,NULL,NULL,NULL,NULL,1,NULL,NULL,NULL),(2127,8303,38,NULL,'Código Obra social',0.00,6,' ',1,'1',NULL,NULL,NULL,1,NULL,NULL,NULL,NULL,NULL,NULL,1,NULL,NULL,NULL),(2128,8303,38,NULL,'Cantidad adherentes',0.00,2,' ',1,'1',NULL,NULL,NULL,1,NULL,NULL,NULL,NULL,NULL,NULL,1,NULL,NULL,NULL),(2129,8303,38,NULL,'Aporte Adicional OS',0.00,15,'0',1,'0',NULL,NULL,NULL,1,NULL,NULL,NULL,NULL,NULL,NULL,1,NULL,NULL,NULL),(2130,8303,38,NULL,'Contribucion Adicional OS',0.00,15,'0',1,'0',NULL,NULL,NULL,1,NULL,NULL,NULL,NULL,NULL,NULL,1,NULL,NULL,NULL),(2131,8303,38,NULL,'Base calculo Diferencial Aportes OS y FSR',0.00,15,'0',1,'0',NULL,NULL,NULL,1,NULL,NULL,NULL,NULL,NULL,NULL,1,NULL,NULL,NULL),(2132,8303,38,NULL,'Base calculo Diferencial Contribuciones OS y FSR',0.00,15,'0',1,'0',NULL,NULL,NULL,1,NULL,NULL,NULL,NULL,NULL,NULL,1,NULL,NULL,NULL),(2133,8303,38,NULL,'Base calculo Diferencial LRT',0.00,15,'0',1,'0',NULL,NULL,NULL,1,NULL,NULL,NULL,NULL,NULL,NULL,1,NULL,NULL,NULL);
INSERT INTO `syj_formato_sicoss_detalle` VALUES (2134,8303,38,NULL,'Remuneracion Maternidad ANSeS',0.00,15,'0',1,'0',NULL,NULL,NULL,1,NULL,NULL,NULL,NULL,NULL,NULL,1,NULL,NULL,NULL),(2135,8303,38,NULL,'Remuneracion bruta',0.00,15,'0',1,'0',NULL,NULL,NULL,1,NULL,NULL,NULL,NULL,NULL,NULL,1,NULL,NULL,NULL),(2136,8303,38,NULL,'Base imponible 1',0.00,15,'0',1,'0',NULL,NULL,NULL,1,NULL,NULL,NULL,NULL,NULL,NULL,1,NULL,NULL,NULL),(2137,8303,38,NULL,'Base imponible 2',0.00,15,'0',1,'0',NULL,NULL,NULL,1,NULL,NULL,NULL,NULL,NULL,NULL,1,NULL,NULL,NULL),(2138,8303,38,NULL,'Base imponible 3',0.00,15,'0',1,'0',NULL,NULL,NULL,1,NULL,NULL,NULL,NULL,NULL,NULL,1,NULL,NULL,NULL),(2139,8303,38,NULL,'Base imponible 4',0.00,15,'0',1,'0',NULL,NULL,NULL,1,NULL,NULL,NULL,NULL,NULL,NULL,1,NULL,NULL,NULL),(2140,8303,38,NULL,'Base imponible 5',0.00,15,'0',1,'0',NULL,NULL,NULL,1,NULL,NULL,NULL,NULL,NULL,NULL,1,NULL,NULL,NULL),(2141,8303,38,NULL,'Base imponible 6',0.00,15,'0',1,'0',NULL,NULL,NULL,1,NULL,NULL,NULL,NULL,NULL,NULL,1,NULL,NULL,NULL),(2142,8303,38,NULL,'Base imponible 7',0.00,15,'0',1,'0',NULL,NULL,NULL,1,NULL,NULL,NULL,NULL,NULL,NULL,1,NULL,NULL,NULL),(2143,8303,38,NULL,'Base imponible 8',0.00,15,'0',1,'0',NULL,NULL,NULL,1,NULL,NULL,NULL,NULL,NULL,NULL,1,NULL,NULL,NULL),(2144,8303,38,NULL,'Base imponible 9',0.00,15,'0',1,'0',NULL,NULL,NULL,1,NULL,NULL,NULL,NULL,NULL,NULL,1,NULL,NULL,NULL),(2145,8303,38,NULL,'Base para el calculo diferencial de aporte Seg. Social',0.00,15,'0',1,'0',NULL,NULL,NULL,1,NULL,NULL,NULL,NULL,NULL,NULL,1,NULL,NULL,NULL),(2146,8303,38,NULL,'Base para el calculo diferencial de contribuciones de Seg Social',0.00,15,'0',1,'0',NULL,NULL,NULL,1,NULL,NULL,NULL,NULL,NULL,NULL,1,NULL,NULL,NULL),(2147,8303,38,NULL,'Base imponible 10',0.00,15,'0',1,'0',NULL,NULL,NULL,1,NULL,NULL,NULL,NULL,NULL,NULL,1,NULL,NULL,NULL),(2148,8303,38,NULL,'Importe a Detraer Ley 26.473',0.00,15,'0',1,'0',NULL,NULL,NULL,1,NULL,NULL,NULL,NULL,NULL,NULL,1,NULL,NULL,NULL),(2149,8303,38,2,'CUIT',0.00,11,' ',1,'1',2,2,1,1,NULL,NULL,NULL,NULL,NULL,NULL,1,NULL,NULL,NULL),(2150,8303,38,3,'Marca de Cónyuge',0.00,1,'0',6,'1',2,2,3,1,NULL,NULL,NULL,NULL,NULL,NULL,1,NULL,NULL,NULL),(2151,8303,38,4,'Cantidad de hijos',0.00,2,'0',1,'0',2,2,4,1,NULL,NULL,NULL,NULL,NULL,NULL,1,NULL,NULL,NULL),(2152,8303,38,5,'Marca CCT',0.00,1,' ',1,'1',2,2,22,1,NULL,NULL,NULL,NULL,NULL,NULL,1,NULL,NULL,NULL),(2153,8303,38,6,'Marca SCVO',0.00,1,' ',1,'1',2,2,24,1,NULL,NULL,NULL,NULL,NULL,NULL,1,NULL,NULL,NULL),(2154,8303,38,7,'Marca corresponde reducción',0.00,1,'0',6,'1',2,2,26,1,NULL,NULL,NULL,NULL,NULL,NULL,1,NULL,NULL,NULL),(2155,8303,38,8,'Tipo de Empresa',0.00,1,' ',1,'1',2,2,14,1,NULL,NULL,NULL,NULL,NULL,NULL,1,NULL,NULL,NULL),(2156,8303,38,9,'Tipo de operación',0.00,1,' ',7,'1',2,1,NULL,1,NULL,NULL,NULL,NULL,NULL,NULL,1,NULL,NULL,NULL),(2157,8303,38,10,'Código situación',0.00,2,'0',1,'0',2,2,5,1,NULL,NULL,NULL,NULL,NULL,NULL,1,NULL,NULL,NULL),(2158,8303,38,11,'Código condición',0.00,2,'0',1,'0',2,2,6,1,NULL,NULL,NULL,NULL,NULL,NULL,1,NULL,NULL,NULL),(2159,8303,38,12,'Código de Actividad',0.00,3,'0',1,'0',2,2,7,1,NULL,NULL,NULL,NULL,NULL,NULL,1,NULL,NULL,NULL),(2160,8303,38,13,'Código modalidad contratación',0.00,3,'0',1,'0',2,2,9,1,NULL,NULL,NULL,NULL,NULL,NULL,1,NULL,NULL,NULL),(2161,8303,38,14,'Código siniestrado',0.00,2,'0',1,'0',2,2,13,1,NULL,NULL,NULL,NULL,NULL,NULL,1,NULL,NULL,NULL),(2162,8303,38,15,'Código de Localidad',0.00,2,' ',1,'1',2,2,8,1,NULL,NULL,NULL,NULL,NULL,NULL,1,NULL,NULL,NULL),(2163,8303,38,16,'Situación de Revista 1',0.00,2,'0',1,'0',2,2,16,1,NULL,NULL,NULL,NULL,NULL,NULL,1,NULL,NULL,NULL),(2164,8303,38,17,'Día inicio Situación de Revista 1',0.00,2,'0',1,'0',2,2,17,1,NULL,NULL,NULL,NULL,NULL,NULL,1,NULL,NULL,NULL),(2165,8303,38,18,'Situación de Revista 2',0.00,2,'0',1,'0',2,2,18,1,NULL,NULL,NULL,NULL,NULL,NULL,1,NULL,NULL,NULL),(2166,8303,38,19,'Día inicio Situación de Revista 2',0.00,2,'0',1,'0',2,2,19,1,NULL,NULL,NULL,NULL,NULL,NULL,1,NULL,NULL,NULL);
INSERT INTO `syj_formato_sicoss_detalle` VALUES (2167,8303,38,20,'Situación de Revista 3',0.00,2,'0',1,'0',2,2,20,1,NULL,NULL,NULL,NULL,NULL,NULL,1,NULL,NULL,NULL),(2168,8303,38,21,'Día inicio Situación de Revista 3',0.00,2,'0',1,'0',2,2,21,1,NULL,NULL,NULL,NULL,NULL,NULL,1,NULL,NULL,NULL),(2169,8303,38,22,'Cant días trabajados',0.00,2,'0',2,'0',2,3,NULL,3,NULL,NULL,NULL,2,2,NULL,1,NULL,NULL,NULL),(2170,8303,38,23,'Horas trabajadas',0.00,3,'0',1,'0',2,2,26,1,NULL,NULL,NULL,NULL,NULL,NULL,1,NULL,NULL,NULL),(2171,8303,38,24,'Porcentaje aporte adicional SS',0.00,5,'0',7,'0',2,1,NULL,1,NULL,NULL,NULL,NULL,NULL,NULL,1,NULL,NULL,NULL),(2172,8303,38,25,'Porcentaje Contribucion tarea diferencial',0.00,5,'0',7,'0',2,1,NULL,1,NULL,NULL,NULL,NULL,NULL,NULL,1,NULL,NULL,NULL),(2173,8303,38,26,'Código Obra social',0.00,6,'0',1,'0',2,2,10,1,NULL,NULL,NULL,NULL,NULL,NULL,1,NULL,NULL,NULL),(2174,8303,38,27,'Cantidad adherentes',0.00,2,'0',1,'0',2,2,11,1,NULL,NULL,NULL,NULL,NULL,NULL,1,NULL,NULL,NULL),(2175,8303,38,28,'Aporte Adicional OS',0.00,15,'0',7,'0',2,3,NULL,3,NULL,NULL,NULL,2,4,NULL,1,NULL,NULL,NULL),(2176,8303,38,29,'Contribucion Adicional OS',0.00,15,'0',7,'0',2,3,NULL,3,NULL,NULL,NULL,2,4,NULL,1,NULL,NULL,NULL),(2177,8303,38,30,'Base calculo Diferencial Aportes OS y FSR',0.00,15,'0',7,'0',2,3,NULL,3,NULL,NULL,NULL,2,4,NULL,1,NULL,NULL,NULL),(2178,8303,38,31,'Base calculo Diferencial Contribuciones OS y FSR',0.00,15,'0',7,'0',2,3,NULL,3,NULL,NULL,NULL,2,4,NULL,1,NULL,NULL,NULL),(2179,8303,38,32,'Base calculo Diferencial LRT',0.00,15,'0',7,'0',2,3,NULL,3,NULL,NULL,NULL,2,4,NULL,1,NULL,NULL,NULL),(2180,8303,38,33,'Remuneracion Maternidad ANSeS',0.00,15,'0',7,'0',2,3,NULL,3,NULL,NULL,NULL,2,4,NULL,1,NULL,NULL,NULL),(2181,8303,38,34,'Remuneracion bruta',0.00,15,'0',7,'0',2,3,NULL,2,NULL,2,2,2,4,NULL,1,NULL,NULL,NULL),(2182,8303,38,35,'Base imponible 1',0.00,15,'0',7,'0',2,3,NULL,2,NULL,2,2,2,4,NULL,1,NULL,NULL,NULL),(2183,8303,38,36,'Base imponible 2',0.00,15,'0',7,'0',2,3,NULL,2,NULL,2,2,2,4,NULL,1,NULL,NULL,NULL),(2184,8303,38,37,'Base imponible 3',0.00,15,'0',7,'0',2,3,NULL,2,NULL,2,2,2,4,NULL,1,NULL,NULL,NULL),(2185,8303,38,38,'Base imponible 4',0.00,15,'0',7,'0',2,3,NULL,3,NULL,NULL,NULL,2,3,NULL,1,NULL,NULL,NULL),(2186,8303,38,39,'Base imponible 5',0.00,15,'0',7,'0',2,3,NULL,2,NULL,2,2,2,4,NULL,1,NULL,NULL,NULL),(2187,8303,38,40,'Base imponible 6',0.00,15,'0',7,'0',2,1,NULL,1,NULL,NULL,NULL,NULL,NULL,NULL,1,NULL,NULL,NULL),(2188,8303,38,41,'Base imponible 7',0.00,15,'0',7,'0',2,3,NULL,3,NULL,NULL,NULL,2,3,NULL,1,NULL,NULL,NULL),(2189,8303,38,42,'Base imponible 8',0.00,15,'0',7,'0',2,3,NULL,3,NULL,NULL,NULL,2,3,NULL,1,NULL,NULL,NULL),(2190,8303,38,43,'Base imponible 9',0.00,15,'0',7,'0',2,3,NULL,2,NULL,2,2,2,4,NULL,1,NULL,NULL,NULL),(2191,8303,38,44,'Base para el calculo diferencial de aporte Seg. Social',0.00,15,'0',7,'0',2,1,NULL,1,NULL,NULL,NULL,NULL,NULL,NULL,1,NULL,NULL,NULL),(2192,8303,38,45,'Base para el calculo diferencial de contribuciones de Seg Social',0.00,15,'0',7,'0',2,1,NULL,1,NULL,NULL,NULL,NULL,NULL,NULL,1,NULL,NULL,NULL),(2193,8303,38,46,'Base imponible 10',0.00,15,'0',7,'0',2,3,NULL,3,NULL,NULL,NULL,2,4,NULL,1,NULL,NULL,NULL),(2194,8303,38,47,'Importe a Detraer Ley 26.473',0.00,15,'0',7,'0',2,3,NULL,3,NULL,NULL,NULL,2,4,NULL,1,NULL,NULL,NULL);

--
-- Table structure for table `syj_formato_sicoss_detalle_claseliq`
--

CREATE TABLE `syj_formato_sicoss_detalle_claseliq` (
  `user_id` int(10) unsigned DEFAULT NULL,
  `syj_formato_sicoss_detalle_id` int(10) unsigned DEFAULT NULL,
  `syj_clase_tipo_liquidacion_id` int(10) unsigned DEFAULT NULL,
  `is_habilitado` tinyint(3) unsigned NOT NULL DEFAULT '1',
  `created_at` timestamp NULL DEFAULT NULL,
  `updated_at` timestamp NULL DEFAULT NULL,
  KEY `syj_f_sicosdetalle_foreign` (`syj_formato_sicoss_detalle_id`),
  KEY `syj_f_clase_liq_foreign` (`syj_clase_tipo_liquidacion_id`),
  CONSTRAINT `syj_f_clase_liq_foreign` FOREIGN KEY (`syj_clase_tipo_liquidacion_id`) REFERENCES `syj_clase_tipo_liquidacion` (`id`),
  CONSTRAINT `syj_f_sicosdetalle_foreign` FOREIGN KEY (`syj_formato_sicoss_detalle_id`) REFERENCES `syj_formato_sicoss_detalle` (`id`)
) ENGINE=InnoDB DEFAULT CHARSET=utf8mb4 COLLATE=utf8mb4_unicode_ci;

--
-- Dumping data for table `syj_formato_sicoss_detalle_claseliq`
--

INSERT INTO `syj_formato_sicoss_detalle_claseliq` VALUES (1,13,1,1,'2020-05-03 12:25:04','2020-05-03 12:25:04'),(1,13,2,1,'2020-05-03 12:25:04','2020-05-03 12:25:04'),(1,13,3,1,'2020-05-03 12:25:04','2020-05-03 12:25:04'),(1,13,4,1,'2020-05-03 12:25:04','2020-05-03 12:25:04'),(1,13,5,1,'2020-05-03 12:25:04','2020-05-03 12:25:04'),(1,14,1,1,'2020-05-03 12:25:12','2020-05-03 12:25:12'),(1,14,2,1,'2020-05-03 12:25:12','2020-05-03 12:25:12'),(1,14,3,1,'2020-05-03 12:25:12','2020-05-03 12:25:12'),(1,14,4,1,'2020-05-03 12:25:12','2020-05-03 12:25:12'),(1,14,5,1,'2020-05-03 12:25:12','2020-05-03 12:25:12'),(1,21,1,1,'2020-05-03 12:28:27','2020-05-03 12:28:27'),(1,21,2,1,'2020-05-03 12:28:27','2020-05-03 12:28:27'),(1,21,3,1,'2020-05-03 12:28:27','2020-05-03 12:28:27'),(1,21,4,1,'2020-05-03 12:28:27','2020-05-03 12:28:27'),(1,21,5,1,'2020-05-03 12:28:27','2020-05-03 12:28:27'),(1,22,1,1,'2020-05-03 12:28:33','2020-05-03 12:28:33'),(1,22,2,1,'2020-05-03 12:28:33','2020-05-03 12:28:33'),(1,22,3,1,'2020-05-03 12:28:33','2020-05-03 12:28:33'),(1,22,4,1,'2020-05-03 12:28:33','2020-05-03 12:28:33'),(1,22,5,1,'2020-05-03 12:28:33','2020-05-03 12:28:33'),(1,28,1,1,'2020-05-03 12:29:21','2020-05-03 12:29:21'),(1,28,2,1,'2020-05-03 12:29:21','2020-05-03 12:29:21'),(1,28,3,1,'2020-05-03 12:29:21','2020-05-03 12:29:21'),(1,28,4,1,'2020-05-03 12:29:21','2020-05-03 12:29:21'),(1,28,5,1,'2020-05-03 12:29:21','2020-05-03 12:29:21'),(1,36,1,1,'2020-05-03 12:30:12','2020-05-03 12:30:12'),(1,36,2,1,'2020-05-03 12:30:12','2020-05-03 12:30:12'),(1,36,3,1,'2020-05-03 12:30:12','2020-05-03 12:30:12'),(1,36,4,1,'2020-05-03 12:30:12','2020-05-03 12:30:12'),(1,36,5,1,'2020-05-03 12:30:12','2020-05-03 12:30:12'),(1,37,1,1,'2020-05-03 12:30:19','2020-05-03 12:30:19'),(1,37,2,1,'2020-05-03 12:30:19','2020-05-03 12:30:19'),(1,37,3,1,'2020-05-03 12:30:19','2020-05-03 12:30:19'),(1,37,4,1,'2020-05-03 12:30:19','2020-05-03 12:30:19'),(1,37,5,1,'2020-05-03 12:30:19','2020-05-03 12:30:19'),(1,42,1,1,'2020-05-03 12:31:27','2020-05-03 12:31:27'),(1,42,2,1,'2020-05-03 12:31:27','2020-05-03 12:31:27'),(1,42,3,1,'2020-05-03 12:31:27','2020-05-03 12:31:27'),(1,42,4,1,'2020-05-03 12:31:27','2020-05-03 12:31:27'),(1,42,5,1,'2020-05-03 12:31:27','2020-05-03 12:31:27'),(1,52,1,1,'2020-05-03 12:32:52','2020-05-03 12:32:52'),(1,52,2,1,'2020-05-03 12:32:52','2020-05-03 12:32:52'),(1,52,3,1,'2020-05-03 12:32:52','2020-05-03 12:32:52'),(1,52,4,1,'2020-05-03 12:32:52','2020-05-03 12:32:52'),(1,52,5,1,'2020-05-03 12:32:52','2020-05-03 12:32:52'),(1,54,1,1,'2020-05-03 12:33:17','2020-05-03 12:33:17'),(1,54,2,1,'2020-05-03 12:33:17','2020-05-03 12:33:17'),(1,54,3,1,'2020-05-03 12:33:17','2020-05-03 12:33:17'),(1,54,4,1,'2020-05-03 12:33:17','2020-05-03 12:33:17'),(1,54,5,1,'2020-05-03 12:33:17','2020-05-03 12:33:17'),(1,38,1,1,'2020-05-27 00:02:29','2020-05-27 00:02:29'),(1,38,2,1,'2020-05-27 00:02:29','2020-05-27 00:02:29'),(1,38,3,1,'2020-05-27 00:02:29','2020-05-27 00:02:29'),(1,38,4,1,'2020-05-27 00:02:29','2020-05-27 00:02:29'),(1,38,5,1,'2020-05-27 00:02:29','2020-05-27 00:02:29'),(88,48,1,1,'2020-05-27 09:04:17','2020-05-27 09:04:17'),(88,48,2,1,'2020-05-27 09:04:17','2020-05-27 09:04:17'),(88,48,3,1,'2020-05-27 09:04:17','2020-05-27 09:04:17'),(88,48,4,1,'2020-05-27 09:04:17','2020-05-27 09:04:17'),(88,48,5,1,'2020-05-27 09:04:17','2020-05-27 09:04:17'),(88,40,1,1,'2020-05-27 09:05:00','2020-05-27 09:05:00'),(88,40,2,1,'2020-05-27 09:05:00','2020-05-27 09:05:00'),(88,40,3,1,'2020-05-27 09:05:00','2020-05-27 09:05:00'),(88,40,4,1,'2020-05-27 09:05:00','2020-05-27 09:05:00'),(88,40,5,1,'2020-05-27 09:05:00','2020-05-27 09:05:00'),(88,41,1,1,'2020-05-27 09:05:14','2020-05-27 09:05:14'),(88,41,2,1,'2020-05-27 09:05:14','2020-05-27 09:05:14'),(88,41,3,1,'2020-05-27 09:05:14','2020-05-27 09:05:14'),(88,41,4,1,'2020-05-27 09:05:14','2020-05-27 09:05:14'),(88,41,5,1,'2020-05-27 09:05:14','2020-05-27 09:05:14'),(88,46,1,1,'2020-05-27 09:05:26','2020-05-27 09:05:26');
INSERT INTO `syj_formato_sicoss_detalle_claseliq` VALUES (88,46,2,1,'2020-05-27 09:05:26','2020-05-27 09:05:26'),(88,46,3,1,'2020-05-27 09:05:26','2020-05-27 09:05:26'),(88,46,4,1,'2020-05-27 09:05:26','2020-05-27 09:05:26'),(88,46,5,1,'2020-05-27 09:05:26','2020-05-27 09:05:26'),(88,47,1,1,'2020-05-27 09:05:34','2020-05-27 09:05:34'),(88,47,2,1,'2020-05-27 09:05:34','2020-05-27 09:05:34'),(88,47,3,1,'2020-05-27 09:05:34','2020-05-27 09:05:34'),(88,47,4,1,'2020-05-27 09:05:34','2020-05-27 09:05:34'),(88,47,5,1,'2020-05-27 09:05:34','2020-05-27 09:05:34'),(88,50,1,1,'2020-05-27 09:05:39','2020-05-27 09:05:39'),(88,50,2,1,'2020-05-27 09:05:39','2020-05-27 09:05:39'),(88,50,3,1,'2020-05-27 09:05:39','2020-05-27 09:05:39'),(88,50,4,1,'2020-05-27 09:05:39','2020-05-27 09:05:39'),(88,50,5,1,'2020-05-27 09:05:39','2020-05-27 09:05:39'),(88,51,1,1,'2020-05-27 09:05:46','2020-05-27 09:05:46'),(88,51,2,1,'2020-05-27 09:05:46','2020-05-27 09:05:46'),(88,51,3,1,'2020-05-27 09:05:46','2020-05-27 09:05:46'),(88,51,4,1,'2020-05-27 09:05:46','2020-05-27 09:05:46'),(88,51,5,1,'2020-05-27 09:05:46','2020-05-27 09:05:46');

--
-- Table structure for table `syj_formato_sicoss_detalle_origen`
--

CREATE TABLE `syj_formato_sicoss_detalle_origen` (
  `id` int(10) unsigned NOT NULL AUTO_INCREMENT,
  `user_id` int(10) unsigned DEFAULT NULL,
  `descripcion` varchar(191) COLLATE utf8mb4_unicode_ci DEFAULT NULL,
  `created_at` timestamp NULL DEFAULT NULL,
  `updated_at` timestamp NULL DEFAULT NULL,
  PRIMARY KEY (`id`)
) ENGINE=InnoDB AUTO_INCREMENT=4 DEFAULT CHARSET=utf8mb4 COLLATE=utf8mb4_unicode_ci;

--
-- Dumping data for table `syj_formato_sicoss_detalle_origen`
--

INSERT INTO `syj_formato_sicoss_detalle_origen` VALUES (1,NULL,'Segun importe',NULL,NULL),(2,NULL,'Funciones SICOSS',NULL,NULL),(3,NULL,'Desde Conceptos Asociados',NULL,NULL);

--
-- Table structure for table `syj_formato_sicoss_format`
--

CREATE TABLE `syj_formato_sicoss_format` (
  `id` int(10) unsigned NOT NULL AUTO_INCREMENT,
  `user_id` int(10) unsigned DEFAULT NULL,
  `descripcion` varchar(191) COLLATE utf8mb4_unicode_ci DEFAULT NULL,
  `funcion` varchar(191) COLLATE utf8mb4_unicode_ci DEFAULT NULL,
  `created_at` timestamp NULL DEFAULT NULL,
  `updated_at` timestamp NULL DEFAULT NULL,
  PRIMARY KEY (`id`)
) ENGINE=InnoDB AUTO_INCREMENT=8 DEFAULT CHARSET=utf8mb4 COLLATE=utf8mb4_unicode_ci;

--
-- Dumping data for table `syj_formato_sicoss_format`
--

INSERT INTO `syj_formato_sicoss_format` VALUES (1,NULL,'Ninguno','nada',NULL,NULL),(2,NULL,'Numero Entero','formato_entero',NULL,NULL),(3,NULL,'Formato Moneda','formato_moneda',NULL,NULL),(4,NULL,'Marcar con T o F','marcar_true_or_false',NULL,NULL),(5,NULL,'Espacio en Blanco','espacio_en_blanco',NULL,NULL),(6,NULL,'Marcar 0 o 1','marcar_0_or_1','2023-01-09 09:45:52','2023-01-09 09:45:52'),(7,NULL,'Valor sin Coma','valor_sin_coma','2023-01-09 09:45:52','2023-01-09 09:45:52');

--
-- Table structure for table `syj_funciones_cantidad`
--

CREATE TABLE `syj_funciones_cantidad` (
  `id` int(10) unsigned NOT NULL AUTO_INCREMENT,
  `user_id` int(10) unsigned DEFAULT NULL,
  `descripcion` varchar(191) COLLATE utf8mb4_unicode_ci NOT NULL,
  `sistema` int(11) NOT NULL,
  `observaciones` text COLLATE utf8mb4_unicode_ci NOT NULL,
  `funcion` text COLLATE utf8mb4_unicode_ci NOT NULL,
  `explicacion` longtext COLLATE utf8mb4_unicode_ci,
  `habilitado` tinyint(1) NOT NULL DEFAULT '1',
  `created_at` timestamp NULL DEFAULT NULL,
  `updated_at` timestamp NULL DEFAULT NULL,
  `deleted_at` timestamp NULL DEFAULT NULL,
  PRIMARY KEY (`id`)
) ENGINE=InnoDB AUTO_INCREMENT=17 DEFAULT CHARSET=utf8mb4 COLLATE=utf8mb4_unicode_ci;

--
-- Dumping data for table `syj_funciones_cantidad`
--

INSERT INTO `syj_funciones_cantidad` VALUES (1,NULL,'Nada',1,'Retorna el mismo valor','nada',NULL,1,'2020-04-07 03:01:59','2020-04-07 03:01:59',NULL),(2,NULL,'Candidad de adherentes Obra Social',1,'Retorna la cantidad de familiares a cargo, multiplicado por el porcentual especificado en la tabla de alícuotas asociada al empleado.','cantidad_adherentes_obra_social','return SyJEmpleado::find($liq_empleado[\'empleado_id\'])->cant_adherentes;',1,'2020-04-07 03:01:59','2020-04-07 03:01:59',NULL),(3,NULL,'Cantidad de días PRV s/Vacaciones',1,'Calcula la cantidad de días de PRV tomando como días hábiles de lunes a viernes.','FALTAAAAAAAAAAAAAAAAAAAAAAAAAA_DEFINIR',NULL,1,'2020-04-07 03:01:59','2020-04-07 03:01:59',NULL),(4,NULL,'Cantidad de días PRV s/Vacaciones inc. Sábado',1,'Calcula la cantidad de días de PRV tomando como días hábiles de lunes a sábados.','FALTAAAAAAAAAAAAAAAAAAAAAAAAAA_DEFINIR',NULL,1,'2020-04-07 03:01:59','2020-04-07 03:01:59',NULL),(5,NULL,'Cantidad días integración mes de despido',1,'Retorna la cantidad de días hasta fin de la fecha de despido.','FALTAAAAAAAAAAAAAAAAAAAAAAAAAA_DEFINIR',NULL,1,'2020-04-07 03:01:59','2020-04-07 03:01:59',NULL),(6,NULL,'Cantidad de días PRV s/Integración',1,'Calcula la cantidad de días de PRV tomando como días hábiles de lunes a viernes.','FALTAAAAAAAAAAAAAAAAAAAAAAAAAA_DEFINIR',NULL,1,'2020-04-07 03:01:59','2020-04-07 03:01:59',NULL),(7,NULL,'Cantidad de días PRV s/Integración inc. Sábado',1,'Calcula la cantidad de días de PRV tomando como días habiles de lunes a sábados.','FALTAAAAAAAAAAAAAAAAAAAAAAAAAA_DEFINIR',NULL,1,'2020-04-07 03:01:59','2020-04-07 03:01:59',NULL),(8,NULL,'Cantidad de días Vacaciones No Gozadas',1,'Retorna la cantidad de días de vacaciones no gozadas.','cantidad_dias_vacaciones_no_gozadas','$anio_liquidacion = Period::find($liq_empleado[\'syj_liquidacion\'][\'period_id\'])->year;\n        $fin_anio = Carbon::create($anio_liquidacion.\'-12-31\');\n        $fecha_ingreso = SyJEmpleado::find($liq_empleado[\'empleado_id\'])->fecha_recon_ing;\n        $dif_dias = $fin_anio->diffInDays($fecha_ingreso);\n        $dias = 0;\n        switch(true) {\n            case $dif_dias<=0:\n                $dias = 0;\n                break;\n            case $dif_dias<180:\n                $dias = intval(ceil($dif_dias/20));\n                break;\n            case $dif_dias > 180 && $dif_dias <= 1800:\n                $dias = 14;\n                break;\n            case $dif_dias > 1800 && $dif_dias <= 3600:\n                $dias = 21;\n                break;\n            case $dif_dias > 3600 && $dif_dias <= 7200:\n                $dias = 28;\n                break;\n            case $dif_dias > 7200:\n                $dias = 35;\n                break;\n        }\n\n        return $dias;',1,'2020-04-07 03:01:59','2020-04-07 03:01:59',NULL),(9,NULL,'Antigüedad Camioneros',1,'Antigüedad del empleado al 31 de diciembre del año de la liquidación. Computando como 1(un) período anual completo toda fraccción mayor a 6 meses.','FALTAAAAAAAAAAAAAAAAAAAAAAAAAA_DEFINIR',NULL,1,'2020-04-07 03:01:59','2020-04-07 03:01:59',NULL),(10,NULL,'Buscar en escala',1,'Busca la cantidad en la escala asociada al concepto, y retorna el porcentaje asociado.','buscar_en_escala',NULL,1,NULL,'2023-01-09 09:45:50',NULL),(11,NULL,'Dividir por Campo Auxiliar de la Funcion',1,'Dividido por Campo Auxiliar de la Funcion','dividir_campo_auxiliar',NULL,1,NULL,NULL,NULL),(12,NULL,'Multiplicar por  Campo Auxiliar de la Funcion',1,'Multiplicar por Campo Auxiliar de la Funcion','multiplicar_campo_auxiliar',NULL,1,NULL,NULL,NULL),(13,NULL,'Sumar por  Campo Auxiliar de la Funcion',1,'Sumar por Campo Auxiliar de la Funcion','sumar_campo_auxiliar',NULL,1,NULL,NULL,NULL),(14,NULL,'restar por  Campo Auxiliar de la Funcion',1,'restar por Campo Auxiliar de la Funcion','restar_campo_auxiliar',NULL,1,NULL,NULL,NULL);
INSERT INTO `syj_funciones_cantidad` VALUES (15,NULL,'Tomar como Tope el campo auxiliar de la funcion',1,'Compara lo que tiene con el campo auxiliar, si mayor, se queda con el valor del campo auxiliar','tope_campo_auxiliar',NULL,1,NULL,NULL,NULL),(16,NULL,'Tomar como Minimo el campo auxiliar de la funcion',1,'Compara el valor que tiene con el campo auxiliar y se queda con el mayor o igual al campo auxiliar','minimo_campo_auxiliar',NULL,1,NULL,NULL,NULL);

--
-- Table structure for table `syj_funciones_importe`
--

CREATE TABLE `syj_funciones_importe` (
  `id` int(10) unsigned NOT NULL AUTO_INCREMENT,
  `user_id` int(10) unsigned DEFAULT NULL,
  `descripcion` varchar(191) COLLATE utf8mb4_unicode_ci NOT NULL,
  `sistema` int(11) NOT NULL,
  `observaciones` text COLLATE utf8mb4_unicode_ci NOT NULL,
  `funcion` text COLLATE utf8mb4_unicode_ci NOT NULL,
  `explicacion` longtext COLLATE utf8mb4_unicode_ci,
  `habilitado` tinyint(1) NOT NULL DEFAULT '1',
  `created_at` timestamp NULL DEFAULT NULL,
  `updated_at` timestamp NULL DEFAULT NULL,
  `deleted_at` timestamp NULL DEFAULT NULL,
  PRIMARY KEY (`id`)
) ENGINE=InnoDB AUTO_INCREMENT=18 DEFAULT CHARSET=utf8mb4 COLLATE=utf8mb4_unicode_ci;

--
-- Dumping data for table `syj_funciones_importe`
--

INSERT INTO `syj_funciones_importe` VALUES (1,NULL,'Ninguna',1,'Retorna el mismo importe','nada',NULL,1,'2020-04-07 03:01:59','2020-04-07 03:01:59',NULL),(2,NULL,'Importe Embargo',1,'Calcula el importe de embargo correspondiente a la liquidación.','FALTAAAAAAAAAAAAAAAAAAAAAAAAAA_DEFINIR',NULL,1,'2020-04-07 03:01:59','2020-04-07 03:01:59',NULL),(3,NULL,'Cálculo MNI s/Modalidad',1,'Esta función sólo determinará el valor de la detracción establecido en el art 4 Dto 814/01 cuando la modalidad de contratación sea distinta a las del rango 301 a 315','FALTAAAAAAAAAAAAAAAAAAAAAAAAAA_DEFINIR',NULL,1,'2020-04-07 03:01:59','2020-04-07 03:01:59',NULL),(4,NULL,'Minimo no imponible SUSS 100% por Días',1,'Esta función determinará el valor de la detracción establecido en el art 4 Dto 814/01 teniendo en cuenta que la modalidad de contratación sea distinta a las del rango 301 a 315','FALTAAAAAAAAAAAAAAAAAAAAAAAAAA_DEFINIR',NULL,1,'2020-04-07 03:01:59','2020-04-07 03:01:59',NULL),(5,NULL,'Minimo no imponible SUSS 100% por Horas',1,'Esta función determinará el valor de la detracción establecido en el art 4 Dto 814/01 teniendo en cuenta que la modalidad de contratación sea distinta a las del rango 301 a 315','FALTAAAAAAAAAAAAAAAAAAAAAAAAAA_DEFINIR',NULL,1,'2020-04-07 03:01:59','2020-04-07 03:01:59',NULL),(6,NULL,'Minimo no imponible SUSS P./ Dias',1,'Esta función determinará el valor de la detracción establecido en el art 4 Dto 814/01 teniendo en cuenta que la modalidad de contratación sea distinta a las del rango 301 a 315, y proporcionando al valor indicado en la pestaña Cantidad del concepto.','FALTAAAAAAAAAAAAAAAAAAAAAAAAAA_DEFINIR',NULL,1,'2020-04-07 03:01:59','2020-04-07 03:01:59',NULL),(7,NULL,'Minimo no imponible SUSS P./ Horas',1,'Esta función determinará el valor de la detracción establecido en el art 4 Dto 814/01 teniendo en cuenta que la modalidad de contratación sea distinta a las del rango 301 a 315, y proporcionando al valor indicado en la pestaña Cantidad del concepto.','FALTAAAAAAAAAAAAAAAAAAAAAAAAAA_DEFINIR',NULL,1,'2020-04-07 03:01:59','2020-04-07 03:01:59',NULL),(8,NULL,'Básico Completo',0,'Devuelve el Básico completo.','basico_completo_o_cantidad_por_valor','        $empleado = SyJEmpleado::with([\'syj_convenio_categoria\'])->find($liq_empleado[\'empleado_id\']);\n\n        $dias_trabajados = SyJLiqEmpleado::find($liq_empleado[\'id\'])->dias_trabajados;\n        if( $dias_trabajados < 30 ){\n            $result = $dias_trabajados * $concepto->valor;\n        }else{\n            $result = ($empleado->basico + $empleado->adic_fijo ) / $empleado->syj_convenio_categoria->hs_jor_compl * $empleado->hs_jornada;\n        }\n        return round($result,2);',1,'2020-04-07 03:01:59','2020-04-07 03:01:59',NULL),(9,NULL,'No Reintegro Mayo 2015',0,'En el mes de Mayo no se liquida el Reintegro. Sino la 1/5 parte de la Devolución(Reintegro / 5)','FALTAAAAAAAAAAAAAAAAAAAAAAAAAA_DEFINIR',NULL,1,'2020-04-07 03:01:59','2020-04-07 03:01:59',NULL),(10,NULL,'No Retención Marzo 2016',0,'En el mes de Febrero no se liquida la Retención completa. Sino la 1/10 parte de la','FALTAAAAAAAAAAAAAAAAAAAAAAAAAA_DEFINIR',NULL,1,'2020-04-07 03:01:59','2020-04-07 03:01:59',NULL),(11,NULL,'Redondeo',1,'Redondea un valor dado en una dirección y cantidad de decimales indicados.','redondeo',NULL,1,NULL,NULL,NULL),(12,NULL,'Dividir por Campo Auxiliar de la Funcion',1,'Dividido por Campo Auxiliar de la Funcion','dividir_campo_auxiliar',NULL,1,NULL,NULL,NULL),(13,NULL,'Multiplicar por  Campo Auxiliar de la Funcion',1,'Multiplicar por Campo Auxiliar de la Funcion','multiplicar_campo_auxiliar',NULL,1,NULL,NULL,NULL),(14,NULL,'Sumar por  Campo Auxiliar de la Funcion',1,'Sumar por Campo Auxiliar de la Funcion','sumar_campo_auxiliar',NULL,1,NULL,NULL,NULL),(15,NULL,'restar por  Campo Auxiliar de la Funcion',1,'restar por Campo Auxiliar de la Funcion','restar_campo_auxiliar',NULL,1,NULL,NULL,NULL);
INSERT INTO `syj_funciones_importe` VALUES (16,NULL,'Tomar como Tope el campo auxiliar de la funcion',1,'Compara lo que tiene con el campo auxiliar, si mayor, se queda con el valor del campo auxiliar','tope_campo_auxiliar',NULL,1,NULL,NULL,NULL),(17,NULL,'Tomar como Minimo el campo auxiliar de la funcion',1,'Compara el valor que tiene con el campo auxiliar y se queda con el mayor o igual al campo auxiliar','minimo_campo_auxiliar',NULL,1,NULL,NULL,NULL);

--
-- Table structure for table `syj_funciones_sicoss`
--

CREATE TABLE `syj_funciones_sicoss` (
  `id` int(10) unsigned NOT NULL AUTO_INCREMENT,
  `user_id` int(10) unsigned DEFAULT NULL,
  `descripcion` varchar(191) COLLATE utf8mb4_unicode_ci NOT NULL,
  `sistema` int(11) DEFAULT NULL,
  `observaciones` text COLLATE utf8mb4_unicode_ci,
  `funcion` text COLLATE utf8mb4_unicode_ci,
  `habilitado` tinyint(1) NOT NULL DEFAULT '1',
  `created_at` timestamp NULL DEFAULT NULL,
  `updated_at` timestamp NULL DEFAULT NULL,
  `deleted_at` timestamp NULL DEFAULT NULL,
  PRIMARY KEY (`id`)
) ENGINE=InnoDB AUTO_INCREMENT=30 DEFAULT CHARSET=utf8mb4 COLLATE=utf8mb4_unicode_ci;

--
-- Dumping data for table `syj_funciones_sicoss`
--

INSERT INTO `syj_funciones_sicoss` VALUES (1,NULL,'Empleado CUIL',1,NULL,'empleado_cuil',1,NULL,NULL,NULL),(2,NULL,'Empleado del Apellido y Nombre',1,NULL,'empleado_ape_nombre',1,NULL,NULL,NULL),(3,NULL,'Empleado Conyuge',1,NULL,'empleado_conyuge',1,NULL,NULL,NULL),(4,NULL,'Empleado Cantidad de Hijos',1,NULL,'empleado_cantidad_hijos',1,NULL,NULL,NULL),(5,NULL,'Empleado Codigo de Situacion',1,NULL,'empleado_cod_situacion',1,NULL,NULL,NULL),(6,NULL,'Empleado Codigo de Condicion',1,NULL,'empleado_cod_condicion',1,NULL,NULL,NULL),(7,NULL,'Empleado Codigo de Actividad',1,NULL,'empleado_cod_actividad',1,NULL,NULL,NULL),(8,NULL,'Empleado Codigo de Zona',1,NULL,'empleado_cod_zona',1,NULL,NULL,NULL),(9,NULL,'Empleado Codigo de Modalidad de Contratacion',1,NULL,'empleado_cod_modalidad_contratacion',1,NULL,NULL,NULL),(10,NULL,'Empleado Codigo de Obra Social',1,NULL,'empleado_cod_obra_social',1,NULL,NULL,NULL),(11,NULL,'Empleado Cantidad de Adherentes',1,NULL,'empleado_cant_adherentes',1,NULL,NULL,NULL),(12,NULL,'Provincia Localidad',1,NULL,'empleado_zona_geografica',1,NULL,NULL,NULL),(13,NULL,'Empleado Codigo de Siniestrado',1,NULL,'empleado_codigo_siniestrado',1,NULL,NULL,NULL),(14,NULL,'Tipo de Empresa',1,NULL,'empleado_tipo_empleador',1,NULL,NULL,NULL),(15,NULL,'Regimen',1,NULL,'empleado_regimen',1,NULL,NULL,NULL),(16,NULL,'Situacion de Revista 1',1,NULL,'empleado_sit_revista_1',1,NULL,NULL,NULL),(17,NULL,'Dia Inicio Situacion de Revista 1',1,NULL,'empleado_dia_sit_revista_1',1,NULL,NULL,NULL),(18,NULL,'Situacion de Revista 2',1,NULL,'empleado_sit_revista_2',1,NULL,NULL,NULL),(19,NULL,'Dia Inicio Situacion de Revista 2',1,NULL,'empleado_dia_sit_revista_2',1,NULL,NULL,NULL),(20,NULL,'Situacion de Revista 3',1,NULL,'empleado_sit_revista_3',1,NULL,NULL,NULL),(21,NULL,'Dia Inicio Situacion de Revista 3',1,NULL,'empleado_dia_sit_revista_3',1,NULL,NULL,NULL),(22,NULL,'Empleado Trabajador Convencionado',1,NULL,'empleado_is_trabajador_cct',1,NULL,NULL,NULL),(23,NULL,'Empleado Horas Trabajadas',1,NULL,'empleado_horas_trabajadas',1,NULL,NULL,NULL),(24,NULL,'Empleado Seguro Colectivo de Vida Obligatorio',1,NULL,'empleado_scvo',1,NULL,NULL,NULL),(25,NULL,'Marcar con 1',1,NULL,'marcar_con_uno',1,NULL,NULL,NULL),(26,NULL,'Marcar con 0',1,NULL,'marcar_con_cero',1,NULL,NULL,NULL),(27,NULL,'Remuneracion 10 LSD',1,NULL,'remun_10_lsd',1,NULL,NULL,NULL),(28,NULL,'Empleado Eventual: Dias Trabajados',1,NULL,'empleado_event_dias_trabajados',1,NULL,NULL,NULL),(29,NULL,'Empleado Eventual: Horas Trabajadas',1,NULL,'empleado_event_hs_trabajadas',1,NULL,NULL,NULL);

--
-- Table structure for table `syj_funciones_valor`
--

CREATE TABLE `syj_funciones_valor` (
  `id` int(10) unsigned NOT NULL AUTO_INCREMENT,
  `user_id` int(10) unsigned DEFAULT NULL,
  `descripcion` varchar(191) COLLATE utf8mb4_unicode_ci NOT NULL,
  `sistema` int(11) NOT NULL,
  `observaciones` text COLLATE utf8mb4_unicode_ci NOT NULL,
  `funcion` text COLLATE utf8mb4_unicode_ci NOT NULL,
  `explicacion` longtext COLLATE utf8mb4_unicode_ci,
  `habilitado` tinyint(1) NOT NULL DEFAULT '1',
  `created_at` timestamp NULL DEFAULT NULL,
  `updated_at` timestamp NULL DEFAULT NULL,
  `deleted_at` timestamp NULL DEFAULT NULL,
  PRIMARY KEY (`id`)
) ENGINE=InnoDB AUTO_INCREMENT=37 DEFAULT CHARSET=utf8mb4 COLLATE=utf8mb4_unicode_ci;

--
-- Dumping data for table `syj_funciones_valor`
--

INSERT INTO `syj_funciones_valor` VALUES (1,NULL,'Nada',1,'Retorna el mismo Valor','nada',NULL,1,'2020-04-07 03:01:59','2020-04-07 03:01:59',NULL),(2,NULL,'Importe Sueldo Anual Complementario',1,'Retorna el importe del SAC en función de la cantidad de días SAC. Si la cantidad de dias es menor a 30, retorna la doceava parte de la mayor remuneración.','importe_sac','return $concepto->valor/360;',1,'2020-04-07 03:01:59','2020-04-07 03:01:59',NULL),(3,NULL,'Doceava parte',1,'Retorna la doceava parte del valor unitario calculado.','doceava_parte','return $concepto->valor / 12;',1,'2020-04-07 03:01:59','2020-04-07 03:01:59',NULL),(4,NULL,'PRV',1,'Cálcula el Premedio de Remuneraciones Variables de los períodos indicados.','prv','return ($concepto->valor/$liq_empleado[\'dias_trabajados_semestre\'])??0;',1,'2020-04-07 03:01:59','2020-04-07 03:01:59',NULL),(5,NULL,'Valor obtenido dividido 30',1,'Al valor obtenido lo divide por 30.','valor_obtenido_dividido_30','return $concepto->valor / 30;',1,'2020-04-07 03:01:59','2020-04-07 03:01:59',NULL),(6,NULL,'Valor obtenido dividido 25',1,'Al valor obtenido lo divide por 25.','valor_obtenido_dividido_25','return $concepto->valor / 25;',1,'2020-04-07 03:01:59','2020-04-07 03:01:59',NULL),(7,NULL,'Reintegro I. Ganancias Renta Cuarta',1,'Calcula el reintegro de impuesto a las ganancias rentas de cuarta categoría Inc. B: Trabajo en relación de dependencia.','FALTAAAAAAAAAAAAAAAAAAAAAAAAAA_DEFINIR',NULL,1,'2020-04-07 03:01:59','2020-04-07 03:01:59',NULL),(8,NULL,'Retención I. Ganancias Renta Cuarta',1,'Calcula la retención de impuesto a las ganancias rentas de cuarta categoría Inc. B: Trabajo en relación de dependencia.','FALTAAAAAAAAAAAAAAAAAAAAAAAAAA_DEFINIR',NULL,1,'2020-04-07 03:01:59','2020-04-07 03:01:59',NULL),(9,NULL,'Buscar en escala importe fijo',1,'Busca el valor unitario en la escala asociada al concepto, y retorna el importe fijo.','buscar_escala_importe_fijo','        $linea = $concepto->escalas\n            ->where(\'desde\',\'<=\',$concepto->valor)\n            ->where(\'hasta\',\'>=\',$concepto->valor)\n            ->first();\n        $result = $linea->fijo;\n\n        return $result;',1,'2020-04-07 03:01:59','2020-04-07 03:01:59',NULL),(10,NULL,'Valor Hora',1,'Valor hora de un empleado se compone: ValorUnitario / cantidad de horas totales definidos en la categoria.','valor_hora','$empleado = SyJEmpleado::find($liq_empleado[\'empleado_id\']);',1,'2020-04-07 03:01:59','2020-04-07 03:01:59',NULL),(11,NULL,'Retención I. Ganancias Renta Cuarta',0,'Calcula la retención de impuesto a las ganancias rentas de cuarta categoría Inc. B: Trabajo en relación de dependencia.','FALTAAAAAAAAAAAAAAAAAAAAAAAAAA_DEFINIR',NULL,1,'2020-04-07 03:01:59','2020-04-07 03:01:59',NULL),(12,NULL,'Minimo no imponible SUSS',1,'Retorna el importe a detraer según Art. 4 Dto 814-01 cargado en los parametros del servicio, proporcionado a las horas de jornada del empleado.','FALTAAAAAAAAAAAAAAAAAAAAAAAAAA_DEFINIR',NULL,1,'2020-04-07 03:01:59','2020-04-07 03:01:59',NULL),(13,NULL,'Valor Horas Extras al 50%',1,'Valor hora extra al 50% de un empleado se compone: ValorUnitario / cantidad de horas totales definidos en la categoria * 1.5.','valor_hora_extra_al_50_porciento','        $empleado = SyJEmpleado::find($liq_empleado[\'empleado_id\']);',1,'2020-04-07 03:01:59','2020-04-07 03:01:59',NULL),(14,NULL,'Valor Horas Extras al 100%',1,'Valor hora extra al 100% de un empleado se compone: ValorUnitario / cantidad de horas totales definidos en la categoria * 2.','valor_hora_extra_al_100_porciento','        $empleado = SyJEmpleado::find($liq_empleado[\'empleado_id\']);',1,'2020-04-07 03:01:59','2020-04-07 03:01:59',NULL),(19,NULL,'Embargo',1,'Calcula la base imponible y el porcentaje del embargo, según el bruto definido y el sueldo mínimo vital y movil configurado en los parámetros del servicio.','FALTAAAAAAAAAAAAAAAAAAAAAAAAAA_DEFINIR',NULL,1,'2020-04-07 03:01:59','2020-04-07 03:01:59',NULL);
INSERT INTO `syj_funciones_valor` VALUES (20,NULL,'Adicional Hora Nocturna',1,'Adicional  de 8 minutos como recargo por alternar horas diurnas/nocturnas.','adicional_hora_nocturna','return $concepto->valor / 60 * 8;',1,'2020-04-07 03:01:59','2020-04-07 03:01:59',NULL),(21,NULL,'Base Imponible OS',1,'Toma el total Remunerativo por la cantidad de Hs Jornada de la categoria dividido la cantidad de Hs de la Jornada del legajo del empleado.','base_imponible_obra_social','        $empleado = SyJEmpleado::find($liq_empleado[\'empleado_id\']);',1,'2020-04-07 03:01:59','2020-04-07 03:01:59',NULL),(22,NULL,'Proporcional a las Horas Trabajadas',1,'Devuelve el valor, proporcional a las horas de jornada del empleado.','proporcional_horas_trabajadas','        $empleado = SyJEmpleado::find($liq_empleado[\'empleado_id\']);',1,'2020-04-07 03:01:59','2020-04-07 03:01:59',NULL),(23,NULL,'Proporcional a dias y horas Trabajadas',1,'Devuelve el valor, proporcional a las horas de jornada del empleado.','proporcional_a_dias_y_horas_trabajadas','        $empleado = SyJEmpleado::find($liq_empleado[\'empleado_id\']);',1,'2020-04-07 03:01:59','2020-04-07 03:01:59',NULL),(25,NULL,'Valor obtenido dividido 360',0,'Al valor obtenido lo divide por 360','valor_obtenido_dividido_360','return $concepto->valor / 360;',1,'2020-04-07 03:01:59','2020-04-07 03:01:59',NULL),(26,NULL,'Embargo Q',0,'Calcula la base imponible y el porcentaje del embargo, según el bruto definido y el sueldo mínimo vital y movil configurado en los parámetros del servicio.','FALTAAAAAAAAAAAAAAAAAAAAAAAAAA_DEFINIR','',1,'2020-04-07 03:01:59','2020-04-07 03:01:59',NULL),(27,NULL,'Valor obtenido dividido 12',0,'Al valor obtenido lo divide por 12.','valor_obtenido_dividido_12','return $concepto->valor / 12;',1,'2020-04-07 03:01:59','2020-04-07 03:01:59',NULL),(28,NULL,'Remuneración Indemnización',1,'Retorna el valor menor entre: el concepto asociado que corresponde a la Remuneración Promedio del Convenio x 3, y la mayor remuneración percibida en los últimos 12 meses.','remuneracion_indemnizacion','return $liq_empleado[\'mayult12\'];',1,NULL,NULL,NULL),(29,NULL,'Por -1',1,'Multiplica al valor por -1','por_menos_1',NULL,1,NULL,NULL,NULL),(30,NULL,'Dividir por Campo Auxiliar de la Funcion',1,'Dividido por Campo Auxiliar de la Funcion','dividir_campo_auxiliar',NULL,1,NULL,NULL,NULL),(31,NULL,'Multiplicar por  Campo Auxiliar de la Funcion',1,'Multiplicar por Campo Auxiliar de la Funcion','multiplicar_campo_auxiliar',NULL,1,NULL,NULL,NULL),(32,NULL,'Sumar por  Campo Auxiliar de la Funcion',1,'Sumar por Campo Auxiliar de la Funcion','sumar_campo_auxiliar',NULL,1,NULL,NULL,NULL),(33,NULL,'restar por  Campo Auxiliar de la Funcion',1,'restar por Campo Auxiliar de la Funcion','restar_campo_auxiliar',NULL,1,NULL,NULL,NULL),(34,NULL,'Busca el Mayor Valor del Semestre dividido 25 de los Conceptos Seleccionados',1,'Busca el Mayor Valor del Semestre dividido 25 de los Conceptos Seleccionados','buscar_mayor_val_semes_div_25_from_concep_asoc',NULL,1,NULL,NULL,NULL),(35,NULL,'Tomar como Tope el campo auxiliar de la funcion',1,'Compara lo que tiene con el campo auxiliar, si mayor, se queda con el valor del campo auxiliar','tope_campo_auxiliar',NULL,1,NULL,NULL,NULL),(36,NULL,'Tomar como Minimo el campo auxiliar de la funcion',1,'Compara el valor que tiene con el campo auxiliar y se queda con el mayor o igual al campo auxiliar','minimo_campo_auxiliar',NULL,1,NULL,NULL,NULL);

--
-- Table structure for table `syj_g4_art90_mensual`
--

CREATE TABLE `syj_g4_art90_mensual` (
  `id` int(10) unsigned NOT NULL AUTO_INCREMENT,
  `user_id` int(10) unsigned DEFAULT NULL,
  `anio` int(10) unsigned NOT NULL,
  `mes` int(10) unsigned NOT NULL,
  `desde` decimal(16,2) NOT NULL DEFAULT '0.00',
  `hasta` decimal(16,2) NOT NULL DEFAULT '0.00',
  `impuesto` decimal(16,2) NOT NULL DEFAULT '0.00',
  `mas_porcentaje` decimal(16,2) NOT NULL DEFAULT '0.00',
  `excedente` decimal(16,2) NOT NULL DEFAULT '0.00',
  `habilitado` tinyint(1) NOT NULL DEFAULT '1',
  `created_at` timestamp NULL DEFAULT NULL,
  `updated_at` timestamp NULL DEFAULT NULL,
  `deleted_at` timestamp NULL DEFAULT NULL,
  PRIMARY KEY (`id`)
) ENGINE=InnoDB AUTO_INCREMENT=481 DEFAULT CHARSET=utf8mb4 COLLATE=utf8mb4_unicode_ci;

--
-- Dumping data for table `syj_g4_art90_mensual`
--

INSERT INTO `syj_g4_art90_mensual` VALUES (1,NULL,2020,1,-9999999.00,0.01,0.00,0.00,0.00,1,NULL,NULL,NULL),(2,NULL,2020,1,0.01,3972.43,0.00,0.05,0.01,1,NULL,NULL,NULL),(3,NULL,2020,1,3972.43,7944.86,198.62,0.09,3972.43,1,NULL,NULL,NULL),(4,NULL,2020,1,7944.86,11917.29,556.14,0.12,7944.86,1,NULL,NULL,NULL),(5,NULL,2020,1,11917.29,15889.72,1032.83,0.15,11917.29,1,NULL,NULL,NULL),(6,NULL,2020,1,15889.72,23834.58,1628.69,0.19,15889.72,1,NULL,NULL,NULL),(7,NULL,2020,1,23834.58,31779.44,3138.21,0.23,23834.58,1,NULL,NULL,NULL),(8,NULL,2020,1,31779.44,47669.16,4965.53,0.27,31779.44,1,NULL,NULL,NULL),(9,NULL,2020,1,47669.16,63558.88,9255.75,0.31,47669.16,1,NULL,NULL,NULL),(10,NULL,2020,1,63558.88,9999999.00,14181.56,0.35,63558.88,1,NULL,NULL,NULL),(11,NULL,2020,2,-9999999.00,0.01,0.00,0.00,0.00,1,NULL,NULL,NULL),(12,NULL,2020,2,0.01,7944.86,0.00,0.05,0.01,1,NULL,NULL,NULL),(13,NULL,2020,2,7944.86,15889.72,397.24,0.09,7944.86,1,NULL,NULL,NULL),(14,NULL,2020,2,15889.72,23834.58,1112.28,0.12,15889.72,1,NULL,NULL,NULL),(15,NULL,2020,2,23834.58,31779.44,2065.66,0.15,23834.58,1,NULL,NULL,NULL),(16,NULL,2020,2,31779.44,47669.16,3257.39,0.19,31779.44,1,NULL,NULL,NULL),(17,NULL,2020,2,47669.16,63558.88,6276.44,0.23,47669.16,1,NULL,NULL,NULL),(18,NULL,2020,2,63558.88,95338.32,9931.08,0.27,63558.88,1,NULL,NULL,NULL),(19,NULL,2020,2,95338.32,127117.76,18511.53,0.31,95338.32,1,NULL,NULL,NULL),(20,NULL,2020,2,127117.76,9999999.00,28363.16,0.35,127117.76,1,NULL,NULL,NULL),(21,NULL,2020,3,-9999999.00,0.01,0.00,0.00,0.00,1,NULL,NULL,NULL),(22,NULL,2020,3,0.01,11917.29,0.00,0.05,0.01,1,NULL,NULL,NULL),(23,NULL,2020,3,11917.29,23834.58,595.86,0.09,11917.29,1,NULL,NULL,NULL),(24,NULL,2020,3,23834.58,35751.87,1668.42,0.12,23834.58,1,NULL,NULL,NULL),(25,NULL,2020,3,35751.87,47669.16,3098.49,0.15,35751.87,1,NULL,NULL,NULL),(26,NULL,2020,3,47669.16,71503.74,4886.08,0.19,47669.16,1,NULL,NULL,NULL),(27,NULL,2020,3,71503.74,95338.32,9414.65,0.23,71503.74,1,NULL,NULL,NULL),(28,NULL,2020,3,95338.32,143007.48,14896.60,0.27,95338.32,1,NULL,NULL,NULL),(29,NULL,2020,3,143007.48,190676.64,27767.27,0.31,143007.48,1,NULL,NULL,NULL),(30,NULL,2020,3,190676.64,9999999.00,42544.71,0.35,190676.64,1,NULL,NULL,NULL),(31,NULL,2020,4,-9999999.00,0.01,0.00,0.00,0.00,1,NULL,NULL,NULL),(32,NULL,2020,4,0.01,15889.72,0.00,0.05,0.01,1,NULL,NULL,NULL),(33,NULL,2020,4,15889.72,31779.44,794.49,0.09,15889.72,1,NULL,NULL,NULL),(34,NULL,2020,4,31779.44,47669.16,2224.56,0.12,31779.44,1,NULL,NULL,NULL),(35,NULL,2020,4,47669.16,63558.88,4131.33,0.15,47669.16,1,NULL,NULL,NULL),(36,NULL,2020,4,63558.88,95338.32,6514.79,0.19,63558.88,1,NULL,NULL,NULL),(37,NULL,2020,4,95338.32,127117.76,12552.88,0.23,95338.32,1,NULL,NULL,NULL),(38,NULL,2020,4,127117.76,190676.64,19862.15,0.27,127117.76,1,NULL,NULL,NULL),(39,NULL,2020,4,190676.64,254235.52,37023.05,0.31,190676.64,1,NULL,NULL,NULL),(40,NULL,2020,4,254235.52,9999999.00,56726.30,0.35,254235.52,1,NULL,NULL,NULL),(41,NULL,2020,5,-9999999.00,0.00,0.00,0.00,0.00,1,NULL,NULL,NULL),(42,NULL,2020,5,0.01,19862.15,0.00,0.05,0.01,1,NULL,NULL,NULL),(43,NULL,2020,5,19862.15,39724.30,993.11,0.09,19862.15,1,NULL,NULL,NULL),(44,NULL,2020,5,39724.30,59586.45,2780.70,0.12,39724.30,1,NULL,NULL,NULL),(45,NULL,2020,5,59586.45,79448.60,5164.16,0.15,59586.45,1,NULL,NULL,NULL),(46,NULL,2020,5,79448.60,119172.90,8143.48,0.19,79448.60,1,NULL,NULL,NULL),(47,NULL,2020,5,119172.90,158897.20,15691.10,0.23,119172.90,1,NULL,NULL,NULL),(48,NULL,2020,5,158897.20,238345.80,24827.69,0.27,158897.20,1,NULL,NULL,NULL),(49,NULL,2020,5,238345.80,317794.40,46278.81,0.31,238345.80,1,NULL,NULL,NULL),(50,NULL,2020,5,317794.40,9999999.00,70907.88,0.35,317794.40,1,NULL,NULL,NULL),(51,NULL,2020,6,-9999999.00,0.00,0.00,0.00,0.00,1,NULL,NULL,NULL),(52,NULL,2020,6,0.01,23834.58,0.00,0.05,0.01,1,NULL,NULL,NULL),(53,NULL,2020,6,23834.58,47669.16,1191.73,0.09,23834.58,1,NULL,NULL,NULL),(54,NULL,2020,6,47669.16,71503.74,3336.84,0.12,47669.16,1,NULL,NULL,NULL),(55,NULL,2020,6,71503.74,95338.33,6196.99,0.15,71503.74,1,NULL,NULL,NULL);
INSERT INTO `syj_g4_art90_mensual` VALUES (56,NULL,2020,6,95338.33,143007.48,9772.18,0.19,95338.33,1,NULL,NULL,NULL),(57,NULL,2020,6,143007.48,190676.64,18829.32,0.23,143007.48,1,NULL,NULL,NULL),(58,NULL,2020,6,190676.64,286014.96,29793.23,0.27,190676.64,1,NULL,NULL,NULL),(59,NULL,2020,6,286014.96,381353.29,55534.58,0.31,286014.96,1,NULL,NULL,NULL),(60,NULL,2020,6,381353.29,9999999.00,85089.46,0.35,381353.29,1,NULL,NULL,NULL),(61,NULL,2020,7,-9999999.00,0.00,0.00,0.00,0.00,1,NULL,NULL,NULL),(62,NULL,2020,7,0.01,27807.01,0.00,0.05,0.01,1,NULL,NULL,NULL),(63,NULL,2020,7,27807.01,55614.02,1390.35,0.09,27807.01,1,NULL,NULL,NULL),(64,NULL,2020,7,55614.02,83421.03,3892.98,0.12,55614.02,1,NULL,NULL,NULL),(65,NULL,2020,7,83421.03,111228.05,7229.82,0.15,83421.03,1,NULL,NULL,NULL),(66,NULL,2020,7,111228.05,166842.06,11400.87,0.19,111228.05,1,NULL,NULL,NULL),(67,NULL,2020,7,166842.06,222456.08,21967.53,0.23,166842.06,1,NULL,NULL,NULL),(68,NULL,2020,7,222456.08,333684.12,34758.75,0.27,222456.08,1,NULL,NULL,NULL),(69,NULL,2020,7,333684.12,444912.17,64790.32,0.31,333684.12,1,NULL,NULL,NULL),(70,NULL,2020,7,444912.17,9999999.00,99271.02,0.35,444912.17,1,NULL,NULL,NULL),(71,NULL,2020,8,-9999999.00,0.00,0.00,0.00,0.00,1,NULL,NULL,NULL),(72,NULL,2020,8,0.01,31779.44,0.00,0.05,0.01,1,NULL,NULL,NULL),(73,NULL,2020,8,31779.44,63558.88,1588.97,0.09,31779.44,1,NULL,NULL,NULL),(74,NULL,2020,8,63558.88,95338.32,4449.12,0.12,63558.88,1,NULL,NULL,NULL),(75,NULL,2020,8,95338.32,127117.77,8262.65,0.15,95338.32,1,NULL,NULL,NULL),(76,NULL,2020,8,127117.77,190676.64,13029.57,0.19,127117.77,1,NULL,NULL,NULL),(77,NULL,2020,8,190676.64,254235.52,25105.76,0.23,190676.64,1,NULL,NULL,NULL),(78,NULL,2020,8,254235.52,381353.28,39724.30,0.27,254235.52,1,NULL,NULL,NULL),(79,NULL,2020,8,381353.28,508471.05,74046.10,0.31,381353.28,1,NULL,NULL,NULL),(80,NULL,2020,8,508471.05,9999999.00,113452.61,0.35,508471.05,1,NULL,NULL,NULL),(81,NULL,2020,9,-9999999.00,0.00,0.00,0.00,0.00,1,NULL,NULL,NULL),(82,NULL,2020,9,0.01,35751.87,0.00,0.05,0.01,1,NULL,NULL,NULL),(83,NULL,2020,9,35751.87,71503.74,1787.59,0.09,35751.87,1,NULL,NULL,NULL),(84,NULL,2020,9,71503.74,107255.61,5005.26,0.12,71503.74,1,NULL,NULL,NULL),(85,NULL,2020,9,107255.61,143007.49,9295.48,0.15,107255.61,1,NULL,NULL,NULL),(86,NULL,2020,9,143007.49,214511.22,14658.26,0.19,143007.49,1,NULL,NULL,NULL),(87,NULL,2020,9,214511.22,286014.96,28243.97,0.23,214511.22,1,NULL,NULL,NULL),(88,NULL,2020,9,286014.96,429022.44,44689.83,0.27,286014.96,1,NULL,NULL,NULL),(89,NULL,2020,9,429022.44,572029.93,83301.85,0.31,429022.44,1,NULL,NULL,NULL),(90,NULL,2020,9,572029.93,9999999.00,127634.17,0.35,572029.93,1,NULL,NULL,NULL),(91,NULL,2020,10,-9999999.00,0.00,0.00,0.00,0.00,1,NULL,NULL,NULL),(92,NULL,2020,10,0.01,39724.30,0.00,0.05,0.01,1,NULL,NULL,NULL),(93,NULL,2020,10,39724.30,79448.60,1986.21,0.09,39724.30,1,NULL,NULL,NULL),(94,NULL,2020,10,79448.60,119172.90,5561.40,0.12,79448.60,1,NULL,NULL,NULL),(95,NULL,2020,10,119172.90,158897.21,10328.32,0.15,119172.90,1,NULL,NULL,NULL),(96,NULL,2020,10,158897.21,238345.80,16286.97,0.19,158897.21,1,NULL,NULL,NULL),(97,NULL,2020,10,238345.80,317794.40,31382.20,0.23,238345.80,1,NULL,NULL,NULL),(98,NULL,2020,10,317794.40,476691.60,49655.38,0.27,317794.40,1,NULL,NULL,NULL),(99,NULL,2020,10,476691.60,635588.81,92557.62,0.31,476691.60,1,NULL,NULL,NULL),(100,NULL,2020,10,635588.81,9999999.00,141815.76,0.35,635588.81,1,NULL,NULL,NULL),(101,NULL,2020,11,-9999999.00,0.00,0.00,0.00,0.00,1,NULL,NULL,NULL),(102,NULL,2020,11,0.01,43696.73,0.00,0.05,0.01,1,NULL,NULL,NULL),(103,NULL,2020,11,43696.73,87393.46,2184.84,0.09,43696.73,1,NULL,NULL,NULL),(104,NULL,2020,11,87393.46,131090.19,6117.55,0.12,87393.46,1,NULL,NULL,NULL),(105,NULL,2020,11,131090.19,174786.93,11361.16,0.15,131090.19,1,NULL,NULL,NULL),(106,NULL,2020,11,174786.93,262180.38,17915.67,0.19,174786.93,1,NULL,NULL,NULL),(107,NULL,2020,11,262180.38,349573.84,34520.43,0.23,262180.38,1,NULL,NULL,NULL),(108,NULL,2020,11,349573.84,524360.76,54620.93,0.27,349573.84,1,NULL,NULL,NULL);
INSERT INTO `syj_g4_art90_mensual` VALUES (109,NULL,2020,11,524360.76,699147.69,101813.40,0.31,524360.76,1,NULL,NULL,NULL),(110,NULL,2020,11,699147.69,9999999.00,155997.35,0.35,699147.69,1,NULL,NULL,NULL),(111,NULL,2020,12,-9999999.00,0.00,0.00,0.00,0.00,1,NULL,NULL,NULL),(112,NULL,2020,12,0.01,47669.16,0.00,0.05,0.01,1,NULL,NULL,NULL),(113,NULL,2020,12,47669.16,95338.32,2383.46,0.09,47669.16,1,NULL,NULL,NULL),(114,NULL,2020,12,95338.32,143007.48,6673.68,0.12,95338.32,1,NULL,NULL,NULL),(115,NULL,2020,12,143007.48,190676.65,12393.98,0.15,143007.48,1,NULL,NULL,NULL),(116,NULL,2020,12,190676.65,286014.96,19544.36,0.19,190676.65,1,NULL,NULL,NULL),(117,NULL,2020,12,286014.96,381353.28,37658.64,0.23,286014.96,1,NULL,NULL,NULL),(118,NULL,2020,12,381353.28,572029.92,59586.45,0.27,381353.28,1,NULL,NULL,NULL),(119,NULL,2020,12,572029.92,762706.57,111069.14,0.31,572029.92,1,NULL,NULL,NULL),(120,NULL,2020,12,762706.57,9999999.00,170178.90,0.35,762706.57,1,NULL,NULL,NULL),(121,NULL,2021,1,-9999999.00,0.01,0.00,0.00,0.00,1,NULL,NULL,NULL),(122,NULL,2021,1,0.01,5377.72,0.00,0.05,0.01,1,NULL,NULL,NULL),(123,NULL,2021,1,5377.72,10755.44,268.89,0.09,5377.72,1,NULL,NULL,NULL),(124,NULL,2021,1,10755.44,16133.16,752.88,0.12,10755.44,1,NULL,NULL,NULL),(125,NULL,2021,1,16133.16,21510.88,1398.21,0.15,16133.16,1,NULL,NULL,NULL),(126,NULL,2021,1,21510.88,32266.32,2204.87,0.19,21510.88,1,NULL,NULL,NULL),(127,NULL,2021,1,32266.32,43021.76,4248.40,0.23,32266.32,1,NULL,NULL,NULL),(128,NULL,2021,1,43021.76,64532.64,6722.15,0.27,43021.76,1,NULL,NULL,NULL),(129,NULL,2021,1,64532.64,86043.53,12530.09,0.31,64532.64,1,NULL,NULL,NULL),(130,NULL,2021,1,86043.53,9999999.00,19198.47,0.35,86043.53,1,NULL,NULL,NULL),(131,NULL,2021,2,-9999999.00,0.01,0.00,0.00,0.00,1,NULL,NULL,NULL),(132,NULL,2021,2,0.01,10755.44,0.00,0.05,0.01,1,NULL,NULL,NULL),(133,NULL,2021,2,10755.44,21510.88,537.77,0.09,10755.44,1,NULL,NULL,NULL),(134,NULL,2021,2,21510.88,32266.32,1505.76,0.12,21510.88,1,NULL,NULL,NULL),(135,NULL,2021,2,32266.32,43021.76,2796.41,0.15,32266.32,1,NULL,NULL,NULL),(136,NULL,2021,2,43021.76,64532.64,4409.73,0.19,43021.76,1,NULL,NULL,NULL),(137,NULL,2021,2,64532.64,86043.52,8496.80,0.23,64532.64,1,NULL,NULL,NULL),(138,NULL,2021,2,86043.52,129065.29,13444.30,0.27,86043.52,1,NULL,NULL,NULL),(139,NULL,2021,2,129065.29,172087.05,25060.18,0.31,129065.29,1,NULL,NULL,NULL),(140,NULL,2021,2,172087.05,9999999.00,38396.93,0.35,172087.05,1,NULL,NULL,NULL),(141,NULL,2021,3,-9999999.00,0.01,0.00,0.00,0.00,1,NULL,NULL,NULL),(142,NULL,2021,3,0.01,16133.16,0.00,0.05,0.01,1,NULL,NULL,NULL),(143,NULL,2021,3,16133.16,32266.32,806.66,0.09,16133.16,1,NULL,NULL,NULL),(144,NULL,2021,3,32266.32,48399.48,2258.64,0.12,32266.32,1,NULL,NULL,NULL),(145,NULL,2021,3,48399.48,64532.65,4194.62,0.15,48399.48,1,NULL,NULL,NULL),(146,NULL,2021,3,64532.65,94798.97,6614.60,0.19,64532.65,1,NULL,NULL,NULL),(147,NULL,2021,3,94798.97,129065.29,12745.20,0.23,94798.97,1,NULL,NULL,NULL),(148,NULL,2021,3,129065.29,193597.93,20166.45,0.27,129065.29,1,NULL,NULL,NULL),(149,NULL,2021,3,193597.93,258130.58,37590.26,0.31,193597.93,1,NULL,NULL,NULL),(150,NULL,2021,3,258130.58,9999999.00,57595.38,0.35,258130.58,1,NULL,NULL,NULL),(151,NULL,2021,4,-9999999.00,0.01,0.00,0.00,0.00,1,NULL,NULL,NULL),(152,NULL,2021,4,0.01,21510.88,0.00,0.05,0.01,1,NULL,NULL,NULL),(153,NULL,2021,4,21510.88,43021.76,1075.54,0.09,21510.88,1,NULL,NULL,NULL),(154,NULL,2021,4,43021.76,64532.64,3011.52,0.12,43021.76,1,NULL,NULL,NULL),(155,NULL,2021,4,64532.64,86043.53,5592.83,0.15,64532.64,1,NULL,NULL,NULL),(156,NULL,2021,4,86043.53,129065.29,8819.46,0.19,86043.53,1,NULL,NULL,NULL),(157,NULL,2021,4,129065.29,172087.05,16993.59,0.23,129065.29,1,NULL,NULL,NULL),(158,NULL,2021,4,172087.05,258130.57,26888.59,0.27,172087.05,1,NULL,NULL,NULL),(159,NULL,2021,4,258130.57,344174.10,50120.34,0.31,258130.57,1,NULL,NULL,NULL),(160,NULL,2021,4,344174.10,9999999.00,76793.83,0.35,344174.10,1,NULL,NULL,NULL),(161,NULL,2021,5,-9999999.00,0.00,0.00,0.00,0.00,1,NULL,NULL,NULL);
INSERT INTO `syj_g4_art90_mensual` VALUES (162,NULL,2021,5,0.01,26888.60,0.00,0.05,0.01,1,NULL,NULL,NULL),(163,NULL,2021,5,26888.60,53777.20,1344.43,0.09,26888.60,1,NULL,NULL,NULL),(164,NULL,2021,5,53777.20,80665.80,3764.40,0.12,53777.20,1,NULL,NULL,NULL),(165,NULL,2021,5,80665.80,107554.41,6991.03,0.15,80665.80,1,NULL,NULL,NULL),(166,NULL,2021,5,107554.41,161331.61,11024.32,0.19,107554.41,1,NULL,NULL,NULL),(167,NULL,2021,5,161331.61,215108.81,21241.99,0.23,161331.61,1,NULL,NULL,NULL),(168,NULL,2021,5,215108.81,322663.21,33610.75,0.27,215108.81,1,NULL,NULL,NULL),(169,NULL,2021,5,322663.21,430217.63,62650.44,0.31,322663.21,1,NULL,NULL,NULL),(170,NULL,2021,5,430217.63,9999999.00,95992.31,0.35,430217.63,1,NULL,NULL,NULL),(171,NULL,2021,6,-9999999.00,0.00,0.00,0.00,0.00,1,NULL,NULL,NULL),(172,NULL,2021,6,0.01,32266.32,0.00,0.05,0.01,1,NULL,NULL,NULL),(173,NULL,2021,6,32266.32,64532.65,1613.32,0.09,32266.32,1,NULL,NULL,NULL),(174,NULL,2021,6,64532.65,96798.97,4517.29,0.12,64532.65,1,NULL,NULL,NULL),(175,NULL,2021,6,96798.97,129065.29,8389.25,0.15,96798.97,1,NULL,NULL,NULL),(176,NULL,2021,6,129065.29,193597.93,13229.20,0.19,129065.29,1,NULL,NULL,NULL),(177,NULL,2021,6,193597.93,258130.57,25490.40,0.23,193597.93,1,NULL,NULL,NULL),(178,NULL,2021,6,258130.57,387195.86,40332.91,0.27,258130.57,1,NULL,NULL,NULL),(179,NULL,2021,6,387195.86,516261.15,75180.54,0.31,387195.86,1,NULL,NULL,NULL),(180,NULL,2021,6,516261.15,9999999.00,115190.78,0.35,516261.15,1,NULL,NULL,NULL),(181,NULL,2021,7,-9999999.00,0.00,0.00,0.00,0.00,1,NULL,NULL,NULL),(182,NULL,2021,7,0.01,37644.04,0.00,0.05,0.01,1,NULL,NULL,NULL),(183,NULL,2021,7,37644.04,75288.09,1882.20,0.09,37644.04,1,NULL,NULL,NULL),(184,NULL,2021,7,75288.09,112932.13,5270.16,0.12,75288.09,1,NULL,NULL,NULL),(185,NULL,2021,7,112932.13,150576.17,9787.44,0.15,112932.13,1,NULL,NULL,NULL),(186,NULL,2021,7,150576.17,225864.25,15434.05,0.19,150576.17,1,NULL,NULL,NULL),(187,NULL,2021,7,225864.25,301152.33,29738.79,0.23,225864.25,1,NULL,NULL,NULL),(188,NULL,2021,7,301152.33,451728.50,47055.05,0.27,301152.33,1,NULL,NULL,NULL),(189,NULL,2021,7,451728.50,602304.68,87710.62,0.31,451728.50,1,NULL,NULL,NULL),(190,NULL,2021,7,602304.68,9999999.00,134389.24,0.35,602304.68,1,NULL,NULL,NULL),(191,NULL,2021,8,-9999999.00,0.00,0.00,0.00,0.00,1,NULL,NULL,NULL),(192,NULL,2021,8,0.01,43021.76,0.00,0.05,0.01,1,NULL,NULL,NULL),(193,NULL,2021,8,43021.76,86043.53,2151.09,0.09,43021.76,1,NULL,NULL,NULL),(194,NULL,2021,8,86043.53,129065.29,6023.05,0.12,86043.53,1,NULL,NULL,NULL),(195,NULL,2021,8,129065.29,172087.05,11185.66,0.15,129065.29,1,NULL,NULL,NULL),(196,NULL,2021,8,172087.05,258130.57,17638.92,0.19,172087.05,1,NULL,NULL,NULL),(197,NULL,2021,8,258130.57,344174.09,33987.19,0.23,258130.57,1,NULL,NULL,NULL),(198,NULL,2021,8,344174.09,516261.14,53777.20,0.27,344174.09,1,NULL,NULL,NULL),(199,NULL,2021,8,516261.14,688348.20,100240.70,0.31,516261.14,1,NULL,NULL,NULL),(200,NULL,2021,8,688348.20,9999999.00,153587.69,0.35,688348.20,1,NULL,NULL,NULL),(201,NULL,2021,9,-9999999.00,0.00,0.00,0.00,0.00,1,NULL,NULL,NULL),(202,NULL,2021,9,0.01,48399.48,0.00,0.05,0.01,1,NULL,NULL,NULL),(203,NULL,2021,9,48399.48,96798.97,2419.97,0.09,48399.48,1,NULL,NULL,NULL),(204,NULL,2021,9,96798.97,145198.45,6775.92,0.12,96798.97,1,NULL,NULL,NULL),(205,NULL,2021,9,145198.45,193597.94,12583.86,0.15,145198.45,1,NULL,NULL,NULL),(206,NULL,2021,9,193597.94,290396.90,19843.78,0.19,193597.94,1,NULL,NULL,NULL),(207,NULL,2021,9,290396.90,387195.86,38235.58,0.23,290396.90,1,NULL,NULL,NULL),(208,NULL,2021,9,387195.86,580793.78,60499.34,0.27,387195.86,1,NULL,NULL,NULL),(209,NULL,2021,9,580793.78,774391.73,112770.78,0.31,580793.78,1,NULL,NULL,NULL),(210,NULL,2021,9,774391.73,9999999.00,172786.14,0.35,774391.73,1,NULL,NULL,NULL),(211,NULL,2021,10,-9999999.00,0.00,0.00,0.00,0.00,1,NULL,NULL,NULL),(212,NULL,2021,10,0.01,53777.20,0.00,0.05,0.01,1,NULL,NULL,NULL),(213,NULL,2021,10,53777.20,107554.41,2688.86,0.09,53777.20,1,NULL,NULL,NULL);
INSERT INTO `syj_g4_art90_mensual` VALUES (214,NULL,2021,10,107554.41,161331.61,7528.81,0.12,107554.41,1,NULL,NULL,NULL),(215,NULL,2021,10,161331.61,215108.82,13982.07,0.15,161331.61,1,NULL,NULL,NULL),(216,NULL,2021,10,215108.82,322663.22,22048.65,0.19,215108.82,1,NULL,NULL,NULL),(217,NULL,2021,10,322663.22,430217.62,42483.99,0.23,322663.22,1,NULL,NULL,NULL),(218,NULL,2021,10,430217.62,645326.43,67221.50,0.27,430217.62,1,NULL,NULL,NULL),(219,NULL,2021,10,645326.43,860435.25,125300.88,0.31,645326.43,1,NULL,NULL,NULL),(220,NULL,2021,10,860435.25,9999999.00,191984.61,0.35,860435.25,1,NULL,NULL,NULL),(221,NULL,2021,11,-9999999.00,0.00,0.00,0.00,0.00,1,NULL,NULL,NULL),(222,NULL,2021,11,0.01,59154.92,0.00,0.05,0.01,1,NULL,NULL,NULL),(223,NULL,2021,11,59154.92,118309.85,2957.75,0.09,59154.92,1,NULL,NULL,NULL),(224,NULL,2021,11,118309.85,177464.77,8281.69,0.12,118309.85,1,NULL,NULL,NULL),(225,NULL,2021,11,177464.77,236619.70,15380.28,0.15,177464.77,1,NULL,NULL,NULL),(226,NULL,2021,11,236619.70,354929.54,24253.52,0.19,236619.70,1,NULL,NULL,NULL),(227,NULL,2021,11,354929.54,473239.38,46732.39,0.23,354929.54,1,NULL,NULL,NULL),(228,NULL,2021,11,473239.38,709859.07,73943.65,0.27,473239.38,1,NULL,NULL,NULL),(229,NULL,2021,11,709859.07,946478.78,137830.97,0.31,709859.07,1,NULL,NULL,NULL),(230,NULL,2021,11,946478.78,9999999.00,211183.08,0.35,946478.78,1,NULL,NULL,NULL),(231,NULL,2021,12,-9999999.00,0.00,0.00,0.00,0.00,1,NULL,NULL,NULL),(232,NULL,2021,12,0.01,64532.64,0.00,0.05,0.01,1,NULL,NULL,NULL),(233,NULL,2021,12,64532.64,129065.29,3226.63,0.09,64532.64,1,NULL,NULL,NULL),(234,NULL,2021,12,129065.29,193597.93,9034.57,0.12,129065.29,1,NULL,NULL,NULL),(235,NULL,2021,12,193597.93,258130.58,16778.49,0.15,193597.93,1,NULL,NULL,NULL),(236,NULL,2021,12,258130.58,387195.86,26458.39,0.19,258130.58,1,NULL,NULL,NULL),(237,NULL,2021,12,387195.86,516261.14,50980.79,0.23,387195.86,1,NULL,NULL,NULL),(238,NULL,2021,12,516261.14,774391.71,80665.80,0.27,516261.14,1,NULL,NULL,NULL),(239,NULL,2021,12,774391.71,1032522.30,150361.06,0.31,774391.71,1,NULL,NULL,NULL),(240,NULL,2021,12,1032522.30,9999999.00,230381.54,0.35,1032522.30,1,NULL,NULL,NULL),(241,NULL,2022,1,-9999999.00,0.01,0.00,0.00,0.00,1,NULL,NULL,NULL),(242,NULL,2022,1,0.01,8100.17,0.00,0.05,0.01,1,NULL,NULL,NULL),(243,NULL,2022,1,8100.17,16200.33,268.89,0.09,8100.17,1,NULL,NULL,NULL),(244,NULL,2022,1,16200.33,24300.50,1134.02,0.12,16200.33,1,NULL,NULL,NULL),(245,NULL,2022,1,24300.50,32400.67,2106.04,0.15,24300.50,1,NULL,NULL,NULL),(246,NULL,2022,1,32400.67,48601.00,3321.07,0.19,32400.67,1,NULL,NULL,NULL),(247,NULL,2022,1,48601.00,64801.34,6399.13,0.23,48601.00,1,NULL,NULL,NULL),(248,NULL,2022,1,64801.34,97202.00,10125.21,0.27,64801.34,1,NULL,NULL,NULL),(249,NULL,2022,1,97202.00,129602.67,18873.39,0.31,97202.00,1,NULL,NULL,NULL),(250,NULL,2022,1,129602.67,9999999.00,28917.60,0.35,129602.67,1,NULL,NULL,NULL),(251,NULL,2022,2,-9999999.00,0.01,0.00,0.00,0.00,1,NULL,NULL,NULL),(252,NULL,2022,2,0.01,16200.33,0.00,0.05,0.01,1,NULL,NULL,NULL),(253,NULL,2022,2,16200.33,32400.66,810.01,0.09,16200.33,1,NULL,NULL,NULL),(254,NULL,2022,2,32400.66,48601.00,2268.04,0.12,32400.66,1,NULL,NULL,NULL),(255,NULL,2022,2,48601.00,64801.33,4212.08,0.15,48601.00,1,NULL,NULL,NULL),(256,NULL,2022,2,64801.33,97202.00,6642.13,0.19,64801.33,1,NULL,NULL,NULL),(257,NULL,2022,2,97202.00,129602.67,12798.26,0.23,97202.00,1,NULL,NULL,NULL),(258,NULL,2022,2,129602.67,194404.00,20250.41,0.27,129602.67,1,NULL,NULL,NULL),(259,NULL,2022,2,194404.00,259205.34,37746.77,0.31,194404.00,1,NULL,NULL,NULL),(260,NULL,2022,2,259205.34,9999999.00,57835.19,0.35,259205.34,1,NULL,NULL,NULL),(261,NULL,2022,3,-9999999.00,0.01,0.00,0.00,0.00,1,NULL,NULL,NULL),(262,NULL,2022,3,0.01,24300.49,0.00,0.05,0.01,1,NULL,NULL,NULL),(263,NULL,2022,3,24300.49,48601.00,1215.02,0.09,24300.49,1,NULL,NULL,NULL),(264,NULL,2022,3,48601.00,72901.50,3402.07,0.12,48601.00,1,NULL,NULL,NULL),(265,NULL,2022,3,72901.50,97202.00,6318.13,0.15,72901.50,1,NULL,NULL,NULL);
INSERT INTO `syj_g4_art90_mensual` VALUES (266,NULL,2022,3,97202.00,145803.00,9963.20,0.19,97202.00,1,NULL,NULL,NULL),(267,NULL,2022,3,145803.00,194404.00,19197.39,0.23,145803.00,1,NULL,NULL,NULL),(268,NULL,2022,3,194404.00,291606.00,30375.62,0.27,194404.00,1,NULL,NULL,NULL),(269,NULL,2022,3,291606.00,388808.01,56620.16,0.31,291606.00,1,NULL,NULL,NULL),(270,NULL,2022,3,388808.01,9999999.00,86752.78,0.35,388808.01,1,NULL,NULL,NULL),(271,NULL,2022,4,-9999999.00,0.01,0.00,0.00,0.00,1,NULL,NULL,NULL),(272,NULL,2022,4,0.01,32400.66,0.00,0.05,0.01,1,NULL,NULL,NULL),(273,NULL,2022,4,32400.66,64801.33,1620.03,0.09,32400.66,1,NULL,NULL,NULL),(274,NULL,2022,4,64801.33,97202.00,4536.09,0.12,64801.33,1,NULL,NULL,NULL),(275,NULL,2022,4,97202.00,129602.67,8424.17,0.15,97202.00,1,NULL,NULL,NULL),(276,NULL,2022,4,129602.67,194404.00,13284.27,0.19,129602.67,1,NULL,NULL,NULL),(277,NULL,2022,4,194404.00,259205.34,25596.53,0.23,194404.00,1,NULL,NULL,NULL),(278,NULL,2022,4,259205.34,388808.01,40500.83,0.27,259205.34,1,NULL,NULL,NULL),(279,NULL,2022,4,388808.01,518410.69,75493.55,0.31,388808.01,1,NULL,NULL,NULL),(280,NULL,2022,4,518410.69,9999999.00,115670.38,0.35,518410.69,1,NULL,NULL,NULL),(281,NULL,2022,5,-9999999.00,0.01,0.00,0.00,0.00,1,NULL,NULL,NULL),(282,NULL,2022,5,0.01,40500.83,0.00,0.05,0.01,1,NULL,NULL,NULL),(283,NULL,2022,5,40500.83,81001.67,2025.04,0.09,40500.82,1,NULL,NULL,NULL),(284,NULL,2022,5,81001.67,121502.50,5670.12,0.12,81001.67,1,NULL,NULL,NULL),(285,NULL,2022,5,121502.50,162003.34,10530.21,0.15,121502.50,1,NULL,NULL,NULL),(286,NULL,2022,5,162003.34,243005.00,16605.34,0.19,162003.34,1,NULL,NULL,NULL),(287,NULL,2022,5,243005.00,324006.67,31995.66,0.23,243005.00,1,NULL,NULL,NULL),(288,NULL,2022,5,324006.67,486010.01,50626.03,0.27,324006.67,1,NULL,NULL,NULL),(289,NULL,2022,5,486010.01,648013.36,94366.94,0.31,486010.01,1,NULL,NULL,NULL),(290,NULL,2022,5,648013.36,9999999.00,144587.97,0.35,648013.36,1,NULL,NULL,NULL),(291,NULL,2022,6,-9999999.00,0.01,0.00,0.00,0.00,1,NULL,NULL,NULL),(292,NULL,2022,6,0.01,48600.99,0.00,0.05,0.01,1,NULL,NULL,NULL),(293,NULL,2022,6,48600.99,97202.00,2430.05,0.09,48600.99,1,NULL,NULL,NULL),(294,NULL,2022,6,97202.00,145803.00,6804.14,0.12,97202.00,1,NULL,NULL,NULL),(295,NULL,2022,6,145803.00,194404.01,12636.26,0.15,145803.00,1,NULL,NULL,NULL),(296,NULL,2022,6,194404.01,291606.01,19926.41,0.19,194404.01,1,NULL,NULL,NULL),(297,NULL,2022,6,291606.01,388808.01,38394.79,0.23,291606.01,1,NULL,NULL,NULL),(298,NULL,2022,6,388808.01,583212.01,60751.24,0.27,388808.01,1,NULL,NULL,NULL),(299,NULL,2022,6,583212.01,777616.03,113240.33,0.31,583212.01,1,NULL,NULL,NULL),(300,NULL,2022,6,777616.03,9999999.00,173505.57,0.35,777616.03,1,NULL,NULL,NULL),(301,NULL,2022,7,-9999999.00,0.01,0.00,0.00,0.00,1,NULL,NULL,NULL),(302,NULL,2022,7,0.01,56701.16,0.00,0.05,0.01,1,NULL,NULL,NULL),(303,NULL,2022,7,56701.16,113402.33,2835.05,0.09,56701.16,1,NULL,NULL,NULL),(304,NULL,2022,7,113402.33,170103.50,7938.16,0.12,113402.33,1,NULL,NULL,NULL),(305,NULL,2022,7,170103.50,226804.67,14742.30,0.15,170103.50,1,NULL,NULL,NULL),(306,NULL,2022,7,226804.67,340207.01,23247.47,0.19,226804.67,1,NULL,NULL,NULL),(307,NULL,2022,7,340207.01,453609.34,44793.92,0.23,340207.01,1,NULL,NULL,NULL),(308,NULL,2022,7,453609.34,680414.01,70876.45,0.27,453609.34,1,NULL,NULL,NULL),(309,NULL,2022,7,680414.01,907218.70,132113.72,0.31,680414.01,1,NULL,NULL,NULL),(310,NULL,2022,7,907218.70,9999999.00,202423.17,0.35,907218.70,1,NULL,NULL,NULL),(311,NULL,2022,8,-9999999.00,0.01,0.00,0.00,0.00,1,NULL,NULL,NULL),(312,NULL,2022,8,0.01,64801.32,0.00,0.05,0.01,1,NULL,NULL,NULL),(313,NULL,2022,8,64801.32,129602.67,3240.06,0.09,64801.32,1,NULL,NULL,NULL),(314,NULL,2022,8,129602.67,194404.00,9072.19,0.12,129602.67,1,NULL,NULL,NULL),(315,NULL,2022,8,194404.00,259205.34,16848.34,0.15,194404.00,1,NULL,NULL,NULL),(316,NULL,2022,8,259205.34,388808.01,26568.54,0.19,259205.34,1,NULL,NULL,NULL),(317,NULL,2022,8,388808.01,518410.68,51193.06,0.23,388808.01,1,NULL,NULL,NULL);
INSERT INTO `syj_g4_art90_mensual` VALUES (318,NULL,2022,8,518410.68,777616.02,81001.66,0.27,518410.68,1,NULL,NULL,NULL),(319,NULL,2022,8,777616.02,1036821.38,150987.11,0.31,777616.02,1,NULL,NULL,NULL),(320,NULL,2022,8,1036821.38,9999999.00,231340.76,0.35,1036821.38,1,NULL,NULL,NULL),(321,NULL,2022,9,-9999999.00,0.01,0.00,0.00,0.00,1,NULL,NULL,NULL),(322,NULL,2022,9,0.01,72901.49,0.00,0.05,0.01,1,NULL,NULL,NULL),(323,NULL,2022,9,72901.49,145803.00,3645.07,0.09,72901.49,1,NULL,NULL,NULL),(324,NULL,2022,9,145803.00,218704.50,10206.21,0.12,145803.00,1,NULL,NULL,NULL),(325,NULL,2022,9,218704.50,291606.01,18954.39,0.15,218704.50,1,NULL,NULL,NULL),(326,NULL,2022,9,291606.01,437409.01,29889.61,0.19,291606.01,1,NULL,NULL,NULL),(327,NULL,2022,9,437409.01,583212.01,57592.19,0.23,437409.01,1,NULL,NULL,NULL),(328,NULL,2022,9,583212.01,874818.02,91126.86,0.27,583212.01,1,NULL,NULL,NULL),(329,NULL,2022,9,874818.02,1166424.05,169860.50,0.31,874818.02,1,NULL,NULL,NULL),(330,NULL,2022,9,1166424.05,9999999.00,260258.36,0.35,1166424.05,1,NULL,NULL,NULL),(331,NULL,2022,10,-9999999.00,0.01,0.00,0.00,0.00,1,NULL,NULL,NULL),(332,NULL,2022,10,0.01,81001.65,0.00,0.05,0.01,1,NULL,NULL,NULL),(333,NULL,2022,10,81001.65,162003.34,4050.08,0.09,81001.65,1,NULL,NULL,NULL),(334,NULL,2022,10,162003.34,243005.00,11340.24,0.12,162003.34,1,NULL,NULL,NULL),(335,NULL,2022,10,243005.00,324006.68,21060.43,0.15,243005.00,1,NULL,NULL,NULL),(336,NULL,2022,10,324006.68,486010.01,33210.68,0.19,324006.68,1,NULL,NULL,NULL),(337,NULL,2022,10,486010.01,648013.35,63991.32,0.23,486010.01,1,NULL,NULL,NULL),(338,NULL,2022,10,648013.35,972020.02,101252.07,0.27,648013.35,1,NULL,NULL,NULL),(339,NULL,2022,10,972020.02,1296026.72,188733.89,0.31,972020.02,1,NULL,NULL,NULL),(340,NULL,2022,10,1296026.72,9999999.00,289175.95,0.35,1296026.72,1,NULL,NULL,NULL),(341,NULL,2022,11,-9999999.00,0.01,0.00,0.00,0.00,1,NULL,NULL,NULL),(342,NULL,2022,11,0.01,89101.82,0.00,0.05,0.01,1,NULL,NULL,NULL),(343,NULL,2022,11,89101.82,178203.67,4455.09,0.09,89101.82,1,NULL,NULL,NULL),(344,NULL,2022,11,178203.67,267305.50,12474.26,0.12,178203.67,1,NULL,NULL,NULL),(345,NULL,2022,11,267305.50,356407.35,23166.47,0.15,267305.50,1,NULL,NULL,NULL),(346,NULL,2022,11,356407.35,534611.01,36531.75,0.19,356407.35,1,NULL,NULL,NULL),(347,NULL,2022,11,534611.01,712814.68,70390.45,0.23,534611.01,1,NULL,NULL,NULL),(348,NULL,2022,11,712814.68,1069222.02,111377.28,0.27,712814.68,1,NULL,NULL,NULL),(349,NULL,2022,11,1069222.02,1425629.39,207607.28,0.31,1069222.02,1,NULL,NULL,NULL),(350,NULL,2022,11,1425629.39,9999999.00,318093.55,0.35,1425629.39,1,NULL,NULL,NULL),(351,NULL,2022,12,-9999999.00,0.01,0.00,0.00,0.00,1,NULL,NULL,NULL),(352,NULL,2022,12,0.01,97201.99,0.00,0.05,0.01,1,NULL,NULL,NULL),(353,NULL,2022,12,97201.99,194404.01,4860.10,0.09,97201.99,1,NULL,NULL,NULL),(354,NULL,2022,12,194404.01,291606.01,13608.29,0.12,194404.01,1,NULL,NULL,NULL),(355,NULL,2022,12,291606.01,388808.02,25272.52,0.15,291606.01,1,NULL,NULL,NULL),(356,NULL,2022,12,388808.02,583212.02,39852.82,0.19,388808.02,1,NULL,NULL,NULL),(357,NULL,2022,12,583212.02,777616.02,76789.59,0.23,583212.02,1,NULL,NULL,NULL),(358,NULL,2022,12,777616.02,1166424.03,121502.49,0.27,777616.02,1,NULL,NULL,NULL),(359,NULL,2022,12,1166424.03,1555232.07,226480.67,0.31,1166424.03,1,NULL,NULL,NULL),(360,NULL,2022,12,1555232.07,9999999.00,347011.15,0.35,1555232.07,1,NULL,NULL,NULL),(361,NULL,2023,1,-9999999.00,0.01,0.00,0.00,0.00,1,NULL,NULL,NULL),(362,NULL,2023,1,0.01,14486.22,0.00,0.05,0.01,1,NULL,NULL,NULL),(363,NULL,2023,1,14486.22,28972.44,724.31,0.09,14486.22,1,NULL,NULL,NULL),(364,NULL,2023,1,28972.44,43458.65,2028.07,0.12,28972.44,1,NULL,NULL,NULL),(365,NULL,2023,1,43458.65,57944.87,3766.42,0.15,43458.65,1,NULL,NULL,NULL),(366,NULL,2023,1,57944.87,86917.31,5939.35,0.19,57944.87,1,NULL,NULL,NULL),(367,NULL,2023,1,86917.31,115889.74,11444.11,0.23,86917.31,1,NULL,NULL,NULL),(368,NULL,2023,1,115889.74,173834.61,18107.77,0.27,115889.74,1,NULL,NULL,NULL);
INSERT INTO `syj_g4_art90_mensual` VALUES (369,NULL,2023,1,173834.61,231779.49,33752.89,0.31,173834.61,1,NULL,NULL,NULL),(370,NULL,2023,1,231779.49,9999999.00,51715.80,0.35,231779.49,1,NULL,NULL,NULL),(371,NULL,2023,2,-9999999.00,0.01,0.00,0.00,0.00,1,NULL,NULL,NULL),(372,NULL,2023,2,0.01,28972.44,0.00,0.05,0.01,1,NULL,NULL,NULL),(373,NULL,2023,2,28972.44,57944.87,1448.62,0.09,28972.44,1,NULL,NULL,NULL),(374,NULL,2023,2,57944.87,86917.31,4056.14,0.12,57944.87,1,NULL,NULL,NULL),(375,NULL,2023,2,86917.31,115889.75,7532.83,0.15,86917.31,1,NULL,NULL,NULL),(376,NULL,2023,2,115889.75,173834.61,11878.70,0.19,115889.75,1,NULL,NULL,NULL),(377,NULL,2023,2,173834.61,231779.48,22888.22,0.23,173834.61,1,NULL,NULL,NULL),(378,NULL,2023,2,231779.48,347669.23,36215.54,0.27,231779.48,1,NULL,NULL,NULL),(379,NULL,2023,2,347669.23,463558.98,67505.77,0.31,347669.23,1,NULL,NULL,NULL),(380,NULL,2023,2,463558.98,9999999.00,103431.60,0.35,463558.98,1,NULL,NULL,NULL),(381,NULL,2023,3,-9999999.00,0.01,0.00,0.00,0.00,1,NULL,NULL,NULL),(382,NULL,2023,3,0.01,43458.65,0.00,0.05,0.01,1,NULL,NULL,NULL),(383,NULL,2023,3,43458.65,86917.31,2172.93,0.09,43458.65,1,NULL,NULL,NULL),(384,NULL,2023,3,86917.31,130375.96,6084.21,0.12,86917.31,1,NULL,NULL,NULL),(385,NULL,2023,3,130375.96,173834.62,11299.25,0.15,130375.96,1,NULL,NULL,NULL),(386,NULL,2023,3,173834.62,260751.92,17818.05,0.19,173834.62,1,NULL,NULL,NULL),(387,NULL,2023,3,260751.92,347669.23,34332.34,0.23,260751.92,1,NULL,NULL,NULL),(388,NULL,2023,3,347669.23,521503.84,54323.32,0.27,347669.23,1,NULL,NULL,NULL),(389,NULL,2023,3,521503.84,695338.46,101258.66,0.31,521503.84,1,NULL,NULL,NULL),(390,NULL,2023,3,695338.46,9999999.00,155147.40,0.35,695338.46,1,NULL,NULL,NULL),(391,NULL,2023,4,-9999999.00,0.01,0.00,0.00,0.00,1,NULL,NULL,NULL),(392,NULL,2023,4,0.01,57944.87,0.00,0.05,0.01,1,NULL,NULL,NULL),(393,NULL,2023,4,57944.87,115889.74,2897.24,0.09,57944.87,1,NULL,NULL,NULL),(394,NULL,2023,4,115889.74,173834.61,8112.28,0.12,115889.74,1,NULL,NULL,NULL),(395,NULL,2023,4,173834.61,231779.49,15065.67,0.15,173834.61,1,NULL,NULL,NULL),(396,NULL,2023,4,231779.49,347669.23,23757.40,0.19,231779.49,1,NULL,NULL,NULL),(397,NULL,2023,4,347669.23,463558.97,45776.45,0.23,347669.23,1,NULL,NULL,NULL),(398,NULL,2023,4,463558.97,695338.45,72431.09,0.27,463558.97,1,NULL,NULL,NULL),(399,NULL,2023,4,695338.45,927117.95,135011.55,0.31,695338.45,1,NULL,NULL,NULL),(400,NULL,2023,4,927117.95,9999999.00,206863.19,0.35,927117.95,1,NULL,NULL,NULL),(401,NULL,2023,5,-9999999.00,0.01,0.00,0.00,0.00,1,NULL,NULL,NULL),(402,NULL,2023,5,0.01,72431.09,0.00,0.05,0.01,1,NULL,NULL,NULL),(403,NULL,2023,5,72431.09,144862.18,3621.55,0.09,72431.09,1,NULL,NULL,NULL),(404,NULL,2023,5,144862.18,217293.27,10140.35,0.12,144862.18,1,NULL,NULL,NULL),(405,NULL,2023,5,217293.27,289724.36,18832.08,0.15,217293.27,1,NULL,NULL,NULL),(406,NULL,2023,5,289724.36,434586.53,29696.75,0.19,289724.36,1,NULL,NULL,NULL),(407,NULL,2023,5,434586.53,579448.71,57220.56,0.23,434586.53,1,NULL,NULL,NULL),(408,NULL,2023,5,579448.71,869173.06,90538.86,0.27,579448.71,1,NULL,NULL,NULL),(409,NULL,2023,5,869173.06,1158897.44,168764.43,0.31,869173.06,1,NULL,NULL,NULL),(410,NULL,2023,5,1158897.44,9999999.00,258578.99,0.35,1158897.44,1,NULL,NULL,NULL),(411,NULL,2023,6,-9999999.00,0.01,0.00,0.00,0.00,1,NULL,NULL,NULL),(412,NULL,2023,6,0.01,86917.31,0.00,0.05,0.01,1,NULL,NULL,NULL),(413,NULL,2023,6,86917.31,173834.62,4345.87,0.09,86917.31,1,NULL,NULL,NULL),(414,NULL,2023,6,173834.62,260751.92,12168.43,0.12,173834.62,1,NULL,NULL,NULL),(415,NULL,2023,6,260751.92,347669.24,22598.50,0.15,260751.92,1,NULL,NULL,NULL),(416,NULL,2023,6,347669.24,521503.84,35636.10,0.19,347669.24,1,NULL,NULL,NULL),(417,NULL,2023,6,521503.84,695338.45,68664.67,0.23,521503.84,1,NULL,NULL,NULL),(418,NULL,2023,6,695338.45,1043007.68,108646.63,0.27,695338.45,1,NULL,NULL,NULL),(419,NULL,2023,6,1043007.68,1390676.93,202517.32,0.31,1043007.68,1,NULL,NULL,NULL),(420,NULL,2023,6,1390676.93,9999999.00,310294.79,0.35,1390676.93,1,NULL,NULL,NULL);
INSERT INTO `syj_g4_art90_mensual` VALUES (421,NULL,2023,7,-9999999.00,0.01,0.00,0.00,0.00,1,NULL,NULL,NULL),(422,NULL,2023,7,0.01,101403.52,0.00,0.05,0.01,1,NULL,NULL,NULL),(423,NULL,2023,7,101403.52,202807.05,5070.18,0.09,101403.52,1,NULL,NULL,NULL),(424,NULL,2023,7,202807.05,304210.57,14196.50,0.12,202807.05,1,NULL,NULL,NULL),(425,NULL,2023,7,304210.57,405614.11,26364.92,0.15,304210.57,1,NULL,NULL,NULL),(426,NULL,2023,7,405614.11,608421.15,41575.44,0.19,405614.11,1,NULL,NULL,NULL),(427,NULL,2023,7,608421.15,811228.19,80108.78,0.23,608421.15,1,NULL,NULL,NULL),(428,NULL,2023,7,811228.19,1216842.29,126754.40,0.27,811228.19,1,NULL,NULL,NULL),(429,NULL,2023,7,1216842.29,1622456.41,236270.21,0.31,1216842.29,1,NULL,NULL,NULL),(430,NULL,2023,7,1622456.41,9999999.00,362010.59,0.35,1622456.41,1,NULL,NULL,NULL),(431,NULL,2023,8,-9999999.00,0.01,0.00,0.00,0.00,1,NULL,NULL,NULL),(432,NULL,2023,8,0.01,115889.74,0.00,0.05,0.01,1,NULL,NULL,NULL),(433,NULL,2023,8,115889.74,231779.49,5794.49,0.09,115889.74,1,NULL,NULL,NULL),(434,NULL,2023,8,231779.49,347669.23,16224.57,0.12,231779.49,1,NULL,NULL,NULL),(435,NULL,2023,8,347669.23,463558.98,30131.33,0.15,347669.23,1,NULL,NULL,NULL),(436,NULL,2023,8,463558.98,695338.45,47514.79,0.19,463558.98,1,NULL,NULL,NULL),(437,NULL,2023,8,695338.45,927117.93,91552.89,0.23,695338.45,1,NULL,NULL,NULL),(438,NULL,2023,8,927117.93,1390676.90,144862.17,0.27,927117.93,1,NULL,NULL,NULL),(439,NULL,2023,8,1390676.90,1854235.90,270023.09,0.31,1390676.90,1,NULL,NULL,NULL),(440,NULL,2023,8,1854235.90,9999999.00,413726.39,0.35,1854235.90,1,NULL,NULL,NULL),(441,NULL,2023,9,-9999999.00,0.01,0.00,0.00,0.00,1,NULL,NULL,NULL),(442,NULL,2023,9,0.01,130375.96,0.00,0.05,0.01,1,NULL,NULL,NULL),(443,NULL,2023,9,130375.96,260751.92,6518.80,0.09,130375.96,1,NULL,NULL,NULL),(444,NULL,2023,9,260751.92,391127.88,18252.64,0.12,260751.92,1,NULL,NULL,NULL),(445,NULL,2023,9,391127.88,521503.85,33897.75,0.15,391127.88,1,NULL,NULL,NULL),(446,NULL,2023,9,521503.85,782255.76,53454.14,0.19,521503.85,1,NULL,NULL,NULL),(447,NULL,2023,9,782255.76,1043007.68,102997.01,0.23,782255.76,1,NULL,NULL,NULL),(448,NULL,2023,9,1043007.68,1564511.51,162969.95,0.27,1043007.68,1,NULL,NULL,NULL),(449,NULL,2023,9,1564511.51,2086015.39,303775.98,0.31,1564511.51,1,NULL,NULL,NULL),(450,NULL,2023,9,2086015.39,9999999.00,465442.19,0.35,2086015.39,1,NULL,NULL,NULL),(451,NULL,2023,10,-9999999.00,0.01,0.00,0.00,0.00,1,NULL,NULL,NULL),(452,NULL,2023,10,0.01,144862.18,0.00,0.05,0.01,1,NULL,NULL,NULL),(453,NULL,2023,10,144862.18,289724.36,7243.11,0.09,144862.18,1,NULL,NULL,NULL),(454,NULL,2023,10,289724.36,434586.53,20280.71,0.12,289724.36,1,NULL,NULL,NULL),(455,NULL,2023,10,434586.53,579448.73,37664.17,0.15,434586.53,1,NULL,NULL,NULL),(456,NULL,2023,10,579448.73,869173.07,59393.49,0.19,579448.73,1,NULL,NULL,NULL),(457,NULL,2023,10,869173.07,1158897.42,114441.12,0.23,869173.07,1,NULL,NULL,NULL),(458,NULL,2023,10,1158897.42,1738346.13,181077.72,0.27,1158897.42,1,NULL,NULL,NULL),(459,NULL,2023,10,1738346.13,2317794.88,337528.87,0.31,1738346.13,1,NULL,NULL,NULL),(460,NULL,2023,10,2317794.88,9999999.00,517157.98,0.35,2317794.88,1,NULL,NULL,NULL),(461,NULL,2023,11,-9999999.00,0.01,0.00,0.00,0.00,1,NULL,NULL,NULL),(462,NULL,2023,11,0.01,159348.39,0.00,0.05,0.01,1,NULL,NULL,NULL),(463,NULL,2023,11,159348.39,318696.79,7967.42,0.09,159348.39,1,NULL,NULL,NULL),(464,NULL,2023,11,318696.79,478045.19,22308.78,0.12,318696.79,1,NULL,NULL,NULL),(465,NULL,2023,11,478045.19,637393.60,41430.58,0.15,478045.19,1,NULL,NULL,NULL),(466,NULL,2023,11,637393.60,956090.37,65332.84,0.19,637393.60,1,NULL,NULL,NULL),(467,NULL,2023,11,956090.37,1274787.16,125885.23,0.23,956090.37,1,NULL,NULL,NULL),(468,NULL,2023,11,1274787.16,1912180.74,199185.49,0.27,1274787.16,1,NULL,NULL,NULL),(469,NULL,2023,11,1912180.74,2549574.36,371281.75,0.31,1912180.74,1,NULL,NULL,NULL),(470,NULL,2023,11,2549574.36,9999999.00,568873.78,0.35,2549574.36,1,NULL,NULL,NULL),(471,NULL,2023,12,-9999999.00,0.01,0.00,0.00,0.00,1,NULL,NULL,NULL);
INSERT INTO `syj_g4_art90_mensual` VALUES (472,NULL,2023,12,0.01,173834.61,0.00,0.05,0.01,1,NULL,NULL,NULL),(473,NULL,2023,12,173834.61,347669.23,8691.73,0.09,173834.61,1,NULL,NULL,NULL),(474,NULL,2023,12,347669.23,521503.84,24336.85,0.12,347669.23,1,NULL,NULL,NULL),(475,NULL,2023,12,521503.84,695338.47,45197.00,0.15,521503.84,1,NULL,NULL,NULL),(476,NULL,2023,12,695338.47,1043007.68,71272.19,0.19,695338.47,1,NULL,NULL,NULL),(477,NULL,2023,12,1043007.68,1390676.90,137329.34,0.23,1043007.68,1,NULL,NULL,NULL),(478,NULL,2023,12,1390676.90,2086015.35,217293.26,0.27,1390676.90,1,NULL,NULL,NULL),(479,NULL,2023,12,2086015.35,2781353.85,405034.64,0.31,2086015.35,1,NULL,NULL,NULL),(480,NULL,2023,12,2781353.85,9999999.00,620589.58,0.35,2781353.85,1,NULL,NULL,NULL);

--
-- Table structure for table `syj_g4_deduc_gral`
--

CREATE TABLE `syj_g4_deduc_gral` (
  `id` int(10) unsigned NOT NULL AUTO_INCREMENT,
  `user_id` int(10) unsigned DEFAULT NULL,
  `syj_concepto_grav_gcia_id` int(10) unsigned DEFAULT NULL,
  `anio` int(10) unsigned NOT NULL,
  `descripcion` varchar(191) COLLATE utf8mb4_unicode_ci DEFAULT NULL,
  `tope` decimal(16,2) NOT NULL DEFAULT '0.00',
  `en_base_5_porc` tinyint(1) NOT NULL DEFAULT '0',
  `deduc_anual` tinyint(1) NOT NULL DEFAULT '0',
  `prorratea` tinyint(1) NOT NULL DEFAULT '0',
  `calcula_sistema` tinyint(1) NOT NULL DEFAULT '0',
  `informadas` tinyint(1) NOT NULL DEFAULT '1',
  `limite_5_porc` tinyint(1) NOT NULL DEFAULT '1',
  `habilitado` tinyint(1) NOT NULL DEFAULT '1',
  `created_at` timestamp NULL DEFAULT NULL,
  `updated_at` timestamp NULL DEFAULT NULL,
  `deleted_at` timestamp NULL DEFAULT NULL,
  PRIMARY KEY (`id`),
  KEY `syj_g4_deduc_gral_syj_concepto_grav_gcia_id_foreign` (`syj_concepto_grav_gcia_id`),
  CONSTRAINT `syj_g4_deduc_gral_syj_concepto_grav_gcia_id_foreign` FOREIGN KEY (`syj_concepto_grav_gcia_id`) REFERENCES `syj_concepto_grav_gcias` (`id`)
) ENGINE=InnoDB AUTO_INCREMENT=97 DEFAULT CHARSET=utf8mb4 COLLATE=utf8mb4_unicode_ci;

--
-- Dumping data for table `syj_g4_deduc_gral`
--

INSERT INTO `syj_g4_deduc_gral` VALUES (1,NULL,4,2020,'Aportes a fondos de jubilaciones, retiros, pensiones o subsidios que se destinen a cajas nacionales, provinciales o municipales',0.00,0,0,0,1,0,0,1,NULL,NULL,NULL),(2,NULL,1,2020,'Aportes a fondos de jubilaciones, retiros, pensiones o subsidios que se destinen a cajas nacionales, provinciales o municipales por otros empleos',0.00,0,0,0,0,1,0,1,NULL,NULL,NULL),(3,NULL,3,2020,'Aportes a obra sociales',0.00,0,0,0,1,0,0,1,NULL,NULL,NULL),(4,NULL,1,2020,'Aportes a obra sociales por otros empleos',0.00,0,0,0,0,1,0,1,NULL,NULL,NULL),(5,NULL,5,2020,'Cuota sindical',0.00,0,0,0,1,0,0,1,NULL,NULL,NULL),(6,NULL,1,2020,'Cuota sindical por otros empleos',0.00,0,0,0,0,1,0,1,NULL,NULL,NULL),(7,NULL,1,2020,'Cuotas médico asistenciales',0.00,1,0,0,0,1,0,1,NULL,'2023-01-09 09:45:50',NULL),(8,NULL,1,2020,'Primas de seguro para el caso de muerte',18000.00,0,1,0,0,1,1,1,NULL,NULL,NULL),(9,NULL,1,2020,'Primas por riesgo de muerte y de ahorro de seguros mixtos, excepto para los casos de seguros de retiro privados administrados por entidades sujetas al control de la Superintendencia de Seguro',18000.00,0,1,0,0,1,0,1,NULL,NULL,NULL),(10,NULL,1,2020,'Aportes a planes de seguro de retiro privados administrados por entidades sujetas al control de la Superintendencia de Seguros de la Nación',18000.00,0,0,0,0,1,1,1,NULL,NULL,NULL),(11,NULL,1,2020,'Cuotapartes de fondos comunes de inversión constituidos con fines de retiro',18000.00,0,0,0,0,1,0,1,NULL,NULL,NULL),(12,NULL,1,2020,'Gastos de sepelio',996.23,0,0,0,0,1,1,1,NULL,NULL,NULL),(13,NULL,1,2020,'Gastos amortización e intereses rodado para corredores y viajantes de comercio',0.00,0,0,0,0,1,0,1,NULL,NULL,NULL),(14,NULL,1,2020,'Donaciones a fiscos nacional, provinciales y municipales, y a instituciones comprendidas en el art. 20, inc. e) y f) de la ley',0.00,1,0,0,0,1,0,1,NULL,'2023-01-09 09:45:50',NULL),(15,NULL,1,2020,'Descuentos obligatorios establecidos por ley nacional, provincial o municipal',0.00,0,0,0,0,1,0,1,NULL,NULL,NULL),(16,NULL,1,2020,'Honorarios por servicios de asistencia sanitaria, médica y paramédica',0.00,1,1,0,0,1,0,1,NULL,'2023-01-09 09:45:50',NULL),(17,NULL,1,2020,'Intereses de créditos hipotecarios',20000.00,0,0,0,0,1,1,1,NULL,NULL,NULL),(18,NULL,1,2020,'Aportes al capital social o al fondo de riesgo de socios protectores de Sociedades de Garantía Recíproca',0.00,0,1,0,0,1,0,1,NULL,NULL,NULL),(19,NULL,1,2020,'Aportes a Cajas Complementarias de Previsión, Fondos Compensadores de Previsión o similares',0.00,0,1,0,0,1,0,1,NULL,NULL,NULL),(20,NULL,1,2020,'Alquileres de inmuebles destinados a casa habitación',123861.27,0,0,0,0,1,1,1,NULL,NULL,NULL),(21,NULL,1,2020,'Empleados del servicio doméstico',123861.27,0,0,0,0,1,1,1,NULL,NULL,NULL),(22,NULL,1,2020,'Gastos de movilidad, viáticos y otras compensaciones análogas abonados por el empleador',0.00,0,0,0,0,1,0,1,NULL,NULL,NULL),(23,NULL,1,2020,'Gastos por adquisición de indumentaria y/o equipamiento de trabajo',0.00,0,0,0,0,1,0,1,NULL,NULL,NULL),(24,NULL,1,2020,'Otras deducciones',0.00,0,0,0,0,1,0,1,NULL,NULL,NULL),(25,NULL,4,2021,'Aportes a fondos de jubilaciones, retiros, pensiones o subsidios que se destinen a cajas nacionales, provinciales o municipales',0.00,0,0,0,1,0,0,1,NULL,NULL,NULL),(26,NULL,1,2021,'Aportes a fondos de jubilaciones, retiros, pensiones o subsidios que se destinen a cajas nacionales, provinciales o municipales por otros empleos',0.00,0,0,0,0,1,0,1,NULL,NULL,NULL),(27,NULL,3,2021,'Aportes a obra sociales',0.00,0,0,0,1,0,0,1,NULL,NULL,NULL),(28,NULL,1,2021,'Aportes a obra sociales por otros empleos',0.00,0,0,0,0,1,0,1,NULL,NULL,NULL),(29,NULL,5,2021,'Cuota sindical',0.00,0,0,0,1,0,0,1,NULL,NULL,NULL),(30,NULL,1,2021,'Cuota sindical por otros empleos',0.00,0,0,0,0,1,0,1,NULL,NULL,NULL),(31,NULL,1,2021,'Cuotas médico asistenciales',0.00,0,0,0,0,1,0,1,NULL,NULL,NULL),(32,NULL,1,2021,'Primas de seguro para el caso de muerte',24000.00,0,1,0,0,1,1,1,NULL,NULL,NULL);
INSERT INTO `syj_g4_deduc_gral` VALUES (33,NULL,1,2021,'Primas por riesgo de muerte y de ahorro de seguros mixtos, excepto para los casos de seguros de retiro privados administrados por entidades sujetas al control de la Superintendencia de Seguro',24000.00,0,1,0,0,1,0,1,NULL,NULL,NULL),(34,NULL,1,2021,'Aportes a planes de seguro de retiro privados administrados por entidades sujetas al control de la Superintendencia de Seguros de la Nación',24000.00,0,0,0,0,1,1,1,NULL,NULL,NULL),(35,NULL,1,2021,'Cuotapartes de fondos comunes de inversión constituidos con fines de retiro',24000.00,0,0,0,0,1,0,1,NULL,NULL,NULL),(36,NULL,1,2021,'Gastos de sepelio',996.23,0,0,0,0,1,1,1,NULL,NULL,NULL),(37,NULL,1,2021,'Gastos amortización e intereses rodado para corredores y viajantes de comercio',0.00,0,0,0,0,1,0,1,NULL,NULL,NULL),(38,NULL,1,2021,'Donaciones a fiscos nacional, provinciales y municipales, y a instituciones comprendidas en el art. 20, inc. e) y f) de la ley',0.00,0,0,0,0,1,0,1,NULL,NULL,NULL),(39,NULL,1,2021,'Descuentos obligatorios establecidos por ley nacional, provincial o municipal',0.00,0,0,0,0,1,0,1,NULL,NULL,NULL),(40,NULL,1,2021,'Honorarios por servicios de asistencia sanitaria, médica y paramédica',0.00,0,1,0,0,1,0,1,NULL,NULL,NULL),(41,NULL,1,2021,'Intereses de créditos hipotecarios',20000.00,0,0,0,0,1,1,1,NULL,NULL,NULL),(42,NULL,1,2021,'Aportes al capital social o al fondo de riesgo de socios protectores de Sociedades de Garantía Recíproca',0.00,0,1,0,0,1,0,1,NULL,NULL,NULL),(43,NULL,1,2021,'Aportes a Cajas Complementarias de Previsión, Fondos Compensadores de Previsión o similares',0.00,0,1,0,0,1,0,1,NULL,NULL,NULL),(44,NULL,1,2021,'Alquileres de inmuebles destinados a casa habitación',167678.40,0,0,0,0,1,1,1,NULL,NULL,NULL),(45,NULL,1,2021,'Empleados del servicio doméstico',167678.40,0,0,0,0,1,1,1,NULL,NULL,NULL),(46,NULL,1,2021,'Gastos de movilidad, viáticos y otras compensaciones análogas abonados por el empleador',0.00,0,0,0,0,1,0,1,NULL,NULL,NULL),(47,NULL,1,2021,'Gastos por adquisición de indumentaria y/o equipamiento de trabajo',0.00,0,0,0,0,1,0,1,NULL,NULL,NULL),(48,NULL,1,2021,'Otras deducciones',0.00,0,0,0,0,1,0,1,NULL,NULL,NULL),(49,NULL,4,2022,'Aportes a fondos de jubilaciones, retiros, pensiones o subsidios que se destinen a cajas nacionales, provinciales o municipales',0.00,0,0,0,1,0,0,1,NULL,NULL,NULL),(50,NULL,1,2022,'Aportes a fondos de jubilaciones, retiros, pensiones o subsidios que se destinen a cajas nacionales, provinciales o municipales por otros empleos',0.00,0,0,0,0,1,0,1,NULL,NULL,NULL),(51,NULL,3,2022,'Aportes a obra sociales',0.00,0,0,0,1,0,0,1,NULL,NULL,NULL),(52,NULL,1,2022,'Aportes a obra sociales por otros empleos',0.00,0,0,0,0,1,0,1,NULL,NULL,NULL),(53,NULL,5,2022,'Cuota sindical',0.00,0,0,0,1,0,0,1,NULL,NULL,NULL),(54,NULL,1,2022,'Cuota sindical por otros empleos',0.00,0,0,0,0,1,0,1,NULL,NULL,NULL),(55,NULL,1,2022,'Cuotas médico asistenciales',0.00,0,0,0,0,1,0,1,NULL,NULL,NULL),(56,NULL,1,2022,'Primas de seguro para el caso de muerte',24000.00,0,1,0,0,1,1,1,NULL,NULL,NULL),(57,NULL,1,2022,'Primas por riesgo de muerte y de ahorro de seguros mixtos, excepto para los casos de seguros de retiro privados administrados por entidades sujetas al control de la Superintendencia de Seguro',24000.00,0,1,0,0,1,0,1,NULL,NULL,NULL),(58,NULL,1,2022,'Aportes a planes de seguro de retiro privados administrados por entidades sujetas al control de la Superintendencia de Seguros de la Nación',24000.00,0,0,0,0,1,1,1,NULL,NULL,NULL),(59,NULL,1,2022,'Cuotapartes de fondos comunes de inversión constituidos con fines de retiro',24000.00,0,0,0,0,1,0,1,NULL,NULL,NULL),(60,NULL,1,2022,'Gastos de sepelio',996.23,0,0,0,0,1,1,1,NULL,NULL,NULL),(61,NULL,1,2022,'Gastos amortización e intereses rodado para corredores y viajantes de comercio',0.00,0,0,0,0,1,0,1,NULL,NULL,NULL),(62,NULL,1,2022,'Donaciones a fiscos nacional, provinciales y municipales, y a instituciones comprendidas en el art. 20, inc. e) y f) de la ley',0.00,0,0,0,0,1,0,1,NULL,NULL,NULL);
INSERT INTO `syj_g4_deduc_gral` VALUES (63,NULL,1,2022,'Descuentos obligatorios establecidos por ley nacional, provincial o municipal',0.00,0,0,0,0,1,0,1,NULL,NULL,NULL),(64,NULL,1,2022,'Honorarios por servicios de asistencia sanitaria, médica y paramédica',0.00,0,1,0,0,1,0,1,NULL,NULL,NULL),(65,NULL,1,2022,'Intereses de créditos hipotecarios',20000.00,0,0,0,0,1,1,1,NULL,NULL,NULL),(66,NULL,1,2022,'Aportes al capital social o al fondo de riesgo de socios protectores de Sociedades de Garantía Recíproca',0.00,0,1,0,0,1,0,1,NULL,NULL,NULL),(67,NULL,1,2022,'Aportes a Cajas Complementarias de Previsión, Fondos Compensadores de Previsión o similares',0.00,0,1,0,0,1,0,1,NULL,NULL,NULL),(68,NULL,1,2022,'Alquileres de inmuebles destinados a casa habitación',252564.84,0,0,0,0,1,1,1,NULL,NULL,NULL),(69,NULL,1,2022,'Empleados del servicio doméstico',252564.84,0,0,0,0,1,1,1,NULL,NULL,NULL),(70,NULL,1,2022,'Gastos de movilidad, viáticos y otras compensaciones análogas abonados por el empleador',0.00,0,0,0,0,1,0,1,NULL,NULL,NULL),(71,NULL,1,2022,'Gastos por adquisición de indumentaria y/o equipamiento de trabajo',0.00,0,0,0,0,1,0,1,NULL,NULL,NULL),(72,NULL,1,2022,'Otras deducciones',0.00,0,0,0,0,1,0,1,NULL,NULL,NULL),(73,NULL,4,2023,'Aportes a fondos de jubilaciones, retiros, pensiones o subsidios que se destinen a cajas nacionales, provinciales o municipales',0.00,0,0,0,1,0,0,1,NULL,NULL,NULL),(74,NULL,1,2023,'Aportes a fondos de jubilaciones, retiros, pensiones o subsidios que se destinen a cajas nacionales, provinciales o municipales por otros empleos',0.00,0,0,0,0,1,0,1,NULL,NULL,NULL),(75,NULL,3,2023,'Aportes a obra sociales',0.00,0,0,0,1,0,0,1,NULL,NULL,NULL),(76,NULL,1,2023,'Aportes a obra sociales por otros empleos',0.00,0,0,0,0,1,0,1,NULL,NULL,NULL),(77,NULL,5,2023,'Cuota sindical',0.00,0,0,0,1,0,0,1,NULL,NULL,NULL),(78,NULL,1,2023,'Cuota sindical por otros empleos',0.00,0,0,0,0,1,0,1,NULL,NULL,NULL),(79,NULL,1,2023,'Cuotas médico asistenciales',0.00,0,0,0,0,1,0,1,NULL,NULL,NULL),(80,NULL,1,2023,'Primas de seguro para el caso de muerte',24000.00,0,1,0,0,1,1,1,NULL,NULL,NULL),(81,NULL,1,2023,'Primas por riesgo de muerte y de ahorro de seguros mixtos, excepto para los casos de seguros de retiro privados administrados por entidades sujetas al control de la Superintendencia de Seguro',24000.00,0,1,0,0,1,0,1,NULL,NULL,NULL),(82,NULL,1,2023,'Aportes a planes de seguro de retiro privados administrados por entidades sujetas al control de la Superintendencia de Seguros de la Nación',24000.00,0,0,0,0,1,1,1,NULL,NULL,NULL),(83,NULL,1,2023,'Cuotapartes de fondos comunes de inversión constituidos con fines de retiro',24000.00,0,0,0,0,1,0,1,NULL,NULL,NULL),(84,NULL,1,2023,'Gastos de sepelio',996.23,0,0,0,0,1,1,1,NULL,NULL,NULL),(85,NULL,1,2023,'Gastos amortización e intereses rodado para corredores y viajantes de comercio',0.00,0,0,0,0,1,0,1,NULL,NULL,NULL),(86,NULL,1,2023,'Donaciones a fiscos nacional, provinciales y municipales, y a instituciones comprendidas en el art. 20, inc. e) y f) de la ley',0.00,0,0,0,0,1,0,1,NULL,NULL,NULL),(87,NULL,1,2023,'Descuentos obligatorios establecidos por ley nacional, provincial o municipal',0.00,0,0,0,0,1,0,1,NULL,NULL,NULL),(88,NULL,1,2023,'Honorarios por servicios de asistencia sanitaria, médica y paramédica',0.00,0,1,0,0,1,0,1,NULL,NULL,NULL),(89,NULL,1,2023,'Intereses de créditos hipotecarios',20000.00,0,0,0,0,1,1,1,NULL,NULL,NULL),(90,NULL,1,2023,'Aportes al capital social o al fondo de riesgo de socios protectores de Sociedades de Garantía Recíproca',0.00,0,1,0,0,1,0,1,NULL,NULL,NULL),(91,NULL,1,2023,'Aportes a Cajas Complementarias de Previsión, Fondos Compensadores de Previsión o similares',0.00,0,1,0,0,1,0,1,NULL,NULL,NULL),(92,NULL,1,2023,'Alquileres de inmuebles destinados a casa habitación',451686.96,0,0,0,0,1,1,1,NULL,NULL,NULL),(93,NULL,1,2023,'Empleados del servicio doméstico',451686.96,0,0,0,0,1,1,1,NULL,NULL,NULL);
INSERT INTO `syj_g4_deduc_gral` VALUES (94,NULL,1,2023,'Gastos de movilidad, viáticos y otras compensaciones análogas abonados por el empleador',0.00,0,0,0,0,1,0,1,NULL,NULL,NULL),(95,NULL,1,2023,'Gastos por adquisición de indumentaria y/o equipamiento de trabajo',0.00,0,0,0,0,1,0,1,NULL,NULL,NULL),(96,NULL,1,2023,'Otras deducciones',0.00,0,0,0,0,1,0,1,NULL,NULL,NULL);

--
-- Table structure for table `syj_g4_deduc_gral_detail`
--

CREATE TABLE `syj_g4_deduc_gral_detail` (
  `id` int(10) unsigned NOT NULL AUTO_INCREMENT,
  `user_id` int(10) unsigned DEFAULT NULL,
  `person_id` int(10) unsigned NOT NULL,
  `syj_empleado_id` int(10) unsigned NOT NULL,
  `syj_g4_deduc_gral_id` int(10) unsigned NOT NULL,
  `anio` int(10) unsigned NOT NULL,
  `importe` decimal(16,2) NOT NULL DEFAULT '0.00',
  `comentario` longtext COLLATE utf8mb4_unicode_ci,
  `habilitado` tinyint(1) NOT NULL DEFAULT '1',
  `created_at` timestamp NULL DEFAULT NULL,
  `updated_at` timestamp NULL DEFAULT NULL,
  `deleted_at` timestamp NULL DEFAULT NULL,
  PRIMARY KEY (`id`),
  KEY `syj_g4_deduc_gral_detail_person_id_foreign` (`person_id`),
  KEY `syj_g4_deduc_gral_detail_syj_empleado_id_foreign` (`syj_empleado_id`),
  KEY `syj_g4_deduc_gral_detail_syj_g4_deduc_gral_id_foreign` (`syj_g4_deduc_gral_id`),
  CONSTRAINT `syj_g4_deduc_gral_detail_person_id_foreign` FOREIGN KEY (`person_id`) REFERENCES `persons` (`id`),
  CONSTRAINT `syj_g4_deduc_gral_detail_syj_empleado_id_foreign` FOREIGN KEY (`syj_empleado_id`) REFERENCES `syj_empleados` (`id`),
  CONSTRAINT `syj_g4_deduc_gral_detail_syj_g4_deduc_gral_id_foreign` FOREIGN KEY (`syj_g4_deduc_gral_id`) REFERENCES `syj_g4_deduc_gral` (`id`)
) ENGINE=InnoDB AUTO_INCREMENT=49 DEFAULT CHARSET=utf8mb4 COLLATE=utf8mb4_unicode_ci;

--
-- Dumping data for table `syj_g4_deduc_gral_detail`
--

INSERT INTO `syj_g4_deduc_gral_detail` VALUES (1,8303,40719,1,73,2023,0.00,NULL,1,'2023-01-12 03:24:39','2023-01-12 03:24:39',NULL),(2,8303,40719,1,74,2023,0.00,NULL,1,'2023-01-12 03:24:39','2023-01-12 03:24:39',NULL),(3,8303,40719,1,75,2023,6.00,NULL,1,'2023-01-12 03:24:39','2023-01-12 03:24:39',NULL),(4,8303,40719,1,76,2023,0.00,NULL,1,'2023-01-12 03:24:39','2023-01-12 03:24:39',NULL),(5,8303,40719,1,77,2023,0.00,NULL,1,'2023-01-12 03:24:39','2023-01-12 03:24:39',NULL),(6,8303,40719,1,78,2023,0.00,NULL,1,'2023-01-12 03:24:39','2023-01-12 03:24:39',NULL),(7,8303,40719,1,79,2023,0.00,NULL,1,'2023-01-12 03:24:39','2023-01-12 03:24:39',NULL),(8,8303,40719,1,80,2023,0.00,NULL,1,'2023-01-12 03:24:39','2023-01-12 03:24:39',NULL),(9,8303,40719,1,81,2023,0.00,NULL,1,'2023-01-12 03:24:39','2023-01-12 03:24:39',NULL),(10,8303,40719,1,82,2023,0.00,NULL,1,'2023-01-12 03:24:39','2023-01-12 03:24:39',NULL),(11,8303,40719,1,83,2023,0.00,NULL,1,'2023-01-12 03:24:39','2023-01-12 03:24:39',NULL),(12,8303,40719,1,84,2023,0.00,NULL,1,'2023-01-12 03:24:39','2023-01-12 03:24:39',NULL),(13,8303,40719,1,85,2023,0.00,NULL,1,'2023-01-12 03:24:39','2023-01-12 03:24:39',NULL),(14,8303,40719,1,86,2023,0.00,NULL,1,'2023-01-12 03:24:39','2023-01-12 03:24:39',NULL),(15,8303,40719,1,87,2023,0.00,NULL,1,'2023-01-12 03:24:39','2023-01-12 03:24:39',NULL),(16,8303,40719,1,88,2023,0.00,NULL,1,'2023-01-12 03:24:39','2023-01-12 03:24:39',NULL),(17,8303,40719,1,89,2023,0.00,NULL,1,'2023-01-12 03:24:39','2023-01-12 03:24:39',NULL),(18,8303,40719,1,90,2023,0.00,NULL,1,'2023-01-12 03:24:39','2023-01-12 03:24:39',NULL),(19,8303,40719,1,91,2023,0.00,NULL,1,'2023-01-12 03:24:39','2023-01-12 03:24:39',NULL),(20,8303,40719,1,92,2023,0.00,NULL,1,'2023-01-12 03:24:39','2023-01-12 03:24:39',NULL),(21,8303,40719,1,93,2023,0.00,NULL,1,'2023-01-12 03:24:39','2023-01-12 03:24:39',NULL),(22,8303,40719,1,94,2023,0.00,NULL,1,'2023-01-12 03:24:39','2023-01-12 03:24:39',NULL),(23,8303,40719,1,95,2023,0.00,NULL,1,'2023-01-12 03:24:39','2023-01-12 03:24:39',NULL),(24,8303,40719,1,96,2023,0.00,NULL,1,'2023-01-12 03:24:39','2023-01-12 03:24:39',NULL),(25,8303,40719,1,49,2022,0.00,NULL,1,'2023-01-12 14:02:51','2023-01-12 14:02:51',NULL),(26,8303,40719,1,50,2022,0.00,NULL,1,'2023-01-12 14:02:51','2023-01-12 14:02:51',NULL),(27,8303,40719,1,51,2022,0.00,NULL,1,'2023-01-12 14:02:51','2023-01-12 14:02:51',NULL),(28,8303,40719,1,52,2022,0.00,NULL,1,'2023-01-12 14:02:51','2023-01-12 14:02:51',NULL),(29,8303,40719,1,53,2022,0.00,NULL,1,'2023-01-12 14:02:51','2023-01-12 14:02:51',NULL),(30,8303,40719,1,54,2022,0.00,NULL,1,'2023-01-12 14:02:51','2023-01-12 14:02:51',NULL),(31,8303,40719,1,55,2022,0.00,NULL,1,'2023-01-12 14:02:51','2023-01-12 14:02:51',NULL),(32,8303,40719,1,56,2022,0.00,NULL,1,'2023-01-12 14:02:51','2023-01-12 14:02:51',NULL),(33,8303,40719,1,57,2022,0.00,NULL,1,'2023-01-12 14:02:51','2023-01-12 14:02:51',NULL),(34,8303,40719,1,58,2022,0.00,NULL,1,'2023-01-12 14:02:51','2023-01-12 14:02:51',NULL),(35,8303,40719,1,59,2022,0.00,NULL,1,'2023-01-12 14:02:51','2023-01-12 14:02:51',NULL),(36,8303,40719,1,60,2022,0.00,NULL,1,'2023-01-12 14:02:51','2023-01-12 14:02:51',NULL),(37,8303,40719,1,61,2022,0.00,NULL,1,'2023-01-12 14:02:51','2023-01-12 14:02:51',NULL),(38,8303,40719,1,62,2022,0.00,NULL,1,'2023-01-12 14:02:51','2023-01-12 14:02:51',NULL),(39,8303,40719,1,63,2022,0.00,NULL,1,'2023-01-12 14:02:51','2023-01-12 14:02:51',NULL),(40,8303,40719,1,64,2022,0.00,NULL,1,'2023-01-12 14:02:51','2023-01-12 14:02:51',NULL),(41,8303,40719,1,65,2022,0.00,NULL,1,'2023-01-12 14:02:51','2023-01-12 14:02:51',NULL),(42,8303,40719,1,66,2022,0.00,NULL,1,'2023-01-12 14:02:51','2023-01-12 14:02:51',NULL),(43,8303,40719,1,67,2022,0.00,NULL,1,'2023-01-12 14:02:51','2023-01-12 14:02:51',NULL),(44,8303,40719,1,68,2022,0.00,NULL,1,'2023-01-12 14:02:51','2023-01-12 14:02:51',NULL),(45,8303,40719,1,69,2022,0.00,NULL,1,'2023-01-12 14:02:51','2023-01-12 14:02:51',NULL),(46,8303,40719,1,70,2022,0.00,NULL,1,'2023-01-12 14:02:51','2023-01-12 14:02:51',NULL);
INSERT INTO `syj_g4_deduc_gral_detail` VALUES (47,8303,40719,1,71,2022,0.00,NULL,1,'2023-01-12 14:02:51','2023-01-12 14:02:51',NULL),(48,8303,40719,1,72,2022,0.00,NULL,1,'2023-01-12 14:02:51','2023-01-12 14:02:51',NULL);

--
-- Table structure for table `syj_g4_deduc_pers_detail`
--

CREATE TABLE `syj_g4_deduc_pers_detail` (
  `id` int(10) unsigned NOT NULL AUTO_INCREMENT,
  `user_id` int(10) unsigned DEFAULT NULL,
  `person_id` int(10) unsigned NOT NULL,
  `syj_empleado_id` int(10) unsigned NOT NULL,
  `syj_g4_deduc_pers_por_anio_id` int(10) unsigned NOT NULL,
  `importe` decimal(16,2) NOT NULL DEFAULT '0.00',
  `comentario` longtext COLLATE utf8mb4_unicode_ci,
  `habilitado` tinyint(1) NOT NULL DEFAULT '1',
  `created_at` timestamp NULL DEFAULT NULL,
  `updated_at` timestamp NULL DEFAULT NULL,
  `deleted_at` timestamp NULL DEFAULT NULL,
  PRIMARY KEY (`id`),
  KEY `syj_g4_deduc_pers_detail_person_id_foreign` (`person_id`),
  KEY `syj_g4_deduc_pers_detail_syj_empleado_id_foreign` (`syj_empleado_id`),
  KEY `syj_g4_deduc_pers_detail_syj_g4_deduc_pers_por_anio_id_foreign` (`syj_g4_deduc_pers_por_anio_id`),
  CONSTRAINT `syj_g4_deduc_pers_detail_person_id_foreign` FOREIGN KEY (`person_id`) REFERENCES `persons` (`id`),
  CONSTRAINT `syj_g4_deduc_pers_detail_syj_empleado_id_foreign` FOREIGN KEY (`syj_empleado_id`) REFERENCES `syj_empleados` (`id`),
  CONSTRAINT `syj_g4_deduc_pers_detail_syj_g4_deduc_pers_por_anio_id_foreign` FOREIGN KEY (`syj_g4_deduc_pers_por_anio_id`) REFERENCES `syj_g4_deduc_pers_por_anio` (`id`)
) ENGINE=InnoDB DEFAULT CHARSET=utf8mb4 COLLATE=utf8mb4_unicode_ci;

--
-- Dumping data for table `syj_g4_deduc_pers_detail`
--


--
-- Table structure for table `syj_g4_deduc_pers_por_anio`
--

CREATE TABLE `syj_g4_deduc_pers_por_anio` (
  `id` int(10) unsigned NOT NULL AUTO_INCREMENT,
  `user_id` int(10) unsigned DEFAULT NULL,
  `syj_g4_tipo_deduc_pers_id` int(10) unsigned NOT NULL,
  `anio` int(10) unsigned NOT NULL,
  `tope` decimal(16,2) NOT NULL DEFAULT '0.00',
  `informadas` tinyint(1) NOT NULL DEFAULT '1',
  `habilitado` tinyint(1) NOT NULL DEFAULT '1',
  `created_at` timestamp NULL DEFAULT NULL,
  `updated_at` timestamp NULL DEFAULT NULL,
  `deleted_at` timestamp NULL DEFAULT NULL,
  PRIMARY KEY (`id`),
  KEY `syj_g4_deduc_pers_por_anio_syj_g4_tipo_deduc_pers_id_foreign` (`syj_g4_tipo_deduc_pers_id`),
  CONSTRAINT `syj_g4_deduc_pers_por_anio_syj_g4_tipo_deduc_pers_id_foreign` FOREIGN KEY (`syj_g4_tipo_deduc_pers_id`) REFERENCES `syj_g4_tipo_deduc_personal` (`id`)
) ENGINE=InnoDB AUTO_INCREMENT=21 DEFAULT CHARSET=utf8mb4 COLLATE=utf8mb4_unicode_ci;

--
-- Dumping data for table `syj_g4_deduc_pers_por_anio`
--

INSERT INTO `syj_g4_deduc_pers_por_anio` VALUES (1,NULL,1,2019,103018.79,0,1,NULL,NULL,NULL),(2,NULL,2,2019,80033.97,1,1,NULL,NULL,NULL),(3,NULL,3,2019,206037.56,1,1,NULL,NULL,NULL),(4,NULL,9,2019,103018.79,0,1,NULL,NULL,NULL),(5,NULL,1,2020,123861.27,0,1,NULL,NULL,NULL),(6,NULL,2,2020,115471.38,1,1,NULL,NULL,NULL),(7,NULL,3,2020,58232.65,1,1,NULL,NULL,NULL),(8,NULL,9,2020,594533.62,0,1,NULL,NULL,NULL),(9,NULL,1,2021,167678.40,0,1,NULL,NULL,NULL),(10,NULL,2,2021,156320.63,1,1,NULL,NULL,NULL),(11,NULL,3,2021,78833.08,1,1,NULL,NULL,NULL),(12,NULL,9,2021,804856.34,0,1,NULL,NULL,NULL),(13,NULL,1,2022,252564.84,0,1,NULL,NULL,NULL),(14,NULL,2,2022,235457.25,1,1,NULL,NULL,NULL),(15,NULL,3,2022,118741.97,1,1,NULL,NULL,NULL),(16,NULL,9,2022,1212311.24,0,1,NULL,NULL,NULL),(17,NULL,1,2023,451686.96,0,1,NULL,NULL,NULL),(18,NULL,2,2023,421091.75,1,1,NULL,NULL,NULL),(19,NULL,3,2023,212358.14,1,1,NULL,NULL,NULL),(20,NULL,9,2023,2168097.42,0,1,NULL,NULL,NULL);

--
-- Table structure for table `syj_g4_detail`
--

CREATE TABLE `syj_g4_detail` (
  `id` int(10) unsigned NOT NULL AUTO_INCREMENT,
  `user_id` int(10) unsigned DEFAULT NULL,
  `period_id` int(10) unsigned NOT NULL,
  `syj_empleado_id` int(10) unsigned NOT NULL,
  `person_id` int(10) unsigned NOT NULL,
  `is_limite_5_porc` tinyint(1) NOT NULL DEFAULT '0',
  `resaltar` tinyint(1) NOT NULL DEFAULT '0',
  `descripcion` varchar(191) COLLATE utf8mb4_unicode_ci NOT NULL,
  `importe` decimal(16,2) NOT NULL DEFAULT '0.00',
  `created_at` timestamp NULL DEFAULT NULL,
  `updated_at` timestamp NULL DEFAULT NULL,
  `deleted_at` timestamp NULL DEFAULT NULL,
  PRIMARY KEY (`id`),
  KEY `syj_g4_detail_period_id_foreign` (`period_id`),
  KEY `syj_g4_detail_syj_empleado_id_foreign` (`syj_empleado_id`),
  KEY `syj_g4_detail_person_id_foreign` (`person_id`),
  CONSTRAINT `syj_g4_detail_period_id_foreign` FOREIGN KEY (`period_id`) REFERENCES `periods` (`id`),
  CONSTRAINT `syj_g4_detail_person_id_foreign` FOREIGN KEY (`person_id`) REFERENCES `persons` (`id`),
  CONSTRAINT `syj_g4_detail_syj_empleado_id_foreign` FOREIGN KEY (`syj_empleado_id`) REFERENCES `syj_empleados` (`id`)
) ENGINE=InnoDB DEFAULT CHARSET=utf8mb4 COLLATE=utf8mb4_unicode_ci;

--
-- Dumping data for table `syj_g4_detail`
--


--
-- Table structure for table `syj_g4_f1357`
--

CREATE TABLE `syj_g4_f1357` (
  `id` int(10) unsigned NOT NULL AUTO_INCREMENT,
  `user_id` int(10) unsigned DEFAULT NULL,
  `syj_empleado_id` int(10) unsigned NOT NULL,
  `person_id` int(10) unsigned NOT NULL,
  `anio` int(10) unsigned NOT NULL,
  `descripcion` varchar(191) COLLATE utf8mb4_unicode_ci NOT NULL,
  `importe` decimal(16,2) NOT NULL DEFAULT '0.00',
  `resaltar` tinyint(1) NOT NULL DEFAULT '0',
  `es_titulo` tinyint(1) NOT NULL DEFAULT '0',
  `simbolo` varchar(191) COLLATE utf8mb4_unicode_ci DEFAULT NULL,
  `created_at` timestamp NULL DEFAULT NULL,
  `updated_at` timestamp NULL DEFAULT NULL,
  `deleted_at` timestamp NULL DEFAULT NULL,
  PRIMARY KEY (`id`),
  KEY `syj_g4_f1357_syj_empleado_id_foreign` (`syj_empleado_id`),
  KEY `syj_g4_f1357_person_id_foreign` (`person_id`),
  CONSTRAINT `syj_g4_f1357_person_id_foreign` FOREIGN KEY (`person_id`) REFERENCES `persons` (`id`),
  CONSTRAINT `syj_g4_f1357_syj_empleado_id_foreign` FOREIGN KEY (`syj_empleado_id`) REFERENCES `syj_empleados` (`id`)
) ENGINE=InnoDB DEFAULT CHARSET=utf8mb4 COLLATE=utf8mb4_unicode_ci;

--
-- Dumping data for table `syj_g4_f1357`
--


--
-- Table structure for table `syj_g4_otros_empleos`
--

CREATE TABLE `syj_g4_otros_empleos` (
  `id` int(10) unsigned NOT NULL AUTO_INCREMENT,
  `user_id` int(10) unsigned DEFAULT NULL,
  `descripcion` varchar(191) COLLATE utf8mb4_unicode_ci DEFAULT NULL,
  `grav_ganancias` tinyint(1) NOT NULL DEFAULT '1',
  `habilitado` tinyint(1) NOT NULL DEFAULT '1',
  `created_at` timestamp NULL DEFAULT NULL,
  `updated_at` timestamp NULL DEFAULT NULL,
  `deleted_at` timestamp NULL DEFAULT NULL,
  PRIMARY KEY (`id`)
) ENGINE=InnoDB AUTO_INCREMENT=12 DEFAULT CHARSET=utf8mb4 COLLATE=utf8mb4_unicode_ci;

--
-- Dumping data for table `syj_g4_otros_empleos`
--

INSERT INTO `syj_g4_otros_empleos` VALUES (1,NULL,'Remuneracion Bruta',1,1,NULL,NULL,NULL),(2,NULL,'Retribuciones No Habituales',1,1,NULL,NULL,NULL),(3,NULL,'SAC Primera Cuota',1,1,NULL,NULL,NULL),(4,NULL,'SAC Segunda Cuota',1,1,NULL,NULL,NULL),(5,NULL,'Horas Extras Remuneracion Gravada',1,1,NULL,NULL,NULL),(6,NULL,'Movilidad y Viaticos Remuneracion Gravada',1,1,NULL,NULL,NULL),(7,NULL,'Material didactico personal docente Remuneracion Gravada',1,1,NULL,NULL,NULL),(8,NULL,'Remuneracion No Alcanzada o Exenta',0,1,NULL,NULL,NULL),(9,NULL,'Horas Extras Remuneracion Exenta',0,1,NULL,NULL,NULL),(10,NULL,'Movilidad y Viaticos Remuneracion Exenta',0,1,NULL,NULL,NULL),(11,NULL,'Material didactico personal docente Remuneracion Exenta',0,1,NULL,NULL,NULL);

--
-- Table structure for table `syj_g4_otros_empleos_detail`
--

CREATE TABLE `syj_g4_otros_empleos_detail` (
  `id` int(10) unsigned NOT NULL AUTO_INCREMENT,
  `user_id` int(10) unsigned DEFAULT NULL,
  `syj_g4_otros_empleos_id` int(10) unsigned DEFAULT NULL,
  `syj_empleado_id` int(10) unsigned NOT NULL,
  `person_id` int(10) unsigned NOT NULL,
  `anio` int(10) unsigned NOT NULL,
  `importe` decimal(16,2) NOT NULL DEFAULT '0.00',
  `created_at` timestamp NULL DEFAULT NULL,
  `updated_at` timestamp NULL DEFAULT NULL,
  `deleted_at` timestamp NULL DEFAULT NULL,
  PRIMARY KEY (`id`),
  KEY `syj_g4_otros_empleos_detail_syj_g4_otros_empleos_id_foreign` (`syj_g4_otros_empleos_id`),
  KEY `syj_g4_otros_empleos_detail_syj_empleado_id_foreign` (`syj_empleado_id`),
  KEY `syj_g4_otros_empleos_detail_person_id_foreign` (`person_id`),
  CONSTRAINT `syj_g4_otros_empleos_detail_person_id_foreign` FOREIGN KEY (`person_id`) REFERENCES `persons` (`id`),
  CONSTRAINT `syj_g4_otros_empleos_detail_syj_empleado_id_foreign` FOREIGN KEY (`syj_empleado_id`) REFERENCES `syj_empleados` (`id`),
  CONSTRAINT `syj_g4_otros_empleos_detail_syj_g4_otros_empleos_id_foreign` FOREIGN KEY (`syj_g4_otros_empleos_id`) REFERENCES `syj_g4_otros_empleos` (`id`)
) ENGINE=InnoDB DEFAULT CHARSET=utf8mb4 COLLATE=utf8mb4_unicode_ci;

--
-- Dumping data for table `syj_g4_otros_empleos_detail`
--


--
-- Table structure for table `syj_g4_tipo_deduc_personal`
--

CREATE TABLE `syj_g4_tipo_deduc_personal` (
  `id` int(10) unsigned NOT NULL AUTO_INCREMENT,
  `user_id` int(10) unsigned DEFAULT NULL,
  `coddedpers` varchar(191) COLLATE utf8mb4_unicode_ci DEFAULT NULL,
  `descripcion` varchar(191) COLLATE utf8mb4_unicode_ci DEFAULT NULL,
  `informadas` tinyint(1) NOT NULL DEFAULT '0',
  `habilitado` tinyint(1) NOT NULL DEFAULT '1',
  `created_at` timestamp NULL DEFAULT NULL,
  `updated_at` timestamp NULL DEFAULT NULL,
  `deleted_at` timestamp NULL DEFAULT NULL,
  PRIMARY KEY (`id`)
) ENGINE=InnoDB AUTO_INCREMENT=11 DEFAULT CHARSET=utf8mb4 COLLATE=utf8mb4_unicode_ci;

--
-- Dumping data for table `syj_g4_tipo_deduc_personal`
--

INSERT INTO `syj_g4_tipo_deduc_personal` VALUES (1,NULL,'10','Ganancia No Imponible',0,1,NULL,NULL,NULL),(2,NULL,'20','Cargas de Familia Cónyuge',1,1,NULL,'2023-01-09 09:45:47',NULL),(3,NULL,'30','Cargas de Familia Hijos',1,1,NULL,'2023-01-09 09:45:47',NULL),(4,NULL,'40','Cargas de Familia Otras Cargas menor 24 años',0,0,NULL,'2023-01-09 09:45:47',NULL),(5,NULL,'50','Cargas de Familia Otras Cargas',0,0,NULL,'2023-01-09 09:45:47',NULL),(6,NULL,'60','Deducción Especial Incrementada',0,0,NULL,'2023-01-09 09:45:47',NULL),(7,NULL,'70','Incremento Decreto 1006/2013',0,0,NULL,'2023-01-09 09:45:47',NULL),(8,NULL,'80','Decreto 1242/2013',0,0,NULL,'2023-01-09 09:45:47',NULL),(9,NULL,'90','Deducción Especial',0,1,NULL,NULL,NULL),(10,NULL,'100','Deducción Especial Nuevos Emp. / Prof.',0,0,NULL,'2023-01-09 09:45:47',NULL);

--
-- Table structure for table `syj_liq_empleado`
--

CREATE TABLE `syj_liq_empleado` (
  `id` int(10) unsigned NOT NULL AUTO_INCREMENT,
  `user_id` int(10) unsigned DEFAULT NULL,
  `person_id` int(10) unsigned NOT NULL,
  `syj_liquidacion_id` int(10) unsigned NOT NULL,
  `empleado_id` int(10) unsigned NOT NULL,
  `numero_recibo` int(10) unsigned NOT NULL,
  `basico` decimal(16,2) NOT NULL DEFAULT '0.00',
  `adic_fijo` decimal(16,2) NOT NULL DEFAULT '0.00',
  `syj_convenio_id` int(10) unsigned NOT NULL,
  `syj_convenio_categoria_id` int(10) unsigned NOT NULL,
  `categoria` text COLLATE utf8mb4_unicode_ci NOT NULL,
  `syj_seccion_id` int(10) unsigned NOT NULL,
  `seccion` text COLLATE utf8mb4_unicode_ci NOT NULL,
  `syj_cargo_id` int(10) unsigned NOT NULL,
  `cargo` text COLLATE utf8mb4_unicode_ci NOT NULL,
  `syj_centro_costo_id` int(10) unsigned NOT NULL,
  `dias_trabajados` int(11) NOT NULL DEFAULT '0',
  `dtrab_man` int(10) unsigned DEFAULT NULL,
  `dias_vacaciones` int(11) NOT NULL DEFAULT '0',
  `horas_trabajadas` decimal(16,2) NOT NULL DEFAULT '0.00',
  `observaciones` varchar(191) COLLATE utf8mb4_unicode_ci DEFAULT NULL,
  `total_remun` decimal(16,2) NOT NULL DEFAULT '0.00',
  `total_no_remun` decimal(16,2) NOT NULL DEFAULT '0.00',
  `total_aportes` decimal(16,2) NOT NULL DEFAULT '0.00',
  `total_neto` decimal(16,2) NOT NULL DEFAULT '0.00',
  `fecha_desde` date DEFAULT NULL,
  `mayremun` decimal(16,2) NOT NULL DEFAULT '0.00',
  `mayremun_man` tinyint(1) NOT NULL DEFAULT '0',
  `diassac` decimal(16,2) NOT NULL DEFAULT '0.00',
  `fecha_egreso` date DEFAULT NULL,
  `syj_motivo_egreso_id` int(10) unsigned DEFAULT NULL,
  `dias_trabajados_semestre` int(11) NOT NULL DEFAULT '0',
  `dias_trabajados_anio` int(11) NOT NULL DEFAULT '0',
  `mayult12` decimal(16,2) NOT NULL DEFAULT '0.00',
  `mayult12_man` tinyint(1) NOT NULL DEFAULT '0',
  `prorratg4` int(11) NOT NULL DEFAULT '0',
  `novedades_guardadas` tinyint(1) NOT NULL DEFAULT '0',
  `syj_liq_firma_estado_id` int(10) unsigned NOT NULL DEFAULT '1',
  `syj_liq_firma_fecha` date DEFAULT NULL,
  `syj_liq_empleado_status_id` int(10) unsigned NOT NULL DEFAULT '1',
  `created_at` timestamp NULL DEFAULT NULL,
  `updated_at` timestamp NULL DEFAULT NULL,
  `deleted_at` timestamp NULL DEFAULT NULL,
  PRIMARY KEY (`id`),
  KEY `syj_liq_empleado_person_id_foreign` (`person_id`),
  KEY `syj_liq_empleado_empleado_id_foreign` (`empleado_id`),
  KEY `syj_liq_empleado_syj_liquidacion_id_foreign` (`syj_liquidacion_id`),
  KEY `syj_liq_empleado_syj_convenio_id_foreign` (`syj_convenio_id`),
  KEY `syj_liq_empleado_syj_convenio_categoria_id_foreign` (`syj_convenio_categoria_id`),
  KEY `syj_liq_empleado_syj_seccion_id_foreign` (`syj_seccion_id`),
  KEY `syj_liq_empleado_syj_cargo_id_foreign` (`syj_cargo_id`),
  KEY `syj_liq_empleado_syj_centro_costo_id_foreign` (`syj_centro_costo_id`),
  KEY `syj_liq_empleado_syj_motivo_egreso_id_foreign` (`syj_motivo_egreso_id`),
  KEY `syj_liq_empleado_syj_liq_empleado_status_id_foreign` (`syj_liq_empleado_status_id`),
  CONSTRAINT `syj_liq_empleado_empleado_id_foreign` FOREIGN KEY (`empleado_id`) REFERENCES `syj_empleados` (`id`),
  CONSTRAINT `syj_liq_empleado_person_id_foreign` FOREIGN KEY (`person_id`) REFERENCES `persons` (`id`),
  CONSTRAINT `syj_liq_empleado_syj_cargo_id_foreign` FOREIGN KEY (`syj_cargo_id`) REFERENCES `syj_cargos` (`id`),
  CONSTRAINT `syj_liq_empleado_syj_centro_costo_id_foreign` FOREIGN KEY (`syj_centro_costo_id`) REFERENCES `syj_centros_costos` (`id`),
  CONSTRAINT `syj_liq_empleado_syj_convenio_categoria_id_foreign` FOREIGN KEY (`syj_convenio_categoria_id`) REFERENCES `syj_convenio_categorias` (`id`),
  CONSTRAINT `syj_liq_empleado_syj_convenio_id_foreign` FOREIGN KEY (`syj_convenio_id`) REFERENCES `syj_convenios` (`id`),
  CONSTRAINT `syj_liq_empleado_syj_liq_empleado_status_id_foreign` FOREIGN KEY (`syj_liq_empleado_status_id`) REFERENCES `syj_liq_empleado_status` (`id`),
  CONSTRAINT `syj_liq_empleado_syj_liquidacion_id_foreign` FOREIGN KEY (`syj_liquidacion_id`) REFERENCES `syj_liquidaciones` (`id`),
  CONSTRAINT `syj_liq_empleado_syj_motivo_egreso_id_foreign` FOREIGN KEY (`syj_motivo_egreso_id`) REFERENCES `syj_motivo_egreso` (`id`),
  CONSTRAINT `syj_liq_empleado_syj_seccion_id_foreign` FOREIGN KEY (`syj_seccion_id`) REFERENCES `syj_secciones` (`id`)
) ENGINE=InnoDB AUTO_INCREMENT=27 DEFAULT CHARSET=utf8mb4 COLLATE=utf8mb4_unicode_ci;

--
-- Dumping data for table `syj_liq_empleado`
--

INSERT INTO `syj_liq_empleado` VALUES (1,8303,40719,1,1,0,44257.60,0.00,6,33,'Administrativa A',1,'Administración',1,'Administrativo',1,0,NULL,21,0.00,NULL,0.00,0.00,0.00,0.00,'2023-01-16',0.00,0,0.00,NULL,NULL,0,0,0.00,0,0,1,1,NULL,1,'2023-01-09 19:53:49','2023-01-09 19:58:00',NULL),(2,8303,40719,2,1,0,44257.60,0.00,6,33,'Administrativa A',1,'Administración',1,'Administrativo',1,0,NULL,0,96.00,NULL,0.00,0.00,0.00,0.00,NULL,0.00,0,0.00,NULL,NULL,0,0,0.00,0,0,0,1,NULL,1,'2023-01-09 19:53:49','2023-01-09 19:53:49',NULL),(3,8303,40719,3,1,0,44257.60,0.00,6,33,'Administrativa A',1,'Administración',1,'Administrativo',1,20,NULL,10,48.00,NULL,0.00,0.00,0.00,0.00,NULL,0.00,0,0.00,NULL,NULL,0,0,0.00,0,0,0,1,NULL,1,'2023-01-10 18:54:21','2023-01-10 19:03:57','2023-01-10 19:03:57'),(4,8303,40719,4,1,0,44257.60,0.00,6,33,'Administrativa A',1,'Administración',1,'Administrativo',1,30,NULL,0,96.00,NULL,0.00,0.00,0.00,0.00,NULL,0.00,0,0.00,NULL,NULL,0,0,0.00,0,0,0,1,NULL,1,'2023-01-10 18:56:20','2023-01-10 19:04:03','2023-01-10 19:04:03'),(5,8303,40719,5,1,0,35395.20,0.00,6,33,'Administrativa A',1,'Administración',1,'Administrativo',1,30,NULL,0,96.00,NULL,0.00,0.00,0.00,0.00,NULL,0.00,0,0.00,NULL,NULL,0,0,0.00,0,0,0,1,NULL,1,'2023-01-10 19:21:54','2023-01-11 14:07:00','2023-01-11 14:07:00'),(6,8303,40719,5,1,0,88135.92,0.00,6,33,'Administrativa A',1,'Administración',1,'Administrativo',1,30,NULL,0,96.00,NULL,0.00,0.00,0.00,0.00,NULL,0.00,0,0.00,NULL,NULL,0,0,0.00,0,0,0,1,NULL,1,'2023-01-11 14:07:00','2023-01-11 14:07:12','2023-01-11 14:07:12'),(7,8303,40719,5,1,0,88135.92,0.00,6,33,'Administrativa A',1,'Administración',1,'Administrativo',1,30,NULL,0,96.00,NULL,0.00,0.00,0.00,0.00,NULL,0.00,0,0.00,NULL,NULL,0,0,0.00,0,0,0,1,NULL,1,'2023-01-11 14:07:12','2023-01-11 14:12:34','2023-01-11 14:12:34'),(8,8303,40719,5,1,1,88135.92,0.00,6,33,'Administrativa A',1,'Administración',1,'Administrativo',1,30,NULL,0,96.00,NULL,50067.96,0.22,6759.18,43309.00,NULL,0.00,0,0.00,NULL,NULL,0,0,0.00,0,0,0,1,NULL,1,'2023-01-11 14:12:34','2023-01-11 17:25:05','2023-01-11 17:25:05'),(9,8303,40719,6,1,0,88135.92,0.00,6,33,'Administrativa A',1,'Administración',1,'Administrativo',1,30,NULL,0,96.00,NULL,0.00,0.00,0.00,0.00,NULL,0.00,0,0.00,NULL,NULL,0,0,0.00,0,0,0,1,NULL,1,'2023-01-11 17:24:03','2023-01-11 17:24:37','2023-01-11 17:24:37'),(10,8303,40719,7,1,0,88135.92,0.00,6,33,'Administrativa A',1,'Administración',1,'Administrativo',1,30,NULL,0,96.00,NULL,0.00,0.00,0.00,0.00,NULL,0.00,0,0.00,NULL,NULL,0,0,0.00,0,0,0,1,NULL,1,'2023-01-11 17:25:52','2023-01-11 17:31:23','2023-01-11 17:31:23'),(11,8303,40719,7,1,1,35395.20,0.00,5,25,'Administrativa A',1,'Administración',1,'Administrativo',1,30,NULL,0,96.00,NULL,26472.43,0.35,3573.78,22899.00,NULL,0.00,0,0.00,NULL,NULL,0,0,0.00,0,0,0,1,NULL,1,'2023-01-11 17:31:23','2023-01-11 21:28:03',NULL),(12,8303,40719,8,1,0,35395.20,0.00,5,25,'Administrativa A',1,'Administración',1,'Secretaria',1,30,NULL,0,96.00,NULL,0.00,0.00,0.00,0.00,NULL,0.00,0,0.00,NULL,NULL,0,0,0.00,0,0,0,1,NULL,1,'2023-01-11 21:38:11','2023-01-11 22:17:31','2023-01-11 22:17:31'),(13,8303,40719,8,1,1,35395.20,0.00,5,25,'Administrativa A',1,'Administración',1,'Secretaria',1,30,NULL,0,192.00,NULL,47944.85,0.70,6472.55,41473.00,NULL,0.00,0,0.00,NULL,NULL,0,0,0.00,0,0,0,1,NULL,1,'2023-01-11 22:17:31','2023-01-12 13:01:00','2023-01-12 13:01:00'),(14,8303,40719,8,1,1,84000.00,0.00,5,25,'Administrativa A',1,'Administración',1,'Secretaria',1,30,NULL,0,96.00,NULL,106916.86,0.91,14433.77,92484.00,NULL,0.00,0,0.00,NULL,NULL,0,0,0.00,0,0,0,1,NULL,1,'2023-01-12 13:01:00','2023-01-12 15:21:08','2023-01-12 15:21:08'),(15,8303,40719,8,1,1,84000.00,0.00,5,25,'Administrativa A',1,'Administración',1,'Secretaria',1,30,NULL,0,192.00,NULL,106916.86,0.91,14433.77,92484.00,NULL,0.00,0,0.00,NULL,NULL,0,0,0.00,0,0,0,1,NULL,1,'2023-01-12 15:21:08','2023-01-12 15:27:53','2023-01-12 15:27:53');
INSERT INTO `syj_liq_empleado` VALUES (16,8303,40719,8,1,0,84000.00,0.00,5,25,'Administrativa A',1,'Administración',1,'Secretaria',1,30,NULL,0,192.00,NULL,0.00,0.00,0.00,0.00,NULL,0.00,0,0.00,NULL,NULL,0,0,0.00,0,0,0,1,NULL,1,'2023-01-12 15:27:53','2023-01-12 15:27:54','2023-01-12 15:27:54'),(17,8303,40719,8,1,1,84000.00,0.00,5,25,'Administrativa A',1,'Administración',1,'Secretaria',1,30,NULL,0,192.00,NULL,106916.86,0.91,14433.77,92484.00,NULL,0.00,0,0.00,NULL,NULL,0,0,0.00,0,0,0,1,NULL,1,'2023-01-12 15:27:54','2023-01-12 17:51:20','2023-01-12 17:51:20'),(18,8303,40719,8,1,1,84000.00,0.00,5,25,'Administrativa A',1,'Administración',1,'Secretaria',1,28,NULL,2,192.00,NULL,106916.86,0.91,14433.77,92484.00,NULL,0.00,0,0.00,NULL,NULL,0,0,0.00,0,0,1,1,NULL,1,'2023-01-12 17:51:20','2023-01-12 22:16:54','2023-01-12 22:16:54'),(20,8303,40719,10,1,0,84000.00,0.00,5,25,'Administrativa A',1,'Administración',1,'Secretaria',1,30,NULL,0,192.00,NULL,0.00,0.00,0.00,0.00,NULL,0.00,0,0.00,NULL,NULL,0,0,0.00,0,0,0,1,NULL,1,'2023-01-12 18:13:38','2023-01-12 22:16:54','2023-01-12 22:16:54'),(21,8303,40719,8,1,0,84000.00,0.00,5,25,'Administrativa A',1,'Administración',1,'Secretaria',1,30,NULL,0,192.00,NULL,0.00,0.00,0.00,0.00,NULL,0.00,0,0.00,NULL,NULL,0,0,0.00,0,0,1,1,NULL,1,'2023-01-12 22:16:54','2023-01-12 22:25:23','2023-01-12 22:25:23'),(22,8303,40719,10,1,0,84000.00,0.00,5,25,'Administrativa A',1,'Administración',1,'Secretaria',1,30,NULL,0,192.00,NULL,0.00,0.00,0.00,0.00,NULL,0.00,0,0.00,NULL,NULL,0,0,0.00,0,0,0,1,NULL,1,'2023-01-12 22:16:54','2023-01-12 22:20:43','2023-01-12 22:20:43'),(23,8303,40719,8,1,0,84000.00,0.00,6,33,'Administrativa A',1,'Administración',1,'Secretaria',1,30,NULL,0,96.00,NULL,0.00,0.00,0.00,0.00,NULL,0.00,0,0.00,NULL,NULL,0,0,0.00,0,0,0,1,NULL,1,'2023-01-12 22:25:23','2023-01-13 20:19:59','2023-01-13 20:19:59'),(24,8303,40719,8,1,0,84000.00,0.00,6,33,'Administrativa A',1,'Administración',1,'Secretaria',1,30,NULL,0,96.00,NULL,0.00,0.00,0.00,0.00,NULL,0.00,0,0.00,NULL,NULL,0,0,0.00,0,0,0,1,NULL,1,'2023-01-13 20:19:59','2023-01-13 20:30:17','2023-01-13 20:30:17'),(25,8303,40719,8,1,0,84000.00,0.00,6,33,'Administrativa A',1,'Administración',1,'Secretaria',1,30,NULL,0,96.00,NULL,0.00,0.00,0.00,0.00,NULL,0.00,0,0.00,NULL,NULL,0,0,0.00,0,0,0,1,NULL,1,'2023-01-13 20:30:17','2023-01-13 20:30:20','2023-01-13 20:30:20'),(26,8303,40719,8,1,2,84000.00,0.00,6,33,'Administrativa A',1,'Administración',1,'Secretaria',1,30,NULL,0,96.00,NULL,56958.43,0.96,7689.39,49270.00,NULL,0.00,0,0.00,NULL,NULL,0,0,0.00,0,0,0,1,NULL,2,'2023-01-13 20:30:20','2023-01-13 20:34:03',NULL);

--
-- Table structure for table `syj_liq_empleado_detail`
--

CREATE TABLE `syj_liq_empleado_detail` (
  `id` int(10) unsigned NOT NULL AUTO_INCREMENT,
  `user_id` int(10) unsigned DEFAULT NULL,
  `syj_liq_empleado_id` int(10) unsigned DEFAULT NULL,
  `syj_concepto_id` int(10) unsigned DEFAULT NULL,
  `cantidad` decimal(16,2) NOT NULL DEFAULT '0.00',
  `valor` decimal(16,2) NOT NULL DEFAULT '0.00',
  `importe` decimal(16,2) NOT NULL DEFAULT '0.00',
  `created_at` timestamp NULL DEFAULT NULL,
  `updated_at` timestamp NULL DEFAULT NULL,
  `deleted_at` timestamp NULL DEFAULT NULL,
  PRIMARY KEY (`id`),
  KEY `syj_liq_empleado_detail_syj_liq_empleado_id_foreign` (`syj_liq_empleado_id`),
  KEY `syj_liq_empleado_detail_syj_concepto_id_foreign` (`syj_concepto_id`),
  CONSTRAINT `syj_liq_empleado_detail_syj_concepto_id_foreign` FOREIGN KEY (`syj_concepto_id`) REFERENCES `syj_conceptos` (`id`),
  CONSTRAINT `syj_liq_empleado_detail_syj_liq_empleado_id_foreign` FOREIGN KEY (`syj_liq_empleado_id`) REFERENCES `syj_liq_empleado` (`id`)
) ENGINE=InnoDB AUTO_INCREMENT=541 DEFAULT CHARSET=utf8mb4 COLLATE=utf8mb4_unicode_ci;

--
-- Dumping data for table `syj_liq_empleado_detail`
--

INSERT INTO `syj_liq_empleado_detail` VALUES (1,8303,1,1688,0.00,230.51,0.00,'2023-01-09 19:55:30','2023-01-09 19:55:30',NULL),(2,8303,1,3426,0.00,147.52,0.00,'2023-01-09 19:55:30','2023-01-09 19:55:30',NULL),(3,8303,1,1694,1.00,0.00,0.00,'2023-01-09 19:55:30','2023-01-09 19:55:30',NULL),(4,8303,1,1624,1.00,0.00,0.00,'2023-01-09 19:55:30','2023-01-09 19:55:30',NULL),(5,8303,1,1688,0.00,230.51,0.00,'2023-01-09 19:58:00','2023-01-09 19:58:00',NULL),(6,8303,1,3426,0.00,147.52,0.00,'2023-01-09 19:58:00','2023-01-09 19:58:00',NULL),(7,8303,1,1694,1.00,0.00,0.00,'2023-01-09 19:58:00','2023-01-09 19:58:00',NULL),(8,8303,1,1624,1.00,0.00,0.00,'2023-01-09 19:58:00','2023-01-09 19:58:00',NULL),(9,8303,3,1674,1.00,737.63,0.00,'2023-01-10 18:58:23','2023-01-10 18:58:35','2023-01-10 18:58:35'),(10,8303,3,1675,0.00,737.63,0.00,'2023-01-10 18:58:23','2023-01-10 18:58:35','2023-01-10 18:58:35'),(11,8303,3,1633,0.00,737.63,0.00,'2023-01-10 18:58:23','2023-01-10 18:58:35','2023-01-10 18:58:35'),(12,8303,3,1688,0.00,230.51,0.00,'2023-01-10 18:58:23','2023-01-10 18:58:35','2023-01-10 18:58:35'),(13,8303,3,1635,0.00,345.76,0.00,'2023-01-10 18:58:23','2023-01-10 18:58:35','2023-01-10 18:58:35'),(14,8303,3,1636,0.00,461.02,0.00,'2023-01-10 18:58:23','2023-01-10 18:58:35','2023-01-10 18:58:35'),(15,8303,3,1678,0.00,885.15,0.00,'2023-01-10 18:58:23','2023-01-10 18:58:35','2023-01-10 18:58:35'),(16,8303,3,1637,0.00,885.15,0.00,'2023-01-10 18:58:23','2023-01-10 18:58:35','2023-01-10 18:58:35'),(17,8303,3,3426,0.00,147.52,0.00,'2023-01-10 18:58:23','2023-01-10 18:58:35','2023-01-10 18:58:35'),(18,8303,3,1639,0.00,23972.13,0.00,'2023-01-10 18:58:23','2023-01-10 18:58:35','2023-01-10 18:58:35'),(19,8303,3,1628,1.00,4000.00,4000.00,'2023-01-10 18:58:23','2023-01-10 18:58:35','2023-01-10 18:58:35'),(20,8303,3,1687,1.00,2000.00,2000.00,'2023-01-10 18:58:23','2023-01-10 18:58:35','2023-01-10 18:58:35'),(21,8303,3,1694,1.00,0.00,0.00,'2023-01-10 18:58:23','2023-01-10 18:58:35','2023-01-10 18:58:35'),(22,8303,3,1624,1.00,0.00,0.00,'2023-01-10 18:58:23','2023-01-10 18:58:35','2023-01-10 18:58:35'),(23,8303,5,1674,0.00,589.92,0.00,'2023-01-11 14:01:08','2023-01-11 14:01:12','2023-01-11 14:01:12'),(24,8303,5,1675,0.00,589.92,0.00,'2023-01-11 14:01:08','2023-01-11 14:01:12','2023-01-11 14:01:12'),(25,8303,5,1633,0.00,660.71,0.00,'2023-01-11 14:01:08','2023-01-11 14:01:12','2023-01-11 14:01:12'),(26,8303,5,1688,0.00,184.35,0.00,'2023-01-11 14:01:08','2023-01-11 14:01:12','2023-01-11 14:01:12'),(27,8303,5,1635,0.00,276.53,0.00,'2023-01-11 14:01:08','2023-01-11 14:01:12','2023-01-11 14:01:12'),(28,8303,5,1636,0.00,368.70,0.00,'2023-01-11 14:01:08','2023-01-11 14:01:12','2023-01-11 14:01:12'),(29,8303,5,1678,0.00,707.90,0.00,'2023-01-11 14:01:08','2023-01-11 14:01:12','2023-01-11 14:01:12'),(30,8303,5,1637,0.00,707.90,0.00,'2023-01-11 14:01:08','2023-01-11 14:01:12','2023-01-11 14:01:12'),(31,8303,5,3426,0.00,117.98,0.00,'2023-01-11 14:01:08','2023-01-11 14:01:12','2023-01-11 14:01:12'),(32,8303,5,1639,0.00,21472.43,0.00,'2023-01-11 14:01:08','2023-01-11 14:01:12','2023-01-11 14:01:12'),(33,8303,5,1628,1.00,4000.00,4000.00,'2023-01-11 14:01:08','2023-01-11 14:01:12','2023-01-11 14:01:12'),(34,8303,5,1687,1.00,2000.00,2000.00,'2023-01-11 14:01:08','2023-01-11 14:01:12','2023-01-11 14:01:12'),(35,8303,5,1694,1.00,0.00,0.00,'2023-01-11 14:01:08','2023-01-11 14:01:12','2023-01-11 14:01:12'),(36,8303,5,1624,1.00,0.00,0.00,'2023-01-11 14:01:08','2023-01-11 14:01:12','2023-01-11 14:01:12'),(37,8303,8,1681,30.00,1468.93,44067.96,'2023-01-11 14:15:47','2023-01-11 14:16:06','2023-01-11 14:16:06'),(38,8303,8,1682,12.00,44067.96,5288.16,'2023-01-11 14:15:47','2023-01-11 14:16:06','2023-01-11 14:16:06'),(39,8303,8,1684,1.00,53467.48,53467.48,'2023-01-11 14:15:47','2023-01-11 14:16:06','2023-01-11 14:16:06'),(40,8303,8,1683,1.00,1468.93,1468.93,'2023-01-11 14:15:47','2023-01-11 14:16:06','2023-01-11 14:16:06'),(41,8303,8,1685,8.33,49356.12,4111.36,'2023-01-11 14:15:47','2023-01-11 14:16:06','2023-01-11 14:16:06');
INSERT INTO `syj_liq_empleado_detail` VALUES (42,8303,8,1676,30.00,1468.93,44067.96,'2023-01-11 14:15:47','2023-01-11 14:16:06','2023-01-11 14:16:06'),(43,8303,8,1628,1.00,4000.00,4000.00,'2023-01-11 14:15:47','2023-01-11 14:16:06','2023-01-11 14:16:06'),(44,8303,8,1687,1.00,2000.00,2000.00,'2023-01-11 14:15:47','2023-01-11 14:16:06','2023-01-11 14:16:06'),(45,8303,8,1623,1.00,1.00,0.22,'2023-01-11 14:15:47','2023-01-11 14:16:06','2023-01-11 14:16:06'),(46,8303,8,1658,11.00,50067.96,5507.48,'2023-01-11 14:15:47','2023-01-11 14:16:06','2023-01-11 14:16:06'),(47,8303,8,1661,2.00,50067.96,1001.36,'2023-01-11 14:15:47','2023-01-11 14:16:06','2023-01-11 14:16:06'),(48,8303,8,1769,0.50,50067.96,250.34,'2023-01-11 14:15:47','2023-01-11 14:16:06','2023-01-11 14:16:06'),(49,8303,8,1674,0.00,1468.93,0.00,'2023-01-11 14:16:28','2023-01-11 14:17:11','2023-01-11 14:17:11'),(50,8303,8,1675,0.00,1468.93,0.00,'2023-01-11 14:16:28','2023-01-11 14:17:11','2023-01-11 14:17:11'),(51,8303,8,1633,0.00,1645.20,0.00,'2023-01-11 14:16:28','2023-01-11 14:17:11','2023-01-11 14:17:11'),(52,8303,8,1688,0.00,459.04,0.00,'2023-01-11 14:16:28','2023-01-11 14:17:11','2023-01-11 14:17:11'),(53,8303,8,1635,0.00,688.56,0.00,'2023-01-11 14:16:28','2023-01-11 14:17:11','2023-01-11 14:17:11'),(54,8303,8,1636,0.00,918.08,0.00,'2023-01-11 14:16:28','2023-01-11 14:17:11','2023-01-11 14:17:11'),(55,8303,8,1678,0.00,1762.72,0.00,'2023-01-11 14:16:28','2023-01-11 14:17:11','2023-01-11 14:17:11'),(56,8303,8,1637,0.00,1762.72,0.00,'2023-01-11 14:16:28','2023-01-11 14:17:11','2023-01-11 14:17:11'),(57,8303,8,3426,0.00,293.79,0.00,'2023-01-11 14:16:28','2023-01-11 14:17:11','2023-01-11 14:17:11'),(58,8303,8,1639,0.00,53467.48,0.00,'2023-01-11 14:16:28','2023-01-11 14:17:11','2023-01-11 14:17:11'),(59,8303,8,1628,1.00,4000.00,4000.00,'2023-01-11 14:16:28','2023-01-11 14:17:11','2023-01-11 14:17:11'),(60,8303,8,1687,1.00,2000.00,2000.00,'2023-01-11 14:16:28','2023-01-11 14:17:11','2023-01-11 14:17:11'),(61,8303,8,1694,1.00,0.00,0.00,'2023-01-11 14:16:28','2023-01-11 14:17:11','2023-01-11 14:17:11'),(62,8303,8,1624,1.00,0.00,0.00,'2023-01-11 14:16:28','2023-01-11 14:17:11','2023-01-11 14:17:11'),(63,8303,8,1674,0.00,1468.93,0.00,'2023-01-11 14:16:36','2023-01-11 14:17:11','2023-01-11 14:17:11'),(64,8303,8,1675,0.00,1468.93,0.00,'2023-01-11 14:16:36','2023-01-11 14:17:11','2023-01-11 14:17:11'),(65,8303,8,1633,0.00,1645.20,0.00,'2023-01-11 14:16:36','2023-01-11 14:17:11','2023-01-11 14:17:11'),(66,8303,8,1688,0.00,459.04,0.00,'2023-01-11 14:16:36','2023-01-11 14:17:11','2023-01-11 14:17:11'),(67,8303,8,1635,0.00,688.56,0.00,'2023-01-11 14:16:36','2023-01-11 14:17:11','2023-01-11 14:17:11'),(68,8303,8,1636,0.00,918.08,0.00,'2023-01-11 14:16:36','2023-01-11 14:17:11','2023-01-11 14:17:11'),(69,8303,8,1678,0.00,1762.72,0.00,'2023-01-11 14:16:36','2023-01-11 14:17:11','2023-01-11 14:17:11'),(70,8303,8,1637,0.00,1762.72,0.00,'2023-01-11 14:16:36','2023-01-11 14:17:11','2023-01-11 14:17:11'),(71,8303,8,3426,0.00,293.79,0.00,'2023-01-11 14:16:36','2023-01-11 14:17:11','2023-01-11 14:17:11'),(72,8303,8,1639,0.00,53467.48,0.00,'2023-01-11 14:16:36','2023-01-11 14:17:11','2023-01-11 14:17:11'),(73,8303,8,1628,1.00,4000.00,4000.00,'2023-01-11 14:16:36','2023-01-11 14:17:11','2023-01-11 14:17:11'),(74,8303,8,1687,1.00,2000.00,2000.00,'2023-01-11 14:16:36','2023-01-11 14:17:11','2023-01-11 14:17:11'),(75,8303,8,1694,1.00,0.00,0.00,'2023-01-11 14:16:36','2023-01-11 14:17:11','2023-01-11 14:17:11'),(76,8303,8,1624,1.00,0.00,0.00,'2023-01-11 14:16:36','2023-01-11 14:17:11','2023-01-11 14:17:11'),(77,8303,8,1674,0.00,1468.93,0.00,'2023-01-11 14:17:07','2023-01-11 14:17:11','2023-01-11 14:17:11'),(78,8303,8,1675,0.00,1468.93,0.00,'2023-01-11 14:17:07','2023-01-11 14:17:11','2023-01-11 14:17:11'),(79,8303,8,1633,0.00,1645.20,0.00,'2023-01-11 14:17:07','2023-01-11 14:17:11','2023-01-11 14:17:11'),(80,8303,8,1688,0.00,459.04,0.00,'2023-01-11 14:17:07','2023-01-11 14:17:11','2023-01-11 14:17:11');
INSERT INTO `syj_liq_empleado_detail` VALUES (81,8303,8,1635,0.00,688.56,0.00,'2023-01-11 14:17:07','2023-01-11 14:17:11','2023-01-11 14:17:11'),(82,8303,8,1636,0.00,918.08,0.00,'2023-01-11 14:17:07','2023-01-11 14:17:11','2023-01-11 14:17:11'),(83,8303,8,1678,0.00,1762.72,0.00,'2023-01-11 14:17:07','2023-01-11 14:17:11','2023-01-11 14:17:11'),(84,8303,8,1637,0.00,1762.72,0.00,'2023-01-11 14:17:07','2023-01-11 14:17:11','2023-01-11 14:17:11'),(85,8303,8,3426,0.00,293.79,0.00,'2023-01-11 14:17:07','2023-01-11 14:17:11','2023-01-11 14:17:11'),(86,8303,8,1639,0.00,53467.48,0.00,'2023-01-11 14:17:07','2023-01-11 14:17:11','2023-01-11 14:17:11'),(87,8303,8,1628,1.00,4000.00,4000.00,'2023-01-11 14:17:07','2023-01-11 14:17:11','2023-01-11 14:17:11'),(88,8303,8,1687,1.00,2000.00,2000.00,'2023-01-11 14:17:07','2023-01-11 14:17:11','2023-01-11 14:17:11'),(89,8303,8,1694,1.00,0.00,0.00,'2023-01-11 14:17:07','2023-01-11 14:17:11','2023-01-11 14:17:11'),(90,8303,8,1624,1.00,0.00,0.00,'2023-01-11 14:17:07','2023-01-11 14:17:11','2023-01-11 14:17:11'),(91,8303,8,1674,0.00,1468.93,0.00,'2023-01-11 14:17:30','2023-01-11 14:17:34','2023-01-11 14:17:34'),(92,8303,8,1675,0.00,1468.93,0.00,'2023-01-11 14:17:30','2023-01-11 14:17:34','2023-01-11 14:17:34'),(93,8303,8,1633,0.00,1645.20,0.00,'2023-01-11 14:17:30','2023-01-11 14:17:34','2023-01-11 14:17:34'),(94,8303,8,1688,0.00,459.04,0.00,'2023-01-11 14:17:30','2023-01-11 14:17:34','2023-01-11 14:17:34'),(95,8303,8,1635,0.00,688.56,0.00,'2023-01-11 14:17:30','2023-01-11 14:17:34','2023-01-11 14:17:34'),(96,8303,8,1636,0.00,918.08,0.00,'2023-01-11 14:17:30','2023-01-11 14:17:34','2023-01-11 14:17:34'),(97,8303,8,1678,0.00,1762.72,0.00,'2023-01-11 14:17:30','2023-01-11 14:17:34','2023-01-11 14:17:34'),(98,8303,8,1637,0.00,1762.72,0.00,'2023-01-11 14:17:30','2023-01-11 14:17:34','2023-01-11 14:17:34'),(99,8303,8,3426,0.00,293.79,0.00,'2023-01-11 14:17:30','2023-01-11 14:17:34','2023-01-11 14:17:34'),(100,8303,8,1639,0.00,53467.48,0.00,'2023-01-11 14:17:30','2023-01-11 14:17:34','2023-01-11 14:17:34'),(101,8303,8,1628,1.00,4000.00,4000.00,'2023-01-11 14:17:30','2023-01-11 14:17:34','2023-01-11 14:17:34'),(102,8303,8,1687,1.00,2000.00,2000.00,'2023-01-11 14:17:30','2023-01-11 14:17:34','2023-01-11 14:17:34'),(103,8303,8,1694,1.00,0.00,0.00,'2023-01-11 14:17:30','2023-01-11 14:17:34','2023-01-11 14:17:34'),(104,8303,8,1624,1.00,0.00,0.00,'2023-01-11 14:17:30','2023-01-11 14:17:34','2023-01-11 14:17:34'),(105,8303,8,1681,30.00,1468.93,44067.96,'2023-01-11 14:17:52','2023-01-11 14:18:03','2023-01-11 14:18:03'),(106,8303,8,1682,12.00,44067.96,5288.16,'2023-01-11 14:17:52','2023-01-11 14:18:03','2023-01-11 14:18:03'),(107,8303,8,1684,1.00,53467.48,53467.48,'2023-01-11 14:17:52','2023-01-11 14:18:03','2023-01-11 14:18:03'),(108,8303,8,1683,1.00,1468.93,1468.93,'2023-01-11 14:17:52','2023-01-11 14:18:03','2023-01-11 14:18:03'),(109,8303,8,1685,8.33,49356.12,4111.36,'2023-01-11 14:17:52','2023-01-11 14:18:03','2023-01-11 14:18:03'),(110,8303,8,1676,30.00,1468.93,44067.96,'2023-01-11 14:17:52','2023-01-11 14:18:03','2023-01-11 14:18:03'),(111,8303,8,1628,1.00,4000.00,4000.00,'2023-01-11 14:17:52','2023-01-11 14:18:03','2023-01-11 14:18:03'),(112,8303,8,1687,1.00,2000.00,2000.00,'2023-01-11 14:17:52','2023-01-11 14:18:03','2023-01-11 14:18:03'),(113,8303,8,1623,1.00,1.00,0.22,'2023-01-11 14:17:52','2023-01-11 14:18:03','2023-01-11 14:18:03'),(114,8303,8,1658,11.00,50067.96,5507.48,'2023-01-11 14:17:52','2023-01-11 14:18:03','2023-01-11 14:18:03'),(115,8303,8,1661,2.00,50067.96,1001.36,'2023-01-11 14:17:52','2023-01-11 14:18:03','2023-01-11 14:18:03'),(116,8303,8,1769,0.50,50067.96,250.34,'2023-01-11 14:17:52','2023-01-11 14:18:03','2023-01-11 14:18:03'),(117,8303,8,1681,30.00,1468.93,44067.96,'2023-01-11 14:18:19','2023-01-11 14:18:25','2023-01-11 14:18:25'),(118,8303,8,1682,12.00,44067.96,5288.16,'2023-01-11 14:18:19','2023-01-11 14:18:25','2023-01-11 14:18:25');
INSERT INTO `syj_liq_empleado_detail` VALUES (119,8303,8,1684,1.00,53467.48,53467.48,'2023-01-11 14:18:19','2023-01-11 14:18:25','2023-01-11 14:18:25'),(120,8303,8,1683,1.00,1468.93,1468.93,'2023-01-11 14:18:19','2023-01-11 14:18:25','2023-01-11 14:18:25'),(121,8303,8,1685,8.33,49356.12,4111.36,'2023-01-11 14:18:19','2023-01-11 14:18:25','2023-01-11 14:18:25'),(122,8303,8,1676,30.00,1468.93,44067.96,'2023-01-11 14:18:19','2023-01-11 14:18:25','2023-01-11 14:18:25'),(123,8303,8,1628,1.00,4000.00,4000.00,'2023-01-11 14:18:19','2023-01-11 14:18:25','2023-01-11 14:18:25'),(124,8303,8,1687,1.00,2000.00,2000.00,'2023-01-11 14:18:19','2023-01-11 14:18:25','2023-01-11 14:18:25'),(125,8303,8,1623,1.00,1.00,0.22,'2023-01-11 14:18:19','2023-01-11 14:18:25','2023-01-11 14:18:25'),(126,8303,8,1658,11.00,50067.96,5507.48,'2023-01-11 14:18:19','2023-01-11 14:18:25','2023-01-11 14:18:25'),(127,8303,8,1661,2.00,50067.96,1001.36,'2023-01-11 14:18:19','2023-01-11 14:18:25','2023-01-11 14:18:25'),(128,8303,8,1769,0.50,50067.96,250.34,'2023-01-11 14:18:19','2023-01-11 14:18:25','2023-01-11 14:18:25'),(129,8303,8,1674,0.00,1468.93,0.00,'2023-01-11 14:18:48','2023-01-11 14:19:10','2023-01-11 14:19:10'),(130,8303,8,1675,0.00,1468.93,0.00,'2023-01-11 14:18:48','2023-01-11 14:19:10','2023-01-11 14:19:10'),(131,8303,8,1633,0.00,1645.20,0.00,'2023-01-11 14:18:48','2023-01-11 14:19:10','2023-01-11 14:19:10'),(132,8303,8,1688,0.00,459.04,0.00,'2023-01-11 14:18:48','2023-01-11 14:19:10','2023-01-11 14:19:10'),(133,8303,8,1635,0.00,688.56,0.00,'2023-01-11 14:18:48','2023-01-11 14:19:10','2023-01-11 14:19:10'),(134,8303,8,1636,0.00,918.08,0.00,'2023-01-11 14:18:48','2023-01-11 14:19:10','2023-01-11 14:19:10'),(135,8303,8,1678,0.00,1762.72,0.00,'2023-01-11 14:18:48','2023-01-11 14:19:10','2023-01-11 14:19:10'),(136,8303,8,1637,0.00,1762.72,0.00,'2023-01-11 14:18:48','2023-01-11 14:19:10','2023-01-11 14:19:10'),(137,8303,8,3426,0.00,293.79,0.00,'2023-01-11 14:18:48','2023-01-11 14:19:10','2023-01-11 14:19:10'),(138,8303,8,1639,0.00,53467.48,0.00,'2023-01-11 14:18:48','2023-01-11 14:19:10','2023-01-11 14:19:10'),(139,8303,8,1628,1.00,4000.00,4000.00,'2023-01-11 14:18:48','2023-01-11 14:19:10','2023-01-11 14:19:10'),(140,8303,8,1687,1.00,2000.00,2000.00,'2023-01-11 14:18:48','2023-01-11 14:19:10','2023-01-11 14:19:10'),(141,8303,8,1694,1.00,0.00,0.00,'2023-01-11 14:18:48','2023-01-11 14:19:10','2023-01-11 14:19:10'),(142,8303,8,1624,1.00,0.00,0.00,'2023-01-11 14:18:48','2023-01-11 14:19:10','2023-01-11 14:19:10'),(143,8303,8,1681,30.00,1468.93,44067.96,'2023-01-11 14:19:10','2023-01-11 17:24:50','2023-01-11 17:24:50'),(144,8303,8,1682,12.00,44067.96,5288.16,'2023-01-11 14:19:10','2023-01-11 17:24:50','2023-01-11 17:24:50'),(145,8303,8,1684,1.00,53467.48,53467.48,'2023-01-11 14:19:10','2023-01-11 17:24:50','2023-01-11 17:24:50'),(146,8303,8,1683,1.00,1468.93,1468.93,'2023-01-11 14:19:10','2023-01-11 17:24:50','2023-01-11 17:24:50'),(147,8303,8,1685,8.33,49356.12,4111.36,'2023-01-11 14:19:10','2023-01-11 17:24:50','2023-01-11 17:24:50'),(148,8303,8,1676,30.00,1468.93,44067.96,'2023-01-11 14:19:10','2023-01-11 17:24:50','2023-01-11 17:24:50'),(149,8303,8,1628,1.00,4000.00,4000.00,'2023-01-11 14:19:10','2023-01-11 17:24:50','2023-01-11 17:24:50'),(150,8303,8,1687,1.00,2000.00,2000.00,'2023-01-11 14:19:10','2023-01-11 17:24:50','2023-01-11 17:24:50'),(151,8303,8,1623,1.00,1.00,0.22,'2023-01-11 14:19:10','2023-01-11 17:24:50','2023-01-11 17:24:50'),(152,8303,8,1658,11.00,50067.96,5507.48,'2023-01-11 14:19:10','2023-01-11 17:24:50','2023-01-11 17:24:50'),(153,8303,8,1661,2.00,50067.96,1001.36,'2023-01-11 14:19:10','2023-01-11 17:24:50','2023-01-11 17:24:50'),(154,8303,8,1769,0.50,50067.96,250.34,'2023-01-11 14:19:10','2023-01-11 17:24:50','2023-01-11 17:24:50'),(155,8303,11,350,0.00,589.92,0.00,'2023-01-11 17:35:28','2023-01-11 17:35:32','2023-01-11 17:35:32'),(156,8303,11,351,0.00,589.92,0.00,'2023-01-11 17:35:28','2023-01-11 17:35:32','2023-01-11 17:35:32');
INSERT INTO `syj_liq_empleado_detail` VALUES (157,8303,11,301,0.00,660.71,0.00,'2023-01-11 17:35:28','2023-01-11 17:35:32','2023-01-11 17:35:32'),(158,8303,11,1467,0.00,184.35,0.00,'2023-01-11 17:35:28','2023-01-11 17:35:32','2023-01-11 17:35:32'),(159,8303,11,303,0.00,276.53,0.00,'2023-01-11 17:35:28','2023-01-11 17:35:32','2023-01-11 17:35:32'),(160,8303,11,304,0.00,368.70,0.00,'2023-01-11 17:35:28','2023-01-11 17:35:32','2023-01-11 17:35:32'),(161,8303,11,354,0.00,707.90,0.00,'2023-01-11 17:35:28','2023-01-11 17:35:32','2023-01-11 17:35:32'),(162,8303,11,305,0.00,707.90,0.00,'2023-01-11 17:35:28','2023-01-11 17:35:32','2023-01-11 17:35:32'),(163,8303,11,3425,0.00,117.98,0.00,'2023-01-11 17:35:28','2023-01-11 17:35:32','2023-01-11 17:35:32'),(164,8303,11,307,0.00,21472.43,0.00,'2023-01-11 17:35:28','2023-01-11 17:35:32','2023-01-11 17:35:32'),(165,8303,11,291,1.00,4000.00,4000.00,'2023-01-11 17:35:28','2023-01-11 17:35:32','2023-01-11 17:35:32'),(166,8303,11,1466,1.00,1000.00,1000.00,'2023-01-11 17:35:28','2023-01-11 17:35:32','2023-01-11 17:35:32'),(167,8303,11,1620,1.00,0.00,0.00,'2023-01-11 17:35:28','2023-01-11 17:35:32','2023-01-11 17:35:32'),(168,8303,11,286,1.00,0.00,0.00,'2023-01-11 17:35:28','2023-01-11 17:35:32','2023-01-11 17:35:32'),(169,8303,11,1459,30.00,589.92,17697.60,'2023-01-11 17:36:12','2023-01-11 18:44:23','2023-01-11 18:44:23'),(170,8303,11,1460,12.00,17697.60,2123.71,'2023-01-11 17:36:12','2023-01-11 18:44:23','2023-01-11 18:44:23'),(171,8303,11,1462,1.00,21472.43,21472.43,'2023-01-11 17:36:12','2023-01-11 18:44:23','2023-01-11 18:44:23'),(172,8303,11,1461,1.00,589.92,589.92,'2023-01-11 17:36:12','2023-01-11 18:44:23','2023-01-11 18:44:23'),(173,8303,11,1463,8.33,19821.31,1651.12,'2023-01-11 17:36:12','2023-01-11 18:44:23','2023-01-11 18:44:23'),(174,8303,11,352,30.00,589.92,17697.60,'2023-01-11 17:36:12','2023-01-11 18:44:23','2023-01-11 18:44:23'),(175,8303,11,1464,12.00,17697.60,2123.71,'2023-01-11 17:36:12','2023-01-11 18:44:23','2023-01-11 18:44:23'),(176,8303,11,302,8.33,19821.31,1651.12,'2023-01-11 17:36:12','2023-01-11 18:44:23','2023-01-11 18:44:23'),(177,8303,11,291,1.00,4000.00,4000.00,'2023-01-11 17:36:12','2023-01-11 18:44:23','2023-01-11 18:44:23'),(178,8303,11,1466,1.00,1000.00,1000.00,'2023-01-11 17:36:12','2023-01-11 18:44:23','2023-01-11 18:44:23'),(179,8303,11,285,1.00,1.00,0.35,'2023-01-11 17:36:12','2023-01-11 18:44:23','2023-01-11 18:44:23'),(180,8303,11,331,11.00,26472.43,2911.97,'2023-01-11 17:36:12','2023-01-11 18:44:23','2023-01-11 18:44:23'),(181,8303,11,334,2.50,26472.43,661.81,'2023-01-11 17:36:12','2023-01-11 18:44:23','2023-01-11 18:44:23'),(182,8303,11,1459,30.00,589.92,17697.60,'2023-01-11 18:45:06','2023-01-11 18:45:21','2023-01-11 18:45:21'),(183,8303,11,1460,12.00,17697.60,2123.71,'2023-01-11 18:45:06','2023-01-11 18:45:21','2023-01-11 18:45:21'),(184,8303,11,1462,1.00,21472.43,21472.43,'2023-01-11 18:45:06','2023-01-11 18:45:21','2023-01-11 18:45:21'),(185,8303,11,1461,1.00,589.92,589.92,'2023-01-11 18:45:06','2023-01-11 18:45:21','2023-01-11 18:45:21'),(186,8303,11,1463,8.33,19821.31,1651.12,'2023-01-11 18:45:06','2023-01-11 18:45:21','2023-01-11 18:45:21'),(187,8303,11,352,30.00,589.92,17697.60,'2023-01-11 18:45:06','2023-01-11 18:45:21','2023-01-11 18:45:21'),(188,8303,11,1464,12.00,17697.60,2123.71,'2023-01-11 18:45:06','2023-01-11 18:45:21','2023-01-11 18:45:21'),(189,8303,11,302,8.33,19821.31,1651.12,'2023-01-11 18:45:06','2023-01-11 18:45:21','2023-01-11 18:45:21'),(190,8303,11,291,1.00,4000.00,4000.00,'2023-01-11 18:45:06','2023-01-11 18:45:21','2023-01-11 18:45:21'),(191,8303,11,1466,1.00,1000.00,1000.00,'2023-01-11 18:45:06','2023-01-11 18:45:21','2023-01-11 18:45:21'),(192,8303,11,285,1.00,1.00,0.35,'2023-01-11 18:45:06','2023-01-11 18:45:21','2023-01-11 18:45:21'),(193,8303,11,331,11.00,26472.43,2911.97,'2023-01-11 18:45:06','2023-01-11 18:45:21','2023-01-11 18:45:21'),(194,8303,11,334,2.50,26472.43,661.81,'2023-01-11 18:45:06','2023-01-11 18:45:21','2023-01-11 18:45:21');
INSERT INTO `syj_liq_empleado_detail` VALUES (195,8303,12,350,0.00,589.92,0.00,'2023-01-11 21:40:34','2023-01-11 21:52:09','2023-01-11 21:52:09'),(196,8303,12,351,0.00,589.92,0.00,'2023-01-11 21:40:34','2023-01-11 21:52:09','2023-01-11 21:52:09'),(197,8303,12,301,0.00,660.71,0.00,'2023-01-11 21:40:34','2023-01-11 21:52:09','2023-01-11 21:52:09'),(198,8303,12,1467,0.00,184.35,0.00,'2023-01-11 21:40:34','2023-01-11 21:52:09','2023-01-11 21:52:09'),(199,8303,12,303,0.00,276.53,0.00,'2023-01-11 21:40:34','2023-01-11 21:52:09','2023-01-11 21:52:09'),(200,8303,12,304,0.00,368.70,0.00,'2023-01-11 21:40:34','2023-01-11 21:52:09','2023-01-11 21:52:09'),(201,8303,12,354,0.00,707.90,0.00,'2023-01-11 21:40:34','2023-01-11 21:52:09','2023-01-11 21:52:09'),(202,8303,12,305,0.00,707.90,0.00,'2023-01-11 21:40:34','2023-01-11 21:52:09','2023-01-11 21:52:09'),(203,8303,12,3425,0.00,117.98,0.00,'2023-01-11 21:40:34','2023-01-11 21:52:09','2023-01-11 21:52:09'),(204,8303,12,307,0.00,21472.43,0.00,'2023-01-11 21:40:34','2023-01-11 21:52:09','2023-01-11 21:52:09'),(205,8303,12,291,1.00,4000.00,4000.00,'2023-01-11 21:40:34','2023-01-11 21:52:09','2023-01-11 21:52:09'),(206,8303,12,1466,1.00,1000.00,1000.00,'2023-01-11 21:40:34','2023-01-11 21:52:09','2023-01-11 21:52:09'),(207,8303,12,1620,1.00,0.00,0.00,'2023-01-11 21:40:34','2023-01-11 21:52:09','2023-01-11 21:52:09'),(208,8303,12,286,1.00,0.00,0.00,'2023-01-11 21:40:34','2023-01-11 21:52:09','2023-01-11 21:52:09'),(209,8303,13,350,0.00,1179.84,0.00,'2023-01-11 22:39:02','2023-01-12 12:44:37','2023-01-12 12:44:37'),(210,8303,13,351,0.00,1179.84,0.00,'2023-01-11 22:39:02','2023-01-12 12:44:37','2023-01-12 12:44:37'),(211,8303,13,301,0.00,1321.42,0.00,'2023-01-11 22:39:02','2023-01-12 12:44:37','2023-01-12 12:44:37'),(212,8303,13,1467,0.00,184.35,0.00,'2023-01-11 22:39:02','2023-01-12 12:44:37','2023-01-12 12:44:37'),(213,8303,13,303,0.00,276.53,0.00,'2023-01-11 22:39:02','2023-01-12 12:44:37','2023-01-12 12:44:37'),(214,8303,13,304,0.00,368.70,0.00,'2023-01-11 22:39:02','2023-01-12 12:44:37','2023-01-12 12:44:37'),(215,8303,13,354,0.00,1415.81,0.00,'2023-01-11 22:39:02','2023-01-12 12:44:37','2023-01-12 12:44:37'),(216,8303,13,305,0.00,1415.81,0.00,'2023-01-11 22:39:02','2023-01-12 12:44:37','2023-01-12 12:44:37'),(217,8303,13,3425,0.00,235.97,0.00,'2023-01-11 22:39:02','2023-01-12 12:44:37','2023-01-12 12:44:37'),(218,8303,13,307,0.00,42944.85,0.00,'2023-01-11 22:39:02','2023-01-12 12:44:37','2023-01-12 12:44:37'),(219,8303,13,291,1.00,4000.00,4000.00,'2023-01-11 22:39:02','2023-01-12 12:44:37','2023-01-12 12:44:37'),(220,8303,13,1466,1.00,1000.00,1000.00,'2023-01-11 22:39:02','2023-01-12 12:44:37','2023-01-12 12:44:37'),(221,8303,13,1620,1.00,0.00,0.00,'2023-01-11 22:39:02','2023-01-12 12:44:37','2023-01-12 12:44:37'),(222,8303,13,286,1.00,0.00,0.00,'2023-01-11 22:39:02','2023-01-12 12:44:37','2023-01-12 12:44:37'),(223,8303,13,350,0.00,1179.84,0.00,'2023-01-12 12:43:14','2023-01-12 12:44:37','2023-01-12 12:44:37'),(224,8303,13,351,0.00,1179.84,0.00,'2023-01-12 12:43:14','2023-01-12 12:44:37','2023-01-12 12:44:37'),(225,8303,13,301,0.00,1321.42,0.00,'2023-01-12 12:43:14','2023-01-12 12:44:37','2023-01-12 12:44:37'),(226,8303,13,1467,0.00,184.35,0.00,'2023-01-12 12:43:14','2023-01-12 12:44:37','2023-01-12 12:44:37'),(227,8303,13,303,0.00,276.53,0.00,'2023-01-12 12:43:14','2023-01-12 12:44:37','2023-01-12 12:44:37'),(228,8303,13,304,0.00,368.70,0.00,'2023-01-12 12:43:14','2023-01-12 12:44:37','2023-01-12 12:44:37'),(229,8303,13,354,0.00,1415.81,0.00,'2023-01-12 12:43:14','2023-01-12 12:44:37','2023-01-12 12:44:37'),(230,8303,13,305,0.00,1415.81,0.00,'2023-01-12 12:43:14','2023-01-12 12:44:37','2023-01-12 12:44:37'),(231,8303,13,3425,0.00,235.97,0.00,'2023-01-12 12:43:14','2023-01-12 12:44:37','2023-01-12 12:44:37'),(232,8303,13,307,0.00,42944.85,0.00,'2023-01-12 12:43:14','2023-01-12 12:44:37','2023-01-12 12:44:37'),(233,8303,13,291,1.00,4000.00,4000.00,'2023-01-12 12:43:14','2023-01-12 12:44:37','2023-01-12 12:44:37');
INSERT INTO `syj_liq_empleado_detail` VALUES (234,8303,13,1466,1.00,1000.00,1000.00,'2023-01-12 12:43:14','2023-01-12 12:44:37','2023-01-12 12:44:37'),(235,8303,13,1620,1.00,0.00,0.00,'2023-01-12 12:43:14','2023-01-12 12:44:37','2023-01-12 12:44:37'),(236,8303,13,286,1.00,0.00,0.00,'2023-01-12 12:43:14','2023-01-12 12:44:37','2023-01-12 12:44:37'),(237,8303,13,3516,30.00,1179.84,35395.20,'2023-01-12 12:44:37','2023-01-12 12:59:00','2023-01-12 12:59:00'),(238,8303,13,1459,30.00,1179.84,35395.20,'2023-01-12 12:44:37','2023-01-12 12:59:00','2023-01-12 12:59:00'),(239,8303,13,3517,12.00,35395.20,4247.42,'2023-01-12 12:44:37','2023-01-12 12:59:00','2023-01-12 12:59:00'),(240,8303,13,1460,12.00,35395.20,4247.42,'2023-01-12 12:44:37','2023-01-12 12:59:00','2023-01-12 12:59:00'),(241,8303,13,1462,1.00,42944.85,42944.85,'2023-01-12 12:44:37','2023-01-12 12:59:00','2023-01-12 12:59:00'),(242,8303,13,1461,1.00,1179.84,1179.84,'2023-01-12 12:44:37','2023-01-12 12:59:00','2023-01-12 12:59:00'),(243,8303,13,1463,8.33,39642.62,3302.23,'2023-01-12 12:44:37','2023-01-12 12:59:00','2023-01-12 12:59:00'),(244,8303,13,352,30.00,1179.84,35395.20,'2023-01-12 12:44:37','2023-01-12 12:59:00','2023-01-12 12:59:00'),(245,8303,13,1464,12.00,35395.20,4247.42,'2023-01-12 12:44:37','2023-01-12 12:59:00','2023-01-12 12:59:00'),(246,8303,13,302,8.33,39642.62,3302.23,'2023-01-12 12:44:37','2023-01-12 12:59:00','2023-01-12 12:59:00'),(247,8303,13,291,1.00,4000.00,4000.00,'2023-01-12 12:44:37','2023-01-12 12:59:00','2023-01-12 12:59:00'),(248,8303,13,1466,1.00,1000.00,1000.00,'2023-01-12 12:44:37','2023-01-12 12:59:00','2023-01-12 12:59:00'),(249,8303,13,285,1.00,1.00,0.70,'2023-01-12 12:44:37','2023-01-12 12:59:00','2023-01-12 12:59:00'),(250,8303,13,331,11.00,47944.85,5273.93,'2023-01-12 12:44:37','2023-01-12 12:59:00','2023-01-12 12:59:00'),(251,8303,13,334,2.50,47944.85,1198.62,'2023-01-12 12:44:37','2023-01-12 12:59:00','2023-01-12 12:59:00'),(252,8303,14,350,0.00,2800.00,0.00,'2023-01-12 13:01:58','2023-01-12 13:02:16','2023-01-12 13:02:16'),(253,8303,14,351,0.00,2800.00,0.00,'2023-01-12 13:01:58','2023-01-12 13:02:16','2023-01-12 13:02:16'),(254,8303,14,301,0.00,3136.00,0.00,'2023-01-12 13:01:58','2023-01-12 13:02:16','2023-01-12 13:02:16'),(255,8303,14,1467,0.00,437.50,0.00,'2023-01-12 13:01:58','2023-01-12 13:02:16','2023-01-12 13:02:16'),(256,8303,14,303,0.00,656.25,0.00,'2023-01-12 13:01:58','2023-01-12 13:02:16','2023-01-12 13:02:16'),(257,8303,14,304,0.00,875.00,0.00,'2023-01-12 13:01:58','2023-01-12 13:02:16','2023-01-12 13:02:16'),(258,8303,14,354,0.00,3360.00,0.00,'2023-01-12 13:01:58','2023-01-12 13:02:16','2023-01-12 13:02:16'),(259,8303,14,305,0.00,3360.00,0.00,'2023-01-12 13:01:58','2023-01-12 13:02:16','2023-01-12 13:02:16'),(260,8303,14,3425,0.00,560.00,0.00,'2023-01-12 13:01:58','2023-01-12 13:02:16','2023-01-12 13:02:16'),(261,8303,14,307,0.00,101916.86,0.00,'2023-01-12 13:01:58','2023-01-12 13:02:16','2023-01-12 13:02:16'),(262,8303,14,291,1.00,4000.00,4000.00,'2023-01-12 13:01:58','2023-01-12 13:02:16','2023-01-12 13:02:16'),(263,8303,14,1466,1.00,1000.00,1000.00,'2023-01-12 13:01:58','2023-01-12 13:02:16','2023-01-12 13:02:16'),(264,8303,14,1620,1.00,0.00,0.00,'2023-01-12 13:01:58','2023-01-12 13:02:16','2023-01-12 13:02:16'),(265,8303,14,286,1.00,0.00,0.00,'2023-01-12 13:01:58','2023-01-12 13:02:16','2023-01-12 13:02:16'),(266,8303,14,3516,30.00,2800.00,84000.00,'2023-01-12 13:02:16','2023-01-12 13:02:37','2023-01-12 13:02:37'),(267,8303,14,1459,30.00,2800.00,84000.00,'2023-01-12 13:02:16','2023-01-12 13:02:37','2023-01-12 13:02:37'),(268,8303,14,3517,12.00,84000.00,10080.00,'2023-01-12 13:02:16','2023-01-12 13:02:37','2023-01-12 13:02:37'),(269,8303,14,1460,12.00,84000.00,10080.00,'2023-01-12 13:02:16','2023-01-12 13:02:37','2023-01-12 13:02:37'),(270,8303,14,1462,1.00,101916.86,101916.86,'2023-01-12 13:02:16','2023-01-12 13:02:37','2023-01-12 13:02:37'),(271,8303,14,1461,1.00,2800.00,2800.00,'2023-01-12 13:02:16','2023-01-12 13:02:37','2023-01-12 13:02:37');
INSERT INTO `syj_liq_empleado_detail` VALUES (272,8303,14,1463,8.33,94080.00,7836.86,'2023-01-12 13:02:16','2023-01-12 13:02:37','2023-01-12 13:02:37'),(273,8303,14,352,30.00,2800.00,84000.00,'2023-01-12 13:02:16','2023-01-12 13:02:37','2023-01-12 13:02:37'),(274,8303,14,1464,12.00,84000.00,10080.00,'2023-01-12 13:02:16','2023-01-12 13:02:37','2023-01-12 13:02:37'),(275,8303,14,302,8.33,94080.00,7836.86,'2023-01-12 13:02:16','2023-01-12 13:02:37','2023-01-12 13:02:37'),(276,8303,14,291,1.00,4000.00,4000.00,'2023-01-12 13:02:16','2023-01-12 13:02:37','2023-01-12 13:02:37'),(277,8303,14,1466,1.00,1000.00,1000.00,'2023-01-12 13:02:16','2023-01-12 13:02:37','2023-01-12 13:02:37'),(278,8303,14,285,1.00,1.00,0.91,'2023-01-12 13:02:16','2023-01-12 13:02:37','2023-01-12 13:02:37'),(279,8303,14,331,11.00,106916.86,11760.85,'2023-01-12 13:02:16','2023-01-12 13:02:37','2023-01-12 13:02:37'),(280,8303,14,334,2.50,106916.86,2672.92,'2023-01-12 13:02:16','2023-01-12 13:02:37','2023-01-12 13:02:37'),(281,8303,14,1459,30.00,2800.00,84000.00,'2023-01-12 13:02:37','2023-01-12 13:02:43','2023-01-12 13:02:43'),(282,8303,14,3516,30.00,2800.00,84000.00,'2023-01-12 13:02:37','2023-01-12 13:02:43','2023-01-12 13:02:43'),(283,8303,14,1460,12.00,84000.00,10080.00,'2023-01-12 13:02:37','2023-01-12 13:02:43','2023-01-12 13:02:43'),(284,8303,14,3517,12.00,84000.00,10080.00,'2023-01-12 13:02:37','2023-01-12 13:02:43','2023-01-12 13:02:43'),(285,8303,14,1462,1.00,101916.86,101916.86,'2023-01-12 13:02:37','2023-01-12 13:02:43','2023-01-12 13:02:43'),(286,8303,14,1461,1.00,2800.00,2800.00,'2023-01-12 13:02:37','2023-01-12 13:02:43','2023-01-12 13:02:43'),(287,8303,14,1463,8.33,94080.00,7836.86,'2023-01-12 13:02:37','2023-01-12 13:02:43','2023-01-12 13:02:43'),(288,8303,14,352,30.00,2800.00,84000.00,'2023-01-12 13:02:37','2023-01-12 13:02:43','2023-01-12 13:02:43'),(289,8303,14,1464,12.00,84000.00,10080.00,'2023-01-12 13:02:37','2023-01-12 13:02:43','2023-01-12 13:02:43'),(290,8303,14,302,8.33,94080.00,7836.86,'2023-01-12 13:02:37','2023-01-12 13:02:43','2023-01-12 13:02:43'),(291,8303,14,291,1.00,4000.00,4000.00,'2023-01-12 13:02:37','2023-01-12 13:02:43','2023-01-12 13:02:43'),(292,8303,14,1466,1.00,1000.00,1000.00,'2023-01-12 13:02:37','2023-01-12 13:02:43','2023-01-12 13:02:43'),(293,8303,14,285,1.00,1.00,0.91,'2023-01-12 13:02:37','2023-01-12 13:02:43','2023-01-12 13:02:43'),(294,8303,14,331,11.00,106916.86,11760.85,'2023-01-12 13:02:37','2023-01-12 13:02:43','2023-01-12 13:02:43'),(295,8303,14,334,2.50,106916.86,2672.92,'2023-01-12 13:02:37','2023-01-12 13:02:43','2023-01-12 13:02:43'),(296,8303,14,1459,30.00,2800.00,84000.00,'2023-01-12 13:02:52','2023-01-12 13:56:49','2023-01-12 13:56:49'),(297,8303,14,3516,30.00,2800.00,84000.00,'2023-01-12 13:02:52','2023-01-12 13:56:49','2023-01-12 13:56:49'),(298,8303,14,1460,12.00,84000.00,10080.00,'2023-01-12 13:02:52','2023-01-12 13:56:49','2023-01-12 13:56:49'),(299,8303,14,3517,12.00,84000.00,10080.00,'2023-01-12 13:02:52','2023-01-12 13:56:49','2023-01-12 13:56:49'),(300,8303,14,1462,1.00,101916.86,101916.86,'2023-01-12 13:02:52','2023-01-12 13:56:49','2023-01-12 13:56:49'),(301,8303,14,1461,1.00,2800.00,2800.00,'2023-01-12 13:02:52','2023-01-12 13:56:49','2023-01-12 13:56:49'),(302,8303,14,1463,8.33,94080.00,7836.86,'2023-01-12 13:02:52','2023-01-12 13:56:49','2023-01-12 13:56:49'),(303,8303,14,352,30.00,2800.00,84000.00,'2023-01-12 13:02:52','2023-01-12 13:56:49','2023-01-12 13:56:49'),(304,8303,14,1464,12.00,84000.00,10080.00,'2023-01-12 13:02:52','2023-01-12 13:56:49','2023-01-12 13:56:49'),(305,8303,14,302,8.33,94080.00,7836.86,'2023-01-12 13:02:52','2023-01-12 13:56:49','2023-01-12 13:56:49'),(306,8303,14,291,1.00,4000.00,4000.00,'2023-01-12 13:02:52','2023-01-12 13:56:49','2023-01-12 13:56:49'),(307,8303,14,1466,1.00,1000.00,1000.00,'2023-01-12 13:02:52','2023-01-12 13:56:49','2023-01-12 13:56:49'),(308,8303,14,285,1.00,1.00,0.91,'2023-01-12 13:02:52','2023-01-12 13:56:49','2023-01-12 13:56:49');
INSERT INTO `syj_liq_empleado_detail` VALUES (309,8303,14,331,11.00,106916.86,11760.85,'2023-01-12 13:02:52','2023-01-12 13:56:49','2023-01-12 13:56:49'),(310,8303,14,334,2.50,106916.86,2672.92,'2023-01-12 13:02:52','2023-01-12 13:56:49','2023-01-12 13:56:49'),(311,8303,14,3516,30.00,2800.00,84000.00,'2023-01-12 13:57:41','2023-01-12 14:00:13','2023-01-12 14:00:13'),(312,8303,14,1459,30.00,2800.00,84000.00,'2023-01-12 13:57:41','2023-01-12 14:00:13','2023-01-12 14:00:13'),(313,8303,14,3517,12.00,84000.00,10080.00,'2023-01-12 13:57:41','2023-01-12 14:00:13','2023-01-12 14:00:13'),(314,8303,14,1460,12.00,84000.00,10080.00,'2023-01-12 13:57:41','2023-01-12 14:00:13','2023-01-12 14:00:13'),(315,8303,14,1462,1.00,101916.86,101916.86,'2023-01-12 13:57:41','2023-01-12 14:00:13','2023-01-12 14:00:13'),(316,8303,14,1461,1.00,2800.00,2800.00,'2023-01-12 13:57:41','2023-01-12 14:00:13','2023-01-12 14:00:13'),(317,8303,14,1463,8.33,94080.00,7836.86,'2023-01-12 13:57:41','2023-01-12 14:00:13','2023-01-12 14:00:13'),(318,8303,14,352,30.00,2800.00,84000.00,'2023-01-12 13:57:41','2023-01-12 14:00:13','2023-01-12 14:00:13'),(319,8303,14,1464,12.00,84000.00,10080.00,'2023-01-12 13:57:41','2023-01-12 14:00:13','2023-01-12 14:00:13'),(320,8303,14,302,8.33,94080.00,7836.86,'2023-01-12 13:57:41','2023-01-12 14:00:13','2023-01-12 14:00:13'),(321,8303,14,291,1.00,4000.00,4000.00,'2023-01-12 13:57:41','2023-01-12 14:00:13','2023-01-12 14:00:13'),(322,8303,14,1466,1.00,1000.00,1000.00,'2023-01-12 13:57:41','2023-01-12 14:00:13','2023-01-12 14:00:13'),(323,8303,14,285,1.00,1.00,0.91,'2023-01-12 13:57:41','2023-01-12 14:00:13','2023-01-12 14:00:13'),(324,8303,14,331,11.00,106916.86,11760.85,'2023-01-12 13:57:41','2023-01-12 14:00:13','2023-01-12 14:00:13'),(325,8303,14,334,2.50,106916.86,2672.92,'2023-01-12 13:57:41','2023-01-12 14:00:13','2023-01-12 14:00:13'),(326,8303,14,1459,30.00,2800.00,84000.00,'2023-01-12 14:00:13','2023-01-12 14:03:53','2023-01-12 14:03:53'),(327,8303,14,3516,30.00,2800.00,84000.00,'2023-01-12 14:00:13','2023-01-12 14:03:53','2023-01-12 14:03:53'),(328,8303,14,1460,12.00,84000.00,10080.00,'2023-01-12 14:00:13','2023-01-12 14:03:53','2023-01-12 14:03:53'),(329,8303,14,3517,12.00,84000.00,10080.00,'2023-01-12 14:00:13','2023-01-12 14:03:53','2023-01-12 14:03:53'),(330,8303,14,1462,1.00,101916.86,101916.86,'2023-01-12 14:00:13','2023-01-12 14:03:53','2023-01-12 14:03:53'),(331,8303,14,1461,1.00,2800.00,2800.00,'2023-01-12 14:00:13','2023-01-12 14:03:53','2023-01-12 14:03:53'),(332,8303,14,1463,8.33,94080.00,7836.86,'2023-01-12 14:00:13','2023-01-12 14:03:53','2023-01-12 14:03:53'),(333,8303,14,352,30.00,2800.00,84000.00,'2023-01-12 14:00:13','2023-01-12 14:03:53','2023-01-12 14:03:53'),(334,8303,14,1464,12.00,84000.00,10080.00,'2023-01-12 14:00:13','2023-01-12 14:03:53','2023-01-12 14:03:53'),(335,8303,14,302,8.33,94080.00,7836.86,'2023-01-12 14:00:13','2023-01-12 14:03:53','2023-01-12 14:03:53'),(336,8303,14,291,1.00,4000.00,4000.00,'2023-01-12 14:00:13','2023-01-12 14:03:53','2023-01-12 14:03:53'),(337,8303,14,1466,1.00,1000.00,1000.00,'2023-01-12 14:00:13','2023-01-12 14:03:53','2023-01-12 14:03:53'),(338,8303,14,285,1.00,1.00,0.91,'2023-01-12 14:00:13','2023-01-12 14:03:53','2023-01-12 14:03:53'),(339,8303,14,331,11.00,106916.86,11760.85,'2023-01-12 14:00:13','2023-01-12 14:03:53','2023-01-12 14:03:53'),(340,8303,14,334,2.50,106916.86,2672.92,'2023-01-12 14:00:13','2023-01-12 14:03:53','2023-01-12 14:03:53'),(341,8303,14,350,0.00,2800.00,0.00,'2023-01-12 14:04:13','2023-01-12 14:04:31','2023-01-12 14:04:31'),(342,8303,14,351,0.00,2800.00,0.00,'2023-01-12 14:04:13','2023-01-12 14:04:31','2023-01-12 14:04:31'),(343,8303,14,301,0.00,3136.00,0.00,'2023-01-12 14:04:13','2023-01-12 14:04:31','2023-01-12 14:04:31'),(344,8303,14,1467,0.00,437.50,0.00,'2023-01-12 14:04:13','2023-01-12 14:04:31','2023-01-12 14:04:31'),(345,8303,14,303,0.00,656.25,0.00,'2023-01-12 14:04:13','2023-01-12 14:04:31','2023-01-12 14:04:31');
INSERT INTO `syj_liq_empleado_detail` VALUES (346,8303,14,304,0.00,875.00,0.00,'2023-01-12 14:04:13','2023-01-12 14:04:31','2023-01-12 14:04:31'),(347,8303,14,354,0.00,3360.00,0.00,'2023-01-12 14:04:13','2023-01-12 14:04:31','2023-01-12 14:04:31'),(348,8303,14,305,0.00,3360.00,0.00,'2023-01-12 14:04:13','2023-01-12 14:04:31','2023-01-12 14:04:31'),(349,8303,14,3425,0.00,560.00,0.00,'2023-01-12 14:04:13','2023-01-12 14:04:31','2023-01-12 14:04:31'),(350,8303,14,307,0.00,101916.86,0.00,'2023-01-12 14:04:13','2023-01-12 14:04:31','2023-01-12 14:04:31'),(351,8303,14,291,1.00,4000.00,4000.00,'2023-01-12 14:04:13','2023-01-12 14:04:31','2023-01-12 14:04:31'),(352,8303,14,1466,1.00,1000.00,1000.00,'2023-01-12 14:04:13','2023-01-12 14:04:31','2023-01-12 14:04:31'),(353,8303,14,1620,1.00,0.00,0.00,'2023-01-12 14:04:13','2023-01-12 14:04:31','2023-01-12 14:04:31'),(354,8303,14,286,1.00,0.00,0.00,'2023-01-12 14:04:13','2023-01-12 14:04:31','2023-01-12 14:04:31'),(355,8303,14,3516,30.00,2800.00,84000.00,'2023-01-12 14:04:31','2023-01-12 14:05:34','2023-01-12 14:05:34'),(356,8303,14,1459,30.00,2800.00,84000.00,'2023-01-12 14:04:31','2023-01-12 14:05:34','2023-01-12 14:05:34'),(357,8303,14,3517,12.00,84000.00,10080.00,'2023-01-12 14:04:31','2023-01-12 14:05:34','2023-01-12 14:05:34'),(358,8303,14,1460,12.00,84000.00,10080.00,'2023-01-12 14:04:31','2023-01-12 14:05:34','2023-01-12 14:05:34'),(359,8303,14,1462,1.00,101916.86,101916.86,'2023-01-12 14:04:31','2023-01-12 14:05:34','2023-01-12 14:05:34'),(360,8303,14,1461,1.00,2800.00,2800.00,'2023-01-12 14:04:31','2023-01-12 14:05:34','2023-01-12 14:05:34'),(361,8303,14,1463,8.33,94080.00,7836.86,'2023-01-12 14:04:31','2023-01-12 14:05:34','2023-01-12 14:05:34'),(362,8303,14,352,30.00,2800.00,84000.00,'2023-01-12 14:04:31','2023-01-12 14:05:34','2023-01-12 14:05:34'),(363,8303,14,1464,12.00,84000.00,10080.00,'2023-01-12 14:04:31','2023-01-12 14:05:34','2023-01-12 14:05:34'),(364,8303,14,302,8.33,94080.00,7836.86,'2023-01-12 14:04:31','2023-01-12 14:05:34','2023-01-12 14:05:34'),(365,8303,14,291,1.00,4000.00,4000.00,'2023-01-12 14:04:31','2023-01-12 14:05:34','2023-01-12 14:05:34'),(366,8303,14,1466,1.00,1000.00,1000.00,'2023-01-12 14:04:31','2023-01-12 14:05:34','2023-01-12 14:05:34'),(367,8303,14,285,1.00,1.00,0.91,'2023-01-12 14:04:31','2023-01-12 14:05:34','2023-01-12 14:05:34'),(368,8303,14,331,11.00,106916.86,11760.85,'2023-01-12 14:04:31','2023-01-12 14:05:34','2023-01-12 14:05:34'),(369,8303,14,334,2.50,106916.86,2672.92,'2023-01-12 14:04:31','2023-01-12 14:05:34','2023-01-12 14:05:34'),(370,8303,15,350,0.00,2800.00,0.00,'2023-01-12 15:22:24','2023-01-12 15:23:00','2023-01-12 15:23:00'),(371,8303,15,351,0.00,2800.00,0.00,'2023-01-12 15:22:24','2023-01-12 15:23:00','2023-01-12 15:23:00'),(372,8303,15,301,0.00,3136.00,0.00,'2023-01-12 15:22:24','2023-01-12 15:23:00','2023-01-12 15:23:00'),(373,8303,15,1467,0.00,437.50,0.00,'2023-01-12 15:22:24','2023-01-12 15:23:00','2023-01-12 15:23:00'),(374,8303,15,303,0.00,656.25,0.00,'2023-01-12 15:22:24','2023-01-12 15:23:00','2023-01-12 15:23:00'),(375,8303,15,304,0.00,875.00,0.00,'2023-01-12 15:22:24','2023-01-12 15:23:00','2023-01-12 15:23:00'),(376,8303,15,354,0.00,3360.00,0.00,'2023-01-12 15:22:24','2023-01-12 15:23:00','2023-01-12 15:23:00'),(377,8303,15,305,0.00,3360.00,0.00,'2023-01-12 15:22:24','2023-01-12 15:23:00','2023-01-12 15:23:00'),(378,8303,15,3425,0.00,560.00,0.00,'2023-01-12 15:22:24','2023-01-12 15:23:00','2023-01-12 15:23:00'),(379,8303,15,307,0.00,101916.86,0.00,'2023-01-12 15:22:24','2023-01-12 15:23:00','2023-01-12 15:23:00'),(380,8303,15,291,1.00,4000.00,4000.00,'2023-01-12 15:22:24','2023-01-12 15:23:00','2023-01-12 15:23:00'),(381,8303,15,1466,1.00,1000.00,1000.00,'2023-01-12 15:22:24','2023-01-12 15:23:00','2023-01-12 15:23:00'),(382,8303,15,1620,1.00,0.00,0.00,'2023-01-12 15:22:24','2023-01-12 15:23:00','2023-01-12 15:23:00'),(383,8303,15,286,1.00,0.00,0.00,'2023-01-12 15:22:24','2023-01-12 15:23:00','2023-01-12 15:23:00');
INSERT INTO `syj_liq_empleado_detail` VALUES (384,8303,15,3516,30.00,2800.00,84000.00,'2023-01-12 15:23:00','2023-01-12 15:26:49','2023-01-12 15:26:49'),(385,8303,15,1459,30.00,2800.00,84000.00,'2023-01-12 15:23:00','2023-01-12 15:26:49','2023-01-12 15:26:49'),(386,8303,15,3517,12.00,84000.00,10080.00,'2023-01-12 15:23:00','2023-01-12 15:26:49','2023-01-12 15:26:49'),(387,8303,15,1460,12.00,84000.00,10080.00,'2023-01-12 15:23:00','2023-01-12 15:26:49','2023-01-12 15:26:49'),(388,8303,15,1462,1.00,101916.86,101916.86,'2023-01-12 15:23:00','2023-01-12 15:26:49','2023-01-12 15:26:49'),(389,8303,15,1461,1.00,2800.00,2800.00,'2023-01-12 15:23:00','2023-01-12 15:26:49','2023-01-12 15:26:49'),(390,8303,15,1463,8.33,94080.00,7836.86,'2023-01-12 15:23:00','2023-01-12 15:26:49','2023-01-12 15:26:49'),(391,8303,15,352,30.00,2800.00,84000.00,'2023-01-12 15:23:00','2023-01-12 15:26:49','2023-01-12 15:26:49'),(392,8303,15,1464,12.00,84000.00,10080.00,'2023-01-12 15:23:00','2023-01-12 15:26:49','2023-01-12 15:26:49'),(393,8303,15,302,8.33,94080.00,7836.86,'2023-01-12 15:23:00','2023-01-12 15:26:49','2023-01-12 15:26:49'),(394,8303,15,291,1.00,4000.00,4000.00,'2023-01-12 15:23:00','2023-01-12 15:26:49','2023-01-12 15:26:49'),(395,8303,15,1466,1.00,1000.00,1000.00,'2023-01-12 15:23:00','2023-01-12 15:26:49','2023-01-12 15:26:49'),(396,8303,15,285,1.00,1.00,0.91,'2023-01-12 15:23:00','2023-01-12 15:26:49','2023-01-12 15:26:49'),(397,8303,15,331,11.00,106916.86,11760.85,'2023-01-12 15:23:00','2023-01-12 15:26:49','2023-01-12 15:26:49'),(398,8303,15,334,2.50,106916.86,2672.92,'2023-01-12 15:23:00','2023-01-12 15:26:49','2023-01-12 15:26:49'),(399,8303,17,350,0.00,2800.00,0.00,'2023-01-12 15:28:50','2023-01-12 15:29:11','2023-01-12 15:29:11'),(400,8303,17,351,0.00,2800.00,0.00,'2023-01-12 15:28:50','2023-01-12 15:29:11','2023-01-12 15:29:11'),(401,8303,17,301,0.00,3136.00,0.00,'2023-01-12 15:28:50','2023-01-12 15:29:11','2023-01-12 15:29:11'),(402,8303,17,1467,0.00,437.50,0.00,'2023-01-12 15:28:50','2023-01-12 15:29:11','2023-01-12 15:29:11'),(403,8303,17,303,0.00,656.25,0.00,'2023-01-12 15:28:50','2023-01-12 15:29:11','2023-01-12 15:29:11'),(404,8303,17,304,0.00,875.00,0.00,'2023-01-12 15:28:50','2023-01-12 15:29:11','2023-01-12 15:29:11'),(405,8303,17,354,0.00,3360.00,0.00,'2023-01-12 15:28:50','2023-01-12 15:29:11','2023-01-12 15:29:11'),(406,8303,17,305,0.00,3360.00,0.00,'2023-01-12 15:28:50','2023-01-12 15:29:11','2023-01-12 15:29:11'),(407,8303,17,3425,0.00,560.00,0.00,'2023-01-12 15:28:50','2023-01-12 15:29:11','2023-01-12 15:29:11'),(408,8303,17,307,0.00,101916.86,0.00,'2023-01-12 15:28:50','2023-01-12 15:29:11','2023-01-12 15:29:11'),(409,8303,17,291,1.00,4000.00,4000.00,'2023-01-12 15:28:50','2023-01-12 15:29:11','2023-01-12 15:29:11'),(410,8303,17,1466,1.00,1000.00,1000.00,'2023-01-12 15:28:50','2023-01-12 15:29:11','2023-01-12 15:29:11'),(411,8303,17,1620,1.00,0.00,0.00,'2023-01-12 15:28:50','2023-01-12 15:29:11','2023-01-12 15:29:11'),(412,8303,17,286,1.00,0.00,0.00,'2023-01-12 15:28:50','2023-01-12 15:29:11','2023-01-12 15:29:11'),(413,8303,17,3516,30.00,2800.00,84000.00,'2023-01-12 15:29:11','2023-01-12 17:50:07','2023-01-12 17:50:07'),(414,8303,17,1459,30.00,2800.00,84000.00,'2023-01-12 15:29:11','2023-01-12 17:50:07','2023-01-12 17:50:07'),(415,8303,17,3517,12.00,84000.00,10080.00,'2023-01-12 15:29:11','2023-01-12 17:50:07','2023-01-12 17:50:07'),(416,8303,17,1460,12.00,84000.00,10080.00,'2023-01-12 15:29:11','2023-01-12 17:50:07','2023-01-12 17:50:07'),(417,8303,17,1462,1.00,101916.86,101916.86,'2023-01-12 15:29:11','2023-01-12 17:50:07','2023-01-12 17:50:07'),(418,8303,17,1461,1.00,2800.00,2800.00,'2023-01-12 15:29:11','2023-01-12 17:50:07','2023-01-12 17:50:07'),(419,8303,17,1463,8.33,94080.00,7836.86,'2023-01-12 15:29:11','2023-01-12 17:50:07','2023-01-12 17:50:07'),(420,8303,17,352,30.00,2800.00,84000.00,'2023-01-12 15:29:11','2023-01-12 17:50:07','2023-01-12 17:50:07'),(421,8303,17,1464,12.00,84000.00,10080.00,'2023-01-12 15:29:11','2023-01-12 17:50:07','2023-01-12 17:50:07');
INSERT INTO `syj_liq_empleado_detail` VALUES (422,8303,17,302,8.33,94080.00,7836.86,'2023-01-12 15:29:11','2023-01-12 17:50:07','2023-01-12 17:50:07'),(423,8303,17,291,1.00,4000.00,4000.00,'2023-01-12 15:29:11','2023-01-12 17:50:07','2023-01-12 17:50:07'),(424,8303,17,1466,1.00,1000.00,1000.00,'2023-01-12 15:29:11','2023-01-12 17:50:07','2023-01-12 17:50:07'),(425,8303,17,285,1.00,1.00,0.91,'2023-01-12 15:29:11','2023-01-12 17:50:07','2023-01-12 17:50:07'),(426,8303,17,331,11.00,106916.86,11760.85,'2023-01-12 15:29:11','2023-01-12 17:50:07','2023-01-12 17:50:07'),(427,8303,17,334,2.50,106916.86,2672.92,'2023-01-12 15:29:11','2023-01-12 17:50:07','2023-01-12 17:50:07'),(428,8303,18,350,0.00,2800.00,0.00,'2023-01-12 17:52:53','2023-01-12 17:53:43','2023-01-12 17:53:43'),(429,8303,18,351,0.00,2800.00,0.00,'2023-01-12 17:52:53','2023-01-12 17:53:43','2023-01-12 17:53:43'),(430,8303,18,301,0.00,3136.00,0.00,'2023-01-12 17:52:53','2023-01-12 17:53:43','2023-01-12 17:53:43'),(431,8303,18,1467,0.00,437.50,0.00,'2023-01-12 17:52:53','2023-01-12 17:53:43','2023-01-12 17:53:43'),(432,8303,18,303,0.00,656.25,0.00,'2023-01-12 17:52:53','2023-01-12 17:53:43','2023-01-12 17:53:43'),(433,8303,18,304,0.00,875.00,0.00,'2023-01-12 17:52:53','2023-01-12 17:53:43','2023-01-12 17:53:43'),(434,8303,18,354,0.00,3360.00,0.00,'2023-01-12 17:52:54','2023-01-12 17:53:43','2023-01-12 17:53:43'),(435,8303,18,305,0.00,3360.00,0.00,'2023-01-12 17:52:54','2023-01-12 17:53:43','2023-01-12 17:53:43'),(436,8303,18,3425,0.00,560.00,0.00,'2023-01-12 17:52:54','2023-01-12 17:53:43','2023-01-12 17:53:43'),(437,8303,18,307,0.00,101916.86,0.00,'2023-01-12 17:52:54','2023-01-12 17:53:43','2023-01-12 17:53:43'),(438,8303,18,291,1.00,4000.00,4000.00,'2023-01-12 17:52:54','2023-01-12 17:53:43','2023-01-12 17:53:43'),(439,8303,18,1466,1.00,1000.00,1000.00,'2023-01-12 17:52:54','2023-01-12 17:53:43','2023-01-12 17:53:43'),(440,8303,18,1620,1.00,0.00,0.00,'2023-01-12 17:52:54','2023-01-12 17:53:43','2023-01-12 17:53:43'),(441,8303,18,286,1.00,0.00,0.00,'2023-01-12 17:52:54','2023-01-12 17:53:43','2023-01-12 17:53:43'),(442,8303,18,3516,30.00,2800.00,84000.00,'2023-01-12 17:53:43','2023-01-12 17:53:51','2023-01-12 17:53:51'),(443,8303,18,1459,30.00,2800.00,84000.00,'2023-01-12 17:53:43','2023-01-12 17:53:51','2023-01-12 17:53:51'),(444,8303,18,3517,12.00,84000.00,10080.00,'2023-01-12 17:53:43','2023-01-12 17:53:51','2023-01-12 17:53:51'),(445,8303,18,1460,12.00,84000.00,10080.00,'2023-01-12 17:53:43','2023-01-12 17:53:51','2023-01-12 17:53:51'),(446,8303,18,1462,1.00,101916.86,101916.86,'2023-01-12 17:53:43','2023-01-12 17:53:51','2023-01-12 17:53:51'),(447,8303,18,1461,1.00,2800.00,2800.00,'2023-01-12 17:53:43','2023-01-12 17:53:51','2023-01-12 17:53:51'),(448,8303,18,1463,8.33,94080.00,7836.86,'2023-01-12 17:53:43','2023-01-12 17:53:51','2023-01-12 17:53:51'),(449,8303,18,352,30.00,2800.00,84000.00,'2023-01-12 17:53:43','2023-01-12 17:53:51','2023-01-12 17:53:51'),(450,8303,18,1464,12.00,84000.00,10080.00,'2023-01-12 17:53:43','2023-01-12 17:53:51','2023-01-12 17:53:51'),(451,8303,18,302,8.33,94080.00,7836.86,'2023-01-12 17:53:43','2023-01-12 17:53:51','2023-01-12 17:53:51'),(452,8303,18,291,1.00,4000.00,4000.00,'2023-01-12 17:53:43','2023-01-12 17:53:51','2023-01-12 17:53:51'),(453,8303,18,1466,1.00,1000.00,1000.00,'2023-01-12 17:53:43','2023-01-12 17:53:51','2023-01-12 17:53:51'),(454,8303,18,285,1.00,1.00,0.91,'2023-01-12 17:53:43','2023-01-12 17:53:51','2023-01-12 17:53:51'),(455,8303,18,331,11.00,106916.86,11760.85,'2023-01-12 17:53:43','2023-01-12 17:53:51','2023-01-12 17:53:51'),(456,8303,18,334,2.50,106916.86,2672.92,'2023-01-12 17:53:43','2023-01-12 17:53:51','2023-01-12 17:53:51'),(457,8303,18,350,0.00,2800.00,0.00,'2023-01-12 17:54:57','2023-01-12 22:16:54','2023-01-12 22:16:54'),(458,8303,18,351,0.00,2800.00,0.00,'2023-01-12 17:54:57','2023-01-12 22:16:54','2023-01-12 22:16:54'),(459,8303,18,301,0.00,3136.00,0.00,'2023-01-12 17:54:57','2023-01-12 22:16:54','2023-01-12 22:16:54');
INSERT INTO `syj_liq_empleado_detail` VALUES (460,8303,18,1467,0.00,437.50,0.00,'2023-01-12 17:54:57','2023-01-12 22:16:54','2023-01-12 22:16:54'),(461,8303,18,303,0.00,656.25,0.00,'2023-01-12 17:54:57','2023-01-12 22:16:54','2023-01-12 22:16:54'),(462,8303,18,304,0.00,875.00,0.00,'2023-01-12 17:54:57','2023-01-12 22:16:54','2023-01-12 22:16:54'),(463,8303,18,354,0.00,3360.00,0.00,'2023-01-12 17:54:57','2023-01-12 22:16:54','2023-01-12 22:16:54'),(464,8303,18,305,0.00,3360.00,0.00,'2023-01-12 17:54:57','2023-01-12 22:16:54','2023-01-12 22:16:54'),(465,8303,18,3425,0.00,560.00,0.00,'2023-01-12 17:54:57','2023-01-12 22:16:54','2023-01-12 22:16:54'),(466,8303,18,307,0.00,101916.86,0.00,'2023-01-12 17:54:57','2023-01-12 22:16:54','2023-01-12 22:16:54'),(467,8303,18,291,1.00,4000.00,4000.00,'2023-01-12 17:54:57','2023-01-12 22:16:54','2023-01-12 22:16:54'),(468,8303,18,1466,1.00,1000.00,1000.00,'2023-01-12 17:54:57','2023-01-12 22:16:54','2023-01-12 22:16:54'),(469,8303,18,1620,1.00,0.00,0.00,'2023-01-12 17:54:57','2023-01-12 22:16:54','2023-01-12 22:16:54'),(470,8303,18,286,1.00,0.00,0.00,'2023-01-12 17:54:57','2023-01-12 22:16:54','2023-01-12 22:16:54'),(471,8303,18,350,0.00,2800.00,0.00,'2023-01-12 18:11:10','2023-01-12 22:16:54','2023-01-12 22:16:54'),(472,8303,18,351,0.00,2800.00,0.00,'2023-01-12 18:11:10','2023-01-12 22:16:54','2023-01-12 22:16:54'),(473,8303,18,301,0.00,3136.00,0.00,'2023-01-12 18:11:10','2023-01-12 22:16:54','2023-01-12 22:16:54'),(474,8303,18,1467,0.00,437.50,0.00,'2023-01-12 18:11:10','2023-01-12 22:16:54','2023-01-12 22:16:54'),(475,8303,18,303,0.00,656.25,0.00,'2023-01-12 18:11:10','2023-01-12 22:16:54','2023-01-12 22:16:54'),(476,8303,18,304,0.00,875.00,0.00,'2023-01-12 18:11:10','2023-01-12 22:16:54','2023-01-12 22:16:54'),(477,8303,18,354,0.00,3360.00,0.00,'2023-01-12 18:11:10','2023-01-12 22:16:54','2023-01-12 22:16:54'),(478,8303,18,305,0.00,3360.00,0.00,'2023-01-12 18:11:10','2023-01-12 22:16:54','2023-01-12 22:16:54'),(479,8303,18,3425,0.00,560.00,0.00,'2023-01-12 18:11:10','2023-01-12 22:16:54','2023-01-12 22:16:54'),(480,8303,18,307,0.00,101916.86,0.00,'2023-01-12 18:11:10','2023-01-12 22:16:54','2023-01-12 22:16:54'),(481,8303,18,291,1.00,4000.00,4000.00,'2023-01-12 18:11:10','2023-01-12 22:16:54','2023-01-12 22:16:54'),(482,8303,18,1466,1.00,1000.00,1000.00,'2023-01-12 18:11:10','2023-01-12 22:16:54','2023-01-12 22:16:54'),(483,8303,18,1620,1.00,0.00,0.00,'2023-01-12 18:11:10','2023-01-12 22:16:54','2023-01-12 22:16:54'),(484,8303,18,286,1.00,0.00,0.00,'2023-01-12 18:11:10','2023-01-12 22:16:54','2023-01-12 22:16:54'),(485,8303,21,350,0.00,2800.00,0.00,'2023-01-12 22:19:22','2023-01-12 22:25:23','2023-01-12 22:25:23'),(486,8303,21,351,0.00,2800.00,0.00,'2023-01-12 22:19:22','2023-01-12 22:25:23','2023-01-12 22:25:23'),(487,8303,21,301,0.00,3136.00,0.00,'2023-01-12 22:19:22','2023-01-12 22:25:23','2023-01-12 22:25:23'),(488,8303,21,1467,0.00,437.50,0.00,'2023-01-12 22:19:22','2023-01-12 22:25:23','2023-01-12 22:25:23'),(489,8303,21,303,0.00,656.25,0.00,'2023-01-12 22:19:22','2023-01-12 22:25:23','2023-01-12 22:25:23'),(490,8303,21,304,0.00,875.00,0.00,'2023-01-12 22:19:22','2023-01-12 22:25:23','2023-01-12 22:25:23'),(491,8303,21,354,0.00,3360.00,0.00,'2023-01-12 22:19:22','2023-01-12 22:25:23','2023-01-12 22:25:23'),(492,8303,21,305,0.00,3360.00,0.00,'2023-01-12 22:19:22','2023-01-12 22:25:23','2023-01-12 22:25:23'),(493,8303,21,3425,0.00,560.00,0.00,'2023-01-12 22:19:22','2023-01-12 22:25:23','2023-01-12 22:25:23'),(494,8303,21,307,0.00,101916.86,0.00,'2023-01-12 22:19:22','2023-01-12 22:25:23','2023-01-12 22:25:23'),(495,8303,21,291,1.00,4000.00,4000.00,'2023-01-12 22:19:22','2023-01-12 22:25:23','2023-01-12 22:25:23'),(496,8303,21,1466,1.00,1000.00,1000.00,'2023-01-12 22:19:22','2023-01-12 22:25:23','2023-01-12 22:25:23'),(497,8303,21,1620,1.00,0.00,0.00,'2023-01-12 22:19:22','2023-01-12 22:25:23','2023-01-12 22:25:23'),(498,8303,21,286,1.00,0.00,0.00,'2023-01-12 22:19:22','2023-01-12 22:25:23','2023-01-12 22:25:23');
INSERT INTO `syj_liq_empleado_detail` VALUES (499,8303,21,350,0.00,2800.00,0.00,'2023-01-12 22:19:43','2023-01-12 22:25:23','2023-01-12 22:25:23'),(500,8303,21,351,0.00,2800.00,0.00,'2023-01-12 22:19:43','2023-01-12 22:25:23','2023-01-12 22:25:23'),(501,8303,21,301,0.00,3136.00,0.00,'2023-01-12 22:19:43','2023-01-12 22:25:23','2023-01-12 22:25:23'),(502,8303,21,1467,0.00,437.50,0.00,'2023-01-12 22:19:43','2023-01-12 22:25:23','2023-01-12 22:25:23'),(503,8303,21,303,0.00,656.25,0.00,'2023-01-12 22:19:43','2023-01-12 22:25:23','2023-01-12 22:25:23'),(504,8303,21,304,0.00,875.00,0.00,'2023-01-12 22:19:43','2023-01-12 22:25:23','2023-01-12 22:25:23'),(505,8303,21,354,0.00,3360.00,0.00,'2023-01-12 22:19:43','2023-01-12 22:25:23','2023-01-12 22:25:23'),(506,8303,21,305,0.00,3360.00,0.00,'2023-01-12 22:19:43','2023-01-12 22:25:23','2023-01-12 22:25:23'),(507,8303,21,3425,0.00,560.00,0.00,'2023-01-12 22:19:43','2023-01-12 22:25:23','2023-01-12 22:25:23'),(508,8303,21,307,0.00,101916.86,0.00,'2023-01-12 22:19:43','2023-01-12 22:25:23','2023-01-12 22:25:23'),(509,8303,21,291,1.00,4000.00,4000.00,'2023-01-12 22:19:43','2023-01-12 22:25:23','2023-01-12 22:25:23'),(510,8303,21,1466,1.00,1000.00,1000.00,'2023-01-12 22:19:43','2023-01-12 22:25:23','2023-01-12 22:25:23'),(511,8303,21,1620,1.00,0.00,0.00,'2023-01-12 22:19:43','2023-01-12 22:25:23','2023-01-12 22:25:23'),(512,8303,21,286,1.00,0.00,0.00,'2023-01-12 22:19:43','2023-01-12 22:25:23','2023-01-12 22:25:23'),(513,8303,26,1681,30.00,1400.00,42000.00,'2023-01-13 20:33:47','2023-01-13 20:34:03','2023-01-13 20:34:03'),(514,8303,26,1682,12.00,42000.00,5040.00,'2023-01-13 20:33:47','2023-01-13 20:34:03','2023-01-13 20:34:03'),(515,8303,26,1684,1.00,50958.43,50958.43,'2023-01-13 20:33:47','2023-01-13 20:34:03','2023-01-13 20:34:03'),(516,8303,26,1683,1.00,1400.00,1400.00,'2023-01-13 20:33:47','2023-01-13 20:34:03','2023-01-13 20:34:03'),(517,8303,26,1685,8.33,47040.00,3918.43,'2023-01-13 20:33:47','2023-01-13 20:34:03','2023-01-13 20:34:03'),(518,8303,26,1676,30.00,1400.00,42000.00,'2023-01-13 20:33:47','2023-01-13 20:34:03','2023-01-13 20:34:03'),(519,8303,26,1686,12.00,42000.00,5040.00,'2023-01-13 20:33:47','2023-01-13 20:34:03','2023-01-13 20:34:03'),(520,8303,26,1634,8.33,47040.00,3918.43,'2023-01-13 20:33:47','2023-01-13 20:34:03','2023-01-13 20:34:03'),(521,8303,26,1628,1.00,4000.00,4000.00,'2023-01-13 20:33:47','2023-01-13 20:34:03','2023-01-13 20:34:03'),(522,8303,26,1687,1.00,2000.00,2000.00,'2023-01-13 20:33:47','2023-01-13 20:34:03','2023-01-13 20:34:03'),(523,8303,26,1623,1.00,1.00,0.96,'2023-01-13 20:33:47','2023-01-13 20:34:03','2023-01-13 20:34:03'),(524,8303,26,1658,11.00,56958.43,6265.43,'2023-01-13 20:33:47','2023-01-13 20:34:03','2023-01-13 20:34:03'),(525,8303,26,1661,2.00,56958.43,1139.17,'2023-01-13 20:33:47','2023-01-13 20:34:03','2023-01-13 20:34:03'),(526,8303,26,1769,0.50,56958.43,284.79,'2023-01-13 20:33:47','2023-01-13 20:34:03','2023-01-13 20:34:03'),(527,8303,26,1681,30.00,1400.00,42000.00,'2023-01-13 20:34:03','2023-01-13 20:34:03',NULL),(528,8303,26,1682,12.00,42000.00,5040.00,'2023-01-13 20:34:03','2023-01-13 20:34:03',NULL),(529,8303,26,1684,1.00,50958.43,50958.43,'2023-01-13 20:34:03','2023-01-13 20:34:03',NULL),(530,8303,26,1683,1.00,1400.00,1400.00,'2023-01-13 20:34:03','2023-01-13 20:34:03',NULL),(531,8303,26,1685,8.33,47040.00,3918.43,'2023-01-13 20:34:03','2023-01-13 20:34:03',NULL),(532,8303,26,1676,30.00,1400.00,42000.00,'2023-01-13 20:34:03','2023-01-13 20:34:03',NULL),(533,8303,26,1686,12.00,42000.00,5040.00,'2023-01-13 20:34:03','2023-01-13 20:34:03',NULL),(534,8303,26,1634,8.33,47040.00,3918.43,'2023-01-13 20:34:03','2023-01-13 20:34:03',NULL),(535,8303,26,1628,1.00,4000.00,4000.00,'2023-01-13 20:34:03','2023-01-13 20:34:03',NULL),(536,8303,26,1687,1.00,2000.00,2000.00,'2023-01-13 20:34:03','2023-01-13 20:34:03',NULL),(537,8303,26,1623,1.00,1.00,0.96,'2023-01-13 20:34:03','2023-01-13 20:34:03',NULL),(538,8303,26,1658,11.00,56958.43,6265.43,'2023-01-13 20:34:03','2023-01-13 20:34:03',NULL);
INSERT INTO `syj_liq_empleado_detail` VALUES (539,8303,26,1661,2.00,56958.43,1139.17,'2023-01-13 20:34:03','2023-01-13 20:34:03',NULL),(540,8303,26,1769,0.50,56958.43,284.79,'2023-01-13 20:34:03','2023-01-13 20:34:03',NULL);

--
-- Table structure for table `syj_liq_empleado_status`
--

CREATE TABLE `syj_liq_empleado_status` (
  `id` int(10) unsigned NOT NULL AUTO_INCREMENT,
  `descripcion` varchar(191) COLLATE utf8mb4_unicode_ci DEFAULT NULL,
  `created_at` timestamp NULL DEFAULT NULL,
  `updated_at` timestamp NULL DEFAULT NULL,
  `deleted_at` timestamp NULL DEFAULT NULL,
  PRIMARY KEY (`id`)
) ENGINE=InnoDB AUTO_INCREMENT=3 DEFAULT CHARSET=utf8mb4 COLLATE=utf8mb4_unicode_ci;

--
-- Dumping data for table `syj_liq_empleado_status`
--

INSERT INTO `syj_liq_empleado_status` VALUES (1,'No Liquidada',NULL,NULL,NULL),(2,'Liquidada',NULL,NULL,NULL);

--
-- Table structure for table `syj_liq_firma_estado`
--

CREATE TABLE `syj_liq_firma_estado` (
  `id` int(10) unsigned NOT NULL AUTO_INCREMENT,
  `user_id` int(10) unsigned DEFAULT NULL,
  `descripcion` varchar(191) COLLATE utf8mb4_unicode_ci DEFAULT NULL,
  `firmado` tinyint(1) NOT NULL DEFAULT '0',
  `variant` varchar(191) COLLATE utf8mb4_unicode_ci DEFAULT NULL,
  `created_at` timestamp NULL DEFAULT NULL,
  `updated_at` timestamp NULL DEFAULT NULL,
  `deleted_at` timestamp NULL DEFAULT NULL,
  PRIMARY KEY (`id`)
) ENGINE=InnoDB AUTO_INCREMENT=4 DEFAULT CHARSET=utf8mb4 COLLATE=utf8mb4_unicode_ci;

--
-- Dumping data for table `syj_liq_firma_estado`
--

INSERT INTO `syj_liq_firma_estado` VALUES (1,NULL,'Sin Firmar',0,'default',NULL,NULL,NULL),(2,NULL,'Firmado Conforme',1,'success',NULL,NULL,NULL),(3,NULL,'Firmado Disconforme',1,'outline-danger',NULL,NULL,NULL);

--
-- Table structure for table `syj_liquidaciones`
--

CREATE TABLE `syj_liquidaciones` (
  `id` int(10) unsigned NOT NULL AUTO_INCREMENT,
  `user_id` int(10) unsigned DEFAULT NULL,
  `person_id` int(10) unsigned NOT NULL,
  `period_id` int(10) unsigned NOT NULL,
  `syj_tipo_liquidacion_id` int(10) unsigned NOT NULL,
  `fecha_liquidacion` date DEFAULT NULL,
  `fecha_pago` date DEFAULT NULL,
  `descripcion` varchar(191) COLLATE utf8mb4_unicode_ci DEFAULT NULL,
  `syj_domicilio_id_pago` int(10) unsigned NOT NULL,
  `fecha_pago_ultima_ccss` date DEFAULT NULL,
  `period_id_pago_ccss` int(10) unsigned DEFAULT NULL,
  `syj_lugares_deposito_id` int(10) unsigned DEFAULT NULL,
  `igual_mes_anterior` tinyint(1) NOT NULL DEFAULT '0',
  `syj_liquidaciones_status_id` int(10) unsigned NOT NULL DEFAULT '2',
  `created_at` timestamp NULL DEFAULT NULL,
  `updated_at` timestamp NULL DEFAULT NULL,
  `deleted_at` timestamp NULL DEFAULT NULL,
  PRIMARY KEY (`id`),
  KEY `syj_liquidaciones_person_id_foreign` (`person_id`),
  KEY `syj_liquidaciones_period_id_foreign` (`period_id`),
  KEY `syj_liquidaciones_syj_tipo_liquidacion_id_foreign` (`syj_tipo_liquidacion_id`),
  KEY `syj_liquidaciones_syj_domicilio_id_pago_foreign` (`syj_domicilio_id_pago`),
  KEY `syj_liquidaciones_period_id_pago_ccss_foreign` (`period_id_pago_ccss`),
  KEY `syj_liquidaciones_syj_lugares_deposito_id_foreign` (`syj_lugares_deposito_id`),
  KEY `syj_liquidaciones_syj_liquidaciones_status_id_foreign` (`syj_liquidaciones_status_id`),
  CONSTRAINT `syj_liquidaciones_period_id_foreign` FOREIGN KEY (`period_id`) REFERENCES `periods` (`id`),
  CONSTRAINT `syj_liquidaciones_period_id_pago_ccss_foreign` FOREIGN KEY (`period_id_pago_ccss`) REFERENCES `periods` (`id`),
  CONSTRAINT `syj_liquidaciones_person_id_foreign` FOREIGN KEY (`person_id`) REFERENCES `persons` (`id`),
  CONSTRAINT `syj_liquidaciones_syj_domicilio_id_pago_foreign` FOREIGN KEY (`syj_domicilio_id_pago`) REFERENCES `syj_domicilios` (`id`),
  CONSTRAINT `syj_liquidaciones_syj_liquidaciones_status_id_foreign` FOREIGN KEY (`syj_liquidaciones_status_id`) REFERENCES `syj_liquidaciones_status` (`id`),
  CONSTRAINT `syj_liquidaciones_syj_lugares_deposito_id_foreign` FOREIGN KEY (`syj_lugares_deposito_id`) REFERENCES `syj_lugares_deposito` (`id`),
  CONSTRAINT `syj_liquidaciones_syj_tipo_liquidacion_id_foreign` FOREIGN KEY (`syj_tipo_liquidacion_id`) REFERENCES `syj_tipo_liquidacion` (`id`)
) ENGINE=InnoDB AUTO_INCREMENT=11 DEFAULT CHARSET=utf8mb4 COLLATE=utf8mb4_unicode_ci;

--
-- Dumping data for table `syj_liquidaciones`
--

INSERT INTO `syj_liquidaciones` VALUES (1,8303,40719,3,4,'2023-01-09','2023-01-09','2023-01 - Vacaciones',1,'2022-12-04',NULL,4,0,2,'2023-01-09 19:53:48','2023-01-10 18:46:47','2023-01-10 18:46:47'),(2,8303,40719,3,4,'2023-01-09','2023-01-09','2023-01 - Vacaciones',1,'2022-12-04',NULL,4,0,2,'2023-01-09 19:53:49','2023-01-10 18:46:47','2023-01-10 18:46:47'),(3,8303,40719,3,1,'2023-01-04','2023-01-10','2023-01 - Haberes normales',1,'2022-12-06',NULL,4,0,2,'2023-01-10 18:54:20','2023-01-10 19:03:57','2023-01-10 19:03:57'),(4,8303,40719,3,1,'2023-01-10','2022-12-24','2023-01 - Haberes normales',1,'2022-11-09',NULL,4,0,2,'2023-01-10 18:56:20','2023-01-10 19:04:03','2023-01-10 19:04:03'),(5,8303,40719,3,1,'2023-01-10','2023-01-10','2023-01 - Haberes normales',1,'2022-12-02',NULL,4,0,2,'2023-01-10 19:21:53','2023-01-11 17:25:05','2023-01-11 17:25:05'),(6,8303,40719,3,1,'2023-01-11','2023-01-11','2023-01 - Haberes normales',1,'2022-12-15',NULL,4,0,2,'2023-01-11 17:24:02','2023-01-11 17:24:37','2023-01-11 17:24:37'),(7,8303,40719,3,1,'2023-01-11','2023-01-11','2023-01 - Haberes normales',1,'2022-12-02',NULL,4,0,2,'2023-01-11 17:25:52','2023-01-11 21:36:34','2023-01-11 21:36:34'),(8,8303,40719,3,1,'2023-01-30','2023-01-30','2023-01 - Haberes normales',1,'2022-12-09',NULL,4,0,2,'2023-01-11 21:38:11','2023-01-11 21:38:11',NULL),(10,8303,40719,3,1,'2023-01-12','2023-01-12','2023-01 - Haberes normales',1,'2022-12-15',NULL,4,0,2,'2023-01-12 18:13:38','2023-01-12 22:20:43','2023-01-12 22:20:43');

--
-- Table structure for table `syj_liquidaciones_status`
--

CREATE TABLE `syj_liquidaciones_status` (
  `id` int(10) unsigned NOT NULL AUTO_INCREMENT,
  `user_id` int(10) unsigned DEFAULT NULL,
  `descripcion` varchar(191) COLLATE utf8mb4_unicode_ci NOT NULL,
  `habilitado` tinyint(1) NOT NULL DEFAULT '1',
  `created_at` timestamp NULL DEFAULT NULL,
  `updated_at` timestamp NULL DEFAULT NULL,
  `deleted_at` timestamp NULL DEFAULT NULL,
  PRIMARY KEY (`id`),
  UNIQUE KEY `syj_liquidaciones_status_descripcion_unique` (`descripcion`)
) ENGINE=InnoDB AUTO_INCREMENT=4 DEFAULT CHARSET=utf8mb4 COLLATE=utf8mb4_unicode_ci;

--
-- Dumping data for table `syj_liquidaciones_status`
--

INSERT INTO `syj_liquidaciones_status` VALUES (1,NULL,'Anulada',1,NULL,NULL,NULL),(2,NULL,'Abierta',1,NULL,NULL,NULL),(3,NULL,'Cerrada',1,NULL,NULL,NULL);

--
-- Table structure for table `syj_lsd_imp_conc`
--

CREATE TABLE `syj_lsd_imp_conc` (
  `id` int(10) unsigned NOT NULL AUTO_INCREMENT,
  `descripcion` varchar(191) COLLATE utf8mb4_unicode_ci NOT NULL,
  `longitud` int(11) NOT NULL,
  `str_pad_to` tinyint(1) NOT NULL DEFAULT '0',
  `completar_con` varchar(191) COLLATE utf8mb4_unicode_ci DEFAULT NULL,
  `created_at` timestamp NULL DEFAULT NULL,
  `updated_at` timestamp NULL DEFAULT NULL,
  `deleted_at` timestamp NULL DEFAULT NULL,
  PRIMARY KEY (`id`)
) ENGINE=InnoDB AUTO_INCREMENT=25 DEFAULT CHARSET=utf8mb4 COLLATE=utf8mb4_unicode_ci;

--
-- Dumping data for table `syj_lsd_imp_conc`
--

INSERT INTO `syj_lsd_imp_conc` VALUES (1,'Código de concepto de sueldo AFIP',6,1,NULL,NULL,NULL,NULL),(2,'Código de concepto de sueldo Empleador',10,1,NULL,NULL,NULL,NULL),(3,'Descripción del concepto Empleador',150,1,NULL,NULL,NULL,NULL),(4,'Marca de repetición',1,1,NULL,NULL,NULL,NULL),(5,'SIPA - Aportes',1,1,NULL,NULL,NULL,NULL),(6,'SIPA - Contribuciones',1,1,NULL,NULL,NULL,NULL),(7,'INSSJyP - Aportes',1,1,NULL,NULL,NULL,NULL),(8,'INSSJyP - Contribuciones',1,1,NULL,NULL,NULL,NULL),(9,'Obra social - Aportes',1,1,NULL,NULL,NULL,NULL),(10,'Obra social - Contribuciones',1,1,NULL,NULL,NULL,NULL),(11,'Fondo Solidario de Redistribución - Aportes',1,1,NULL,NULL,NULL,NULL),(12,'Fondo Solidario de Redistribución - Contribuciones',1,1,NULL,NULL,NULL,NULL),(13,'RENATEA - Aportes',1,1,NULL,NULL,NULL,NULL),(14,'RENATEA - Contribuciones',1,1,NULL,NULL,NULL,NULL),(15,'',1,1,NULL,NULL,NULL,NULL),(16,'Asignaciones Familiares - Contribuciones',1,1,NULL,NULL,NULL,NULL),(17,'',1,1,NULL,NULL,NULL,NULL),(18,'Fondo Nacional de Empleo - Contribuciones',1,1,NULL,NULL,NULL,NULL),(19,'',1,1,NULL,NULL,NULL,NULL),(20,'Ley de Riesgos del Trabajo - Contribuciones',1,1,NULL,NULL,NULL,NULL),(21,'Regímenes diferenciales - Aportes',1,1,NULL,NULL,NULL,NULL),(22,'',1,1,NULL,NULL,NULL,NULL),(23,'Regímenes especiales - Aportes',1,1,NULL,NULL,NULL,NULL),(24,'',9,1,NULL,NULL,NULL,NULL);

--
-- Table structure for table `syj_lsd_reg_1`
--

CREATE TABLE `syj_lsd_reg_1` (
  `id` int(10) unsigned NOT NULL AUTO_INCREMENT,
  `descripcion` varchar(191) COLLATE utf8mb4_unicode_ci NOT NULL,
  `longitud` int(11) NOT NULL,
  `str_pad_to` varchar(191) COLLATE utf8mb4_unicode_ci NOT NULL,
  `completar_con` varchar(191) COLLATE utf8mb4_unicode_ci DEFAULT NULL,
  `created_at` timestamp NULL DEFAULT NULL,
  `updated_at` timestamp NULL DEFAULT NULL,
  `deleted_at` timestamp NULL DEFAULT NULL,
  PRIMARY KEY (`id`)
) ENGINE=InnoDB AUTO_INCREMENT=9 DEFAULT CHARSET=utf8mb4 COLLATE=utf8mb4_unicode_ci;

--
-- Dumping data for table `syj_lsd_reg_1`
--

INSERT INTO `syj_lsd_reg_1` VALUES (1,'Identificador de registro',2,'1',' ',NULL,NULL,NULL),(2,'CUIT',11,'1',' ',NULL,NULL,NULL),(3,'Identificación del envío',2,'1',' ',NULL,NULL,NULL),(4,'Período',6,'0','0',NULL,NULL,NULL),(5,'Tipo liquidación',1,'1',' ',NULL,NULL,NULL),(6,'Número de liquidación',5,'0','0',NULL,NULL,NULL),(7,'Días base',2,'1',' ',NULL,NULL,NULL),(8,'Cantidad Registros 04',6,'0','0',NULL,NULL,NULL);

--
-- Table structure for table `syj_lsd_reg_2`
--

CREATE TABLE `syj_lsd_reg_2` (
  `id` int(10) unsigned NOT NULL AUTO_INCREMENT,
  `descripcion` varchar(191) COLLATE utf8mb4_unicode_ci NOT NULL,
  `longitud` int(11) NOT NULL,
  `str_pad_to` varchar(191) COLLATE utf8mb4_unicode_ci NOT NULL,
  `completar_con` varchar(191) COLLATE utf8mb4_unicode_ci DEFAULT NULL,
  `created_at` timestamp NULL DEFAULT NULL,
  `updated_at` timestamp NULL DEFAULT NULL,
  `deleted_at` timestamp NULL DEFAULT NULL,
  PRIMARY KEY (`id`)
) ENGINE=InnoDB AUTO_INCREMENT=10 DEFAULT CHARSET=utf8mb4 COLLATE=utf8mb4_unicode_ci;

--
-- Dumping data for table `syj_lsd_reg_2`
--

INSERT INTO `syj_lsd_reg_2` VALUES (1,'Identificador de registro',2,'1',' ',NULL,NULL,NULL),(2,'CUIT',11,'1',' ',NULL,NULL,NULL),(3,'Legajo',10,'1',' ',NULL,NULL,NULL),(4,'Dependencia de Revista',50,'1',' ',NULL,NULL,NULL),(5,'CBU',22,'1',' ',NULL,NULL,NULL),(6,'Días para proporcionar tope',3,'0','0',NULL,NULL,NULL),(7,'Fecha de pago',8,'1',' ',NULL,NULL,NULL),(8,'Fecha de rubrica',8,'1',' ',NULL,NULL,NULL),(9,'Forma de pago',1,'1',' ',NULL,NULL,NULL);

--
-- Table structure for table `syj_lsd_reg_3`
--

CREATE TABLE `syj_lsd_reg_3` (
  `id` int(10) unsigned NOT NULL AUTO_INCREMENT,
  `descripcion` varchar(191) COLLATE utf8mb4_unicode_ci NOT NULL,
  `longitud` int(11) NOT NULL,
  `str_pad_to` varchar(191) COLLATE utf8mb4_unicode_ci NOT NULL,
  `completar_con` varchar(191) COLLATE utf8mb4_unicode_ci DEFAULT NULL,
  `created_at` timestamp NULL DEFAULT NULL,
  `updated_at` timestamp NULL DEFAULT NULL,
  `deleted_at` timestamp NULL DEFAULT NULL,
  PRIMARY KEY (`id`)
) ENGINE=InnoDB AUTO_INCREMENT=9 DEFAULT CHARSET=utf8mb4 COLLATE=utf8mb4_unicode_ci;

--
-- Dumping data for table `syj_lsd_reg_3`
--

INSERT INTO `syj_lsd_reg_3` VALUES (1,'Identificador de registro',2,'1',' ',NULL,NULL,NULL),(2,'CUIT',11,'1',' ',NULL,NULL,NULL),(3,'Código Concepto',10,'1',' ',NULL,NULL,NULL),(4,'Cantidad',5,'0','0',NULL,NULL,NULL),(5,'Unidades',1,'1',' ',NULL,NULL,NULL),(6,'Importe',15,'0','0',NULL,NULL,NULL),(7,'Débito Crédito',1,'1',' ',NULL,NULL,NULL),(8,'Período ajuste',6,'1',' ',NULL,NULL,NULL);

--
-- Table structure for table `syj_lsd_reg_5`
--

CREATE TABLE `syj_lsd_reg_5` (
  `id` int(10) unsigned NOT NULL AUTO_INCREMENT,
  `descripcion` varchar(191) COLLATE utf8mb4_unicode_ci NOT NULL,
  `longitud` int(11) NOT NULL,
  `str_pad_to` varchar(191) COLLATE utf8mb4_unicode_ci NOT NULL,
  `completar_con` varchar(191) COLLATE utf8mb4_unicode_ci DEFAULT NULL,
  `created_at` timestamp NULL DEFAULT NULL,
  `updated_at` timestamp NULL DEFAULT NULL,
  `deleted_at` timestamp NULL DEFAULT NULL,
  PRIMARY KEY (`id`)
) ENGINE=InnoDB AUTO_INCREMENT=9 DEFAULT CHARSET=utf8mb4 COLLATE=utf8mb4_unicode_ci;

--
-- Dumping data for table `syj_lsd_reg_5`
--

INSERT INTO `syj_lsd_reg_5` VALUES (1,'Identificador de registro',2,'1',' ',NULL,NULL,NULL),(2,'CUIL del Trabajador',11,'1',' ',NULL,NULL,NULL),(3,'Categoria',6,'0','0',NULL,NULL,NULL),(4,'Puesto',4,'0','0',NULL,NULL,NULL),(5,'Fecha de Ingreso',8,'1','0',NULL,NULL,NULL),(6,'Fecha de Egreso',8,'1','0',NULL,NULL,NULL),(7,'Remuneracion',15,'0','0',NULL,NULL,NULL),(8,'CUIT del Empleador',11,'1',' ',NULL,NULL,NULL);

--
-- Table structure for table `syj_lugares_deposito`
--

CREATE TABLE `syj_lugares_deposito` (
  `id` int(10) unsigned NOT NULL AUTO_INCREMENT,
  `user_id` int(10) unsigned DEFAULT NULL,
  `descripcion` varchar(191) COLLATE utf8mb4_unicode_ci NOT NULL,
  `habilitado` tinyint(1) NOT NULL DEFAULT '1',
  `created_at` timestamp NULL DEFAULT NULL,
  `updated_at` timestamp NULL DEFAULT NULL,
  `deleted_at` timestamp NULL DEFAULT NULL,
  PRIMARY KEY (`id`),
  UNIQUE KEY `syj_lugares_deposito_descripcion_unique` (`descripcion`)
) ENGINE=InnoDB AUTO_INCREMENT=5 DEFAULT CHARSET=utf8mb4 COLLATE=utf8mb4_unicode_ci;

--
-- Dumping data for table `syj_lugares_deposito`
--

INSERT INTO `syj_lugares_deposito` VALUES (1,NULL,'Banco Santander Rio',1,NULL,NULL,NULL),(2,NULL,'Pago Facil',1,NULL,NULL,NULL),(3,NULL,'Banco Galicia',1,NULL,NULL,NULL),(4,NULL,'Interbanking',1,NULL,NULL,NULL);

--
-- Table structure for table `syj_motivo_egreso`
--

CREATE TABLE `syj_motivo_egreso` (
  `id` int(10) unsigned NOT NULL AUTO_INCREMENT,
  `user_id` int(10) unsigned DEFAULT NULL,
  `descripcion` varchar(191) COLLATE utf8mb4_unicode_ci DEFAULT NULL,
  `habilitado` tinyint(1) NOT NULL DEFAULT '1',
  `created_at` timestamp NULL DEFAULT NULL,
  `updated_at` timestamp NULL DEFAULT NULL,
  `deleted_at` timestamp NULL DEFAULT NULL,
  PRIMARY KEY (`id`)
) ENGINE=InnoDB AUTO_INCREMENT=8 DEFAULT CHARSET=utf8mb4 COLLATE=utf8mb4_unicode_ci;

--
