-- Table structure for table `blogs`
--

CREATE TABLE `blogs` (
  `id` int(10) unsigned NOT NULL AUTO_INCREMENT,
  `user_id` int(10) unsigned DEFAULT NULL,
  `fecha` date NOT NULL,
  `file` varchar(191) COLLATE utf8mb4_unicode_ci DEFAULT NULL,
  `blogs_categoria_id` int(10) unsigned NOT NULL,
  `blogs_categoria_sub_id` int(10) unsigned NOT NULL,
  `path` varchar(191) COLLATE utf8mb4_unicode_ci NOT NULL,
  `titulo` varchar(191) COLLATE utf8mb4_unicode_ci NOT NULL,
  `contenido` longtext COLLATE utf8mb4_unicode_ci NOT NULL,
  `autor` varchar(191) COLLATE utf8mb4_unicode_ci NOT NULL,
  `publicar` tinyint(1) NOT NULL DEFAULT '0',
  `created_at` timestamp NULL DEFAULT NULL,
  `updated_at` timestamp NULL DEFAULT NULL,
  `deleted_at` timestamp NULL DEFAULT NULL,
  PRIMARY KEY (`id`),
  KEY `blogs_blogs_categoria_id_foreign` (`blogs_categoria_id`),
  KEY `blogs_blogs_categoria_sub_id_foreign` (`blogs_categoria_sub_id`),
  CONSTRAINT `blogs_blogs_categoria_id_foreign` FOREIGN KEY (`blogs_categoria_id`) REFERENCES `blogs_categorias` (`id`),
  CONSTRAINT `blogs_blogs_categoria_sub_id_foreign` FOREIGN KEY (`blogs_categoria_sub_id`) REFERENCES `blogs_categorias_sub` (`id`)
) ENGINE=InnoDB DEFAULT CHARSET=utf8mb4 COLLATE=utf8mb4_unicode_ci;

--
-- Dumping data for table `blogs`
--


--
-- Table structure for table `blogs_categorias`
--

CREATE TABLE `blogs_categorias` (
  `id` int(10) unsigned NOT NULL AUTO_INCREMENT,
  `user_id` int(10) unsigned DEFAULT NULL,
  `descripcion` varchar(191) COLLATE utf8mb4_unicode_ci DEFAULT NULL,
  `created_at` timestamp NULL DEFAULT NULL,
  `updated_at` timestamp NULL DEFAULT NULL,
  `deleted_at` timestamp NULL DEFAULT NULL,
  PRIMARY KEY (`id`)
) ENGINE=InnoDB DEFAULT CHARSET=utf8mb4 COLLATE=utf8mb4_unicode_ci;

--
-- Dumping data for table `blogs_categorias`
--


--
-- Table structure for table `blogs_categorias_sub`
--

CREATE TABLE `blogs_categorias_sub` (
  `id` int(10) unsigned NOT NULL AUTO_INCREMENT,
  `user_id` int(10) unsigned DEFAULT NULL,
  `blogs_categoria_id` int(10) unsigned NOT NULL,
  `descripcion` varchar(191) COLLATE utf8mb4_unicode_ci NOT NULL,
  `created_at` timestamp NULL DEFAULT NULL,
  `updated_at` timestamp NULL DEFAULT NULL,
  `deleted_at` timestamp NULL DEFAULT NULL,
  PRIMARY KEY (`id`),
  KEY `blogs_categorias_sub_blogs_categoria_id_foreign` (`blogs_categoria_id`),
  CONSTRAINT `blogs_categorias_sub_blogs_categoria_id_foreign` FOREIGN KEY (`blogs_categoria_id`) REFERENCES `blogs_categorias` (`id`)
) ENGINE=InnoDB DEFAULT CHARSET=utf8mb4 COLLATE=utf8mb4_unicode_ci;

--
-- Dumping data for table `blogs_categorias_sub`
--


--
-- Table structure for table `bs_per_alicuotas`
--

CREATE TABLE `bs_per_alicuotas` (
  `id` int(10) unsigned NOT NULL AUTO_INCREMENT,
  `anio` int(10) unsigned NOT NULL,
  `min_no_imponible` decimal(16,2) NOT NULL DEFAULT '0.00',
  `desde` decimal(16,2) NOT NULL DEFAULT '0.00',
  `hasta` decimal(16,2) NOT NULL DEFAULT '0.00',
  `impuesto` decimal(16,2) NOT NULL DEFAULT '0.00',
  `mas_porcentaje` decimal(16,4) NOT NULL DEFAULT '0.0000',
  `excedente` decimal(16,2) NOT NULL DEFAULT '0.00',
  `created_at` timestamp NULL DEFAULT NULL,
  `updated_at` timestamp NULL DEFAULT NULL,
  `deleted_at` timestamp NULL DEFAULT NULL,
  PRIMARY KEY (`id`)
) ENGINE=InnoDB AUTO_INCREMENT=21 DEFAULT CHARSET=utf8mb4 COLLATE=utf8mb4_unicode_ci;

--
-- Dumping data for table `bs_per_alicuotas`
--

INSERT INTO `bs_per_alicuotas` VALUES (1,2017,950000.00,0.00,999999999.99,0.00,0.0050,950000.00,'2019-11-19 21:09:50','2019-11-19 21:09:50',NULL),(2,2018,1050000.00,0.00,999999999.99,0.00,0.0025,1050000.00,'2019-11-19 21:09:50','2019-11-19 21:09:50',NULL),(3,2019,2000000.00,0.00,3000000.00,0.00,0.0050,0.00,'2019-11-19 21:09:50','2022-05-26 17:36:13',NULL),(4,2019,2000000.00,3000000.00,6500000.00,15000.00,0.0075,3000000.00,'2019-11-19 21:09:50','2022-05-26 17:36:13',NULL),(5,2019,2000000.00,6500000.00,18000000.00,41250.00,0.0100,6500000.00,'2019-11-19 21:09:50','2022-05-26 17:36:13',NULL),(6,2019,2000000.00,18000000.00,999999999.99,156250.00,0.0125,18000000.00,'2022-05-26 17:36:13','2022-05-26 17:36:13',NULL),(7,2020,2000000.00,0.00,3000000.00,0.00,0.0050,0.00,'2022-05-26 17:36:24','2022-05-26 17:36:24',NULL),(8,2020,2000000.00,3000000.00,6500000.00,15000.00,0.0075,3000000.00,'2022-05-26 17:36:24','2022-05-26 17:36:24',NULL),(9,2020,2000000.00,6500000.00,18000000.00,41250.00,0.0100,6500000.00,'2022-05-26 17:36:24','2022-05-26 17:36:24',NULL),(10,2020,2000000.00,18000000.00,999999999.99,156250.00,0.0125,18000000.00,'2022-05-26 17:36:24','2022-05-26 17:36:24',NULL),(11,2021,6000000.00,0.00,3000000.00,0.00,0.0050,0.00,'2022-05-26 17:36:31','2022-05-26 17:36:31',NULL),(12,2021,6000000.00,3000000.00,6500000.00,15000.00,0.0075,3000000.00,'2022-05-26 17:36:31','2022-05-26 17:36:31',NULL),(13,2021,6000000.00,6500000.00,18000000.00,41250.00,0.0100,6500000.00,'2022-05-26 17:36:31','2022-05-26 17:36:31',NULL),(14,2021,6000000.00,18000000.00,999999999.99,156250.00,0.0125,18000000.00,'2022-05-26 17:36:31','2022-05-26 17:36:31',NULL),(15,2022,11282141.08,0.00,5641070.54,0.00,0.0050,0.00,'2023-05-30 15:06:49','2023-05-30 15:06:49',NULL),(16,2022,11282141.08,5641070.54,12222319.51,28205.35,0.0075,5641070.54,'2023-05-30 15:06:49','2023-05-30 15:06:49',NULL),(17,2022,11282141.08,12222319.51,33846423.25,77564.72,0.0100,12222319.51,'2023-05-30 15:06:49','2023-05-30 15:06:49',NULL),(18,2022,11282141.08,33846423.25,188035684.71,293802.76,0.0125,33846423.25,'2023-05-30 15:06:49','2023-05-30 15:06:49',NULL),(19,2022,11282141.08,188035684.71,564107054.14,2221171.53,0.0150,188035684.71,'2023-05-30 15:06:49','2023-05-30 15:06:49',NULL),(20,2022,11282141.08,564107054.14,999999999999.00,7682242.07,0.0175,564107054.14,'2023-05-30 15:06:49','2023-05-30 15:06:49',NULL);

--
-- Table structure for table `bs_per_ddjjs`
--

CREATE TABLE `bs_per_ddjjs` (
  `id` int(10) unsigned NOT NULL AUTO_INCREMENT,
  `user_id` int(10) unsigned DEFAULT NULL,
  `anio` int(10) unsigned NOT NULL,
  `person_id` int(10) unsigned NOT NULL,
  `total_bienes_gravados` decimal(16,2) NOT NULL DEFAULT '0.00',
  `total_bienes_exentos` decimal(16,2) NOT NULL DEFAULT '0.00',
  `min_no_imponible` decimal(16,2) NOT NULL DEFAULT '0.00',
  `base_imponible` decimal(16,2) NOT NULL DEFAULT '0.00',
  `impuesto_determinado` decimal(16,2) NOT NULL DEFAULT '0.00',
  `saldo_a_pagar` decimal(16,2) NOT NULL DEFAULT '0.00',
  `saldo_a_favor` decimal(16,2) NOT NULL DEFAULT '0.00',
  `comentario` varchar(191) COLLATE utf8mb4_unicode_ci DEFAULT NULL,
  `created_at` timestamp NULL DEFAULT NULL,
  `updated_at` timestamp NULL DEFAULT NULL,
  `deleted_at` timestamp NULL DEFAULT NULL,
  PRIMARY KEY (`id`),
  KEY `bs_per_ddjjs_person_id_foreign` (`person_id`),
  CONSTRAINT `bs_per_ddjjs_person_id_foreign` FOREIGN KEY (`person_id`) REFERENCES `persons` (`id`)
) ENGINE=InnoDB DEFAULT CHARSET=utf8mb4 COLLATE=utf8mb4_unicode_ci;

--
-- Dumping data for table `bs_per_ddjjs`
--


--
-- Table structure for table `bs_pers_conceptos`
--

CREATE TABLE `bs_pers_conceptos` (
  `id` int(10) unsigned NOT NULL AUTO_INCREMENT,
  `nombre` varchar(191) COLLATE utf8mb4_unicode_ci NOT NULL,
  `status` tinyint(1) NOT NULL DEFAULT '1',
  `created_at` timestamp NULL DEFAULT NULL,
  `updated_at` timestamp NULL DEFAULT NULL,
  `deleted_at` timestamp NULL DEFAULT NULL,
  PRIMARY KEY (`id`)
) ENGINE=InnoDB AUTO_INCREMENT=12 DEFAULT CHARSET=utf8mb4 COLLATE=utf8mb4_unicode_ci;

--
-- Dumping data for table `bs_pers_conceptos`
--

INSERT INTO `bs_pers_conceptos` VALUES (1,'Inmuebles',1,'2019-11-19 21:09:50','2019-11-19 21:09:50',NULL),(2,'Derechos Reales',1,'2019-11-19 21:09:50','2019-11-19 21:09:50',NULL),(3,'Naves y Aeronaves',1,'2019-11-19 21:09:50','2019-11-19 21:09:50',NULL),(4,'Automotores y otros rodados',1,'2019-11-19 21:09:50','2019-11-19 21:09:50',NULL),(5,'Dinero y depósitos en dinero',1,'2019-11-19 21:09:50','2019-11-19 21:09:50',NULL),(6,'Títulos, acciones, cuotas o participaciones sociales y otros títulos valores',1,'2019-11-19 21:09:50','2019-11-19 21:09:50',NULL),(7,'Patrimonio de empresas o explotaciones unipersonales',1,'2019-11-19 21:09:50','2019-11-19 21:09:50',NULL),(8,'Créditos y debentures',1,'2019-11-19 21:09:50','2019-11-19 21:09:50',NULL),(9,'Derechos de propiedad científica, literaria o artística, marcas, patentes y sus licencias',1,'2019-11-19 21:09:50','2019-11-19 21:09:50',NULL),(10,'Otros Bienes (incluye semovientes, antigüedades, objetos de colección, objetos de arte, ...)',1,'2019-11-19 21:09:50','2019-11-19 21:09:50',NULL),(11,'Objetos Personales y del Hogar',1,'2019-11-19 21:09:50','2019-11-19 21:09:50',NULL);

--
-- Table structure for table `bs_pers_detail_anticipos`
--

CREATE TABLE `bs_pers_detail_anticipos` (
  `id` int(10) unsigned NOT NULL AUTO_INCREMENT,
  `bs_per_ddjj_id` int(10) unsigned NOT NULL,
  `person_id` int(10) unsigned NOT NULL,
  `ganan_concepto_anticipo_id` int(10) unsigned NOT NULL,
  `importe` decimal(16,2) NOT NULL DEFAULT '0.00',
  `created_at` timestamp NULL DEFAULT NULL,
  `updated_at` timestamp NULL DEFAULT NULL,
  `deleted_at` timestamp NULL DEFAULT NULL,
  PRIMARY KEY (`id`),
  KEY `bs_pers_detail_anticipos_bs_per_ddjj_id_foreign` (`bs_per_ddjj_id`),
  KEY `bs_pers_detail_anticipos_person_id_foreign` (`person_id`),
  KEY `bs_pers_detail_anticipos_ganan_concepto_anticipo_id_foreign` (`ganan_concepto_anticipo_id`),
  CONSTRAINT `bs_pers_detail_anticipos_bs_per_ddjj_id_foreign` FOREIGN KEY (`bs_per_ddjj_id`) REFERENCES `bs_per_ddjjs` (`id`),
  CONSTRAINT `bs_pers_detail_anticipos_ganan_concepto_anticipo_id_foreign` FOREIGN KEY (`ganan_concepto_anticipo_id`) REFERENCES `ganan_conceptos_anticipos` (`id`),
  CONSTRAINT `bs_pers_detail_anticipos_person_id_foreign` FOREIGN KEY (`person_id`) REFERENCES `persons` (`id`)
) ENGINE=InnoDB DEFAULT CHARSET=utf8mb4 COLLATE=utf8mb4_unicode_ci;

--
-- Dumping data for table `bs_pers_detail_anticipos`
--


--
-- Table structure for table `bs_pers_detail_bienes`
--

CREATE TABLE `bs_pers_detail_bienes` (
  `id` int(10) unsigned NOT NULL AUTO_INCREMENT,
  `bs_per_ddjj_id` int(10) unsigned NOT NULL,
  `person_id` int(10) unsigned NOT NULL,
  `bs_pers_concepto_id` int(10) unsigned NOT NULL,
  `concepto` varchar(191) COLLATE utf8mb4_unicode_ci DEFAULT NULL,
  `importe_gravado` decimal(16,2) NOT NULL DEFAULT '0.00',
  `importe_exento` decimal(16,2) NOT NULL DEFAULT '0.00',
  `comentario` varchar(191) COLLATE utf8mb4_unicode_ci DEFAULT NULL,
  `created_at` timestamp NULL DEFAULT NULL,
  `updated_at` timestamp NULL DEFAULT NULL,
  `deleted_at` timestamp NULL DEFAULT NULL,
  PRIMARY KEY (`id`),
  KEY `bs_pers_detail_bienes_bs_per_ddjj_id_foreign` (`bs_per_ddjj_id`),
  KEY `bs_pers_detail_bienes_person_id_foreign` (`person_id`),
  KEY `bs_pers_detail_bienes_bs_pers_concepto_id_foreign` (`bs_pers_concepto_id`),
  CONSTRAINT `bs_pers_detail_bienes_bs_per_ddjj_id_foreign` FOREIGN KEY (`bs_per_ddjj_id`) REFERENCES `bs_per_ddjjs` (`id`),
  CONSTRAINT `bs_pers_detail_bienes_bs_pers_concepto_id_foreign` FOREIGN KEY (`bs_pers_concepto_id`) REFERENCES `bs_pers_conceptos` (`id`),
  CONSTRAINT `bs_pers_detail_bienes_person_id_foreign` FOREIGN KEY (`person_id`) REFERENCES `persons` (`id`)
) ENGINE=InnoDB DEFAULT CHARSET=utf8mb4 COLLATE=utf8mb4_unicode_ci;

--
-- Dumping data for table `bs_pers_detail_bienes`
--


--
-- Table structure for table `calendar`
--

CREATE TABLE `calendar` (
  `id` bigint(20) unsigned NOT NULL AUTO_INCREMENT,
  `user_id` int(10) unsigned DEFAULT NULL,
  `person_id` int(10) unsigned NOT NULL,
  `person_id_relationed` int(10) unsigned DEFAULT NULL,
  `ws_telefono_id` bigint(20) unsigned DEFAULT NULL,
  `title` longtext COLLATE utf8mb4_unicode_ci,
  `descripcion` longtext COLLATE utf8mb4_unicode_ci,
  `descripcion_text` longtext COLLATE utf8mb4_unicode_ci,
  `url` text COLLATE utf8mb4_unicode_ci,
  `start` datetime DEFAULT NULL,
  `startEditable` tinyint(1) NOT NULL DEFAULT '1',
  `startStr` text COLLATE utf8mb4_unicode_ci,
  `end` datetime DEFAULT NULL,
  `endStr` text COLLATE utf8mb4_unicode_ci,
  `allDay` tinyint(1) NOT NULL DEFAULT '1',
  `allow` tinyint(1) DEFAULT NULL,
  `backgroundColor` text COLLATE utf8mb4_unicode_ci,
  `borderColor` text COLLATE utf8mb4_unicode_ci,
  `classNames` longtext COLLATE utf8mb4_unicode_ci,
  `constraint` text COLLATE utf8mb4_unicode_ci,
  `display` text COLLATE utf8mb4_unicode_ci,
  `durationEditable` tinyint(1) NOT NULL DEFAULT '1',
  `extendedProps` longtext COLLATE utf8mb4_unicode_ci,
  `groupId` text COLLATE utf8mb4_unicode_ci,
  `overlap` text COLLATE utf8mb4_unicode_ci,
  `source` longtext COLLATE utf8mb4_unicode_ci,
  `textColor` text COLLATE utf8mb4_unicode_ci,
  `is_impuesto_from_taxes` tinyint(1) NOT NULL DEFAULT '0',
  `created_at` timestamp NULL DEFAULT NULL,
  `updated_at` timestamp NULL DEFAULT NULL,
  `deleted_at` timestamp NULL DEFAULT NULL,
  PRIMARY KEY (`id`),
  KEY `calendar_person_id_foreign` (`person_id`),
  KEY `calendar_person_id_relationed_foreign` (`person_id_relationed`),
  KEY `calendar_ws_telefono_id_foreign` (`ws_telefono_id`),
  CONSTRAINT `calendar_person_id_foreign` FOREIGN KEY (`person_id`) REFERENCES `persons` (`id`),
  CONSTRAINT `calendar_person_id_relationed_foreign` FOREIGN KEY (`person_id_relationed`) REFERENCES `persons` (`id`),
  CONSTRAINT `calendar_ws_telefono_id_foreign` FOREIGN KEY (`ws_telefono_id`) REFERENCES `ws_telefonos` (`id`)
) ENGINE=InnoDB AUTO_INCREMENT=50 DEFAULT CHARSET=utf8mb4 COLLATE=utf8mb4_unicode_ci;

--
-- Dumping data for table `calendar`
--

INSERT INTO `calendar` VALUES (1,NULL,40720,NULL,NULL,'IIBB SICOL - DDJJ',NULL,NULL,'','2024-01-17 10:00:00',1,NULL,'2024-01-17 10:30:00',NULL,0,NULL,'#FF0000',NULL,NULL,NULL,'auto',1,NULL,NULL,NULL,NULL,'#FFFFFF',1,NULL,NULL,NULL),(2,NULL,40720,NULL,NULL,'IIBB SICOL - DDJJ',NULL,NULL,'','2023-02-15 10:00:00',1,NULL,'2023-02-15 10:30:00',NULL,0,NULL,'#FF0000',NULL,NULL,NULL,'auto',1,NULL,NULL,NULL,NULL,'#FFFFFF',1,NULL,NULL,NULL),(3,NULL,40720,NULL,NULL,'IIBB SICOL - DDJJ',NULL,NULL,'','2023-03-15 10:00:00',1,NULL,'2023-03-15 10:30:00',NULL,0,NULL,'#FF0000',NULL,NULL,NULL,'auto',1,NULL,NULL,NULL,NULL,'#FFFFFF',1,NULL,NULL,NULL),(4,NULL,40720,NULL,NULL,'IIBB SICOL - DDJJ',NULL,NULL,'','2023-04-13 10:00:00',1,NULL,'2023-04-13 10:30:00',NULL,0,NULL,'#FF0000',NULL,NULL,NULL,'auto',1,NULL,NULL,NULL,NULL,'#FFFFFF',1,NULL,NULL,NULL),(5,NULL,40720,NULL,NULL,'IIBB SICOL - DDJJ',NULL,NULL,'','2023-05-17 10:00:00',1,NULL,'2023-05-17 10:30:00',NULL,0,NULL,'#FF0000',NULL,NULL,NULL,'auto',1,NULL,NULL,NULL,NULL,'#FFFFFF',1,NULL,NULL,NULL),(6,NULL,40720,NULL,NULL,'IIBB SICOL - DDJJ',NULL,NULL,'','2023-06-14 10:00:00',1,NULL,'2023-06-14 10:30:00',NULL,0,NULL,'#FF0000',NULL,NULL,NULL,'auto',1,NULL,NULL,NULL,NULL,'#FFFFFF',1,NULL,NULL,NULL),(7,NULL,40720,NULL,NULL,'IIBB SICOL - DDJJ',NULL,NULL,'','2023-07-13 10:00:00',1,NULL,'2023-07-13 10:30:00',NULL,0,NULL,'#FF0000',NULL,NULL,NULL,'auto',1,NULL,NULL,NULL,NULL,'#FFFFFF',1,NULL,NULL,NULL),(8,NULL,40720,NULL,NULL,'IIBB SICOL - DDJJ',NULL,NULL,'','2023-08-15 10:00:00',1,NULL,'2023-08-15 10:30:00',NULL,0,NULL,'#FF0000',NULL,NULL,NULL,'auto',1,NULL,NULL,NULL,NULL,'#FFFFFF',1,NULL,NULL,NULL),(9,NULL,40720,NULL,NULL,'IIBB SICOL - DDJJ',NULL,NULL,'','2023-09-13 10:00:00',1,NULL,'2023-09-13 10:30:00',NULL,0,NULL,'#FF0000',NULL,NULL,NULL,'auto',1,NULL,NULL,NULL,NULL,'#FFFFFF',1,NULL,NULL,NULL),(10,NULL,40720,NULL,NULL,'IIBB SICOL - DDJJ',NULL,NULL,'','2023-10-17 10:00:00',1,NULL,'2023-10-17 10:30:00',NULL,0,NULL,'#FF0000',NULL,NULL,NULL,'auto',1,NULL,NULL,NULL,NULL,'#FFFFFF',1,NULL,NULL,NULL),(11,NULL,40720,NULL,NULL,'IIBB SICOL - DDJJ',NULL,NULL,'','2023-11-15 10:00:00',1,NULL,'2023-11-15 10:30:00',NULL,0,NULL,'#FF0000',NULL,NULL,NULL,'auto',1,NULL,NULL,NULL,NULL,'#FFFFFF',1,NULL,NULL,NULL),(12,NULL,40720,NULL,NULL,'IIBB SICOL - DDJJ',NULL,NULL,'','2023-12-13 10:00:00',1,NULL,'2023-12-13 10:30:00',NULL,0,NULL,'#FF0000',NULL,NULL,NULL,'auto',1,NULL,NULL,NULL,NULL,'#FFFFFF',1,NULL,NULL,NULL),(13,NULL,40720,NULL,NULL,'IVA',NULL,NULL,'','2023-01-20 10:00:00',1,NULL,'2023-01-20 10:30:00',NULL,0,NULL,'#FF0000',NULL,NULL,NULL,'auto',1,NULL,NULL,NULL,NULL,'#FFFFFF',1,NULL,NULL,NULL),(14,NULL,40720,NULL,NULL,'IVA',NULL,NULL,'','2023-02-24 10:00:00',1,NULL,'2023-02-24 10:30:00',NULL,0,NULL,'#FF0000',NULL,NULL,NULL,'auto',1,NULL,NULL,NULL,NULL,'#FFFFFF',1,NULL,NULL,NULL),(15,NULL,40720,NULL,NULL,'IVA',NULL,NULL,'','2023-03-22 10:00:00',1,NULL,'2023-03-22 10:30:00',NULL,0,NULL,'#FF0000',NULL,NULL,NULL,'auto',1,NULL,NULL,NULL,NULL,'#FFFFFF',1,NULL,NULL,NULL),(16,NULL,40720,NULL,NULL,'IVA',NULL,NULL,'','2023-04-20 10:00:00',1,NULL,'2023-04-20 10:30:00',NULL,0,NULL,'#FF0000',NULL,NULL,NULL,'auto',1,NULL,NULL,NULL,NULL,'#FFFFFF',1,NULL,NULL,NULL),(17,NULL,40720,NULL,NULL,'IVA',NULL,NULL,'','2023-05-22 10:00:00',1,NULL,'2023-05-22 10:30:00',NULL,0,NULL,'#FF0000',NULL,NULL,NULL,'auto',1,NULL,NULL,NULL,NULL,'#FFFFFF',1,NULL,NULL,NULL),(18,NULL,40720,NULL,NULL,'IVA',NULL,NULL,'','2023-06-23 10:00:00',1,NULL,'2023-06-23 10:30:00',NULL,0,NULL,'#FF0000',NULL,NULL,NULL,'auto',1,NULL,NULL,NULL,NULL,'#FFFFFF',1,NULL,NULL,NULL),(19,NULL,40720,NULL,NULL,'IVA',NULL,NULL,'','2023-07-20 10:00:00',1,NULL,'2023-07-20 10:30:00',NULL,0,NULL,'#FF0000',NULL,NULL,NULL,'auto',1,NULL,NULL,NULL,NULL,'#FFFFFF',1,NULL,NULL,NULL),(20,NULL,40720,NULL,NULL,'IVA',NULL,NULL,'','2023-08-23 10:00:00',1,NULL,'2023-08-23 10:30:00',NULL,0,NULL,'#FF0000',NULL,NULL,NULL,'auto',1,NULL,NULL,NULL,NULL,'#FFFFFF',1,NULL,NULL,NULL);
INSERT INTO `calendar` VALUES (21,NULL,40720,NULL,NULL,'IVA',NULL,NULL,'','2023-09-20 10:00:00',1,NULL,'2023-09-20 10:30:00',NULL,0,NULL,'#FF0000',NULL,NULL,NULL,'auto',1,NULL,NULL,NULL,NULL,'#FFFFFF',1,NULL,NULL,NULL),(22,NULL,40720,NULL,NULL,'IVA',NULL,NULL,'','2023-10-20 10:00:00',1,NULL,'2023-10-20 10:30:00',NULL,0,NULL,'#FF0000',NULL,NULL,NULL,'auto',1,NULL,NULL,NULL,NULL,'#FFFFFF',1,NULL,NULL,NULL),(23,NULL,40720,NULL,NULL,'IVA',NULL,NULL,'','2023-11-23 10:00:00',1,NULL,'2023-11-23 10:30:00',NULL,0,NULL,'#FF0000',NULL,NULL,NULL,'auto',1,NULL,NULL,NULL,NULL,'#FFFFFF',1,NULL,NULL,NULL),(24,NULL,40720,NULL,NULL,'IVA',NULL,NULL,'','2023-12-20 10:00:00',1,NULL,'2023-12-20 10:30:00',NULL,0,NULL,'#FF0000',NULL,NULL,NULL,'auto',1,NULL,NULL,NULL,NULL,'#FFFFFF',1,NULL,NULL,NULL),(25,NULL,40720,NULL,NULL,'Ganancia Personas Humanas',NULL,NULL,'','2023-06-13 10:00:00',1,NULL,'2023-06-13 10:30:00',NULL,0,NULL,'#FF0000',NULL,NULL,NULL,'auto',1,NULL,NULL,NULL,NULL,'#FFFFFF',1,NULL,NULL,NULL),(26,NULL,40722,NULL,NULL,'IVA',NULL,NULL,'','2023-01-20 10:00:00',1,NULL,'2023-01-20 10:30:00',NULL,0,NULL,'#FF0000',NULL,NULL,NULL,'auto',1,NULL,NULL,NULL,NULL,'#FFFFFF',1,NULL,NULL,NULL),(27,NULL,40722,NULL,NULL,'IVA',NULL,NULL,'','2023-02-24 10:00:00',1,NULL,'2023-02-24 10:30:00',NULL,0,NULL,'#FF0000',NULL,NULL,NULL,'auto',1,NULL,NULL,NULL,NULL,'#FFFFFF',1,NULL,NULL,NULL),(28,NULL,40722,NULL,NULL,'IVA',NULL,NULL,'','2023-03-22 10:00:00',1,NULL,'2023-03-22 10:30:00',NULL,0,NULL,'#FF0000',NULL,NULL,NULL,'auto',1,NULL,NULL,NULL,NULL,'#FFFFFF',1,NULL,NULL,NULL),(29,NULL,40722,NULL,NULL,'IVA',NULL,NULL,'','2023-04-20 10:00:00',1,NULL,'2023-04-20 10:30:00',NULL,0,NULL,'#FF0000',NULL,NULL,NULL,'auto',1,NULL,NULL,NULL,NULL,'#FFFFFF',1,NULL,NULL,NULL),(30,NULL,40722,NULL,NULL,'IVA',NULL,NULL,'','2023-05-22 10:00:00',1,NULL,'2023-05-22 10:30:00',NULL,0,NULL,'#FF0000',NULL,NULL,NULL,'auto',1,NULL,NULL,NULL,NULL,'#FFFFFF',1,NULL,NULL,NULL),(31,NULL,40722,NULL,NULL,'IVA',NULL,NULL,'','2023-06-23 10:00:00',1,NULL,'2023-06-23 10:30:00',NULL,0,NULL,'#FF0000',NULL,NULL,NULL,'auto',1,NULL,NULL,NULL,NULL,'#FFFFFF',1,NULL,NULL,NULL),(32,NULL,40722,NULL,NULL,'IVA',NULL,NULL,'','2023-07-20 10:00:00',1,NULL,'2023-07-20 10:30:00',NULL,0,NULL,'#FF0000',NULL,NULL,NULL,'auto',1,NULL,NULL,NULL,NULL,'#FFFFFF',1,NULL,NULL,NULL),(33,NULL,40722,NULL,NULL,'IVA',NULL,NULL,'','2023-08-23 10:00:00',1,NULL,'2023-08-23 10:30:00',NULL,0,NULL,'#FF0000',NULL,NULL,NULL,'auto',1,NULL,NULL,NULL,NULL,'#FFFFFF',1,NULL,NULL,NULL),(34,NULL,40722,NULL,NULL,'IVA',NULL,NULL,'','2023-09-20 10:00:00',1,NULL,'2023-09-20 10:30:00',NULL,0,NULL,'#FF0000',NULL,NULL,NULL,'auto',1,NULL,NULL,NULL,NULL,'#FFFFFF',1,NULL,NULL,NULL),(35,NULL,40722,NULL,NULL,'IVA',NULL,NULL,'','2023-10-20 10:00:00',1,NULL,'2023-10-20 10:30:00',NULL,0,NULL,'#FF0000',NULL,NULL,NULL,'auto',1,NULL,NULL,NULL,NULL,'#FFFFFF',1,NULL,NULL,NULL),(36,NULL,40722,NULL,NULL,'IVA',NULL,NULL,'','2023-11-23 10:00:00',1,NULL,'2023-11-23 10:30:00',NULL,0,NULL,'#FF0000',NULL,NULL,NULL,'auto',1,NULL,NULL,NULL,NULL,'#FFFFFF',1,NULL,NULL,NULL),(37,NULL,40722,NULL,NULL,'IVA',NULL,NULL,'','2023-12-20 10:00:00',1,NULL,'2023-12-20 10:30:00',NULL,0,NULL,'#FF0000',NULL,NULL,NULL,'auto',1,NULL,NULL,NULL,NULL,'#FFFFFF',1,NULL,NULL,NULL),(38,NULL,40722,NULL,NULL,'IIBB SICOL - DDJJ',NULL,NULL,'','2024-01-17 10:00:00',1,NULL,'2024-01-17 10:30:00',NULL,0,NULL,'#FF0000',NULL,NULL,NULL,'auto',1,NULL,NULL,NULL,NULL,'#FFFFFF',1,NULL,NULL,NULL),(39,NULL,40722,NULL,NULL,'IIBB SICOL - DDJJ',NULL,NULL,'','2023-02-15 10:00:00',1,NULL,'2023-02-15 10:30:00',NULL,0,NULL,'#FF0000',NULL,NULL,NULL,'auto',1,NULL,NULL,NULL,NULL,'#FFFFFF',1,NULL,NULL,NULL),(40,NULL,40722,NULL,NULL,'IIBB SICOL - DDJJ',NULL,NULL,'','2023-03-15 10:00:00',1,NULL,'2023-03-15 10:30:00',NULL,0,NULL,'#FF0000',NULL,NULL,NULL,'auto',1,NULL,NULL,NULL,NULL,'#FFFFFF',1,NULL,NULL,NULL);
INSERT INTO `calendar` VALUES (41,NULL,40722,NULL,NULL,'IIBB SICOL - DDJJ',NULL,NULL,'','2023-04-13 10:00:00',1,NULL,'2023-04-13 10:30:00',NULL,0,NULL,'#FF0000',NULL,NULL,NULL,'auto',1,NULL,NULL,NULL,NULL,'#FFFFFF',1,NULL,NULL,NULL),(42,NULL,40722,NULL,NULL,'IIBB SICOL - DDJJ',NULL,NULL,'','2023-05-17 10:00:00',1,NULL,'2023-05-17 10:30:00',NULL,0,NULL,'#FF0000',NULL,NULL,NULL,'auto',1,NULL,NULL,NULL,NULL,'#FFFFFF',1,NULL,NULL,NULL),(43,NULL,40722,NULL,NULL,'IIBB SICOL - DDJJ',NULL,NULL,'','2023-06-14 10:00:00',1,NULL,'2023-06-14 10:30:00',NULL,0,NULL,'#FF0000',NULL,NULL,NULL,'auto',1,NULL,NULL,NULL,NULL,'#FFFFFF',1,NULL,NULL,NULL),(44,NULL,40722,NULL,NULL,'IIBB SICOL - DDJJ',NULL,NULL,'','2023-07-13 10:00:00',1,NULL,'2023-07-13 10:30:00',NULL,0,NULL,'#FF0000',NULL,NULL,NULL,'auto',1,NULL,NULL,NULL,NULL,'#FFFFFF',1,NULL,NULL,NULL),(45,NULL,40722,NULL,NULL,'IIBB SICOL - DDJJ',NULL,NULL,'','2023-08-15 10:00:00',1,NULL,'2023-08-15 10:30:00',NULL,0,NULL,'#FF0000',NULL,NULL,NULL,'auto',1,NULL,NULL,NULL,NULL,'#FFFFFF',1,NULL,NULL,NULL),(46,NULL,40722,NULL,NULL,'IIBB SICOL - DDJJ',NULL,NULL,'','2023-09-13 10:00:00',1,NULL,'2023-09-13 10:30:00',NULL,0,NULL,'#FF0000',NULL,NULL,NULL,'auto',1,NULL,NULL,NULL,NULL,'#FFFFFF',1,NULL,NULL,NULL),(47,NULL,40722,NULL,NULL,'IIBB SICOL - DDJJ',NULL,NULL,'','2023-10-17 10:00:00',1,NULL,'2023-10-17 10:30:00',NULL,0,NULL,'#FF0000',NULL,NULL,NULL,'auto',1,NULL,NULL,NULL,NULL,'#FFFFFF',1,NULL,NULL,NULL),(48,NULL,40722,NULL,NULL,'IIBB SICOL - DDJJ',NULL,NULL,'','2023-11-15 10:00:00',1,NULL,'2023-11-15 10:30:00',NULL,0,NULL,'#FF0000',NULL,NULL,NULL,'auto',1,NULL,NULL,NULL,NULL,'#FFFFFF',1,NULL,NULL,NULL),(49,NULL,40722,NULL,NULL,'IIBB SICOL - DDJJ',NULL,NULL,'','2023-12-13 10:00:00',1,NULL,'2023-12-13 10:30:00',NULL,0,NULL,'#FF0000',NULL,NULL,NULL,'auto',1,NULL,NULL,NULL,NULL,'#FFFFFF',1,NULL,NULL,NULL);

--
-- Table structure for table `calendar_emails_telefonos`
--

CREATE TABLE `calendar_emails_telefonos` (
  `id` bigint(20) unsigned NOT NULL AUTO_INCREMENT,
  `user_id` int(10) unsigned DEFAULT NULL,
  `calendar_id` bigint(20) unsigned NOT NULL,
  `email` text COLLATE utf8mb4_unicode_ci,
  `celular` text COLLATE utf8mb4_unicode_ci,
  `created_at` timestamp NULL DEFAULT NULL,
  `updated_at` timestamp NULL DEFAULT NULL,
  `deleted_at` timestamp NULL DEFAULT NULL,
  PRIMARY KEY (`id`),
  KEY `calendar_emails_telefonos_calendar_id_foreign` (`calendar_id`),
  CONSTRAINT `calendar_emails_telefonos_calendar_id_foreign` FOREIGN KEY (`calendar_id`) REFERENCES `calendar` (`id`)
) ENGINE=InnoDB DEFAULT CHARSET=utf8mb4 COLLATE=utf8mb4_unicode_ci;

--
-- Dumping data for table `calendar_emails_telefonos`
--


--
-- Table structure for table `calendar_files`
--

CREATE TABLE `calendar_files` (
  `id` bigint(20) unsigned NOT NULL AUTO_INCREMENT,
  `user_id` int(10) unsigned DEFAULT NULL,
  `calendar_id` bigint(20) unsigned NOT NULL,
  `path` text COLLATE utf8mb4_unicode_ci NOT NULL,
  `original_name` text COLLATE utf8mb4_unicode_ci NOT NULL,
  `created_at` timestamp NULL DEFAULT NULL,
  `updated_at` timestamp NULL DEFAULT NULL,
  `deleted_at` timestamp NULL DEFAULT NULL,
  PRIMARY KEY (`id`),
  KEY `calendar_files_calendar_id_foreign` (`calendar_id`),
  CONSTRAINT `calendar_files_calendar_id_foreign` FOREIGN KEY (`calendar_id`) REFERENCES `calendar` (`id`)
) ENGINE=InnoDB DEFAULT CHARSET=utf8mb4 COLLATE=utf8mb4_unicode_ci;

--
-- Dumping data for table `calendar_files`
--


--
-- Table structure for table `calendar_niv_1`
--

CREATE TABLE `calendar_niv_1` (
  `id` bigint(20) unsigned NOT NULL AUTO_INCREMENT,
  `user_id` int(10) unsigned DEFAULT NULL,
  `person_id` int(10) unsigned NOT NULL,
  `descripcion` longtext COLLATE utf8mb4_unicode_ci,
  `detalle` text COLLATE utf8mb4_unicode_ci,
  `habilitado` tinyint(1) NOT NULL DEFAULT '1',
  `created_at` timestamp NULL DEFAULT NULL,
  `updated_at` timestamp NULL DEFAULT NULL,
  `deleted_at` timestamp NULL DEFAULT NULL,
  PRIMARY KEY (`id`),
  KEY `calendar_niv_1_person_id_foreign` (`person_id`),
  CONSTRAINT `calendar_niv_1_person_id_foreign` FOREIGN KEY (`person_id`) REFERENCES `persons` (`id`)
) ENGINE=InnoDB DEFAULT CHARSET=utf8mb4 COLLATE=utf8mb4_unicode_ci;

--
-- Dumping data for table `calendar_niv_1`
--


--
-- Table structure for table `calendar_niv_1_2`
--

CREATE TABLE `calendar_niv_1_2` (
  `id` bigint(20) unsigned NOT NULL AUTO_INCREMENT,
  `user_id` int(10) unsigned DEFAULT NULL,
  `person_id` int(10) unsigned NOT NULL,
  `calendar_niv_1_id` bigint(20) unsigned NOT NULL,
  `calendar_niv_2_id` bigint(20) unsigned NOT NULL,
  `created_at` timestamp NULL DEFAULT NULL,
  `updated_at` timestamp NULL DEFAULT NULL,
  `deleted_at` timestamp NULL DEFAULT NULL,
  PRIMARY KEY (`id`),
  KEY `calendar_niv_1_2_person_id_foreign` (`person_id`),
  KEY `calendar_niv_1_2_calendar_niv_1_id_foreign` (`calendar_niv_1_id`),
  KEY `calendar_niv_1_2_calendar_niv_2_id_foreign` (`calendar_niv_2_id`),
  CONSTRAINT `calendar_niv_1_2_calendar_niv_1_id_foreign` FOREIGN KEY (`calendar_niv_1_id`) REFERENCES `calendar_niv_1` (`id`),
  CONSTRAINT `calendar_niv_1_2_calendar_niv_2_id_foreign` FOREIGN KEY (`calendar_niv_2_id`) REFERENCES `calendar_niv_2` (`id`),
  CONSTRAINT `calendar_niv_1_2_person_id_foreign` FOREIGN KEY (`person_id`) REFERENCES `persons` (`id`)
) ENGINE=InnoDB DEFAULT CHARSET=utf8mb4 COLLATE=utf8mb4_unicode_ci;

--
-- Dumping data for table `calendar_niv_1_2`
--


--
-- Table structure for table `calendar_niv_2`
--

CREATE TABLE `calendar_niv_2` (
  `id` bigint(20) unsigned NOT NULL AUTO_INCREMENT,
  `user_id` int(10) unsigned DEFAULT NULL,
  `person_id` int(10) unsigned NOT NULL,
  `descripcion` longtext COLLATE utf8mb4_unicode_ci,
  `detalle` text COLLATE utf8mb4_unicode_ci,
  `habilitado` tinyint(1) NOT NULL DEFAULT '1',
  `created_at` timestamp NULL DEFAULT NULL,
  `updated_at` timestamp NULL DEFAULT NULL,
  `deleted_at` timestamp NULL DEFAULT NULL,
  PRIMARY KEY (`id`),
  KEY `calendar_niv_2_person_id_foreign` (`person_id`),
  CONSTRAINT `calendar_niv_2_person_id_foreign` FOREIGN KEY (`person_id`) REFERENCES `persons` (`id`)
) ENGINE=InnoDB DEFAULT CHARSET=utf8mb4 COLLATE=utf8mb4_unicode_ci;

--
-- Dumping data for table `calendar_niv_2`
--


--
-- Table structure for table `calendar_notificaciones`
--

CREATE TABLE `calendar_notificaciones` (
  `id` bigint(20) unsigned NOT NULL AUTO_INCREMENT,
  `user_id` int(10) unsigned DEFAULT NULL,
  `calendar_id` bigint(20) unsigned NOT NULL,
  `start` datetime DEFAULT NULL,
  `tipo_de_notificacion_id` int(10) unsigned NOT NULL,
  `cantidad` int(10) unsigned NOT NULL,
  `unidad_de_tiempo_id` int(10) unsigned NOT NULL,
  `created_at` timestamp NULL DEFAULT NULL,
  `updated_at` timestamp NULL DEFAULT NULL,
  `deleted_at` timestamp NULL DEFAULT NULL,
  PRIMARY KEY (`id`),
  KEY `calendar_notificaciones_calendar_id_foreign` (`calendar_id`),
  CONSTRAINT `calendar_notificaciones_calendar_id_foreign` FOREIGN KEY (`calendar_id`) REFERENCES `calendar` (`id`)
) ENGINE=InnoDB DEFAULT CHARSET=utf8mb4 COLLATE=utf8mb4_unicode_ci;

--
-- Dumping data for table `calendar_notificaciones`
--


--
-- Table structure for table `calendar_tur_dispo`
--

CREATE TABLE `calendar_tur_dispo` (
  `id` bigint(20) unsigned NOT NULL AUTO_INCREMENT,
  `user_id` int(10) unsigned DEFAULT NULL,
  `person_id` int(10) unsigned NOT NULL,
  `calendar_niv_1_id` bigint(20) unsigned NOT NULL,
  `calendar_niv_2_id` bigint(20) unsigned NOT NULL,
  `dia_hora` datetime(5) DEFAULT NULL,
  `duracion` varchar(191) COLLATE utf8mb4_unicode_ci NOT NULL DEFAULT '00:30',
  `created_at` timestamp NULL DEFAULT NULL,
  `updated_at` timestamp NULL DEFAULT NULL,
  `deleted_at` timestamp NULL DEFAULT NULL,
  PRIMARY KEY (`id`),
  KEY `calendar_tur_dispo_person_id_foreign` (`person_id`),
  KEY `calendar_tur_dispo_calendar_niv_1_id_foreign` (`calendar_niv_1_id`),
  KEY `calendar_tur_dispo_calendar_niv_2_id_foreign` (`calendar_niv_2_id`),
  CONSTRAINT `calendar_tur_dispo_calendar_niv_1_id_foreign` FOREIGN KEY (`calendar_niv_1_id`) REFERENCES `calendar_niv_1` (`id`),
  CONSTRAINT `calendar_tur_dispo_calendar_niv_2_id_foreign` FOREIGN KEY (`calendar_niv_2_id`) REFERENCES `calendar_niv_2` (`id`),
  CONSTRAINT `calendar_tur_dispo_person_id_foreign` FOREIGN KEY (`person_id`) REFERENCES `persons` (`id`)
) ENGINE=InnoDB DEFAULT CHARSET=utf8mb4 COLLATE=utf8mb4_unicode_ci;

--
-- Dumping data for table `calendar_tur_dispo`
--


--
-- Table structure for table `calendar_tur_dispo_datos`
--

CREATE TABLE `calendar_tur_dispo_datos` (
  `id` bigint(20) unsigned NOT NULL AUTO_INCREMENT,
  `user_id` int(10) unsigned DEFAULT NULL,
  `person_id` int(10) unsigned NOT NULL,
  `calendar_tur_dispo_id` bigint(20) unsigned NOT NULL,
  `email` text COLLATE utf8mb4_unicode_ci NOT NULL,
  `nombre_ape` text COLLATE utf8mb4_unicode_ci NOT NULL,
  `celular` text COLLATE utf8mb4_unicode_ci NOT NULL,
  `created_at` timestamp NULL DEFAULT NULL,
  `updated_at` timestamp NULL DEFAULT NULL,
  `deleted_at` timestamp NULL DEFAULT NULL,
  PRIMARY KEY (`id`),
  KEY `calendar_tur_dispo_datos_person_id_foreign` (`person_id`),
  KEY `calendar_tur_dispo_datos_calendar_tur_dispo_id_foreign` (`calendar_tur_dispo_id`),
  CONSTRAINT `calendar_tur_dispo_datos_calendar_tur_dispo_id_foreign` FOREIGN KEY (`calendar_tur_dispo_id`) REFERENCES `calendar_tur_dispo` (`id`),
  CONSTRAINT `calendar_tur_dispo_datos_person_id_foreign` FOREIGN KEY (`person_id`) REFERENCES `persons` (`id`)
) ENGINE=InnoDB DEFAULT CHARSET=utf8mb4 COLLATE=utf8mb4_unicode_ci;

--
-- Dumping data for table `calendar_tur_dispo_datos`
--


--
-- Table structure for table `calle`
--

CREATE TABLE `calle` (
  `id` int(10) unsigned NOT NULL AUTO_INCREMENT,
  `user_id` int(10) unsigned DEFAULT NULL,
  `localidad_id` int(10) unsigned NOT NULL,
  `descripcion` varchar(191) COLLATE utf8mb4_unicode_ci NOT NULL,
  `desdealt` int(10) unsigned DEFAULT NULL,
  `hastaalt` int(10) unsigned DEFAULT NULL,
  `codpostal` int(10) unsigned DEFAULT NULL,
  `habilitado` tinyint(1) NOT NULL DEFAULT '1',
  `created_at` timestamp NULL DEFAULT NULL,
  `updated_at` timestamp NULL DEFAULT NULL,
  `deleted_at` timestamp NULL DEFAULT NULL,
  PRIMARY KEY (`id`),
  KEY `calle_localidad_id_foreign` (`localidad_id`),
  CONSTRAINT `calle_localidad_id_foreign` FOREIGN KEY (`localidad_id`) REFERENCES `localidad` (`id`)
) ENGINE=InnoDB AUTO_INCREMENT=2 DEFAULT CHARSET=utf8mb4 COLLATE=utf8mb4_unicode_ci;

--
-- Dumping data for table `calle`
--

INSERT INTO `calle` VALUES (1,NULL,1,'Ramon Falcon',6800,7500,1408,1,'2020-05-28 20:55:23','2020-05-28 20:55:23',NULL);

--
-- Table structure for table `categorias_iibb`
--

CREATE TABLE `categorias_iibb` (
  `id` int(10) unsigned NOT NULL AUTO_INCREMENT,
  `categoria` varchar(255) COLLATE utf8mb4_unicode_ci DEFAULT NULL,
  `impuesto` decimal(16,2) DEFAULT NULL,
  `anual` decimal(16,2) DEFAULT NULL,
  `facAnual` decimal(16,2) DEFAULT NULL,
  `superficie` int(11) DEFAULT NULL,
  `energia` int(11) DEFAULT NULL,
  `comentario` varchar(255) COLLATE utf8mb4_unicode_ci DEFAULT NULL,
  `vigente` varchar(255) COLLATE utf8mb4_unicode_ci NOT NULL DEFAULT '1',
  `created_at` timestamp NULL DEFAULT NULL,
  `updated_at` timestamp NULL DEFAULT NULL,
  `deleted_at` timestamp NULL DEFAULT NULL,
  PRIMARY KEY (`id`)
) ENGINE=InnoDB AUTO_INCREMENT=9 DEFAULT CHARSET=utf8mb4 COLLATE=utf8mb4_unicode_ci;

--
-- Dumping data for table `categorias_iibb`
--

INSERT INTO `categorias_iibb` VALUES (1,'A',1850.00,11100.00,370000.00,30,3300,NULL,'1',NULL,'2022-10-23 23:44:37',NULL),(2,'B',2750.00,16500.00,550000.00,45,5000,NULL,'1',NULL,'2022-10-23 23:44:37',NULL),(3,'C',3850.00,23100.00,770000.00,60,6700,NULL,'1',NULL,'2022-10-23 23:44:37',NULL),(4,'D',5300.00,31800.00,1060000.00,85,10000,NULL,'1',NULL,'2022-10-23 23:44:37',NULL),(5,'E',7000.00,42000.00,1400000.00,110,13000,NULL,'1',NULL,'2022-10-23 23:44:37',NULL),(6,'F',8750.00,52500.00,1750000.00,150,16500,NULL,'1',NULL,'2022-10-23 23:44:37',NULL),(7,'G',10500.00,63000.00,2100000.00,200,20000,NULL,'1',NULL,'2022-10-23 23:44:37',NULL),(8,'H',13000.00,78000.00,2600000.00,200,20000,NULL,'1',NULL,'2022-10-23 23:44:37',NULL);

--
-- Table structure for table `categorias_monotributo`
--

CREATE TABLE `categorias_monotributo` (
  `id` int(10) unsigned NOT NULL AUTO_INCREMENT,
  `categoria` varchar(255) COLLATE utf8mb4_unicode_ci DEFAULT NULL,
  `facAnual` decimal(16,2) DEFAULT NULL,
  `facMensual` decimal(16,2) DEFAULT NULL,
  `actividad` varchar(255) COLLATE utf8mb4_unicode_ci DEFAULT NULL,
  `empleados` varchar(255) COLLATE utf8mb4_unicode_ci DEFAULT NULL,
  `superficie` int(11) DEFAULT NULL,
  `energia` int(11) DEFAULT NULL,
  `alquileres` decimal(16,2) DEFAULT NULL,
  `impuesto_servicio` decimal(16,2) DEFAULT NULL,
  `impuesto_venta` decimal(16,2) DEFAULT NULL,
  `sipa` decimal(16,2) DEFAULT NULL,
  `obraSocial` decimal(16,2) DEFAULT NULL,
  `totalServicio` decimal(16,2) DEFAULT NULL,
  `totalVenta` decimal(16,2) DEFAULT NULL,
  `comentario` varchar(255) COLLATE utf8mb4_unicode_ci DEFAULT NULL,
  `desde` date DEFAULT NULL,
  `hasta` date DEFAULT NULL,
  `vigente` varchar(255) COLLATE utf8mb4_unicode_ci NOT NULL DEFAULT '0',
  `created_at` timestamp NULL DEFAULT NULL,
  `updated_at` timestamp NULL DEFAULT NULL,
  `deleted_at` timestamp NULL DEFAULT NULL,
  PRIMARY KEY (`id`)
) ENGINE=InnoDB AUTO_INCREMENT=15 DEFAULT CHARSET=utf8mb4 COLLATE=utf8mb4_unicode_ci;

--
-- Dumping data for table `categorias_monotributo`
--

INSERT INTO `categorias_monotributo` VALUES (1,'A',2108288.01,175690.67,'No Excluida','0',30,3330,485448.92,1047.86,1047.86,4623.27,6457.26,12128.39,12128.39,NULL,'2018-01-01',NULL,'1',NULL,NULL,NULL),(2,'B',3133941.63,261161.80,'No Excluida','0',45,5000,485448.92,2018.89,2018.89,5085.60,6457.26,13561.75,13561.75,NULL,'2018-01-01',NULL,'1',NULL,NULL,NULL),(3,'C',4387518.23,365626.52,'No Excluida','0',60,6700,970897.79,3452.09,3190.00,5594.16,6457.26,15503.51,15241.42,NULL,'2018-01-01',NULL,'1',NULL,NULL,NULL),(4,'D',5449094.55,454091.21,'No Excluida','0',85,10000,970897.79,5671.23,5239.75,6153.58,7673.13,19497.94,19066.46,NULL,'2018-01-01',NULL,'1',NULL,NULL,NULL),(5,'E',6416528.72,534710.73,'No Excluida','0',110,13000,1209769.40,10787.67,8368.13,6768.94,9389.36,26945.97,24526.43,NULL,'2018-01-01',NULL,'1',NULL,NULL,NULL),(6,'F',8020660.90,668388.41,'No Excluida','0',150,16500,1213622.14,14840.88,10926.38,7445.83,10850.90,33137.61,29223.11,NULL,'2018-01-01',NULL,'1',NULL,NULL,NULL),(7,'G',9624793.05,802066.09,'No Excluida','0',200,20000,1456346.67,18878.58,13623.24,8190.41,11625.96,38694.95,33439.61,NULL,'2018-01-01',NULL,'1',NULL,NULL,NULL),(8,'H',11916410.45,993034.20,'No Excluida','0',200,20000,1941795.53,43150.91,33442.08,9009.45,13951.15,66111.51,56402.68,NULL,'2018-01-01',NULL,'1',NULL,NULL,NULL),(9,'I',13337213.22,1111434.44,'Venta de Bs Muebles','0',200,20000,1941795.53,NULL,53938.71,9910.39,17272.86,NULL,81121.96,NULL,'2018-01-01',NULL,'1',NULL,NULL,NULL),(10,'J',15285088.04,1273757.34,'Venta de Bs Muebles','0',200,20000,1941795.53,NULL,63385.73,10901.43,19332.31,NULL,93619.47,NULL,'2018-01-01',NULL,'1',NULL,NULL,NULL),(11,'K',16957968.71,1413164.06,'Venta de Bs Muebles','0',200,20000,1941795.53,NULL,72817.31,11991.57,22155.77,NULL,106964.65,NULL,'2018-01-01',NULL,'1',NULL,NULL,NULL),(12,'Monotributo Social',1414762.00,117896.00,'No Excluida','0',0,0,0.00,0.00,0.00,0.00,0.00,0.00,0.00,NULL,'2018-01-01',NULL,'1','2020-02-27 02:46:40','2020-02-27 02:46:40',NULL),(13,'A Exento',1414762.00,117896.00,NULL,NULL,NULL,NULL,230178.48,0.00,0.00,2192.15,3061.75,5253.90,5253.90,'',NULL,NULL,'0',NULL,NULL,NULL),(14,'B Exento',2103025.00,175252.00,NULL,NULL,NULL,NULL,230178.48,0.00,0.00,2411.36,3061.75,5473.11,5473.11,'',NULL,NULL,'0',NULL,NULL,NULL);

--
-- Table structure for table `charlas_details`
--

CREATE TABLE `charlas_details` (
  `id` int(10) unsigned NOT NULL AUTO_INCREMENT,
  `user_id` int(10) unsigned DEFAULT NULL,
  `charla` longtext COLLATE utf8mb4_unicode_ci NOT NULL,
  `person_id` int(10) unsigned NOT NULL,
  `status` int(10) unsigned NOT NULL DEFAULT '1',
  `created_at` timestamp NULL DEFAULT NULL,
  `updated_at` timestamp NULL DEFAULT NULL,
  `deleted_at` timestamp NULL DEFAULT NULL,
  PRIMARY KEY (`id`),
  KEY `charlas_details_person_id_foreign` (`person_id`),
  CONSTRAINT `charlas_details_person_id_foreign` FOREIGN KEY (`person_id`) REFERENCES `persons` (`id`)
) ENGINE=InnoDB DEFAULT CHARSET=utf8mb4 COLLATE=utf8mb4_unicode_ci;

--
-- Dumping data for table `charlas_details`
--

DELIMITER ;;
/*!50003 CREATE*/ /*!50017 DEFINER=`forge`@`%`*/ /*!50003 TRIGGER `CharlaDetail_BD` BEFORE DELETE ON `charlas_details` FOR EACH ROW insert into back_up_charlas_details (charla,person_id,modificado)
values(old.charla,old.person_id,now()) */;;
DELIMITER ;

--
-- Table structure for table `chequeras_tipos`
--

CREATE TABLE `chequeras_tipos` (
  `id` int(10) unsigned NOT NULL AUTO_INCREMENT,
  `user_id` int(10) unsigned DEFAULT NULL,
  `descripcion` text COLLATE utf8mb4_unicode_ci NOT NULL,
  `habilitado` tinyint(1) NOT NULL DEFAULT '1',
  `created_at` timestamp NULL DEFAULT NULL,
  `updated_at` timestamp NULL DEFAULT NULL,
  `deleted_at` timestamp NULL DEFAULT NULL,
  PRIMARY KEY (`id`)
) ENGINE=InnoDB AUTO_INCREMENT=4 DEFAULT CHARSET=utf8mb4 COLLATE=utf8mb4_unicode_ci;

--
-- Dumping data for table `chequeras_tipos`
--

INSERT INTO `chequeras_tipos` VALUES (1,NULL,'Fisica',1,NULL,NULL,NULL),(2,NULL,'Electronica',1,NULL,NULL,NULL),(3,NULL,'Transferencias',1,NULL,NULL,NULL);

--
-- Table structure for table `cheques_transfer_emitidas`
--

CREATE TABLE `cheques_transfer_emitidas` (
  `id` bigint(20) unsigned NOT NULL AUTO_INCREMENT,
  `user_id` int(10) unsigned DEFAULT NULL,
  `person_id` int(10) unsigned NOT NULL,
  `cta_cte_cliente_detail_id` int(10) unsigned DEFAULT NULL,
  `cta_cte_tesoreria_detail_id` int(10) unsigned DEFAULT NULL,
  `cta_cte_tesoreria_cuenta_id` int(10) unsigned NOT NULL,
  `cta_cte_tesoreria_banco_cheq_id` int(10) unsigned NOT NULL,
  `fecha_emision` date NOT NULL,
  `fecha_cobro` date NOT NULL,
  `numero_cheque` int(11) NOT NULL,
  `importe` decimal(16,2) NOT NULL DEFAULT '0.00',
  `created_at` timestamp NULL DEFAULT NULL,
  `updated_at` timestamp NULL DEFAULT NULL,
  `deleted_at` timestamp NULL DEFAULT NULL,
  PRIMARY KEY (`id`),
  KEY `cheques_transfer_emitidas_person_id_foreign` (`person_id`),
  KEY `cheques_transfer_emitidas_cta_cte_cliente_detail_id_foreign` (`cta_cte_cliente_detail_id`),
  KEY `cheques_transfer_emitidas_cta_cte_tesoreria_detail_id_foreign` (`cta_cte_tesoreria_detail_id`),
  KEY `cheques_transfer_emitidas_cta_cte_tesoreria_cuenta_id_foreign` (`cta_cte_tesoreria_cuenta_id`),
  KEY `cte_tes_ban_che_id_foreign` (`cta_cte_tesoreria_banco_cheq_id`),
  CONSTRAINT `cheques_transfer_emitidas_cta_cte_cliente_detail_id_foreign` FOREIGN KEY (`cta_cte_cliente_detail_id`) REFERENCES `cta_cte_cliente_details` (`id`),
  CONSTRAINT `cheques_transfer_emitidas_cta_cte_tesoreria_cuenta_id_foreign` FOREIGN KEY (`cta_cte_tesoreria_cuenta_id`) REFERENCES `cta_cte_tesoreria_cuentas` (`id`),
  CONSTRAINT `cheques_transfer_emitidas_cta_cte_tesoreria_detail_id_foreign` FOREIGN KEY (`cta_cte_tesoreria_detail_id`) REFERENCES `cta_cte_tesoreria_detail` (`id`),
  CONSTRAINT `cheques_transfer_emitidas_person_id_foreign` FOREIGN KEY (`person_id`) REFERENCES `persons` (`id`),
  CONSTRAINT `cte_tes_ban_che_id_foreign` FOREIGN KEY (`cta_cte_tesoreria_banco_cheq_id`) REFERENCES `cta_cte_tesoreria_banco_cheq` (`id`)
) ENGINE=InnoDB DEFAULT CHARSET=utf8mb4 COLLATE=utf8mb4_unicode_ci;

--
-- Dumping data for table `cheques_transfer_emitidas`
--


--
-- Table structure for table `claves`
--

CREATE TABLE `claves` (
  `id` int(10) unsigned NOT NULL AUTO_INCREMENT,
  `user_id` int(10) unsigned DEFAULT NULL,
  `name` varchar(255) COLLATE utf8mb4_unicode_ci NOT NULL,
  `created_at` timestamp NULL DEFAULT NULL,
  `updated_at` timestamp NULL DEFAULT NULL,
  `deleted_at` timestamp NULL DEFAULT NULL,
  PRIMARY KEY (`id`)
) ENGINE=InnoDB AUTO_INCREMENT=44 DEFAULT CHARSET=utf8mb4 COLLATE=utf8mb4_unicode_ci;

--
-- Dumping data for table `claves`
--

INSERT INTO `claves` VALUES (1,NULL,'Clave Fiscal',NULL,NULL,NULL),(2,NULL,'Clave Ciudad',NULL,NULL,NULL),(3,NULL,'Clave ARBA',NULL,NULL,NULL),(4,NULL,'Clave ANSES',NULL,NULL,NULL),(5,NULL,'Catedral',NULL,NULL,NULL),(6,NULL,'CEMIBA',NULL,NULL,NULL),(7,NULL,'COMPRA ARG',NULL,NULL,NULL),(8,NULL,'Consejo Ciencias Economicas',NULL,NULL,NULL),(9,NULL,'Correo',NULL,NULL,NULL),(10,NULL,'CUR',NULL,NULL,NULL),(11,NULL,'Firma Digital',NULL,NULL,NULL),(12,NULL,'Interbanking',NULL,NULL,NULL),(13,NULL,'Banco Citibank',NULL,NULL,NULL),(14,NULL,'Banco Ciudad',NULL,NULL,NULL),(15,NULL,'Banco Frances',NULL,NULL,NULL),(16,NULL,'Banco Galicia',NULL,NULL,NULL),(17,NULL,'Banco HSBC',NULL,NULL,NULL),(18,NULL,'Banco Itau',NULL,NULL,NULL),(19,NULL,'Banco Nacion',NULL,NULL,NULL),(20,NULL,'Banco Macro',NULL,NULL,NULL),(21,NULL,'Banco Patagonia',NULL,NULL,NULL),(22,NULL,'Banco Provincia',NULL,NULL,NULL),(23,NULL,'Banco Santander',NULL,NULL,NULL),(24,NULL,'Banco Supervielle',NULL,NULL,NULL),(25,NULL,'Seguridad e Higiene',NULL,NULL,NULL),(26,NULL,'Sindicato - ANSES',NULL,NULL,NULL),(27,NULL,'Sindicato - AOT',NULL,NULL,NULL),(28,NULL,'Sindicato - ATSA',NULL,NULL,NULL),(29,NULL,'Sindicato - Camioneros',NULL,NULL,NULL),(30,NULL,'Sindicato - Guinchero',NULL,NULL,NULL),(31,NULL,'Sindicato - IERIC',NULL,NULL,NULL),(32,NULL,'Sindicato - La Estrella',NULL,NULL,NULL),(33,NULL,'Sindicato - Nemesis',NULL,NULL,NULL),(34,NULL,'Sindicato - Pasta',NULL,NULL,NULL),(35,NULL,'Sindicato - SEC',NULL,NULL,NULL),(36,NULL,'Sindicato - SICOP',NULL,NULL,NULL),(37,NULL,'Sindicato - SOCAYA',NULL,NULL,NULL),(38,NULL,'Sindicato - UTHGRA',NULL,NULL,NULL),(39,NULL,'Sindicato - INACAP',NULL,NULL,NULL),(40,NULL,'Sindicato - Otro',NULL,NULL,NULL),(41,NULL,'Otra',NULL,NULL,NULL),(42,NULL,'Prisma - Firma Digital',NULL,NULL,NULL),(43,NULL,'Sindicato - FATSA',NULL,NULL,NULL);

--
-- Table structure for table `claves_details`
--

CREATE TABLE `claves_details` (
  `id` int(10) unsigned NOT NULL AUTO_INCREMENT,
  `user_id` int(10) unsigned DEFAULT NULL,
  `clave` varchar(255) COLLATE utf8mb4_unicode_ci DEFAULT NULL,
  `valor` varchar(255) COLLATE utf8mb4_unicode_ci NOT NULL,
  `comentario` varchar(255) COLLATE utf8mb4_unicode_ci DEFAULT NULL,
  `clave_id` int(10) unsigned NOT NULL,
  `person_id` int(10) unsigned NOT NULL,
  `status` int(10) unsigned NOT NULL DEFAULT '1',
  `created_at` timestamp NULL DEFAULT NULL,
  `updated_at` timestamp NULL DEFAULT NULL,
  `deleted_at` timestamp NULL DEFAULT NULL,
  PRIMARY KEY (`id`),
  KEY `claves_details_clave_id_foreign` (`clave_id`),
  KEY `claves_details_person_id_foreign` (`person_id`),
  CONSTRAINT `claves_details_clave_id_foreign` FOREIGN KEY (`clave_id`) REFERENCES `claves` (`id`),
  CONSTRAINT `claves_details_person_id_foreign` FOREIGN KEY (`person_id`) REFERENCES `persons` (`id`)
) ENGINE=InnoDB DEFAULT CHARSET=utf8mb4 COLLATE=utf8mb4_unicode_ci;

--
-- Dumping data for table `claves_details`
--

DELIMITER ;;
/*!50003 CREATE*/ /*!50017 DEFINER=`forge`@`%`*/ /*!50003 TRIGGER `ClavesDetail_BD` BEFORE DELETE ON `claves_details` FOR EACH ROW insert into back_up_claves_details (clave,valor,comentario,clave_id,person_id,modificado)
values(old.clave,old.valor,old.comentario,old.clave_id,old.person_id,now()) */;;
DELIMITER ;

--
-- Table structure for table `claves_mails`
--

CREATE TABLE `claves_mails` (
  `id` int(10) unsigned NOT NULL AUTO_INCREMENT,
  `description` varchar(180) COLLATE utf8mb4_unicode_ci NOT NULL,
  `class` int(10) unsigned NOT NULL,
  `class_description` varchar(180) COLLATE utf8mb4_unicode_ci NOT NULL,
  `path` varchar(255) COLLATE utf8mb4_unicode_ci DEFAULT NULL,
  `created_at` timestamp NULL DEFAULT NULL,
  `updated_at` timestamp NULL DEFAULT NULL,
  PRIMARY KEY (`id`)
) ENGINE=InnoDB AUTO_INCREMENT=6 DEFAULT CHARSET=utf8mb4 COLLATE=utf8mb4_unicode_ci;

--
-- Dumping data for table `claves_mails`
--

INSERT INTO `claves_mails` VALUES (1,'Listado de Claves',1,'Claves','claves_mails/claves_listado',NULL,NULL),(3,'Listado de Mails',2,'Mails','claves_mails/mails_listado',NULL,NULL),(5,'Listado de Charlas',3,'Charlas','claves_mails/charlas_listado',NULL,NULL);

--
-- Table structure for table `cm_articulos_regimenes`
--

CREATE TABLE `cm_articulos_regimenes` (
  `id` int(10) unsigned NOT NULL AUTO_INCREMENT,
  `user_id` int(11) DEFAULT NULL,
  `descripcion` longtext COLLATE utf8mb4_unicode_ci,
  `codigo` int(11) DEFAULT NULL,
  `habilitado` tinyint(1) NOT NULL DEFAULT '0',
  `created_at` timestamp NULL DEFAULT NULL,
  `updated_at` timestamp NULL DEFAULT NULL,
  `deleted_at` timestamp NULL DEFAULT NULL,
  PRIMARY KEY (`id`)
) ENGINE=InnoDB AUTO_INCREMENT=11 DEFAULT CHARSET=utf8mb4 COLLATE=utf8mb4_unicode_ci;

--
-- Dumping data for table `cm_articulos_regimenes`
--

INSERT INTO `cm_articulos_regimenes` VALUES (1,NULL,'Articulo 2',2,1,'2022-05-26 17:36:24','2022-05-26 17:36:24',NULL),(2,NULL,'Articulo 6',6,0,'2022-05-26 17:36:24','2022-05-26 17:36:24',NULL),(3,NULL,'Articulo 7',7,0,'2022-05-26 17:36:24','2022-05-26 17:36:24',NULL),(4,NULL,'Articulo 8',8,0,'2022-05-26 17:36:24','2022-05-26 17:36:24',NULL),(5,NULL,'Articulo 9',9,0,'2022-05-26 17:36:24','2022-05-26 17:36:24',NULL),(6,NULL,'Articulo 10',10,0,'2022-05-26 17:36:24','2022-05-26 17:36:24',NULL),(7,NULL,'Articulo 11',11,0,'2022-05-26 17:36:24','2022-05-26 17:36:24',NULL),(8,NULL,'Articulo 12',12,0,'2022-05-26 17:36:24','2022-05-26 17:36:24',NULL),(9,NULL,'Articulo 13',13,0,'2022-05-26 17:36:24','2022-05-26 17:36:24',NULL),(10,NULL,'Articulo 14',14,1,'2022-05-26 17:36:24','2022-05-26 17:36:24',NULL);

--
-- Table structure for table `cobradores`
--

CREATE TABLE `cobradores` (
  `id` bigint(20) unsigned NOT NULL AUTO_INCREMENT,
  `person_id` int(10) unsigned NOT NULL,
  `descripcion` text COLLATE utf8mb4_unicode_ci NOT NULL,
  `telefono` text COLLATE utf8mb4_unicode_ci NOT NULL,
  `habilitado` tinyint(1) NOT NULL DEFAULT '1',
  `created_at` timestamp NULL DEFAULT NULL,
  `updated_at` timestamp NULL DEFAULT NULL,
  `deleted_at` timestamp NULL DEFAULT NULL,
  PRIMARY KEY (`id`),
  KEY `cobradores_person_id_foreign` (`person_id`),
  CONSTRAINT `cobradores_person_id_foreign` FOREIGN KEY (`person_id`) REFERENCES `persons` (`id`)
) ENGINE=InnoDB DEFAULT CHARSET=utf8mb4 COLLATE=utf8mb4_unicode_ci;

--
-- Dumping data for table `cobradores`
--


--
-- Table structure for table `cobradores_datos`
--

CREATE TABLE `cobradores_datos` (
  `id` bigint(20) unsigned NOT NULL AUTO_INCREMENT,
  `user_id` int(10) unsigned DEFAULT NULL,
  `cobrador_id` bigint(20) unsigned NOT NULL,
  `url_panel` longtext COLLATE utf8mb4_unicode_ci,
  `usuario` text COLLATE utf8mb4_unicode_ci,
  `clave` text COLLATE utf8mb4_unicode_ci,
  `numero_de_soporte` text COLLATE utf8mb4_unicode_ci,
  `inicial_create_user` text COLLATE utf8mb4_unicode_ci,
  `imp_min_p_retirar` int(11) DEFAULT NULL,
  `secret_recarga` text COLLATE utf8mb4_unicode_ci,
  `secret_on_off` text COLLATE utf8mb4_unicode_ci,
  `clave_new_user` text COLLATE utf8mb4_unicode_ci,
  `created_at` timestamp NULL DEFAULT NULL,
  `updated_at` timestamp NULL DEFAULT NULL,
  `deleted_at` timestamp NULL DEFAULT NULL,
  PRIMARY KEY (`id`),
  KEY `cobradores_datos_cobrador_id_foreign` (`cobrador_id`),
  CONSTRAINT `cobradores_datos_cobrador_id_foreign` FOREIGN KEY (`cobrador_id`) REFERENCES `cobradores` (`id`)
) ENGINE=InnoDB DEFAULT CHARSET=utf8mb4 COLLATE=utf8mb4_unicode_ci;

--
-- Dumping data for table `cobradores_datos`
--


--
-- Table structure for table `cobradores_metodos`
--

CREATE TABLE `cobradores_metodos` (
  `id` bigint(20) unsigned NOT NULL AUTO_INCREMENT,
  `user_id` int(10) unsigned DEFAULT NULL,
  `person_id` int(10) unsigned NOT NULL,
  `descripcion` varchar(255) COLLATE utf8mb4_unicode_ci NOT NULL,
  `habilitado` tinyint(1) NOT NULL DEFAULT '1',
  `created_at` timestamp NULL DEFAULT NULL,
  `updated_at` timestamp NULL DEFAULT NULL,
  `deleted_at` timestamp NULL DEFAULT NULL,
  PRIMARY KEY (`id`),
  UNIQUE KEY `cobradores_metodos_descripcion_unique` (`descripcion`),
  KEY `cobradores_metodos_person_id_foreign` (`person_id`),
  CONSTRAINT `cobradores_metodos_person_id_foreign` FOREIGN KEY (`person_id`) REFERENCES `persons` (`id`)
) ENGINE=InnoDB DEFAULT CHARSET=utf8mb4 COLLATE=utf8mb4_unicode_ci;

--
-- Dumping data for table `cobradores_metodos`
--


--
-- Table structure for table `cobradores_on_off`
--

CREATE TABLE `cobradores_on_off` (
  `id` bigint(20) unsigned NOT NULL AUTO_INCREMENT,
  `user_id` int(10) unsigned DEFAULT NULL,
  `cobrador_id` bigint(20) unsigned NOT NULL,
  `on_off` tinyint(1) NOT NULL,
  `created_at` timestamp NULL DEFAULT NULL,
  `updated_at` timestamp NULL DEFAULT NULL,
  `deleted_at` timestamp NULL DEFAULT NULL,
  PRIMARY KEY (`id`),
  KEY `cobradores_on_off_cobrador_id_foreign` (`cobrador_id`),
  CONSTRAINT `cobradores_on_off_cobrador_id_foreign` FOREIGN KEY (`cobrador_id`) REFERENCES `cobradores` (`id`)
) ENGINE=InnoDB DEFAULT CHARSET=utf8mb4 COLLATE=utf8mb4_unicode_ci;

--
-- Dumping data for table `cobradores_on_off`
--


--
-- Table structure for table `condicion_frente_al_iva`
--

CREATE TABLE `condicion_frente_al_iva` (
  `id` int(10) unsigned NOT NULL AUTO_INCREMENT,
  `user_id` int(10) unsigned DEFAULT NULL,
  `codigo_afip` int(11) DEFAULT NULL,
  `descripcion` text COLLATE utf8mb4_unicode_ci NOT NULL,
  `show_comprobantes_a` tinyint(1) NOT NULL DEFAULT '0',
  `show_comprobantes_b` tinyint(1) NOT NULL DEFAULT '0',
  `habilitado` tinyint(1) NOT NULL DEFAULT '1',
  `created_at` timestamp NULL DEFAULT NULL,
  `updated_at` timestamp NULL DEFAULT NULL,
  `deleted_at` timestamp NULL DEFAULT NULL,
  PRIMARY KEY (`id`)
) ENGINE=InnoDB AUTO_INCREMENT=17 DEFAULT CHARSET=utf8mb4 COLLATE=utf8mb4_unicode_ci;

--
-- Dumping data for table `condicion_frente_al_iva`
--

INSERT INTO `condicion_frente_al_iva` VALUES (1,NULL,1,'IVA Responsable Inscripto',1,0,1,NULL,NULL,NULL),(2,NULL,2,'IVA Responsable no Inscripto',0,0,1,NULL,NULL,NULL),(3,NULL,3,'IVA no Responsable',0,0,1,NULL,NULL,NULL),(4,NULL,4,'IVA Sujeto Exento',0,1,1,NULL,NULL,NULL),(5,NULL,5,'Consumidor Final',0,1,1,NULL,NULL,NULL),(6,NULL,6,'Responsable Monotributo',1,0,1,NULL,NULL,NULL),(7,NULL,7,'Sujeto no Categorizado',0,1,1,NULL,NULL,NULL),(8,NULL,8,'Proveedor del Exterior',0,1,1,NULL,NULL,NULL),(9,NULL,9,'Cliente del Exterior',0,1,1,NULL,NULL,NULL),(10,NULL,10,'IVA Liberado – Ley Nº 19.640',0,1,1,NULL,NULL,NULL),(11,NULL,11,'IVA Responsable Inscripto – Agente de Percepción',0,0,1,NULL,NULL,NULL),(12,NULL,12,'Pequeño Contribuyente Eventual',0,0,1,NULL,NULL,NULL),(13,NULL,13,'Monotributista Social',1,0,1,NULL,NULL,NULL),(14,NULL,14,'Pequeño Contribuyente Eventual Social',0,0,1,NULL,NULL,NULL),(15,NULL,NULL,'Monotributista Trabajador Independiente Promovido',1,0,1,NULL,NULL,NULL),(16,NULL,NULL,'IVA No Alcanzado',0,1,1,NULL,NULL,NULL);

--
-- Table structure for table `condiciones_venta`
--

CREATE TABLE `condiciones_venta` (
  `id` int(10) unsigned NOT NULL AUTO_INCREMENT,
  `descripcion` varchar(100) COLLATE utf8mb4_unicode_ci NOT NULL,
  `created_at` timestamp NULL DEFAULT NULL,
  `updated_at` timestamp NULL DEFAULT NULL,
  PRIMARY KEY (`id`)
) ENGINE=InnoDB AUTO_INCREMENT=9 DEFAULT CHARSET=utf8mb4 COLLATE=utf8mb4_unicode_ci;

--
-- Dumping data for table `condiciones_venta`
--

INSERT INTO `condiciones_venta` VALUES (1,'Contado',NULL,NULL),(2,'Tarjeta de Debito',NULL,NULL),(3,'Tarjeta de Credito',NULL,NULL),(4,'Cuenta Corriente',NULL,NULL),(5,'Cheque',NULL,NULL),(6,'Ticket',NULL,NULL),(7,'Transferencia',NULL,NULL),(8,'Otra',NULL,NULL);

--
-- Table structure for table `consultas`
--

CREATE TABLE `consultas` (
  `id` int(10) unsigned NOT NULL AUTO_INCREMENT,
  `user_id` int(11) DEFAULT NULL,
  `descripcion` varchar(191) COLLATE utf8mb4_unicode_ci DEFAULT NULL,
  `habilitado` tinyint(1) NOT NULL DEFAULT '1',
  `created_at` timestamp NULL DEFAULT NULL,
  `updated_at` timestamp NULL DEFAULT NULL,
  `deleted_at` timestamp NULL DEFAULT NULL,
  PRIMARY KEY (`id`)
) ENGINE=InnoDB AUTO_INCREMENT=4 DEFAULT CHARSET=utf8mb4 COLLATE=utf8mb4_unicode_ci;

--
-- Dumping data for table `consultas`
--

INSERT INTO `consultas` VALUES (1,NULL,'Estado Liquidaciones',1,NULL,NULL,NULL),(2,NULL,'Consumo',1,NULL,NULL,NULL),(3,NULL,'Resultado Liquidacion Hijas',1,'2023-03-12 23:45:58','2023-03-12 23:45:58',NULL);

--
-- Table structure for table `consultas_aux`
--

CREATE TABLE `consultas_aux` (
  `id` int(10) unsigned NOT NULL AUTO_INCREMENT,
  `user_id` int(11) DEFAULT NULL,
  `consulta_id` int(10) unsigned NOT NULL,
  `person_id` int(10) unsigned DEFAULT NULL,
  `descripcion` longtext COLLATE utf8mb4_unicode_ci,
  `estado` tinyint(1) NOT NULL DEFAULT '0',
  `created_at` timestamp NULL DEFAULT NULL,
  `updated_at` timestamp NULL DEFAULT NULL,
  `deleted_at` timestamp NULL DEFAULT NULL,
  PRIMARY KEY (`id`),
  KEY `consultas_aux_consulta_id_foreign` (`consulta_id`),
  KEY `consultas_aux_person_id_foreign` (`person_id`),
  CONSTRAINT `consultas_aux_consulta_id_foreign` FOREIGN KEY (`consulta_id`) REFERENCES `consultas` (`id`),
  CONSTRAINT `consultas_aux_person_id_foreign` FOREIGN KEY (`person_id`) REFERENCES `persons` (`id`)
) ENGINE=InnoDB DEFAULT CHARSET=utf8mb4 COLLATE=utf8mb4_unicode_ci;

--
-- Dumping data for table `consultas_aux`
--


--
-- Table structure for table `conta_asientos`
--

CREATE TABLE `conta_asientos` (
  `id` int(10) unsigned NOT NULL AUTO_INCREMENT,
  `user_id` int(10) unsigned DEFAULT NULL,
  `person_id` int(10) unsigned DEFAULT NULL,
  `period_id` int(10) unsigned DEFAULT NULL,
  `tipo_asiento_id` int(10) unsigned NOT NULL,
  `debe_cta_cte_tesoreria_cuenta_id` int(10) unsigned DEFAULT NULL,
  `haber_cta_cte_tesoreria_cuenta_id` int(10) unsigned DEFAULT NULL,
  `ctactecheque_id` int(10) unsigned DEFAULT NULL,
  `num_asiento` int(11) DEFAULT NULL,
  `fecha_registracion` date DEFAULT NULL,
  `fecha_vencimiento` date DEFAULT NULL,
  `total` decimal(16,2) NOT NULL,
  `adjunto` text COLLATE utf8mb4_unicode_ci,
  `comentario` varchar(255) COLLATE utf8mb4_unicode_ci DEFAULT NULL,
  `radioChecked` int(11) DEFAULT NULL,
  `status` int(11) NOT NULL DEFAULT '1',
  `CuentaTipo_id` int(10) unsigned DEFAULT NULL,
  `CentroCosto_id` int(10) unsigned DEFAULT NULL,
  `pagado` int(10) unsigned DEFAULT NULL,
  `created_at` timestamp NULL DEFAULT NULL,
  `updated_at` timestamp NULL DEFAULT NULL,
  `deleted_at` timestamp NULL DEFAULT NULL,
  PRIMARY KEY (`id`),
  KEY `conta_asientos_person_id_foreign` (`person_id`),
  KEY `conta_asientos_period_id_foreign` (`period_id`),
  KEY `conta_asientos_tipo_asiento_id_foreign` (`tipo_asiento_id`),
  KEY `conta_asientos_cuentatipo_id_foreign` (`CuentaTipo_id`),
  KEY `conta_asientos_centrocosto_id_foreign` (`CentroCosto_id`),
  KEY `conta_asientos_ctactecheque_id_foreign` (`ctactecheque_id`),
  KEY `conta_asientos_haber_cta_cte_tesoreria_cuenta_id_foreign` (`haber_cta_cte_tesoreria_cuenta_id`),
  KEY `conta_asientos_debe_cta_cte_tesoreria_cuenta_id_foreign` (`debe_cta_cte_tesoreria_cuenta_id`),
  CONSTRAINT `conta_asientos_centrocosto_id_foreign` FOREIGN KEY (`CentroCosto_id`) REFERENCES `ctactegastos_centrocosto` (`id`),
  CONSTRAINT `conta_asientos_ctactecheque_id_foreign` FOREIGN KEY (`ctactecheque_id`) REFERENCES `ctacte_cheques` (`id`),
  CONSTRAINT `conta_asientos_cuentatipo_id_foreign` FOREIGN KEY (`CuentaTipo_id`) REFERENCES `ctactegastos_cuenta_tipo` (`idCuentaTipo`),
  CONSTRAINT `conta_asientos_debe_cta_cte_tesoreria_cuenta_id_foreign` FOREIGN KEY (`debe_cta_cte_tesoreria_cuenta_id`) REFERENCES `cta_cte_tesoreria_cuentas` (`id`),
  CONSTRAINT `conta_asientos_haber_cta_cte_tesoreria_cuenta_id_foreign` FOREIGN KEY (`haber_cta_cte_tesoreria_cuenta_id`) REFERENCES `cta_cte_tesoreria_cuentas` (`id`),
  CONSTRAINT `conta_asientos_period_id_foreign` FOREIGN KEY (`period_id`) REFERENCES `periods` (`id`),
  CONSTRAINT `conta_asientos_person_id_foreign` FOREIGN KEY (`person_id`) REFERENCES `persons` (`id`),
  CONSTRAINT `conta_asientos_tipo_asiento_id_foreign` FOREIGN KEY (`tipo_asiento_id`) REFERENCES `conta_tipo_asientos` (`id`)
) ENGINE=InnoDB DEFAULT CHARSET=utf8mb4 COLLATE=utf8mb4_unicode_ci;

--
-- Dumping data for table `conta_asientos`
--


--
-- Table structure for table `conta_asientos_details`
--

CREATE TABLE `conta_asientos_details` (
  `id` int(10) unsigned NOT NULL AUTO_INCREMENT,
  `user_id` int(10) unsigned DEFAULT NULL,
  `conta_asiento_id` int(10) unsigned NOT NULL,
  `person_id` int(10) unsigned DEFAULT NULL,
  `period_id` int(10) unsigned DEFAULT NULL,
  `tipo_asiento_id` int(10) unsigned NOT NULL,
  `cta_cte_tesoreria_cuenta_id` int(10) unsigned DEFAULT NULL,
  `saldo_id` int(10) unsigned NOT NULL,
  `monto` decimal(16,2) NOT NULL,
  `created_at` timestamp NULL DEFAULT NULL,
  `updated_at` timestamp NULL DEFAULT NULL,
  `deleted_at` timestamp NULL DEFAULT NULL,
  PRIMARY KEY (`id`),
  KEY `conta_asientos_details_conta_asiento_id_foreign` (`conta_asiento_id`),
  KEY `conta_asientos_details_person_id_foreign` (`person_id`),
  KEY `conta_asientos_details_period_id_foreign` (`period_id`),
  KEY `conta_asientos_details_tipo_asiento_id_foreign` (`tipo_asiento_id`),
  KEY `conta_asientos_details_saldo_id_foreign` (`saldo_id`),
  KEY `conta_asientos_details_cta_cte_tesoreria_cuenta_id_foreign` (`cta_cte_tesoreria_cuenta_id`),
  CONSTRAINT `conta_asientos_details_conta_asiento_id_foreign` FOREIGN KEY (`conta_asiento_id`) REFERENCES `conta_asientos` (`id`),
  CONSTRAINT `conta_asientos_details_cta_cte_tesoreria_cuenta_id_foreign` FOREIGN KEY (`cta_cte_tesoreria_cuenta_id`) REFERENCES `cta_cte_tesoreria_cuentas` (`id`),
  CONSTRAINT `conta_asientos_details_period_id_foreign` FOREIGN KEY (`period_id`) REFERENCES `periods` (`id`),
  CONSTRAINT `conta_asientos_details_person_id_foreign` FOREIGN KEY (`person_id`) REFERENCES `persons` (`id`),
  CONSTRAINT `conta_asientos_details_saldo_id_foreign` FOREIGN KEY (`saldo_id`) REFERENCES `conta_tipo_saldos` (`id`),
  CONSTRAINT `conta_asientos_details_tipo_asiento_id_foreign` FOREIGN KEY (`tipo_asiento_id`) REFERENCES `conta_tipo_asientos` (`id`)
) ENGINE=InnoDB DEFAULT CHARSET=utf8mb4 COLLATE=utf8mb4_unicode_ci;

--
-- Dumping data for table `conta_asientos_details`
--


--
-- Table structure for table `conta_centro_costo_plan_cuenta`
--

CREATE TABLE `conta_centro_costo_plan_cuenta` (
  `id` bigint(20) unsigned NOT NULL AUTO_INCREMENT,
  `user_id` int(10) unsigned DEFAULT NULL,
  `conta_centro_costo_id` bigint(20) unsigned DEFAULT NULL,
  `conta_plan_cuenta_id` int(10) unsigned NOT NULL,
  `created_at` timestamp NULL DEFAULT NULL,
  `updated_at` timestamp NULL DEFAULT NULL,
  `deleted_at` timestamp NULL DEFAULT NULL,
  PRIMARY KEY (`id`),
  KEY `conta_centro_costo_plan_cuenta_conta_centro_costo_id_foreign` (`conta_centro_costo_id`),
  KEY `conta_centro_costo_plan_cuenta_conta_plan_cuenta_id_foreign` (`conta_plan_cuenta_id`),
  CONSTRAINT `conta_centro_costo_plan_cuenta_conta_centro_costo_id_foreign` FOREIGN KEY (`conta_centro_costo_id`) REFERENCES `conta_centro_costos` (`id`),
  CONSTRAINT `conta_centro_costo_plan_cuenta_conta_plan_cuenta_id_foreign` FOREIGN KEY (`conta_plan_cuenta_id`) REFERENCES `conta_plan_cuenta` (`id`)
) ENGINE=InnoDB DEFAULT CHARSET=utf8mb4 COLLATE=utf8mb4_unicode_ci;

--
-- Dumping data for table `conta_centro_costo_plan_cuenta`
--


--
-- Table structure for table `conta_centro_costos`
--

CREATE TABLE `conta_centro_costos` (
  `id` bigint(20) unsigned NOT NULL AUTO_INCREMENT,
  `user_id` int(10) unsigned DEFAULT NULL,
  `person_id` int(10) unsigned NOT NULL,
  `descripcion` text COLLATE utf8mb4_unicode_ci NOT NULL,
  `habilitado` tinyint(1) NOT NULL DEFAULT '1',
  `created_at` timestamp NULL DEFAULT NULL,
  `updated_at` timestamp NULL DEFAULT NULL,
  `deleted_at` timestamp NULL DEFAULT NULL,
  PRIMARY KEY (`id`),
  KEY `conta_centro_costos_person_id_foreign` (`person_id`),
  CONSTRAINT `conta_centro_costos_person_id_foreign` FOREIGN KEY (`person_id`) REFERENCES `persons` (`id`)
) ENGINE=InnoDB DEFAULT CHARSET=utf8mb4 COLLATE=utf8mb4_unicode_ci;

--
-- Dumping data for table `conta_centro_costos`
--


--
-- Table structure for table `conta_plan_cuenta`
--

CREATE TABLE `conta_plan_cuenta` (
  `id` int(10) unsigned NOT NULL AUTO_INCREMENT,
  `user_id` int(10) unsigned DEFAULT NULL,
  `codigo` int(11) NOT NULL,
  `tipo_cuenta_id` int(10) unsigned NOT NULL,
  `saldo_id` int(10) unsigned NOT NULL,
  `padre` int(11) NOT NULL,
  `nombre` varchar(255) COLLATE utf8mb4_unicode_ci NOT NULL,
  `rubro` varchar(255) COLLATE utf8mb4_unicode_ci DEFAULT NULL,
  `comentario` varchar(255) COLLATE utf8mb4_unicode_ci DEFAULT NULL,
  `status` int(10) unsigned NOT NULL DEFAULT '1',
  `no_editable` int(11) NOT NULL DEFAULT '1',
  `tes_cta_cte` tinyint(1) NOT NULL DEFAULT '0',
  `tes_cuenta_origen` tinyint(1) NOT NULL DEFAULT '0',
  `tes_cuenta_destino` tinyint(1) NOT NULL DEFAULT '0',
  `conta_asientos` tinyint(1) NOT NULL DEFAULT '0',
  `deleted_at` timestamp NULL DEFAULT NULL,
  PRIMARY KEY (`id`),
  KEY `conta_plan_cuenta_tipo_cuenta_id_foreign` (`tipo_cuenta_id`),
  KEY `conta_plan_cuenta_saldo_id_foreign` (`saldo_id`),
  CONSTRAINT `conta_plan_cuenta_saldo_id_foreign` FOREIGN KEY (`saldo_id`) REFERENCES `conta_tipo_saldos` (`id`),
  CONSTRAINT `conta_plan_cuenta_tipo_cuenta_id_foreign` FOREIGN KEY (`tipo_cuenta_id`) REFERENCES `conta_tipo_cuentas` (`id`)
) ENGINE=InnoDB AUTO_INCREMENT=1027 DEFAULT CHARSET=utf8mb4 COLLATE=utf8mb4_unicode_ci;

--
-- Dumping data for table `conta_plan_cuenta`
--

INSERT INTO `conta_plan_cuenta` VALUES (1,NULL,1000000,1,1,0,'ACTIVO','Activo',NULL,1,1,0,0,0,0,NULL),(2,NULL,1100000,2,1,1000000,'ACTIVO CORRIENTE','Activo',NULL,1,1,0,0,0,0,NULL),(3,NULL,1110000,3,1,1100000,'CAJA Y BANCOS','Activo',NULL,1,1,0,0,0,0,NULL),(4,NULL,1110100,4,1,1110000,'CAJAS','Activo',NULL,1,1,0,0,0,0,NULL),(5,NULL,1110101,5,1,1110100,'Caja Oficina','Activo',NULL,0,1,0,0,0,0,NULL),(6,NULL,1110102,5,1,1110100,'Caja Casa','Activo',NULL,0,1,0,0,0,0,NULL),(7,NULL,1110103,5,1,1110100,'Caja Dolares Casa','Activo',NULL,0,1,0,0,0,0,NULL),(8,NULL,1110104,5,1,1110100,'Banco Santander 015-372795/5','Activo',NULL,0,1,0,0,0,0,'2020-12-31 13:34:22'),(9,NULL,1110200,4,1,1110000,'BANCOS','Activo',NULL,1,1,0,0,0,0,NULL),(10,NULL,1110201,5,1,1110200,'Banco Santander Rio Cta Corriente','Activo',NULL,1,2,1,1,1,0,'2020-12-31 13:34:22'),(11,NULL,1110202,5,1,1110200,'Banco Santander Rio Cta Corriente DOLARES','Activo',NULL,1,2,1,1,1,0,'2020-12-31 13:34:22'),(12,NULL,1130000,3,1,1100000,'CREDITOS POR VENTAS','Activo',NULL,1,1,0,0,0,0,NULL),(13,NULL,1130101,5,1,1130100,'Clientes - Deudores','Activo',NULL,1,2,0,0,0,1,NULL),(14,NULL,1130102,5,1,1130100,'Deudores por ventas comunes','Activo',NULL,1,1,0,0,0,1,NULL),(15,NULL,1130103,5,1,1130100,'Deudores por ventas morosos','Activo',NULL,1,1,0,0,0,1,NULL),(16,NULL,1130104,5,1,1130100,'Deudores en gestión judicial','Activo',NULL,1,1,0,0,0,1,NULL),(17,NULL,1130105,5,1,1130100,'Previsión deudores incobrables','Activo',NULL,1,1,0,0,0,1,NULL),(18,NULL,1140000,3,1,1100000,'OTROS CREDITOS','Activo',NULL,1,1,0,0,0,0,NULL),(19,NULL,1140100,4,1,1140000,'Retenciones Sufridas','Activo',NULL,1,1,0,0,0,0,NULL),(20,NULL,1140301,5,1,1140300,'Anticipos Impuesto a las Ganancias','Activo',NULL,1,2,0,0,1,1,NULL),(21,NULL,1140102,5,1,1140100,'Retenciones Ingr. Brutos','Activo',NULL,0,1,0,0,0,0,NULL),(22,NULL,1140329,5,1,1140300,'Anticipo Impto.Ganancia Mínima Presunta','Activo',NULL,1,1,0,0,0,1,NULL),(23,NULL,1140105,5,1,1140100,'Retenciones Impuesto a las Ganancias','Activo',NULL,1,2,1,0,0,1,NULL),(24,NULL,1140106,5,1,1140100,'Impuesto a las Ganancias (Saldo a favor)','Activo',NULL,1,1,0,0,0,1,NULL),(25,NULL,1140107,5,1,1140100,'Retenciones de IVA','Activo',NULL,1,2,1,0,0,1,NULL),(26,NULL,1140200,4,1,1140000,'CREDITOS DIVERSOS','Activo',NULL,1,1,0,0,0,0,NULL),(27,NULL,1140201,5,1,1140200,'Anticipos de proveedores','Activo',NULL,1,1,0,0,0,1,NULL),(28,NULL,1140205,5,1,1140200,'Depósito en garantía alquileres','Activo',NULL,1,1,0,0,0,1,NULL),(29,NULL,1140206,5,1,1140200,'Derechos adquiridos a devengar','Activo',NULL,1,1,0,0,0,1,NULL),(30,NULL,1140207,5,1,1140200,'Intereses a devengar','Activo',NULL,1,1,0,0,0,1,NULL),(31,NULL,1140208,5,1,1140200,'Cuentas a rendir - Directores','Activo',NULL,1,1,0,0,0,1,NULL),(32,NULL,1140210,5,1,1140200,'Alquileres no devengados','Activo',NULL,1,1,0,0,0,1,NULL),(33,NULL,1150000,3,1,1100000,'BIENES DE CAMBIO','Activo',NULL,1,1,0,0,0,0,NULL),(34,NULL,1150400,4,1,1150000,'MERCADERIA DE REVENTA','Activo',NULL,1,1,0,0,0,0,NULL),(35,NULL,1200000,2,1,1000000,'ACTIVO NO CORRIENTE','Activo',NULL,1,1,0,0,0,0,NULL),(36,NULL,1220000,3,1,1200000,'BIENES DE USO','Activo',NULL,1,1,0,0,0,0,NULL),(37,NULL,1220100,4,1,1220000,'EQUIPOS DE COMPUTACION','Activo',NULL,1,1,0,0,0,0,NULL),(38,NULL,1220101,5,1,1220100,'Equipos de computación valores históricos','Activo',NULL,1,1,0,0,0,1,NULL),(39,NULL,1220102,5,1,1220100,'Equipos de computación ajuste','Activo',NULL,1,1,0,0,0,1,NULL),(40,NULL,1220108,5,1,1220100,'Amortización Acumulada Equipos de comput.','Activo',NULL,1,1,0,0,0,1,'2020-12-31 13:34:22'),(41,NULL,1220200,4,1,1220000,'INSTALACIONES','Activo',NULL,1,1,0,0,0,0,NULL),(42,NULL,1220201,5,1,1220200,'Instalaciones valores históricos','Activo',NULL,1,1,0,0,0,1,NULL),(43,NULL,1220202,5,1,1220200,'Instalaciones ajuste','Activo',NULL,1,1,0,0,0,1,NULL),(44,NULL,1220206,5,1,1220200,'Amortización Acumulada Instalaciones','Activo',NULL,1,1,0,0,0,1,NULL),(45,NULL,1220300,4,1,1220000,'MUEBLES Y UTILES','Activo',NULL,1,1,0,0,0,0,NULL);
INSERT INTO `conta_plan_cuenta` VALUES (46,NULL,1220301,5,1,1220300,'Muebles y utiles valores históricos','Activo',NULL,1,1,0,0,0,1,NULL),(47,NULL,1220302,5,1,1220300,'Muebles y utiles ajuste','Activo',NULL,1,1,0,0,0,1,NULL),(48,NULL,1220306,5,1,1220300,'Amortización Acumulada Muebles y Útiles','Activo',NULL,1,1,0,0,0,1,NULL),(49,NULL,1230000,3,1,1200000,'ACTIVOS INTANGIBLES','Activo',NULL,1,1,0,0,0,0,NULL),(50,NULL,1230101,5,1,1230100,'Gastos de organización valores historicos','Activo',NULL,1,1,0,0,0,1,NULL),(51,NULL,1230102,5,1,1230100,'Gastos de organización ajuste','Activo',NULL,1,1,0,0,0,1,NULL),(52,NULL,1230103,5,1,1230100,'Amortización acumulada gs. de organización','Activo',NULL,1,1,0,0,0,1,NULL),(53,NULL,2000000,1,2,0,'PASIVO','Pasivo',NULL,1,1,0,0,0,0,NULL),(54,NULL,2100000,2,2,2000000,'PASIVO CORRIENTE','Pasivo',NULL,1,1,0,0,0,0,NULL),(55,NULL,2110000,3,2,2100000,'Deudas','Pasivo',NULL,1,1,0,0,0,0,NULL),(56,NULL,2110100,4,2,2110000,'Comerciales','Pasivo',NULL,1,1,0,0,0,0,NULL),(57,NULL,2110101,5,2,2110100,'Proveedores en Cta. Cte. locales','Pasivo',NULL,1,2,0,0,0,1,NULL),(58,NULL,2110102,5,2,2110100,'Proveedores en cta. cte. exterior','Pasivo',NULL,1,1,0,0,0,1,NULL),(59,NULL,2110103,5,2,2110100,'Derechos de exhibición a devengar','Pasivo',NULL,1,1,0,0,0,1,NULL),(60,NULL,2110104,5,2,2110100,'Cheques emitidos ','Pasivo',NULL,1,2,1,1,1,1,NULL),(61,NULL,2110200,4,2,2110000,'REMUNERACIONES Y CARGAS SOCIALES','Pasivo',NULL,1,1,0,0,0,0,NULL),(62,NULL,2110201,5,2,2110200,'Sueldos y Jornales a pagar','Pasivo',NULL,1,2,0,0,1,1,NULL),(63,NULL,2110202,5,2,2110200,'Cargas sociales a pagar','Pasivo',NULL,1,1,0,0,0,1,NULL),(64,NULL,2110203,5,2,2110200,'Sindicatos a Pagar','Pasivo',NULL,1,1,0,0,0,1,NULL),(65,NULL,2110300,4,2,2110000,'CARGAS FISCALES','Pasivo',NULL,1,1,0,0,0,0,NULL),(67,NULL,2110301,5,2,2110300,'IVA Debito Fiscal','Pasivo',NULL,1,2,0,0,0,1,NULL),(68,NULL,1140222,5,1,1140200,'IVA Credito Fiscal','Activo',NULL,1,2,0,0,0,1,NULL),(69,NULL,2110303,5,2,2110300,'Impuestos Internos','Pasivo',NULL,1,1,0,0,0,1,NULL),(70,NULL,2110304,5,2,2110300,'Impuestos al Combustible','Pasivo',NULL,1,1,0,0,0,1,NULL),(71,NULL,2110601,5,2,2110600,'IVA Retenciones de terceros','Pasivo',NULL,1,1,0,0,0,1,NULL),(72,NULL,2110306,5,2,2110300,'IVA Percepciones realiz.por terceros','Pasivo',NULL,1,2,0,0,0,1,NULL),(73,NULL,2110307,5,2,2110300,'IVA Saldo a favor','Pasivo',NULL,1,1,0,0,0,1,NULL),(74,NULL,2110308,5,2,2110300,'IVA a pagar','Pasivo',NULL,1,2,0,0,0,1,NULL),(75,NULL,2110309,5,2,2110300,'Percepciones Ingresos Brutos','Pasivo',NULL,1,1,0,0,0,1,NULL),(76,NULL,2110310,5,2,2110300,'Otros Pagos AFIP','Pasivo',NULL,1,1,0,0,0,1,NULL),(78,NULL,2110350,5,2,2110300,'Impuesto a los Ingresos Brutos Pasivo','Pasivo',NULL,1,1,0,0,0,1,NULL),(79,NULL,2110313,5,2,2110300,'Impuesto a las Ganancias','Pasivo',NULL,1,1,0,0,0,1,NULL),(80,NULL,2110314,5,2,2110300,'Impuesto a la Ganancia Mínima Presunta','Pasivo',NULL,1,1,0,0,0,1,NULL),(81,NULL,2110602,5,2,2110600,'AFIP - Retenciones Impuesto a las Ganancias','Pasivo',NULL,1,1,0,0,0,1,NULL),(82,NULL,2110316,5,2,2110300,'AFIP - Plan de Facilidades Decreto 338/02','Pasivo',NULL,1,1,0,0,0,1,NULL),(83,NULL,2200000,2,2,2000000,'PASIVO NO CORRIENTE','Pasivo',NULL,1,1,0,0,0,0,NULL),(84,NULL,3000000,1,2,0,'PATRIMONIO NETO','Patrimonio Neto',NULL,1,1,0,0,0,0,NULL),(85,NULL,3100000,2,2,3000000,'APORTE DE LOS PROPIETARIOS','Patrimonio Neto',NULL,1,1,0,0,0,0,NULL),(86,NULL,3110100,4,2,3110000,'CAPITAL SOCIAL','Patrimonio Neto',NULL,1,1,0,0,0,0,NULL),(87,NULL,3110101,5,2,3110100,'Acciones en circulación','Patrimonio Neto',NULL,1,1,0,0,0,1,NULL),(88,NULL,3110102,5,2,3110100,'Ajuste del Capital','Patrimonio Neto',NULL,1,2,0,0,0,1,NULL),(89,NULL,3110103,5,2,3110100,'Aportes Irrevocables Futuras Suscripciones','Patrimonio Neto',NULL,1,1,0,0,0,1,NULL),(90,NULL,3400000,2,2,3000000,'RESULTADOS','Patrimonio Neto',NULL,1,1,0,0,0,0,NULL),(91,NULL,3410101,5,2,3410100,'Resultado del ejercicio','Patrimonio Neto',NULL,1,1,0,0,0,1,NULL);
INSERT INTO `conta_plan_cuenta` VALUES (92,NULL,3410102,5,2,3410100,'Resultado ejercicios anteriores','Patrimonio Neto',NULL,1,1,0,0,0,1,NULL),(93,NULL,3410103,5,2,3410100,'A.R.E.A.','Patrimonio Neto',NULL,1,1,0,0,0,1,NULL),(94,NULL,4000000,1,2,0,'INGRESOS','Result. Positivo',NULL,1,1,0,0,0,0,NULL),(95,NULL,4100000,2,2,4000000,'INGRESOS ORDINARIOS','Result. Positivo',NULL,1,1,0,0,0,0,NULL),(96,NULL,4110101,5,2,4110100,'VENTAS','Result. Positivo',NULL,1,2,0,0,0,1,NULL),(97,NULL,4110102,5,2,4110100,'Honorarios','Result. Positivo',NULL,1,1,0,0,0,1,NULL),(98,NULL,4110103,5,2,4110100,'Sueldo Vane','Result. Positivo',NULL,0,1,0,0,0,0,'2020-12-31 13:34:22'),(99,NULL,4110104,5,2,4110100,'Descuentos obtenidos','Result. Positivo',NULL,1,1,0,0,0,1,NULL),(100,NULL,4110105,5,2,4110100,'Reintegros por exportaciones','Result. Positivo',NULL,1,1,0,0,0,1,NULL),(101,NULL,4120000,3,2,4100000,'OTROS INGRESOS','Result. Positivo',NULL,1,1,0,0,0,0,NULL),(102,NULL,4120101,5,2,4120100,'Intereses Cobrados','Result. Positivo',NULL,1,1,0,0,0,1,NULL),(103,NULL,4120102,5,2,4120100,'Diferencias de cambio','Result. Positivo',NULL,1,1,0,0,0,1,NULL),(104,NULL,4120103,5,2,4120100,'Descuentos obtenidos','Result. Positivo',NULL,1,1,0,0,0,1,NULL),(107,NULL,5000000,1,1,0,'GASTOS','Result. Negativo',NULL,1,1,0,0,0,0,NULL),(108,NULL,5100000,2,1,5000000,'GASTOS ORDINARIOS','Result. Negativo',NULL,1,1,0,0,0,0,NULL),(109,NULL,5110100,4,1,5110000,'ASIENTO DE SUELDO','Result. Negativo',NULL,1,1,0,0,0,0,NULL),(110,NULL,5110101,5,1,5110100,'Sueldos','Result. Negativo',NULL,1,1,0,0,0,1,NULL),(111,NULL,5110102,5,1,5110100,'Contribuciones','Result. Negativo',NULL,1,1,0,0,0,1,NULL),(112,NULL,5110103,5,1,5110100,'Sindicato','Result. Negativo',NULL,1,1,0,0,0,1,NULL),(113,NULL,5120100,4,1,5120000,'GASTOS DE OPERACION','Result. Negativo',NULL,1,1,0,0,0,0,NULL),(114,NULL,5120101,5,1,5120100,'ACA','Result. Negativo',NULL,1,1,0,0,0,1,'2020-12-31 13:34:22'),(115,NULL,5120102,5,1,5120100,'Aereos','Result. Negativo',NULL,1,1,0,0,0,1,NULL),(116,NULL,5120103,5,1,5120100,'Alquiler','Result. Negativo',NULL,1,1,0,0,0,1,NULL),(117,NULL,5120104,5,1,5120100,'AGUA AYSA','Result. Negativo',NULL,1,1,0,0,0,1,'2020-12-31 13:34:22'),(118,NULL,5120105,5,1,5120100,'TV Cablevision','Result. Negativo',NULL,1,1,0,0,0,1,'2020-12-31 13:34:22'),(119,NULL,5120106,5,1,5120100,'Caja Jubilacion Consejo','Result. Negativo',NULL,1,1,0,0,0,1,NULL),(120,NULL,5120107,5,1,5120100,'Celulares','Result. Negativo',NULL,1,1,0,0,0,1,NULL),(121,NULL,5120108,5,1,5120100,'Cheques','Result. Negativo',NULL,1,1,0,0,0,1,NULL),(122,NULL,5120109,5,1,5120100,'Club la Nacion','Result. Negativo',NULL,0,1,0,0,0,0,'2020-12-31 13:34:22'),(123,NULL,5120110,5,1,5120100,'Comida','Result. Negativo',NULL,1,1,0,0,0,1,'2020-12-31 13:34:22'),(124,NULL,5120111,5,1,5120100,'Diario Clarin','Result. Negativo',NULL,0,1,0,0,0,0,'2020-12-31 13:34:22'),(125,NULL,5120112,5,1,5120100,'Digital Ocean','Result. Negativo',NULL,0,1,0,0,0,0,'2020-12-31 13:34:22'),(126,NULL,5120113,5,1,5120100,'Fletes y acarreos','Result. Negativo',NULL,1,1,0,0,0,1,NULL),(127,NULL,5120114,5,1,5120100,'Luz Edesur','Result. Negativo',NULL,1,1,0,0,0,1,'2020-12-31 13:34:22'),(128,NULL,5120115,5,1,5120100,'Movilidad y Viáticos','Result. Negativo',NULL,1,1,0,0,0,1,NULL),(129,NULL,5120116,5,1,5120100,'Mantenimiento','Result. Negativo',NULL,1,1,0,0,0,1,'2020-12-31 13:34:22'),(130,NULL,5120117,5,1,5120100,'IVA No Computable','Result. Negativo',NULL,1,1,0,0,0,1,'2020-12-31 13:34:22'),(131,NULL,5120118,5,1,5120100,'Entretenimiento','Result. Negativo',NULL,1,1,0,0,0,1,'2020-12-31 13:34:22'),(132,NULL,5120119,5,1,5120100,'Amortización Bienes de Uso','Result. Negativo',NULL,1,1,0,0,0,1,NULL),(133,NULL,5120120,5,1,5120100,'Errepar','Result. Negativo',NULL,0,1,0,0,0,0,'2020-12-31 13:34:22'),(134,NULL,5120121,5,1,5120100,'Hosting Página Web To Webs','Result. Negativo',NULL,0,1,0,0,0,0,'2020-12-31 13:34:22'),(135,NULL,5120122,5,1,5120100,'Gastos varios','Result. Negativo',NULL,1,1,0,0,0,1,NULL);
INSERT INTO `conta_plan_cuenta` VALUES (136,NULL,5120123,5,1,5120100,'Ajuste por redondeo','Result. Negativo',NULL,1,2,0,0,0,1,NULL),(137,NULL,5120124,5,1,5120100,'Deudores Incobrables','Result. Negativo',NULL,1,1,0,0,0,1,NULL),(138,NULL,5120125,5,1,5120100,'Faby Goncalves','Result. Negativo',NULL,0,1,0,0,0,0,'2020-12-31 13:34:22'),(139,NULL,5130100,4,1,5130000,'GASTOS FINANCIEROS','Result. Negativo',NULL,1,1,0,0,0,0,NULL),(140,NULL,5130101,5,1,5130100,'Intereses y Gastos bancarios','Result. Negativo',NULL,1,2,0,0,1,1,NULL),(141,NULL,5130102,5,1,5130100,'Intereses Proveedores','Result. Negativo',NULL,1,1,0,0,0,1,NULL),(142,NULL,5130103,5,1,5130100,'Damian Financiera','Result. Negativo',NULL,0,1,0,0,0,0,'2020-12-31 13:34:22'),(143,NULL,5130104,5,1,5130100,'Diferencias de cambio','Result. Negativo',NULL,1,1,0,0,0,1,NULL),(144,NULL,5130105,5,1,5130100,'Diferencia de Cambio Bces. en M.Extranjera','Result. Negativo',NULL,1,1,0,0,0,1,'2020-12-31 13:34:22'),(145,NULL,5130106,5,1,5130100,'Diferencia tipo cambio Vendedor/Comprador','Result. Negativo',NULL,1,1,0,0,0,1,NULL),(146,NULL,5130107,5,1,5130100,'Diferencia por conversion en Bce. en Mon. Extranj.','Result. Negativo',NULL,1,1,0,0,0,1,'2020-12-31 13:34:22'),(147,NULL,5130108,5,1,5130100,'Diferencia de cambio CMV','Result. Negativo',NULL,1,1,0,0,0,1,'2020-12-31 13:34:22'),(148,NULL,5130109,5,1,5130100,'Diferencia de cambio PT','Result. Negativo',NULL,1,1,0,0,0,1,'2020-12-31 13:34:22'),(149,NULL,5130110,5,1,5130100,'Resultado por Exposición a la Inflación','Result. Negativo',NULL,1,1,0,0,0,1,'2020-12-31 13:34:22'),(150,NULL,5130111,5,1,5130100,'Diferencia de cambio PE','Result. Negativo',NULL,1,1,0,0,0,1,'2020-12-31 13:34:22'),(151,NULL,5130112,5,1,5130100,'Diferencia de cambio Ds.Vtas.','Result. Negativo',NULL,1,1,0,0,0,1,'2020-12-31 13:34:22'),(152,NULL,5130113,5,1,5130100,'Diferencia de cambio ME','Result. Negativo',NULL,1,1,0,0,0,1,NULL),(153,NULL,5130114,5,1,5130100,'Descuentos otorgados','Result. Negativo',NULL,1,1,0,0,0,1,NULL),(154,NULL,5140100,4,1,5140000,'IMPUESTOS','Result. Negativo',NULL,1,1,0,0,0,0,NULL),(155,NULL,5140101,5,1,5140100,'Impuesto a las Ganancias','Result. Negativo',NULL,1,1,0,0,0,1,NULL),(156,NULL,5140164,5,1,5140100,'Impuesto a los Ingresos Brutos','Result. Negativo',NULL,1,2,0,0,0,1,NULL),(157,NULL,5140102,5,1,5140100,'Impuesto al Debito y Credito Bancario','Result. Negativo',NULL,1,1,0,0,0,1,NULL),(158,NULL,5200000,2,1,5000000,'GASTOS EXTRAORDINARIOS','Result. Negativo',NULL,1,1,0,0,0,0,NULL),(159,NULL,5210101,5,1,5210100,'Pérdida por venta bienes de uso','Result. Negativo',NULL,1,1,0,0,0,1,NULL),(160,NULL,5210102,5,1,5210100,'Inversiones','Result. Negativo',NULL,1,1,0,0,0,1,NULL),(161,NULL,5210103,5,1,5210100,'Amortizaciones extraordinarias','Result. Negativo',NULL,1,1,0,0,0,1,NULL),(162,NULL,1140103,5,1,1140100,'Retenciones SUSS','Activo',NULL,1,2,1,0,0,1,NULL),(163,NULL,1110122,5,1,1110100,'Banco Patagonia Cta. Cte.','Activo',NULL,0,1,0,0,0,0,NULL),(164,NULL,1110106,5,1,1110100,'Banco HSBC','Activo',NULL,0,1,0,0,0,0,'2020-12-31 13:34:22'),(165,NULL,1110123,5,1,1110100,'Banco Ciudad Cta. Cte.','Activo',NULL,0,1,0,0,0,0,NULL),(166,NULL,1110124,5,1,1110100,'Banco Nacion Cta. Cte.','Activo',NULL,0,1,0,0,0,0,NULL),(167,NULL,1110109,5,1,1110100,'Banco Galicia Vane','Activo',NULL,0,1,0,0,0,0,'2020-12-31 13:34:22'),(168,NULL,1110110,5,1,1110100,'Banco Frances Vane','Activo',NULL,0,1,0,0,0,0,'2020-12-31 13:34:22'),(169,NULL,1110111,5,1,1110100,'Banco Patagonia In Time SRL','Activo',NULL,0,1,0,0,0,0,'2020-12-31 13:34:22'),(170,NULL,1110112,5,1,1110100,'Banco Ciudad In Time SRL','Activo',NULL,0,1,0,0,0,0,'2020-12-31 13:34:22'),(171,NULL,1110113,5,1,1110100,'Banco Provincia In Time SRL','Activo',NULL,0,1,0,0,0,0,'2020-12-31 13:34:22'),(172,NULL,1110114,5,1,1110100,'Banco Macro PedimeOnline','Activo',NULL,0,1,0,0,0,0,'2020-12-31 13:34:22'),(173,NULL,1110115,5,1,1110100,'Banco Patagonia Problema Resuelto','Activo',NULL,0,1,0,0,0,0,'2020-12-31 13:34:22');
INSERT INTO `conta_plan_cuenta` VALUES (174,NULL,1110116,5,1,1110100,'Banco Patagonia Graciela','Activo',NULL,0,1,0,0,0,0,'2020-12-31 13:34:22'),(175,NULL,1110117,5,1,1110100,'Banco Patagonia Omar','Activo',NULL,0,1,0,0,0,0,'2020-12-31 13:34:22'),(176,NULL,1110118,5,1,1110100,'Cheques','Activo',NULL,1,2,1,1,1,0,NULL),(177,NULL,5120126,5,1,5120100,'Gisela Larzabal','Result. Negativo',NULL,0,1,0,0,0,0,'2020-12-31 13:34:22'),(178,NULL,5120127,5,1,5120100,'Google','Result. Negativo',NULL,1,1,0,0,0,1,'2020-12-31 13:34:22'),(179,NULL,5120128,5,1,5120100,'Seguro Moto','Result. Negativo',NULL,0,1,0,0,0,0,'2020-12-31 13:34:22'),(180,NULL,5120129,5,1,5120100,'Sueldo Agustina','Result. Negativo',NULL,0,1,0,0,0,0,NULL),(181,NULL,5120130,5,1,5120100,'Sueldo Betty','Result. Negativo',NULL,0,1,0,0,0,0,'2020-12-31 13:34:22'),(182,NULL,5120131,5,1,5120100,'Sueldo Elizabet','Result. Negativo',NULL,0,1,0,0,0,0,'2020-12-31 13:34:22'),(183,NULL,5120132,5,1,5120100,'Sueldo Florencia','Result. Negativo',NULL,0,1,0,0,0,0,'2020-12-31 13:34:22'),(184,NULL,5120133,5,1,5120100,'Sueldo Graciela','Result. Negativo',NULL,0,1,0,0,0,0,'2020-12-31 13:34:22'),(185,NULL,5120134,5,1,5120100,'Sueldo Franco Sanchez','Result. Negativo',NULL,0,1,0,0,0,0,'2020-12-31 13:34:22'),(186,NULL,5120135,5,1,5120100,'Sueldo Santiago Sanchez','Result. Negativo',NULL,0,1,0,0,0,0,'2020-12-31 13:34:22'),(187,NULL,5120136,5,1,5120100,'Sueldo Jose Luis','Result. Negativo',NULL,0,1,0,0,0,0,'2020-12-31 13:34:22'),(188,NULL,5120137,5,1,5120100,'Publicidad','Result. Negativo',NULL,1,1,0,0,0,1,NULL),(189,NULL,5120138,5,1,5120100,'Las Nieves','Result. Negativo',NULL,0,1,0,0,0,0,'2020-12-31 13:34:22'),(190,NULL,5120139,5,1,5120100,'Sueldo Lidia','Result. Negativo',NULL,0,1,0,0,0,0,'2020-12-31 13:34:22'),(191,NULL,5120140,5,1,5120100,'Cargas Sociales','Result. Negativo',NULL,1,1,0,0,0,1,NULL),(192,NULL,5120141,5,1,5120100,'Honorarios','Result. Negativo',NULL,1,1,0,0,0,1,NULL),(193,NULL,5120142,5,1,5120100,'Telefono Fijo','Result. Negativo',NULL,1,1,0,0,0,1,NULL),(194,NULL,5120143,5,1,5120100,'ONE DRIVE','Result. Negativo',NULL,0,1,0,0,0,0,'2020-12-31 13:34:22'),(195,NULL,5120144,5,1,5120100,'OSDE','Result. Negativo',NULL,0,1,0,0,0,0,'2020-12-31 13:34:22'),(196,NULL,5120145,5,1,5120100,'SAS Constitucion','Result. Negativo',NULL,0,1,0,0,0,0,'2020-12-31 13:34:22'),(197,NULL,5120146,5,1,5120100,'Seguro de Vida Zurich','Result. Negativo',NULL,0,1,0,0,0,0,'2020-12-31 13:34:22'),(198,NULL,5120147,5,1,5120100,'Seguros','Result. Negativo',NULL,1,1,0,0,0,1,NULL),(199,NULL,5120148,5,1,5120100,'Internet','Result. Negativo',NULL,1,1,0,0,0,1,NULL),(200,NULL,5120149,5,1,5120100,'Seguro de Retiro Zurich','Result. Negativo',NULL,0,1,0,0,0,0,'2020-12-31 13:34:22'),(201,NULL,5140165,5,1,5140100,'Monotributo','Result. Negativo',NULL,1,2,0,0,1,1,NULL),(202,NULL,5140104,5,1,5140100,'IVA In Time SRL','Result. Negativo',NULL,0,1,0,0,0,0,'2020-12-31 13:34:22'),(203,NULL,5140105,5,1,5140100,'Autonomos','Result. Negativo',NULL,1,2,0,0,1,1,NULL),(204,NULL,5140106,5,1,5140100,'Multas Impositivas','Result. Negativo',NULL,1,1,0,0,0,1,NULL),(207,NULL,5120150,5,1,5120100,'Vanesa Gastos','Result. Negativo',NULL,0,1,0,0,0,0,'2020-12-31 13:34:22'),(208,NULL,5140166,5,1,5140100,'Impuesto a los Ingresos Brutos - BS AS','Result. Negativo',NULL,1,1,0,0,0,1,NULL),(209,NULL,5140107,5,1,5140100,'SIRCREB','Result. Negativo',NULL,1,1,0,0,0,1,NULL),(210,NULL,5140108,5,1,5140100,'Consejo Ciencias Economicas','Result. Negativo',NULL,0,1,0,0,0,0,'2020-12-31 13:34:22'),(211,NULL,5120152,5,1,5120100,'Albano Andres','Result. Negativo',NULL,0,1,0,0,0,0,'2020-12-31 13:34:22'),(212,NULL,5120153,5,1,5120100,'Tarjeta Visa','Result. Negativo',NULL,1,1,0,0,0,1,NULL),(213,NULL,5120154,5,1,5120100,'Tarjeta American Express','Result. Negativo',NULL,1,1,0,0,0,1,NULL),(214,NULL,5120155,5,1,5120100,'Tarjeta Mastercard','Result. Negativo',NULL,1,1,0,0,0,1,NULL),(215,NULL,5120156,5,1,5120100,'Imp. Municipales','Result. Negativo',NULL,1,2,0,0,0,1,'2020-12-31 13:34:22');
INSERT INTO `conta_plan_cuenta` VALUES (216,NULL,5120157,5,1,5120100,'Perc/Ret. Imp. Ganancias','Result. Negativo',NULL,1,2,0,0,0,1,NULL),(217,NULL,5120158,5,1,5120100,'Compras','Result. Negativo',NULL,1,2,0,0,0,1,NULL),(218,NULL,4110106,5,2,4110100,'Ventas No Gravadas','Result. Positivo',NULL,1,2,0,0,0,1,NULL),(219,NULL,6110103,5,1,6110100,'Pagos AFIP','Movimiento',NULL,1,2,0,0,1,1,NULL),(220,NULL,5140167,5,1,5140100,'Perc IVA -RG3337','Result. Negativo',NULL,1,2,0,0,0,1,NULL),(221,NULL,5140109,5,1,5140100,'Imps. Internos','Result. Negativo',NULL,1,2,0,0,0,1,NULL),(222,NULL,5140110,5,1,5140100,'Imp. Gasoil','Result. Negativo',NULL,1,2,0,0,0,1,NULL),(223,NULL,5140111,5,1,5140100,'Imp. Hídricos','Result. Negativo',NULL,1,2,0,0,0,1,NULL),(224,NULL,5140112,5,1,5140100,'ITC','Result. Negativo',NULL,1,2,0,0,0,1,NULL),(225,NULL,5140113,5,1,5140100,'Perc IIBB  Buenos Aires','Result. Negativo',NULL,1,2,0,0,0,1,NULL),(226,NULL,5140114,5,1,5140100,'Perc IIBB  Capital Federal','Result. Negativo',NULL,1,2,0,0,0,1,NULL),(227,NULL,5140115,5,1,5140100,'Perc IIBB  Catamarca','Result. Negativo',NULL,1,2,0,0,0,1,NULL),(228,NULL,5140116,5,1,5140100,'Perc IIBB  Chaco','Result. Negativo',NULL,1,2,0,0,0,1,NULL),(229,NULL,5140117,5,1,5140100,'Perc IIBB  Chubut','Result. Negativo',NULL,1,2,0,0,0,1,NULL),(230,NULL,5140118,5,1,5140100,'Perc IIBB  Córdoba','Result. Negativo',NULL,1,2,0,0,0,1,NULL),(231,NULL,5140119,5,1,5140100,'Perc IIBB  Corrientes','Result. Negativo',NULL,1,2,0,0,0,1,NULL),(232,NULL,5140120,5,1,5140100,'Perc IIBB  Entre Ríos','Result. Negativo',NULL,1,2,0,0,0,1,NULL),(233,NULL,5140121,5,1,5140100,'Perc IIBB  Formosa','Result. Negativo',NULL,1,2,0,0,0,1,NULL),(234,NULL,5140122,5,1,5140100,'Perc IIBB  Jujuy','Result. Negativo',NULL,1,2,0,0,0,1,NULL),(235,NULL,5140123,5,1,5140100,'Perc IIBB  La Pampa','Result. Negativo',NULL,1,2,0,0,0,1,NULL),(236,NULL,5140124,5,1,5140100,'Perc IIBB  La Rioja','Result. Negativo',NULL,1,2,0,0,0,1,NULL),(237,NULL,5140125,5,1,5140100,'Perc IIBB  Mendoza','Result. Negativo',NULL,1,2,0,0,0,1,NULL),(238,NULL,5140126,5,1,5140100,'Perc IIBB  Misiones','Result. Negativo',NULL,1,2,0,0,0,1,NULL),(239,NULL,5140127,5,1,5140100,'Perc IIBB  Neuquén','Result. Negativo',NULL,1,2,0,0,0,1,NULL),(240,NULL,5140128,5,1,5140100,'Perc IIBB  Pascua Lama','Result. Negativo',NULL,1,2,0,0,0,1,NULL),(241,NULL,5140129,5,1,5140100,'Perc IIBB  Río Negro','Result. Negativo',NULL,1,2,0,0,0,1,NULL),(242,NULL,5140130,5,1,5140100,'Perc IIBB  Salta','Result. Negativo',NULL,1,2,0,0,0,1,NULL),(243,NULL,5140131,5,1,5140100,'Perc IIBB  San Juan','Result. Negativo',NULL,1,2,0,0,0,1,NULL),(244,NULL,5140132,5,1,5140100,'Perc IIBB  San Luis','Result. Negativo',NULL,1,2,0,0,0,1,NULL),(245,NULL,5140133,5,1,5140100,'Perc IIBB  Santa Cruz','Result. Negativo',NULL,1,2,0,0,0,1,NULL),(246,NULL,5140134,5,1,5140100,'Perc IIBB  Santa Fe','Result. Negativo',NULL,1,2,0,0,0,1,NULL),(247,NULL,5140135,5,1,5140100,'Perc IIBB  Santiago del Estero','Result. Negativo',NULL,1,2,0,0,0,1,NULL),(248,NULL,5140136,5,1,5140100,'Perc IIBB  Tierra del Fuego','Result. Negativo',NULL,1,2,0,0,0,1,NULL),(249,NULL,5140137,5,1,5140100,'Perc IIBB  Tucuman','Result. Negativo',NULL,1,2,0,0,0,1,NULL),(250,NULL,5140138,5,1,5140100,'Compras No Gravadas','Result. Negativo',NULL,1,2,0,0,0,1,NULL),(251,NULL,1140108,5,1,1140100,'Retenciones de IIBB Buenos Aires','Activo',NULL,1,2,1,0,0,1,NULL),(252,NULL,1140109,5,1,1140100,'Retenciones de IIBB Capital Federal','Activo',NULL,1,2,1,0,0,1,NULL),(253,NULL,1140110,5,1,1140100,'Retenciones de IIBB Catamarca','Activo',NULL,1,2,1,0,0,1,NULL),(254,NULL,1140111,5,1,1140100,'Retenciones de IIBB Chaco','Activo',NULL,1,2,1,0,0,1,NULL),(255,NULL,1140112,5,1,1140100,'Retenciones de IIBB Chubut','Activo',NULL,1,2,1,0,0,1,NULL),(256,NULL,1140113,5,1,1140100,'Retenciones de IIBB Córdoba','Activo',NULL,1,2,1,0,0,1,NULL),(257,NULL,1140114,5,1,1140100,'Retenciones de IIBB Corrientes','Activo',NULL,1,2,1,0,0,1,NULL);
INSERT INTO `conta_plan_cuenta` VALUES (258,NULL,1140115,5,1,1140100,'Retenciones de IIBB Entre Ríos','Activo',NULL,1,2,1,0,0,1,NULL),(259,NULL,1140116,5,1,1140100,'Retenciones de IIBB Formosa','Activo',NULL,1,2,1,0,0,1,NULL),(260,NULL,1140117,5,1,1140100,'Retenciones de IIBB Jujuy','Activo',NULL,1,2,1,0,0,1,NULL),(261,NULL,1140118,5,1,1140100,'Retenciones de IIBB La Pampa','Activo',NULL,1,2,1,0,0,1,NULL),(262,NULL,1140119,5,1,1140100,'Retenciones de IIBB La Rioja','Activo',NULL,1,2,1,0,0,1,NULL),(263,NULL,1140120,5,1,1140100,'Retenciones de IIBB Mendoza','Activo',NULL,1,2,1,0,0,1,NULL),(264,NULL,1140121,5,1,1140100,'Retenciones de IIBB Misiones','Activo',NULL,1,2,1,0,0,1,NULL),(265,NULL,1140122,5,1,1140100,'Retenciones de IIBB Neuquén','Activo',NULL,1,2,1,0,0,1,NULL),(266,NULL,1140123,5,1,1140100,'Retenciones de IIBB Pascua Lama','Activo',NULL,1,2,1,0,0,1,NULL),(267,NULL,1140124,5,1,1140100,'Retenciones de IIBB Río Negro','Activo',NULL,1,2,1,0,0,1,NULL),(268,NULL,1140125,5,1,1140100,'Retenciones de IIBB Salta','Activo',NULL,1,2,1,0,0,1,NULL),(269,NULL,1140126,5,1,1140100,'Retenciones de IIBB San Juan','Activo',NULL,1,2,1,0,0,1,NULL),(270,NULL,1140127,5,1,1140100,'Retenciones de IIBB San Luis','Activo',NULL,1,2,1,0,0,1,NULL),(271,NULL,1140128,5,1,1140100,'Retenciones de IIBB Santa Cruz','Activo',NULL,1,2,1,0,0,1,NULL),(272,NULL,1140129,5,1,1140100,'Retenciones de IIBB Santa Fe','Activo',NULL,1,2,1,0,0,1,NULL),(273,NULL,1140130,5,1,1140100,'Retenciones de IIBB Santiago del Estero','Activo',NULL,1,2,1,0,0,1,NULL),(274,NULL,1140131,5,1,1140100,'Retenciones de IIBB Tierra del Fuego','Activo',NULL,1,2,1,0,0,1,NULL),(275,NULL,1140132,5,1,1140100,'Retenciones de IIBB Tucuman','Activo',NULL,1,2,1,0,0,1,NULL),(276,NULL,5140168,5,1,5140100,'SIRCREB Buenos Aires','Result. Negativo',NULL,1,2,0,0,0,1,NULL),(277,NULL,5140139,5,1,5140100,'SIRCREB Capital Federal','Result. Negativo',NULL,1,2,0,0,0,1,NULL),(278,NULL,5140140,5,1,5140100,'SIRCREB Catamarca','Result. Negativo',NULL,1,2,0,0,0,1,NULL),(279,NULL,5140141,5,1,5140100,'SIRCREB Chaco','Result. Negativo',NULL,1,2,0,0,0,1,NULL),(280,NULL,5140142,5,1,5140100,'SIRCREB Chubut','Result. Negativo',NULL,1,2,0,0,0,1,NULL),(281,NULL,5140143,5,1,5140100,'SIRCREB Córdoba','Result. Negativo',NULL,1,2,0,0,0,1,NULL),(282,NULL,5140144,5,1,5140100,'SIRCREB Corrientes','Result. Negativo',NULL,1,2,0,0,0,1,NULL),(283,NULL,5140145,5,1,5140100,'SIRCREB Entre Ríos','Result. Negativo',NULL,1,2,0,0,0,1,NULL),(284,NULL,5140146,5,1,5140100,'SIRCREB Formosa','Result. Negativo',NULL,1,2,0,0,0,1,NULL),(285,NULL,5140147,5,1,5140100,'SIRCREB Jujuy','Result. Negativo',NULL,1,2,0,0,0,1,NULL),(286,NULL,5140148,5,1,5140100,'SIRCREB La Pampa','Result. Negativo',NULL,1,2,0,0,0,1,NULL),(287,NULL,5140149,5,1,5140100,'SIRCREB La Rioja','Result. Negativo',NULL,1,2,0,0,0,1,NULL),(288,NULL,5140150,5,1,5140100,'SIRCREB Mendoza','Result. Negativo',NULL,1,2,0,0,0,1,NULL),(289,NULL,5140151,5,1,5140100,'SIRCREB Misiones','Result. Negativo',NULL,1,2,0,0,0,1,NULL),(290,NULL,5140152,5,1,5140100,'SIRCREB Neuquén','Result. Negativo',NULL,1,2,0,0,0,1,NULL),(291,NULL,5140153,5,1,5140100,'SIRCREB Pascua Lama','Result. Negativo',NULL,1,2,0,0,0,1,NULL),(292,NULL,5140154,5,1,5140100,'SIRCREB Río Negro','Result. Negativo',NULL,1,2,0,0,0,1,NULL),(293,NULL,5140155,5,1,5140100,'SIRCREB Salta','Result. Negativo',NULL,1,2,0,0,0,1,NULL),(294,NULL,5140156,5,1,5140100,'SIRCREB San Juan','Result. Negativo',NULL,1,2,0,0,0,1,NULL),(295,NULL,5140157,5,1,5140100,'SIRCREB San Luis','Result. Negativo',NULL,1,2,0,0,0,1,NULL),(296,NULL,5140158,5,1,5140100,'SIRCREB Santa Cruz','Result. Negativo',NULL,1,2,0,0,0,1,NULL),(297,NULL,5140159,5,1,5140100,'SIRCREB Santa Fe','Result. Negativo',NULL,1,2,0,0,0,1,NULL),(298,NULL,5140160,5,1,5140100,'SIRCREB Santiago del Estero','Result. Negativo',NULL,1,2,0,0,0,1,NULL),(299,NULL,5140161,5,1,5140100,'SIRCREB Tierra del Fuego','Result. Negativo',NULL,1,2,0,0,0,1,NULL),(300,NULL,5140162,5,1,5140100,'SIRCREB Tucuman','Result. Negativo',NULL,1,2,0,0,0,1,NULL);
INSERT INTO `conta_plan_cuenta` VALUES (301,NULL,1140326,5,1,1140300,'IIBB a Favor Buenos Aires','Activo',NULL,1,2,0,0,0,1,NULL),(302,NULL,1140302,5,1,1140300,'IIBB a Favor Capital Federal','Activo',NULL,1,2,0,0,0,1,NULL),(303,NULL,1140303,5,1,1140300,'IIBB a Favor Catamarca','Activo',NULL,1,2,0,0,0,1,NULL),(304,NULL,1140304,5,1,1140300,'IIBB a Favor Chaco','Activo',NULL,1,2,0,0,0,1,NULL),(305,NULL,1140305,5,1,1140300,'IIBB a Favor Chubut','Activo',NULL,1,2,0,0,0,1,NULL),(306,NULL,1140306,5,1,1140300,'IIBB a Favor Córdoba','Activo',NULL,1,2,0,0,0,1,NULL),(307,NULL,1140307,5,1,1140300,'IIBB a Favor Corrientes','Activo',NULL,1,2,0,0,0,1,NULL),(308,NULL,1140308,5,1,1140300,'IIBB a Favor Entre Ríos','Activo',NULL,1,2,0,0,0,1,NULL),(309,NULL,1140309,5,1,1140300,'IIBB a Favor Formosa','Activo',NULL,1,2,0,0,0,1,NULL),(310,NULL,1140310,5,1,1140300,'IIBB a Favor Jujuy','Activo',NULL,1,2,0,0,0,1,NULL),(311,NULL,1140311,5,1,1140300,'IIBB a Favor La Pampa','Activo',NULL,1,2,0,0,0,1,NULL),(312,NULL,1140312,5,1,1140300,'IIBB a Favor La Rioja','Activo',NULL,1,2,0,0,0,1,NULL),(313,NULL,1140313,5,1,1140300,'IIBB a Favor Mendoza','Activo',NULL,1,2,0,0,0,1,NULL),(314,NULL,1140314,5,1,1140300,'IIBB a Favor Misiones','Activo',NULL,1,2,0,0,0,1,NULL),(315,NULL,1140315,5,1,1140300,'IIBB a Favor Neuquén','Activo',NULL,1,2,0,0,0,1,NULL),(316,NULL,1140316,5,1,1140300,'IIBB a Favor Pascua Lama','Activo',NULL,1,2,0,0,0,1,NULL),(317,NULL,1140317,5,1,1140300,'IIBB a Favor Río Negro','Activo',NULL,1,2,0,0,0,1,NULL),(318,NULL,1140318,5,1,1140300,'IIBB a Favor Salta','Activo',NULL,1,2,0,0,0,1,NULL),(319,NULL,1140319,5,1,1140300,'IIBB a Favor San Juan','Activo',NULL,1,2,0,0,0,1,NULL),(320,NULL,1140320,5,1,1140300,'IIBB a Favor San Luis','Activo',NULL,1,2,0,0,0,1,NULL),(321,NULL,1140321,5,1,1140300,'IIBB a Favor Santa Cruz','Activo',NULL,1,2,0,0,0,1,NULL),(322,NULL,1140322,5,1,1140300,'IIBB a Favor Santa Fe','Activo',NULL,1,2,0,0,0,1,NULL),(323,NULL,1140323,5,1,1140300,'IIBB a Favor Santiago del Estero','Activo',NULL,1,2,0,0,0,1,NULL),(324,NULL,1140324,5,1,1140300,'IIBB a Favor Tierra del Fuego','Activo',NULL,1,2,0,0,0,1,NULL),(325,NULL,1140325,5,1,1140300,'IIBB a Favor Tucuman','Activo',NULL,1,2,0,0,0,1,NULL),(326,NULL,2110317,5,2,2110300,'IIBB a Pagar Buenos Aires','Pasivo',NULL,1,2,0,0,0,1,NULL),(327,NULL,2110318,5,2,2110300,'IIBB a Pagar Capital Federal','Pasivo',NULL,1,2,0,0,0,1,NULL),(328,NULL,2110319,5,2,2110300,'IIBB a Pagar Catamarca','Pasivo',NULL,1,2,0,0,0,1,NULL),(329,NULL,2110320,5,2,2110300,'IIBB a Pagar Chaco','Pasivo',NULL,1,2,0,0,0,1,NULL),(330,NULL,2110321,5,2,2110300,'IIBB a Pagar Chubut','Pasivo',NULL,1,2,0,0,0,1,NULL),(331,NULL,2110322,5,2,2110300,'IIBB a Pagar Córdoba','Pasivo',NULL,1,2,0,0,0,1,NULL),(332,NULL,2110323,5,2,2110300,'IIBB a Pagar Corrientes','Pasivo',NULL,1,2,0,0,0,1,NULL),(333,NULL,2110324,5,2,2110300,'IIBB a Pagar Entre Ríos','Pasivo',NULL,1,2,0,0,0,1,NULL),(334,NULL,2110325,5,2,2110300,'IIBB a Pagar Formosa','Pasivo',NULL,1,2,0,0,0,1,NULL),(335,NULL,2110326,5,2,2110300,'IIBB a Pagar Jujuy','Pasivo',NULL,1,2,0,0,0,1,NULL),(336,NULL,2110327,5,2,2110300,'IIBB a Pagar La Pampa','Pasivo',NULL,1,2,0,0,0,1,NULL),(337,NULL,2110328,5,2,2110300,'IIBB a Pagar La Rioja','Pasivo',NULL,1,2,0,0,0,1,NULL),(338,NULL,2110329,5,2,2110300,'IIBB a Pagar Mendoza','Pasivo',NULL,1,2,0,0,0,1,NULL),(339,NULL,2110330,5,2,2110300,'IIBB a Pagar Misiones','Pasivo',NULL,1,2,0,0,0,1,NULL),(340,NULL,2110331,5,2,2110300,'IIBB a Pagar Neuquén','Pasivo',NULL,1,2,0,0,0,1,NULL),(341,NULL,2110332,5,2,2110300,'IIBB a Pagar Pascua Lama','Pasivo',NULL,1,2,0,0,0,1,NULL),(342,NULL,2110333,5,2,2110300,'IIBB a Pagar Río Negro','Pasivo',NULL,1,2,0,0,0,1,NULL),(343,NULL,2110334,5,2,2110300,'IIBB a Pagar Salta','Pasivo',NULL,1,2,0,0,0,1,NULL),(344,NULL,2110335,5,2,2110300,'IIBB a Pagar San Juan','Pasivo',NULL,1,2,0,0,0,1,NULL),(345,NULL,2110336,5,2,2110300,'IIBB a Pagar San Luis','Pasivo',NULL,1,2,0,0,0,1,NULL),(346,NULL,2110337,5,2,2110300,'IIBB a Pagar Santa Cruz','Pasivo',NULL,1,2,0,0,0,1,NULL);
INSERT INTO `conta_plan_cuenta` VALUES (347,NULL,2110338,5,2,2110300,'IIBB a Pagar Santa Fe','Pasivo',NULL,1,2,0,0,0,1,NULL),(348,NULL,2110339,5,2,2110300,'IIBB a Pagar Santiago del Estero','Pasivo',NULL,1,2,0,0,0,1,NULL),(349,NULL,2110340,5,2,2110300,'IIBB a Pagar Tierra del Fuego','Pasivo',NULL,1,2,0,0,0,1,NULL),(350,NULL,2110341,5,2,2110300,'IIBB a Pagar Tucuman','Pasivo',NULL,1,2,0,0,0,1,NULL),(351,NULL,6110101,5,1,6110100,'BANCO SIRCREB','Movimiento',NULL,1,2,0,0,1,1,NULL),(352,NULL,6110102,5,1,6110100,'Compensacion','Movimiento',NULL,1,2,0,0,0,1,'2020-12-31 13:34:22'),(353,NULL,1140327,5,1,1140300,'IVA Saldo Tecnico','Activo',NULL,1,2,0,0,0,1,NULL),(354,NULL,1140328,5,1,1140300,'IVA Saldo Libre Disponibilidad','Activo',NULL,1,2,0,0,0,1,NULL),(355,NULL,6000000,1,1,0,'Movimiento','Movimiento',NULL,1,1,0,0,0,0,NULL),(356,NULL,6100000,2,1,6000000,'Movimiento','Movimiento',NULL,1,1,0,0,0,0,NULL),(357,NULL,6110000,3,1,6100000,'Movimiento','Movimiento',NULL,1,1,0,0,0,0,NULL),(358,NULL,4110000,3,2,4100000,'Ingresos Operativos','Result. Positivo',NULL,1,1,0,0,0,0,NULL),(359,NULL,1110120,5,1,1110100,'Caja en Pesos','Activo',NULL,1,2,1,1,1,0,NULL),(360,NULL,1140211,5,1,1140200,'Retenciones Bancarias de Ganancias a Favor','Activo',NULL,1,2,0,0,1,1,NULL),(361,NULL,1220104,5,1,1220100,'Equipos de Computación','Activo',NULL,1,1,0,0,0,1,NULL),(362,NULL,1220105,5,1,1220100,'Computadoras','Activo',NULL,1,1,0,0,0,1,NULL),(363,NULL,1220304,5,1,1220300,'Muebles y Utiles','Activo',NULL,1,1,0,0,0,1,NULL),(364,NULL,2110105,5,2,2110100,'Anticipo de Clientes','Pasivo',NULL,1,2,0,0,1,1,NULL),(365,NULL,2110401,5,2,2110400,'Provision Honorarios','Pasivo',NULL,1,1,0,0,0,1,NULL),(366,NULL,2110106,5,2,2110100,'Cta. Cte Directores','Pasivo',NULL,1,1,0,0,0,1,NULL),(367,NULL,2110107,5,2,2110100,'Provisión Honorarios Directores','Pasivo',NULL,1,1,0,0,0,1,NULL),(368,NULL,2110110,5,2,2110100,'Cuenta Particular Socio 1','Pasivo',NULL,1,1,0,0,0,1,NULL),(369,NULL,3110104,5,2,3110100,'Capital','Patrimonio Neto',NULL,1,1,0,0,0,1,NULL),(370,NULL,1120000,3,1,1100000,'INVERSIONES','Activo',NULL,1,1,0,0,0,0,NULL),(371,NULL,1160000,3,1,1100000,'OTROS ACTIVOS','Activo',NULL,1,1,0,0,0,0,NULL),(372,NULL,1160100,4,1,1160000,'OTROS','Activo',NULL,1,1,0,0,0,0,NULL),(373,NULL,2110400,4,2,2110000,'Provision de Honorarios','Pasivo',NULL,1,1,0,0,0,0,NULL),(374,NULL,3410100,4,1,3410000,'RESULTADOS ACUMULADOS','Patrimonio Neto',NULL,1,1,0,0,0,0,NULL),(375,NULL,3420000,3,1,3400000,'GANACIAS RESERVADAS','Patrimonio Neto',NULL,1,1,0,0,0,0,NULL),(376,NULL,3420100,4,1,3420000,'Rerva Legal','Patrimonio Neto',NULL,1,1,0,0,0,0,NULL),(377,NULL,1220400,4,1,1220000,'INMUEBLES','Activo',NULL,1,1,0,0,0,0,NULL),(378,NULL,1220500,4,1,1220000,'RODADOS','Activo',NULL,1,1,0,0,0,0,NULL),(379,NULL,1220600,4,1,1220000,'MAQUINARIAS','Activo',NULL,1,1,0,0,0,0,NULL),(380,NULL,1220204,5,1,1220200,'Instalaciones','Activo',NULL,1,1,0,0,0,1,NULL),(381,NULL,3420101,5,2,3420100,'Reserva Legal','Patrimonio Neto',NULL,1,1,0,0,0,1,NULL),(382,NULL,3420102,5,2,3420100,'Reserva Legal','Patrimonio Neto',NULL,1,1,0,0,0,1,'2020-12-31 13:34:22'),(383,NULL,3410105,5,2,3410100,'Resultado no asignado','Patrimonio Neto',NULL,1,1,0,0,0,1,NULL),(384,NULL,1110121,5,1,1110100,'Caja en Dolares','Activo',NULL,1,2,1,1,1,0,NULL),(385,NULL,1120100,4,1,1120000,'TEMPORARIAS','Activo',NULL,1,1,0,0,0,0,NULL),(386,NULL,1120101,5,1,1120100,'PLAZO FIJO','Activo',NULL,1,1,0,0,0,1,NULL),(387,NULL,1120200,4,1,1120000,'PERMANENTES','Activo',NULL,1,1,0,0,0,0,NULL),(388,NULL,1120201,5,1,1120200,'ACCIONES','Activo',NULL,1,1,0,0,0,1,NULL),(389,NULL,1220401,5,1,1220400,'Inmuebles','Activo',NULL,1,1,0,0,0,1,NULL),(390,NULL,1220501,5,1,1220500,'Vehiculos','Activo',NULL,1,1,0,0,0,1,NULL),(391,NULL,1220601,5,1,1220600,'Maquinarias','Activo',NULL,1,1,0,0,0,1,NULL),(392,NULL,1150401,5,1,1150400,'MERCADERIAS','Activo',NULL,1,1,0,0,0,1,NULL),(393,NULL,1160101,5,1,1160100,'OTROS','Activo',NULL,1,1,0,0,0,1,NULL),(394,NULL,1230100,4,1,1230000,'INTANGIBLES','Activo',NULL,1,1,0,0,0,0,NULL);
INSERT INTO `conta_plan_cuenta` VALUES (395,NULL,2110119,5,2,2110100,'Cuenta Particular Socio 2','Pasivo',NULL,1,1,0,0,0,1,NULL),(396,NULL,5120160,5,1,5120100,'Comisiones Y gastos Bancarios','Result. Negativo',NULL,1,1,0,0,0,1,NULL),(397,NULL,4110100,4,2,4110000,'Ingresos Operativos','Result. Positivo',NULL,1,1,0,0,0,0,NULL),(398,NULL,4120100,4,2,4120000,'OTROS INGRESOS','Result. Positivo',NULL,1,1,0,0,0,0,NULL),(399,NULL,5110000,3,1,5100000,'GASTOS ORDINARIOS','Result. Negativo',NULL,1,1,0,0,0,0,NULL),(400,NULL,5120000,3,1,5100000,'GASTOS DE OPERACION','Result. Negativo',NULL,1,1,0,0,0,0,NULL),(401,NULL,5130000,3,1,5100000,'GASTOS DE OPERACION','Result. Negativo',NULL,1,1,0,0,0,0,NULL),(402,NULL,5140000,3,1,5100000,'GASTOS DE OPERACION','Result. Negativo',NULL,1,1,0,0,0,0,NULL),(403,NULL,5210000,3,1,5200000,'GASTOS EXTRAORDINARIOS','Result. Negativo',NULL,1,1,0,0,0,0,NULL),(404,NULL,5210100,4,1,5210000,'GASTOS EXTRAORDINARIOS','Result. Negativo',NULL,1,1,0,0,0,0,NULL),(405,NULL,6110100,4,1,6110000,'Movimiento','Movimiento',NULL,1,1,0,0,0,0,NULL),(406,NULL,1130100,4,1,1130000,'Operaciones Ordinarias','Activo',NULL,1,1,0,0,0,0,NULL),(407,NULL,3110000,3,2,3100000,'CAPITAL SOCIAL','Patrimonio Neto',NULL,1,1,0,0,0,0,NULL),(408,NULL,3410000,3,2,3400000,'RESULTADOS ANTERIORES','Patrimonio Neto',NULL,1,1,0,0,0,0,NULL),(409,NULL,5110101,5,2,5110000,'IVA Crédito Fiscal No computable','Result. Negativo',NULL,1,2,0,0,1,1,NULL),(410,NULL,1110203,5,1,1110200,'Banco ICBC Cta. Cte.','Activo',NULL,1,2,1,1,1,0,NULL),(411,NULL,2110342,5,2,2110300,'Provisión Impuesto a las Ganancias','Pasivo',NULL,1,1,0,0,0,1,NULL),(412,NULL,5120107,5,2,5120000,'Amortización Muebles y Útiles','Result. Negativo',NULL,1,1,0,0,0,1,NULL),(413,NULL,5120102,5,2,5120000,'Amortización Equipos','Result. Negativo',NULL,1,1,0,0,0,1,NULL),(414,NULL,1220109,5,1,1220100,'Amortizacion Acumulada Equipos','Activo',NULL,1,1,0,0,0,1,NULL),(415,NULL,1220602,5,1,1220600,'Amortización Acumulada Maquinarias','Activo',NULL,1,1,0,0,0,1,NULL),(416,NULL,1160102,5,1,1160100,'Materias Primas','Activo',NULL,1,1,0,0,0,1,NULL),(417,NULL,1110204,5,1,1110200,'Banco Itaú Cta. Cte.','Activo',NULL,1,2,1,1,1,0,NULL),(418,NULL,2110113,5,2,2110100,'Deudas Bancarias','Pasivo',NULL,1,2,0,1,1,1,NULL),(419,NULL,1220502,5,1,1220500,'Rodados','Activo',NULL,1,1,0,0,0,1,NULL),(420,NULL,1220503,5,1,1220500,'Amortización Acumulada Rodados','Activo',NULL,1,1,0,0,0,1,NULL),(421,NULL,5120105,5,2,5120000,'Amortización Rodados','Result. Negativo',NULL,1,1,0,0,0,1,'2020-12-31 13:34:22'),(422,NULL,5120109,5,2,5120000,'Amortización Maquinarias','Result. Negativo',NULL,1,1,0,0,0,1,'2020-12-31 13:34:22'),(423,NULL,1220504,5,1,1220500,'Accesorios','Activo',NULL,1,1,0,0,0,1,NULL),(424,NULL,1220505,5,1,1220500,'Amortización Acumulada Accesorios','Activo',NULL,1,1,0,0,0,1,NULL),(425,NULL,1110205,5,1,1110200,'Banco Galicia Cta. Cte.','Activo',NULL,1,2,1,1,1,0,NULL),(426,NULL,3420101,5,2,3420000,'Reserva Facultativa','Patrimonio Neto',NULL,1,1,0,0,0,1,NULL),(427,NULL,1140212,5,1,1140200,'Créditos por Impuestos Diferidos','Activo',NULL,1,1,0,0,0,1,NULL),(428,NULL,1160103,5,1,1160100,'Fondo de Comercio','Activo',NULL,1,1,0,0,0,1,NULL),(429,NULL,1160104,5,1,1160100,'Amortizacion Acumulada Fondo de Comercio','Activo',NULL,1,1,0,0,0,1,NULL),(430,NULL,1140213,5,1,1140200,'Intereses a devengar AGIP','Activo',NULL,1,1,0,0,0,1,NULL),(431,NULL,2110343,5,2,2110300,'PFP IIBB','Pasivo',NULL,1,1,0,0,0,1,'2020-12-31 13:34:22'),(432,NULL,1140330,5,1,1140300,'Pago a Cuenta ITC','Activo',NULL,1,2,0,0,0,1,NULL),(433,NULL,2110114,5,2,2110100,'Préstamo','Pasivo',NULL,1,2,0,1,1,1,NULL),(434,NULL,1160106,5,1,1160100,'Productos','Activo',NULL,1,1,0,0,0,1,NULL),(435,NULL,2110345,5,2,2110300,'Intereses a devengar PFP','Pasivo',NULL,1,1,0,0,0,1,NULL),(436,NULL,1110206,5,1,1110200,'Banco Provincia Cta. Cte.','Activo',NULL,1,2,1,1,1,0,NULL),(437,NULL,1140215,5,1,1140200,'Imp. Ley 25413 Cred 0.6%','Activo',NULL,1,1,0,0,0,1,NULL);
INSERT INTO `conta_plan_cuenta` VALUES (438,NULL,2110402,5,2,2110400,'Honorarios Directorio a Pagar','Pasivo',NULL,1,1,0,0,0,1,NULL),(439,NULL,3110101,5,2,3110100,'Reserva para Futuras Inversiones','Patrimonio Neto',NULL,1,1,0,0,0,1,NULL),(440,NULL,1130106,5,1,1130100,'TEAC - Trabajos Ejecutados a Certificar','Activo',NULL,1,1,0,0,0,1,NULL),(441,NULL,2110115,5,2,2110100,'Leasing','Pasivo',NULL,1,2,0,1,1,1,NULL),(442,NULL,1110207,5,1,1110200,'Banco Comafi Cta. Cte','Activo',NULL,1,2,1,1,1,0,NULL),(443,NULL,2110500,4,2,2110000,'Deudas Financieras','Pasivo',NULL,1,1,0,0,0,0,NULL),(444,NULL,2110501,5,2,2110500,'Banco Santander Rio Cta Cte','Pasivo',NULL,1,1,0,0,0,1,NULL),(446,NULL,2210000,3,2,2200000,'Deudas','Pasivo',NULL,1,1,0,0,0,0,NULL),(447,NULL,2210100,4,2,2210000,'Otras Deudas','Pasivo',NULL,1,1,0,0,0,0,NULL),(448,NULL,2210101,5,2,2210100,'Planes de Pagos AFIP','Pasivo',NULL,1,2,0,1,1,1,NULL),(449,NULL,2110502,5,2,2110500,'Leasing','Pasivo',NULL,1,1,0,0,0,1,NULL),(450,NULL,6110101,5,1,6110000,'Cheques Rechazados','Movimiento',NULL,1,2,0,0,1,1,NULL),(451,NULL,1110208,5,1,1110200,'Banco Patagonia Taxes Software','Activo',NULL,1,2,1,1,1,0,NULL),(452,NULL,1110209,5,1,1110200,'Banco Macro Cta. Cte.','Activo',NULL,1,2,1,1,1,0,NULL),(453,NULL,1120202,5,1,1120200,'Inversión Central Caribe','Activo',NULL,1,1,0,0,0,1,'2020-12-31 13:34:22'),(454,NULL,1120102,5,1,1120100,'Otras Inversiones','Activo',NULL,1,1,0,0,0,1,NULL),(455,NULL,1140216,5,1,1140200,'Otros Créditos','Activo',NULL,1,1,0,0,0,1,NULL),(456,NULL,2110403,5,2,2110400,'Provisión Honorarios Socio Gerente','Pasivo',NULL,1,1,0,0,0,1,NULL),(457,NULL,1110210,5,1,1110200,'Cheque Diferido Banco Santander Rio','Activo',NULL,1,2,1,1,1,0,'2020-12-31 13:34:22'),(458,NULL,1110211,5,1,1110200,'Cheque Diferido Banco Macro','Activo',NULL,1,2,1,1,1,0,'2020-12-31 13:34:22'),(459,NULL,2110204,5,2,2110200,'Moratoria SUSS a pagar','Pasivo',NULL,1,1,0,0,0,1,NULL),(460,NULL,2110344,5,2,2110300,'Impuestos Municipales a Pagar','Pasivo',NULL,1,1,0,0,0,1,NULL),(461,NULL,5110103,5,2,5110000,'Amortización Instalaciones','Result. Negativo',NULL,1,1,0,0,0,1,NULL),(462,NULL,5120110,5,2,5120000,'Amortización Equipos de comput.','Result. Negativo',NULL,1,1,0,0,0,1,'2020-12-31 13:34:22'),(463,NULL,2110118,5,2,2110100,'Cuenta Particular Socio 3','Pasivo',NULL,1,1,0,0,0,1,NULL),(464,NULL,2110120,5,2,2110100,'Cuenta Particular Socio 4','Pasivo',NULL,1,1,0,0,0,1,NULL),(465,NULL,3110102,5,2,3110100,'Otras Reservas','Patrimonio Neto',NULL,1,1,0,0,0,1,NULL),(466,NULL,1140331,5,1,1140300,'IGMP (Saldo a Favor)','Activo',NULL,1,1,0,0,0,1,NULL),(467,NULL,5110104,5,2,5110000,'Interés','Result. Negativo',NULL,1,2,0,0,1,1,NULL),(468,NULL,1150402,5,1,1150400,'Productos en Proceso','Activo',NULL,1,1,0,0,0,1,NULL),(469,NULL,2110205,5,2,2110200,'Depósitos en Garantía Socio Gerente','Pasivo',NULL,1,1,0,0,0,1,NULL),(470,NULL,2110346,5,2,2110300,'Fondos Embargados','Pasivo',NULL,1,1,0,0,0,1,NULL),(471,NULL,2110347,5,2,2110300,'Cuota Solid.','Pasivo',NULL,1,1,0,0,0,1,'2020-12-31 13:34:22'),(472,NULL,1140332,5,1,1140300,'Anticipo Honorarios Directores','Activo',NULL,1,1,0,0,0,1,NULL),(473,NULL,2110348,5,2,2110300,'SICORE a Pagar','Pasivo',NULL,1,1,0,0,0,1,NULL),(474,NULL,1110212,5,1,1110200,'Banco Credicoop Cta. Cte.','Activo',NULL,1,2,1,1,1,0,NULL),(475,NULL,1110213,5,1,1110200,'Banco Superville Cta. Cte.','Activo',NULL,1,2,1,1,1,0,NULL),(476,NULL,5110105,5,2,5110000,'RECPAM','Result. Negativo',NULL,1,2,0,0,0,1,NULL),(477,NULL,1110125,5,1,1110100,'Caja Reales','Activo',NULL,1,2,1,1,1,0,NULL),(478,NULL,5140169,5,1,5140100,'CO2 - Imp. Al Carbono','Result. Negativo',NULL,1,2,0,0,0,1,NULL),(479,NULL,1140300,4,1,1140000,'Anticipo de Impuestos','Activo',NULL,1,1,0,0,0,0,NULL),(480,NULL,2110600,4,2,2110000,'Retenciones Efectuadas','Pasivo',NULL,1,1,0,0,0,0,NULL),(481,NULL,4200000,2,2,4000000,'INGRESOS EXTRAORDINARIOS','Result. Positivo',NULL,1,1,0,0,0,0,NULL),(1001,NULL,5140170,5,1,5140100,'SIRTAC Córdoba','Result. Negativo',NULL,1,2,0,0,0,1,NULL);
INSERT INTO `conta_plan_cuenta` VALUES (1002,NULL,5140171,5,1,5140100,'SIRTAC Corrientes','Result. Negativo',NULL,1,2,0,0,0,1,NULL),(1003,NULL,5140172,5,1,5140100,'SIRTAC Chaco','Result. Negativo',NULL,1,2,0,0,0,1,NULL),(1004,NULL,5140173,5,1,5140100,'SIRTAC Chubut','Result. Negativo',NULL,1,2,0,0,0,1,NULL),(1005,NULL,5140174,5,1,5140100,'SIRTAC Entre Ríos','Result. Negativo',NULL,1,2,0,0,0,1,NULL),(1006,NULL,5140175,5,1,5140100,'SIRTAC Formosa','Result. Negativo',NULL,1,2,0,0,0,1,NULL),(1007,NULL,5140176,5,1,5140100,'SIRTAC Jujuy','Result. Negativo',NULL,1,2,0,0,0,1,NULL),(1008,NULL,5140177,5,1,5140100,'SIRTAC La Pampa','Result. Negativo',NULL,1,2,0,0,0,1,NULL),(1009,NULL,5140178,5,1,5140100,'SIRTAC La Rioja','Result. Negativo',NULL,1,2,0,0,0,1,NULL),(1010,NULL,5140179,5,1,5140100,'SIRTAC Mendoza','Result. Negativo',NULL,1,2,0,0,0,1,NULL),(1011,NULL,5140180,5,1,5140100,'SIRTAC Misiones','Result. Negativo',NULL,1,2,0,0,0,1,NULL),(1012,NULL,5140181,5,1,5140100,'SIRTAC Neuquén','Result. Negativo',NULL,1,2,0,0,0,1,NULL),(1013,NULL,5140182,5,1,5140100,'SIRTAC Río Negro','Result. Negativo',NULL,1,2,0,0,0,1,NULL),(1014,NULL,5140183,5,1,5140100,'SIRTAC Salta','Result. Negativo',NULL,1,2,0,0,0,1,NULL),(1015,NULL,5140184,5,1,5140100,'SIRTAC San Juan','Result. Negativo',NULL,1,2,0,0,0,1,NULL),(1016,NULL,5140185,5,1,5140100,'SIRTAC San Luis','Result. Negativo',NULL,1,2,0,0,0,1,NULL),(1017,NULL,5140186,5,1,5140100,'SIRTAC Santa Cruz','Result. Negativo',NULL,1,2,0,0,0,1,NULL),(1018,NULL,5140187,5,1,5140100,'SIRTAC Santa Fe','Result. Negativo',NULL,1,2,0,0,0,1,NULL),(1019,NULL,5140188,5,1,5140100,'SIRTAC Santiago del Estero','Result. Negativo',NULL,1,2,0,0,0,1,NULL),(1020,NULL,5140189,5,1,5140100,'SIRTAC Tierra del Fuego','Result. Negativo',NULL,1,2,0,0,0,1,NULL),(1021,NULL,5140190,5,1,5140100,'SIRTAC Tucuman','Result. Negativo',NULL,1,2,0,0,0,1,NULL),(1022,NULL,5140191,5,1,5140100,'SIRTAC Capital Federal','Result. Negativo',NULL,1,2,0,0,0,1,NULL),(1023,NULL,5140192,5,1,5140100,'SIRTAC Buenos Aires','Result. Negativo',NULL,1,2,0,0,0,1,NULL),(1024,NULL,5140193,5,1,5140100,'SIRTAC Catamarca','Result. Negativo',NULL,1,2,0,0,0,1,NULL),(1025,NULL,5140194,5,1,5140100,'SIRTAC Pascua Lama','Result. Negativo',NULL,1,2,0,0,0,1,NULL),(1026,NULL,6110104,5,1,6110100,'BANCO SIRTAC','Movimiento',NULL,1,2,0,0,1,1,NULL);

--
-- Table structure for table `conta_tipo_asientos`
--

CREATE TABLE `conta_tipo_asientos` (
  `id` int(10) unsigned NOT NULL AUTO_INCREMENT,
  `nombre` varchar(255) COLLATE utf8mb4_unicode_ci DEFAULT NULL,
  `created_at` timestamp NULL DEFAULT NULL,
  `updated_at` timestamp NULL DEFAULT NULL,
  `deleted_at` timestamp NULL DEFAULT NULL,
  `orden` int(11) DEFAULT NULL,
  PRIMARY KEY (`id`)
) ENGINE=InnoDB AUTO_INCREMENT=25 DEFAULT CHARSET=utf8mb4 COLLATE=utf8mb4_unicode_ci;

--
-- Dumping data for table `conta_tipo_asientos`
--

INSERT INTO `conta_tipo_asientos` VALUES (1,'Sueldos',NULL,NULL,NULL,11),(2,'Ingresos',NULL,NULL,NULL,9),(3,'Egresos',NULL,NULL,NULL,10),(4,'Amortizaciones',NULL,NULL,NULL,4),(5,'Banco',NULL,NULL,NULL,15),(6,'Ganancias',NULL,NULL,NULL,12),(7,'Retenciones',NULL,NULL,NULL,13),(8,'SIRCREB',NULL,NULL,NULL,14),(9,'Compensaciones',NULL,NULL,NULL,16),(10,'Pagos AFIP',NULL,NULL,NULL,17),(11,'Ajustes',NULL,NULL,NULL,3),(12,'Saldos Iniciales',NULL,NULL,NULL,1),(13,'Cancelacion de Iniciales',NULL,NULL,NULL,2),(14,'Patrimonio Neto',NULL,NULL,NULL,8),(15,'Liquidaciones IVA',NULL,NULL,NULL,18),(16,'Liquidacion IIBB',NULL,NULL,NULL,19),(17,'Asientos de Cierre',NULL,NULL,NULL,5),(18,'Reclasificacion',NULL,NULL,NULL,6),(19,'Otros',NULL,NULL,NULL,7),(20,'Cobranzas','2019-10-02 03:20:37','2019-10-02 03:20:37',NULL,NULL),(21,'Pagos','2019-10-02 03:20:37','2019-10-02 03:20:37',NULL,NULL),(22,'Tesoreria','2019-10-19 02:10:24','2019-10-19 02:10:24',NULL,NULL),(23,'Ajuste por Inflacion','2020-03-01 06:39:20','2020-03-01 06:39:20',NULL,NULL),(24,'SIRTAC','2023-10-16 21:22:08','2023-10-16 21:22:08',NULL,20);

--
-- Table structure for table `conta_tipo_cuentas`
--

CREATE TABLE `conta_tipo_cuentas` (
  `id` int(10) unsigned NOT NULL AUTO_INCREMENT,
  `tipo_cuenta` varchar(255) COLLATE utf8mb4_unicode_ci DEFAULT NULL,
  `created_at` timestamp NULL DEFAULT NULL,
  `updated_at` timestamp NULL DEFAULT NULL,
  `deleted_at` timestamp NULL DEFAULT NULL,
  PRIMARY KEY (`id`)
) ENGINE=InnoDB AUTO_INCREMENT=6 DEFAULT CHARSET=utf8mb4 COLLATE=utf8mb4_unicode_ci;

--
-- Dumping data for table `conta_tipo_cuentas`
--

INSERT INTO `conta_tipo_cuentas` VALUES (1,'Rubro',NULL,NULL,NULL),(2,'SubRubro',NULL,NULL,NULL),(3,'Grupo',NULL,NULL,NULL),(4,'SubGrupo',NULL,NULL,NULL),(5,'Cuenta',NULL,NULL,NULL);

--
-- Table structure for table `conta_tipo_saldos`
--

CREATE TABLE `conta_tipo_saldos` (
  `id` int(10) unsigned NOT NULL AUTO_INCREMENT,
  `saldo` varchar(255) COLLATE utf8mb4_unicode_ci DEFAULT NULL,
  `created_at` timestamp NULL DEFAULT NULL,
  `updated_at` timestamp NULL DEFAULT NULL,
  `deleted_at` timestamp NULL DEFAULT NULL,
  PRIMARY KEY (`id`)
) ENGINE=InnoDB AUTO_INCREMENT=3 DEFAULT CHARSET=utf8mb4 COLLATE=utf8mb4_unicode_ci;

--
-- Dumping data for table `conta_tipo_saldos`
--

INSERT INTO `conta_tipo_saldos` VALUES (1,'Deudor',NULL,NULL,NULL),(2,'Acreedor',NULL,NULL,NULL);

--
-- Table structure for table `control_cuits_afip`
--

CREATE TABLE `control_cuits_afip` (
  `id` int(10) unsigned NOT NULL AUTO_INCREMENT,
  `user_id` int(10) unsigned DEFAULT NULL,
  `person_id` int(10) unsigned NOT NULL,
  `field_name1` varchar(191) COLLATE utf8mb4_unicode_ci DEFAULT NULL,
  `cuit` varchar(191) COLLATE utf8mb4_unicode_ci DEFAULT NULL,
  `error` varchar(191) COLLATE utf8mb4_unicode_ci DEFAULT NULL,
  `created_at` timestamp NULL DEFAULT NULL,
  `updated_at` timestamp NULL DEFAULT NULL,
  `deleted_at` timestamp NULL DEFAULT NULL,
  PRIMARY KEY (`id`),
  KEY `control_cuits_afip_person_id_foreign` (`person_id`),
  CONSTRAINT `control_cuits_afip_person_id_foreign` FOREIGN KEY (`person_id`) REFERENCES `persons` (`id`)
) ENGINE=InnoDB DEFAULT CHARSET=utf8mb4 COLLATE=utf8mb4_unicode_ci;

--
-- Dumping data for table `control_cuits_afip`
--


--
-- Table structure for table `control_general`
--

CREATE TABLE `control_general` (
  `id` int(10) unsigned NOT NULL AUTO_INCREMENT,
  `description` varchar(180) COLLATE utf8mb4_unicode_ci NOT NULL,
  `class` int(10) unsigned NOT NULL,
  `class_description` varchar(180) COLLATE utf8mb4_unicode_ci NOT NULL,
  `path` varchar(255) COLLATE utf8mb4_unicode_ci DEFAULT NULL,
  `created_at` timestamp NULL DEFAULT NULL,
  `updated_at` timestamp NULL DEFAULT NULL,
  PRIMARY KEY (`id`),
  UNIQUE KEY `control_general_description_unique` (`description`)
) ENGINE=InnoDB AUTO_INCREMENT=6 DEFAULT CHARSET=utf8mb4 COLLATE=utf8mb4_unicode_ci;

--
-- Dumping data for table `control_general`
--

INSERT INTO `control_general` VALUES (1,'Ingresos - Egresos - Resultado',1,'Proyeccion Ganancias','control_general/proyecGanancias',NULL,NULL),(2,'IVA',2,'IVA','control_general/iva',NULL,NULL),(3,'IIBB',3,'IIBB','control_general/iibb',NULL,NULL),(4,'Por Mes',4,'Vto. Impuestos','control_general/vto',NULL,NULL),(5,'Por Impuesto',4,'Vto. Impuestos','control_general/vtoPorImpuestos',NULL,NULL);

--
-- Table structure for table `cta_cte_cliente`
--

CREATE TABLE `cta_cte_cliente` (
  `id` int(10) unsigned NOT NULL AUTO_INCREMENT,
  `user_id` int(10) unsigned DEFAULT NULL,
  `tipo_asiento_id` int(10) unsigned NOT NULL,
  `person_id` int(10) unsigned NOT NULL,
  `person_id_relationed` int(10) unsigned NOT NULL,
  `cta_cte_tesoreria_cuenta_id` int(10) unsigned DEFAULT NULL,
  `period_id` int(10) unsigned NOT NULL,
  `saldo_id` int(10) unsigned NOT NULL,
  `compensado` tinyint(1) NOT NULL DEFAULT '0',
  `fecha` date DEFAULT NULL,
  `fecha_vencimiento` date DEFAULT NULL,
  `total` decimal(16,2) NOT NULL,
  `moneda_id` int(10) unsigned NOT NULL DEFAULT '1',
  `cotizacion` decimal(9,2) NOT NULL DEFAULT '1.00',
  `comentario` varchar(191) COLLATE utf8mb4_unicode_ci DEFAULT NULL,
  `file` varchar(191) COLLATE utf8mb4_unicode_ci DEFAULT NULL,
  `created_at` timestamp NULL DEFAULT NULL,
  `updated_at` timestamp NULL DEFAULT NULL,
  `deleted_at` timestamp NULL DEFAULT NULL,
  PRIMARY KEY (`id`),
  KEY `cta_cte_cliente_person_id_foreign` (`person_id`),
  KEY `cta_cte_cliente_person_id_relationed_foreign` (`person_id_relationed`),
  KEY `cta_cte_cliente_period_id_foreign` (`period_id`),
  KEY `cta_cte_cliente_saldo_id_foreign` (`saldo_id`),
  KEY `cta_cte_cliente_tipo_asiento_id_foreign` (`tipo_asiento_id`),
  KEY `cta_cte_cliente_cta_cte_tesoreria_cuenta_id_foreign` (`cta_cte_tesoreria_cuenta_id`),
  KEY `cta_cte_cliente_moneda_id_foreign` (`moneda_id`),
  CONSTRAINT `cta_cte_cliente_cta_cte_tesoreria_cuenta_id_foreign` FOREIGN KEY (`cta_cte_tesoreria_cuenta_id`) REFERENCES `cta_cte_tesoreria_cuentas` (`id`),
  CONSTRAINT `cta_cte_cliente_moneda_id_foreign` FOREIGN KEY (`moneda_id`) REFERENCES `monedas` (`id`),
  CONSTRAINT `cta_cte_cliente_period_id_foreign` FOREIGN KEY (`period_id`) REFERENCES `periods` (`id`),
  CONSTRAINT `cta_cte_cliente_person_id_foreign` FOREIGN KEY (`person_id`) REFERENCES `persons` (`id`),
  CONSTRAINT `cta_cte_cliente_person_id_relationed_foreign` FOREIGN KEY (`person_id_relationed`) REFERENCES `persons` (`id`),
  CONSTRAINT `cta_cte_cliente_saldo_id_foreign` FOREIGN KEY (`saldo_id`) REFERENCES `conta_tipo_saldos` (`id`),
  CONSTRAINT `cta_cte_cliente_tipo_asiento_id_foreign` FOREIGN KEY (`tipo_asiento_id`) REFERENCES `conta_tipo_asientos` (`id`)
) ENGINE=InnoDB AUTO_INCREMENT=395 DEFAULT CHARSET=utf8mb4 COLLATE=utf8mb4_unicode_ci;

--
-- Dumping data for table `cta_cte_cliente`
--

INSERT INTO `cta_cte_cliente` VALUES (1,7272,2,40719,40718,13,7,1,0,'2022-05-02','2022-05-02',10462.81,1,1.00,'Tique (Informe Diario Z) N°: 0002-00041265',NULL,'2022-07-05 17:55:42','2022-07-12 16:07:01','2022-07-12 16:07:01'),(2,7272,2,40720,40721,13,1522,1,0,'2022-05-02','2022-05-02',12660.00,1,1.00,'Tique (Informe Diario Z) N°: 0002-00041265',NULL,'2022-07-05 18:01:54','2022-07-05 18:01:54',NULL),(3,7272,2,40720,40721,13,1522,1,0,'2022-05-02','2022-05-02',12660.00,1,1.00,'Tique (Informe Diario Z) N°: 0002-00041266',NULL,'2022-07-05 18:03:01','2022-07-05 18:08:19','2022-07-05 18:08:19'),(4,7272,2,40720,40721,13,1522,1,0,'2022-05-03','2022-05-03',15134.00,1,1.00,'Tique (Informe Diario Z) N°: 0002-00041292',NULL,'2022-07-05 18:03:55','2022-07-05 18:03:55',NULL),(5,7272,2,40720,40721,13,1522,1,0,'2022-05-04','2022-05-04',15670.00,1,1.00,'Tique (Informe Diario Z) N°: 0002-00041321',NULL,'2022-07-05 18:04:53','2022-07-05 18:04:53',NULL),(6,7272,2,40720,40721,13,1522,1,0,'2022-05-05','2022-05-05',14670.00,1,1.00,'Tique (Informe Diario Z) N°: 0002-00041342',NULL,'2022-07-05 18:05:35','2022-07-05 18:05:35',NULL),(7,7272,2,40720,40721,13,1522,1,0,'2022-05-07','2022-05-07',18090.00,1,1.00,'Tique (Informe Diario Z) N°: 0002-00041368',NULL,'2022-07-05 18:06:24','2022-07-05 18:06:24',NULL),(8,7272,2,40720,40721,13,1522,1,0,'2022-05-09','2022-05-09',18010.00,1,1.00,'Tique (Informe Diario Z) N°: 0002-00041434',NULL,'2022-07-05 18:06:58','2022-07-05 18:06:58',NULL),(9,7272,2,40722,40723,13,3034,1,0,'2022-01-07','2022-01-07',6043.95,1,1.00,'Factura A N°: 0002-00001346',NULL,'2022-07-05 22:59:23','2022-07-05 22:59:23',NULL),(10,7272,2,40722,40723,13,3034,1,0,'2022-01-07','2022-01-07',6043.95,1,1.00,'Factura A N°: 0002-00001347',NULL,'2022-07-05 22:59:23','2022-07-05 22:59:23',NULL),(11,7272,2,40722,40724,13,3034,1,0,'2022-01-07','2022-01-07',82282.42,1,1.00,'Factura A N°: 0002-00001348',NULL,'2022-07-05 22:59:23','2022-07-05 22:59:23',NULL),(12,7272,2,40722,40724,13,3034,1,0,'2022-01-14','2022-01-14',109081.50,1,1.00,'Factura A N°: 0002-00001349',NULL,'2022-07-05 22:59:23','2022-07-05 22:59:23',NULL),(13,7272,2,40722,40725,13,3034,1,0,'2022-01-17','2022-01-17',10926.30,1,1.00,'Factura A N°: 0002-00001350',NULL,'2022-07-05 22:59:23','2022-07-05 22:59:23',NULL),(14,7272,2,40722,40723,13,3034,1,0,'2022-01-25','2022-01-25',89540.00,1,1.00,'Factura A N°: 0002-00001351',NULL,'2022-07-05 22:59:23','2022-07-05 22:59:23',NULL),(15,7272,2,40722,40724,13,3034,1,0,'2022-01-31','2022-01-31',91234.00,1,1.00,'Factura A N°: 0002-00001352',NULL,'2022-07-05 22:59:23','2022-07-05 22:59:23',NULL),(16,7272,3,40722,40726,57,3034,2,0,'2022-01-02','2022-01-02',2168.77,1,1.00,'Factura A N°: 2061-00012574',NULL,'2022-07-06 00:35:01','2022-07-06 00:35:01',NULL),(17,7272,3,40722,40726,57,3034,2,0,'2022-01-03','2022-01-03',844.53,1,1.00,'Factura B N°: 2061-02507011',NULL,'2022-07-06 00:35:01','2022-07-06 00:35:01',NULL),(18,7272,3,40722,40726,57,3034,2,0,'2022-01-03','2022-01-03',1546.71,1,1.00,'Factura A N°: 2061-00012575',NULL,'2022-07-06 00:35:01','2022-07-06 00:35:01',NULL),(19,7272,3,40722,40726,57,3034,2,0,'2022-01-05','2022-01-05',1443.08,1,1.00,'Factura A N°: 2061-00012608',NULL,'2022-07-06 00:35:01','2022-07-06 00:35:01',NULL),(20,7272,3,40722,40727,57,3034,2,0,'2022-01-06','2022-01-06',903.93,1,1.00,'Factura A N°: 2031-00025840',NULL,'2022-07-06 00:35:01','2022-07-06 00:35:01',NULL),(21,7272,3,40722,40726,57,3034,2,0,'2022-01-07','2022-01-07',71.15,1,1.00,'Factura B N°: 2061-02515071',NULL,'2022-07-06 00:35:01','2022-07-06 00:35:01',NULL),(22,7272,3,40722,40728,57,3034,2,0,'2022-01-07','2022-01-07',2747.19,1,1.00,'Factura A N°: 2465-00605022',NULL,'2022-07-06 00:35:01','2022-07-06 00:35:01',NULL),(23,7272,3,40722,40727,57,3034,2,0,'2022-01-07','2022-01-07',453.94,1,1.00,'Factura A N°: 2003-00014828',NULL,'2022-07-06 00:35:02','2022-07-06 00:35:02',NULL);
INSERT INTO `cta_cte_cliente` VALUES (24,7272,3,40722,40726,57,3034,2,0,'2022-01-09','2022-01-09',1947.58,1,1.00,'Factura A N°: 2061-00012643',NULL,'2022-07-06 00:35:02','2022-07-06 00:35:02',NULL),(25,7272,3,40722,40726,57,3034,2,0,'2022-01-10','2022-01-10',218.23,1,1.00,'Factura B N°: 2061-02522362',NULL,'2022-07-06 00:35:02','2022-07-06 00:35:02',NULL),(26,7272,3,40722,40726,57,3034,2,0,'2022-01-12','2022-01-12',1588.84,1,1.00,'Factura B N°: 2061-02526813',NULL,'2022-07-06 00:35:02','2022-07-06 00:35:02',NULL),(27,7272,3,40722,40729,57,3034,2,0,'2022-01-12','2022-01-12',3045.65,1,1.00,'Factura A N°: 0949-01700506',NULL,'2022-07-06 00:35:02','2022-07-06 00:35:02',NULL),(28,7272,3,40722,40726,57,3034,2,0,'2022-01-12','2022-01-12',1305.32,1,1.00,'Factura A N°: 2061-00012679',NULL,'2022-07-06 00:35:02','2022-07-06 00:35:02',NULL),(29,7272,3,40722,40726,57,3034,2,0,'2022-01-13','2022-01-13',1299.82,1,1.00,'Factura A N°: 2061-00012684',NULL,'2022-07-06 00:35:02','2022-07-06 00:35:02',NULL),(30,7272,3,40722,40726,57,3034,2,0,'2022-01-13','2022-01-13',809.61,1,1.00,'Factura A N°: 2061-00012686',NULL,'2022-07-06 00:35:02','2022-07-06 00:35:02',NULL),(31,7272,3,40722,40726,57,3034,2,0,'2022-01-14','2022-01-14',706.73,1,1.00,'Factura B N°: 2061-02530103',NULL,'2022-07-06 00:35:02','2022-07-06 00:35:02',NULL),(32,7272,3,40722,40730,57,3034,2,0,'2022-01-14','2022-01-14',1511.65,1,1.00,'Factura A N°: 10232-00000091',NULL,'2022-07-06 00:35:02','2022-07-06 00:35:02',NULL),(33,7272,3,40722,40726,57,3034,2,0,'2022-01-16','2022-01-16',1249.99,1,1.00,'Factura A N°: 2061-00012720',NULL,'2022-07-06 00:35:02','2022-07-06 00:35:02',NULL),(34,7272,3,40722,40726,57,3034,2,0,'2022-01-17','2022-01-17',1030.34,1,1.00,'Factura A N°: 2061-00012732',NULL,'2022-07-06 00:35:02','2022-07-06 00:35:02',NULL),(35,7272,3,40722,40731,57,3034,2,0,'2022-01-18','2022-01-18',2802.00,1,1.00,'Factura A N°: 0003-00024389',NULL,'2022-07-06 00:35:02','2022-07-06 00:35:02',NULL),(36,7272,3,40722,40732,57,3034,2,0,'2022-01-19','2022-01-19',71734.51,1,1.00,'Factura A N°: 14459-00000209',NULL,'2022-07-06 00:35:02','2022-07-06 00:35:02',NULL),(37,7272,3,40722,40733,57,3034,2,0,'2022-01-19','2022-01-19',5049.14,1,1.00,'Factura A N°: 6723-03324565',NULL,'2022-07-06 00:35:02','2022-07-06 00:35:02',NULL),(38,7272,3,40722,40726,57,3034,2,0,'2022-01-20','2022-01-20',507.58,1,1.00,'Factura B N°: 2061-02544536',NULL,'2022-07-06 00:35:02','2022-07-06 00:35:02',NULL),(39,7272,3,40722,40734,57,3034,2,0,'2022-01-20','2022-01-20',18150.00,1,1.00,'Factura A N°: 0005-00003162',NULL,'2022-07-06 00:35:02','2022-07-06 00:35:02',NULL),(40,7272,3,40722,40735,57,3034,2,0,'2022-01-20','2022-01-20',1346.40,1,1.00,'Factura A N°: 12361-00000057',NULL,'2022-07-06 00:35:02','2022-07-06 00:35:02',NULL),(41,7272,3,40722,40726,57,3034,2,0,'2022-01-20','2022-01-20',1597.53,1,1.00,'Factura A N°: 2061-00012773',NULL,'2022-07-06 00:35:02','2022-07-06 00:35:02',NULL),(42,7272,3,40722,40726,57,3034,2,0,'2022-01-21','2022-01-21',1501.34,1,1.00,'Factura A N°: 2061-00012790',NULL,'2022-07-06 00:35:02','2022-07-06 00:35:02',NULL),(43,7272,3,40722,40726,57,3034,1,0,'2022-01-21','2022-01-21',1501.34,1,1.00,'Nota de crédito A N°: 2061-00000195',NULL,'2022-07-06 00:35:02','2022-07-06 00:35:02',NULL),(44,7272,3,40722,40726,57,3034,2,0,'2022-01-21','2022-01-21',1501.34,1,1.00,'Factura A N°: 4515-00000012',NULL,'2022-07-06 00:35:02','2022-07-06 00:35:02',NULL),(45,7272,3,40722,40730,57,3034,2,0,'2022-01-22','2022-01-22',2506.70,1,1.00,'Factura A N°: 10634-00000127',NULL,'2022-07-06 00:35:02','2022-07-06 00:35:02',NULL),(46,7272,3,40722,40726,57,3034,2,0,'2022-01-23','2022-01-23',637.68,1,1.00,'Factura A N°: 2061-00012815',NULL,'2022-07-06 00:35:02','2022-07-06 00:35:02',NULL),(47,7272,3,40722,40726,57,3034,2,0,'2022-01-24','2022-01-24',982.28,1,1.00,'Factura A N°: 2061-00012823',NULL,'2022-07-06 00:35:02','2022-07-06 00:35:02',NULL);
INSERT INTO `cta_cte_cliente` VALUES (48,7272,3,40722,40727,57,3034,2,0,'2022-01-24','2022-01-24',591.33,1,1.00,'Factura A N°: 2031-00027355',NULL,'2022-07-06 00:35:02','2022-07-06 00:35:02',NULL),(49,7272,3,40722,40726,57,3034,2,0,'2022-01-25','2022-01-25',275.82,1,1.00,'Factura B N°: 2061-02556083',NULL,'2022-07-06 00:35:02','2022-07-06 00:35:02',NULL),(50,7272,3,40722,40726,57,3034,2,0,'2022-01-26','2022-01-26',1016.35,1,1.00,'Factura A N°: 2061-00012846',NULL,'2022-07-06 00:35:03','2022-07-06 00:35:03',NULL),(51,7272,3,40722,40726,57,3034,2,0,'2022-01-26','2022-01-26',930.61,1,1.00,'Factura A N°: 2061-00012856',NULL,'2022-07-06 00:35:03','2022-07-06 00:35:03',NULL),(52,7272,3,40722,40726,57,3034,2,0,'2022-01-27','2022-01-27',806.49,1,1.00,'Factura A N°: 2061-00012865',NULL,'2022-07-06 00:35:03','2022-07-06 00:35:03',NULL),(53,7272,3,40722,40726,57,3034,2,0,'2022-01-28','2022-01-28',220.82,1,1.00,'Factura B N°: 2061-02562707',NULL,'2022-07-06 00:35:03','2022-07-06 00:35:03',NULL),(54,7272,3,40722,40719,57,3034,2,0,'2022-01-28','2022-01-28',7000.00,1,1.00,'RECIBO C N°: 0002-00000180',NULL,'2022-07-06 00:35:03','2022-07-06 00:35:03',NULL),(55,7272,3,40722,40735,57,3034,2,0,'2022-01-28','2022-01-28',1823.19,1,1.00,'Factura A N°: 12357-00000046',NULL,'2022-07-06 00:35:03','2022-07-06 00:35:03',NULL),(56,7272,3,40722,40736,57,3034,2,0,'2022-01-28','2022-01-28',2324.68,1,1.00,'Factura A N°: 0003-00000342',NULL,'2022-07-06 00:35:03','2022-07-06 00:35:03',NULL),(57,7272,3,40722,40737,57,3034,2,0,'2022-01-28','2022-01-28',899.00,1,1.00,'Factura A N°: 0005-00036197',NULL,'2022-07-06 00:35:03','2022-07-06 00:35:03',NULL),(58,7272,3,40722,40726,57,3034,2,0,'2022-01-29','2022-01-29',1976.19,1,1.00,'Factura A N°: 2061-00012880',NULL,'2022-07-06 00:35:03','2022-07-06 00:35:03',NULL),(59,7272,3,40722,40738,57,3034,2,0,'2022-01-29','2022-01-29',2668.99,1,1.00,'Factura A N°: 0001-00001158',NULL,'2022-07-06 00:35:03','2022-07-06 00:35:03',NULL),(60,7272,3,40722,40735,57,3034,2,0,'2022-01-30','2022-01-30',995.91,1,1.00,'Factura A N°: 12359-00000027',NULL,'2022-07-06 00:35:03','2022-07-06 00:35:03',NULL),(61,7272,3,40722,40726,57,3034,2,0,'2022-01-30','2022-01-30',2243.23,1,1.00,'Factura A N°: 4181-00052950',NULL,'2022-07-06 00:35:03','2022-07-06 00:35:03',NULL),(62,7272,3,40722,40726,57,3034,2,0,'2022-01-31','2022-01-31',1327.16,1,1.00,'Factura A N°: 2061-00012916',NULL,'2022-07-06 00:35:03','2022-07-06 00:35:03',NULL),(63,7272,3,40722,40739,57,3034,2,0,'2022-01-31','2022-01-31',37055.38,1,1.00,'Factura A N°: 0011-00614491',NULL,'2022-07-06 00:35:03','2022-07-06 00:35:03',NULL),(64,7272,3,40722,40739,57,3034,1,0,'2022-01-31','2022-01-31',742.38,1,1.00,'Nota de crédito A N°: 0011-00483034',NULL,'2022-07-06 00:35:03','2022-07-06 00:35:03',NULL),(65,7272,3,40740,40741,57,4554,2,0,'2022-05-01','2022-05-01',2000.00,1,1.00,'Factura B N°: 0002-00007428',NULL,'2022-07-06 01:03:37','2022-07-06 01:03:37',NULL),(66,7272,3,40740,40741,57,4554,2,0,'2022-05-01','2022-05-01',68280.00,1,1.00,'Factura A N°: 0002-00001474',NULL,'2022-07-06 01:03:37','2022-07-06 01:03:37',NULL),(67,7272,3,40740,40742,57,4554,2,0,'2022-05-03','2022-05-03',16723.40,1,1.00,'Factura B N°: 2747-00002265',NULL,'2022-07-06 01:03:37','2022-07-06 01:03:37',NULL),(68,7272,3,40740,40743,57,4554,2,0,'2022-05-03','2022-05-03',28000.00,1,1.00,'Factura C N°: 0003-00000150',NULL,'2022-07-06 01:03:37','2022-07-06 01:03:37',NULL),(69,7272,3,40740,40744,57,4554,2,0,'2022-05-03','2022-05-03',8355.36,1,1.00,'Factura A N°: 0011-00007271',NULL,'2022-07-06 01:03:37','2022-07-06 01:03:37',NULL),(70,7272,3,40740,40745,57,4554,2,0,'2022-05-04','2022-05-04',1100.00,1,1.00,'Factura A N°: 0004-00000209',NULL,'2022-07-06 01:03:37','2022-07-06 01:03:37',NULL),(71,7272,3,40740,40746,57,4554,2,0,'2022-05-07','2022-05-07',10000.00,1,1.00,'Factura A N°: 0008-00000252',NULL,'2022-07-06 01:03:37','2022-07-06 01:03:37',NULL);
INSERT INTO `cta_cte_cliente` VALUES (72,7272,3,40740,40747,57,4554,2,0,'2022-05-08','2022-05-08',1299.00,1,1.00,'Factura A N°: 2082-00000060',NULL,'2022-07-06 01:03:37','2022-07-06 01:03:37',NULL),(73,7272,3,40740,40748,57,4554,2,0,'2022-05-08','2022-05-08',2000.00,1,1.00,'Factura A N°: 0004-00005429',NULL,'2022-07-06 01:03:37','2022-07-06 01:03:37',NULL),(74,7272,3,40740,40749,57,4554,2,0,'2022-05-09','2022-05-09',50500.00,1,1.00,'Factura A N°: 0003-00000048',NULL,'2022-07-06 01:03:37','2022-07-06 01:03:37',NULL),(75,7272,3,40740,40750,57,4554,2,0,'2022-05-09','2022-05-09',1830.08,1,1.00,'Factura A N°: 0003-00000497',NULL,'2022-07-06 01:03:37','2022-07-06 01:03:37',NULL),(76,7272,3,40740,40745,57,4554,2,0,'2022-05-10','2022-05-10',2200.00,1,1.00,'Factura A N°: 0004-00000210',NULL,'2022-07-06 01:03:37','2022-07-06 01:03:37',NULL),(77,7272,3,40740,40735,57,4554,2,0,'2022-05-11','2022-05-11',1791.07,1,1.00,'Factura A N°: 8257-00004698',NULL,'2022-07-06 01:03:37','2022-07-06 01:03:37',NULL),(78,7272,3,40740,40751,57,4554,2,0,'2022-05-11','2022-05-11',10673.41,1,1.00,'Factura A N°: 0050-00012536',NULL,'2022-07-06 01:03:37','2022-07-06 01:03:37',NULL),(79,7272,3,40740,40752,57,4554,2,0,'2022-05-12','2022-05-12',3500.00,1,1.00,'Factura A N°: 2962-00000008',NULL,'2022-07-06 01:03:38','2022-07-06 01:03:38',NULL),(80,7272,3,40740,40753,57,4554,2,0,'2022-05-13','2022-05-13',12383.45,1,1.00,'Factura A N°: 0006-00003509',NULL,'2022-07-06 01:03:38','2022-07-06 01:03:38',NULL),(81,7272,3,40740,40735,57,4554,1,0,'2022-05-13','2022-05-13',20.58,1,1.00,'Nota de crédito A N°: 8369-00001080',NULL,'2022-07-06 01:03:38','2022-07-06 01:03:38',NULL),(82,7272,3,40740,40735,57,4554,2,0,'2022-05-13','2022-05-13',14198.60,1,1.00,'Factura A N°: 8364-00000028',NULL,'2022-07-06 01:03:38','2022-07-06 01:03:38',NULL),(83,7272,3,40740,40753,57,4554,2,0,'2022-05-14','2022-05-14',4944.50,1,1.00,'Factura A N°: 0006-00003513',NULL,'2022-07-06 01:03:38','2022-07-06 01:03:38',NULL),(84,7272,3,40740,40754,57,4554,2,0,'2022-05-14','2022-05-14',3160.00,1,1.00,'Factura A N°: 0006-00000207',NULL,'2022-07-06 01:03:38','2022-07-06 01:03:38',NULL),(85,7272,3,40740,40733,57,4554,2,0,'2022-05-15','2022-05-15',2155.00,1,1.00,'Factura A N°: 6723-03971176',NULL,'2022-07-06 01:03:38','2022-07-06 01:03:38',NULL),(86,7272,3,40740,40755,57,4554,2,0,'2022-05-17','2022-05-17',8000.00,1,1.00,'Factura A N°: 0002-00000014',NULL,'2022-07-06 01:03:38','2022-07-06 01:03:38',NULL),(87,7272,3,40740,40745,57,4554,2,0,'2022-05-17','2022-05-17',2200.00,1,1.00,'Factura A N°: 0004-00000212',NULL,'2022-07-06 01:03:38','2022-07-06 01:03:38',NULL),(88,7272,3,40740,40756,57,4554,2,0,'2022-05-17','2022-05-17',7350.00,1,1.00,'Factura A N°: 0005-00000147',NULL,'2022-07-06 01:03:38','2022-07-06 01:03:38',NULL),(89,7272,3,40740,40719,57,4554,2,0,'2022-05-19','2022-05-19',8000.00,1,1.00,'RECIBO C N°: 0002-00000196',NULL,'2022-07-06 01:03:38','2022-07-06 01:03:38',NULL),(90,7272,3,40740,40757,57,4554,2,0,'2022-05-19','2022-05-19',3464.93,1,1.00,'Factura A N°: 0386-00004251',NULL,'2022-07-06 01:03:38','2022-07-06 01:03:38',NULL),(91,7272,3,40740,40758,57,4554,2,0,'2022-05-20','2022-05-20',5704.00,1,1.00,'Factura A N°: 0121-00051796',NULL,'2022-07-06 01:03:38','2022-07-06 01:03:38',NULL),(92,7272,3,40740,40759,57,4554,2,0,'2022-05-23','2022-05-23',135.00,1,1.00,'Factura B N°: 0700-04426992',NULL,'2022-07-06 01:03:38','2022-07-06 01:03:38',NULL),(93,7272,3,40740,40760,57,4554,2,0,'2022-05-23','2022-05-23',22000.00,1,1.00,'Factura C N°: 0002-00000030',NULL,'2022-07-06 01:03:38','2022-07-06 01:03:38',NULL),(94,7272,3,40740,40761,57,4554,2,0,'2022-05-23','2022-05-23',1900.00,1,1.00,'Factura A N°: 0005-00001064',NULL,'2022-07-06 01:03:38','2022-07-06 01:03:38',NULL),(95,7272,3,40740,40755,57,4554,2,0,'2022-05-23','2022-05-23',240000.00,1,1.00,'Factura A N°: 0002-00000015',NULL,'2022-07-06 01:03:38','2022-07-06 01:03:38',NULL);
INSERT INTO `cta_cte_cliente` VALUES (96,7272,3,40740,40762,57,4554,2,0,'2022-05-23','2022-05-23',8000.00,1,1.00,'Factura C N°: 0002-00000040',NULL,'2022-07-06 01:03:38','2022-07-06 01:03:38',NULL),(97,7272,3,40740,40745,57,4554,2,0,'2022-05-26','2022-05-26',1100.00,1,1.00,'Factura A N°: 0004-00000213',NULL,'2022-07-06 01:03:38','2022-07-06 01:03:38',NULL),(98,7272,3,40740,40763,57,4554,2,0,'2022-05-26','2022-05-26',604.00,1,1.00,'Factura A N°: 0004-00006954',NULL,'2022-07-06 01:03:38','2022-07-06 01:03:38',NULL),(99,7272,3,40740,40764,57,4554,2,0,'2022-05-27','2022-05-27',2440.03,1,1.00,'Factura A N°: 0003-00000083',NULL,'2022-07-06 01:03:38','2022-07-06 01:03:38',NULL),(100,7272,3,40740,40765,57,4554,2,0,'2022-05-29','2022-05-29',4000.00,1,1.00,'Factura A N°: 0003-00005519',NULL,'2022-07-06 01:03:38','2022-07-06 01:03:38',NULL),(101,7272,3,40740,40766,57,4554,2,0,'2022-05-31','2022-05-31',7767.24,1,1.00,'Factura A N°: 5320-00007598',NULL,'2022-07-06 01:13:55','2022-07-06 01:13:55',NULL),(102,7272,3,40740,40767,57,4554,2,0,'2022-05-31','2022-05-31',1830.00,1,1.00,'Factura A N°: 0008-00030215',NULL,'2022-07-06 01:15:15','2022-07-06 01:15:15',NULL),(103,7272,3,40740,40768,57,4554,2,0,'2022-05-16','2022-05-16',9274.99,1,1.00,'Factura A N°: 0001-00005543',NULL,'2022-07-06 01:21:04','2022-07-06 01:21:04',NULL),(104,7272,3,40720,40769,57,1523,2,0,'2022-06-01','2022-06-01',13977.10,1,1.00,'Factura A N°: 0002-00218315',NULL,'2022-07-11 19:51:47','2022-07-11 19:51:47',NULL),(105,7272,3,40720,40770,57,1523,2,0,'2022-06-01','2022-06-01',191.53,1,1.00,'Factura A N°: 8190-13315118',NULL,'2022-07-11 19:51:47','2022-07-11 19:51:47',NULL),(106,7272,3,40720,40771,57,1523,2,0,'2022-06-02','2022-06-02',5481.54,1,1.00,'Factura A N°: 0003-00027756',NULL,'2022-07-11 19:51:47','2022-07-11 19:51:47',NULL),(107,7272,3,40720,40772,57,1523,2,0,'2022-06-02','2022-06-02',6108.71,1,1.00,'Factura A N°: 0003-00024543',NULL,'2022-07-11 19:51:47','2022-07-11 19:51:47',NULL),(108,7272,3,40720,40773,57,1523,2,0,'2022-06-02','2022-06-02',8511.30,1,1.00,'Factura A N°: 0228-02570473',NULL,'2022-07-11 19:51:47','2022-07-11 19:51:47',NULL),(109,7272,3,40720,40774,57,1523,2,0,'2022-06-02','2022-06-02',7747.12,1,1.00,'Factura A N°: 9407-04714828',NULL,'2022-07-11 19:51:47','2022-07-11 19:51:47',NULL),(110,7272,3,40720,40775,57,1523,2,0,'2022-06-02','2022-06-02',6064.08,1,1.00,'Factura A N°: 0002-00026955',NULL,'2022-07-11 19:51:47','2022-07-11 19:51:47',NULL),(111,7272,3,40720,40776,57,1523,2,0,'2022-06-03','2022-06-03',2287.33,1,1.00,'Factura A N°: 0027-00572305',NULL,'2022-07-11 19:51:47','2022-07-11 19:51:47',NULL),(112,7272,3,40720,40777,57,1523,2,0,'2022-06-03','2022-06-03',4160.46,1,1.00,'Factura A N°: 1229-05296695',NULL,'2022-07-11 19:51:47','2022-07-11 19:51:47',NULL),(113,7272,3,40720,40770,57,1523,2,0,'2022-06-03','2022-06-03',13041.64,1,1.00,'Factura A N°: 8190-13333054',NULL,'2022-07-11 19:51:47','2022-07-11 19:51:47',NULL),(114,7272,3,40720,40778,57,1523,2,0,'2022-06-03','2022-06-03',1600.14,1,1.00,'Factura A N°: 5002-01312146',NULL,'2022-07-11 19:51:47','2022-07-11 19:51:47',NULL),(115,7272,3,40720,40779,57,1523,2,0,'2022-06-03','2022-06-03',1543.25,1,1.00,'Factura A N°: 0002-00316394',NULL,'2022-07-11 19:51:47','2022-07-11 19:51:47',NULL),(116,7272,3,40720,40780,57,1523,2,0,'2022-06-04','2022-06-04',8168.51,1,1.00,'Factura A N°: 0618-02439692',NULL,'2022-07-11 19:51:47','2022-07-11 19:51:47',NULL),(117,7272,3,40720,40781,57,1523,2,0,'2022-06-06','2022-06-06',6952.58,1,1.00,'Factura A N°: 0001-00020483',NULL,'2022-07-11 19:51:47','2022-07-11 19:51:47',NULL),(118,7272,3,40720,40782,57,1523,2,0,'2022-06-06','2022-06-06',2760.88,1,1.00,'Factura A N°: 0002-00255549',NULL,'2022-07-11 19:51:47','2022-07-11 19:51:47',NULL),(119,7272,3,40720,40770,57,1523,2,0,'2022-06-06','2022-06-06',9855.17,1,1.00,'Factura A N°: 8190-13346816',NULL,'2022-07-11 19:51:47','2022-07-11 19:51:47',NULL);
INSERT INTO `cta_cte_cliente` VALUES (120,7272,3,40720,40771,57,1523,2,0,'2022-06-06','2022-06-06',1799.88,1,1.00,'Factura A N°: 0003-00027848',NULL,'2022-07-11 19:51:48','2022-07-11 19:51:48',NULL),(121,7272,3,40720,40783,57,1523,2,0,'2022-06-06','2022-06-06',5160.00,1,1.00,'Factura A N°: 0002-00066104',NULL,'2022-07-11 19:51:48','2022-07-11 19:51:48',NULL),(122,7272,3,40720,40784,57,1523,2,0,'2022-06-06','2022-06-06',9542.62,1,1.00,'Factura A N°: 0002-00071839',NULL,'2022-07-11 19:51:48','2022-07-11 19:51:48',NULL),(123,7272,3,40720,40785,57,1523,2,0,'2022-06-06','2022-06-06',4624.75,1,1.00,'Factura A N°: 0004-00043534',NULL,'2022-07-11 19:51:48','2022-07-11 19:51:48',NULL),(124,7272,3,40720,40779,57,1523,2,0,'2022-06-07','2022-06-07',1577.94,1,1.00,'Factura A N°: 0002-00316917',NULL,'2022-07-11 19:51:48','2022-07-11 19:51:48',NULL),(125,7272,3,40720,40770,57,1523,2,0,'2022-06-08','2022-06-08',66.03,1,1.00,'Factura A N°: 8190-13364493',NULL,'2022-07-11 19:51:48','2022-07-11 19:51:48',NULL),(126,7272,3,40720,40771,57,1523,2,0,'2022-06-09','2022-06-09',4209.59,1,1.00,'Factura A N°: 0003-00027928',NULL,'2022-07-11 19:51:48','2022-07-11 19:51:48',NULL),(127,7272,3,40720,40786,57,1523,2,0,'2022-06-09','2022-06-09',7684.92,1,1.00,'Factura A N°: 0003-00096975',NULL,'2022-07-11 19:51:48','2022-07-11 19:51:48',NULL),(128,7272,3,40720,40774,57,1523,2,0,'2022-06-09','2022-06-09',9187.85,1,1.00,'Factura A N°: 9407-04724498',NULL,'2022-07-11 19:51:48','2022-07-11 19:51:48',NULL),(129,7272,3,40720,40787,57,1523,2,0,'2022-06-09','2022-06-09',3837.60,1,1.00,'Factura A N°: 0007-00003195',NULL,'2022-07-11 19:51:48','2022-07-11 19:51:48',NULL),(130,7272,3,40720,40778,57,1523,2,0,'2022-06-10','2022-06-10',1514.70,1,1.00,'Factura A N°: 5002-01317593',NULL,'2022-07-11 19:51:48','2022-07-11 19:51:48',NULL),(131,7272,3,40720,40770,57,1523,2,0,'2022-06-10','2022-06-10',9872.50,1,1.00,'Factura A N°: 8190-13383607',NULL,'2022-07-11 19:51:48','2022-07-11 19:51:48',NULL),(132,7272,3,40720,40779,57,1523,2,0,'2022-06-10','2022-06-10',1563.70,1,1.00,'Factura A N°: 0002-00317797',NULL,'2022-07-11 19:51:48','2022-07-11 19:51:48',NULL),(133,7272,3,40720,40780,57,1523,1,0,'2022-06-11','2022-06-11',413.68,1,1.00,'Nota de crédito A N°: 0618-00177760',NULL,'2022-07-11 19:51:48','2022-07-11 19:51:48',NULL),(134,7272,3,40720,40780,57,1523,2,0,'2022-06-11','2022-06-11',6763.27,1,1.00,'Factura A N°: 0618-02444071',NULL,'2022-07-11 19:51:48','2022-07-11 19:51:48',NULL),(135,7272,3,40720,40781,57,1523,2,0,'2022-06-13','2022-06-13',5665.85,1,1.00,'Factura A N°: 0001-00021460',NULL,'2022-07-11 19:51:48','2022-07-11 19:51:48',NULL),(136,7272,3,40720,40771,57,1523,2,0,'2022-06-13','2022-06-13',2120.16,1,1.00,'Factura A N°: 0003-00028018',NULL,'2022-07-11 19:51:48','2022-07-11 19:51:48',NULL),(137,7272,3,40720,40770,57,1523,2,0,'2022-06-13','2022-06-13',4245.96,1,1.00,'Factura A N°: 8190-13396647',NULL,'2022-07-11 19:51:48','2022-07-11 19:51:48',NULL),(138,7272,3,40720,40782,57,1523,2,0,'2022-06-13','2022-06-13',1582.32,1,1.00,'Factura A N°: 0002-00256901',NULL,'2022-07-11 19:51:48','2022-07-11 19:51:48',NULL),(139,7272,3,40720,40788,57,1523,2,0,'2022-06-13','2022-06-13',1440.80,1,1.00,'Factura A N°: 0294-00757046',NULL,'2022-07-11 19:51:48','2022-07-11 19:51:48',NULL),(140,7272,3,40720,40777,57,1523,2,0,'2022-06-14','2022-06-14',948.43,1,1.00,'Factura A N°: 1229-05306813',NULL,'2022-07-11 19:51:48','2022-07-11 19:51:48',NULL),(141,7272,3,40720,40789,57,1523,2,0,'2022-06-14','2022-06-14',2564.46,1,1.00,'Factura A N°: 0007-00081012',NULL,'2022-07-11 19:51:48','2022-07-11 19:51:48',NULL),(142,7272,3,40720,40779,57,1523,2,0,'2022-06-14','2022-06-14',2491.10,1,1.00,'Factura A N°: 0002-00318273',NULL,'2022-07-11 19:51:48','2022-07-11 19:51:48',NULL),(143,7272,3,40720,40769,57,1523,2,0,'2022-06-15','2022-06-15',6228.83,1,1.00,'Factura A N°: 0002-00225283',NULL,'2022-07-11 19:51:48','2022-07-11 19:51:48',NULL);
INSERT INTO `cta_cte_cliente` VALUES (144,7272,3,40720,40770,57,1523,2,0,'2022-06-15','2022-06-15',12926.79,1,1.00,'Factura A N°: 8190-13415655',NULL,'2022-07-11 19:51:48','2022-07-11 19:51:48',NULL),(145,7272,3,40720,40780,57,1523,2,0,'2022-06-15','2022-06-15',8416.91,1,1.00,'Factura A N°: 0618-02445882',NULL,'2022-07-11 19:51:48','2022-07-11 19:51:48',NULL),(146,7272,3,40720,40775,57,1523,2,0,'2022-06-15','2022-06-15',6174.61,1,1.00,'Factura A N°: 0002-00029293',NULL,'2022-07-11 19:51:48','2022-07-11 19:51:48',NULL),(147,7272,3,40720,40719,57,1523,2,0,'2022-06-16','2022-06-16',9500.00,1,1.00,'RECIBO C N°: 0002-00000197',NULL,'2022-07-11 19:51:48','2022-07-11 19:51:48',NULL),(148,7272,3,40720,40773,57,1523,2,0,'2022-06-16','2022-06-16',2148.53,1,1.00,'Factura A N°: 0228-02579730',NULL,'2022-07-11 19:51:48','2022-07-11 19:51:48',NULL),(149,7272,3,40720,40774,57,1523,2,0,'2022-06-16','2022-06-16',7151.86,1,1.00,'Factura A N°: 9407-04734296',NULL,'2022-07-11 19:51:48','2022-07-11 19:51:48',NULL),(150,7272,3,40720,40790,57,1523,2,0,'2022-06-17','2022-06-17',733.42,1,1.00,'Factura B N°: 5008-00426539',NULL,'2022-07-11 19:51:49','2022-07-11 19:51:49',NULL),(151,7272,3,40720,40770,57,1523,2,0,'2022-06-17','2022-06-17',6054.21,1,1.00,'Factura A N°: 8190-13434815',NULL,'2022-07-11 19:51:49','2022-07-11 19:51:49',NULL),(152,7272,3,40720,40771,57,1523,2,0,'2022-06-20','2022-06-20',2063.78,1,1.00,'Factura A N°: 0003-00028170',NULL,'2022-07-11 19:51:49','2022-07-11 19:51:49',NULL),(153,7272,3,40720,40781,57,1523,2,0,'2022-06-21','2022-06-21',6291.81,1,1.00,'Factura A N°: 0001-00022194',NULL,'2022-07-11 19:51:49','2022-07-11 19:51:49',NULL),(154,7272,3,40720,40769,57,1523,2,0,'2022-06-22','2022-06-22',2561.55,1,1.00,'Factura A N°: 0002-00227607',NULL,'2022-07-11 19:51:49','2022-07-11 19:51:49',NULL),(155,7272,3,40720,40770,57,1523,2,0,'2022-06-22','2022-06-22',5460.14,1,1.00,'Factura A N°: 8190-13457880',NULL,'2022-07-11 19:51:49','2022-07-11 19:51:49',NULL),(156,7272,3,40720,40779,57,1523,2,0,'2022-06-22','2022-06-22',1344.38,1,1.00,'Factura A N°: 0002-00319529',NULL,'2022-07-11 19:51:49','2022-07-11 19:51:49',NULL),(157,7272,3,40720,40771,57,1523,2,0,'2022-06-23','2022-06-23',3671.87,1,1.00,'Factura A N°: 0003-00028242',NULL,'2022-07-11 19:51:49','2022-07-11 19:51:49',NULL),(158,7272,3,40720,40786,57,1523,2,0,'2022-06-23','2022-06-23',4751.14,1,1.00,'Factura A N°: 0003-00098252',NULL,'2022-07-11 19:51:49','2022-07-11 19:51:49',NULL),(159,7272,3,40720,40772,57,1523,2,0,'2022-06-23','2022-06-23',6373.32,1,1.00,'Factura A N°: 0003-00024854',NULL,'2022-07-11 19:51:49','2022-07-11 19:51:49',NULL),(160,7272,3,40720,40775,57,1523,2,0,'2022-06-23','2022-06-23',3469.49,1,1.00,'Factura A N°: 0002-00030460',NULL,'2022-07-11 19:51:49','2022-07-11 19:51:49',NULL),(161,7272,3,40720,40787,57,1523,2,0,'2022-06-23','2022-06-23',2445.92,1,1.00,'Factura A N°: 0007-00004243',NULL,'2022-07-11 19:51:49','2022-07-11 19:51:49',NULL),(162,7272,3,40720,40776,57,1523,2,0,'2022-06-24','2022-06-24',2582.47,1,1.00,'Factura A N°: 0027-00577083',NULL,'2022-07-11 19:51:49','2022-07-11 19:51:49',NULL),(163,7272,3,40720,40777,57,1523,2,0,'2022-06-24','2022-06-24',3327.32,1,1.00,'Factura A N°: 1229-05316202',NULL,'2022-07-11 19:51:49','2022-07-11 19:51:49',NULL),(164,7272,3,40720,40770,57,1523,2,0,'2022-06-24','2022-06-24',10234.38,1,1.00,'Factura A N°: 8190-13478126',NULL,'2022-07-11 19:51:49','2022-07-11 19:51:49',NULL),(165,7272,3,40720,40781,57,1523,2,0,'2022-06-27','2022-06-27',4114.47,1,1.00,'Factura A N°: 0001-00023055',NULL,'2022-07-11 19:51:49','2022-07-11 19:51:49',NULL),(166,7272,3,40720,40770,57,1523,2,0,'2022-06-27','2022-06-27',66.03,1,1.00,'Factura A N°: 8190-13491462',NULL,'2022-07-11 19:51:49','2022-07-11 19:51:49',NULL),(167,7272,3,40720,40770,57,1523,1,0,'2022-06-27','2022-06-27',376.43,1,1.00,'Nota de crédito A N°: 8190-01204084',NULL,'2022-07-11 19:51:49','2022-07-11 19:51:49',NULL);
INSERT INTO `cta_cte_cliente` VALUES (168,7272,3,40720,40771,57,1523,2,0,'2022-06-27','2022-06-27',2211.88,1,1.00,'Factura A N°: 0003-00028326',NULL,'2022-07-11 19:51:49','2022-07-11 19:51:49',NULL),(169,7272,3,40720,40782,57,1523,2,0,'2022-06-27','2022-06-27',3942.60,1,1.00,'Factura A N°: 0002-00259529',NULL,'2022-07-11 19:51:49','2022-07-11 19:51:49',NULL),(170,7272,3,40720,40788,57,1523,2,0,'2022-06-27','2022-06-27',8743.24,1,1.00,'Factura A N°: 0294-00758676',NULL,'2022-07-11 19:51:49','2022-07-11 19:51:49',NULL),(171,7272,3,40720,40780,57,1523,2,0,'2022-06-27','2022-06-27',6751.07,1,1.00,'Factura A N°: 0618-02451976',NULL,'2022-07-11 19:51:49','2022-07-11 19:51:49',NULL),(172,7272,3,40720,40779,57,1523,2,0,'2022-06-28','2022-06-28',2162.71,1,1.00,'Factura A N°: 0002-00320810',NULL,'2022-07-11 19:51:49','2022-07-11 19:51:49',NULL),(173,7272,3,40720,40769,57,1523,2,0,'2022-06-29','2022-06-29',5219.18,1,1.00,'Factura A N°: 0002-00231065',NULL,'2022-07-11 19:51:49','2022-07-11 19:51:49',NULL),(174,7272,3,40720,40791,57,1523,2,0,'2022-06-29','2022-06-29',1921.86,1,1.00,'Factura A N°: 0025-00772581',NULL,'2022-07-11 19:51:49','2022-07-11 19:51:49',NULL),(175,7272,3,40720,40770,57,1523,2,0,'2022-06-29','2022-06-29',4315.92,1,1.00,'Factura A N°: 8190-13509677',NULL,'2022-07-11 19:51:49','2022-07-11 19:51:49',NULL),(176,7272,3,40720,40792,57,1523,2,0,'2022-06-30','2022-06-30',3628.63,1,1.00,'Factura A N°: 0002-00565716',NULL,'2022-07-11 19:51:49','2022-07-11 19:51:49',NULL),(177,7272,3,40720,40775,57,1523,2,0,'2022-06-30','2022-06-30',3652.31,1,1.00,'Factura A N°: 0002-00031814',NULL,'2022-07-11 19:51:49','2022-07-11 19:51:49',NULL),(178,7272,2,40720,40718,13,1522,1,0,'2022-05-06','2022-05-06',16140.00,1,1.00,'Tique (Informe Diario Z) N°: 0002-00041368',NULL,'2022-07-11 20:09:27','2022-07-11 20:09:27',NULL),(179,7272,2,40720,40718,13,1522,1,0,'2022-05-10','2022-05-10',17170.20,1,1.00,'Tique (Informe Diario Z) N°: 0004-00000001',NULL,'2022-07-11 20:11:50','2022-07-11 20:11:50',NULL),(180,7272,2,40720,40718,13,1522,1,0,'2022-05-11','2022-05-11',17979.99,1,1.00,'Tique (Informe Diario Z) N°: 0004-00000002',NULL,'2022-07-11 20:13:33','2022-07-11 20:13:33',NULL),(181,7272,2,40720,40718,13,1522,1,0,'2022-05-12','2022-05-12',13890.00,1,1.00,'Tique (Informe Diario Z) N°: 0004-00000003',NULL,'2022-07-11 20:14:19','2022-07-11 20:14:19',NULL),(182,7272,2,40720,40718,13,1522,1,0,'2022-05-13','2022-05-13',16769.99,1,1.00,'Tique (Informe Diario Z) N°: 0004-00000005',NULL,'2022-07-11 20:15:04','2022-07-11 20:15:04',NULL),(183,7272,2,40720,40718,13,1522,1,0,'2022-05-14','2022-05-14',16291.00,1,1.00,'Tique (Informe Diario Z) N°: 0004-00000008',NULL,'2022-07-11 20:15:42','2022-07-11 20:15:42',NULL),(184,7272,2,40720,40718,13,1522,1,0,'2022-05-16','2022-05-16',16925.00,1,1.00,'Tique (Informe Diario Z) N°: 0004-00000009',NULL,'2022-07-11 20:16:17','2022-07-11 20:16:17',NULL),(185,7272,2,40720,40718,13,1522,1,0,'2022-05-17','2022-05-17',22115.00,1,1.00,'Tique (Informe Diario Z) N°: 0004-00000012',NULL,'2022-07-11 20:16:47','2022-07-11 20:16:47',NULL),(186,7272,2,40720,40718,13,1522,1,0,'2022-05-19','2022-05-19',14980.01,1,1.00,'Tique (Informe Diario Z) N°: 0004-00000013',NULL,'2022-07-11 20:23:25','2022-07-11 20:23:25',NULL),(187,7272,2,40720,40718,13,1522,1,0,'2022-05-19','2022-05-19',15880.00,1,1.00,'Tique (Informe Diario Z) N°: 0004-00000014',NULL,'2022-07-11 20:24:00','2022-07-12 16:44:28','2022-07-12 16:44:28'),(188,7272,2,40720,40718,13,1522,1,0,'2022-05-19','2022-05-19',14548.00,1,1.00,'Tique (Informe Diario Z) N°: 0004-00000015',NULL,'2022-07-11 20:26:17','2022-07-12 16:44:59','2022-07-12 16:44:59'),(189,7272,2,40720,40718,13,1522,1,0,'2022-05-19','2022-05-19',14050.00,1,1.00,'Tique (Informe Diario Z) N°: 0004-00000016',NULL,'2022-07-11 20:28:47','2022-07-12 16:45:24','2022-07-12 16:45:24'),(190,7272,2,40720,40718,13,1522,1,0,'2022-05-19','2022-05-19',18580.00,1,1.00,'Tique (Informe Diario Z) N°: 0004-00000017',NULL,'2022-07-11 20:29:09','2022-07-12 16:46:32','2022-07-12 16:46:32');
INSERT INTO `cta_cte_cliente` VALUES (191,7272,2,40720,40718,13,1522,1,0,'2022-05-19','2022-05-19',17932.41,1,1.00,'Tique (Informe Diario Z) N°: 0004-00000018',NULL,'2022-07-11 20:30:43','2022-07-12 16:47:31','2022-07-12 16:47:31'),(192,7272,2,40720,40718,13,1522,1,0,'2022-05-27','2022-05-27',19201.90,1,1.00,'Tique (Informe Diario Z) N°: 0004-00000019',NULL,'2022-07-11 20:31:21','2022-07-11 20:31:21',NULL),(193,7272,2,40720,40718,13,1522,1,0,'2022-05-28','2022-05-28',14500.00,1,1.00,'Tique (Informe Diario Z) N°: 0004-00000020',NULL,'2022-07-11 20:32:27','2022-07-11 20:32:27',NULL),(194,7272,2,40720,40718,13,1522,1,0,'2022-05-30','2022-05-30',21490.00,1,1.00,'Tique (Informe Diario Z) N°: 0004-00000021',NULL,'2022-07-11 20:32:58','2022-07-11 20:32:58',NULL),(195,7272,2,40720,40718,13,1522,1,0,'2022-05-31','2022-05-31',16740.00,1,1.00,'Tique (Informe Diario Z) N°: 0004-00000022',NULL,'2022-07-11 20:33:22','2022-07-11 20:33:22',NULL),(196,7272,2,40720,40718,13,1523,1,0,'2022-06-01','2022-06-01',12150.00,1,1.00,'Tique (Informe Diario Z) N°: 0004-00000023',NULL,'2022-07-11 20:39:32','2022-07-11 20:39:32',NULL),(197,7272,2,40720,40718,13,1523,1,0,'2022-06-02','2022-06-02',14760.00,1,1.00,'Tique (Informe Diario Z) N°: 0004-00000024',NULL,'2022-07-11 20:39:56','2022-07-11 20:39:56',NULL),(198,7272,2,40720,40718,13,1523,1,0,'2022-06-02','2022-06-02',20190.00,1,1.00,'Tique (Informe Diario Z) N°: 0004-00000025',NULL,'2022-07-11 20:44:01','2022-07-12 17:50:02','2022-07-12 17:50:02'),(199,7272,2,40720,40718,13,1523,1,0,'2022-06-04','2022-06-04',15380.00,1,1.00,'Tique (Informe Diario Z) N°: 0004-00000026',NULL,'2022-07-11 20:44:43','2022-07-11 20:44:43',NULL),(200,7272,2,40720,40718,13,1523,1,0,'2022-06-06','2022-06-06',18820.00,1,1.00,'Tique (Informe Diario Z) N°: 0004-00000027',NULL,'2022-07-11 20:45:53','2022-07-11 20:45:53',NULL),(201,7272,2,40720,40718,13,1523,1,0,'2022-06-07','2022-06-07',15410.00,1,1.00,'Tique (Informe Diario Z) N°: 0004-00000028',NULL,'2022-07-11 20:46:39','2022-07-11 20:46:39',NULL),(202,7272,2,40720,40718,13,1523,1,0,'2022-06-08','2022-06-08',15310.00,1,1.00,'Tique (Informe Diario Z) N°: 0004-00000029',NULL,'2022-07-11 20:47:32','2022-07-11 20:47:32',NULL),(203,7272,2,40720,40718,13,1523,1,0,'2022-06-09','2022-06-09',13650.00,1,1.00,'Tique (Informe Diario Z) N°: 0004-00000030',NULL,'2022-07-11 20:48:06','2022-07-11 20:48:06',NULL),(204,7272,2,40720,40718,13,1523,1,0,'2022-06-10','2022-06-10',19740.00,1,1.00,'Tique (Informe Diario Z) N°: 0004-00000031',NULL,'2022-07-11 20:48:55','2022-07-11 20:48:55',NULL),(205,7272,2,40720,40718,13,1523,1,0,'2022-06-11','2022-06-11',14428.00,1,1.00,'Tique (Informe Diario Z) N°: 0004-00000032',NULL,'2022-07-11 20:49:23','2022-07-11 20:49:23',NULL),(206,7272,2,40720,40718,13,1523,1,0,'2022-06-13','2022-06-13',15515.00,1,1.00,'Tique (Informe Diario Z) N°: 0004-00000033',NULL,'2022-07-11 20:51:09','2022-07-11 20:51:09',NULL),(207,7272,2,40720,40718,13,1523,1,0,'2022-06-14','2022-06-14',19340.00,1,1.00,'Tique (Informe Diario Z) N°: 0004-00000036',NULL,'2022-07-11 20:52:51','2022-07-11 20:52:51',NULL),(208,7272,2,40720,40718,13,1523,1,0,'2022-06-15','2022-06-15',16074.00,1,1.00,'Tique (Informe Diario Z) N°: 0004-00000037',NULL,'2022-07-11 20:53:22','2022-07-11 20:53:22',NULL),(209,7272,2,40720,40718,13,1523,1,0,'2022-06-16','2022-06-16',20350.00,1,1.00,'Tique (Informe Diario Z) N°: 0004-00000038',NULL,'2022-07-11 21:01:14','2022-07-11 21:01:14',NULL),(210,7272,2,40720,40718,13,1523,1,0,'2022-06-18','2022-06-18',8980.00,1,1.00,'Tique (Informe Diario Z) N°: 0004-00000039',NULL,'2022-07-11 21:03:23','2022-07-11 21:03:23',NULL),(211,7272,2,40720,40718,13,1523,1,0,'2022-06-21','2022-06-21',19670.00,1,1.00,'Tique (Informe Diario Z) N°: 0004-00000040',NULL,'2022-07-11 21:04:21','2022-07-11 21:04:21',NULL),(212,7272,2,40720,40718,13,1523,1,0,'2022-06-22','2022-06-22',14740.00,1,1.00,'Tique (Informe Diario Z) N°: 0004-00000041',NULL,'2022-07-11 21:04:58','2022-07-11 21:04:58',NULL);
INSERT INTO `cta_cte_cliente` VALUES (213,7272,2,40720,40718,13,1523,1,0,'2022-06-23','2022-06-23',18260.00,1,1.00,'Tique (Informe Diario Z) N°: 0004-00000042',NULL,'2022-07-11 21:05:47','2022-07-11 21:05:47',NULL),(214,7272,2,40720,40718,13,1523,1,0,'2022-06-24','2022-06-24',15780.00,1,1.00,'Tique (Informe Diario Z) N°: 0004-00000043',NULL,'2022-07-11 21:06:19','2022-07-11 21:06:19',NULL),(215,7272,2,40720,40718,13,1523,1,0,'2022-06-25','2022-06-25',17290.00,1,1.00,'Tique (Informe Diario Z) N°: 0004-00000044',NULL,'2022-07-11 21:06:52','2022-07-11 21:06:52',NULL),(216,7272,2,40720,40718,13,1523,1,0,'2022-06-27','2022-06-27',17630.00,1,1.00,'Tique (Informe Diario Z) N°: 0004-00000045',NULL,'2022-07-11 21:07:38','2022-07-11 21:07:38',NULL),(217,7272,2,40720,40718,13,1523,1,0,'2022-06-28','2022-06-28',17830.00,1,1.00,'Tique (Informe Diario Z) N°: 0004-00000046',NULL,'2022-07-11 21:09:15','2022-07-11 21:09:15',NULL),(218,7272,2,40720,40718,13,1523,1,0,'2022-06-29','2022-06-29',13430.00,1,1.00,'Tique (Informe Diario Z) N°: 0004-00000047',NULL,'2022-07-11 21:10:10','2022-07-11 21:10:10',NULL),(219,7272,2,40720,40718,13,1523,1,0,'2022-06-30','2022-06-30',16920.00,1,1.00,'Tique (Informe Diario Z) N°: 0004-00000048',NULL,'2022-07-11 21:10:56','2022-07-11 21:10:56',NULL),(220,7272,3,40720,40770,57,1522,2,0,'2022-05-02','2022-05-02',4061.78,1,1.00,'Factura A N°: 8190-13100530',NULL,'2022-07-11 21:23:23','2022-07-11 21:23:23',NULL),(221,7272,3,40720,40782,57,1522,2,0,'2022-05-02','2022-05-02',1429.44,1,1.00,'Factura A N°: 0002-00248856',NULL,'2022-07-11 21:23:23','2022-07-11 21:23:23',NULL),(222,7272,3,40720,40771,57,1522,2,0,'2022-05-02','2022-05-02',2769.69,1,1.00,'Factura A N°: 0003-00027074',NULL,'2022-07-11 21:23:23','2022-07-11 21:23:23',NULL),(223,7272,3,40720,40788,57,1522,2,0,'2022-05-02','2022-05-02',2451.44,1,1.00,'Factura A N°: 0294-00750795',NULL,'2022-07-11 21:23:23','2022-07-11 21:23:23',NULL),(224,7272,3,40720,40789,57,1522,2,0,'2022-05-02','2022-05-02',3040.73,1,1.00,'Factura A N°: 0007-00078926',NULL,'2022-07-11 21:23:23','2022-07-11 21:23:23',NULL),(225,7272,3,40720,40789,57,1522,2,0,'2022-05-03','2022-05-03',2419.49,1,1.00,'Factura A N°: 0007-00079019',NULL,'2022-07-11 21:23:23','2022-07-11 21:23:23',NULL),(226,7272,3,40720,40779,57,1522,2,0,'2022-05-03','2022-05-03',1618.25,1,1.00,'Factura A N°: 0002-00310420',NULL,'2022-07-11 21:23:23','2022-07-11 21:23:23',NULL),(227,7272,3,40720,40769,57,1522,2,0,'2022-05-04','2022-05-04',2938.45,1,1.00,'Factura A N°: 0002-00204617',NULL,'2022-07-11 21:23:23','2022-07-11 21:23:23',NULL),(228,7272,3,40720,40770,57,1522,2,0,'2022-05-04','2022-05-04',5883.68,1,1.00,'Factura A N°: 8190-13118900',NULL,'2022-07-11 21:23:23','2022-07-11 21:23:23',NULL),(229,7272,3,40720,40771,57,1522,2,0,'2022-05-05','2022-05-05',3888.09,1,1.00,'Factura A N°: 0003-00027146',NULL,'2022-07-11 21:23:23','2022-07-11 21:23:23',NULL),(230,7272,3,40720,40772,57,1522,2,0,'2022-05-05','2022-05-05',11542.68,1,1.00,'Factura A N°: 0003-00024082',NULL,'2022-07-11 21:23:23','2022-07-11 21:23:23',NULL),(231,7272,3,40720,40774,57,1522,2,0,'2022-05-05','2022-05-05',10140.01,1,1.00,'Factura A N°: 9407-04678613',NULL,'2022-07-11 21:23:23','2022-07-11 21:23:23',NULL),(232,7272,3,40720,40775,57,1522,2,0,'2022-05-05','2022-05-05',6480.36,1,1.00,'Factura A N°: 0002-00022609',NULL,'2022-07-11 21:23:23','2022-07-11 21:23:23',NULL),(233,7272,3,40720,40777,57,1522,2,0,'2022-05-06','2022-05-06',1059.79,1,1.00,'Factura A N°: 1229-05269718',NULL,'2022-07-11 21:23:23','2022-07-11 21:23:23',NULL),(234,7272,3,40720,40778,57,1522,2,0,'2022-05-06','2022-05-06',2381.57,1,1.00,'Factura A N°: 5002-01288973',NULL,'2022-07-11 21:23:23','2022-07-11 21:23:23',NULL),(235,7272,3,40720,40770,57,1522,2,0,'2022-05-06','2022-05-06',10038.43,1,1.00,'Factura A N°: 8190-13136628',NULL,'2022-07-11 21:23:23','2022-07-11 21:23:23',NULL);
INSERT INTO `cta_cte_cliente` VALUES (236,7272,3,40720,40774,57,1522,1,0,'2022-05-06','2022-05-06',5024.46,1,1.00,'Nota de crédito A N°: 9408-00742605',NULL,'2022-07-11 21:23:23','2022-07-11 21:23:23',NULL),(237,7272,3,40720,40775,57,1522,2,0,'2022-05-06','2022-05-06',703.13,1,1.00,'Factura A N°: 0002-00022810',NULL,'2022-07-11 21:23:23','2022-07-11 21:23:23',NULL),(238,7272,3,40720,40779,57,1522,2,0,'2022-05-06','2022-05-06',1421.55,1,1.00,'Factura A N°: 0002-00311242',NULL,'2022-07-11 21:23:23','2022-07-11 21:23:23',NULL),(239,7272,3,40720,40780,57,1522,1,0,'2022-05-07','2022-05-07',11061.81,1,1.00,'Nota de crédito A N°: 0620-00309962',NULL,'2022-07-11 21:23:23','2022-07-11 21:23:23',NULL),(240,7272,3,40720,40780,57,1522,2,0,'2022-05-07','2022-05-07',11061.82,1,1.00,'Factura A N°: 0618-02423677',NULL,'2022-07-11 21:23:23','2022-07-11 21:23:23',NULL),(241,7272,3,40720,40781,57,1522,2,0,'2022-05-09','2022-05-09',5169.69,1,1.00,'Factura A N°: 0001-00016818',NULL,'2022-07-11 21:23:23','2022-07-11 21:23:23',NULL),(242,7272,3,40720,40771,57,1522,2,0,'2022-05-09','2022-05-09',3167.90,1,1.00,'Factura A N°: 0003-00027213',NULL,'2022-07-11 21:23:24','2022-07-11 21:23:24',NULL),(243,7272,3,40720,40782,57,1522,2,0,'2022-05-09','2022-05-09',2309.90,1,1.00,'Factura A N°: 0002-00250170',NULL,'2022-07-11 21:23:24','2022-07-11 21:23:24',NULL),(244,7272,3,40720,40770,57,1522,2,0,'2022-05-09','2022-05-09',3515.86,1,1.00,'Factura A N°: 8190-13149554',NULL,'2022-07-11 21:23:24','2022-07-11 21:23:24',NULL),(245,7272,3,40720,40785,57,1522,2,0,'2022-05-09','2022-05-09',2055.92,1,1.00,'Factura A N°: 0004-00041811',NULL,'2022-07-11 21:23:24','2022-07-11 21:23:24',NULL),(246,7272,3,40720,40793,57,1522,2,0,'2022-05-10','2022-05-10',5000.00,1,1.00,'Factura C N°: 0002-00000091',NULL,'2022-07-11 21:23:24','2022-07-11 21:23:24',NULL),(247,7272,3,40720,40794,57,1522,2,0,'2022-05-10','2022-05-10',90000.00,1,1.00,'Factura A N°: 0002-00000374',NULL,'2022-07-11 21:23:24','2022-07-11 21:23:24',NULL),(248,7272,3,40720,40779,57,1522,2,0,'2022-05-10','2022-05-10',1523.96,1,1.00,'Factura A N°: 0002-00311704',NULL,'2022-07-11 21:23:24','2022-07-11 21:23:24',NULL),(249,7272,3,40720,40770,57,1522,2,0,'2022-05-11','2022-05-11',5202.59,1,1.00,'Factura A N°: 8190-13168666',NULL,'2022-07-11 21:23:24','2022-07-11 21:23:24',NULL),(250,7272,3,40720,40780,57,1522,2,0,'2022-05-11','2022-05-11',6493.88,1,1.00,'Factura A N°: 0618-02425621',NULL,'2022-07-11 21:23:24','2022-07-11 21:23:24',NULL),(251,7272,3,40720,40795,57,1522,2,0,'2022-05-12','2022-05-12',8122.82,1,1.00,'Factura A N°: 0178-00560144',NULL,'2022-07-11 21:23:24','2022-07-11 21:23:24',NULL),(252,7272,3,40720,40771,57,1522,2,0,'2022-05-12','2022-05-12',4600.06,1,1.00,'Factura A N°: 0003-00027310',NULL,'2022-07-11 21:23:24','2022-07-11 21:23:24',NULL),(253,7272,3,40720,40772,57,1522,2,0,'2022-05-12','2022-05-12',8350.66,1,1.00,'Factura A N°: 0003-00024211',NULL,'2022-07-11 21:23:24','2022-07-11 21:23:24',NULL),(254,7272,3,40720,40786,57,1522,2,0,'2022-05-12','2022-05-12',3071.46,1,1.00,'Factura A N°: 0003-00094387',NULL,'2022-07-11 21:23:24','2022-07-11 21:23:24',NULL),(255,7272,3,40720,40774,57,1522,2,0,'2022-05-12','2022-05-12',12345.34,1,1.00,'Factura A N°: 9407-04689670',NULL,'2022-07-11 21:23:24','2022-07-11 21:23:24',NULL),(256,7272,3,40720,40774,57,1522,2,0,'2022-05-12','2022-05-12',0.00,1,1.00,'Factura A N°: 9407-04689669',NULL,'2022-07-11 21:23:24','2022-07-11 21:23:24',NULL),(257,7272,3,40720,40774,57,1522,2,0,'2022-05-12','2022-05-12',0.00,1,1.00,'Factura A N°: 9407-04689671',NULL,'2022-07-11 21:23:24','2022-07-11 21:23:24',NULL),(258,7272,3,40720,40776,57,1522,2,0,'2022-05-13','2022-05-13',2287.33,1,1.00,'Factura A N°: 0027-00566801',NULL,'2022-07-11 21:23:24','2022-07-11 21:23:24',NULL),(259,7272,3,40720,40719,57,1522,2,0,'2022-05-13','2022-05-13',9500.00,1,1.00,'RECIBO C N°: 0002-00000195',NULL,'2022-07-11 21:23:24','2022-07-11 21:23:24',NULL);
INSERT INTO `cta_cte_cliente` VALUES (260,7272,3,40720,40770,57,1522,2,0,'2022-05-13','2022-05-13',8353.78,1,1.00,'Factura A N°: 8190-13185808',NULL,'2022-07-11 21:23:24','2022-07-11 21:23:24',NULL),(261,7272,3,40720,40778,57,1522,2,0,'2022-05-13','2022-05-13',3267.83,1,1.00,'Factura A N°: 5002-01294873',NULL,'2022-07-11 21:23:24','2022-07-11 21:23:24',NULL),(262,7272,3,40720,40779,57,1522,2,0,'2022-05-13','2022-05-13',771.63,1,1.00,'Factura A N°: 0002-00312581',NULL,'2022-07-11 21:23:24','2022-07-11 21:23:24',NULL),(263,7272,3,40720,40781,57,1522,2,0,'2022-05-14','2022-05-14',5441.54,1,1.00,'Factura A N°: 0001-00017855',NULL,'2022-07-11 21:23:24','2022-07-11 21:23:24',NULL),(264,7272,3,40720,40770,57,1522,2,0,'2022-05-16','2022-05-16',6585.23,1,1.00,'Factura A N°: 8190-13200052',NULL,'2022-07-11 21:23:24','2022-07-11 21:23:24',NULL),(265,7272,3,40720,40782,57,1522,2,0,'2022-05-16','2022-05-16',4211.33,1,1.00,'Factura A N°: 0002-00251470',NULL,'2022-07-11 21:23:24','2022-07-11 21:23:24',NULL),(266,7272,3,40720,40783,57,1522,2,0,'2022-05-16','2022-05-16',9977.36,1,1.00,'Factura A N°: 0002-00064426',NULL,'2022-07-11 21:23:24','2022-07-11 21:23:24',NULL),(267,7272,3,40720,40784,57,1522,2,0,'2022-05-16','2022-05-16',3257.20,1,1.00,'Factura A N°: 0002-00069460',NULL,'2022-07-11 21:23:24','2022-07-11 21:23:24',NULL),(268,7272,3,40720,40790,57,1522,2,0,'2022-05-17','2022-05-17',215.00,1,1.00,'Factura B N°: 5008-00415058',NULL,'2022-07-11 21:23:25','2022-07-11 21:23:25',NULL),(269,7272,3,40720,40796,57,1522,2,0,'2022-05-17','2022-05-17',95.00,1,1.00,'Factura B N°: 0711-21663042',NULL,'2022-07-11 21:23:25','2022-07-11 21:23:25',NULL),(270,7272,3,40720,40777,57,1522,2,0,'2022-05-17','2022-05-17',2126.54,1,1.00,'Factura A N°: 1229-05280621',NULL,'2022-07-11 21:23:25','2022-07-11 21:23:25',NULL),(271,7272,3,40720,40788,57,1522,2,0,'2022-05-17','2022-05-17',5537.72,1,1.00,'Factura A N°: 0294-00752998',NULL,'2022-07-11 21:23:25','2022-07-11 21:23:25',NULL),(272,7272,3,40720,40789,57,1522,2,0,'2022-05-17','2022-05-17',3040.73,1,1.00,'Factura A N°: 0007-00079748',NULL,'2022-07-11 21:23:25','2022-07-11 21:23:25',NULL),(273,7272,3,40720,40771,57,1522,2,0,'2022-05-19','2022-05-19',5529.70,1,1.00,'Factura A N°: 0003-00027459',NULL,'2022-07-11 21:23:25','2022-07-11 21:23:25',NULL),(274,7272,3,40720,40780,57,1522,2,0,'2022-05-19','2022-05-19',18227.61,1,1.00,'Factura A N°: 0618-02429972',NULL,'2022-07-11 21:23:25','2022-07-11 21:23:25',NULL),(275,7272,3,40720,40772,57,1522,2,0,'2022-05-19','2022-05-19',3257.40,1,1.00,'Factura A N°: 0003-00024302',NULL,'2022-07-11 21:23:25','2022-07-11 21:23:25',NULL),(276,7272,3,40720,40775,57,1522,2,0,'2022-05-19','2022-05-19',4095.26,1,1.00,'Factura A N°: 0002-00024723',NULL,'2022-07-11 21:23:25','2022-07-11 21:23:25',NULL),(277,7272,3,40720,40776,57,1522,2,0,'2022-05-20','2022-05-20',1229.74,1,1.00,'Factura A N°: 0027-00568492',NULL,'2022-07-11 21:23:25','2022-07-11 21:23:25',NULL),(278,7272,3,40720,40770,57,1522,2,0,'2022-05-20','2022-05-20',15228.01,1,1.00,'Factura A N°: 8190-13230222',NULL,'2022-07-11 21:23:25','2022-07-11 21:23:25',NULL),(279,7272,3,40720,40778,57,1522,2,0,'2022-05-20','2022-05-20',2196.12,1,1.00,'Factura A N°: 5002-01299781',NULL,'2022-07-11 21:23:25','2022-07-11 21:23:25',NULL),(280,7272,3,40720,40770,57,1522,1,0,'2022-05-21','2022-05-21',4112.33,1,1.00,'Nota de crédito A N°: 8190-01175169',NULL,'2022-07-11 21:23:25','2022-07-11 21:23:25',NULL),(281,7272,3,40720,40779,57,1522,2,0,'2022-05-21','2022-05-21',771.63,1,1.00,'Factura A N°: 0002-00313907',NULL,'2022-07-11 21:23:25','2022-07-11 21:23:25',NULL),(282,7272,3,40720,40781,57,1522,2,0,'2022-05-23','2022-05-23',5321.28,1,1.00,'Factura A N°: 0001-00018743',NULL,'2022-07-11 21:23:25','2022-07-11 21:23:25',NULL),(283,7272,3,40720,40770,57,1522,2,0,'2022-05-23','2022-05-23',3114.21,1,1.00,'Factura A N°: 8190-13245647',NULL,'2022-07-11 21:23:25','2022-07-11 21:23:25',NULL);
INSERT INTO `cta_cte_cliente` VALUES (284,7272,3,40720,40782,57,1522,2,0,'2022-05-23','2022-05-23',1888.82,1,1.00,'Factura A N°: 0002-00252653',NULL,'2022-07-11 21:23:25','2022-07-11 21:23:25',NULL),(285,7272,3,40720,40771,57,1522,2,0,'2022-05-23','2022-05-23',3537.92,1,1.00,'Factura A N°: 0003-00027543',NULL,'2022-07-11 21:23:25','2022-07-11 21:23:25',NULL),(286,7272,3,40720,40779,57,1522,2,0,'2022-05-24','2022-05-24',1542.57,1,1.00,'Factura A N°: 0002-00314356',NULL,'2022-07-11 21:23:25','2022-07-11 21:23:25',NULL),(287,7272,3,40720,40780,57,1522,2,0,'2022-05-26','2022-05-26',8461.87,1,1.00,'Factura A N°: 0618-02433673',NULL,'2022-07-11 21:23:25','2022-07-11 21:23:25',NULL),(288,7272,3,40720,40786,57,1522,2,0,'2022-05-26','2022-05-26',14337.90,1,1.00,'Factura A N°: 0003-00095625',NULL,'2022-07-11 21:23:25','2022-07-11 21:23:25',NULL),(289,7272,3,40720,40775,57,1522,2,0,'2022-05-26','2022-05-26',3956.03,1,1.00,'Factura A N°: 0002-00025847',NULL,'2022-07-11 21:23:25','2022-07-11 21:23:25',NULL),(290,7272,3,40720,40774,57,1522,2,0,'2022-05-26','2022-05-26',10502.26,1,1.00,'Factura A N°: 9407-04705747',NULL,'2022-07-11 21:23:25','2022-07-11 21:23:25',NULL),(291,7272,3,40720,40777,57,1522,2,0,'2022-05-27','2022-05-27',7944.10,1,1.00,'Factura A N°: 1229-05289822',NULL,'2022-07-11 21:23:25','2022-07-11 21:23:25',NULL),(292,7272,3,40720,40770,57,1522,2,0,'2022-05-27','2022-05-27',9880.78,1,1.00,'Factura A N°: 8190-13282476',NULL,'2022-07-11 21:23:25','2022-07-11 21:23:25',NULL),(293,7272,3,40720,40778,57,1522,2,0,'2022-05-27','2022-05-27',2676.94,1,1.00,'Factura A N°: 5002-01305601',NULL,'2022-07-11 21:23:25','2022-07-11 21:23:25',NULL),(294,7272,3,40720,40781,57,1522,2,0,'2022-05-30','2022-05-30',12660.53,1,1.00,'Factura A N°: 0001-00019524',NULL,'2022-07-11 21:23:26','2022-07-11 21:23:26',NULL),(295,7272,3,40720,40770,57,1522,2,0,'2022-05-30','2022-05-30',2789.66,1,1.00,'Factura A N°: 8190-13296970',NULL,'2022-07-11 21:23:26','2022-07-11 21:23:26',NULL),(296,7272,3,40720,40797,57,1522,2,0,'2022-05-30','2022-05-30',4750.00,1,1.00,'Factura A N°: 0002-00002291',NULL,'2022-07-11 21:23:26','2022-07-11 21:23:26',NULL),(297,7272,3,40720,40788,57,1522,2,0,'2022-05-31','2022-05-31',2455.75,1,1.00,'Factura A N°: 0547-00023762',NULL,'2022-07-11 21:23:26','2022-07-11 21:23:26',NULL),(298,7272,3,40720,40779,57,1522,2,0,'2022-05-31','2022-05-31',2075.91,1,1.00,'Factura A N°: 0002-00315660',NULL,'2022-07-11 21:23:26','2022-07-11 21:23:26',NULL),(299,7272,3,40720,40798,57,1523,2,0,'2022-06-24','2022-06-24',2431.16,1,1.00,'Factura A N°: 0001-00014145',NULL,'2022-07-12 16:09:50','2022-07-12 16:28:24','2022-07-12 16:28:24'),(300,7272,3,40720,40798,57,1523,2,0,'2022-06-17','2022-06-17',4136.14,1,1.00,'Factura A N°: 0001-00014065',NULL,'2022-07-12 16:10:20','2022-07-12 16:28:32','2022-07-12 16:28:32'),(301,7272,2,40720,40718,13,1522,1,0,'2022-05-02','2022-05-02',12660.00,1,1.00,'Tique (Informe Diario Z) N°: 0002-00041265',NULL,'2022-07-12 16:36:49','2022-07-12 16:37:35','2022-07-12 16:37:35'),(302,7272,2,40720,40718,13,1522,1,0,'2022-05-20','2022-05-20',15880.00,1,1.00,'Tique (Informe Diario Z) N°: 0004-00000014',NULL,'2022-07-12 16:44:28','2022-07-12 16:44:28',NULL),(303,7272,2,40720,40718,13,1522,1,0,'2022-05-21','2022-05-21',14548.00,1,1.00,'Tique (Informe Diario Z) N°: 0004-00000015',NULL,'2022-07-12 16:44:59','2022-07-12 16:44:59',NULL),(304,7272,2,40720,40718,13,1522,1,0,'2022-05-23','2022-05-23',14050.00,1,1.00,'Tique (Informe Diario Z) N°: 0004-00000016',NULL,'2022-07-12 16:45:24','2022-07-12 16:45:24',NULL),(305,7272,2,40720,40718,13,1522,1,0,'2022-05-24','2022-05-24',18580.00,1,1.00,'Tique (Informe Diario Z) N°: 0004-00000017',NULL,'2022-07-12 16:46:32','2022-07-12 16:46:32',NULL),(306,7272,2,40720,40718,13,1522,1,0,'2022-05-26','2022-05-26',17932.41,1,1.00,'Tique (Informe Diario Z) N°: 0004-00000018',NULL,'2022-07-12 16:47:31','2022-07-12 16:47:31',NULL);
INSERT INTO `cta_cte_cliente` VALUES (307,7272,2,40720,40718,13,1523,1,0,'2022-06-03','2022-06-03',20190.00,1,1.00,'Tique (Informe Diario Z) N°: 0004-00000025',NULL,'2022-07-12 17:50:02','2022-07-12 17:50:02',NULL),(308,7272,2,40722,40723,13,3039,1,0,'2022-06-01','2022-06-01',15000.37,1,1.00,'Factura A N°: 0002-00001409',NULL,'2022-07-14 17:35:42','2022-07-14 17:35:42',NULL),(309,7272,2,40722,40724,13,3039,1,0,'2022-06-02','2022-06-02',175033.42,1,1.00,'Factura A N°: 0002-00001410',NULL,'2022-07-14 17:35:42','2022-07-14 17:35:42',NULL),(310,7272,2,40722,40723,13,3039,1,0,'2022-06-03','2022-06-03',7642.36,1,1.00,'Factura A N°: 0002-00001411',NULL,'2022-07-14 17:35:42','2022-07-14 17:35:42',NULL),(311,7272,2,40722,40725,13,3039,1,0,'2022-06-06','2022-06-06',10432.62,1,1.00,'Factura A N°: 0002-00001412',NULL,'2022-07-14 17:35:42','2022-07-14 17:35:42',NULL),(312,7272,2,40722,40723,13,3039,1,0,'2022-06-14','2022-06-14',5731.77,1,1.00,'Factura A N°: 0002-00001413',NULL,'2022-07-14 17:35:42','2022-07-14 17:35:42',NULL),(313,7272,2,40722,40723,13,3039,1,0,'2022-06-14','2022-06-14',10977.12,1,1.00,'Factura A N°: 0002-00001414',NULL,'2022-07-14 17:35:42','2022-07-14 17:35:42',NULL),(314,7272,2,40722,40725,13,3039,1,0,'2022-06-22','2022-06-22',36037.43,1,1.00,'Factura A N°: 0002-00001415',NULL,'2022-07-14 17:35:42','2022-07-14 17:35:42',NULL),(315,7272,2,40722,40723,13,3039,1,0,'2022-06-24','2022-06-24',10977.12,1,1.00,'Factura A N°: 0002-00001416',NULL,'2022-07-14 17:35:42','2022-07-14 17:35:42',NULL),(316,7272,3,40722,40799,57,3039,2,0,'2022-06-01','2022-06-01',2194.75,1,1.00,'Factura A N°: 0002-00008597',NULL,'2022-07-14 17:36:39','2022-07-14 17:36:39',NULL),(317,7272,3,40722,40800,57,3039,2,0,'2022-06-01','2022-06-01',6705.00,1,1.00,'Factura A N°: 0002-00001575',NULL,'2022-07-14 17:36:39','2022-07-14 17:36:39',NULL),(318,7272,3,40722,40727,57,3039,2,0,'2022-06-01','2022-06-01',554.38,1,1.00,'Factura A N°: 2034-00046753',NULL,'2022-07-14 17:36:39','2022-07-14 17:36:39',NULL),(319,7272,3,40722,40726,57,3039,2,0,'2022-06-02','2022-06-02',3242.74,1,1.00,'Factura A N°: 2061-00014497',NULL,'2022-07-14 17:36:39','2022-07-14 17:36:39',NULL),(320,7272,3,40722,40726,57,3039,2,0,'2022-06-03','2022-06-03',2629.22,1,1.00,'Factura A N°: 2061-00014499',NULL,'2022-07-14 17:36:39','2022-07-14 17:36:39',NULL),(321,7272,3,40722,40726,57,3039,2,0,'2022-06-04','2022-06-04',4070.16,1,1.00,'Factura A N°: 2108-00022301',NULL,'2022-07-14 17:36:39','2022-07-14 17:36:39',NULL),(322,7272,3,40722,40727,57,3039,2,0,'2022-06-04','2022-06-04',350.50,1,1.00,'Factura A N°: 2003-00026089',NULL,'2022-07-14 17:36:39','2022-07-14 17:36:39',NULL),(323,7272,3,40722,40726,57,3039,2,0,'2022-06-05','2022-06-05',2739.85,1,1.00,'Factura A N°: 2061-00014539',NULL,'2022-07-14 17:36:39','2022-07-14 17:36:39',NULL),(324,7272,3,40722,40730,57,3039,2,0,'2022-06-06','2022-06-06',1589.64,1,1.00,'Factura A N°: 10232-00000204',NULL,'2022-07-14 17:36:39','2022-07-14 17:36:39',NULL),(325,7272,3,40722,40726,57,3039,2,0,'2022-06-07','2022-06-07',166.68,1,1.00,'Factura B N°: 2061-02868045',NULL,'2022-07-14 17:36:39','2022-07-14 17:36:39',NULL),(326,7272,3,40722,40726,57,3039,2,0,'2022-06-07','2022-06-07',2537.34,1,1.00,'Factura A N°: 2061-00014571',NULL,'2022-07-14 17:36:39','2022-07-14 17:36:39',NULL),(327,7272,3,40722,40728,57,3039,2,0,'2022-06-07','2022-06-07',3761.43,1,1.00,'Factura A N°: 2465-00730487',NULL,'2022-07-14 17:36:39','2022-07-14 17:36:39',NULL),(328,7272,3,40722,40801,57,3039,2,0,'2022-06-08','2022-06-08',575.98,1,1.00,'Factura A N°: 1004-00001898',NULL,'2022-07-14 17:36:39','2022-07-14 17:36:39',NULL),(329,7272,3,40722,40802,57,3039,2,0,'2022-06-09','2022-06-09',3753.06,1,1.00,'Factura B N°: 0001-00509206',NULL,'2022-07-14 17:36:39','2022-07-14 17:36:39',NULL),(330,7272,3,40722,40726,57,3039,2,0,'2022-06-10','2022-06-10',728.76,1,1.00,'Factura B N°: 2061-02874613',NULL,'2022-07-14 17:36:39','2022-07-14 17:36:39',NULL);
INSERT INTO `cta_cte_cliente` VALUES (331,7272,3,40722,40730,57,3039,2,0,'2022-06-10','2022-06-10',3127.70,1,1.00,'Factura A N°: 10232-00000207',NULL,'2022-07-14 17:36:39','2022-07-14 17:36:39',NULL),(332,7272,3,40722,40726,57,3039,2,0,'2022-06-10','2022-06-10',5273.77,1,1.00,'Factura A N°: 2061-00014620',NULL,'2022-07-14 17:36:39','2022-07-14 17:36:39',NULL),(333,7272,3,40722,40726,57,3039,2,0,'2022-06-11','2022-06-11',656.14,1,1.00,'Factura B N°: 2061-02877528',NULL,'2022-07-14 17:36:39','2022-07-14 17:36:39',NULL),(334,7272,3,40722,40803,57,3039,2,0,'2022-06-11','2022-06-11',3143.94,1,1.00,'Factura A N°: 0005-00003537',NULL,'2022-07-14 17:36:39','2022-07-14 17:36:39',NULL),(335,7272,3,40722,40730,57,3039,2,0,'2022-06-12','2022-06-12',1898.73,1,1.00,'Factura A N°: 10634-00000262',NULL,'2022-07-14 17:36:39','2022-07-14 17:36:39',NULL),(336,7272,3,40722,40732,57,3039,2,0,'2022-06-12','2022-06-12',1280.74,1,1.00,'Factura A N°: 16013-00000135',NULL,'2022-07-14 17:36:39','2022-07-14 17:36:39',NULL),(337,7272,3,40722,40729,57,3039,2,0,'2022-06-12','2022-06-12',3400.17,1,1.00,'Factura A N°: 0949-02170846',NULL,'2022-07-14 17:36:40','2022-07-14 17:36:40',NULL),(338,7272,3,40722,40804,57,3039,2,0,'2022-06-13','2022-06-13',7378.00,1,1.00,'Factura B N°: 0009-00089891',NULL,'2022-07-14 17:36:40','2022-07-14 17:36:40',NULL),(339,7272,3,40722,40727,57,3039,2,0,'2022-06-13','2022-06-13',444.00,1,1.00,'Factura A N°: 2031-00046677',NULL,'2022-07-14 17:36:40','2022-07-14 17:36:40',NULL),(340,7272,3,40722,40735,57,3039,2,0,'2022-06-14','2022-06-14',3321.61,1,1.00,'Factura A N°: 12359-00000074',NULL,'2022-07-14 17:36:40','2022-07-14 17:36:40',NULL),(341,7272,3,40722,40719,57,3039,2,0,'2022-06-16','2022-06-16',9500.00,1,1.00,'RECIBO C N°: 0002-00000200',NULL,'2022-07-14 17:36:40','2022-07-14 17:36:40',NULL),(342,7272,3,40722,40726,57,3039,2,0,'2022-06-16','2022-06-16',3954.35,1,1.00,'Factura A N°: 2061-00014705',NULL,'2022-07-14 17:36:40','2022-07-14 17:36:40',NULL),(343,7272,3,40722,40733,57,3039,2,0,'2022-06-16','2022-06-16',8338.54,1,1.00,'Factura A N°: 6723-04100889',NULL,'2022-07-14 17:36:40','2022-07-14 17:36:40',NULL),(344,7272,3,40722,40801,57,3039,2,0,'2022-06-17','2022-06-17',408.01,1,1.00,'Factura A N°: 1004-00002098',NULL,'2022-07-14 17:36:40','2022-07-14 17:36:40',NULL),(345,7272,3,40722,40727,57,3039,2,0,'2022-06-17','2022-06-17',1003.95,1,1.00,'Factura A N°: 2001-00015656',NULL,'2022-07-14 17:36:40','2022-07-14 17:36:40',NULL),(346,7272,3,40722,40726,57,3039,2,0,'2022-06-18','2022-06-18',2364.86,1,1.00,'Factura A N°: 2108-00022619',NULL,'2022-07-14 17:36:40','2022-07-14 17:36:40',NULL),(347,7272,3,40722,40730,57,3039,2,0,'2022-06-19','2022-06-19',3254.69,1,1.00,'Factura A N°: 10634-00000273',NULL,'2022-07-14 17:36:40','2022-07-14 17:36:40',NULL),(348,7272,3,40722,40726,57,3039,2,0,'2022-06-19','2022-06-19',1188.00,1,1.00,'Factura A N°: 2061-00014769',NULL,'2022-07-14 17:36:40','2022-07-14 17:36:40',NULL),(349,7272,3,40722,40726,57,3039,2,0,'2022-06-19','2022-06-19',2431.24,1,1.00,'Factura A N°: 2061-00014759',NULL,'2022-07-14 17:36:40','2022-07-14 17:36:40',NULL),(350,7272,3,40722,40726,57,3039,2,0,'2022-06-20','2022-06-20',719.64,1,1.00,'Factura B N°: 2061-02899934',NULL,'2022-07-14 17:36:40','2022-07-14 17:36:40',NULL),(351,7272,3,40722,40730,57,3039,2,0,'2022-06-20','2022-06-20',561.40,1,1.00,'Factura A N°: 10634-00000276',NULL,'2022-07-14 17:36:40','2022-07-14 17:36:40',NULL),(352,7272,3,40722,40730,57,3039,2,0,'2022-06-20','2022-06-20',1669.50,1,1.00,'Factura A N°: 10634-00000275',NULL,'2022-07-14 17:36:40','2022-07-14 17:36:40',NULL),(353,7272,3,40722,40726,57,3039,2,0,'2022-06-21','2022-06-21',3201.10,1,1.00,'Factura A N°: 2061-00014794',NULL,'2022-07-14 17:36:40','2022-07-14 17:36:40',NULL),(354,7272,3,40722,40727,57,3039,2,0,'2022-06-21','2022-06-21',446.49,1,1.00,'Factura A N°: 2031-00047657',NULL,'2022-07-14 17:36:40','2022-07-14 17:36:40',NULL);
INSERT INTO `cta_cte_cliente` VALUES (355,7272,3,40722,40726,57,3039,2,0,'2022-06-23','2022-06-23',3587.16,1,1.00,'Factura A N°: 2061-00014817',NULL,'2022-07-14 17:36:40','2022-07-14 17:36:40',NULL),(356,7272,3,40722,40726,57,3039,2,0,'2022-06-23','2022-06-23',557.28,1,1.00,'Factura A N°: 2061-00014804',NULL,'2022-07-14 17:36:40','2022-07-14 17:36:40',NULL),(357,7272,3,40722,40727,57,3039,2,0,'2022-06-23','2022-06-23',488.77,1,1.00,'Factura A N°: 2003-00027666',NULL,'2022-07-14 17:36:40','2022-07-14 17:36:40',NULL),(358,7272,3,40722,40726,57,3039,2,0,'2022-06-24','2022-06-24',832.37,1,1.00,'Factura A N°: 2061-00014834',NULL,'2022-07-14 17:36:40','2022-07-14 17:36:40',NULL),(359,7272,3,40722,40726,57,3039,2,0,'2022-06-25','2022-06-25',7746.72,1,1.00,'Factura A N°: 2108-00022753',NULL,'2022-07-14 17:36:40','2022-07-14 17:36:40',NULL),(360,7272,3,40722,40726,57,3039,2,0,'2022-06-27','2022-06-27',1711.68,1,1.00,'Factura A N°: 2061-00014867',NULL,'2022-07-14 17:36:40','2022-07-14 17:36:40',NULL),(361,7272,3,40722,40726,57,3039,2,0,'2022-06-28','2022-06-28',2412.66,1,1.00,'Factura A N°: 2061-00014885',NULL,'2022-07-14 17:36:40','2022-07-14 17:36:40',NULL),(362,7272,3,40722,40730,57,3039,2,0,'2022-06-29','2022-06-29',1427.54,1,1.00,'Factura A N°: 10634-00000288',NULL,'2022-07-14 17:36:40','2022-07-14 17:36:40',NULL),(363,7272,3,40722,40801,57,3039,2,0,'2022-06-29','2022-06-29',465.27,1,1.00,'Factura A N°: 1004-00002254',NULL,'2022-07-14 17:36:41','2022-07-14 17:36:41',NULL),(364,7272,3,40722,40726,57,3039,2,0,'2022-06-30','2022-06-30',823.64,1,1.00,'Factura B N°: 2061-02922794',NULL,'2022-07-14 17:36:41','2022-07-14 17:36:41',NULL),(365,7272,3,40722,40730,57,3039,2,0,'2022-06-30','2022-06-30',684.85,1,1.00,'Factura A N°: 10232-00000224',NULL,'2022-07-14 17:36:41','2022-07-14 17:36:41',NULL),(366,7272,3,40722,40726,57,3039,2,0,'2022-06-30','2022-06-30',1569.05,1,1.00,'Factura A N°: 2061-00014912',NULL,'2022-07-14 17:36:41','2022-07-14 17:36:41',NULL),(367,7272,3,40722,40739,57,3039,1,0,'2022-06-30','2022-06-30',529.19,1,1.00,'Nota de crédito A N°: 0011-00517227',NULL,'2022-07-14 17:36:41','2022-07-14 17:36:41',NULL),(368,7272,3,40722,40739,57,3039,2,0,'2022-06-30','2022-06-30',60420.73,1,1.00,'Factura A N°: 0011-00672435',NULL,'2022-07-14 17:36:41','2022-07-14 17:36:41',NULL),(369,7272,3,40740,40743,57,4555,2,0,'2022-06-01','2022-06-01',28000.00,1,1.00,'Factura C N°: 0003-00000153',NULL,'2022-07-14 20:58:44','2022-07-14 20:58:44',NULL),(370,7272,3,40740,40745,57,4555,2,0,'2022-06-01','2022-06-01',1100.00,1,1.00,'Factura A N°: 0004-00000215',NULL,'2022-07-14 20:58:44','2022-07-14 20:58:44',NULL),(371,7272,3,40740,40762,57,4555,2,0,'2022-06-02','2022-06-02',8000.00,1,1.00,'Factura C N°: 0002-00000043',NULL,'2022-07-14 20:58:44','2022-07-14 20:58:44',NULL),(372,7272,3,40740,40805,57,4555,2,0,'2022-06-03','2022-06-03',31352.19,1,1.00,'Factura B N°: 0054-00010537',NULL,'2022-07-14 20:58:44','2022-07-14 20:58:44',NULL),(373,7272,3,40740,40756,57,4555,2,0,'2022-06-04','2022-06-04',6250.00,1,1.00,'Factura A N°: 0008-00000014',NULL,'2022-07-14 20:58:44','2022-07-14 20:58:44',NULL),(374,7272,3,40740,40806,57,4555,2,0,'2022-06-05','2022-06-05',4452.20,1,1.00,'Factura A N°: 8100-00007366',NULL,'2022-07-14 20:58:44','2022-07-14 20:58:44',NULL),(375,7272,3,40740,40750,57,4555,2,0,'2022-06-07','2022-06-07',1500.00,1,1.00,'Factura A N°: 0003-00000540',NULL,'2022-07-14 20:58:44','2022-07-14 20:58:44',NULL),(376,7272,3,40740,40745,57,4555,2,0,'2022-06-08','2022-06-08',1100.00,1,1.00,'Factura A N°: 0004-00000217',NULL,'2022-07-14 20:58:44','2022-07-14 20:58:44',NULL),(377,7272,3,40740,40744,57,4555,2,0,'2022-06-08','2022-06-08',5300.00,1,1.00,'Factura A N°: 0011-00007583',NULL,'2022-07-14 20:58:44','2022-07-14 20:58:44',NULL),(378,7272,3,40740,40807,57,4555,2,0,'2022-06-10','2022-06-10',16000.00,1,1.00,'Factura C N°: 0002-00000073',NULL,'2022-07-14 20:58:44','2022-07-14 20:58:44',NULL);
INSERT INTO `cta_cte_cliente` VALUES (379,7272,3,40740,40745,57,4555,2,0,'2022-06-13','2022-06-13',1100.00,1,1.00,'Factura A N°: 0004-00000220',NULL,'2022-07-14 20:58:44','2022-07-14 20:58:44',NULL),(380,7272,3,40740,40759,57,4555,2,0,'2022-06-15','2022-06-15',8.17,1,1.00,'Nota de débito B N°: 0700-00107662',NULL,'2022-07-14 20:58:44','2022-07-14 20:58:44',NULL),(381,7272,3,40740,40759,57,4555,2,0,'2022-06-15','2022-06-15',17.40,1,1.00,'Nota de débito B N°: 0700-00107663',NULL,'2022-07-14 20:58:44','2022-07-14 20:58:44',NULL),(382,7272,3,40740,40759,57,4555,2,0,'2022-06-15','2022-06-15',21.83,1,1.00,'Nota de débito B N°: 0700-00107664',NULL,'2022-07-14 20:58:44','2022-07-14 20:58:44',NULL),(383,7272,3,40740,40733,57,4555,2,0,'2022-06-16','2022-06-16',2572.22,1,1.00,'Factura A N°: 6723-04151279',NULL,'2022-07-14 20:58:44','2022-07-14 20:58:44',NULL),(384,7272,3,40740,40727,57,4555,2,0,'2022-06-17','2022-06-17',5613.21,1,1.00,'Factura A N°: 2004-00043023',NULL,'2022-07-14 20:58:44','2022-07-14 20:58:44',NULL),(385,7272,3,40740,40796,57,4555,2,0,'2022-06-18','2022-06-18',326.00,1,1.00,'Factura B N°: 0711-22856579',NULL,'2022-07-14 20:58:44','2022-07-14 20:58:44',NULL),(386,7272,3,40740,40808,57,4555,2,0,'2022-06-18','2022-06-18',5610.00,1,1.00,'Factura A N°: 0100-00000024',NULL,'2022-07-14 20:58:44','2022-07-14 20:58:44',NULL),(387,7272,3,40740,40809,57,4555,2,0,'2022-06-24','2022-06-24',73950.00,1,1.00,'Factura A N°: 0008-00000502',NULL,'2022-07-14 20:58:44','2022-07-14 20:58:44',NULL),(388,7272,3,40740,40763,57,4555,2,0,'2022-06-24','2022-06-24',1783.98,1,1.00,'Factura A N°: 0004-00007204',NULL,'2022-07-14 20:58:44','2022-07-14 20:58:44',NULL),(389,7272,3,40740,40719,57,4555,2,0,'2022-06-26','2022-06-26',8000.00,1,1.00,'RECIBO C N°: 0002-00000201',NULL,'2022-07-14 20:58:44','2022-07-14 20:58:44',NULL),(390,7272,3,40740,40762,57,4555,2,0,'2022-06-30','2022-06-30',8000.00,1,1.00,'Factura C N°: 0002-00000044',NULL,'2022-07-14 20:58:44','2022-07-14 20:58:44',NULL),(391,7272,2,40740,40810,13,4555,1,0,'2022-06-01','2022-06-01',127445.00,1,1.00,'Factura B N°: 0003-00000002',NULL,'2022-07-14 21:01:58','2022-07-14 21:01:58',NULL),(392,7272,2,40740,40811,13,4555,1,0,'2022-06-15','2022-06-15',44528.00,1,1.00,'Factura B N°: 0003-00000003',NULL,'2022-07-14 21:01:58','2022-07-14 21:01:58',NULL),(393,7272,2,40740,40812,13,4555,1,0,'2022-06-16','2022-06-16',198440.00,1,1.00,'Factura M N°: 0003-00000009',NULL,'2022-07-14 21:01:58','2022-07-14 21:01:58',NULL),(394,7272,2,40740,40812,13,4555,1,0,'2022-06-23','2022-06-23',204490.00,1,1.00,'Factura M N°: 0003-00000010',NULL,'2022-07-14 21:01:58','2022-07-14 21:01:58',NULL);

--
-- Table structure for table `cta_cte_cliente_details`
--

CREATE TABLE `cta_cte_cliente_details` (
  `id` int(10) unsigned NOT NULL AUTO_INCREMENT,
  `user_id` int(10) unsigned DEFAULT NULL,
  `cta_cte_cliente_id` int(10) unsigned NOT NULL,
  `person_id` int(10) unsigned DEFAULT NULL,
  `person_id_relationed` int(10) unsigned DEFAULT NULL,
  `cta_cte_tesoreria_cuenta_id` int(10) unsigned DEFAULT NULL,
  `period_id` int(10) unsigned DEFAULT NULL,
  `tipo_asiento_id` int(10) unsigned NOT NULL,
  `saldo_id` int(10) unsigned NOT NULL,
  `monto` decimal(16,2) NOT NULL,
  `created_at` timestamp NULL DEFAULT NULL,
  `updated_at` timestamp NULL DEFAULT NULL,
  `deleted_at` timestamp NULL DEFAULT NULL,
  PRIMARY KEY (`id`),
  KEY `cta_cte_cliente_details_cta_cte_cliente_id_foreign` (`cta_cte_cliente_id`),
  KEY `cta_cte_cliente_details_person_id_foreign` (`person_id`),
  KEY `cta_cte_cliente_details_person_id_relationed_foreign` (`person_id_relationed`),
  KEY `cta_cte_cliente_details_period_id_foreign` (`period_id`),
  KEY `cta_cte_cliente_details_tipo_asiento_id_foreign` (`tipo_asiento_id`),
  KEY `cta_cte_cliente_details_saldo_id_foreign` (`saldo_id`),
  KEY `cta_cte_cliente_details_cta_cte_tesoreria_cuenta_id_foreign` (`cta_cte_tesoreria_cuenta_id`),
  CONSTRAINT `cta_cte_cliente_details_cta_cte_cliente_id_foreign` FOREIGN KEY (`cta_cte_cliente_id`) REFERENCES `cta_cte_cliente` (`id`),
  CONSTRAINT `cta_cte_cliente_details_cta_cte_tesoreria_cuenta_id_foreign` FOREIGN KEY (`cta_cte_tesoreria_cuenta_id`) REFERENCES `cta_cte_tesoreria_cuentas` (`id`),
  CONSTRAINT `cta_cte_cliente_details_period_id_foreign` FOREIGN KEY (`period_id`) REFERENCES `periods` (`id`),
  CONSTRAINT `cta_cte_cliente_details_person_id_foreign` FOREIGN KEY (`person_id`) REFERENCES `persons` (`id`),
  CONSTRAINT `cta_cte_cliente_details_person_id_relationed_foreign` FOREIGN KEY (`person_id_relationed`) REFERENCES `persons` (`id`),
  CONSTRAINT `cta_cte_cliente_details_saldo_id_foreign` FOREIGN KEY (`saldo_id`) REFERENCES `conta_tipo_saldos` (`id`),
  CONSTRAINT `cta_cte_cliente_details_tipo_asiento_id_foreign` FOREIGN KEY (`tipo_asiento_id`) REFERENCES `conta_tipo_asientos` (`id`)
) ENGINE=InnoDB DEFAULT CHARSET=utf8mb4 COLLATE=utf8mb4_unicode_ci;

--
-- Dumping data for table `cta_cte_cliente_details`
--


--
-- Table structure for table `cta_cte_cliente_pivot_receipt`
--

CREATE TABLE `cta_cte_cliente_pivot_receipt` (
  `id` int(10) unsigned NOT NULL AUTO_INCREMENT,
  `user_id` int(10) unsigned DEFAULT NULL,
  `cta_cte_cliente_id` int(10) unsigned NOT NULL,
  `receipt_id` int(11) DEFAULT NULL,
  `importe` decimal(16,2) DEFAULT NULL,
  `created_at` timestamp NULL DEFAULT NULL,
  `updated_at` timestamp NULL DEFAULT NULL,
  `deleted_at` timestamp NULL DEFAULT NULL,
  PRIMARY KEY (`id`)
) ENGINE=InnoDB AUTO_INCREMENT=395 DEFAULT CHARSET=utf8mb4 COLLATE=utf8mb4_unicode_ci;

--
-- Dumping data for table `cta_cte_cliente_pivot_receipt`
--

INSERT INTO `cta_cte_cliente_pivot_receipt` VALUES (1,7272,1,1,NULL,'2022-07-05 17:55:42','2022-07-05 17:55:42',NULL),(2,7272,2,2,NULL,'2022-07-05 18:01:54','2022-07-05 18:01:54',NULL),(3,7272,3,3,NULL,'2022-07-05 18:03:01','2022-07-05 18:03:01',NULL),(4,7272,4,4,NULL,'2022-07-05 18:03:55','2022-07-05 18:03:55',NULL),(5,7272,5,5,NULL,'2022-07-05 18:04:53','2022-07-05 18:04:53',NULL),(6,7272,6,6,NULL,'2022-07-05 18:05:35','2022-07-05 18:05:35',NULL),(7,7272,7,7,NULL,'2022-07-05 18:06:24','2022-07-05 18:06:24',NULL),(8,7272,8,8,NULL,'2022-07-05 18:06:58','2022-07-05 18:06:58',NULL),(9,7272,9,9,NULL,'2022-07-05 22:59:23','2022-07-05 22:59:23',NULL),(10,7272,10,10,NULL,'2022-07-05 22:59:23','2022-07-05 22:59:23',NULL),(11,7272,11,11,NULL,'2022-07-05 22:59:23','2022-07-05 22:59:23',NULL),(12,7272,12,12,NULL,'2022-07-05 22:59:23','2022-07-05 22:59:23',NULL),(13,7272,13,13,NULL,'2022-07-05 22:59:23','2022-07-05 22:59:23',NULL),(14,7272,14,14,NULL,'2022-07-05 22:59:23','2022-07-05 22:59:23',NULL),(15,7272,15,15,NULL,'2022-07-05 22:59:23','2022-07-05 22:59:23',NULL),(16,7272,16,16,NULL,'2022-07-06 00:35:01','2022-07-06 00:35:01',NULL),(17,7272,17,17,NULL,'2022-07-06 00:35:01','2022-07-06 00:35:01',NULL),(18,7272,18,18,NULL,'2022-07-06 00:35:01','2022-07-06 00:35:01',NULL),(19,7272,19,19,NULL,'2022-07-06 00:35:01','2022-07-06 00:35:01',NULL),(20,7272,20,20,NULL,'2022-07-06 00:35:01','2022-07-06 00:35:01',NULL),(21,7272,21,21,NULL,'2022-07-06 00:35:01','2022-07-06 00:35:01',NULL),(22,7272,22,22,NULL,'2022-07-06 00:35:01','2022-07-06 00:35:01',NULL),(23,7272,23,23,NULL,'2022-07-06 00:35:02','2022-07-06 00:35:02',NULL),(24,7272,24,24,NULL,'2022-07-06 00:35:02','2022-07-06 00:35:02',NULL),(25,7272,25,25,NULL,'2022-07-06 00:35:02','2022-07-06 00:35:02',NULL),(26,7272,26,26,NULL,'2022-07-06 00:35:02','2022-07-06 00:35:02',NULL),(27,7272,27,27,NULL,'2022-07-06 00:35:02','2022-07-06 00:35:02',NULL),(28,7272,28,28,NULL,'2022-07-06 00:35:02','2022-07-06 00:35:02',NULL),(29,7272,29,29,NULL,'2022-07-06 00:35:02','2022-07-06 00:35:02',NULL),(30,7272,30,30,NULL,'2022-07-06 00:35:02','2022-07-06 00:35:02',NULL),(31,7272,31,31,NULL,'2022-07-06 00:35:02','2022-07-06 00:35:02',NULL),(32,7272,32,32,NULL,'2022-07-06 00:35:02','2022-07-06 00:35:02',NULL),(33,7272,33,33,NULL,'2022-07-06 00:35:02','2022-07-06 00:35:02',NULL),(34,7272,34,34,NULL,'2022-07-06 00:35:02','2022-07-06 00:35:02',NULL),(35,7272,35,35,NULL,'2022-07-06 00:35:02','2022-07-06 00:35:02',NULL),(36,7272,36,36,NULL,'2022-07-06 00:35:02','2022-07-06 00:35:02',NULL),(37,7272,37,37,NULL,'2022-07-06 00:35:02','2022-07-06 00:35:02',NULL),(38,7272,38,38,NULL,'2022-07-06 00:35:02','2022-07-06 00:35:02',NULL),(39,7272,39,39,NULL,'2022-07-06 00:35:02','2022-07-06 00:35:02',NULL),(40,7272,40,40,NULL,'2022-07-06 00:35:02','2022-07-06 00:35:02',NULL),(41,7272,41,41,NULL,'2022-07-06 00:35:02','2022-07-06 00:35:02',NULL),(42,7272,42,42,NULL,'2022-07-06 00:35:02','2022-07-06 00:35:02',NULL),(43,7272,43,43,NULL,'2022-07-06 00:35:02','2022-07-06 00:35:02',NULL),(44,7272,44,44,NULL,'2022-07-06 00:35:02','2022-07-06 00:35:02',NULL),(45,7272,45,45,NULL,'2022-07-06 00:35:02','2022-07-06 00:35:02',NULL),(46,7272,46,46,NULL,'2022-07-06 00:35:02','2022-07-06 00:35:02',NULL),(47,7272,47,47,NULL,'2022-07-06 00:35:02','2022-07-06 00:35:02',NULL),(48,7272,48,48,NULL,'2022-07-06 00:35:02','2022-07-06 00:35:02',NULL),(49,7272,49,49,NULL,'2022-07-06 00:35:03','2022-07-06 00:35:03',NULL),(50,7272,50,50,NULL,'2022-07-06 00:35:03','2022-07-06 00:35:03',NULL),(51,7272,51,51,NULL,'2022-07-06 00:35:03','2022-07-06 00:35:03',NULL),(52,7272,52,52,NULL,'2022-07-06 00:35:03','2022-07-06 00:35:03',NULL),(53,7272,53,53,NULL,'2022-07-06 00:35:03','2022-07-06 00:35:03',NULL),(54,7272,54,54,NULL,'2022-07-06 00:35:03','2022-07-06 00:35:03',NULL),(55,7272,55,55,NULL,'2022-07-06 00:35:03','2022-07-06 00:35:03',NULL),(56,7272,56,56,NULL,'2022-07-06 00:35:03','2022-07-06 00:35:03',NULL),(57,7272,57,57,NULL,'2022-07-06 00:35:03','2022-07-06 00:35:03',NULL);
INSERT INTO `cta_cte_cliente_pivot_receipt` VALUES (58,7272,58,58,NULL,'2022-07-06 00:35:03','2022-07-06 00:35:03',NULL),(59,7272,59,59,NULL,'2022-07-06 00:35:03','2022-07-06 00:35:03',NULL),(60,7272,60,60,NULL,'2022-07-06 00:35:03','2022-07-06 00:35:03',NULL),(61,7272,61,61,NULL,'2022-07-06 00:35:03','2022-07-06 00:35:03',NULL),(62,7272,62,62,NULL,'2022-07-06 00:35:03','2022-07-06 00:35:03',NULL),(63,7272,63,63,NULL,'2022-07-06 00:35:03','2022-07-06 00:35:03',NULL),(64,7272,64,64,NULL,'2022-07-06 00:35:03','2022-07-06 00:35:03',NULL),(65,7272,65,65,NULL,'2022-07-06 01:03:37','2022-07-06 01:03:37',NULL),(66,7272,66,66,NULL,'2022-07-06 01:03:37','2022-07-06 01:03:37',NULL),(67,7272,67,67,NULL,'2022-07-06 01:03:37','2022-07-06 01:03:37',NULL),(68,7272,68,68,NULL,'2022-07-06 01:03:37','2022-07-06 01:03:37',NULL),(69,7272,69,69,NULL,'2022-07-06 01:03:37','2022-07-06 01:03:37',NULL),(70,7272,70,70,NULL,'2022-07-06 01:03:37','2022-07-06 01:03:37',NULL),(71,7272,71,71,NULL,'2022-07-06 01:03:37','2022-07-06 01:03:37',NULL),(72,7272,72,72,NULL,'2022-07-06 01:03:37','2022-07-06 01:03:37',NULL),(73,7272,73,73,NULL,'2022-07-06 01:03:37','2022-07-06 01:03:37',NULL),(74,7272,74,74,NULL,'2022-07-06 01:03:37','2022-07-06 01:03:37',NULL),(75,7272,75,75,NULL,'2022-07-06 01:03:37','2022-07-06 01:03:37',NULL),(76,7272,76,76,NULL,'2022-07-06 01:03:37','2022-07-06 01:03:37',NULL),(77,7272,77,77,NULL,'2022-07-06 01:03:37','2022-07-06 01:03:37',NULL),(78,7272,78,78,NULL,'2022-07-06 01:03:37','2022-07-06 01:03:37',NULL),(79,7272,79,79,NULL,'2022-07-06 01:03:38','2022-07-06 01:03:38',NULL),(80,7272,80,80,NULL,'2022-07-06 01:03:38','2022-07-06 01:03:38',NULL),(81,7272,81,81,NULL,'2022-07-06 01:03:38','2022-07-06 01:03:38',NULL),(82,7272,82,82,NULL,'2022-07-06 01:03:38','2022-07-06 01:03:38',NULL),(83,7272,83,83,NULL,'2022-07-06 01:03:38','2022-07-06 01:03:38',NULL),(84,7272,84,84,NULL,'2022-07-06 01:03:38','2022-07-06 01:03:38',NULL),(85,7272,85,85,NULL,'2022-07-06 01:03:38','2022-07-06 01:03:38',NULL),(86,7272,86,86,NULL,'2022-07-06 01:03:38','2022-07-06 01:03:38',NULL),(87,7272,87,87,NULL,'2022-07-06 01:03:38','2022-07-06 01:03:38',NULL),(88,7272,88,88,NULL,'2022-07-06 01:03:38','2022-07-06 01:03:38',NULL),(89,7272,89,89,NULL,'2022-07-06 01:03:38','2022-07-06 01:03:38',NULL),(90,7272,90,90,NULL,'2022-07-06 01:03:38','2022-07-06 01:03:38',NULL),(91,7272,91,91,NULL,'2022-07-06 01:03:38','2022-07-06 01:03:38',NULL),(92,7272,92,92,NULL,'2022-07-06 01:03:38','2022-07-06 01:03:38',NULL),(93,7272,93,93,NULL,'2022-07-06 01:03:38','2022-07-06 01:03:38',NULL),(94,7272,94,94,NULL,'2022-07-06 01:03:38','2022-07-06 01:03:38',NULL),(95,7272,95,95,NULL,'2022-07-06 01:03:38','2022-07-06 01:03:38',NULL),(96,7272,96,96,NULL,'2022-07-06 01:03:38','2022-07-06 01:03:38',NULL),(97,7272,97,97,NULL,'2022-07-06 01:03:38','2022-07-06 01:03:38',NULL),(98,7272,98,98,NULL,'2022-07-06 01:03:38','2022-07-06 01:03:38',NULL),(99,7272,99,99,NULL,'2022-07-06 01:03:38','2022-07-06 01:03:38',NULL),(100,7272,100,100,NULL,'2022-07-06 01:03:38','2022-07-06 01:03:38',NULL),(101,7272,101,101,NULL,'2022-07-06 01:13:55','2022-07-06 01:13:55',NULL),(102,7272,102,102,NULL,'2022-07-06 01:15:15','2022-07-06 01:15:15',NULL),(103,7272,103,103,NULL,'2022-07-06 01:21:04','2022-07-06 01:21:04',NULL),(104,7272,104,104,NULL,'2022-07-11 19:51:47','2022-07-11 19:51:47',NULL),(105,7272,105,105,NULL,'2022-07-11 19:51:47','2022-07-11 19:51:47',NULL),(106,7272,106,106,NULL,'2022-07-11 19:51:47','2022-07-11 19:51:47',NULL),(107,7272,107,107,NULL,'2022-07-11 19:51:47','2022-07-11 19:51:47',NULL),(108,7272,108,108,NULL,'2022-07-11 19:51:47','2022-07-11 19:51:47',NULL),(109,7272,109,109,NULL,'2022-07-11 19:51:47','2022-07-11 19:51:47',NULL),(110,7272,110,110,NULL,'2022-07-11 19:51:47','2022-07-11 19:51:47',NULL),(111,7272,111,111,NULL,'2022-07-11 19:51:47','2022-07-11 19:51:47',NULL),(112,7272,112,112,NULL,'2022-07-11 19:51:47','2022-07-11 19:51:47',NULL),(113,7272,113,113,NULL,'2022-07-11 19:51:47','2022-07-11 19:51:47',NULL);
INSERT INTO `cta_cte_cliente_pivot_receipt` VALUES (114,7272,114,114,NULL,'2022-07-11 19:51:47','2022-07-11 19:51:47',NULL),(115,7272,115,115,NULL,'2022-07-11 19:51:47','2022-07-11 19:51:47',NULL),(116,7272,116,116,NULL,'2022-07-11 19:51:47','2022-07-11 19:51:47',NULL),(117,7272,117,117,NULL,'2022-07-11 19:51:47','2022-07-11 19:51:47',NULL),(118,7272,118,118,NULL,'2022-07-11 19:51:47','2022-07-11 19:51:47',NULL),(119,7272,119,119,NULL,'2022-07-11 19:51:47','2022-07-11 19:51:47',NULL),(120,7272,120,120,NULL,'2022-07-11 19:51:48','2022-07-11 19:51:48',NULL),(121,7272,121,121,NULL,'2022-07-11 19:51:48','2022-07-11 19:51:48',NULL),(122,7272,122,122,NULL,'2022-07-11 19:51:48','2022-07-11 19:51:48',NULL),(123,7272,123,123,NULL,'2022-07-11 19:51:48','2022-07-11 19:51:48',NULL),(124,7272,124,124,NULL,'2022-07-11 19:51:48','2022-07-11 19:51:48',NULL),(125,7272,125,125,NULL,'2022-07-11 19:51:48','2022-07-11 19:51:48',NULL),(126,7272,126,126,NULL,'2022-07-11 19:51:48','2022-07-11 19:51:48',NULL),(127,7272,127,127,NULL,'2022-07-11 19:51:48','2022-07-11 19:51:48',NULL),(128,7272,128,128,NULL,'2022-07-11 19:51:48','2022-07-11 19:51:48',NULL),(129,7272,129,129,NULL,'2022-07-11 19:51:48','2022-07-11 19:51:48',NULL),(130,7272,130,130,NULL,'2022-07-11 19:51:48','2022-07-11 19:51:48',NULL),(131,7272,131,131,NULL,'2022-07-11 19:51:48','2022-07-11 19:51:48',NULL),(132,7272,132,132,NULL,'2022-07-11 19:51:48','2022-07-11 19:51:48',NULL),(133,7272,133,133,NULL,'2022-07-11 19:51:48','2022-07-11 19:51:48',NULL),(134,7272,134,134,NULL,'2022-07-11 19:51:48','2022-07-11 19:51:48',NULL),(135,7272,135,135,NULL,'2022-07-11 19:51:48','2022-07-11 19:51:48',NULL),(136,7272,136,136,NULL,'2022-07-11 19:51:48','2022-07-11 19:51:48',NULL),(137,7272,137,137,NULL,'2022-07-11 19:51:48','2022-07-11 19:51:48',NULL),(138,7272,138,138,NULL,'2022-07-11 19:51:48','2022-07-11 19:51:48',NULL),(139,7272,139,139,NULL,'2022-07-11 19:51:48','2022-07-11 19:51:48',NULL),(140,7272,140,140,NULL,'2022-07-11 19:51:48','2022-07-11 19:51:48',NULL),(141,7272,141,141,NULL,'2022-07-11 19:51:48','2022-07-11 19:51:48',NULL),(142,7272,142,142,NULL,'2022-07-11 19:51:48','2022-07-11 19:51:48',NULL),(143,7272,143,143,NULL,'2022-07-11 19:51:48','2022-07-11 19:51:48',NULL),(144,7272,144,144,NULL,'2022-07-11 19:51:48','2022-07-11 19:51:48',NULL),(145,7272,145,145,NULL,'2022-07-11 19:51:48','2022-07-11 19:51:48',NULL),(146,7272,146,146,NULL,'2022-07-11 19:51:48','2022-07-11 19:51:48',NULL),(147,7272,147,147,NULL,'2022-07-11 19:51:48','2022-07-11 19:51:48',NULL),(148,7272,148,148,NULL,'2022-07-11 19:51:48','2022-07-11 19:51:48',NULL),(149,7272,149,149,NULL,'2022-07-11 19:51:48','2022-07-11 19:51:48',NULL),(150,7272,150,150,NULL,'2022-07-11 19:51:49','2022-07-11 19:51:49',NULL),(151,7272,151,151,NULL,'2022-07-11 19:51:49','2022-07-11 19:51:49',NULL),(152,7272,152,152,NULL,'2022-07-11 19:51:49','2022-07-11 19:51:49',NULL),(153,7272,153,153,NULL,'2022-07-11 19:51:49','2022-07-11 19:51:49',NULL),(154,7272,154,154,NULL,'2022-07-11 19:51:49','2022-07-11 19:51:49',NULL),(155,7272,155,155,NULL,'2022-07-11 19:51:49','2022-07-11 19:51:49',NULL),(156,7272,156,156,NULL,'2022-07-11 19:51:49','2022-07-11 19:51:49',NULL),(157,7272,157,157,NULL,'2022-07-11 19:51:49','2022-07-11 19:51:49',NULL),(158,7272,158,158,NULL,'2022-07-11 19:51:49','2022-07-11 19:51:49',NULL),(159,7272,159,159,NULL,'2022-07-11 19:51:49','2022-07-11 19:51:49',NULL),(160,7272,160,160,NULL,'2022-07-11 19:51:49','2022-07-11 19:51:49',NULL),(161,7272,161,161,NULL,'2022-07-11 19:51:49','2022-07-11 19:51:49',NULL),(162,7272,162,162,NULL,'2022-07-11 19:51:49','2022-07-11 19:51:49',NULL),(163,7272,163,163,NULL,'2022-07-11 19:51:49','2022-07-11 19:51:49',NULL),(164,7272,164,164,NULL,'2022-07-11 19:51:49','2022-07-11 19:51:49',NULL),(165,7272,165,165,NULL,'2022-07-11 19:51:49','2022-07-11 19:51:49',NULL),(166,7272,166,166,NULL,'2022-07-11 19:51:49','2022-07-11 19:51:49',NULL),(167,7272,167,167,NULL,'2022-07-11 19:51:49','2022-07-11 19:51:49',NULL);
INSERT INTO `cta_cte_cliente_pivot_receipt` VALUES (168,7272,168,168,NULL,'2022-07-11 19:51:49','2022-07-11 19:51:49',NULL),(169,7272,169,169,NULL,'2022-07-11 19:51:49','2022-07-11 19:51:49',NULL),(170,7272,170,170,NULL,'2022-07-11 19:51:49','2022-07-11 19:51:49',NULL),(171,7272,171,171,NULL,'2022-07-11 19:51:49','2022-07-11 19:51:49',NULL),(172,7272,172,172,NULL,'2022-07-11 19:51:49','2022-07-11 19:51:49',NULL),(173,7272,173,173,NULL,'2022-07-11 19:51:49','2022-07-11 19:51:49',NULL),(174,7272,174,174,NULL,'2022-07-11 19:51:49','2022-07-11 19:51:49',NULL),(175,7272,175,175,NULL,'2022-07-11 19:51:49','2022-07-11 19:51:49',NULL),(176,7272,176,176,NULL,'2022-07-11 19:51:49','2022-07-11 19:51:49',NULL),(177,7272,177,177,NULL,'2022-07-11 19:51:49','2022-07-11 19:51:49',NULL),(178,7272,178,178,NULL,'2022-07-11 20:09:27','2022-07-11 20:09:27',NULL),(179,7272,179,179,NULL,'2022-07-11 20:11:50','2022-07-11 20:11:50',NULL),(180,7272,180,180,NULL,'2022-07-11 20:13:33','2022-07-11 20:13:33',NULL),(181,7272,181,181,NULL,'2022-07-11 20:14:19','2022-07-11 20:14:19',NULL),(182,7272,182,182,NULL,'2022-07-11 20:15:04','2022-07-11 20:15:04',NULL),(183,7272,183,183,NULL,'2022-07-11 20:15:42','2022-07-11 20:15:42',NULL),(184,7272,184,184,NULL,'2022-07-11 20:16:17','2022-07-11 20:16:17',NULL),(185,7272,185,185,NULL,'2022-07-11 20:16:47','2022-07-11 20:16:47',NULL),(186,7272,186,186,NULL,'2022-07-11 20:23:25','2022-07-11 20:23:25',NULL),(187,7272,187,187,NULL,'2022-07-11 20:24:00','2022-07-12 16:44:28','2022-07-12 16:44:28'),(188,7272,188,188,NULL,'2022-07-11 20:26:17','2022-07-12 16:44:59','2022-07-12 16:44:59'),(189,7272,189,189,NULL,'2022-07-11 20:28:47','2022-07-12 16:45:24','2022-07-12 16:45:24'),(190,7272,190,190,NULL,'2022-07-11 20:29:09','2022-07-12 16:46:32','2022-07-12 16:46:32'),(191,7272,191,191,NULL,'2022-07-11 20:30:43','2022-07-12 16:47:31','2022-07-12 16:47:31'),(192,7272,192,192,NULL,'2022-07-11 20:31:21','2022-07-11 20:31:21',NULL),(193,7272,193,193,NULL,'2022-07-11 20:32:27','2022-07-11 20:32:27',NULL),(194,7272,194,194,NULL,'2022-07-11 20:32:58','2022-07-11 20:32:58',NULL),(195,7272,195,195,NULL,'2022-07-11 20:33:22','2022-07-11 20:33:22',NULL),(196,7272,196,196,NULL,'2022-07-11 20:39:32','2022-07-11 20:39:32',NULL),(197,7272,197,197,NULL,'2022-07-11 20:39:56','2022-07-11 20:39:56',NULL),(198,7272,198,198,NULL,'2022-07-11 20:44:01','2022-07-12 17:50:02','2022-07-12 17:50:02'),(199,7272,199,199,NULL,'2022-07-11 20:44:43','2022-07-11 20:44:43',NULL),(200,7272,200,200,NULL,'2022-07-11 20:45:53','2022-07-11 20:45:53',NULL),(201,7272,201,201,NULL,'2022-07-11 20:46:39','2022-07-11 20:46:39',NULL),(202,7272,202,202,NULL,'2022-07-11 20:47:32','2022-07-11 20:47:32',NULL),(203,7272,203,203,NULL,'2022-07-11 20:48:06','2022-07-11 20:48:06',NULL),(204,7272,204,204,NULL,'2022-07-11 20:48:55','2022-07-11 20:48:55',NULL),(205,7272,205,205,NULL,'2022-07-11 20:49:23','2022-07-11 20:49:23',NULL),(206,7272,206,206,NULL,'2022-07-11 20:51:09','2022-07-11 20:51:09',NULL),(207,7272,207,207,NULL,'2022-07-11 20:52:51','2022-07-11 20:52:51',NULL),(208,7272,208,208,NULL,'2022-07-11 20:53:22','2022-07-11 20:53:22',NULL),(209,7272,209,209,NULL,'2022-07-11 21:01:14','2022-07-11 21:01:14',NULL),(210,7272,210,210,NULL,'2022-07-11 21:03:23','2022-07-11 21:03:23',NULL),(211,7272,211,211,NULL,'2022-07-11 21:04:21','2022-07-11 21:04:21',NULL),(212,7272,212,212,NULL,'2022-07-11 21:04:58','2022-07-11 21:04:58',NULL),(213,7272,213,213,NULL,'2022-07-11 21:05:47','2022-07-11 21:05:47',NULL),(214,7272,214,214,NULL,'2022-07-11 21:06:19','2022-07-11 21:06:19',NULL),(215,7272,215,215,NULL,'2022-07-11 21:06:52','2022-07-11 21:06:52',NULL),(216,7272,216,216,NULL,'2022-07-11 21:07:38','2022-07-11 21:07:38',NULL),(217,7272,217,217,NULL,'2022-07-11 21:09:15','2022-07-11 21:09:15',NULL),(218,7272,218,218,NULL,'2022-07-11 21:10:10','2022-07-11 21:10:10',NULL),(219,7272,219,219,NULL,'2022-07-11 21:10:56','2022-07-11 21:10:56',NULL),(220,7272,220,220,NULL,'2022-07-11 21:23:23','2022-07-11 21:23:23',NULL);
INSERT INTO `cta_cte_cliente_pivot_receipt` VALUES (221,7272,221,221,NULL,'2022-07-11 21:23:23','2022-07-11 21:23:23',NULL),(222,7272,222,222,NULL,'2022-07-11 21:23:23','2022-07-11 21:23:23',NULL),(223,7272,223,223,NULL,'2022-07-11 21:23:23','2022-07-11 21:23:23',NULL),(224,7272,224,224,NULL,'2022-07-11 21:23:23','2022-07-11 21:23:23',NULL),(225,7272,225,225,NULL,'2022-07-11 21:23:23','2022-07-11 21:23:23',NULL),(226,7272,226,226,NULL,'2022-07-11 21:23:23','2022-07-11 21:23:23',NULL),(227,7272,227,227,NULL,'2022-07-11 21:23:23','2022-07-11 21:23:23',NULL),(228,7272,228,228,NULL,'2022-07-11 21:23:23','2022-07-11 21:23:23',NULL),(229,7272,229,229,NULL,'2022-07-11 21:23:23','2022-07-11 21:23:23',NULL),(230,7272,230,230,NULL,'2022-07-11 21:23:23','2022-07-11 21:23:23',NULL),(231,7272,231,231,NULL,'2022-07-11 21:23:23','2022-07-11 21:23:23',NULL),(232,7272,232,232,NULL,'2022-07-11 21:23:23','2022-07-11 21:23:23',NULL),(233,7272,233,233,NULL,'2022-07-11 21:23:23','2022-07-11 21:23:23',NULL),(234,7272,234,234,NULL,'2022-07-11 21:23:23','2022-07-11 21:23:23',NULL),(235,7272,235,235,NULL,'2022-07-11 21:23:23','2022-07-11 21:23:23',NULL),(236,7272,236,236,NULL,'2022-07-11 21:23:23','2022-07-11 21:23:23',NULL),(237,7272,237,237,NULL,'2022-07-11 21:23:23','2022-07-11 21:23:23',NULL),(238,7272,238,238,NULL,'2022-07-11 21:23:23','2022-07-11 21:23:23',NULL),(239,7272,239,239,NULL,'2022-07-11 21:23:23','2022-07-11 21:23:23',NULL),(240,7272,240,240,NULL,'2022-07-11 21:23:23','2022-07-11 21:23:23',NULL),(241,7272,241,241,NULL,'2022-07-11 21:23:23','2022-07-11 21:23:23',NULL),(242,7272,242,242,NULL,'2022-07-11 21:23:24','2022-07-11 21:23:24',NULL),(243,7272,243,243,NULL,'2022-07-11 21:23:24','2022-07-11 21:23:24',NULL),(244,7272,244,244,NULL,'2022-07-11 21:23:24','2022-07-11 21:23:24',NULL),(245,7272,245,245,NULL,'2022-07-11 21:23:24','2022-07-11 21:23:24',NULL),(246,7272,246,246,NULL,'2022-07-11 21:23:24','2022-07-11 21:23:24',NULL),(247,7272,247,247,NULL,'2022-07-11 21:23:24','2022-07-11 21:23:24',NULL),(248,7272,248,248,NULL,'2022-07-11 21:23:24','2022-07-11 21:23:24',NULL),(249,7272,249,249,NULL,'2022-07-11 21:23:24','2022-07-11 21:23:24',NULL),(250,7272,250,250,NULL,'2022-07-11 21:23:24','2022-07-11 21:23:24',NULL),(251,7272,251,251,NULL,'2022-07-11 21:23:24','2022-07-11 21:23:24',NULL),(252,7272,252,252,NULL,'2022-07-11 21:23:24','2022-07-11 21:23:24',NULL),(253,7272,253,253,NULL,'2022-07-11 21:23:24','2022-07-11 21:23:24',NULL),(254,7272,254,254,NULL,'2022-07-11 21:23:24','2022-07-11 21:23:24',NULL),(255,7272,255,255,NULL,'2022-07-11 21:23:24','2022-07-11 21:23:24',NULL),(256,7272,256,256,NULL,'2022-07-11 21:23:24','2022-07-11 21:23:24',NULL),(257,7272,257,257,NULL,'2022-07-11 21:23:24','2022-07-11 21:23:24',NULL),(258,7272,258,258,NULL,'2022-07-11 21:23:24','2022-07-11 21:23:24',NULL),(259,7272,259,259,NULL,'2022-07-11 21:23:24','2022-07-11 21:23:24',NULL),(260,7272,260,260,NULL,'2022-07-11 21:23:24','2022-07-11 21:23:24',NULL),(261,7272,261,261,NULL,'2022-07-11 21:23:24','2022-07-11 21:23:24',NULL),(262,7272,262,262,NULL,'2022-07-11 21:23:24','2022-07-11 21:23:24',NULL),(263,7272,263,263,NULL,'2022-07-11 21:23:24','2022-07-11 21:23:24',NULL),(264,7272,264,264,NULL,'2022-07-11 21:23:24','2022-07-11 21:23:24',NULL),(265,7272,265,265,NULL,'2022-07-11 21:23:24','2022-07-11 21:23:24',NULL),(266,7272,266,266,NULL,'2022-07-11 21:23:24','2022-07-11 21:23:24',NULL),(267,7272,267,267,NULL,'2022-07-11 21:23:24','2022-07-11 21:23:24',NULL),(268,7272,268,268,NULL,'2022-07-11 21:23:25','2022-07-11 21:23:25',NULL),(269,7272,269,269,NULL,'2022-07-11 21:23:25','2022-07-11 21:23:25',NULL),(270,7272,270,270,NULL,'2022-07-11 21:23:25','2022-07-11 21:23:25',NULL),(271,7272,271,271,NULL,'2022-07-11 21:23:25','2022-07-11 21:23:25',NULL),(272,7272,272,272,NULL,'2022-07-11 21:23:25','2022-07-11 21:23:25',NULL),(273,7272,273,273,NULL,'2022-07-11 21:23:25','2022-07-11 21:23:25',NULL),(274,7272,274,274,NULL,'2022-07-11 21:23:25','2022-07-11 21:23:25',NULL);
INSERT INTO `cta_cte_cliente_pivot_receipt` VALUES (275,7272,275,275,NULL,'2022-07-11 21:23:25','2022-07-11 21:23:25',NULL),(276,7272,276,276,NULL,'2022-07-11 21:23:25','2022-07-11 21:23:25',NULL),(277,7272,277,277,NULL,'2022-07-11 21:23:25','2022-07-11 21:23:25',NULL),(278,7272,278,278,NULL,'2022-07-11 21:23:25','2022-07-11 21:23:25',NULL),(279,7272,279,279,NULL,'2022-07-11 21:23:25','2022-07-11 21:23:25',NULL),(280,7272,280,280,NULL,'2022-07-11 21:23:25','2022-07-11 21:23:25',NULL),(281,7272,281,281,NULL,'2022-07-11 21:23:25','2022-07-11 21:23:25',NULL),(282,7272,282,282,NULL,'2022-07-11 21:23:25','2022-07-11 21:23:25',NULL),(283,7272,283,283,NULL,'2022-07-11 21:23:25','2022-07-11 21:23:25',NULL),(284,7272,284,284,NULL,'2022-07-11 21:23:25','2022-07-11 21:23:25',NULL),(285,7272,285,285,NULL,'2022-07-11 21:23:25','2022-07-11 21:23:25',NULL),(286,7272,286,286,NULL,'2022-07-11 21:23:25','2022-07-11 21:23:25',NULL),(287,7272,287,287,NULL,'2022-07-11 21:23:25','2022-07-11 21:23:25',NULL),(288,7272,288,288,NULL,'2022-07-11 21:23:25','2022-07-11 21:23:25',NULL),(289,7272,289,289,NULL,'2022-07-11 21:23:25','2022-07-11 21:23:25',NULL),(290,7272,290,290,NULL,'2022-07-11 21:23:25','2022-07-11 21:23:25',NULL),(291,7272,291,291,NULL,'2022-07-11 21:23:25','2022-07-11 21:23:25',NULL),(292,7272,292,292,NULL,'2022-07-11 21:23:25','2022-07-11 21:23:25',NULL),(293,7272,293,293,NULL,'2022-07-11 21:23:25','2022-07-11 21:23:25',NULL),(294,7272,294,294,NULL,'2022-07-11 21:23:26','2022-07-11 21:23:26',NULL),(295,7272,295,295,NULL,'2022-07-11 21:23:26','2022-07-11 21:23:26',NULL),(296,7272,296,296,NULL,'2022-07-11 21:23:26','2022-07-11 21:23:26',NULL),(297,7272,297,297,NULL,'2022-07-11 21:23:26','2022-07-11 21:23:26',NULL),(298,7272,298,298,NULL,'2022-07-11 21:23:26','2022-07-11 21:23:26',NULL),(299,7272,299,299,NULL,'2022-07-12 16:09:50','2022-07-12 16:09:50',NULL),(300,7272,300,300,NULL,'2022-07-12 16:10:20','2022-07-12 16:10:20',NULL),(301,7272,301,301,NULL,'2022-07-12 16:36:49','2022-07-12 16:36:49',NULL),(302,7272,302,187,NULL,'2022-07-12 16:44:28','2022-07-12 16:44:28',NULL),(303,7272,303,188,NULL,'2022-07-12 16:44:59','2022-07-12 16:44:59',NULL),(304,7272,304,189,NULL,'2022-07-12 16:45:24','2022-07-12 16:45:24',NULL),(305,7272,305,190,NULL,'2022-07-12 16:46:32','2022-07-12 16:46:32',NULL),(306,7272,306,191,NULL,'2022-07-12 16:47:31','2022-07-12 16:47:31',NULL),(307,7272,307,198,NULL,'2022-07-12 17:50:02','2022-07-12 17:50:02',NULL),(308,7272,308,302,NULL,'2022-07-14 17:35:42','2022-07-14 17:35:42',NULL),(309,7272,309,303,NULL,'2022-07-14 17:35:42','2022-07-14 17:35:42',NULL),(310,7272,310,304,NULL,'2022-07-14 17:35:42','2022-07-14 17:35:42',NULL),(311,7272,311,305,NULL,'2022-07-14 17:35:42','2022-07-14 17:35:42',NULL),(312,7272,312,306,NULL,'2022-07-14 17:35:42','2022-07-14 17:35:42',NULL),(313,7272,313,307,NULL,'2022-07-14 17:35:42','2022-07-14 17:35:42',NULL),(314,7272,314,308,NULL,'2022-07-14 17:35:42','2022-07-14 17:35:42',NULL),(315,7272,315,309,NULL,'2022-07-14 17:35:42','2022-07-14 17:35:42',NULL),(316,7272,316,310,NULL,'2022-07-14 17:36:39','2022-07-14 17:36:39',NULL),(317,7272,317,311,NULL,'2022-07-14 17:36:39','2022-07-14 17:36:39',NULL),(318,7272,318,312,NULL,'2022-07-14 17:36:39','2022-07-14 17:36:39',NULL),(319,7272,319,313,NULL,'2022-07-14 17:36:39','2022-07-14 17:36:39',NULL),(320,7272,320,314,NULL,'2022-07-14 17:36:39','2022-07-14 17:36:39',NULL),(321,7272,321,315,NULL,'2022-07-14 17:36:39','2022-07-14 17:36:39',NULL),(322,7272,322,316,NULL,'2022-07-14 17:36:39','2022-07-14 17:36:39',NULL),(323,7272,323,317,NULL,'2022-07-14 17:36:39','2022-07-14 17:36:39',NULL),(324,7272,324,318,NULL,'2022-07-14 17:36:39','2022-07-14 17:36:39',NULL),(325,7272,325,319,NULL,'2022-07-14 17:36:39','2022-07-14 17:36:39',NULL),(326,7272,326,320,NULL,'2022-07-14 17:36:39','2022-07-14 17:36:39',NULL),(327,7272,327,321,NULL,'2022-07-14 17:36:39','2022-07-14 17:36:39',NULL),(328,7272,328,322,NULL,'2022-07-14 17:36:39','2022-07-14 17:36:39',NULL);
INSERT INTO `cta_cte_cliente_pivot_receipt` VALUES (329,7272,329,323,NULL,'2022-07-14 17:36:39','2022-07-14 17:36:39',NULL),(330,7272,330,324,NULL,'2022-07-14 17:36:39','2022-07-14 17:36:39',NULL),(331,7272,331,325,NULL,'2022-07-14 17:36:39','2022-07-14 17:36:39',NULL),(332,7272,332,326,NULL,'2022-07-14 17:36:39','2022-07-14 17:36:39',NULL),(333,7272,333,327,NULL,'2022-07-14 17:36:39','2022-07-14 17:36:39',NULL),(334,7272,334,328,NULL,'2022-07-14 17:36:39','2022-07-14 17:36:39',NULL),(335,7272,335,329,NULL,'2022-07-14 17:36:39','2022-07-14 17:36:39',NULL),(336,7272,336,330,NULL,'2022-07-14 17:36:39','2022-07-14 17:36:39',NULL),(337,7272,337,331,NULL,'2022-07-14 17:36:40','2022-07-14 17:36:40',NULL),(338,7272,338,332,NULL,'2022-07-14 17:36:40','2022-07-14 17:36:40',NULL),(339,7272,339,333,NULL,'2022-07-14 17:36:40','2022-07-14 17:36:40',NULL),(340,7272,340,334,NULL,'2022-07-14 17:36:40','2022-07-14 17:36:40',NULL),(341,7272,341,335,NULL,'2022-07-14 17:36:40','2022-07-14 17:36:40',NULL),(342,7272,342,336,NULL,'2022-07-14 17:36:40','2022-07-14 17:36:40',NULL),(343,7272,343,337,NULL,'2022-07-14 17:36:40','2022-07-14 17:36:40',NULL),(344,7272,344,338,NULL,'2022-07-14 17:36:40','2022-07-14 17:36:40',NULL),(345,7272,345,339,NULL,'2022-07-14 17:36:40','2022-07-14 17:36:40',NULL),(346,7272,346,340,NULL,'2022-07-14 17:36:40','2022-07-14 17:36:40',NULL),(347,7272,347,341,NULL,'2022-07-14 17:36:40','2022-07-14 17:36:40',NULL),(348,7272,348,342,NULL,'2022-07-14 17:36:40','2022-07-14 17:36:40',NULL),(349,7272,349,343,NULL,'2022-07-14 17:36:40','2022-07-14 17:36:40',NULL),(350,7272,350,344,NULL,'2022-07-14 17:36:40','2022-07-14 17:36:40',NULL),(351,7272,351,345,NULL,'2022-07-14 17:36:40','2022-07-14 17:36:40',NULL),(352,7272,352,346,NULL,'2022-07-14 17:36:40','2022-07-14 17:36:40',NULL),(353,7272,353,347,NULL,'2022-07-14 17:36:40','2022-07-14 17:36:40',NULL),(354,7272,354,348,NULL,'2022-07-14 17:36:40','2022-07-14 17:36:40',NULL),(355,7272,355,349,NULL,'2022-07-14 17:36:40','2022-07-14 17:36:40',NULL),(356,7272,356,350,NULL,'2022-07-14 17:36:40','2022-07-14 17:36:40',NULL),(357,7272,357,351,NULL,'2022-07-14 17:36:40','2022-07-14 17:36:40',NULL),(358,7272,358,352,NULL,'2022-07-14 17:36:40','2022-07-14 17:36:40',NULL),(359,7272,359,353,NULL,'2022-07-14 17:36:40','2022-07-14 17:36:40',NULL),(360,7272,360,354,NULL,'2022-07-14 17:36:40','2022-07-14 17:36:40',NULL),(361,7272,361,355,NULL,'2022-07-14 17:36:40','2022-07-14 17:36:40',NULL),(362,7272,362,356,NULL,'2022-07-14 17:36:40','2022-07-14 17:36:40',NULL),(363,7272,363,357,NULL,'2022-07-14 17:36:41','2022-07-14 17:36:41',NULL),(364,7272,364,358,NULL,'2022-07-14 17:36:41','2022-07-14 17:36:41',NULL),(365,7272,365,359,NULL,'2022-07-14 17:36:41','2022-07-14 17:36:41',NULL),(366,7272,366,360,NULL,'2022-07-14 17:36:41','2022-07-14 17:36:41',NULL),(367,7272,367,361,NULL,'2022-07-14 17:36:41','2022-07-14 17:36:41',NULL),(368,7272,368,362,NULL,'2022-07-14 17:36:41','2022-07-14 17:36:41',NULL),(369,7272,369,363,NULL,'2022-07-14 20:58:44','2022-07-14 20:58:44',NULL),(370,7272,370,364,NULL,'2022-07-14 20:58:44','2022-07-14 20:58:44',NULL),(371,7272,371,365,NULL,'2022-07-14 20:58:44','2022-07-14 20:58:44',NULL),(372,7272,372,366,NULL,'2022-07-14 20:58:44','2022-07-14 20:58:44',NULL),(373,7272,373,367,NULL,'2022-07-14 20:58:44','2022-07-14 20:58:44',NULL),(374,7272,374,368,NULL,'2022-07-14 20:58:44','2022-07-14 20:58:44',NULL),(375,7272,375,369,NULL,'2022-07-14 20:58:44','2022-07-14 20:58:44',NULL),(376,7272,376,370,NULL,'2022-07-14 20:58:44','2022-07-14 20:58:44',NULL),(377,7272,377,371,NULL,'2022-07-14 20:58:44','2022-07-14 20:58:44',NULL),(378,7272,378,372,NULL,'2022-07-14 20:58:44','2022-07-14 20:58:44',NULL),(379,7272,379,373,NULL,'2022-07-14 20:58:44','2022-07-14 20:58:44',NULL),(380,7272,380,374,NULL,'2022-07-14 20:58:44','2022-07-14 20:58:44',NULL),(381,7272,381,375,NULL,'2022-07-14 20:58:44','2022-07-14 20:58:44',NULL),(382,7272,382,376,NULL,'2022-07-14 20:58:44','2022-07-14 20:58:44',NULL);
INSERT INTO `cta_cte_cliente_pivot_receipt` VALUES (383,7272,383,377,NULL,'2022-07-14 20:58:44','2022-07-14 20:58:44',NULL),(384,7272,384,378,NULL,'2022-07-14 20:58:44','2022-07-14 20:58:44',NULL),(385,7272,385,379,NULL,'2022-07-14 20:58:44','2022-07-14 20:58:44',NULL),(386,7272,386,380,NULL,'2022-07-14 20:58:44','2022-07-14 20:58:44',NULL),(387,7272,387,381,NULL,'2022-07-14 20:58:44','2022-07-14 20:58:44',NULL),(388,7272,388,382,NULL,'2022-07-14 20:58:44','2022-07-14 20:58:44',NULL),(389,7272,389,383,NULL,'2022-07-14 20:58:44','2022-07-14 20:58:44',NULL),(390,7272,390,384,NULL,'2022-07-14 20:58:44','2022-07-14 20:58:44',NULL),(391,7272,391,385,NULL,'2022-07-14 21:01:58','2022-07-14 21:01:58',NULL),(392,7272,392,386,NULL,'2022-07-14 21:01:58','2022-07-14 21:01:58',NULL),(393,7272,393,387,NULL,'2022-07-14 21:01:58','2022-07-14 21:01:58',NULL),(394,7272,394,388,NULL,'2022-07-14 21:01:58','2022-07-14 21:01:58',NULL);

--
-- Table structure for table `cta_cte_tesoreria`
--

CREATE TABLE `cta_cte_tesoreria` (
  `id` int(10) unsigned NOT NULL AUTO_INCREMENT,
  `user_id` int(10) unsigned DEFAULT NULL,
  `person_id` int(10) unsigned NOT NULL,
  `cta_cte_cliente_id` int(10) unsigned DEFAULT NULL,
  `nf_cta_cte_id` int(10) unsigned DEFAULT NULL,
  `cta_cte_tesoreria_cuenta_id` int(10) unsigned NOT NULL,
  `period_id` int(10) unsigned NOT NULL,
  `fecha` date DEFAULT NULL,
  `total` decimal(16,2) NOT NULL,
  `moneda_id` int(10) unsigned NOT NULL DEFAULT '1',
  `cotizacion` decimal(9,2) NOT NULL DEFAULT '1.00',
  `comentario` varchar(191) COLLATE utf8mb4_unicode_ci DEFAULT NULL,
  `file` varchar(191) COLLATE utf8mb4_unicode_ci DEFAULT NULL,
  `created_at` timestamp NULL DEFAULT NULL,
  `updated_at` timestamp NULL DEFAULT NULL,
  `deleted_at` timestamp NULL DEFAULT NULL,
  `ticket_id` bigint(20) unsigned DEFAULT NULL,
  PRIMARY KEY (`id`),
  KEY `cta_cte_tesoreria_person_id_foreign` (`person_id`),
  KEY `cta_cte_tesoreria_cta_cte_cliente_id_foreign` (`cta_cte_cliente_id`),
  KEY `cta_cte_tesoreria_cta_cte_tesoreria_cuenta_id_foreign` (`cta_cte_tesoreria_cuenta_id`),
  KEY `cta_cte_tesoreria_period_id_foreign` (`period_id`),
  KEY `cta_cte_tesoreria_nf_cta_cte_id_foreign` (`nf_cta_cte_id`),
  KEY `cta_cte_tesoreria_moneda_id_foreign` (`moneda_id`),
  KEY `cta_cte_tesoreria_ticket_id_foreign` (`ticket_id`),
  CONSTRAINT `cta_cte_tesoreria_cta_cte_cliente_id_foreign` FOREIGN KEY (`cta_cte_cliente_id`) REFERENCES `cta_cte_cliente` (`id`),
  CONSTRAINT `cta_cte_tesoreria_cta_cte_tesoreria_cuenta_id_foreign` FOREIGN KEY (`cta_cte_tesoreria_cuenta_id`) REFERENCES `cta_cte_tesoreria_cuentas` (`id`),
  CONSTRAINT `cta_cte_tesoreria_moneda_id_foreign` FOREIGN KEY (`moneda_id`) REFERENCES `monedas` (`id`),
  CONSTRAINT `cta_cte_tesoreria_nf_cta_cte_id_foreign` FOREIGN KEY (`nf_cta_cte_id`) REFERENCES `nf_cta_cte` (`id`),
  CONSTRAINT `cta_cte_tesoreria_period_id_foreign` FOREIGN KEY (`period_id`) REFERENCES `periods` (`id`),
  CONSTRAINT `cta_cte_tesoreria_person_id_foreign` FOREIGN KEY (`person_id`) REFERENCES `persons` (`id`),
  CONSTRAINT `cta_cte_tesoreria_ticket_id_foreign` FOREIGN KEY (`ticket_id`) REFERENCES `tickets` (`id`)
) ENGINE=InnoDB DEFAULT CHARSET=utf8mb4 COLLATE=utf8mb4_unicode_ci;

--
-- Dumping data for table `cta_cte_tesoreria`
--


--
-- Table structure for table `cta_cte_tesoreria_banco_cheq`
--

CREATE TABLE `cta_cte_tesoreria_banco_cheq` (
  `id` int(10) unsigned NOT NULL AUTO_INCREMENT,
  `user_id` int(10) unsigned DEFAULT NULL,
  `person_id` int(10) unsigned NOT NULL,
  `cta_cte_tesoreria_cuenta_id` int(10) unsigned NOT NULL,
  `cta_cte_tesoreria_banco_id` int(10) unsigned NOT NULL,
  `chequera_tipo_id` int(10) unsigned NOT NULL,
  `serie` text COLLATE utf8mb4_unicode_ci,
  `numero_cheque` int(11) DEFAULT NULL,
  `habilitado` tinyint(1) NOT NULL DEFAULT '1',
  `created_at` timestamp NULL DEFAULT NULL,
  `updated_at` timestamp NULL DEFAULT NULL,
  `deleted_at` timestamp NULL DEFAULT NULL,
  PRIMARY KEY (`id`),
  KEY `cta_cte_tesoreria_banco_cheq_person_id_foreign` (`person_id`),
  KEY `cta_cte_tesoreria_banco_cheq_cta_cte_tesoreria_cuenta_id_foreign` (`cta_cte_tesoreria_cuenta_id`),
  KEY `cta_cte_tesoreria_banco_cheq_cta_cte_tesoreria_banco_id_foreign` (`cta_cte_tesoreria_banco_id`),
  KEY `cta_cte_tesoreria_banco_cheq_chequera_tipo_id_foreign` (`chequera_tipo_id`),
  CONSTRAINT `cta_cte_tesoreria_banco_cheq_chequera_tipo_id_foreign` FOREIGN KEY (`chequera_tipo_id`) REFERENCES `chequeras_tipos` (`id`),
  CONSTRAINT `cta_cte_tesoreria_banco_cheq_cta_cte_tesoreria_banco_id_foreign` FOREIGN KEY (`cta_cte_tesoreria_banco_id`) REFERENCES `cta_cte_tesoreria_bancos` (`id`),
  CONSTRAINT `cta_cte_tesoreria_banco_cheq_cta_cte_tesoreria_cuenta_id_foreign` FOREIGN KEY (`cta_cte_tesoreria_cuenta_id`) REFERENCES `cta_cte_tesoreria_cuentas` (`id`),
  CONSTRAINT `cta_cte_tesoreria_banco_cheq_person_id_foreign` FOREIGN KEY (`person_id`) REFERENCES `persons` (`id`)
) ENGINE=InnoDB DEFAULT CHARSET=utf8mb4 COLLATE=utf8mb4_unicode_ci;

--
-- Dumping data for table `cta_cte_tesoreria_banco_cheq`
--


--
-- Table structure for table `cta_cte_tesoreria_banco_claves`
--

CREATE TABLE `cta_cte_tesoreria_banco_claves` (
  `id` int(10) unsigned NOT NULL AUTO_INCREMENT,
  `user_id` int(10) unsigned DEFAULT NULL,
  `person_id` int(10) unsigned NOT NULL,
  `cta_cte_tesoreria_cuenta_id` int(10) unsigned NOT NULL,
  `cta_cte_tesoreria_banco_id` int(10) unsigned NOT NULL,
  `descripcion` longtext COLLATE utf8mb4_unicode_ci,
  `created_at` timestamp NULL DEFAULT NULL,
  `updated_at` timestamp NULL DEFAULT NULL,
  `deleted_at` timestamp NULL DEFAULT NULL,
  PRIMARY KEY (`id`),
  KEY `cta_cte_tesoreria_banco_claves_person_id_foreign` (`person_id`),
  KEY `ct_cuenta_id` (`cta_cte_tesoreria_cuenta_id`),
  KEY `ct_banco_id` (`cta_cte_tesoreria_banco_id`),
  CONSTRAINT `ct_banco_id` FOREIGN KEY (`cta_cte_tesoreria_banco_id`) REFERENCES `cta_cte_tesoreria_bancos` (`id`),
  CONSTRAINT `ct_cuenta_id` FOREIGN KEY (`cta_cte_tesoreria_cuenta_id`) REFERENCES `cta_cte_tesoreria_cuentas` (`id`),
  CONSTRAINT `cta_cte_tesoreria_banco_claves_person_id_foreign` FOREIGN KEY (`person_id`) REFERENCES `persons` (`id`)
) ENGINE=InnoDB DEFAULT CHARSET=utf8mb4 COLLATE=utf8mb4_unicode_ci;

--
-- Dumping data for table `cta_cte_tesoreria_banco_claves`
--


--
-- Table structure for table `cta_cte_tesoreria_bancos`
--

CREATE TABLE `cta_cte_tesoreria_bancos` (
  `id` int(10) unsigned NOT NULL AUTO_INCREMENT,
  `user_id` int(10) unsigned DEFAULT NULL,
  `person_id` int(10) unsigned NOT NULL,
  `cta_cte_tesoreria_cuenta_id` int(10) unsigned NOT NULL,
  `ctacte_banco_id` int(10) unsigned NOT NULL,
  `persona_empresa` int(11) NOT NULL DEFAULT '1',
  `zone_id` int(10) unsigned NOT NULL,
  `cuenta_contable_id` int(10) unsigned NOT NULL,
  `cuenta_contable_id_diferido` int(10) unsigned DEFAULT NULL,
  `cuenta_contable_id_pend_acred` int(10) unsigned DEFAULT NULL,
  `numero_cuenta` text COLLATE utf8mb4_unicode_ci,
  `cbu` text COLLATE utf8mb4_unicode_ci,
  `alias` text COLLATE utf8mb4_unicode_ci,
  `habilitado` tinyint(1) NOT NULL DEFAULT '1',
  `created_at` timestamp NULL DEFAULT NULL,
  `updated_at` timestamp NULL DEFAULT NULL,
  `deleted_at` timestamp NULL DEFAULT NULL,
  PRIMARY KEY (`id`),
  KEY `cta_cte_tesoreria_bancos_person_id_foreign` (`person_id`),
  KEY `cta_cte_tesoreria_bancos_cta_cte_tesoreria_cuenta_id_foreign` (`cta_cte_tesoreria_cuenta_id`),
  KEY `cta_cte_tesoreria_bancos_ctacte_banco_id_foreign` (`ctacte_banco_id`),
  KEY `cta_cte_tesoreria_bancos_zone_id_foreign` (`zone_id`),
  KEY `cta_cte_tesoreria_bancos_cuenta_contable_id_foreign` (`cuenta_contable_id`),
  KEY `cta_cte_tesoreria_bancos_cuenta_contable_id_diferido_foreign` (`cuenta_contable_id_diferido`),
  KEY `cta_cte_tesoreria_bancos_cuenta_contable_id_pend_acred_foreign` (`cuenta_contable_id_pend_acred`),
  CONSTRAINT `cta_cte_tesoreria_bancos_cta_cte_tesoreria_cuenta_id_foreign` FOREIGN KEY (`cta_cte_tesoreria_cuenta_id`) REFERENCES `cta_cte_tesoreria_cuentas` (`id`),
  CONSTRAINT `cta_cte_tesoreria_bancos_ctacte_banco_id_foreign` FOREIGN KEY (`ctacte_banco_id`) REFERENCES `ctacte_bancos` (`id`),
  CONSTRAINT `cta_cte_tesoreria_bancos_cuenta_contable_id_diferido_foreign` FOREIGN KEY (`cuenta_contable_id_diferido`) REFERENCES `conta_plan_cuenta` (`id`),
  CONSTRAINT `cta_cte_tesoreria_bancos_cuenta_contable_id_foreign` FOREIGN KEY (`cuenta_contable_id`) REFERENCES `conta_plan_cuenta` (`id`),
  CONSTRAINT `cta_cte_tesoreria_bancos_cuenta_contable_id_pend_acred_foreign` FOREIGN KEY (`cuenta_contable_id_pend_acred`) REFERENCES `conta_plan_cuenta` (`id`),
  CONSTRAINT `cta_cte_tesoreria_bancos_person_id_foreign` FOREIGN KEY (`person_id`) REFERENCES `persons` (`id`),
  CONSTRAINT `cta_cte_tesoreria_bancos_zone_id_foreign` FOREIGN KEY (`zone_id`) REFERENCES `zones` (`id`)
) ENGINE=InnoDB DEFAULT CHARSET=utf8mb4 COLLATE=utf8mb4_unicode_ci;

--
-- Dumping data for table `cta_cte_tesoreria_bancos`
--


--
-- Table structure for table `cta_cte_tesoreria_cuenta_tipos`
--

CREATE TABLE `cta_cte_tesoreria_cuenta_tipos` (
  `id` int(10) unsigned NOT NULL AUTO_INCREMENT,
  `user_id` int(10) unsigned DEFAULT NULL,
  `descripcion` text COLLATE utf8mb4_unicode_ci NOT NULL,
  `habilitado` tinyint(1) NOT NULL DEFAULT '1',
  `created_at` timestamp NULL DEFAULT NULL,
  `updated_at` timestamp NULL DEFAULT NULL,
  `deleted_at` timestamp NULL DEFAULT NULL,
  PRIMARY KEY (`id`)
) ENGINE=InnoDB AUTO_INCREMENT=9 DEFAULT CHARSET=utf8mb4 COLLATE=utf8mb4_unicode_ci;

--
-- Dumping data for table `cta_cte_tesoreria_cuenta_tipos`
--

INSERT INTO `cta_cte_tesoreria_cuenta_tipos` VALUES (1,NULL,'CAJA',1,NULL,NULL,NULL),(2,NULL,'BANCOS',1,NULL,NULL,NULL),(3,NULL,'CHEQUES',1,NULL,NULL,NULL),(4,NULL,'RETENCIONES',1,NULL,NULL,NULL),(5,NULL,'PERCEPCIONES',1,NULL,NULL,NULL),(6,NULL,'RESULTADO NEGATIVO',1,NULL,NULL,NULL),(7,NULL,'RESULTADO POSITIVO',1,NULL,NULL,NULL),(8,NULL,'MOVIMIENTO',1,NULL,NULL,NULL);

--
-- Table structure for table `cta_cte_tesoreria_cuentas`
--

CREATE TABLE `cta_cte_tesoreria_cuentas` (
  `id` int(10) unsigned NOT NULL AUTO_INCREMENT,
  `user_id` int(10) unsigned DEFAULT NULL,
  `moneda_id` int(10) unsigned NOT NULL DEFAULT '1',
  `plan_cuenta_id` int(10) unsigned NOT NULL,
  `person_id` int(10) unsigned DEFAULT NULL,
  `cta_cte_tesoreria_cuenta_tipo_id` int(10) unsigned NOT NULL DEFAULT '8',
  `nombre` varchar(191) COLLATE utf8mb4_unicode_ci NOT NULL,
  `cuit` text COLLATE utf8mb4_unicode_ci,
  `cheque3ros` tinyint(1) NOT NULL DEFAULT '0',
  `cheque_emitidos` tinyint(1) NOT NULL DEFAULT '0',
  `tes_cta_cte` tinyint(1) NOT NULL DEFAULT '0',
  `tes_cuenta_origen` tinyint(1) NOT NULL DEFAULT '0',
  `tes_cuenta_destino` tinyint(1) NOT NULL DEFAULT '0',
  `conta_asientos` tinyint(1) NOT NULL DEFAULT '0',
  `habilitado` tinyint(1) NOT NULL DEFAULT '1',
  `created_at` timestamp NULL DEFAULT NULL,
  `updated_at` timestamp NULL DEFAULT NULL,
  `deleted_at` timestamp NULL DEFAULT NULL,
  PRIMARY KEY (`id`),
  KEY `cta_cte_tesoreria_cuentas_person_id_foreign` (`person_id`),
  KEY `cta_cte_tesoreria_cuentas_plan_cuenta_id_foreign` (`plan_cuenta_id`),
  KEY `cta_tes_tipo_id_foreign` (`cta_cte_tesoreria_cuenta_tipo_id`),
  KEY `cta_cte_tesoreria_cuentas_moneda_id_foreign` (`moneda_id`),
  CONSTRAINT `cta_cte_tesoreria_cuentas_moneda_id_foreign` FOREIGN KEY (`moneda_id`) REFERENCES `monedas` (`id`),
  CONSTRAINT `cta_cte_tesoreria_cuentas_person_id_foreign` FOREIGN KEY (`person_id`) REFERENCES `persons` (`id`),
  CONSTRAINT `cta_cte_tesoreria_cuentas_plan_cuenta_id_foreign` FOREIGN KEY (`plan_cuenta_id`) REFERENCES `conta_plan_cuenta` (`id`),
  CONSTRAINT `cta_tes_tipo_id_foreign` FOREIGN KEY (`cta_cte_tesoreria_cuenta_tipo_id`) REFERENCES `cta_cte_tesoreria_cuenta_tipos` (`id`)
) ENGINE=InnoDB AUTO_INCREMENT=757 DEFAULT CHARSET=utf8mb4 COLLATE=utf8mb4_unicode_ci;

--
-- Dumping data for table `cta_cte_tesoreria_cuentas`
--

INSERT INTO `cta_cte_tesoreria_cuentas` VALUES (13,NULL,1,13,NULL,8,'Clientes - Deudores',NULL,0,0,0,0,0,0,1,'2019-10-19 02:10:24','2019-10-19 02:10:24',NULL),(20,NULL,1,20,NULL,8,'Anticipos Impuesto a las Ganancias',NULL,0,0,0,0,1,0,1,'2019-10-19 02:10:24','2019-10-19 02:10:24',NULL),(23,NULL,1,23,NULL,4,'Retenciones Impuesto a las Ganancias',NULL,0,0,1,0,0,0,1,'2019-10-19 02:10:24','2023-03-27 00:25:45',NULL),(25,NULL,1,25,NULL,4,'Retenciones de IVA',NULL,0,0,1,0,0,0,1,'2019-10-19 02:10:24','2023-03-27 00:25:45',NULL),(57,NULL,1,57,NULL,8,'Proveedores en Cta. Cte. locales',NULL,0,0,0,0,0,0,1,'2019-10-19 02:10:24','2019-10-19 02:10:24',NULL),(60,NULL,1,60,NULL,3,'Cheques emitidos ',NULL,0,1,1,1,1,0,1,'2019-10-19 02:10:24','2023-03-27 00:25:45',NULL),(62,NULL,1,62,NULL,8,'Sueldos y Jornales a pagar',NULL,0,0,0,0,1,0,1,'2019-10-19 02:10:24','2019-10-19 02:10:24',NULL),(140,NULL,1,140,NULL,6,'Intereses y Gastos bancarios',NULL,0,0,0,0,1,0,1,'2019-10-19 02:10:24','2023-03-27 00:25:45',NULL),(162,NULL,1,162,NULL,4,'Retenciones SUSS',NULL,0,0,1,0,0,0,1,'2019-10-19 02:10:24','2023-03-27 00:25:45',NULL),(176,NULL,1,176,NULL,3,'Cheques en Cartera',NULL,1,0,1,1,1,0,1,'2019-10-19 02:10:24','2023-03-27 00:25:45',NULL),(201,NULL,1,201,NULL,6,'Monotributo',NULL,0,0,0,0,1,0,1,'2019-10-19 02:10:24','2023-03-27 00:25:45',NULL),(203,NULL,1,203,NULL,6,'Autonomos',NULL,0,0,0,0,1,0,1,'2019-10-19 02:10:24','2023-03-27 00:25:45',NULL),(219,NULL,1,219,NULL,8,'Pagos AFIP',NULL,0,0,0,0,1,0,1,'2019-10-19 02:10:24','2019-10-19 02:10:24',NULL),(251,NULL,1,251,NULL,4,'Retenciones de IIBB Buenos Aires',NULL,0,0,1,0,0,0,1,'2019-10-19 02:10:24','2023-03-27 00:25:45',NULL),(252,NULL,1,252,NULL,4,'Retenciones de IIBB Capital Federal',NULL,0,0,1,0,0,0,1,'2019-10-19 02:10:24','2023-03-27 00:25:45',NULL),(253,NULL,1,253,NULL,4,'Retenciones de IIBB Catamarca',NULL,0,0,1,0,0,0,1,'2019-10-19 02:10:24','2023-03-27 00:25:45',NULL),(254,NULL,1,254,NULL,4,'Retenciones de IIBB Chaco',NULL,0,0,1,0,0,0,1,'2019-10-19 02:10:24','2023-03-27 00:25:45',NULL),(255,NULL,1,255,NULL,4,'Retenciones de IIBB Chubut',NULL,0,0,1,0,0,0,1,'2019-10-19 02:10:24','2023-03-27 00:25:45',NULL),(256,NULL,1,256,NULL,4,'Retenciones de IIBB Córdoba',NULL,0,0,1,0,0,0,1,'2019-10-19 02:10:24','2023-03-27 00:25:45',NULL),(257,NULL,1,257,NULL,4,'Retenciones de IIBB Corrientes',NULL,0,0,1,0,0,0,1,'2019-10-19 02:10:24','2023-03-27 00:25:45',NULL),(258,NULL,1,258,NULL,4,'Retenciones de IIBB Entre Ríos',NULL,0,0,1,0,0,0,1,'2019-10-19 02:10:24','2023-03-27 00:25:45',NULL),(259,NULL,1,259,NULL,4,'Retenciones de IIBB Formosa',NULL,0,0,1,0,0,0,1,'2019-10-19 02:10:24','2023-03-27 00:25:45',NULL),(260,NULL,1,260,NULL,4,'Retenciones de IIBB Jujuy',NULL,0,0,1,0,0,0,1,'2019-10-19 02:10:24','2023-03-27 00:25:45',NULL),(261,NULL,1,261,NULL,4,'Retenciones de IIBB La Pampa',NULL,0,0,1,0,0,0,1,'2019-10-19 02:10:24','2023-03-27 00:25:45',NULL),(262,NULL,1,262,NULL,4,'Retenciones de IIBB La Rioja',NULL,0,0,1,0,0,0,1,'2019-10-19 02:10:24','2023-03-27 00:25:45',NULL),(263,NULL,1,263,NULL,4,'Retenciones de IIBB Mendoza',NULL,0,0,1,0,0,0,1,'2019-10-19 02:10:24','2023-03-27 00:25:45',NULL),(264,NULL,1,264,NULL,4,'Retenciones de IIBB Misiones',NULL,0,0,1,0,0,0,1,'2019-10-19 02:10:24','2023-03-27 00:25:45',NULL),(265,NULL,1,265,NULL,4,'Retenciones de IIBB Neuquén',NULL,0,0,1,0,0,0,1,'2019-10-19 02:10:24','2023-03-27 00:25:45',NULL),(266,NULL,1,266,NULL,4,'Retenciones de IIBB Pascua Lama',NULL,0,0,1,0,0,0,1,'2019-10-19 02:10:24','2023-03-27 00:25:45',NULL),(267,NULL,1,267,NULL,4,'Retenciones de IIBB Río Negro',NULL,0,0,1,0,0,0,1,'2019-10-19 02:10:24','2023-03-27 00:25:45',NULL),(268,NULL,1,268,NULL,4,'Retenciones de IIBB Salta',NULL,0,0,1,0,0,0,1,'2019-10-19 02:10:24','2023-03-27 00:25:45',NULL),(269,NULL,1,269,NULL,4,'Retenciones de IIBB San Juan',NULL,0,0,1,0,0,0,1,'2019-10-19 02:10:24','2023-03-27 00:25:45',NULL),(270,NULL,1,270,NULL,4,'Retenciones de IIBB San Luis',NULL,0,0,1,0,0,0,1,'2019-10-19 02:10:24','2023-03-27 00:25:45',NULL);
INSERT INTO `cta_cte_tesoreria_cuentas` VALUES (271,NULL,1,271,NULL,4,'Retenciones de IIBB Santa Cruz',NULL,0,0,1,0,0,0,1,'2019-10-19 02:10:24','2023-03-27 00:25:45',NULL),(272,NULL,1,272,NULL,4,'Retenciones de IIBB Santa Fe',NULL,0,0,1,0,0,0,1,'2019-10-19 02:10:24','2023-03-27 00:25:46',NULL),(273,NULL,1,273,NULL,4,'Retenciones de IIBB Santiago del Estero',NULL,0,0,1,0,0,0,1,'2019-10-19 02:10:24','2023-03-27 00:25:46',NULL),(274,NULL,1,274,NULL,4,'Retenciones de IIBB Tierra del Fuego',NULL,0,0,1,0,0,0,1,'2019-10-19 02:10:24','2023-03-27 00:25:46',NULL),(275,NULL,1,275,NULL,4,'Retenciones de IIBB Tucuman',NULL,0,0,1,0,0,0,1,'2019-10-19 02:10:24','2023-03-27 00:25:46',NULL),(351,NULL,1,351,NULL,8,'BANCO SIRCREB',NULL,0,0,0,0,1,0,1,'2019-10-19 02:10:24','2019-10-19 02:10:24',NULL),(359,NULL,1,359,NULL,8,'Caja en Pesos',NULL,0,0,1,1,1,0,1,'2019-10-19 02:10:24','2023-03-20 23:17:06','2023-03-20 23:17:06'),(360,NULL,1,360,NULL,8,'Retenciones Bancarias de Ganancias a Favor',NULL,0,0,0,0,1,0,1,'2019-10-19 02:10:24','2019-10-19 02:10:24',NULL),(364,NULL,1,364,NULL,8,'Anticipo de Clientes',NULL,0,0,0,0,1,0,1,'2019-10-19 02:10:24','2019-10-19 02:10:24',NULL),(384,NULL,1,384,NULL,8,'Caja en Dolares',NULL,0,0,1,1,1,0,1,'2019-10-19 02:10:24','2023-03-20 23:17:06','2023-03-20 23:17:06'),(409,NULL,1,409,NULL,6,'IVA Crédito Fiscal No computable',NULL,0,0,0,0,1,0,1,'2019-10-19 02:10:24','2023-03-27 00:25:46',NULL),(418,NULL,1,418,NULL,8,'Deudas Bancarias',NULL,0,0,0,1,1,0,1,'2019-10-19 02:10:24','2019-10-19 02:10:24',NULL),(433,NULL,1,433,NULL,8,'Préstamo',NULL,0,0,0,1,1,0,1,'2019-10-19 02:10:24','2019-10-19 02:10:24',NULL),(441,NULL,1,441,NULL,8,'Leasing',NULL,0,0,0,1,1,0,1,'2019-10-19 02:10:24','2019-10-19 02:10:24',NULL),(448,NULL,1,448,NULL,8,'Planes de Pagos AFIP',NULL,0,0,0,1,1,0,1,'2019-10-19 02:10:24','2019-10-19 02:10:24',NULL),(450,NULL,1,450,NULL,3,'Cheques Rechazados',NULL,0,0,0,0,1,0,1,'2019-10-19 02:10:24','2023-03-27 00:25:46',NULL),(467,NULL,1,467,NULL,6,'Interés',NULL,0,0,0,0,1,0,1,'2019-10-19 02:10:24','2023-03-27 00:25:46',NULL),(468,NULL,1,14,NULL,8,'Deudores por ventas comunes',NULL,0,0,0,0,0,1,1,'2020-02-06 17:23:07','2023-03-27 00:25:46',NULL),(469,NULL,1,15,NULL,8,'Deudores por ventas morosos',NULL,0,0,0,0,0,1,1,'2020-02-06 17:23:07','2023-03-27 00:25:46',NULL),(470,NULL,1,16,NULL,8,'Deudores en gestión judicial',NULL,0,0,0,0,0,1,1,'2020-02-06 17:23:07','2023-03-27 00:25:46',NULL),(471,NULL,1,17,NULL,8,'Previsión deudores incobrables',NULL,0,0,0,0,0,1,1,'2020-02-06 17:23:07','2023-03-27 00:25:46',NULL),(472,NULL,1,22,NULL,8,'Anticipo Impto.Ganancia Mínima Presunta',NULL,0,0,0,0,0,1,1,'2020-02-06 17:23:07','2023-03-27 00:25:46',NULL),(473,NULL,1,24,NULL,4,'Impuesto a las Ganancias (Saldo a favor)',NULL,0,0,0,0,0,1,0,'2020-02-06 17:23:07','2023-06-02 07:57:25',NULL),(474,NULL,1,27,NULL,8,'Anticipos de proveedores',NULL,0,0,0,0,0,1,1,'2020-02-06 17:23:07','2023-03-27 00:25:46',NULL),(475,NULL,1,28,NULL,8,'Depósito en garantía alquileres',NULL,0,0,0,0,0,1,1,'2020-02-06 17:23:07','2023-03-27 00:25:46',NULL),(476,NULL,1,29,NULL,8,'Derechos adquiridos a devengar',NULL,0,0,0,0,0,1,1,'2020-02-06 17:23:07','2023-03-27 00:25:46',NULL),(477,NULL,1,30,NULL,8,'Intereses a devengar',NULL,0,0,0,0,0,1,1,'2020-02-06 17:23:07','2023-03-27 00:25:46',NULL),(478,NULL,1,31,NULL,8,'Cuentas a rendir - Directores',NULL,0,0,0,0,0,1,1,'2020-02-06 17:23:07','2023-03-27 00:25:46',NULL),(479,NULL,1,32,NULL,8,'Alquileres no devengados',NULL,0,0,0,0,0,1,1,'2020-02-06 17:23:07','2023-03-27 00:25:46',NULL),(480,NULL,1,38,NULL,8,'Equipos de computación valores históricos',NULL,0,0,0,0,0,1,1,'2020-02-06 17:23:07','2023-03-27 00:25:46',NULL),(481,NULL,1,39,NULL,8,'Equipos de computación ajuste',NULL,0,0,0,0,0,1,1,'2020-02-06 17:23:07','2023-03-27 00:25:46',NULL),(482,NULL,1,40,NULL,8,'Amortización Acumulada Equipos de comput.',NULL,0,0,0,0,0,1,1,'2020-02-06 17:23:07','2023-03-27 00:25:46',NULL);
INSERT INTO `cta_cte_tesoreria_cuentas` VALUES (483,NULL,1,42,NULL,8,'Instalaciones valores históricos',NULL,0,0,0,0,0,1,1,'2020-02-06 17:23:07','2023-03-27 00:25:46',NULL),(484,NULL,1,43,NULL,8,'Instalaciones ajuste',NULL,0,0,0,0,0,1,1,'2020-02-06 17:23:07','2023-03-27 00:25:46',NULL),(485,NULL,1,44,NULL,8,'Amortización Acumulada Instalaciones',NULL,0,0,0,0,0,1,1,'2020-02-06 17:23:07','2023-03-27 00:25:46',NULL),(486,NULL,1,46,NULL,8,'Muebles y utiles valores históricos',NULL,0,0,0,0,0,1,1,'2020-02-06 17:23:07','2023-03-27 00:25:46',NULL),(487,NULL,1,47,NULL,8,'Muebles y utiles ajuste',NULL,0,0,0,0,0,1,1,'2020-02-06 17:23:07','2023-03-27 00:25:46',NULL),(488,NULL,1,48,NULL,8,'Amortización Acumulada Muebles y Útiles',NULL,0,0,0,0,0,1,1,'2020-02-06 17:23:07','2023-03-27 00:25:46',NULL),(489,NULL,1,50,NULL,8,'Gastos de organización valores historicos',NULL,0,0,0,0,0,1,1,'2020-02-06 17:23:07','2023-03-27 00:25:46',NULL),(490,NULL,1,51,NULL,8,'Gastos de organización ajuste',NULL,0,0,0,0,0,1,1,'2020-02-06 17:23:07','2023-03-27 00:25:46',NULL),(491,NULL,1,52,NULL,8,'Amortización acumulada gs. de organización',NULL,0,0,0,0,0,1,1,'2020-02-06 17:23:07','2023-03-27 00:25:46',NULL),(492,NULL,1,58,NULL,8,'Proveedores en cta. cte. exterior',NULL,0,0,0,0,0,1,1,'2020-02-06 17:23:07','2023-03-27 00:25:46',NULL),(493,NULL,1,59,NULL,8,'Derechos de exhibición a devengar',NULL,0,0,0,0,0,1,1,'2020-02-06 17:23:07','2023-03-27 00:25:46',NULL),(494,NULL,1,63,NULL,8,'Cargas sociales a pagar',NULL,0,0,0,0,0,1,1,'2020-02-06 17:23:07','2023-03-27 00:25:46',NULL),(495,NULL,1,64,NULL,8,'Sindicatos a Pagar',NULL,0,0,0,0,0,1,1,'2020-02-06 17:23:07','2023-03-27 00:25:46',NULL),(496,NULL,1,67,NULL,8,'IVA Debito Fiscal',NULL,0,0,0,0,0,1,1,'2020-02-06 17:23:07','2023-03-27 00:25:46',NULL),(497,NULL,1,68,NULL,8,'IVA Credito Fiscal',NULL,0,0,0,0,0,1,1,'2020-02-06 17:23:07','2023-03-27 00:25:46',NULL),(498,NULL,1,69,NULL,8,'Impuestos Internos',NULL,0,0,0,0,0,1,1,'2020-02-06 17:23:07','2023-03-27 00:25:46',NULL),(499,NULL,1,70,NULL,8,'Impuestos al Combustible',NULL,0,0,0,0,0,1,1,'2020-02-06 17:23:07','2023-03-27 00:25:46',NULL),(500,NULL,1,71,NULL,8,'IVA Retenciones de terceros',NULL,0,0,0,0,0,1,1,'2020-02-06 17:23:07','2023-03-27 00:25:46',NULL),(501,NULL,1,72,NULL,5,'IVA Percepciones realiz.por terceros',NULL,0,0,0,0,0,1,1,'2020-02-06 17:23:07','2023-03-27 00:25:46',NULL),(502,NULL,1,73,NULL,8,'IVA Saldo a favor',NULL,0,0,0,0,0,1,1,'2020-02-06 17:23:07','2023-03-27 00:25:46',NULL),(503,NULL,1,74,NULL,8,'IVA a pagar',NULL,0,0,0,0,0,1,1,'2020-02-06 17:23:07','2023-03-27 00:25:46',NULL),(504,NULL,1,75,NULL,5,'Percepciones Ingresos Brutos',NULL,0,0,0,0,0,1,1,'2020-02-06 17:23:07','2023-03-27 00:25:46',NULL),(505,NULL,1,76,NULL,8,'Otros Pagos AFIP',NULL,0,0,0,0,0,1,1,'2020-02-06 17:23:07','2023-03-27 00:25:46',NULL),(506,NULL,1,78,NULL,8,'Impuesto a los Ingresos Brutos Pasivo',NULL,0,0,0,0,0,1,1,'2020-02-06 17:23:07','2023-03-27 00:25:46',NULL),(507,NULL,1,79,NULL,8,'Impuesto a las Ganancias',NULL,0,0,0,0,0,1,1,'2020-02-06 17:23:07','2023-03-27 00:25:46',NULL),(508,NULL,1,80,NULL,8,'Impuesto a la Ganancia Mínima Presunta',NULL,0,0,0,0,0,1,1,'2020-02-06 17:23:07','2023-03-27 00:25:46',NULL),(509,NULL,1,81,NULL,8,'AFIP - Retenciones Impuesto a las Ganancias',NULL,0,0,0,0,0,1,1,'2020-02-06 17:23:07','2023-03-27 00:25:46',NULL),(510,NULL,1,82,NULL,8,'AFIP - Plan de Facilidades Decreto 338/02',NULL,0,0,0,0,0,1,1,'2020-02-06 17:23:07','2023-03-27 00:25:46',NULL),(511,NULL,1,87,NULL,8,'Acciones en circulación',NULL,0,0,0,0,0,1,1,'2020-02-06 17:23:07','2023-03-27 00:25:46',NULL),(512,NULL,1,88,NULL,8,'Ajuste del Capital',NULL,0,0,0,0,0,1,1,'2020-02-06 17:23:07','2023-03-27 00:25:46',NULL),(513,NULL,1,89,NULL,8,'Aportes Irrevocables Futuras Suscripciones',NULL,0,0,0,0,0,1,1,'2020-02-06 17:23:07','2023-03-27 00:25:46',NULL),(514,NULL,1,91,NULL,8,'Resultado del ejercicio',NULL,0,0,0,0,0,1,1,'2020-02-06 17:23:07','2023-03-27 00:25:46',NULL);
INSERT INTO `cta_cte_tesoreria_cuentas` VALUES (515,NULL,1,92,NULL,8,'Resultado ejercicios anteriores',NULL,0,0,0,0,0,1,1,'2020-02-06 17:23:07','2023-03-27 00:25:46',NULL),(516,NULL,1,93,NULL,8,'A.R.E.A.',NULL,0,0,0,0,0,1,1,'2020-02-06 17:23:07','2023-03-27 00:25:46',NULL),(517,NULL,1,96,NULL,7,'VENTAS',NULL,0,0,0,0,1,1,1,'2020-02-06 17:23:07','2023-03-27 00:25:46',NULL),(518,NULL,1,97,NULL,7,'Honorarios',NULL,0,0,0,0,1,1,1,'2020-02-06 17:23:07','2023-03-27 00:25:46',NULL),(519,NULL,1,99,NULL,7,'Descuentos obtenidos',NULL,0,0,0,0,1,1,1,'2020-02-06 17:23:07','2023-03-27 00:25:46',NULL),(520,NULL,1,100,NULL,7,'Reintegros por exportaciones',NULL,0,0,0,0,1,1,1,'2020-02-06 17:23:07','2023-03-27 00:25:46',NULL),(521,NULL,1,102,NULL,7,'Intereses Cobrados',NULL,0,0,0,0,1,1,1,'2020-02-06 17:23:07','2023-03-27 00:25:46',NULL),(522,NULL,1,103,NULL,7,'Diferencias de cambio',NULL,0,0,0,0,1,1,1,'2020-02-06 17:23:07','2023-03-27 00:25:46',NULL),(523,NULL,1,104,NULL,7,'Descuentos obtenidos',NULL,0,0,0,0,1,1,1,'2020-02-06 17:23:07','2023-03-27 00:25:46',NULL),(524,NULL,1,110,NULL,6,'Sueldos',NULL,0,0,0,0,0,1,1,'2020-02-06 17:23:07','2023-03-27 00:25:46',NULL),(525,NULL,1,111,NULL,6,'Contribuciones',NULL,0,0,0,0,0,1,1,'2020-02-06 17:23:07','2023-03-27 00:25:46',NULL),(526,NULL,1,112,NULL,6,'Sindicato',NULL,0,0,0,0,0,1,1,'2020-02-06 17:23:07','2023-03-27 00:25:46',NULL),(527,NULL,1,114,NULL,8,'ACA',NULL,0,0,0,0,0,1,1,'2020-02-06 17:23:07','2023-03-27 00:25:46',NULL),(528,NULL,1,115,NULL,6,'Aereos',NULL,0,0,0,0,0,1,1,'2020-02-06 17:23:07','2023-03-27 00:25:46',NULL),(529,NULL,1,116,NULL,6,'Alquiler',NULL,0,0,0,0,0,1,1,'2020-02-06 17:23:07','2023-03-27 00:25:46',NULL),(530,NULL,1,117,NULL,8,'AGUA AYSA',NULL,0,0,0,0,0,1,1,'2020-02-06 17:23:07','2023-03-27 00:25:46',NULL),(531,NULL,1,118,NULL,8,'TV Cablevision',NULL,0,0,0,0,0,1,1,'2020-02-06 17:23:07','2023-03-27 00:25:46',NULL),(532,NULL,1,119,NULL,1,'Caja Jubilacion Consejo',NULL,0,0,0,0,0,1,1,'2020-02-06 17:23:07','2023-03-27 00:25:46',NULL),(533,NULL,1,120,NULL,6,'Celulares',NULL,0,0,0,0,0,1,1,'2020-02-06 17:23:07','2023-03-27 00:25:46',NULL),(534,NULL,1,121,NULL,3,'Cheques',NULL,0,0,0,0,0,1,1,'2020-02-06 17:23:07','2023-03-27 00:25:46',NULL),(535,NULL,1,123,NULL,8,'Comida',NULL,0,0,0,0,0,1,1,'2020-02-06 17:23:07','2023-03-27 00:25:46',NULL),(536,NULL,1,126,NULL,6,'Fletes y acarreos',NULL,0,0,0,0,0,1,1,'2020-02-06 17:23:07','2023-03-27 00:25:46',NULL),(537,NULL,1,127,NULL,8,'Luz Edesur',NULL,0,0,0,0,0,1,1,'2020-02-06 17:23:07','2023-03-27 00:25:46',NULL),(538,NULL,1,128,NULL,6,'Movilidad y Viáticos',NULL,0,0,0,0,0,1,1,'2020-02-06 17:23:07','2023-03-27 00:25:46',NULL),(539,NULL,1,129,NULL,8,'Mantenimiento',NULL,0,0,0,0,0,1,1,'2020-02-06 17:23:07','2023-03-27 00:25:46',NULL),(540,NULL,1,130,NULL,8,'IVA No Computable',NULL,0,0,0,0,0,1,1,'2020-02-06 17:23:07','2023-03-27 00:25:46',NULL),(541,NULL,1,131,NULL,8,'Entretenimiento',NULL,0,0,0,0,0,1,1,'2020-02-06 17:23:07','2023-03-27 00:25:46',NULL),(542,NULL,1,132,NULL,6,'Amortización Bienes de Uso',NULL,0,0,0,0,0,1,1,'2020-02-06 17:23:07','2023-03-27 00:25:46',NULL),(543,NULL,1,135,NULL,6,'Gastos varios',NULL,0,0,0,0,0,1,1,'2020-02-06 17:23:07','2023-03-27 00:25:46',NULL),(544,NULL,1,136,NULL,6,'Ajuste por redondeo',NULL,0,0,0,0,0,1,1,'2020-02-06 17:23:07','2023-03-27 00:25:46',NULL),(545,NULL,1,137,NULL,6,'Deudores Incobrables',NULL,0,0,0,0,0,1,1,'2020-02-06 17:23:07','2023-03-27 00:25:46',NULL),(546,NULL,1,141,NULL,6,'Intereses Proveedores',NULL,0,0,0,0,0,1,1,'2020-02-06 17:23:07','2023-03-27 00:25:46',NULL),(547,NULL,1,143,NULL,6,'Diferencias de cambio',NULL,0,0,0,0,0,1,1,'2020-02-06 17:23:07','2023-03-27 00:25:46',NULL),(548,NULL,1,144,NULL,8,'Diferencia de Cambio Bces. en M.Extranjera',NULL,0,0,0,0,0,1,1,'2020-02-06 17:23:07','2023-03-27 00:25:46',NULL),(549,NULL,1,145,NULL,6,'Diferencia tipo cambio Vendedor/Comprador',NULL,0,0,0,0,0,1,1,'2020-02-06 17:23:07','2023-03-27 00:25:46',NULL);
INSERT INTO `cta_cte_tesoreria_cuentas` VALUES (550,NULL,1,146,NULL,8,'Diferencia por conversion en Bce. en Mon. Extranj.',NULL,0,0,0,0,0,1,1,'2020-02-06 17:23:07','2023-03-27 00:25:46',NULL),(551,NULL,1,147,NULL,8,'Diferencia de cambio CMV',NULL,0,0,0,0,0,1,1,'2020-02-06 17:23:07','2023-03-27 00:25:46',NULL),(552,NULL,1,148,NULL,8,'Diferencia de cambio PT',NULL,0,0,0,0,0,1,1,'2020-02-06 17:23:07','2023-03-27 00:25:46',NULL),(553,NULL,1,149,NULL,8,'Resultado por Exposición a la Inflación',NULL,0,0,0,0,0,1,1,'2020-02-06 17:23:07','2023-03-27 00:25:46',NULL),(554,NULL,1,150,NULL,8,'Diferencia de cambio PE',NULL,0,0,0,0,0,1,1,'2020-02-06 17:23:07','2023-03-27 00:25:46',NULL),(555,NULL,1,151,NULL,8,'Diferencia de cambio Ds.Vtas.',NULL,0,0,0,0,0,1,1,'2020-02-06 17:23:07','2023-03-27 00:25:46',NULL),(556,NULL,1,152,NULL,6,'Diferencia de cambio ME',NULL,0,0,0,0,0,1,1,'2020-02-06 17:23:07','2023-03-27 00:25:46',NULL),(557,NULL,1,153,NULL,6,'Descuentos otorgados',NULL,0,0,0,0,0,1,1,'2020-02-06 17:23:07','2023-03-27 00:25:46',NULL),(558,NULL,1,155,NULL,6,'Impuesto a las Ganancias',NULL,0,0,0,0,0,1,1,'2020-02-06 17:23:07','2023-03-27 00:25:46',NULL),(559,NULL,1,156,NULL,6,'Impuesto a los Ingresos Brutos',NULL,0,0,0,0,0,1,1,'2020-02-06 17:23:07','2023-03-27 00:25:46',NULL),(560,NULL,1,157,NULL,6,'Impuesto al Debito y Credito Bancario',NULL,0,0,0,0,0,1,1,'2020-02-06 17:23:07','2023-03-27 00:25:46',NULL),(561,NULL,1,159,NULL,6,'Pérdida por venta bienes de uso',NULL,0,0,0,0,0,1,1,'2020-02-06 17:23:07','2023-03-27 00:25:46',NULL),(562,NULL,1,160,NULL,6,'Inversiones',NULL,0,0,0,0,0,1,1,'2020-02-06 17:23:07','2023-03-27 00:25:46',NULL),(563,NULL,1,161,NULL,6,'Amortizaciones extraordinarias',NULL,0,0,0,0,0,1,1,'2020-02-06 17:23:07','2023-03-27 00:25:46',NULL),(564,NULL,1,178,NULL,8,'Google',NULL,0,0,0,0,0,1,1,'2020-02-06 17:23:07','2023-03-27 00:25:46',NULL),(565,NULL,1,188,NULL,6,'Publicidad',NULL,0,0,0,0,0,1,1,'2020-02-06 17:23:07','2023-03-27 00:25:46',NULL),(566,NULL,1,191,NULL,6,'Cargas Sociales',NULL,0,0,0,0,0,1,1,'2020-02-06 17:23:07','2023-03-27 00:25:46',NULL),(567,NULL,1,192,NULL,6,'Honorarios',NULL,0,0,0,0,0,1,1,'2020-02-06 17:23:07','2023-03-27 00:25:46',NULL),(568,NULL,1,193,NULL,6,'Telefono Fijo',NULL,0,0,0,0,0,1,1,'2020-02-06 17:23:07','2023-03-27 00:25:46',NULL),(569,NULL,1,198,NULL,6,'Seguros',NULL,0,0,0,0,0,1,1,'2020-02-06 17:23:07','2023-03-27 00:25:46',NULL),(570,NULL,1,199,NULL,6,'Internet',NULL,0,0,0,0,0,1,1,'2020-02-06 17:23:07','2023-03-27 00:25:46',NULL),(571,NULL,1,204,NULL,6,'Multas Impositivas',NULL,0,0,0,0,0,1,1,'2020-02-06 17:23:07','2023-03-27 00:25:46',NULL),(572,NULL,1,208,NULL,6,'Impuesto a los Ingresos Brutos - BS AS',NULL,0,0,0,0,0,1,1,'2020-02-06 17:23:07','2023-03-27 00:25:46',NULL),(573,NULL,1,209,NULL,6,'SIRCREB',NULL,0,0,0,0,0,1,1,'2020-02-06 17:23:07','2023-03-27 00:25:46',NULL),(574,NULL,1,212,NULL,6,'Tarjeta Visa',NULL,0,0,0,0,0,1,1,'2020-02-06 17:23:07','2023-03-27 00:25:46',NULL),(575,NULL,1,213,NULL,6,'Tarjeta American Express',NULL,0,0,0,0,0,1,1,'2020-02-06 17:23:07','2023-03-27 00:25:46',NULL),(576,NULL,1,214,NULL,6,'Tarjeta Mastercard',NULL,0,0,0,0,0,1,1,'2020-02-06 17:23:07','2023-03-27 00:25:46',NULL),(577,NULL,1,215,NULL,8,'Tarjeta Shopping',NULL,0,0,0,0,0,1,1,'2020-02-06 17:23:07','2023-03-27 00:25:46',NULL),(578,NULL,1,216,NULL,6,'Tarjeta Cencosud',NULL,0,0,0,0,0,1,1,'2020-02-06 17:23:07','2023-03-27 00:25:46',NULL),(579,NULL,1,217,NULL,6,'Compras',NULL,0,0,0,0,0,1,1,'2020-02-06 17:23:07','2023-03-27 00:25:46',NULL),(580,NULL,1,218,NULL,7,'Ventas No Gravadas',NULL,0,0,0,0,1,1,1,'2020-02-06 17:23:07','2023-03-27 00:25:46',NULL),(581,NULL,1,220,NULL,5,'Perc IVA -RG3337',NULL,0,0,0,0,0,1,0,'2020-02-06 17:23:07','2023-06-02 07:57:25',NULL),(582,NULL,1,221,NULL,6,'Imps. Internos',NULL,0,0,0,0,0,1,1,'2020-02-06 17:23:07','2023-03-27 00:25:46',NULL),(583,NULL,1,222,NULL,6,'Imp. Gasoil',NULL,0,0,0,0,0,1,1,'2020-02-06 17:23:07','2023-03-27 00:25:46',NULL);
INSERT INTO `cta_cte_tesoreria_cuentas` VALUES (584,NULL,1,223,NULL,6,'Imp. Hídricos',NULL,0,0,0,0,0,1,1,'2020-02-06 17:23:07','2023-03-27 00:25:46',NULL),(585,NULL,1,224,NULL,6,'ITC',NULL,0,0,0,0,0,1,1,'2020-02-06 17:23:07','2023-03-27 00:25:46',NULL),(586,NULL,1,225,NULL,5,'Perc IIBB  Buenos Aires',NULL,0,0,0,0,0,1,1,'2020-02-06 17:23:07','2023-03-27 00:25:46',NULL),(587,NULL,1,226,NULL,5,'Perc IIBB  Capital Federal',NULL,0,0,0,0,0,1,1,'2020-02-06 17:23:07','2023-03-27 00:25:46',NULL),(588,NULL,1,227,NULL,5,'Perc IIBB  Catamarca',NULL,0,0,0,0,0,1,1,'2020-02-06 17:23:07','2023-03-27 00:25:46',NULL),(589,NULL,1,228,NULL,5,'Perc IIBB  Chaco',NULL,0,0,0,0,0,1,1,'2020-02-06 17:23:07','2023-03-27 00:25:46',NULL),(590,NULL,1,229,NULL,5,'Perc IIBB  Chubut',NULL,0,0,0,0,0,1,1,'2020-02-06 17:23:07','2023-03-27 00:25:46',NULL),(591,NULL,1,230,NULL,5,'Perc IIBB  Córdoba',NULL,0,0,0,0,0,1,1,'2020-02-06 17:23:07','2023-03-27 00:25:46',NULL),(592,NULL,1,231,NULL,5,'Perc IIBB  Corrientes',NULL,0,0,0,0,0,1,1,'2020-02-06 17:23:07','2023-03-27 00:25:46',NULL),(593,NULL,1,232,NULL,5,'Perc IIBB  Entre Ríos',NULL,0,0,0,0,0,1,1,'2020-02-06 17:23:07','2023-03-27 00:25:46',NULL),(594,NULL,1,233,NULL,5,'Perc IIBB  Formosa',NULL,0,0,0,0,0,1,1,'2020-02-06 17:23:07','2023-03-27 00:25:46',NULL),(595,NULL,1,234,NULL,5,'Perc IIBB  Jujuy',NULL,0,0,0,0,0,1,1,'2020-02-06 17:23:07','2023-03-27 00:25:46',NULL),(596,NULL,1,235,NULL,5,'Perc IIBB  La Pampa',NULL,0,0,0,0,0,1,1,'2020-02-06 17:23:07','2023-03-27 00:25:46',NULL),(597,NULL,1,236,NULL,5,'Perc IIBB  La Rioja',NULL,0,0,0,0,0,1,1,'2020-02-06 17:23:07','2023-03-27 00:25:46',NULL),(598,NULL,1,237,NULL,5,'Perc IIBB  Mendoza',NULL,0,0,0,0,0,1,1,'2020-02-06 17:23:07','2023-03-27 00:25:46',NULL),(599,NULL,1,238,NULL,5,'Perc IIBB  Misiones',NULL,0,0,0,0,0,1,1,'2020-02-06 17:23:07','2023-03-27 00:25:46',NULL),(600,NULL,1,239,NULL,5,'Perc IIBB  Neuquén',NULL,0,0,0,0,0,1,1,'2020-02-06 17:23:07','2023-03-27 00:25:46',NULL),(601,NULL,1,240,NULL,5,'Perc IIBB  Pascua Lama',NULL,0,0,0,0,0,1,1,'2020-02-06 17:23:07','2023-03-27 00:25:46',NULL),(602,NULL,1,241,NULL,5,'Perc IIBB  Río Negro',NULL,0,0,0,0,0,1,1,'2020-02-06 17:23:07','2023-03-27 00:25:46',NULL),(603,NULL,1,242,NULL,5,'Perc IIBB  Salta',NULL,0,0,0,0,0,1,1,'2020-02-06 17:23:07','2023-03-27 00:25:46',NULL),(604,NULL,1,243,NULL,5,'Perc IIBB  San Juan',NULL,0,0,0,0,0,1,1,'2020-02-06 17:23:07','2023-03-27 00:25:46',NULL),(605,NULL,1,244,NULL,5,'Perc IIBB  San Luis',NULL,0,0,0,0,0,1,1,'2020-02-06 17:23:07','2023-03-27 00:25:46',NULL),(606,NULL,1,245,NULL,5,'Perc IIBB  Santa Cruz',NULL,0,0,0,0,0,1,1,'2020-02-06 17:23:07','2023-03-27 00:25:46',NULL),(607,NULL,1,246,NULL,5,'Perc IIBB  Santa Fe',NULL,0,0,0,0,0,1,1,'2020-02-06 17:23:07','2023-03-27 00:25:46',NULL),(608,NULL,1,247,NULL,5,'Perc IIBB  Santiago del Estero',NULL,0,0,0,0,0,1,1,'2020-02-06 17:23:07','2023-03-27 00:25:46',NULL),(609,NULL,1,248,NULL,5,'Perc IIBB  Tierra del Fuego',NULL,0,0,0,0,0,1,1,'2020-02-06 17:23:07','2023-03-27 00:25:46',NULL),(610,NULL,1,249,NULL,5,'Perc IIBB  Tucuman',NULL,0,0,0,0,0,1,1,'2020-02-06 17:23:07','2023-03-27 00:25:46',NULL),(611,NULL,1,250,NULL,6,'Compras No Gravadas',NULL,0,0,0,0,0,1,1,'2020-02-06 17:23:07','2023-03-27 00:25:46',NULL),(612,NULL,1,276,NULL,6,'SIRCREB Buenos Aires',NULL,0,0,0,0,0,1,1,'2020-02-06 17:23:07','2023-03-27 00:25:46',NULL),(613,NULL,1,277,NULL,6,'SIRCREB Capital Federal',NULL,0,0,0,0,0,1,1,'2020-02-06 17:23:07','2023-03-27 00:25:46',NULL),(614,NULL,1,278,NULL,6,'SIRCREB Catamarca',NULL,0,0,0,0,0,1,1,'2020-02-06 17:23:07','2023-03-27 00:25:46',NULL),(615,NULL,1,279,NULL,6,'SIRCREB Chaco',NULL,0,0,0,0,0,1,1,'2020-02-06 17:23:07','2023-03-27 00:25:46',NULL),(616,NULL,1,280,NULL,6,'SIRCREB Chubut',NULL,0,0,0,0,0,1,1,'2020-02-06 17:23:07','2023-03-27 00:25:46',NULL),(617,NULL,1,281,NULL,6,'SIRCREB Córdoba',NULL,0,0,0,0,0,1,1,'2020-02-06 17:23:07','2023-03-27 00:25:46',NULL),(618,NULL,1,282,NULL,6,'SIRCREB Corrientes',NULL,0,0,0,0,0,1,1,'2020-02-06 17:23:07','2023-03-27 00:25:46',NULL);
INSERT INTO `cta_cte_tesoreria_cuentas` VALUES (619,NULL,1,283,NULL,6,'SIRCREB Entre Ríos',NULL,0,0,0,0,0,1,1,'2020-02-06 17:23:07','2023-03-27 00:25:46',NULL),(620,NULL,1,284,NULL,6,'SIRCREB Formosa',NULL,0,0,0,0,0,1,1,'2020-02-06 17:23:07','2023-03-27 00:25:46',NULL),(621,NULL,1,285,NULL,6,'SIRCREB Jujuy',NULL,0,0,0,0,0,1,1,'2020-02-06 17:23:07','2023-03-27 00:25:46',NULL),(622,NULL,1,286,NULL,6,'SIRCREB La Pampa',NULL,0,0,0,0,0,1,1,'2020-02-06 17:23:07','2023-03-27 00:25:46',NULL),(623,NULL,1,287,NULL,6,'SIRCREB La Rioja',NULL,0,0,0,0,0,1,1,'2020-02-06 17:23:07','2023-03-27 00:25:46',NULL),(624,NULL,1,288,NULL,6,'SIRCREB Mendoza',NULL,0,0,0,0,0,1,1,'2020-02-06 17:23:07','2023-03-27 00:25:46',NULL),(625,NULL,1,289,NULL,6,'SIRCREB Misiones',NULL,0,0,0,0,0,1,1,'2020-02-06 17:23:07','2023-03-27 00:25:46',NULL),(626,NULL,1,290,NULL,6,'SIRCREB Neuquén',NULL,0,0,0,0,0,1,1,'2020-02-06 17:23:07','2023-03-27 00:25:46',NULL),(627,NULL,1,291,NULL,6,'SIRCREB Pascua Lama',NULL,0,0,0,0,0,1,1,'2020-02-06 17:23:07','2023-03-27 00:25:46',NULL),(628,NULL,1,292,NULL,6,'SIRCREB Río Negro',NULL,0,0,0,0,0,1,1,'2020-02-06 17:23:07','2023-03-27 00:25:46',NULL),(629,NULL,1,293,NULL,6,'SIRCREB Salta',NULL,0,0,0,0,0,1,1,'2020-02-06 17:23:07','2023-03-27 00:25:46',NULL),(630,NULL,1,294,NULL,6,'SIRCREB San Juan',NULL,0,0,0,0,0,1,1,'2020-02-06 17:23:07','2023-03-27 00:25:46',NULL),(631,NULL,1,295,NULL,6,'SIRCREB San Luis',NULL,0,0,0,0,0,1,1,'2020-02-06 17:23:07','2023-03-27 00:25:46',NULL),(632,NULL,1,296,NULL,6,'SIRCREB Santa Cruz',NULL,0,0,0,0,0,1,1,'2020-02-06 17:23:07','2023-03-27 00:25:46',NULL),(633,NULL,1,297,NULL,6,'SIRCREB Santa Fe',NULL,0,0,0,0,0,1,1,'2020-02-06 17:23:07','2023-03-27 00:25:46',NULL),(634,NULL,1,298,NULL,6,'SIRCREB Santiago del Estero',NULL,0,0,0,0,0,1,1,'2020-02-06 17:23:07','2023-03-27 00:25:46',NULL),(635,NULL,1,299,NULL,6,'SIRCREB Tierra del Fuego',NULL,0,0,0,0,0,1,1,'2020-02-06 17:23:07','2023-03-27 00:25:46',NULL),(636,NULL,1,300,NULL,6,'SIRCREB Tucuman',NULL,0,0,0,0,0,1,1,'2020-02-06 17:23:07','2023-03-27 00:25:46',NULL),(637,NULL,1,301,NULL,8,'IIBB a Favor Buenos Aires',NULL,0,0,0,0,0,1,1,'2020-02-06 17:23:07','2023-03-27 00:25:46',NULL),(638,NULL,1,302,NULL,8,'IIBB a Favor Capital Federal',NULL,0,0,0,0,0,1,1,'2020-02-06 17:23:07','2023-03-27 00:25:46',NULL),(639,NULL,1,303,NULL,8,'IIBB a Favor Catamarca',NULL,0,0,0,0,0,1,1,'2020-02-06 17:23:07','2023-03-27 00:25:46',NULL),(640,NULL,1,304,NULL,8,'IIBB a Favor Chaco',NULL,0,0,0,0,0,1,1,'2020-02-06 17:23:07','2023-03-27 00:25:46',NULL),(641,NULL,1,305,NULL,8,'IIBB a Favor Chubut',NULL,0,0,0,0,0,1,1,'2020-02-06 17:23:07','2023-03-27 00:25:46',NULL),(642,NULL,1,306,NULL,8,'IIBB a Favor Córdoba',NULL,0,0,0,0,0,1,1,'2020-02-06 17:23:07','2023-03-27 00:25:46',NULL),(643,NULL,1,307,NULL,8,'IIBB a Favor Corrientes',NULL,0,0,0,0,0,1,1,'2020-02-06 17:23:07','2023-03-27 00:25:46',NULL),(644,NULL,1,308,NULL,8,'IIBB a Favor Entre Ríos',NULL,0,0,0,0,0,1,1,'2020-02-06 17:23:07','2023-03-27 00:25:46',NULL),(645,NULL,1,309,NULL,8,'IIBB a Favor Formosa',NULL,0,0,0,0,0,1,1,'2020-02-06 17:23:07','2023-03-27 00:25:46',NULL),(646,NULL,1,310,NULL,8,'IIBB a Favor Jujuy',NULL,0,0,0,0,0,1,1,'2020-02-06 17:23:07','2023-03-27 00:25:46',NULL),(647,NULL,1,311,NULL,8,'IIBB a Favor La Pampa',NULL,0,0,0,0,0,1,1,'2020-02-06 17:23:07','2023-03-27 00:25:46',NULL),(648,NULL,1,312,NULL,8,'IIBB a Favor La Rioja',NULL,0,0,0,0,0,1,1,'2020-02-06 17:23:07','2023-03-27 00:25:46',NULL),(649,NULL,1,313,NULL,8,'IIBB a Favor Mendoza',NULL,0,0,0,0,0,1,1,'2020-02-06 17:23:07','2023-03-27 00:25:46',NULL),(650,NULL,1,314,NULL,8,'IIBB a Favor Misiones',NULL,0,0,0,0,0,1,1,'2020-02-06 17:23:08','2023-03-27 00:25:46',NULL),(651,NULL,1,315,NULL,8,'IIBB a Favor Neuquén',NULL,0,0,0,0,0,1,1,'2020-02-06 17:23:08','2023-03-27 00:25:46',NULL),(652,NULL,1,316,NULL,8,'IIBB a Favor Pascua Lama',NULL,0,0,0,0,0,1,1,'2020-02-06 17:23:08','2023-03-27 00:25:46',NULL),(653,NULL,1,317,NULL,8,'IIBB a Favor Río Negro',NULL,0,0,0,0,0,1,1,'2020-02-06 17:23:08','2023-03-27 00:25:46',NULL);
INSERT INTO `cta_cte_tesoreria_cuentas` VALUES (654,NULL,1,318,NULL,8,'IIBB a Favor Salta',NULL,0,0,0,0,0,1,1,'2020-02-06 17:23:08','2023-03-27 00:25:46',NULL),(655,NULL,1,319,NULL,8,'IIBB a Favor San Juan',NULL,0,0,0,0,0,1,1,'2020-02-06 17:23:08','2023-03-27 00:25:46',NULL),(656,NULL,1,320,NULL,8,'IIBB a Favor San Luis',NULL,0,0,0,0,0,1,1,'2020-02-06 17:23:08','2023-03-27 00:25:46',NULL),(657,NULL,1,321,NULL,8,'IIBB a Favor Santa Cruz',NULL,0,0,0,0,0,1,1,'2020-02-06 17:23:08','2023-03-27 00:25:46',NULL),(658,NULL,1,322,NULL,8,'IIBB a Favor Santa Fe',NULL,0,0,0,0,0,1,1,'2020-02-06 17:23:08','2023-03-27 00:25:46',NULL),(659,NULL,1,323,NULL,8,'IIBB a Favor Santiago del Estero',NULL,0,0,0,0,0,1,1,'2020-02-06 17:23:08','2023-03-27 00:25:46',NULL),(660,NULL,1,324,NULL,8,'IIBB a Favor Tierra del Fuego',NULL,0,0,0,0,0,1,1,'2020-02-06 17:23:08','2023-03-27 00:25:46',NULL),(661,NULL,1,325,NULL,8,'IIBB a Favor Tucuman',NULL,0,0,0,0,0,1,1,'2020-02-06 17:23:08','2023-03-27 00:25:46',NULL),(662,NULL,1,326,NULL,8,'IIBB a Pagar Buenos Aires',NULL,0,0,0,0,0,1,1,'2020-02-06 17:23:08','2023-03-27 00:25:46',NULL),(663,NULL,1,327,NULL,8,'IIBB a Pagar Capital Federal',NULL,0,0,0,0,0,1,1,'2020-02-06 17:23:08','2023-03-27 00:25:46',NULL),(664,NULL,1,328,NULL,8,'IIBB a Pagar Catamarca',NULL,0,0,0,0,0,1,1,'2020-02-06 17:23:08','2023-03-27 00:25:46',NULL),(665,NULL,1,329,NULL,8,'IIBB a Pagar Chaco',NULL,0,0,0,0,0,1,1,'2020-02-06 17:23:08','2023-03-27 00:25:46',NULL),(666,NULL,1,330,NULL,8,'IIBB a Pagar Chubut',NULL,0,0,0,0,0,1,1,'2020-02-06 17:23:08','2023-03-27 00:25:46',NULL),(667,NULL,1,331,NULL,8,'IIBB a Pagar Córdoba',NULL,0,0,0,0,0,1,1,'2020-02-06 17:23:08','2023-03-27 00:25:46',NULL),(668,NULL,1,332,NULL,8,'IIBB a Pagar Corrientes',NULL,0,0,0,0,0,1,1,'2020-02-06 17:23:08','2023-03-27 00:25:46',NULL),(669,NULL,1,333,NULL,8,'IIBB a Pagar Entre Ríos',NULL,0,0,0,0,0,1,1,'2020-02-06 17:23:08','2023-03-27 00:25:46',NULL),(670,NULL,1,334,NULL,8,'IIBB a Pagar Formosa',NULL,0,0,0,0,0,1,1,'2020-02-06 17:23:08','2023-03-27 00:25:46',NULL),(671,NULL,1,335,NULL,8,'IIBB a Pagar Jujuy',NULL,0,0,0,0,0,1,1,'2020-02-06 17:23:08','2023-03-27 00:25:46',NULL),(672,NULL,1,336,NULL,8,'IIBB a Pagar La Pampa',NULL,0,0,0,0,0,1,1,'2020-02-06 17:23:08','2023-03-27 00:25:46',NULL),(673,NULL,1,337,NULL,8,'IIBB a Pagar La Rioja',NULL,0,0,0,0,0,1,1,'2020-02-06 17:23:08','2023-03-27 00:25:46',NULL),(674,NULL,1,338,NULL,8,'IIBB a Pagar Mendoza',NULL,0,0,0,0,0,1,1,'2020-02-06 17:23:08','2023-03-27 00:25:46',NULL),(675,NULL,1,339,NULL,8,'IIBB a Pagar Misiones',NULL,0,0,0,0,0,1,1,'2020-02-06 17:23:08','2023-03-27 00:25:46',NULL),(676,NULL,1,340,NULL,8,'IIBB a Pagar Neuquén',NULL,0,0,0,0,0,1,1,'2020-02-06 17:23:08','2023-03-27 00:25:46',NULL),(677,NULL,1,341,NULL,8,'IIBB a Pagar Pascua Lama',NULL,0,0,0,0,0,1,1,'2020-02-06 17:23:08','2023-03-27 00:25:46',NULL),(678,NULL,1,342,NULL,8,'IIBB a Pagar Río Negro',NULL,0,0,0,0,0,1,1,'2020-02-06 17:23:08','2023-03-27 00:25:46',NULL),(679,NULL,1,343,NULL,8,'IIBB a Pagar Salta',NULL,0,0,0,0,0,1,1,'2020-02-06 17:23:08','2023-03-27 00:25:46',NULL),(680,NULL,1,344,NULL,8,'IIBB a Pagar San Juan',NULL,0,0,0,0,0,1,1,'2020-02-06 17:23:08','2023-03-27 00:25:46',NULL),(681,NULL,1,345,NULL,8,'IIBB a Pagar San Luis',NULL,0,0,0,0,0,1,1,'2020-02-06 17:23:08','2023-03-27 00:25:46',NULL),(682,NULL,1,346,NULL,8,'IIBB a Pagar Santa Cruz',NULL,0,0,0,0,0,1,1,'2020-02-06 17:23:08','2023-03-27 00:25:46',NULL),(683,NULL,1,347,NULL,8,'IIBB a Pagar Santa Fe',NULL,0,0,0,0,0,1,1,'2020-02-06 17:23:08','2023-03-27 00:25:46',NULL),(684,NULL,1,348,NULL,8,'IIBB a Pagar Santiago del Estero',NULL,0,0,0,0,0,1,1,'2020-02-06 17:23:08','2023-03-27 00:25:46',NULL),(685,NULL,1,349,NULL,8,'IIBB a Pagar Tierra del Fuego',NULL,0,0,0,0,0,1,1,'2020-02-06 17:23:08','2023-03-27 00:25:46',NULL),(686,NULL,1,350,NULL,8,'IIBB a Pagar Tucuman',NULL,0,0,0,0,0,1,1,'2020-02-06 17:23:08','2023-03-27 00:25:46',NULL),(687,NULL,1,352,NULL,8,'Compensacion',NULL,0,0,0,0,0,1,1,'2020-02-06 17:23:08','2023-03-27 00:25:46',NULL);
INSERT INTO `cta_cte_tesoreria_cuentas` VALUES (688,NULL,1,353,NULL,8,'IVA Saldo Tecnico',NULL,0,0,0,0,0,1,1,'2020-02-06 17:23:08','2023-03-27 00:25:46',NULL),(689,NULL,1,354,NULL,8,'IVA Saldo Libre Disponibilidad',NULL,0,0,0,0,0,1,1,'2020-02-06 17:23:08','2023-03-27 00:25:46',NULL),(690,NULL,1,361,NULL,8,'Equipos de Computación',NULL,0,0,0,0,0,1,1,'2020-02-06 17:23:08','2023-03-27 00:25:46',NULL),(691,NULL,1,362,NULL,8,'Computadoras',NULL,0,0,0,0,0,1,1,'2020-02-06 17:23:08','2023-03-27 00:25:46',NULL),(692,NULL,1,363,NULL,8,'Muebles y Utiles',NULL,0,0,0,0,0,1,1,'2020-02-06 17:23:08','2023-03-27 00:25:46',NULL),(693,NULL,1,365,NULL,8,'Provision Honorarios',NULL,0,0,0,0,0,1,1,'2020-02-06 17:23:08','2023-03-27 00:25:46',NULL),(694,NULL,1,366,NULL,8,'Cta. Cte Directores',NULL,0,0,0,0,0,1,1,'2020-02-06 17:23:08','2023-03-27 00:25:46',NULL),(695,NULL,1,367,NULL,8,'Provisión Honorarios Directores',NULL,0,0,0,0,0,1,1,'2020-02-06 17:23:08','2023-03-27 00:25:46',NULL),(696,NULL,1,368,NULL,8,'Cuenta Particular Socio 1',NULL,0,0,0,0,0,1,1,'2020-02-06 17:23:08','2023-03-27 00:25:46',NULL),(697,NULL,1,369,NULL,8,'Capital',NULL,0,0,0,0,0,1,1,'2020-02-06 17:23:08','2023-03-27 00:25:46',NULL),(698,NULL,1,380,NULL,8,'Instalaciones',NULL,0,0,0,0,0,1,1,'2020-02-06 17:23:08','2023-03-27 00:25:46',NULL),(699,NULL,1,381,NULL,8,'Reserva Legal',NULL,0,0,0,0,0,1,1,'2020-02-06 17:23:08','2023-03-27 00:25:46',NULL),(700,NULL,1,382,NULL,8,'Reserva Legal',NULL,0,0,0,0,0,1,1,'2020-02-06 17:23:08','2023-03-27 00:25:46',NULL),(701,NULL,1,383,NULL,8,'Resultado no asignado',NULL,0,0,0,0,0,1,1,'2020-02-06 17:23:08','2023-03-27 00:25:46',NULL),(702,NULL,1,386,NULL,8,'PLAZO FIJO',NULL,0,0,0,0,0,1,1,'2020-02-06 17:23:08','2023-03-27 00:25:46',NULL),(703,NULL,1,388,NULL,8,'ACCIONES',NULL,0,0,0,0,0,1,1,'2020-02-06 17:23:08','2023-03-27 00:25:46',NULL),(704,NULL,1,389,NULL,8,'Inmuebles',NULL,0,0,0,0,0,1,1,'2020-02-06 17:23:08','2023-03-27 00:25:46',NULL),(705,NULL,1,390,NULL,8,'Vehiculos',NULL,0,0,0,0,0,1,1,'2020-02-06 17:23:08','2023-03-27 00:25:46',NULL),(706,NULL,1,391,NULL,8,'Maquinarias',NULL,0,0,0,0,0,1,1,'2020-02-06 17:23:08','2023-03-27 00:25:46',NULL),(707,NULL,1,392,NULL,8,'MERCADERIAS',NULL,0,0,0,0,0,1,1,'2020-02-06 17:23:08','2023-03-27 00:25:46',NULL),(708,NULL,1,393,NULL,8,'OTROS',NULL,0,0,0,0,0,1,1,'2020-02-06 17:23:08','2023-03-27 00:25:46',NULL),(709,NULL,1,395,NULL,8,'Cuenta Particular Socio 2',NULL,0,0,0,0,0,1,1,'2020-02-06 17:23:08','2023-03-27 00:25:46',NULL),(710,NULL,1,396,NULL,6,'Comisiones Y gastos Bancarios',NULL,0,0,0,0,0,1,1,'2020-02-06 17:23:08','2023-03-27 00:25:46',NULL),(711,NULL,1,411,NULL,8,'Provisión Impuesto a las Ganancias',NULL,0,0,0,0,0,1,1,'2020-02-06 17:23:08','2023-03-27 00:25:46',NULL),(712,NULL,1,412,NULL,6,'Amortización Muebles y Útiles',NULL,0,0,0,0,0,1,1,'2020-02-06 17:23:08','2023-03-27 00:25:46',NULL),(713,NULL,1,413,NULL,6,'Amortización Equipos',NULL,0,0,0,0,0,1,1,'2020-02-06 17:23:08','2023-03-27 00:25:46',NULL),(714,NULL,1,414,NULL,8,'Amortizacion Acumulada Equipos',NULL,0,0,0,0,0,1,1,'2020-02-06 17:23:08','2023-03-27 00:25:46',NULL),(715,NULL,1,415,NULL,8,'Amortización Acumulada Maquinarias',NULL,0,0,0,0,0,1,1,'2020-02-06 17:23:08','2023-03-27 00:25:46',NULL),(716,NULL,1,416,NULL,8,'Materias Primas',NULL,0,0,0,0,0,1,1,'2020-02-06 17:23:08','2023-03-27 00:25:46',NULL),(717,NULL,1,419,NULL,8,'Rodados',NULL,0,0,0,0,0,1,1,'2020-02-06 17:23:08','2023-03-27 00:25:46',NULL),(718,NULL,1,420,NULL,8,'Amortización Acumulada Rodados',NULL,0,0,0,0,0,1,1,'2020-02-06 17:23:08','2023-03-27 00:25:46',NULL),(719,NULL,1,421,NULL,8,'Amortización Rodados',NULL,0,0,0,0,0,1,1,'2020-02-06 17:23:08','2023-03-27 00:25:46',NULL),(720,NULL,1,422,NULL,8,'Amortización Maquinarias',NULL,0,0,0,0,0,1,1,'2020-02-06 17:23:08','2023-03-27 00:25:46',NULL),(721,NULL,1,423,NULL,8,'Accesorios',NULL,0,0,0,0,0,1,1,'2020-02-06 17:23:08','2023-03-27 00:25:46',NULL),(722,NULL,1,424,NULL,8,'Amortización Acumulada Accesorios',NULL,0,0,0,0,0,1,1,'2020-02-06 17:23:08','2023-03-27 00:25:46',NULL);
INSERT INTO `cta_cte_tesoreria_cuentas` VALUES (723,NULL,1,426,NULL,8,'Reserva Facultativa',NULL,0,0,0,0,0,1,1,'2020-02-06 17:23:08','2023-03-27 00:25:46',NULL),(724,NULL,1,427,NULL,8,'Créditos por Impuestos Diferidos',NULL,0,0,0,0,0,1,1,'2020-02-06 17:23:08','2023-03-27 00:25:46',NULL),(725,NULL,1,428,NULL,8,'Fondo de Comercio',NULL,0,0,0,0,0,1,1,'2020-02-06 17:23:08','2023-03-27 00:25:46',NULL),(726,NULL,1,429,NULL,8,'Amortizacion Acumulada Fondo de Comercio',NULL,0,0,0,0,0,1,1,'2020-02-06 17:23:08','2023-03-27 00:25:46',NULL),(727,NULL,1,430,NULL,8,'Intereses a devengar AGIP',NULL,0,0,0,0,0,1,1,'2020-02-06 17:23:08','2023-03-27 00:25:46',NULL),(728,NULL,1,431,NULL,8,'PFP IIBB',NULL,0,0,0,0,0,1,1,'2020-02-06 17:23:08','2023-03-27 00:25:46',NULL),(729,NULL,1,434,NULL,8,'Productos',NULL,0,0,0,0,0,1,1,'2020-02-06 17:23:08','2023-03-27 00:25:46',NULL),(730,NULL,1,435,NULL,8,'Intereses a devengar PFP',NULL,0,0,0,0,0,1,1,'2020-02-06 17:23:08','2023-03-27 00:25:46',NULL),(731,NULL,1,437,NULL,8,'Imp. Ley 25413 Cred 0.6%',NULL,0,0,0,0,0,1,1,'2020-02-06 17:23:08','2023-03-27 00:25:46',NULL),(732,NULL,1,438,NULL,8,'Honorarios Directorio a Pagar',NULL,0,0,0,0,0,1,1,'2020-02-06 17:23:08','2023-03-27 00:25:46',NULL),(733,NULL,1,439,NULL,8,'Reserva para Futuras Inversiones',NULL,0,0,0,0,0,1,1,'2020-02-06 17:23:08','2023-03-27 00:25:46',NULL),(734,NULL,1,440,NULL,8,'TEAC - Trabajos Ejecutados a Certificar',NULL,0,0,0,0,0,1,1,'2020-02-06 17:23:08','2023-03-27 00:25:46',NULL),(735,NULL,1,444,NULL,8,'Banco Santander Rio Cta Cte',NULL,0,0,0,0,0,1,1,'2020-02-06 17:23:08','2023-03-27 00:25:46',NULL),(736,NULL,1,449,NULL,8,'Leasing',NULL,0,0,0,0,0,1,1,'2020-02-06 17:23:08','2023-03-27 00:25:46',NULL),(737,NULL,1,453,NULL,8,'Inversión Central Caribe',NULL,0,0,0,0,0,1,1,'2020-02-06 17:23:08','2023-03-27 00:25:46',NULL),(738,NULL,1,454,NULL,8,'Otras Inversiones',NULL,0,0,0,0,0,1,1,'2020-02-06 17:23:08','2023-03-27 00:25:46',NULL),(739,NULL,1,455,NULL,8,'Otros Créditos',NULL,0,0,0,0,0,1,1,'2020-02-06 17:23:08','2023-03-27 00:25:46',NULL),(740,NULL,1,456,NULL,8,'Provisión Honorarios Socio Gerente',NULL,0,0,0,0,0,1,1,'2020-02-06 17:23:08','2023-03-27 00:25:46',NULL),(741,NULL,1,459,NULL,8,'Moratoria SUSS a pagar',NULL,0,0,0,0,0,1,1,'2020-02-06 17:23:08','2023-03-27 00:25:46',NULL),(742,NULL,1,460,NULL,8,'Impuestos Municipales a Pagar',NULL,0,0,0,0,0,1,1,'2020-02-06 17:23:08','2023-03-27 00:25:46',NULL),(743,NULL,1,461,NULL,6,'Amortización Instalaciones',NULL,0,0,0,0,0,1,1,'2020-02-06 17:23:08','2023-03-27 00:25:46',NULL),(744,NULL,1,462,NULL,8,'Amortización Equipos de comput.',NULL,0,0,0,0,0,1,1,'2020-02-06 17:23:08','2023-03-27 00:25:46',NULL),(745,NULL,1,463,NULL,8,'Cuenta Particular Socio 3',NULL,0,0,0,0,0,1,1,'2020-02-06 17:23:08','2023-03-27 00:25:46',NULL),(746,NULL,1,464,NULL,8,'Cuenta Particular Socio 4',NULL,0,0,0,0,0,1,1,'2020-02-06 17:23:08','2023-03-27 00:25:46',NULL),(747,NULL,1,465,NULL,8,'Otras Reservas',NULL,0,0,0,0,0,1,1,'2020-02-06 17:23:08','2023-03-27 00:25:47',NULL),(748,NULL,1,466,NULL,8,'IGMP (Saldo a Favor)',NULL,0,0,0,0,0,1,1,'2020-02-06 17:23:08','2023-03-27 00:25:47',NULL),(749,NULL,1,468,NULL,8,'Productos en Proceso',NULL,0,0,0,0,0,1,1,'2020-02-06 17:23:08','2023-03-27 00:25:47',NULL),(750,NULL,1,469,NULL,8,'Depósitos en Garantía Socio Gerente',NULL,0,0,0,0,0,1,1,'2020-02-06 17:23:08','2023-03-27 00:25:47',NULL),(751,NULL,1,470,NULL,8,'Fondos Embargados',NULL,0,0,0,0,0,1,1,'2020-02-06 17:23:08','2023-03-27 00:25:47',NULL),(752,NULL,1,471,NULL,8,'Cuota Solid.',NULL,0,0,0,0,0,1,1,'2020-02-06 17:23:08','2023-03-27 00:25:47',NULL),(753,NULL,1,472,NULL,8,'Anticipo Honorarios Directores',NULL,0,0,0,0,0,1,1,'2020-02-06 17:23:08','2023-03-27 00:25:47',NULL),(754,NULL,1,473,NULL,8,'SICORE a Pagar',NULL,0,0,0,0,0,1,1,'2020-02-06 17:23:08','2023-03-27 00:25:47',NULL),(755,NULL,1,476,NULL,6,'RECPAM',NULL,0,0,0,0,0,1,1,'2020-02-06 17:23:08','2023-03-27 00:25:47',NULL),(756,NULL,1,478,NULL,6,'CO2 - Imp. Al Carbono',NULL,0,0,0,0,0,1,1,'2020-02-06 17:23:08','2023-03-27 00:25:47',NULL);

--
