INSERT INTO `periods` VALUES (4736,NULL,'2034-07',2034,7,'2034-07-01','2034-07-31',NULL,NULL,40740,0,NULL,1,0,0,1),(4737,NULL,'2034-08',2034,8,'2034-08-01','2034-08-31',NULL,NULL,40740,0,NULL,1,0,0,1),(4738,NULL,'2034-09',2034,9,'2034-09-01','2034-09-30',NULL,NULL,40740,0,NULL,1,0,0,1),(4739,NULL,'2034-10',2034,10,'2034-10-01','2034-10-31',NULL,NULL,40740,0,NULL,1,0,0,1),(4740,NULL,'2034-11',2034,11,'2034-11-01','2034-11-30',NULL,NULL,40740,0,NULL,1,0,0,1),(4741,NULL,'2034-12',2034,12,'2034-12-01','2034-12-31',NULL,NULL,40740,0,NULL,1,0,0,1),(4745,NULL,'2035-01',2035,1,'2035-01-01','2035-01-31',NULL,NULL,40740,0,NULL,1,0,0,1),(4746,NULL,'2035-02',2035,2,'2035-02-01','2035-02-28',NULL,NULL,40740,0,NULL,1,0,0,1),(4747,NULL,'2035-03',2035,3,'2035-03-01','2035-03-31',NULL,NULL,40740,0,NULL,1,0,0,1),(4748,NULL,'2035-04',2035,4,'2035-04-01','2035-04-30',NULL,NULL,40740,0,NULL,1,0,0,1),(4749,NULL,'2035-05',2035,5,'2035-05-01','2035-05-31',NULL,NULL,40740,0,NULL,1,0,0,1),(4750,NULL,'2035-06',2035,6,'2035-06-01','2035-06-30',NULL,NULL,40740,0,NULL,1,0,0,1),(4751,NULL,'2035-07',2035,7,'2035-07-01','2035-07-31',NULL,NULL,40740,0,NULL,1,0,0,1),(4752,NULL,'2035-08',2035,8,'2035-08-01','2035-08-31',NULL,NULL,40740,0,NULL,1,0,0,1),(4753,NULL,'2035-09',2035,9,'2035-09-01','2035-09-30',NULL,NULL,40740,0,NULL,1,0,0,1),(4754,NULL,'2035-10',2035,10,'2035-10-01','2035-10-31',NULL,NULL,40740,0,NULL,1,0,0,1),(4755,NULL,'2035-11',2035,11,'2035-11-01','2035-11-30',NULL,NULL,40740,0,NULL,1,0,0,1),(4756,NULL,'2035-12',2035,12,'2035-12-01','2035-12-31',NULL,NULL,40740,0,NULL,1,0,0,1),(4760,NULL,'2036-01',2036,1,'2036-01-01','2036-01-31',NULL,NULL,40740,0,NULL,1,0,0,1),(4761,NULL,'2036-02',2036,2,'2036-02-01','2036-02-28',NULL,NULL,40740,0,NULL,1,0,0,1),(4762,NULL,'2036-03',2036,3,'2036-03-01','2036-03-31',NULL,NULL,40740,0,NULL,1,0,0,1),(4763,NULL,'2036-04',2036,4,'2036-04-01','2036-04-30',NULL,NULL,40740,0,NULL,1,0,0,1),(4764,NULL,'2036-05',2036,5,'2036-05-01','2036-05-31',NULL,NULL,40740,0,NULL,1,0,0,1),(4765,NULL,'2036-06',2036,6,'2036-06-01','2036-06-30',NULL,NULL,40740,0,NULL,1,0,0,1),(4766,NULL,'2036-07',2036,7,'2036-07-01','2036-07-31',NULL,NULL,40740,0,NULL,1,0,0,1),(4767,NULL,'2036-08',2036,8,'2036-08-01','2036-08-31',NULL,NULL,40740,0,NULL,1,0,0,1),(4768,NULL,'2036-09',2036,9,'2036-09-01','2036-09-30',NULL,NULL,40740,0,NULL,1,0,0,1),(4769,NULL,'2036-10',2036,10,'2036-10-01','2036-10-31',NULL,NULL,40740,0,NULL,1,0,0,1),(4770,NULL,'2036-11',2036,11,'2036-11-01','2036-11-30',NULL,NULL,40740,0,NULL,1,0,0,1),(4771,NULL,'2036-12',2036,12,'2036-12-01','2036-12-31',NULL,NULL,40740,0,NULL,1,0,0,1),(4775,NULL,'2037-01',2037,1,'2037-01-01','2037-01-31',NULL,NULL,40740,0,NULL,1,0,0,1),(4776,NULL,'2037-02',2037,2,'2037-02-01','2037-02-28',NULL,NULL,40740,0,NULL,1,0,0,1),(4777,NULL,'2037-03',2037,3,'2037-03-01','2037-03-31',NULL,NULL,40740,0,NULL,1,0,0,1),(4778,NULL,'2037-04',2037,4,'2037-04-01','2037-04-30',NULL,NULL,40740,0,NULL,1,0,0,1),(4779,NULL,'2037-05',2037,5,'2037-05-01','2037-05-31',NULL,NULL,40740,0,NULL,1,0,0,1),(4780,NULL,'2037-06',2037,6,'2037-06-01','2037-06-30',NULL,NULL,40740,0,NULL,1,0,0,1),(4781,NULL,'2037-07',2037,7,'2037-07-01','2037-07-31',NULL,NULL,40740,0,NULL,1,0,0,1),(4782,NULL,'2037-08',2037,8,'2037-08-01','2037-08-31',NULL,NULL,40740,0,NULL,1,0,0,1),(4783,NULL,'2037-09',2037,9,'2037-09-01','2037-09-30',NULL,NULL,40740,0,NULL,1,0,0,1),(4784,NULL,'2037-10',2037,10,'2037-10-01','2037-10-31',NULL,NULL,40740,0,NULL,1,0,0,1),(4785,NULL,'2037-11',2037,11,'2037-11-01','2037-11-30',NULL,NULL,40740,0,NULL,1,0,0,1),(4786,NULL,'2037-12',2037,12,'2037-12-01','2037-12-31',NULL,NULL,40740,0,NULL,1,0,0,1),(4790,NULL,'2038-01',2038,1,'2038-01-01','2038-01-31',NULL,NULL,40740,0,NULL,1,0,0,1),(4791,NULL,'2038-02',2038,2,'2038-02-01','2038-02-28',NULL,NULL,40740,0,NULL,1,0,0,1),(4792,NULL,'2038-03',2038,3,'2038-03-01','2038-03-31',NULL,NULL,40740,0,NULL,1,0,0,1),(4793,NULL,'2038-04',2038,4,'2038-04-01','2038-04-30',NULL,NULL,40740,0,NULL,1,0,0,1);
INSERT INTO `periods` VALUES (4794,NULL,'2038-05',2038,5,'2038-05-01','2038-05-31',NULL,NULL,40740,0,NULL,1,0,0,1),(4795,NULL,'2038-06',2038,6,'2038-06-01','2038-06-30',NULL,NULL,40740,0,NULL,1,0,0,1),(4796,NULL,'2038-07',2038,7,'2038-07-01','2038-07-31',NULL,NULL,40740,0,NULL,1,0,0,1),(4797,NULL,'2038-08',2038,8,'2038-08-01','2038-08-31',NULL,NULL,40740,0,NULL,1,0,0,1),(4798,NULL,'2038-09',2038,9,'2038-09-01','2038-09-30',NULL,NULL,40740,0,NULL,1,0,0,1),(4799,NULL,'2038-10',2038,10,'2038-10-01','2038-10-31',NULL,NULL,40740,0,NULL,1,0,0,1),(4800,NULL,'2038-11',2038,11,'2038-11-01','2038-11-30',NULL,NULL,40740,0,NULL,1,0,0,1),(4801,NULL,'2038-12',2038,12,'2038-12-01','2038-12-31',NULL,NULL,40740,0,NULL,1,0,0,1),(4805,NULL,'2039-01',2039,1,'2039-01-01','2039-01-31',NULL,NULL,40740,0,NULL,1,0,0,1),(4806,NULL,'2039-02',2039,2,'2039-02-01','2039-02-28',NULL,NULL,40740,0,NULL,1,0,0,1),(4807,NULL,'2039-03',2039,3,'2039-03-01','2039-03-31',NULL,NULL,40740,0,NULL,1,0,0,1),(4808,NULL,'2039-04',2039,4,'2039-04-01','2039-04-30',NULL,NULL,40740,0,NULL,1,0,0,1),(4809,NULL,'2039-05',2039,5,'2039-05-01','2039-05-31',NULL,NULL,40740,0,NULL,1,0,0,1),(4810,NULL,'2039-06',2039,6,'2039-06-01','2039-06-30',NULL,NULL,40740,0,NULL,1,0,0,1),(4811,NULL,'2039-07',2039,7,'2039-07-01','2039-07-31',NULL,NULL,40740,0,NULL,1,0,0,1),(4812,NULL,'2039-08',2039,8,'2039-08-01','2039-08-31',NULL,NULL,40740,0,NULL,1,0,0,1),(4813,NULL,'2039-09',2039,9,'2039-09-01','2039-09-30',NULL,NULL,40740,0,NULL,1,0,0,1),(4814,NULL,'2039-10',2039,10,'2039-10-01','2039-10-31',NULL,NULL,40740,0,NULL,1,0,0,1),(4815,NULL,'2039-11',2039,11,'2039-11-01','2039-11-30',NULL,NULL,40740,0,NULL,1,0,0,1),(4816,NULL,'2039-12',2039,12,'2039-12-01','2039-12-31',NULL,NULL,40740,0,NULL,1,0,0,1),(4820,NULL,'2040-01',2040,1,'2040-01-01','2040-01-31',NULL,NULL,40740,0,NULL,1,0,0,1),(4821,NULL,'2040-02',2040,2,'2040-02-01','2040-02-28',NULL,NULL,40740,0,NULL,1,0,0,1),(4822,NULL,'2040-03',2040,3,'2040-03-01','2040-03-31',NULL,NULL,40740,0,NULL,1,0,0,1),(4823,NULL,'2040-04',2040,4,'2040-04-01','2040-04-30',NULL,NULL,40740,0,NULL,1,0,0,1),(4824,NULL,'2040-05',2040,5,'2040-05-01','2040-05-31',NULL,NULL,40740,0,NULL,1,0,0,1),(4825,NULL,'2040-06',2040,6,'2040-06-01','2040-06-30',NULL,NULL,40740,0,NULL,1,0,0,1),(4826,NULL,'2040-07',2040,7,'2040-07-01','2040-07-31',NULL,NULL,40740,0,NULL,1,0,0,1),(4827,NULL,'2040-08',2040,8,'2040-08-01','2040-08-31',NULL,NULL,40740,0,NULL,1,0,0,1),(4828,NULL,'2040-09',2040,9,'2040-09-01','2040-09-30',NULL,NULL,40740,0,NULL,1,0,0,1),(4829,NULL,'2040-10',2040,10,'2040-10-01','2040-10-31',NULL,NULL,40740,0,NULL,1,0,0,1),(4830,NULL,'2040-11',2040,11,'2040-11-01','2040-11-30',NULL,NULL,40740,0,NULL,1,0,0,1),(4831,NULL,'2040-12',2040,12,'2040-12-01','2040-12-31',NULL,NULL,40740,0,NULL,1,0,0,1),(4835,NULL,'2041-01',2041,1,'2041-01-01','2041-01-31',NULL,NULL,40740,0,NULL,1,0,0,1),(4836,NULL,'2041-02',2041,2,'2041-02-01','2041-02-28',NULL,NULL,40740,0,NULL,1,0,0,1),(4837,NULL,'2041-03',2041,3,'2041-03-01','2041-03-31',NULL,NULL,40740,0,NULL,1,0,0,1),(4838,NULL,'2041-04',2041,4,'2041-04-01','2041-04-30',NULL,NULL,40740,0,NULL,1,0,0,1),(4839,NULL,'2041-05',2041,5,'2041-05-01','2041-05-31',NULL,NULL,40740,0,NULL,1,0,0,1),(4840,NULL,'2041-06',2041,6,'2041-06-01','2041-06-30',NULL,NULL,40740,0,NULL,1,0,0,1),(4841,NULL,'2041-07',2041,7,'2041-07-01','2041-07-31',NULL,NULL,40740,0,NULL,1,0,0,1),(4842,NULL,'2041-08',2041,8,'2041-08-01','2041-08-31',NULL,NULL,40740,0,NULL,1,0,0,1),(4843,NULL,'2041-09',2041,9,'2041-09-01','2041-09-30',NULL,NULL,40740,0,NULL,1,0,0,1),(4844,NULL,'2041-10',2041,10,'2041-10-01','2041-10-31',NULL,NULL,40740,0,NULL,1,0,0,1),(4845,NULL,'2041-11',2041,11,'2041-11-01','2041-11-30',NULL,NULL,40740,0,NULL,1,0,0,1),(4846,NULL,'2041-12',2041,12,'2041-12-01','2041-12-31',NULL,NULL,40740,0,NULL,1,0,0,1),(4850,NULL,'2042-01',2042,1,'2042-01-01','2042-01-31',NULL,NULL,40740,0,NULL,1,0,0,1),(4851,NULL,'2042-02',2042,2,'2042-02-01','2042-02-28',NULL,NULL,40740,0,NULL,1,0,0,1);
INSERT INTO `periods` VALUES (4852,NULL,'2042-03',2042,3,'2042-03-01','2042-03-31',NULL,NULL,40740,0,NULL,1,0,0,1),(4853,NULL,'2042-04',2042,4,'2042-04-01','2042-04-30',NULL,NULL,40740,0,NULL,1,0,0,1),(4854,NULL,'2042-05',2042,5,'2042-05-01','2042-05-31',NULL,NULL,40740,0,NULL,1,0,0,1),(4855,NULL,'2042-06',2042,6,'2042-06-01','2042-06-30',NULL,NULL,40740,0,NULL,1,0,0,1),(4856,NULL,'2042-07',2042,7,'2042-07-01','2042-07-31',NULL,NULL,40740,0,NULL,1,0,0,1),(4857,NULL,'2042-08',2042,8,'2042-08-01','2042-08-31',NULL,NULL,40740,0,NULL,1,0,0,1),(4858,NULL,'2042-09',2042,9,'2042-09-01','2042-09-30',NULL,NULL,40740,0,NULL,1,0,0,1),(4859,NULL,'2042-10',2042,10,'2042-10-01','2042-10-31',NULL,NULL,40740,0,NULL,1,0,0,1),(4860,NULL,'2042-11',2042,11,'2042-11-01','2042-11-30',NULL,NULL,40740,0,NULL,1,0,0,1),(4861,NULL,'2042-12',2042,12,'2042-12-01','2042-12-31',NULL,NULL,40740,0,NULL,1,0,0,1),(4865,NULL,'2043-01',2043,1,'2043-01-01','2043-01-31',NULL,NULL,40740,0,NULL,1,0,0,1),(4866,NULL,'2043-02',2043,2,'2043-02-01','2043-02-28',NULL,NULL,40740,0,NULL,1,0,0,1),(4867,NULL,'2043-03',2043,3,'2043-03-01','2043-03-31',NULL,NULL,40740,0,NULL,1,0,0,1),(4868,NULL,'2043-04',2043,4,'2043-04-01','2043-04-30',NULL,NULL,40740,0,NULL,1,0,0,1),(4869,NULL,'2043-05',2043,5,'2043-05-01','2043-05-31',NULL,NULL,40740,0,NULL,1,0,0,1),(4870,NULL,'2043-06',2043,6,'2043-06-01','2043-06-30',NULL,NULL,40740,0,NULL,1,0,0,1),(4871,NULL,'2043-07',2043,7,'2043-07-01','2043-07-31',NULL,NULL,40740,0,NULL,1,0,0,1),(4872,NULL,'2043-08',2043,8,'2043-08-01','2043-08-31',NULL,NULL,40740,0,NULL,1,0,0,1),(4873,NULL,'2043-09',2043,9,'2043-09-01','2043-09-30',NULL,NULL,40740,0,NULL,1,0,0,1),(4874,NULL,'2043-10',2043,10,'2043-10-01','2043-10-31',NULL,NULL,40740,0,NULL,1,0,0,1),(4875,NULL,'2043-11',2043,11,'2043-11-01','2043-11-30',NULL,NULL,40740,0,NULL,1,0,0,1),(4876,NULL,'2043-12',2043,12,'2043-12-01','2043-12-31',NULL,NULL,40740,0,NULL,1,0,0,1),(4880,NULL,'2044-01',2044,1,'2044-01-01','2044-01-31',NULL,NULL,40740,0,NULL,1,0,0,1),(4881,NULL,'2044-02',2044,2,'2044-02-01','2044-02-28',NULL,NULL,40740,0,NULL,1,0,0,1),(4882,NULL,'2044-03',2044,3,'2044-03-01','2044-03-31',NULL,NULL,40740,0,NULL,1,0,0,1),(4883,NULL,'2044-04',2044,4,'2044-04-01','2044-04-30',NULL,NULL,40740,0,NULL,1,0,0,1),(4884,NULL,'2044-05',2044,5,'2044-05-01','2044-05-31',NULL,NULL,40740,0,NULL,1,0,0,1),(4885,NULL,'2044-06',2044,6,'2044-06-01','2044-06-30',NULL,NULL,40740,0,NULL,1,0,0,1),(4886,NULL,'2044-07',2044,7,'2044-07-01','2044-07-31',NULL,NULL,40740,0,NULL,1,0,0,1),(4887,NULL,'2044-08',2044,8,'2044-08-01','2044-08-31',NULL,NULL,40740,0,NULL,1,0,0,1),(4888,NULL,'2044-09',2044,9,'2044-09-01','2044-09-30',NULL,NULL,40740,0,NULL,1,0,0,1),(4889,NULL,'2044-10',2044,10,'2044-10-01','2044-10-31',NULL,NULL,40740,0,NULL,1,0,0,1),(4890,NULL,'2044-11',2044,11,'2044-11-01','2044-11-30',NULL,NULL,40740,0,NULL,1,0,0,1),(4891,NULL,'2044-12',2044,12,'2044-12-01','2044-12-31',NULL,NULL,40740,0,NULL,1,0,0,1),(4895,NULL,'2045-01',2045,1,'2045-01-01','2045-01-31',NULL,NULL,40740,0,NULL,1,0,0,1),(4896,NULL,'2045-02',2045,2,'2045-02-01','2045-02-28',NULL,NULL,40740,0,NULL,1,0,0,1),(4897,NULL,'2045-03',2045,3,'2045-03-01','2045-03-31',NULL,NULL,40740,0,NULL,1,0,0,1),(4898,NULL,'2045-04',2045,4,'2045-04-01','2045-04-30',NULL,NULL,40740,0,NULL,1,0,0,1),(4899,NULL,'2045-05',2045,5,'2045-05-01','2045-05-31',NULL,NULL,40740,0,NULL,1,0,0,1),(4900,NULL,'2045-06',2045,6,'2045-06-01','2045-06-30',NULL,NULL,40740,0,NULL,1,0,0,1),(4901,NULL,'2045-07',2045,7,'2045-07-01','2045-07-31',NULL,NULL,40740,0,NULL,1,0,0,1),(4902,NULL,'2045-08',2045,8,'2045-08-01','2045-08-31',NULL,NULL,40740,0,NULL,1,0,0,1),(4903,NULL,'2045-09',2045,9,'2045-09-01','2045-09-30',NULL,NULL,40740,0,NULL,1,0,0,1),(4904,NULL,'2045-10',2045,10,'2045-10-01','2045-10-31',NULL,NULL,40740,0,NULL,1,0,0,1),(4905,NULL,'2045-11',2045,11,'2045-11-01','2045-11-30',NULL,NULL,40740,0,NULL,1,0,0,1),(4906,NULL,'2045-12',2045,12,'2045-12-01','2045-12-31',NULL,NULL,40740,0,NULL,1,0,0,1);
INSERT INTO `periods` VALUES (4910,NULL,'2046-01',2046,1,'2046-01-01','2046-01-31',NULL,NULL,40740,0,NULL,1,0,0,1),(4911,NULL,'2046-02',2046,2,'2046-02-01','2046-02-28',NULL,NULL,40740,0,NULL,1,0,0,1),(4912,NULL,'2046-03',2046,3,'2046-03-01','2046-03-31',NULL,NULL,40740,0,NULL,1,0,0,1),(4913,NULL,'2046-04',2046,4,'2046-04-01','2046-04-30',NULL,NULL,40740,0,NULL,1,0,0,1),(4914,NULL,'2046-05',2046,5,'2046-05-01','2046-05-31',NULL,NULL,40740,0,NULL,1,0,0,1),(4915,NULL,'2046-06',2046,6,'2046-06-01','2046-06-30',NULL,NULL,40740,0,NULL,1,0,0,1),(4916,NULL,'2046-07',2046,7,'2046-07-01','2046-07-31',NULL,NULL,40740,0,NULL,1,0,0,1),(4917,NULL,'2046-08',2046,8,'2046-08-01','2046-08-31',NULL,NULL,40740,0,NULL,1,0,0,1),(4918,NULL,'2046-09',2046,9,'2046-09-01','2046-09-30',NULL,NULL,40740,0,NULL,1,0,0,1),(4919,NULL,'2046-10',2046,10,'2046-10-01','2046-10-31',NULL,NULL,40740,0,NULL,1,0,0,1),(4920,NULL,'2046-11',2046,11,'2046-11-01','2046-11-30',NULL,NULL,40740,0,NULL,1,0,0,1),(4921,NULL,'2046-12',2046,12,'2046-12-01','2046-12-31',NULL,NULL,40740,0,NULL,1,0,0,1),(4925,NULL,'2047-01',2047,1,'2047-01-01','2047-01-31',NULL,NULL,40740,0,NULL,1,0,0,1),(4926,NULL,'2047-02',2047,2,'2047-02-01','2047-02-28',NULL,NULL,40740,0,NULL,1,0,0,1),(4927,NULL,'2047-03',2047,3,'2047-03-01','2047-03-31',NULL,NULL,40740,0,NULL,1,0,0,1),(4928,NULL,'2047-04',2047,4,'2047-04-01','2047-04-30',NULL,NULL,40740,0,NULL,1,0,0,1),(4929,NULL,'2047-05',2047,5,'2047-05-01','2047-05-31',NULL,NULL,40740,0,NULL,1,0,0,1),(4930,NULL,'2047-06',2047,6,'2047-06-01','2047-06-30',NULL,NULL,40740,0,NULL,1,0,0,1),(4931,NULL,'2047-07',2047,7,'2047-07-01','2047-07-31',NULL,NULL,40740,0,NULL,1,0,0,1),(4932,NULL,'2047-08',2047,8,'2047-08-01','2047-08-31',NULL,NULL,40740,0,NULL,1,0,0,1),(4933,NULL,'2047-09',2047,9,'2047-09-01','2047-09-30',NULL,NULL,40740,0,NULL,1,0,0,1),(4934,NULL,'2047-10',2047,10,'2047-10-01','2047-10-31',NULL,NULL,40740,0,NULL,1,0,0,1),(4935,NULL,'2047-11',2047,11,'2047-11-01','2047-11-30',NULL,NULL,40740,0,NULL,1,0,0,1),(4936,NULL,'2047-12',2047,12,'2047-12-01','2047-12-31',NULL,NULL,40740,0,NULL,1,0,0,1),(4940,NULL,'2048-01',2048,1,'2048-01-01','2048-01-31',NULL,NULL,40740,0,NULL,1,0,0,1),(4941,NULL,'2048-02',2048,2,'2048-02-01','2048-02-28',NULL,NULL,40740,0,NULL,1,0,0,1),(4942,NULL,'2048-03',2048,3,'2048-03-01','2048-03-31',NULL,NULL,40740,0,NULL,1,0,0,1),(4943,NULL,'2048-04',2048,4,'2048-04-01','2048-04-30',NULL,NULL,40740,0,NULL,1,0,0,1),(4944,NULL,'2048-05',2048,5,'2048-05-01','2048-05-31',NULL,NULL,40740,0,NULL,1,0,0,1),(4945,NULL,'2048-06',2048,6,'2048-06-01','2048-06-30',NULL,NULL,40740,0,NULL,1,0,0,1),(4946,NULL,'2048-07',2048,7,'2048-07-01','2048-07-31',NULL,NULL,40740,0,NULL,1,0,0,1),(4947,NULL,'2048-08',2048,8,'2048-08-01','2048-08-31',NULL,NULL,40740,0,NULL,1,0,0,1),(4948,NULL,'2048-09',2048,9,'2048-09-01','2048-09-30',NULL,NULL,40740,0,NULL,1,0,0,1),(4949,NULL,'2048-10',2048,10,'2048-10-01','2048-10-31',NULL,NULL,40740,0,NULL,1,0,0,1),(4950,NULL,'2048-11',2048,11,'2048-11-01','2048-11-30',NULL,NULL,40740,0,NULL,1,0,0,1),(4951,NULL,'2048-12',2048,12,'2048-12-01','2048-12-31',NULL,NULL,40740,0,NULL,1,0,0,1),(4955,NULL,'2049-01',2049,1,'2049-01-01','2049-01-31',NULL,NULL,40740,0,NULL,1,0,0,1),(4956,NULL,'2049-02',2049,2,'2049-02-01','2049-02-28',NULL,NULL,40740,0,NULL,1,0,0,1),(4957,NULL,'2049-03',2049,3,'2049-03-01','2049-03-31',NULL,NULL,40740,0,NULL,1,0,0,1),(4958,NULL,'2049-04',2049,4,'2049-04-01','2049-04-30',NULL,NULL,40740,0,NULL,1,0,0,1),(4959,NULL,'2049-05',2049,5,'2049-05-01','2049-05-31',NULL,NULL,40740,0,NULL,1,0,0,1),(4960,NULL,'2049-06',2049,6,'2049-06-01','2049-06-30',NULL,NULL,40740,0,NULL,1,0,0,1),(4961,NULL,'2049-07',2049,7,'2049-07-01','2049-07-31',NULL,NULL,40740,0,NULL,1,0,0,1),(4962,NULL,'2049-08',2049,8,'2049-08-01','2049-08-31',NULL,NULL,40740,0,NULL,1,0,0,1),(4963,NULL,'2049-09',2049,9,'2049-09-01','2049-09-30',NULL,NULL,40740,0,NULL,1,0,0,1),(4964,NULL,'2049-10',2049,10,'2049-10-01','2049-10-31',NULL,NULL,40740,0,NULL,1,0,0,1);
INSERT INTO `periods` VALUES (4965,NULL,'2049-11',2049,11,'2049-11-01','2049-11-30',NULL,NULL,40740,0,NULL,1,0,0,1),(4966,NULL,'2049-12',2049,12,'2049-12-01','2049-12-31',NULL,NULL,40740,0,NULL,1,0,0,1),(4970,NULL,'2050-01',2050,1,'2050-01-01','2050-01-31',NULL,NULL,40740,0,NULL,1,0,0,1),(4971,NULL,'2050-02',2050,2,'2050-02-01','2050-02-28',NULL,NULL,40740,0,NULL,1,0,0,1),(4972,NULL,'2050-03',2050,3,'2050-03-01','2050-03-31',NULL,NULL,40740,0,NULL,1,0,0,1),(4973,NULL,'2050-04',2050,4,'2050-04-01','2050-04-30',NULL,NULL,40740,0,NULL,1,0,0,1),(4974,NULL,'2050-05',2050,5,'2050-05-01','2050-05-31',NULL,NULL,40740,0,NULL,1,0,0,1),(4975,NULL,'2050-06',2050,6,'2050-06-01','2050-06-30',NULL,NULL,40740,0,NULL,1,0,0,1),(4976,NULL,'2050-07',2050,7,'2050-07-01','2050-07-31',NULL,NULL,40740,0,NULL,1,0,0,1),(4977,NULL,'2050-08',2050,8,'2050-08-01','2050-08-31',NULL,NULL,40740,0,NULL,1,0,0,1),(4978,NULL,'2050-09',2050,9,'2050-09-01','2050-09-30',NULL,NULL,40740,0,NULL,1,0,0,1),(4979,NULL,'2050-10',2050,10,'2050-10-01','2050-10-31',NULL,NULL,40740,0,NULL,1,0,0,1),(4980,NULL,'2050-11',2050,11,'2050-11-01','2050-11-30',NULL,NULL,40740,0,NULL,1,0,0,1),(4981,NULL,'2050-12',2050,12,'2050-12-01','2050-12-31',NULL,NULL,40740,0,NULL,1,0,0,1),(4985,NULL,'2051-01',2051,1,'2051-01-01','2051-01-31',NULL,NULL,40740,0,NULL,1,0,0,1),(4986,NULL,'2051-02',2051,2,'2051-02-01','2051-02-28',NULL,NULL,40740,0,NULL,1,0,0,1),(4987,NULL,'2051-03',2051,3,'2051-03-01','2051-03-31',NULL,NULL,40740,0,NULL,1,0,0,1),(4988,NULL,'2051-04',2051,4,'2051-04-01','2051-04-30',NULL,NULL,40740,0,NULL,1,0,0,1),(4989,NULL,'2051-05',2051,5,'2051-05-01','2051-05-31',NULL,NULL,40740,0,NULL,1,0,0,1),(4990,NULL,'2051-06',2051,6,'2051-06-01','2051-06-30',NULL,NULL,40740,0,NULL,1,0,0,1),(4991,NULL,'2051-07',2051,7,'2051-07-01','2051-07-31',NULL,NULL,40740,0,NULL,1,0,0,1),(4992,NULL,'2051-08',2051,8,'2051-08-01','2051-08-31',NULL,NULL,40740,0,NULL,1,0,0,1),(4993,NULL,'2051-09',2051,9,'2051-09-01','2051-09-30',NULL,NULL,40740,0,NULL,1,0,0,1),(4994,NULL,'2051-10',2051,10,'2051-10-01','2051-10-31',NULL,NULL,40740,0,NULL,1,0,0,1),(4995,NULL,'2051-11',2051,11,'2051-11-01','2051-11-30',NULL,NULL,40740,0,NULL,1,0,0,1),(4996,NULL,'2051-12',2051,12,'2051-12-01','2051-12-31',NULL,NULL,40740,0,NULL,1,0,0,1),(5000,NULL,'2052-01',2052,1,'2052-01-01','2052-01-31',NULL,NULL,40740,0,NULL,1,0,0,1),(5001,NULL,'2052-02',2052,2,'2052-02-01','2052-02-28',NULL,NULL,40740,0,NULL,1,0,0,1),(5002,NULL,'2052-03',2052,3,'2052-03-01','2052-03-31',NULL,NULL,40740,0,NULL,1,0,0,1),(5003,NULL,'2052-04',2052,4,'2052-04-01','2052-04-30',NULL,NULL,40740,0,NULL,1,0,0,1),(5004,NULL,'2052-05',2052,5,'2052-05-01','2052-05-31',NULL,NULL,40740,0,NULL,1,0,0,1),(5005,NULL,'2052-06',2052,6,'2052-06-01','2052-06-30',NULL,NULL,40740,0,NULL,1,0,0,1),(5006,NULL,'2052-07',2052,7,'2052-07-01','2052-07-31',NULL,NULL,40740,0,NULL,1,0,0,1),(5007,NULL,'2052-08',2052,8,'2052-08-01','2052-08-31',NULL,NULL,40740,0,NULL,1,0,0,1),(5008,NULL,'2052-09',2052,9,'2052-09-01','2052-09-30',NULL,NULL,40740,0,NULL,1,0,0,1),(5009,NULL,'2052-10',2052,10,'2052-10-01','2052-10-31',NULL,NULL,40740,0,NULL,1,0,0,1),(5010,NULL,'2052-11',2052,11,'2052-11-01','2052-11-30',NULL,NULL,40740,0,NULL,1,0,0,1),(5011,NULL,'2052-12',2052,12,'2052-12-01','2052-12-31',NULL,NULL,40740,0,NULL,1,0,0,1),(5015,NULL,'2053-01',2053,1,'2053-01-01','2053-01-31',NULL,NULL,40740,0,NULL,1,0,0,1),(5016,NULL,'2053-02',2053,2,'2053-02-01','2053-02-28',NULL,NULL,40740,0,NULL,1,0,0,1),(5017,NULL,'2053-03',2053,3,'2053-03-01','2053-03-31',NULL,NULL,40740,0,NULL,1,0,0,1),(5018,NULL,'2053-04',2053,4,'2053-04-01','2053-04-30',NULL,NULL,40740,0,NULL,1,0,0,1),(5019,NULL,'2053-05',2053,5,'2053-05-01','2053-05-31',NULL,NULL,40740,0,NULL,1,0,0,1),(5020,NULL,'2053-06',2053,6,'2053-06-01','2053-06-30',NULL,NULL,40740,0,NULL,1,0,0,1),(5021,NULL,'2053-07',2053,7,'2053-07-01','2053-07-31',NULL,NULL,40740,0,NULL,1,0,0,1),(5022,NULL,'2053-08',2053,8,'2053-08-01','2053-08-31',NULL,NULL,40740,0,NULL,1,0,0,1);
INSERT INTO `periods` VALUES (5023,NULL,'2053-09',2053,9,'2053-09-01','2053-09-30',NULL,NULL,40740,0,NULL,1,0,0,1),(5024,NULL,'2053-10',2053,10,'2053-10-01','2053-10-31',NULL,NULL,40740,0,NULL,1,0,0,1),(5025,NULL,'2053-11',2053,11,'2053-11-01','2053-11-30',NULL,NULL,40740,0,NULL,1,0,0,1),(5026,NULL,'2053-12',2053,12,'2053-12-01','2053-12-31',NULL,NULL,40740,0,NULL,1,0,0,1),(5030,NULL,'2054-01',2054,1,'2054-01-01','2054-01-31',NULL,NULL,40740,0,NULL,1,0,0,1),(5031,NULL,'2054-02',2054,2,'2054-02-01','2054-02-28',NULL,NULL,40740,0,NULL,1,0,0,1),(5032,NULL,'2054-03',2054,3,'2054-03-01','2054-03-31',NULL,NULL,40740,0,NULL,1,0,0,1),(5033,NULL,'2054-04',2054,4,'2054-04-01','2054-04-30',NULL,NULL,40740,0,NULL,1,0,0,1),(5034,NULL,'2054-05',2054,5,'2054-05-01','2054-05-31',NULL,NULL,40740,0,NULL,1,0,0,1),(5035,NULL,'2054-06',2054,6,'2054-06-01','2054-06-30',NULL,NULL,40740,0,NULL,1,0,0,1),(5036,NULL,'2054-07',2054,7,'2054-07-01','2054-07-31',NULL,NULL,40740,0,NULL,1,0,0,1),(5037,NULL,'2054-08',2054,8,'2054-08-01','2054-08-31',NULL,NULL,40740,0,NULL,1,0,0,1),(5038,NULL,'2054-09',2054,9,'2054-09-01','2054-09-30',NULL,NULL,40740,0,NULL,1,0,0,1),(5039,NULL,'2054-10',2054,10,'2054-10-01','2054-10-31',NULL,NULL,40740,0,NULL,1,0,0,1),(5040,NULL,'2054-11',2054,11,'2054-11-01','2054-11-30',NULL,NULL,40740,0,NULL,1,0,0,1),(5041,NULL,'2054-12',2054,12,'2054-12-01','2054-12-31',NULL,NULL,40740,0,NULL,1,0,0,1),(5045,NULL,'2055-01',2055,1,'2055-01-01','2055-01-31',NULL,NULL,40740,0,NULL,1,0,0,1),(5046,NULL,'2055-02',2055,2,'2055-02-01','2055-02-28',NULL,NULL,40740,0,NULL,1,0,0,1),(5047,NULL,'2055-03',2055,3,'2055-03-01','2055-03-31',NULL,NULL,40740,0,NULL,1,0,0,1),(5048,NULL,'2055-04',2055,4,'2055-04-01','2055-04-30',NULL,NULL,40740,0,NULL,1,0,0,1),(5049,NULL,'2055-05',2055,5,'2055-05-01','2055-05-31',NULL,NULL,40740,0,NULL,1,0,0,1),(5050,NULL,'2055-06',2055,6,'2055-06-01','2055-06-30',NULL,NULL,40740,0,NULL,1,0,0,1),(5051,NULL,'2055-07',2055,7,'2055-07-01','2055-07-31',NULL,NULL,40740,0,NULL,1,0,0,1),(5052,NULL,'2055-08',2055,8,'2055-08-01','2055-08-31',NULL,NULL,40740,0,NULL,1,0,0,1),(5053,NULL,'2055-09',2055,9,'2055-09-01','2055-09-30',NULL,NULL,40740,0,NULL,1,0,0,1),(5054,NULL,'2055-10',2055,10,'2055-10-01','2055-10-31',NULL,NULL,40740,0,NULL,1,0,0,1),(5055,NULL,'2055-11',2055,11,'2055-11-01','2055-11-30',NULL,NULL,40740,0,NULL,1,0,0,1),(5056,NULL,'2055-12',2055,12,'2055-12-01','2055-12-31',NULL,NULL,40740,0,NULL,1,0,0,1),(5060,NULL,'2056-01',2056,1,'2056-01-01','2056-01-31',NULL,NULL,40740,0,NULL,1,0,0,1),(5061,NULL,'2056-02',2056,2,'2056-02-01','2056-02-28',NULL,NULL,40740,0,NULL,1,0,0,1),(5062,NULL,'2056-03',2056,3,'2056-03-01','2056-03-31',NULL,NULL,40740,0,NULL,1,0,0,1),(5063,NULL,'2056-04',2056,4,'2056-04-01','2056-04-30',NULL,NULL,40740,0,NULL,1,0,0,1),(5064,NULL,'2056-05',2056,5,'2056-05-01','2056-05-31',NULL,NULL,40740,0,NULL,1,0,0,1),(5065,NULL,'2056-06',2056,6,'2056-06-01','2056-06-30',NULL,NULL,40740,0,NULL,1,0,0,1),(5066,NULL,'2056-07',2056,7,'2056-07-01','2056-07-31',NULL,NULL,40740,0,NULL,1,0,0,1),(5067,NULL,'2056-08',2056,8,'2056-08-01','2056-08-31',NULL,NULL,40740,0,NULL,1,0,0,1),(5068,NULL,'2056-09',2056,9,'2056-09-01','2056-09-30',NULL,NULL,40740,0,NULL,1,0,0,1),(5069,NULL,'2056-10',2056,10,'2056-10-01','2056-10-31',NULL,NULL,40740,0,NULL,1,0,0,1),(5070,NULL,'2056-11',2056,11,'2056-11-01','2056-11-30',NULL,NULL,40740,0,NULL,1,0,0,1),(5071,NULL,'2056-12',2056,12,'2056-12-01','2056-12-31',NULL,NULL,40740,0,NULL,1,0,0,1),(5075,NULL,'2057-01',2057,1,'2057-01-01','2057-01-31',NULL,NULL,40740,0,NULL,1,0,0,1),(5076,NULL,'2057-02',2057,2,'2057-02-01','2057-02-28',NULL,NULL,40740,0,NULL,1,0,0,1),(5077,NULL,'2057-03',2057,3,'2057-03-01','2057-03-31',NULL,NULL,40740,0,NULL,1,0,0,1),(5078,NULL,'2057-04',2057,4,'2057-04-01','2057-04-30',NULL,NULL,40740,0,NULL,1,0,0,1),(5079,NULL,'2057-05',2057,5,'2057-05-01','2057-05-31',NULL,NULL,40740,0,NULL,1,0,0,1),(5080,NULL,'2057-06',2057,6,'2057-06-01','2057-06-30',NULL,NULL,40740,0,NULL,1,0,0,1);
INSERT INTO `periods` VALUES (5081,NULL,'2057-07',2057,7,'2057-07-01','2057-07-31',NULL,NULL,40740,0,NULL,1,0,0,1),(5082,NULL,'2057-08',2057,8,'2057-08-01','2057-08-31',NULL,NULL,40740,0,NULL,1,0,0,1),(5083,NULL,'2057-09',2057,9,'2057-09-01','2057-09-30',NULL,NULL,40740,0,NULL,1,0,0,1),(5084,NULL,'2057-10',2057,10,'2057-10-01','2057-10-31',NULL,NULL,40740,0,NULL,1,0,0,1),(5085,NULL,'2057-11',2057,11,'2057-11-01','2057-11-30',NULL,NULL,40740,0,NULL,1,0,0,1),(5086,NULL,'2057-12',2057,12,'2057-12-01','2057-12-31',NULL,NULL,40740,0,NULL,1,0,0,1),(5090,NULL,'2058-01',2058,1,'2058-01-01','2058-01-31',NULL,NULL,40740,0,NULL,1,0,0,1),(5091,NULL,'2058-02',2058,2,'2058-02-01','2058-02-28',NULL,NULL,40740,0,NULL,1,0,0,1),(5092,NULL,'2058-03',2058,3,'2058-03-01','2058-03-31',NULL,NULL,40740,0,NULL,1,0,0,1),(5093,NULL,'2058-04',2058,4,'2058-04-01','2058-04-30',NULL,NULL,40740,0,NULL,1,0,0,1),(5094,NULL,'2058-05',2058,5,'2058-05-01','2058-05-31',NULL,NULL,40740,0,NULL,1,0,0,1),(5095,NULL,'2058-06',2058,6,'2058-06-01','2058-06-30',NULL,NULL,40740,0,NULL,1,0,0,1),(5096,NULL,'2058-07',2058,7,'2058-07-01','2058-07-31',NULL,NULL,40740,0,NULL,1,0,0,1),(5097,NULL,'2058-08',2058,8,'2058-08-01','2058-08-31',NULL,NULL,40740,0,NULL,1,0,0,1),(5098,NULL,'2058-09',2058,9,'2058-09-01','2058-09-30',NULL,NULL,40740,0,NULL,1,0,0,1),(5099,NULL,'2058-10',2058,10,'2058-10-01','2058-10-31',NULL,NULL,40740,0,NULL,1,0,0,1),(5100,NULL,'2058-11',2058,11,'2058-11-01','2058-11-30',NULL,NULL,40740,0,NULL,1,0,0,1),(5101,NULL,'2058-12',2058,12,'2058-12-01','2058-12-31',NULL,NULL,40740,0,NULL,1,0,0,1),(5105,NULL,'2059-01',2059,1,'2059-01-01','2059-01-31',NULL,NULL,40740,0,NULL,1,0,0,1),(5106,NULL,'2059-02',2059,2,'2059-02-01','2059-02-28',NULL,NULL,40740,0,NULL,1,0,0,1),(5107,NULL,'2059-03',2059,3,'2059-03-01','2059-03-31',NULL,NULL,40740,0,NULL,1,0,0,1),(5108,NULL,'2059-04',2059,4,'2059-04-01','2059-04-30',NULL,NULL,40740,0,NULL,1,0,0,1),(5109,NULL,'2059-05',2059,5,'2059-05-01','2059-05-31',NULL,NULL,40740,0,NULL,1,0,0,1),(5110,NULL,'2059-06',2059,6,'2059-06-01','2059-06-30',NULL,NULL,40740,0,NULL,1,0,0,1),(5111,NULL,'2059-07',2059,7,'2059-07-01','2059-07-31',NULL,NULL,40740,0,NULL,1,0,0,1),(5112,NULL,'2059-08',2059,8,'2059-08-01','2059-08-31',NULL,NULL,40740,0,NULL,1,0,0,1),(5113,NULL,'2059-09',2059,9,'2059-09-01','2059-09-30',NULL,NULL,40740,0,NULL,1,0,0,1),(5114,NULL,'2059-10',2059,10,'2059-10-01','2059-10-31',NULL,NULL,40740,0,NULL,1,0,0,1),(5115,NULL,'2059-11',2059,11,'2059-11-01','2059-11-30',NULL,NULL,40740,0,NULL,1,0,0,1),(5116,NULL,'2059-12',2059,12,'2059-12-01','2059-12-31',NULL,NULL,40740,0,NULL,1,0,0,1),(5120,NULL,'2060-01',2060,1,'2060-01-01','2060-01-31',NULL,NULL,40740,0,NULL,1,0,0,1),(5121,NULL,'2060-02',2060,2,'2060-02-01','2060-02-28',NULL,NULL,40740,0,NULL,1,0,0,1),(5122,NULL,'2060-03',2060,3,'2060-03-01','2060-03-31',NULL,NULL,40740,0,NULL,1,0,0,1),(5123,NULL,'2060-04',2060,4,'2060-04-01','2060-04-30',NULL,NULL,40740,0,NULL,1,0,0,1),(5124,NULL,'2060-05',2060,5,'2060-05-01','2060-05-31',NULL,NULL,40740,0,NULL,1,0,0,1),(5125,NULL,'2060-06',2060,6,'2060-06-01','2060-06-30',NULL,NULL,40740,0,NULL,1,0,0,1),(5126,NULL,'2060-07',2060,7,'2060-07-01','2060-07-31',NULL,NULL,40740,0,NULL,1,0,0,1),(5127,NULL,'2060-08',2060,8,'2060-08-01','2060-08-31',NULL,NULL,40740,0,NULL,1,0,0,1),(5128,NULL,'2060-09',2060,9,'2060-09-01','2060-09-30',NULL,NULL,40740,0,NULL,1,0,0,1),(5129,NULL,'2060-10',2060,10,'2060-10-01','2060-10-31',NULL,NULL,40740,0,NULL,1,0,0,1),(5130,NULL,'2060-11',2060,11,'2060-11-01','2060-11-30',NULL,NULL,40740,0,NULL,1,0,0,1),(5131,NULL,'2060-12',2060,12,'2060-12-01','2060-12-31',NULL,NULL,40740,0,NULL,1,0,0,1),(5135,NULL,'2061-01',2061,1,'2061-01-01','2061-01-31',NULL,NULL,40740,0,NULL,1,0,0,1),(5136,NULL,'2061-02',2061,2,'2061-02-01','2061-02-28',NULL,NULL,40740,0,NULL,1,0,0,1),(5137,NULL,'2061-03',2061,3,'2061-03-01','2061-03-31',NULL,NULL,40740,0,NULL,1,0,0,1),(5138,NULL,'2061-04',2061,4,'2061-04-01','2061-04-30',NULL,NULL,40740,0,NULL,1,0,0,1);
INSERT INTO `periods` VALUES (5139,NULL,'2061-05',2061,5,'2061-05-01','2061-05-31',NULL,NULL,40740,0,NULL,1,0,0,1),(5140,NULL,'2061-06',2061,6,'2061-06-01','2061-06-30',NULL,NULL,40740,0,NULL,1,0,0,1),(5141,NULL,'2061-07',2061,7,'2061-07-01','2061-07-31',NULL,NULL,40740,0,NULL,1,0,0,1),(5142,NULL,'2061-08',2061,8,'2061-08-01','2061-08-31',NULL,NULL,40740,0,NULL,1,0,0,1),(5143,NULL,'2061-09',2061,9,'2061-09-01','2061-09-30',NULL,NULL,40740,0,NULL,1,0,0,1),(5144,NULL,'2061-10',2061,10,'2061-10-01','2061-10-31',NULL,NULL,40740,0,NULL,1,0,0,1),(5145,NULL,'2061-11',2061,11,'2061-11-01','2061-11-30',NULL,NULL,40740,0,NULL,1,0,0,1),(5146,NULL,'2061-12',2061,12,'2061-12-01','2061-12-31',NULL,NULL,40740,0,NULL,1,0,0,1),(5150,NULL,'2062-01',2062,1,'2062-01-01','2062-01-31',NULL,NULL,40740,0,NULL,1,0,0,1),(5151,NULL,'2062-02',2062,2,'2062-02-01','2062-02-28',NULL,NULL,40740,0,NULL,1,0,0,1),(5152,NULL,'2062-03',2062,3,'2062-03-01','2062-03-31',NULL,NULL,40740,0,NULL,1,0,0,1),(5153,NULL,'2062-04',2062,4,'2062-04-01','2062-04-30',NULL,NULL,40740,0,NULL,1,0,0,1),(5154,NULL,'2062-05',2062,5,'2062-05-01','2062-05-31',NULL,NULL,40740,0,NULL,1,0,0,1),(5155,NULL,'2062-06',2062,6,'2062-06-01','2062-06-30',NULL,NULL,40740,0,NULL,1,0,0,1),(5156,NULL,'2062-07',2062,7,'2062-07-01','2062-07-31',NULL,NULL,40740,0,NULL,1,0,0,1),(5157,NULL,'2062-08',2062,8,'2062-08-01','2062-08-31',NULL,NULL,40740,0,NULL,1,0,0,1),(5158,NULL,'2062-09',2062,9,'2062-09-01','2062-09-30',NULL,NULL,40740,0,NULL,1,0,0,1),(5159,NULL,'2062-10',2062,10,'2062-10-01','2062-10-31',NULL,NULL,40740,0,NULL,1,0,0,1),(5160,NULL,'2062-11',2062,11,'2062-11-01','2062-11-30',NULL,NULL,40740,0,NULL,1,0,0,1),(5161,NULL,'2062-12',2062,12,'2062-12-01','2062-12-31',NULL,NULL,40740,0,NULL,1,0,0,1),(5165,NULL,'2063-01',2063,1,'2063-01-01','2063-01-31',NULL,NULL,40740,0,NULL,1,0,0,1),(5166,NULL,'2063-02',2063,2,'2063-02-01','2063-02-28',NULL,NULL,40740,0,NULL,1,0,0,1),(5167,NULL,'2063-03',2063,3,'2063-03-01','2063-03-31',NULL,NULL,40740,0,NULL,1,0,0,1),(5168,NULL,'2063-04',2063,4,'2063-04-01','2063-04-30',NULL,NULL,40740,0,NULL,1,0,0,1),(5169,NULL,'2063-05',2063,5,'2063-05-01','2063-05-31',NULL,NULL,40740,0,NULL,1,0,0,1),(5170,NULL,'2063-06',2063,6,'2063-06-01','2063-06-30',NULL,NULL,40740,0,NULL,1,0,0,1),(5171,NULL,'2063-07',2063,7,'2063-07-01','2063-07-31',NULL,NULL,40740,0,NULL,1,0,0,1),(5172,NULL,'2063-08',2063,8,'2063-08-01','2063-08-31',NULL,NULL,40740,0,NULL,1,0,0,1),(5173,NULL,'2063-09',2063,9,'2063-09-01','2063-09-30',NULL,NULL,40740,0,NULL,1,0,0,1),(5174,NULL,'2063-10',2063,10,'2063-10-01','2063-10-31',NULL,NULL,40740,0,NULL,1,0,0,1),(5175,NULL,'2063-11',2063,11,'2063-11-01','2063-11-30',NULL,NULL,40740,0,NULL,1,0,0,1),(5176,NULL,'2063-12',2063,12,'2063-12-01','2063-12-31',NULL,NULL,40740,0,NULL,1,0,0,1),(5180,NULL,'2064-01',2064,1,'2064-01-01','2064-01-31',NULL,NULL,40740,0,NULL,1,0,0,1),(5181,NULL,'2064-02',2064,2,'2064-02-01','2064-02-28',NULL,NULL,40740,0,NULL,1,0,0,1),(5182,NULL,'2064-03',2064,3,'2064-03-01','2064-03-31',NULL,NULL,40740,0,NULL,1,0,0,1),(5183,NULL,'2064-04',2064,4,'2064-04-01','2064-04-30',NULL,NULL,40740,0,NULL,1,0,0,1),(5184,NULL,'2064-05',2064,5,'2064-05-01','2064-05-31',NULL,NULL,40740,0,NULL,1,0,0,1),(5185,NULL,'2064-06',2064,6,'2064-06-01','2064-06-30',NULL,NULL,40740,0,NULL,1,0,0,1),(5186,NULL,'2064-07',2064,7,'2064-07-01','2064-07-31',NULL,NULL,40740,0,NULL,1,0,0,1),(5187,NULL,'2064-08',2064,8,'2064-08-01','2064-08-31',NULL,NULL,40740,0,NULL,1,0,0,1),(5188,NULL,'2064-09',2064,9,'2064-09-01','2064-09-30',NULL,NULL,40740,0,NULL,1,0,0,1),(5189,NULL,'2064-10',2064,10,'2064-10-01','2064-10-31',NULL,NULL,40740,0,NULL,1,0,0,1),(5190,NULL,'2064-11',2064,11,'2064-11-01','2064-11-30',NULL,NULL,40740,0,NULL,1,0,0,1),(5191,NULL,'2064-12',2064,12,'2064-12-01','2064-12-31',NULL,NULL,40740,0,NULL,1,0,0,1),(5195,NULL,'2065-01',2065,1,'2065-01-01','2065-01-31',NULL,NULL,40740,0,NULL,1,0,0,1),(5196,NULL,'2065-02',2065,2,'2065-02-01','2065-02-28',NULL,NULL,40740,0,NULL,1,0,0,1);
INSERT INTO `periods` VALUES (5197,NULL,'2065-03',2065,3,'2065-03-01','2065-03-31',NULL,NULL,40740,0,NULL,1,0,0,1),(5198,NULL,'2065-04',2065,4,'2065-04-01','2065-04-30',NULL,NULL,40740,0,NULL,1,0,0,1),(5199,NULL,'2065-05',2065,5,'2065-05-01','2065-05-31',NULL,NULL,40740,0,NULL,1,0,0,1),(5200,NULL,'2065-06',2065,6,'2065-06-01','2065-06-30',NULL,NULL,40740,0,NULL,1,0,0,1),(5201,NULL,'2065-07',2065,7,'2065-07-01','2065-07-31',NULL,NULL,40740,0,NULL,1,0,0,1),(5202,NULL,'2065-08',2065,8,'2065-08-01','2065-08-31',NULL,NULL,40740,0,NULL,1,0,0,1),(5203,NULL,'2065-09',2065,9,'2065-09-01','2065-09-30',NULL,NULL,40740,0,NULL,1,0,0,1),(5204,NULL,'2065-10',2065,10,'2065-10-01','2065-10-31',NULL,NULL,40740,0,NULL,1,0,0,1),(5205,NULL,'2065-11',2065,11,'2065-11-01','2065-11-30',NULL,NULL,40740,0,NULL,1,0,0,1),(5206,NULL,'2065-12',2065,12,'2065-12-01','2065-12-31',NULL,NULL,40740,0,NULL,1,0,0,1),(5210,NULL,'2066-01',2066,1,'2066-01-01','2066-01-31',NULL,NULL,40740,0,NULL,1,0,0,1),(5211,NULL,'2066-02',2066,2,'2066-02-01','2066-02-28',NULL,NULL,40740,0,NULL,1,0,0,1),(5212,NULL,'2066-03',2066,3,'2066-03-01','2066-03-31',NULL,NULL,40740,0,NULL,1,0,0,1),(5213,NULL,'2066-04',2066,4,'2066-04-01','2066-04-30',NULL,NULL,40740,0,NULL,1,0,0,1),(5214,NULL,'2066-05',2066,5,'2066-05-01','2066-05-31',NULL,NULL,40740,0,NULL,1,0,0,1),(5215,NULL,'2066-06',2066,6,'2066-06-01','2066-06-30',NULL,NULL,40740,0,NULL,1,0,0,1),(5216,NULL,'2066-07',2066,7,'2066-07-01','2066-07-31',NULL,NULL,40740,0,NULL,1,0,0,1),(5217,NULL,'2066-08',2066,8,'2066-08-01','2066-08-31',NULL,NULL,40740,0,NULL,1,0,0,1),(5218,NULL,'2066-09',2066,9,'2066-09-01','2066-09-30',NULL,NULL,40740,0,NULL,1,0,0,1),(5219,NULL,'2066-10',2066,10,'2066-10-01','2066-10-31',NULL,NULL,40740,0,NULL,1,0,0,1),(5220,NULL,'2066-11',2066,11,'2066-11-01','2066-11-30',NULL,NULL,40740,0,NULL,1,0,0,1),(5221,NULL,'2066-12',2066,12,'2066-12-01','2066-12-31',NULL,NULL,40740,0,NULL,1,0,0,1),(5225,NULL,'2067-01',2067,1,'2067-01-01','2067-01-31',NULL,NULL,40740,0,NULL,1,0,0,1),(5226,NULL,'2067-02',2067,2,'2067-02-01','2067-02-28',NULL,NULL,40740,0,NULL,1,0,0,1),(5227,NULL,'2067-03',2067,3,'2067-03-01','2067-03-31',NULL,NULL,40740,0,NULL,1,0,0,1),(5228,NULL,'2067-04',2067,4,'2067-04-01','2067-04-30',NULL,NULL,40740,0,NULL,1,0,0,1),(5229,NULL,'2067-05',2067,5,'2067-05-01','2067-05-31',NULL,NULL,40740,0,NULL,1,0,0,1),(5230,NULL,'2067-06',2067,6,'2067-06-01','2067-06-30',NULL,NULL,40740,0,NULL,1,0,0,1),(5231,NULL,'2067-07',2067,7,'2067-07-01','2067-07-31',NULL,NULL,40740,0,NULL,1,0,0,1),(5232,NULL,'2067-08',2067,8,'2067-08-01','2067-08-31',NULL,NULL,40740,0,NULL,1,0,0,1),(5233,NULL,'2067-09',2067,9,'2067-09-01','2067-09-30',NULL,NULL,40740,0,NULL,1,0,0,1),(5234,NULL,'2067-10',2067,10,'2067-10-01','2067-10-31',NULL,NULL,40740,0,NULL,1,0,0,1),(5235,NULL,'2067-11',2067,11,'2067-11-01','2067-11-30',NULL,NULL,40740,0,NULL,1,0,0,1),(5236,NULL,'2067-12',2067,12,'2067-12-01','2067-12-31',NULL,NULL,40740,0,NULL,1,0,0,1),(5240,NULL,'2068-01',2068,1,'2068-01-01','2068-01-31',NULL,NULL,40740,0,NULL,1,0,0,1),(5241,NULL,'2068-02',2068,2,'2068-02-01','2068-02-28',NULL,NULL,40740,0,NULL,1,0,0,1),(5242,NULL,'2068-03',2068,3,'2068-03-01','2068-03-31',NULL,NULL,40740,0,NULL,1,0,0,1),(5243,NULL,'2068-04',2068,4,'2068-04-01','2068-04-30',NULL,NULL,40740,0,NULL,1,0,0,1),(5244,NULL,'2068-05',2068,5,'2068-05-01','2068-05-31',NULL,NULL,40740,0,NULL,1,0,0,1),(5245,NULL,'2068-06',2068,6,'2068-06-01','2068-06-30',NULL,NULL,40740,0,NULL,1,0,0,1),(5246,NULL,'2068-07',2068,7,'2068-07-01','2068-07-31',NULL,NULL,40740,0,NULL,1,0,0,1),(5247,NULL,'2068-08',2068,8,'2068-08-01','2068-08-31',NULL,NULL,40740,0,NULL,1,0,0,1),(5248,NULL,'2068-09',2068,9,'2068-09-01','2068-09-30',NULL,NULL,40740,0,NULL,1,0,0,1),(5249,NULL,'2068-10',2068,10,'2068-10-01','2068-10-31',NULL,NULL,40740,0,NULL,1,0,0,1),(5250,NULL,'2068-11',2068,11,'2068-11-01','2068-11-30',NULL,NULL,40740,0,NULL,1,0,0,1),(5251,NULL,'2068-12',2068,12,'2068-12-01','2068-12-31',NULL,NULL,40740,0,NULL,1,0,0,1);
INSERT INTO `periods` VALUES (5255,NULL,'2069-01',2069,1,'2069-01-01','2069-01-31',NULL,NULL,40740,0,NULL,1,0,0,1),(5256,NULL,'2069-02',2069,2,'2069-02-01','2069-02-28',NULL,NULL,40740,0,NULL,1,0,0,1),(5257,NULL,'2069-03',2069,3,'2069-03-01','2069-03-31',NULL,NULL,40740,0,NULL,1,0,0,1),(5258,NULL,'2069-04',2069,4,'2069-04-01','2069-04-30',NULL,NULL,40740,0,NULL,1,0,0,1),(5259,NULL,'2069-05',2069,5,'2069-05-01','2069-05-31',NULL,NULL,40740,0,NULL,1,0,0,1),(5260,NULL,'2069-06',2069,6,'2069-06-01','2069-06-30',NULL,NULL,40740,0,NULL,1,0,0,1),(5261,NULL,'2069-07',2069,7,'2069-07-01','2069-07-31',NULL,NULL,40740,0,NULL,1,0,0,1),(5262,NULL,'2069-08',2069,8,'2069-08-01','2069-08-31',NULL,NULL,40740,0,NULL,1,0,0,1),(5263,NULL,'2069-09',2069,9,'2069-09-01','2069-09-30',NULL,NULL,40740,0,NULL,1,0,0,1),(5264,NULL,'2069-10',2069,10,'2069-10-01','2069-10-31',NULL,NULL,40740,0,NULL,1,0,0,1),(5265,NULL,'2069-11',2069,11,'2069-11-01','2069-11-30',NULL,NULL,40740,0,NULL,1,0,0,1),(5266,NULL,'2069-12',2069,12,'2069-12-01','2069-12-31',NULL,NULL,40740,0,NULL,1,0,0,1),(5270,NULL,'2070-01',2070,1,'2070-01-01','2070-01-31',NULL,NULL,40740,0,NULL,1,0,0,1),(5271,NULL,'2070-02',2070,2,'2070-02-01','2070-02-28',NULL,NULL,40740,0,NULL,1,0,0,1),(5272,NULL,'2070-03',2070,3,'2070-03-01','2070-03-31',NULL,NULL,40740,0,NULL,1,0,0,1),(5273,NULL,'2070-04',2070,4,'2070-04-01','2070-04-30',NULL,NULL,40740,0,NULL,1,0,0,1),(5274,NULL,'2070-05',2070,5,'2070-05-01','2070-05-31',NULL,NULL,40740,0,NULL,1,0,0,1),(5275,NULL,'2070-06',2070,6,'2070-06-01','2070-06-30',NULL,NULL,40740,0,NULL,1,0,0,1),(5276,NULL,'2070-07',2070,7,'2070-07-01','2070-07-31',NULL,NULL,40740,0,NULL,1,0,0,1),(5277,NULL,'2070-08',2070,8,'2070-08-01','2070-08-31',NULL,NULL,40740,0,NULL,1,0,0,1),(5278,NULL,'2070-09',2070,9,'2070-09-01','2070-09-30',NULL,NULL,40740,0,NULL,1,0,0,1),(5279,NULL,'2070-10',2070,10,'2070-10-01','2070-10-31',NULL,NULL,40740,0,NULL,1,0,0,1),(5280,NULL,'2070-11',2070,11,'2070-11-01','2070-11-30',NULL,NULL,40740,0,NULL,1,0,0,1),(5281,NULL,'2070-12',2070,12,'2070-12-01','2070-12-31',NULL,NULL,40740,0,NULL,1,0,0,1),(5285,NULL,'2071-01',2071,1,'2071-01-01','2071-01-31',NULL,NULL,40740,0,NULL,1,0,0,1),(5286,NULL,'2071-02',2071,2,'2071-02-01','2071-02-28',NULL,NULL,40740,0,NULL,1,0,0,1),(5287,NULL,'2071-03',2071,3,'2071-03-01','2071-03-31',NULL,NULL,40740,0,NULL,1,0,0,1),(5288,NULL,'2071-04',2071,4,'2071-04-01','2071-04-30',NULL,NULL,40740,0,NULL,1,0,0,1),(5289,NULL,'2071-05',2071,5,'2071-05-01','2071-05-31',NULL,NULL,40740,0,NULL,1,0,0,1),(5290,NULL,'2071-06',2071,6,'2071-06-01','2071-06-30',NULL,NULL,40740,0,NULL,1,0,0,1),(5291,NULL,'2071-07',2071,7,'2071-07-01','2071-07-31',NULL,NULL,40740,0,NULL,1,0,0,1),(5292,NULL,'2071-08',2071,8,'2071-08-01','2071-08-31',NULL,NULL,40740,0,NULL,1,0,0,1),(5293,NULL,'2071-09',2071,9,'2071-09-01','2071-09-30',NULL,NULL,40740,0,NULL,1,0,0,1),(5294,NULL,'2071-10',2071,10,'2071-10-01','2071-10-31',NULL,NULL,40740,0,NULL,1,0,0,1),(5295,NULL,'2071-11',2071,11,'2071-11-01','2071-11-30',NULL,NULL,40740,0,NULL,1,0,0,1),(5296,NULL,'2071-12',2071,12,'2071-12-01','2071-12-31',NULL,NULL,40740,0,NULL,1,0,0,1),(5300,NULL,'2072-01',2072,1,'2072-01-01','2072-01-31',NULL,NULL,40740,0,NULL,1,0,0,1),(5301,NULL,'2072-02',2072,2,'2072-02-01','2072-02-28',NULL,NULL,40740,0,NULL,1,0,0,1),(5302,NULL,'2072-03',2072,3,'2072-03-01','2072-03-31',NULL,NULL,40740,0,NULL,1,0,0,1),(5303,NULL,'2072-04',2072,4,'2072-04-01','2072-04-30',NULL,NULL,40740,0,NULL,1,0,0,1),(5304,NULL,'2072-05',2072,5,'2072-05-01','2072-05-31',NULL,NULL,40740,0,NULL,1,0,0,1),(5305,NULL,'2072-06',2072,6,'2072-06-01','2072-06-30',NULL,NULL,40740,0,NULL,1,0,0,1),(5306,NULL,'2072-07',2072,7,'2072-07-01','2072-07-31',NULL,NULL,40740,0,NULL,1,0,0,1),(5307,NULL,'2072-08',2072,8,'2072-08-01','2072-08-31',NULL,NULL,40740,0,NULL,1,0,0,1),(5308,NULL,'2072-09',2072,9,'2072-09-01','2072-09-30',NULL,NULL,40740,0,NULL,1,0,0,1),(5309,NULL,'2072-10',2072,10,'2072-10-01','2072-10-31',NULL,NULL,40740,0,NULL,1,0,0,1);
INSERT INTO `periods` VALUES (5310,NULL,'2072-11',2072,11,'2072-11-01','2072-11-30',NULL,NULL,40740,0,NULL,1,0,0,1),(5311,NULL,'2072-12',2072,12,'2072-12-01','2072-12-31',NULL,NULL,40740,0,NULL,1,0,0,1),(5315,NULL,'2073-01',2073,1,'2073-01-01','2073-01-31',NULL,NULL,40740,0,NULL,1,0,0,1),(5316,NULL,'2073-02',2073,2,'2073-02-01','2073-02-28',NULL,NULL,40740,0,NULL,1,0,0,1),(5317,NULL,'2073-03',2073,3,'2073-03-01','2073-03-31',NULL,NULL,40740,0,NULL,1,0,0,1),(5318,NULL,'2073-04',2073,4,'2073-04-01','2073-04-30',NULL,NULL,40740,0,NULL,1,0,0,1),(5319,NULL,'2073-05',2073,5,'2073-05-01','2073-05-31',NULL,NULL,40740,0,NULL,1,0,0,1),(5320,NULL,'2073-06',2073,6,'2073-06-01','2073-06-30',NULL,NULL,40740,0,NULL,1,0,0,1),(5321,NULL,'2073-07',2073,7,'2073-07-01','2073-07-31',NULL,NULL,40740,0,NULL,1,0,0,1),(5322,NULL,'2073-08',2073,8,'2073-08-01','2073-08-31',NULL,NULL,40740,0,NULL,1,0,0,1),(5323,NULL,'2073-09',2073,9,'2073-09-01','2073-09-30',NULL,NULL,40740,0,NULL,1,0,0,1),(5324,NULL,'2073-10',2073,10,'2073-10-01','2073-10-31',NULL,NULL,40740,0,NULL,1,0,0,1),(5325,NULL,'2073-11',2073,11,'2073-11-01','2073-11-30',NULL,NULL,40740,0,NULL,1,0,0,1),(5326,NULL,'2073-12',2073,12,'2073-12-01','2073-12-31',NULL,NULL,40740,0,NULL,1,0,0,1),(5330,NULL,'2074-01',2074,1,'2074-01-01','2074-01-31',NULL,NULL,40740,0,NULL,1,0,0,1),(5331,NULL,'2074-02',2074,2,'2074-02-01','2074-02-28',NULL,NULL,40740,0,NULL,1,0,0,1),(5332,NULL,'2074-03',2074,3,'2074-03-01','2074-03-31',NULL,NULL,40740,0,NULL,1,0,0,1),(5333,NULL,'2074-04',2074,4,'2074-04-01','2074-04-30',NULL,NULL,40740,0,NULL,1,0,0,1),(5334,NULL,'2074-05',2074,5,'2074-05-01','2074-05-31',NULL,NULL,40740,0,NULL,1,0,0,1),(5335,NULL,'2074-06',2074,6,'2074-06-01','2074-06-30',NULL,NULL,40740,0,NULL,1,0,0,1),(5336,NULL,'2074-07',2074,7,'2074-07-01','2074-07-31',NULL,NULL,40740,0,NULL,1,0,0,1),(5337,NULL,'2074-08',2074,8,'2074-08-01','2074-08-31',NULL,NULL,40740,0,NULL,1,0,0,1),(5338,NULL,'2074-09',2074,9,'2074-09-01','2074-09-30',NULL,NULL,40740,0,NULL,1,0,0,1),(5339,NULL,'2074-10',2074,10,'2074-10-01','2074-10-31',NULL,NULL,40740,0,NULL,1,0,0,1),(5340,NULL,'2074-11',2074,11,'2074-11-01','2074-11-30',NULL,NULL,40740,0,NULL,1,0,0,1),(5341,NULL,'2074-12',2074,12,'2074-12-01','2074-12-31',NULL,NULL,40740,0,NULL,1,0,0,1),(5345,NULL,'2075-01',2075,1,'2075-01-01','2075-01-31',NULL,NULL,40740,0,NULL,1,0,0,1),(5346,NULL,'2075-02',2075,2,'2075-02-01','2075-02-28',NULL,NULL,40740,0,NULL,1,0,0,1),(5347,NULL,'2075-03',2075,3,'2075-03-01','2075-03-31',NULL,NULL,40740,0,NULL,1,0,0,1),(5348,NULL,'2075-04',2075,4,'2075-04-01','2075-04-30',NULL,NULL,40740,0,NULL,1,0,0,1),(5349,NULL,'2075-05',2075,5,'2075-05-01','2075-05-31',NULL,NULL,40740,0,NULL,1,0,0,1),(5350,NULL,'2075-06',2075,6,'2075-06-01','2075-06-30',NULL,NULL,40740,0,NULL,1,0,0,1),(5351,NULL,'2075-07',2075,7,'2075-07-01','2075-07-31',NULL,NULL,40740,0,NULL,1,0,0,1),(5352,NULL,'2075-08',2075,8,'2075-08-01','2075-08-31',NULL,NULL,40740,0,NULL,1,0,0,1),(5353,NULL,'2075-09',2075,9,'2075-09-01','2075-09-30',NULL,NULL,40740,0,NULL,1,0,0,1),(5354,NULL,'2075-10',2075,10,'2075-10-01','2075-10-31',NULL,NULL,40740,0,NULL,1,0,0,1),(5355,NULL,'2075-11',2075,11,'2075-11-01','2075-11-30',NULL,NULL,40740,0,NULL,1,0,0,1),(5356,NULL,'2075-12',2075,12,'2075-12-01','2075-12-31',NULL,NULL,40740,0,NULL,1,0,0,1),(5360,NULL,'2076-01',2076,1,'2076-01-01','2076-01-31',NULL,NULL,40740,0,NULL,1,0,0,1),(5361,NULL,'2076-02',2076,2,'2076-02-01','2076-02-28',NULL,NULL,40740,0,NULL,1,0,0,1),(5362,NULL,'2076-03',2076,3,'2076-03-01','2076-03-31',NULL,NULL,40740,0,NULL,1,0,0,1),(5363,NULL,'2076-04',2076,4,'2076-04-01','2076-04-30',NULL,NULL,40740,0,NULL,1,0,0,1),(5364,NULL,'2076-05',2076,5,'2076-05-01','2076-05-31',NULL,NULL,40740,0,NULL,1,0,0,1),(5365,NULL,'2076-06',2076,6,'2076-06-01','2076-06-30',NULL,NULL,40740,0,NULL,1,0,0,1),(5366,NULL,'2076-07',2076,7,'2076-07-01','2076-07-31',NULL,NULL,40740,0,NULL,1,0,0,1),(5367,NULL,'2076-08',2076,8,'2076-08-01','2076-08-31',NULL,NULL,40740,0,NULL,1,0,0,1);
INSERT INTO `periods` VALUES (5368,NULL,'2076-09',2076,9,'2076-09-01','2076-09-30',NULL,NULL,40740,0,NULL,1,0,0,1),(5369,NULL,'2076-10',2076,10,'2076-10-01','2076-10-31',NULL,NULL,40740,0,NULL,1,0,0,1),(5370,NULL,'2076-11',2076,11,'2076-11-01','2076-11-30',NULL,NULL,40740,0,NULL,1,0,0,1),(5371,NULL,'2076-12',2076,12,'2076-12-01','2076-12-31',NULL,NULL,40740,0,NULL,1,0,0,1),(5375,NULL,'2077-01',2077,1,'2077-01-01','2077-01-31',NULL,NULL,40740,0,NULL,1,0,0,1),(5376,NULL,'2077-02',2077,2,'2077-02-01','2077-02-28',NULL,NULL,40740,0,NULL,1,0,0,1),(5377,NULL,'2077-03',2077,3,'2077-03-01','2077-03-31',NULL,NULL,40740,0,NULL,1,0,0,1),(5378,NULL,'2077-04',2077,4,'2077-04-01','2077-04-30',NULL,NULL,40740,0,NULL,1,0,0,1),(5379,NULL,'2077-05',2077,5,'2077-05-01','2077-05-31',NULL,NULL,40740,0,NULL,1,0,0,1),(5380,NULL,'2077-06',2077,6,'2077-06-01','2077-06-30',NULL,NULL,40740,0,NULL,1,0,0,1),(5381,NULL,'2077-07',2077,7,'2077-07-01','2077-07-31',NULL,NULL,40740,0,NULL,1,0,0,1),(5382,NULL,'2077-08',2077,8,'2077-08-01','2077-08-31',NULL,NULL,40740,0,NULL,1,0,0,1),(5383,NULL,'2077-09',2077,9,'2077-09-01','2077-09-30',NULL,NULL,40740,0,NULL,1,0,0,1),(5384,NULL,'2077-10',2077,10,'2077-10-01','2077-10-31',NULL,NULL,40740,0,NULL,1,0,0,1),(5385,NULL,'2077-11',2077,11,'2077-11-01','2077-11-30',NULL,NULL,40740,0,NULL,1,0,0,1),(5386,NULL,'2077-12',2077,12,'2077-12-01','2077-12-31',NULL,NULL,40740,0,NULL,1,0,0,1),(5390,NULL,'2078-01',2078,1,'2078-01-01','2078-01-31',NULL,NULL,40740,0,NULL,1,0,0,1),(5391,NULL,'2078-02',2078,2,'2078-02-01','2078-02-28',NULL,NULL,40740,0,NULL,1,0,0,1),(5392,NULL,'2078-03',2078,3,'2078-03-01','2078-03-31',NULL,NULL,40740,0,NULL,1,0,0,1),(5393,NULL,'2078-04',2078,4,'2078-04-01','2078-04-30',NULL,NULL,40740,0,NULL,1,0,0,1),(5394,NULL,'2078-05',2078,5,'2078-05-01','2078-05-31',NULL,NULL,40740,0,NULL,1,0,0,1),(5395,NULL,'2078-06',2078,6,'2078-06-01','2078-06-30',NULL,NULL,40740,0,NULL,1,0,0,1),(5396,NULL,'2078-07',2078,7,'2078-07-01','2078-07-31',NULL,NULL,40740,0,NULL,1,0,0,1),(5397,NULL,'2078-08',2078,8,'2078-08-01','2078-08-31',NULL,NULL,40740,0,NULL,1,0,0,1),(5398,NULL,'2078-09',2078,9,'2078-09-01','2078-09-30',NULL,NULL,40740,0,NULL,1,0,0,1),(5399,NULL,'2078-10',2078,10,'2078-10-01','2078-10-31',NULL,NULL,40740,0,NULL,1,0,0,1),(5400,NULL,'2078-11',2078,11,'2078-11-01','2078-11-30',NULL,NULL,40740,0,NULL,1,0,0,1),(5401,NULL,'2078-12',2078,12,'2078-12-01','2078-12-31',NULL,NULL,40740,0,NULL,1,0,0,1),(5405,NULL,'2079-01',2079,1,'2079-01-01','2079-01-31',NULL,NULL,40740,0,NULL,1,0,0,1),(5406,NULL,'2079-02',2079,2,'2079-02-01','2079-02-28',NULL,NULL,40740,0,NULL,1,0,0,1),(5407,NULL,'2079-03',2079,3,'2079-03-01','2079-03-31',NULL,NULL,40740,0,NULL,1,0,0,1),(5408,NULL,'2079-04',2079,4,'2079-04-01','2079-04-30',NULL,NULL,40740,0,NULL,1,0,0,1),(5409,NULL,'2079-05',2079,5,'2079-05-01','2079-05-31',NULL,NULL,40740,0,NULL,1,0,0,1),(5410,NULL,'2079-06',2079,6,'2079-06-01','2079-06-30',NULL,NULL,40740,0,NULL,1,0,0,1),(5411,NULL,'2079-07',2079,7,'2079-07-01','2079-07-31',NULL,NULL,40740,0,NULL,1,0,0,1),(5412,NULL,'2079-08',2079,8,'2079-08-01','2079-08-31',NULL,NULL,40740,0,NULL,1,0,0,1),(5413,NULL,'2079-09',2079,9,'2079-09-01','2079-09-30',NULL,NULL,40740,0,NULL,1,0,0,1),(5414,NULL,'2079-10',2079,10,'2079-10-01','2079-10-31',NULL,NULL,40740,0,NULL,1,0,0,1),(5415,NULL,'2079-11',2079,11,'2079-11-01','2079-11-30',NULL,NULL,40740,0,NULL,1,0,0,1),(5416,NULL,'2079-12',2079,12,'2079-12-01','2079-12-31',NULL,NULL,40740,0,NULL,1,0,0,1),(5420,NULL,'2080-01',2080,1,'2080-01-01','2080-01-31',NULL,NULL,40740,0,NULL,1,0,0,1),(5421,NULL,'2080-02',2080,2,'2080-02-01','2080-02-28',NULL,NULL,40740,0,NULL,1,0,0,1),(5422,NULL,'2080-03',2080,3,'2080-03-01','2080-03-31',NULL,NULL,40740,0,NULL,1,0,0,1),(5423,NULL,'2080-04',2080,4,'2080-04-01','2080-04-30',NULL,NULL,40740,0,NULL,1,0,0,1),(5424,NULL,'2080-05',2080,5,'2080-05-01','2080-05-31',NULL,NULL,40740,0,NULL,1,0,0,1),(5425,NULL,'2080-06',2080,6,'2080-06-01','2080-06-30',NULL,NULL,40740,0,NULL,1,0,0,1);
INSERT INTO `periods` VALUES (5426,NULL,'2080-07',2080,7,'2080-07-01','2080-07-31',NULL,NULL,40740,0,NULL,1,0,0,1),(5427,NULL,'2080-08',2080,8,'2080-08-01','2080-08-31',NULL,NULL,40740,0,NULL,1,0,0,1),(5428,NULL,'2080-09',2080,9,'2080-09-01','2080-09-30',NULL,NULL,40740,0,NULL,1,0,0,1),(5429,NULL,'2080-10',2080,10,'2080-10-01','2080-10-31',NULL,NULL,40740,0,NULL,1,0,0,1),(5430,NULL,'2080-11',2080,11,'2080-11-01','2080-11-30',NULL,NULL,40740,0,NULL,1,0,0,1),(5431,NULL,'2080-12',2080,12,'2080-12-01','2080-12-31',NULL,NULL,40740,0,NULL,1,0,0,1),(5435,NULL,'2081-01',2081,1,'2081-01-01','2081-01-31',NULL,NULL,40740,0,NULL,1,0,0,1),(5436,NULL,'2081-02',2081,2,'2081-02-01','2081-02-28',NULL,NULL,40740,0,NULL,1,0,0,1),(5437,NULL,'2081-03',2081,3,'2081-03-01','2081-03-31',NULL,NULL,40740,0,NULL,1,0,0,1),(5438,NULL,'2081-04',2081,4,'2081-04-01','2081-04-30',NULL,NULL,40740,0,NULL,1,0,0,1),(5439,NULL,'2081-05',2081,5,'2081-05-01','2081-05-31',NULL,NULL,40740,0,NULL,1,0,0,1),(5440,NULL,'2081-06',2081,6,'2081-06-01','2081-06-30',NULL,NULL,40740,0,NULL,1,0,0,1),(5441,NULL,'2081-07',2081,7,'2081-07-01','2081-07-31',NULL,NULL,40740,0,NULL,1,0,0,1),(5442,NULL,'2081-08',2081,8,'2081-08-01','2081-08-31',NULL,NULL,40740,0,NULL,1,0,0,1),(5443,NULL,'2081-09',2081,9,'2081-09-01','2081-09-30',NULL,NULL,40740,0,NULL,1,0,0,1),(5444,NULL,'2081-10',2081,10,'2081-10-01','2081-10-31',NULL,NULL,40740,0,NULL,1,0,0,1),(5445,NULL,'2081-11',2081,11,'2081-11-01','2081-11-30',NULL,NULL,40740,0,NULL,1,0,0,1),(5446,NULL,'2081-12',2081,12,'2081-12-01','2081-12-31',NULL,NULL,40740,0,NULL,1,0,0,1),(5450,NULL,'2082-01',2082,1,'2082-01-01','2082-01-31',NULL,NULL,40740,0,NULL,1,0,0,1),(5451,NULL,'2082-02',2082,2,'2082-02-01','2082-02-28',NULL,NULL,40740,0,NULL,1,0,0,1),(5452,NULL,'2082-03',2082,3,'2082-03-01','2082-03-31',NULL,NULL,40740,0,NULL,1,0,0,1),(5453,NULL,'2082-04',2082,4,'2082-04-01','2082-04-30',NULL,NULL,40740,0,NULL,1,0,0,1),(5454,NULL,'2082-05',2082,5,'2082-05-01','2082-05-31',NULL,NULL,40740,0,NULL,1,0,0,1),(5455,NULL,'2082-06',2082,6,'2082-06-01','2082-06-30',NULL,NULL,40740,0,NULL,1,0,0,1),(5456,NULL,'2082-07',2082,7,'2082-07-01','2082-07-31',NULL,NULL,40740,0,NULL,1,0,0,1),(5457,NULL,'2082-08',2082,8,'2082-08-01','2082-08-31',NULL,NULL,40740,0,NULL,1,0,0,1),(5458,NULL,'2082-09',2082,9,'2082-09-01','2082-09-30',NULL,NULL,40740,0,NULL,1,0,0,1),(5459,NULL,'2082-10',2082,10,'2082-10-01','2082-10-31',NULL,NULL,40740,0,NULL,1,0,0,1),(5460,NULL,'2082-11',2082,11,'2082-11-01','2082-11-30',NULL,NULL,40740,0,NULL,1,0,0,1),(5461,NULL,'2082-12',2082,12,'2082-12-01','2082-12-31',NULL,NULL,40740,0,NULL,1,0,0,1),(5465,NULL,'2083-01',2083,1,'2083-01-01','2083-01-31',NULL,NULL,40740,0,NULL,1,0,0,1),(5466,NULL,'2083-02',2083,2,'2083-02-01','2083-02-28',NULL,NULL,40740,0,NULL,1,0,0,1),(5467,NULL,'2083-03',2083,3,'2083-03-01','2083-03-31',NULL,NULL,40740,0,NULL,1,0,0,1),(5468,NULL,'2083-04',2083,4,'2083-04-01','2083-04-30',NULL,NULL,40740,0,NULL,1,0,0,1),(5469,NULL,'2083-05',2083,5,'2083-05-01','2083-05-31',NULL,NULL,40740,0,NULL,1,0,0,1),(5470,NULL,'2083-06',2083,6,'2083-06-01','2083-06-30',NULL,NULL,40740,0,NULL,1,0,0,1),(5471,NULL,'2083-07',2083,7,'2083-07-01','2083-07-31',NULL,NULL,40740,0,NULL,1,0,0,1),(5472,NULL,'2083-08',2083,8,'2083-08-01','2083-08-31',NULL,NULL,40740,0,NULL,1,0,0,1),(5473,NULL,'2083-09',2083,9,'2083-09-01','2083-09-30',NULL,NULL,40740,0,NULL,1,0,0,1),(5474,NULL,'2083-10',2083,10,'2083-10-01','2083-10-31',NULL,NULL,40740,0,NULL,1,0,0,1),(5475,NULL,'2083-11',2083,11,'2083-11-01','2083-11-30',NULL,NULL,40740,0,NULL,1,0,0,1),(5476,NULL,'2083-12',2083,12,'2083-12-01','2083-12-31',NULL,NULL,40740,0,NULL,1,0,0,1),(5480,NULL,'2084-01',2084,1,'2084-01-01','2084-01-31',NULL,NULL,40740,0,NULL,1,0,0,1),(5481,NULL,'2084-02',2084,2,'2084-02-01','2084-02-28',NULL,NULL,40740,0,NULL,1,0,0,1),(5482,NULL,'2084-03',2084,3,'2084-03-01','2084-03-31',NULL,NULL,40740,0,NULL,1,0,0,1),(5483,NULL,'2084-04',2084,4,'2084-04-01','2084-04-30',NULL,NULL,40740,0,NULL,1,0,0,1);
INSERT INTO `periods` VALUES (5484,NULL,'2084-05',2084,5,'2084-05-01','2084-05-31',NULL,NULL,40740,0,NULL,1,0,0,1),(5485,NULL,'2084-06',2084,6,'2084-06-01','2084-06-30',NULL,NULL,40740,0,NULL,1,0,0,1),(5486,NULL,'2084-07',2084,7,'2084-07-01','2084-07-31',NULL,NULL,40740,0,NULL,1,0,0,1),(5487,NULL,'2084-08',2084,8,'2084-08-01','2084-08-31',NULL,NULL,40740,0,NULL,1,0,0,1),(5488,NULL,'2084-09',2084,9,'2084-09-01','2084-09-30',NULL,NULL,40740,0,NULL,1,0,0,1),(5489,NULL,'2084-10',2084,10,'2084-10-01','2084-10-31',NULL,NULL,40740,0,NULL,1,0,0,1),(5490,NULL,'2084-11',2084,11,'2084-11-01','2084-11-30',NULL,NULL,40740,0,NULL,1,0,0,1),(5491,NULL,'2084-12',2084,12,'2084-12-01','2084-12-31',NULL,NULL,40740,0,NULL,1,0,0,1),(5495,NULL,'2085-01',2085,1,'2085-01-01','2085-01-31',NULL,NULL,40740,0,NULL,1,0,0,1),(5496,NULL,'2085-02',2085,2,'2085-02-01','2085-02-28',NULL,NULL,40740,0,NULL,1,0,0,1),(5497,NULL,'2085-03',2085,3,'2085-03-01','2085-03-31',NULL,NULL,40740,0,NULL,1,0,0,1),(5498,NULL,'2085-04',2085,4,'2085-04-01','2085-04-30',NULL,NULL,40740,0,NULL,1,0,0,1),(5499,NULL,'2085-05',2085,5,'2085-05-01','2085-05-31',NULL,NULL,40740,0,NULL,1,0,0,1),(5500,NULL,'2085-06',2085,6,'2085-06-01','2085-06-30',NULL,NULL,40740,0,NULL,1,0,0,1),(5501,NULL,'2085-07',2085,7,'2085-07-01','2085-07-31',NULL,NULL,40740,0,NULL,1,0,0,1),(5502,NULL,'2085-08',2085,8,'2085-08-01','2085-08-31',NULL,NULL,40740,0,NULL,1,0,0,1),(5503,NULL,'2085-09',2085,9,'2085-09-01','2085-09-30',NULL,NULL,40740,0,NULL,1,0,0,1),(5504,NULL,'2085-10',2085,10,'2085-10-01','2085-10-31',NULL,NULL,40740,0,NULL,1,0,0,1),(5505,NULL,'2085-11',2085,11,'2085-11-01','2085-11-30',NULL,NULL,40740,0,NULL,1,0,0,1),(5506,NULL,'2085-12',2085,12,'2085-12-01','2085-12-31',NULL,NULL,40740,0,NULL,1,0,0,1),(5510,NULL,'2086-01',2086,1,'2086-01-01','2086-01-31',NULL,NULL,40740,0,NULL,1,0,0,1),(5511,NULL,'2086-02',2086,2,'2086-02-01','2086-02-28',NULL,NULL,40740,0,NULL,1,0,0,1),(5512,NULL,'2086-03',2086,3,'2086-03-01','2086-03-31',NULL,NULL,40740,0,NULL,1,0,0,1),(5513,NULL,'2086-04',2086,4,'2086-04-01','2086-04-30',NULL,NULL,40740,0,NULL,1,0,0,1),(5514,NULL,'2086-05',2086,5,'2086-05-01','2086-05-31',NULL,NULL,40740,0,NULL,1,0,0,1),(5515,NULL,'2086-06',2086,6,'2086-06-01','2086-06-30',NULL,NULL,40740,0,NULL,1,0,0,1),(5516,NULL,'2086-07',2086,7,'2086-07-01','2086-07-31',NULL,NULL,40740,0,NULL,1,0,0,1),(5517,NULL,'2086-08',2086,8,'2086-08-01','2086-08-31',NULL,NULL,40740,0,NULL,1,0,0,1),(5518,NULL,'2086-09',2086,9,'2086-09-01','2086-09-30',NULL,NULL,40740,0,NULL,1,0,0,1),(5519,NULL,'2086-10',2086,10,'2086-10-01','2086-10-31',NULL,NULL,40740,0,NULL,1,0,0,1),(5520,NULL,'2086-11',2086,11,'2086-11-01','2086-11-30',NULL,NULL,40740,0,NULL,1,0,0,1),(5521,NULL,'2086-12',2086,12,'2086-12-01','2086-12-31',NULL,NULL,40740,0,NULL,1,0,0,1),(5525,NULL,'2087-01',2087,1,'2087-01-01','2087-01-31',NULL,NULL,40740,0,NULL,1,0,0,1),(5526,NULL,'2087-02',2087,2,'2087-02-01','2087-02-28',NULL,NULL,40740,0,NULL,1,0,0,1),(5527,NULL,'2087-03',2087,3,'2087-03-01','2087-03-31',NULL,NULL,40740,0,NULL,1,0,0,1),(5528,NULL,'2087-04',2087,4,'2087-04-01','2087-04-30',NULL,NULL,40740,0,NULL,1,0,0,1),(5529,NULL,'2087-05',2087,5,'2087-05-01','2087-05-31',NULL,NULL,40740,0,NULL,1,0,0,1),(5530,NULL,'2087-06',2087,6,'2087-06-01','2087-06-30',NULL,NULL,40740,0,NULL,1,0,0,1),(5531,NULL,'2087-07',2087,7,'2087-07-01','2087-07-31',NULL,NULL,40740,0,NULL,1,0,0,1),(5532,NULL,'2087-08',2087,8,'2087-08-01','2087-08-31',NULL,NULL,40740,0,NULL,1,0,0,1),(5533,NULL,'2087-09',2087,9,'2087-09-01','2087-09-30',NULL,NULL,40740,0,NULL,1,0,0,1),(5534,NULL,'2087-10',2087,10,'2087-10-01','2087-10-31',NULL,NULL,40740,0,NULL,1,0,0,1),(5535,NULL,'2087-11',2087,11,'2087-11-01','2087-11-30',NULL,NULL,40740,0,NULL,1,0,0,1),(5536,NULL,'2087-12',2087,12,'2087-12-01','2087-12-31',NULL,NULL,40740,0,NULL,1,0,0,1),(5540,NULL,'2088-01',2088,1,'2088-01-01','2088-01-31',NULL,NULL,40740,0,NULL,1,0,0,1),(5541,NULL,'2088-02',2088,2,'2088-02-01','2088-02-28',NULL,NULL,40740,0,NULL,1,0,0,1);
INSERT INTO `periods` VALUES (5542,NULL,'2088-03',2088,3,'2088-03-01','2088-03-31',NULL,NULL,40740,0,NULL,1,0,0,1),(5543,NULL,'2088-04',2088,4,'2088-04-01','2088-04-30',NULL,NULL,40740,0,NULL,1,0,0,1),(5544,NULL,'2088-05',2088,5,'2088-05-01','2088-05-31',NULL,NULL,40740,0,NULL,1,0,0,1),(5545,NULL,'2088-06',2088,6,'2088-06-01','2088-06-30',NULL,NULL,40740,0,NULL,1,0,0,1),(5546,NULL,'2088-07',2088,7,'2088-07-01','2088-07-31',NULL,NULL,40740,0,NULL,1,0,0,1),(5547,NULL,'2088-08',2088,8,'2088-08-01','2088-08-31',NULL,NULL,40740,0,NULL,1,0,0,1),(5548,NULL,'2088-09',2088,9,'2088-09-01','2088-09-30',NULL,NULL,40740,0,NULL,1,0,0,1),(5549,NULL,'2088-10',2088,10,'2088-10-01','2088-10-31',NULL,NULL,40740,0,NULL,1,0,0,1),(5550,NULL,'2088-11',2088,11,'2088-11-01','2088-11-30',NULL,NULL,40740,0,NULL,1,0,0,1),(5551,NULL,'2088-12',2088,12,'2088-12-01','2088-12-31',NULL,NULL,40740,0,NULL,1,0,0,1),(5555,NULL,'2089-01',2089,1,'2089-01-01','2089-01-31',NULL,NULL,40740,0,NULL,1,0,0,1),(5556,NULL,'2089-02',2089,2,'2089-02-01','2089-02-28',NULL,NULL,40740,0,NULL,1,0,0,1),(5557,NULL,'2089-03',2089,3,'2089-03-01','2089-03-31',NULL,NULL,40740,0,NULL,1,0,0,1),(5558,NULL,'2089-04',2089,4,'2089-04-01','2089-04-30',NULL,NULL,40740,0,NULL,1,0,0,1),(5559,NULL,'2089-05',2089,5,'2089-05-01','2089-05-31',NULL,NULL,40740,0,NULL,1,0,0,1),(5560,NULL,'2089-06',2089,6,'2089-06-01','2089-06-30',NULL,NULL,40740,0,NULL,1,0,0,1),(5561,NULL,'2089-07',2089,7,'2089-07-01','2089-07-31',NULL,NULL,40740,0,NULL,1,0,0,1),(5562,NULL,'2089-08',2089,8,'2089-08-01','2089-08-31',NULL,NULL,40740,0,NULL,1,0,0,1),(5563,NULL,'2089-09',2089,9,'2089-09-01','2089-09-30',NULL,NULL,40740,0,NULL,1,0,0,1),(5564,NULL,'2089-10',2089,10,'2089-10-01','2089-10-31',NULL,NULL,40740,0,NULL,1,0,0,1),(5565,NULL,'2089-11',2089,11,'2089-11-01','2089-11-30',NULL,NULL,40740,0,NULL,1,0,0,1),(5566,NULL,'2089-12',2089,12,'2089-12-01','2089-12-31',NULL,NULL,40740,0,NULL,1,0,0,1),(5570,NULL,'2090-01',2090,1,'2090-01-01','2090-01-31',NULL,NULL,40740,0,NULL,1,0,0,1),(5571,NULL,'2090-02',2090,2,'2090-02-01','2090-02-28',NULL,NULL,40740,0,NULL,1,0,0,1),(5572,NULL,'2090-03',2090,3,'2090-03-01','2090-03-31',NULL,NULL,40740,0,NULL,1,0,0,1),(5573,NULL,'2090-04',2090,4,'2090-04-01','2090-04-30',NULL,NULL,40740,0,NULL,1,0,0,1),(5574,NULL,'2090-05',2090,5,'2090-05-01','2090-05-31',NULL,NULL,40740,0,NULL,1,0,0,1),(5575,NULL,'2090-06',2090,6,'2090-06-01','2090-06-30',NULL,NULL,40740,0,NULL,1,0,0,1),(5576,NULL,'2090-07',2090,7,'2090-07-01','2090-07-31',NULL,NULL,40740,0,NULL,1,0,0,1),(5577,NULL,'2090-08',2090,8,'2090-08-01','2090-08-31',NULL,NULL,40740,0,NULL,1,0,0,1),(5578,NULL,'2090-09',2090,9,'2090-09-01','2090-09-30',NULL,NULL,40740,0,NULL,1,0,0,1),(5579,NULL,'2090-10',2090,10,'2090-10-01','2090-10-31',NULL,NULL,40740,0,NULL,1,0,0,1),(5580,NULL,'2090-11',2090,11,'2090-11-01','2090-11-30',NULL,NULL,40740,0,NULL,1,0,0,1),(5581,NULL,'2090-12',2090,12,'2090-12-01','2090-12-31',NULL,NULL,40740,0,NULL,1,0,0,1),(5585,NULL,'2091-01',2091,1,'2091-01-01','2091-01-31',NULL,NULL,40740,0,NULL,1,0,0,1),(5586,NULL,'2091-02',2091,2,'2091-02-01','2091-02-28',NULL,NULL,40740,0,NULL,1,0,0,1),(5587,NULL,'2091-03',2091,3,'2091-03-01','2091-03-31',NULL,NULL,40740,0,NULL,1,0,0,1),(5588,NULL,'2091-04',2091,4,'2091-04-01','2091-04-30',NULL,NULL,40740,0,NULL,1,0,0,1),(5589,NULL,'2091-05',2091,5,'2091-05-01','2091-05-31',NULL,NULL,40740,0,NULL,1,0,0,1),(5590,NULL,'2091-06',2091,6,'2091-06-01','2091-06-30',NULL,NULL,40740,0,NULL,1,0,0,1),(5591,NULL,'2091-07',2091,7,'2091-07-01','2091-07-31',NULL,NULL,40740,0,NULL,1,0,0,1),(5592,NULL,'2091-08',2091,8,'2091-08-01','2091-08-31',NULL,NULL,40740,0,NULL,1,0,0,1),(5593,NULL,'2091-09',2091,9,'2091-09-01','2091-09-30',NULL,NULL,40740,0,NULL,1,0,0,1),(5594,NULL,'2091-10',2091,10,'2091-10-01','2091-10-31',NULL,NULL,40740,0,NULL,1,0,0,1),(5595,NULL,'2091-11',2091,11,'2091-11-01','2091-11-30',NULL,NULL,40740,0,NULL,1,0,0,1),(5596,NULL,'2091-12',2091,12,'2091-12-01','2091-12-31',NULL,NULL,40740,0,NULL,1,0,0,1);
INSERT INTO `periods` VALUES (5600,NULL,'2092-01',2092,1,'2092-01-01','2092-01-31',NULL,NULL,40740,0,NULL,1,0,0,1),(5601,NULL,'2092-02',2092,2,'2092-02-01','2092-02-28',NULL,NULL,40740,0,NULL,1,0,0,1),(5602,NULL,'2092-03',2092,3,'2092-03-01','2092-03-31',NULL,NULL,40740,0,NULL,1,0,0,1),(5603,NULL,'2092-04',2092,4,'2092-04-01','2092-04-30',NULL,NULL,40740,0,NULL,1,0,0,1),(5604,NULL,'2092-05',2092,5,'2092-05-01','2092-05-31',NULL,NULL,40740,0,NULL,1,0,0,1),(5605,NULL,'2092-06',2092,6,'2092-06-01','2092-06-30',NULL,NULL,40740,0,NULL,1,0,0,1),(5606,NULL,'2092-07',2092,7,'2092-07-01','2092-07-31',NULL,NULL,40740,0,NULL,1,0,0,1),(5607,NULL,'2092-08',2092,8,'2092-08-01','2092-08-31',NULL,NULL,40740,0,NULL,1,0,0,1),(5608,NULL,'2092-09',2092,9,'2092-09-01','2092-09-30',NULL,NULL,40740,0,NULL,1,0,0,1),(5609,NULL,'2092-10',2092,10,'2092-10-01','2092-10-31',NULL,NULL,40740,0,NULL,1,0,0,1),(5610,NULL,'2092-11',2092,11,'2092-11-01','2092-11-30',NULL,NULL,40740,0,NULL,1,0,0,1),(5611,NULL,'2092-12',2092,12,'2092-12-01','2092-12-31',NULL,NULL,40740,0,NULL,1,0,0,1),(5615,NULL,'2093-01',2093,1,'2093-01-01','2093-01-31',NULL,NULL,40740,0,NULL,1,0,0,1),(5616,NULL,'2093-02',2093,2,'2093-02-01','2093-02-28',NULL,NULL,40740,0,NULL,1,0,0,1),(5617,NULL,'2093-03',2093,3,'2093-03-01','2093-03-31',NULL,NULL,40740,0,NULL,1,0,0,1),(5618,NULL,'2093-04',2093,4,'2093-04-01','2093-04-30',NULL,NULL,40740,0,NULL,1,0,0,1),(5619,NULL,'2093-05',2093,5,'2093-05-01','2093-05-31',NULL,NULL,40740,0,NULL,1,0,0,1),(5620,NULL,'2093-06',2093,6,'2093-06-01','2093-06-30',NULL,NULL,40740,0,NULL,1,0,0,1),(5621,NULL,'2093-07',2093,7,'2093-07-01','2093-07-31',NULL,NULL,40740,0,NULL,1,0,0,1),(5622,NULL,'2093-08',2093,8,'2093-08-01','2093-08-31',NULL,NULL,40740,0,NULL,1,0,0,1),(5623,NULL,'2093-09',2093,9,'2093-09-01','2093-09-30',NULL,NULL,40740,0,NULL,1,0,0,1),(5624,NULL,'2093-10',2093,10,'2093-10-01','2093-10-31',NULL,NULL,40740,0,NULL,1,0,0,1),(5625,NULL,'2093-11',2093,11,'2093-11-01','2093-11-30',NULL,NULL,40740,0,NULL,1,0,0,1),(5626,NULL,'2093-12',2093,12,'2093-12-01','2093-12-31',NULL,NULL,40740,0,NULL,1,0,0,1),(5630,NULL,'2094-01',2094,1,'2094-01-01','2094-01-31',NULL,NULL,40740,0,NULL,1,0,0,1),(5631,NULL,'2094-02',2094,2,'2094-02-01','2094-02-28',NULL,NULL,40740,0,NULL,1,0,0,1),(5632,NULL,'2094-03',2094,3,'2094-03-01','2094-03-31',NULL,NULL,40740,0,NULL,1,0,0,1),(5633,NULL,'2094-04',2094,4,'2094-04-01','2094-04-30',NULL,NULL,40740,0,NULL,1,0,0,1),(5634,NULL,'2094-05',2094,5,'2094-05-01','2094-05-31',NULL,NULL,40740,0,NULL,1,0,0,1),(5635,NULL,'2094-06',2094,6,'2094-06-01','2094-06-30',NULL,NULL,40740,0,NULL,1,0,0,1),(5636,NULL,'2094-07',2094,7,'2094-07-01','2094-07-31',NULL,NULL,40740,0,NULL,1,0,0,1),(5637,NULL,'2094-08',2094,8,'2094-08-01','2094-08-31',NULL,NULL,40740,0,NULL,1,0,0,1),(5638,NULL,'2094-09',2094,9,'2094-09-01','2094-09-30',NULL,NULL,40740,0,NULL,1,0,0,1),(5639,NULL,'2094-10',2094,10,'2094-10-01','2094-10-31',NULL,NULL,40740,0,NULL,1,0,0,1),(5640,NULL,'2094-11',2094,11,'2094-11-01','2094-11-30',NULL,NULL,40740,0,NULL,1,0,0,1),(5641,NULL,'2094-12',2094,12,'2094-12-01','2094-12-31',NULL,NULL,40740,0,NULL,1,0,0,1),(5645,NULL,'2095-01',2095,1,'2095-01-01','2095-01-31',NULL,NULL,40740,0,NULL,1,0,0,1),(5646,NULL,'2095-02',2095,2,'2095-02-01','2095-02-28',NULL,NULL,40740,0,NULL,1,0,0,1),(5647,NULL,'2095-03',2095,3,'2095-03-01','2095-03-31',NULL,NULL,40740,0,NULL,1,0,0,1),(5648,NULL,'2095-04',2095,4,'2095-04-01','2095-04-30',NULL,NULL,40740,0,NULL,1,0,0,1),(5649,NULL,'2095-05',2095,5,'2095-05-01','2095-05-31',NULL,NULL,40740,0,NULL,1,0,0,1),(5650,NULL,'2095-06',2095,6,'2095-06-01','2095-06-30',NULL,NULL,40740,0,NULL,1,0,0,1),(5651,NULL,'2095-07',2095,7,'2095-07-01','2095-07-31',NULL,NULL,40740,0,NULL,1,0,0,1),(5652,NULL,'2095-08',2095,8,'2095-08-01','2095-08-31',NULL,NULL,40740,0,NULL,1,0,0,1),(5653,NULL,'2095-09',2095,9,'2095-09-01','2095-09-30',NULL,NULL,40740,0,NULL,1,0,0,1),(5654,NULL,'2095-10',2095,10,'2095-10-01','2095-10-31',NULL,NULL,40740,0,NULL,1,0,0,1);
INSERT INTO `periods` VALUES (5655,NULL,'2095-11',2095,11,'2095-11-01','2095-11-30',NULL,NULL,40740,0,NULL,1,0,0,1),(5656,NULL,'2095-12',2095,12,'2095-12-01','2095-12-31',NULL,NULL,40740,0,NULL,1,0,0,1),(5660,NULL,'2096-01',2096,1,'2096-01-01','2096-01-31',NULL,NULL,40740,0,NULL,1,0,0,1),(5661,NULL,'2096-02',2096,2,'2096-02-01','2096-02-28',NULL,NULL,40740,0,NULL,1,0,0,1),(5662,NULL,'2096-03',2096,3,'2096-03-01','2096-03-31',NULL,NULL,40740,0,NULL,1,0,0,1),(5663,NULL,'2096-04',2096,4,'2096-04-01','2096-04-30',NULL,NULL,40740,0,NULL,1,0,0,1),(5664,NULL,'2096-05',2096,5,'2096-05-01','2096-05-31',NULL,NULL,40740,0,NULL,1,0,0,1),(5665,NULL,'2096-06',2096,6,'2096-06-01','2096-06-30',NULL,NULL,40740,0,NULL,1,0,0,1),(5666,NULL,'2096-07',2096,7,'2096-07-01','2096-07-31',NULL,NULL,40740,0,NULL,1,0,0,1),(5667,NULL,'2096-08',2096,8,'2096-08-01','2096-08-31',NULL,NULL,40740,0,NULL,1,0,0,1),(5668,NULL,'2096-09',2096,9,'2096-09-01','2096-09-30',NULL,NULL,40740,0,NULL,1,0,0,1),(5669,NULL,'2096-10',2096,10,'2096-10-01','2096-10-31',NULL,NULL,40740,0,NULL,1,0,0,1),(5670,NULL,'2096-11',2096,11,'2096-11-01','2096-11-30',NULL,NULL,40740,0,NULL,1,0,0,1),(5671,NULL,'2096-12',2096,12,'2096-12-01','2096-12-31',NULL,NULL,40740,0,NULL,1,0,0,1),(5675,NULL,'2097-01',2097,1,'2097-01-01','2097-01-31',NULL,NULL,40740,0,NULL,1,0,0,1),(5676,NULL,'2097-02',2097,2,'2097-02-01','2097-02-28',NULL,NULL,40740,0,NULL,1,0,0,1),(5677,NULL,'2097-03',2097,3,'2097-03-01','2097-03-31',NULL,NULL,40740,0,NULL,1,0,0,1),(5678,NULL,'2097-04',2097,4,'2097-04-01','2097-04-30',NULL,NULL,40740,0,NULL,1,0,0,1),(5679,NULL,'2097-05',2097,5,'2097-05-01','2097-05-31',NULL,NULL,40740,0,NULL,1,0,0,1),(5680,NULL,'2097-06',2097,6,'2097-06-01','2097-06-30',NULL,NULL,40740,0,NULL,1,0,0,1),(5681,NULL,'2097-07',2097,7,'2097-07-01','2097-07-31',NULL,NULL,40740,0,NULL,1,0,0,1),(5682,NULL,'2097-08',2097,8,'2097-08-01','2097-08-31',NULL,NULL,40740,0,NULL,1,0,0,1),(5683,NULL,'2097-09',2097,9,'2097-09-01','2097-09-30',NULL,NULL,40740,0,NULL,1,0,0,1),(5684,NULL,'2097-10',2097,10,'2097-10-01','2097-10-31',NULL,NULL,40740,0,NULL,1,0,0,1),(5685,NULL,'2097-11',2097,11,'2097-11-01','2097-11-30',NULL,NULL,40740,0,NULL,1,0,0,1),(5686,NULL,'2097-12',2097,12,'2097-12-01','2097-12-31',NULL,NULL,40740,0,NULL,1,0,0,1),(5690,NULL,'2098-01',2098,1,'2098-01-01','2098-01-31',NULL,NULL,40740,0,NULL,1,0,0,1),(5691,NULL,'2098-02',2098,2,'2098-02-01','2098-02-28',NULL,NULL,40740,0,NULL,1,0,0,1),(5692,NULL,'2098-03',2098,3,'2098-03-01','2098-03-31',NULL,NULL,40740,0,NULL,1,0,0,1),(5693,NULL,'2098-04',2098,4,'2098-04-01','2098-04-30',NULL,NULL,40740,0,NULL,1,0,0,1),(5694,NULL,'2098-05',2098,5,'2098-05-01','2098-05-31',NULL,NULL,40740,0,NULL,1,0,0,1),(5695,NULL,'2098-06',2098,6,'2098-06-01','2098-06-30',NULL,NULL,40740,0,NULL,1,0,0,1),(5696,NULL,'2098-07',2098,7,'2098-07-01','2098-07-31',NULL,NULL,40740,0,NULL,1,0,0,1),(5697,NULL,'2098-08',2098,8,'2098-08-01','2098-08-31',NULL,NULL,40740,0,NULL,1,0,0,1),(5698,NULL,'2098-09',2098,9,'2098-09-01','2098-09-30',NULL,NULL,40740,0,NULL,1,0,0,1),(5699,NULL,'2098-10',2098,10,'2098-10-01','2098-10-31',NULL,NULL,40740,0,NULL,1,0,0,1),(5700,NULL,'2098-11',2098,11,'2098-11-01','2098-11-30',NULL,NULL,40740,0,NULL,1,0,0,1),(5701,NULL,'2098-12',2098,12,'2098-12-01','2098-12-31',NULL,NULL,40740,0,NULL,1,0,0,1),(5705,NULL,'2099-01',2099,1,'2099-01-01','2099-01-31',NULL,NULL,40740,0,NULL,1,0,0,1),(5706,NULL,'2099-02',2099,2,'2099-02-01','2099-02-28',NULL,NULL,40740,0,NULL,1,0,0,1),(5707,NULL,'2099-03',2099,3,'2099-03-01','2099-03-31',NULL,NULL,40740,0,NULL,1,0,0,1),(5708,NULL,'2099-04',2099,4,'2099-04-01','2099-04-30',NULL,NULL,40740,0,NULL,1,0,0,1),(5709,NULL,'2099-05',2099,5,'2099-05-01','2099-05-31',NULL,NULL,40740,0,NULL,1,0,0,1),(5710,NULL,'2099-06',2099,6,'2099-06-01','2099-06-30',NULL,NULL,40740,0,NULL,1,0,0,1),(5711,NULL,'2099-07',2099,7,'2099-07-01','2099-07-31',NULL,NULL,40740,0,NULL,1,0,0,1),(5712,NULL,'2099-08',2099,8,'2099-08-01','2099-08-31',NULL,NULL,40740,0,NULL,1,0,0,1);
INSERT INTO `periods` VALUES (5713,NULL,'2099-09',2099,9,'2099-09-01','2099-09-30',NULL,NULL,40740,0,NULL,1,0,0,1),(5714,NULL,'2099-10',2099,10,'2099-10-01','2099-10-31',NULL,NULL,40740,0,NULL,1,0,0,1),(5715,NULL,'2099-11',2099,11,'2099-11-01','2099-11-30',NULL,NULL,40740,0,NULL,1,0,0,1),(5716,NULL,'2099-12',2099,12,'2099-12-01','2099-12-31',NULL,NULL,40740,0,NULL,1,0,0,1),(5720,NULL,'2100-01',2100,1,'2100-01-01','2100-01-31',NULL,NULL,40740,0,NULL,1,0,0,1),(5721,NULL,'2100-02',2100,2,'2100-02-01','2100-02-28',NULL,NULL,40740,0,NULL,1,0,0,1),(5722,NULL,'2100-03',2100,3,'2100-03-01','2100-03-31',NULL,NULL,40740,0,NULL,1,0,0,1),(5723,NULL,'2100-04',2100,4,'2100-04-01','2100-04-30',NULL,NULL,40740,0,NULL,1,0,0,1),(5724,NULL,'2100-05',2100,5,'2100-05-01','2100-05-31',NULL,NULL,40740,0,NULL,1,0,0,1),(5725,NULL,'2100-06',2100,6,'2100-06-01','2100-06-30',NULL,NULL,40740,0,NULL,1,0,0,1),(5726,NULL,'2100-07',2100,7,'2100-07-01','2100-07-31',NULL,NULL,40740,0,NULL,1,0,0,1),(5727,NULL,'2100-08',2100,8,'2100-08-01','2100-08-31',NULL,NULL,40740,0,NULL,1,0,0,1),(5728,NULL,'2100-09',2100,9,'2100-09-01','2100-09-30',NULL,NULL,40740,0,NULL,1,0,0,1),(5729,NULL,'2100-10',2100,10,'2100-10-01','2100-10-31',NULL,NULL,40740,0,NULL,1,0,0,1),(5730,NULL,'2100-11',2100,11,'2100-11-01','2100-11-30',NULL,NULL,40740,0,NULL,1,0,0,1),(5731,NULL,'2100-12',2100,12,'2100-12-01','2100-12-31',NULL,NULL,40740,0,NULL,1,0,0,1),(5735,NULL,'2101-01',2101,1,'2101-01-01','2101-01-31',NULL,NULL,40740,0,NULL,1,0,0,1),(5736,NULL,'2101-02',2101,2,'2101-02-01','2101-02-28',NULL,NULL,40740,0,NULL,1,0,0,1),(5737,NULL,'2101-03',2101,3,'2101-03-01','2101-03-31',NULL,NULL,40740,0,NULL,1,0,0,1),(5738,NULL,'2101-04',2101,4,'2101-04-01','2101-04-30',NULL,NULL,40740,0,NULL,1,0,0,1),(5739,NULL,'2101-05',2101,5,'2101-05-01','2101-05-31',NULL,NULL,40740,0,NULL,1,0,0,1),(5740,NULL,'2101-06',2101,6,'2101-06-01','2101-06-30',NULL,NULL,40740,0,NULL,1,0,0,1),(5741,NULL,'2101-07',2101,7,'2101-07-01','2101-07-31',NULL,NULL,40740,0,NULL,1,0,0,1),(5742,NULL,'2101-08',2101,8,'2101-08-01','2101-08-31',NULL,NULL,40740,0,NULL,1,0,0,1),(5743,NULL,'2101-09',2101,9,'2101-09-01','2101-09-30',NULL,NULL,40740,0,NULL,1,0,0,1),(5744,NULL,'2101-10',2101,10,'2101-10-01','2101-10-31',NULL,NULL,40740,0,NULL,1,0,0,1),(5745,NULL,'2101-11',2101,11,'2101-11-01','2101-11-30',NULL,NULL,40740,0,NULL,1,0,0,1),(5746,NULL,'2101-12',2101,12,'2101-12-01','2101-12-31',NULL,NULL,40740,0,NULL,1,0,0,1),(5750,NULL,'2102-01',2102,1,'2102-01-01','2102-01-31',NULL,NULL,40740,0,NULL,1,0,0,1),(5751,NULL,'2102-02',2102,2,'2102-02-01','2102-02-28',NULL,NULL,40740,0,NULL,1,0,0,1),(5752,NULL,'2102-03',2102,3,'2102-03-01','2102-03-31',NULL,NULL,40740,0,NULL,1,0,0,1),(5753,NULL,'2102-04',2102,4,'2102-04-01','2102-04-30',NULL,NULL,40740,0,NULL,1,0,0,1),(5754,NULL,'2102-05',2102,5,'2102-05-01','2102-05-31',NULL,NULL,40740,0,NULL,1,0,0,1),(5755,NULL,'2102-06',2102,6,'2102-06-01','2102-06-30',NULL,NULL,40740,0,NULL,1,0,0,1),(5756,NULL,'2102-07',2102,7,'2102-07-01','2102-07-31',NULL,NULL,40740,0,NULL,1,0,0,1),(5757,NULL,'2102-08',2102,8,'2102-08-01','2102-08-31',NULL,NULL,40740,0,NULL,1,0,0,1),(5758,NULL,'2102-09',2102,9,'2102-09-01','2102-09-30',NULL,NULL,40740,0,NULL,1,0,0,1),(5759,NULL,'2102-10',2102,10,'2102-10-01','2102-10-31',NULL,NULL,40740,0,NULL,1,0,0,1),(5760,NULL,'2102-11',2102,11,'2102-11-01','2102-11-30',NULL,NULL,40740,0,NULL,1,0,0,1),(5761,NULL,'2102-12',2102,12,'2102-12-01','2102-12-31',NULL,NULL,40740,0,NULL,1,0,0,1),(5765,NULL,'2103-01',2103,1,'2103-01-01','2103-01-31',NULL,NULL,40740,0,NULL,1,0,0,1),(5766,NULL,'2103-02',2103,2,'2103-02-01','2103-02-28',NULL,NULL,40740,0,NULL,1,0,0,1),(5767,NULL,'2103-03',2103,3,'2103-03-01','2103-03-31',NULL,NULL,40740,0,NULL,1,0,0,1),(5768,NULL,'2103-04',2103,4,'2103-04-01','2103-04-30',NULL,NULL,40740,0,NULL,1,0,0,1),(5769,NULL,'2103-05',2103,5,'2103-05-01','2103-05-31',NULL,NULL,40740,0,NULL,1,0,0,1),(5770,NULL,'2103-06',2103,6,'2103-06-01','2103-06-30',NULL,NULL,40740,0,NULL,1,0,0,1);
INSERT INTO `periods` VALUES (5771,NULL,'2103-07',2103,7,'2103-07-01','2103-07-31',NULL,NULL,40740,0,NULL,1,0,0,1),(5772,NULL,'2103-08',2103,8,'2103-08-01','2103-08-31',NULL,NULL,40740,0,NULL,1,0,0,1),(5773,NULL,'2103-09',2103,9,'2103-09-01','2103-09-30',NULL,NULL,40740,0,NULL,1,0,0,1),(5774,NULL,'2103-10',2103,10,'2103-10-01','2103-10-31',NULL,NULL,40740,0,NULL,1,0,0,1),(5775,NULL,'2103-11',2103,11,'2103-11-01','2103-11-30',NULL,NULL,40740,0,NULL,1,0,0,1),(5776,NULL,'2103-12',2103,12,'2103-12-01','2103-12-31',NULL,NULL,40740,0,NULL,1,0,0,1),(5780,NULL,'2104-01',2104,1,'2104-01-01','2104-01-31',NULL,NULL,40740,0,NULL,1,0,0,1),(5781,NULL,'2104-02',2104,2,'2104-02-01','2104-02-28',NULL,NULL,40740,0,NULL,1,0,0,1),(5782,NULL,'2104-03',2104,3,'2104-03-01','2104-03-31',NULL,NULL,40740,0,NULL,1,0,0,1),(5783,NULL,'2104-04',2104,4,'2104-04-01','2104-04-30',NULL,NULL,40740,0,NULL,1,0,0,1),(5784,NULL,'2104-05',2104,5,'2104-05-01','2104-05-31',NULL,NULL,40740,0,NULL,1,0,0,1),(5785,NULL,'2104-06',2104,6,'2104-06-01','2104-06-30',NULL,NULL,40740,0,NULL,1,0,0,1),(5786,NULL,'2104-07',2104,7,'2104-07-01','2104-07-31',NULL,NULL,40740,0,NULL,1,0,0,1),(5787,NULL,'2104-08',2104,8,'2104-08-01','2104-08-31',NULL,NULL,40740,0,NULL,1,0,0,1),(5788,NULL,'2104-09',2104,9,'2104-09-01','2104-09-30',NULL,NULL,40740,0,NULL,1,0,0,1),(5789,NULL,'2104-10',2104,10,'2104-10-01','2104-10-31',NULL,NULL,40740,0,NULL,1,0,0,1),(5790,NULL,'2104-11',2104,11,'2104-11-01','2104-11-30',NULL,NULL,40740,0,NULL,1,0,0,1),(5791,NULL,'2104-12',2104,12,'2104-12-01','2104-12-31',NULL,NULL,40740,0,NULL,1,0,0,1),(5795,NULL,'2105-01',2105,1,'2105-01-01','2105-01-31',NULL,NULL,40740,0,NULL,1,0,0,1),(5796,NULL,'2105-02',2105,2,'2105-02-01','2105-02-28',NULL,NULL,40740,0,NULL,1,0,0,1),(5797,NULL,'2105-03',2105,3,'2105-03-01','2105-03-31',NULL,NULL,40740,0,NULL,1,0,0,1),(5798,NULL,'2105-04',2105,4,'2105-04-01','2105-04-30',NULL,NULL,40740,0,NULL,1,0,0,1),(5799,NULL,'2105-05',2105,5,'2105-05-01','2105-05-31',NULL,NULL,40740,0,NULL,1,0,0,1),(5800,NULL,'2105-06',2105,6,'2105-06-01','2105-06-30',NULL,NULL,40740,0,NULL,1,0,0,1),(5801,NULL,'2105-07',2105,7,'2105-07-01','2105-07-31',NULL,NULL,40740,0,NULL,1,0,0,1),(5802,NULL,'2105-08',2105,8,'2105-08-01','2105-08-31',NULL,NULL,40740,0,NULL,1,0,0,1),(5803,NULL,'2105-09',2105,9,'2105-09-01','2105-09-30',NULL,NULL,40740,0,NULL,1,0,0,1),(5804,NULL,'2105-10',2105,10,'2105-10-01','2105-10-31',NULL,NULL,40740,0,NULL,1,0,0,1),(5805,NULL,'2105-11',2105,11,'2105-11-01','2105-11-30',NULL,NULL,40740,0,NULL,1,0,0,1),(5806,NULL,'2105-12',2105,12,'2105-12-01','2105-12-31',NULL,NULL,40740,0,NULL,1,0,0,1),(5810,NULL,'2106-01',2106,1,'2106-01-01','2106-01-31',NULL,NULL,40740,0,NULL,1,0,0,1),(5811,NULL,'2106-02',2106,2,'2106-02-01','2106-02-28',NULL,NULL,40740,0,NULL,1,0,0,1),(5812,NULL,'2106-03',2106,3,'2106-03-01','2106-03-31',NULL,NULL,40740,0,NULL,1,0,0,1),(5813,NULL,'2106-04',2106,4,'2106-04-01','2106-04-30',NULL,NULL,40740,0,NULL,1,0,0,1),(5814,NULL,'2106-05',2106,5,'2106-05-01','2106-05-31',NULL,NULL,40740,0,NULL,1,0,0,1),(5815,NULL,'2106-06',2106,6,'2106-06-01','2106-06-30',NULL,NULL,40740,0,NULL,1,0,0,1),(5816,NULL,'2106-07',2106,7,'2106-07-01','2106-07-31',NULL,NULL,40740,0,NULL,1,0,0,1),(5817,NULL,'2106-08',2106,8,'2106-08-01','2106-08-31',NULL,NULL,40740,0,NULL,1,0,0,1),(5818,NULL,'2106-09',2106,9,'2106-09-01','2106-09-30',NULL,NULL,40740,0,NULL,1,0,0,1),(5819,NULL,'2106-10',2106,10,'2106-10-01','2106-10-31',NULL,NULL,40740,0,NULL,1,0,0,1),(5820,NULL,'2106-11',2106,11,'2106-11-01','2106-11-30',NULL,NULL,40740,0,NULL,1,0,0,1),(5821,NULL,'2106-12',2106,12,'2106-12-01','2106-12-31',NULL,NULL,40740,0,NULL,1,0,0,1),(5825,NULL,'2107-01',2107,1,'2107-01-01','2107-01-31',NULL,NULL,40740,0,NULL,1,0,0,1),(5826,NULL,'2107-02',2107,2,'2107-02-01','2107-02-28',NULL,NULL,40740,0,NULL,1,0,0,1),(5827,NULL,'2107-03',2107,3,'2107-03-01','2107-03-31',NULL,NULL,40740,0,NULL,1,0,0,1),(5828,NULL,'2107-04',2107,4,'2107-04-01','2107-04-30',NULL,NULL,40740,0,NULL,1,0,0,1);
INSERT INTO `periods` VALUES (5829,NULL,'2107-05',2107,5,'2107-05-01','2107-05-31',NULL,NULL,40740,0,NULL,1,0,0,1),(5830,NULL,'2107-06',2107,6,'2107-06-01','2107-06-30',NULL,NULL,40740,0,NULL,1,0,0,1),(5831,NULL,'2107-07',2107,7,'2107-07-01','2107-07-31',NULL,NULL,40740,0,NULL,1,0,0,1),(5832,NULL,'2107-08',2107,8,'2107-08-01','2107-08-31',NULL,NULL,40740,0,NULL,1,0,0,1),(5833,NULL,'2107-09',2107,9,'2107-09-01','2107-09-30',NULL,NULL,40740,0,NULL,1,0,0,1),(5834,NULL,'2107-10',2107,10,'2107-10-01','2107-10-31',NULL,NULL,40740,0,NULL,1,0,0,1),(5835,NULL,'2107-11',2107,11,'2107-11-01','2107-11-30',NULL,NULL,40740,0,NULL,1,0,0,1),(5836,NULL,'2107-12',2107,12,'2107-12-01','2107-12-31',NULL,NULL,40740,0,NULL,1,0,0,1),(5840,NULL,'2108-01',2108,1,'2108-01-01','2108-01-31',NULL,NULL,40740,0,NULL,1,0,0,1),(5841,NULL,'2108-02',2108,2,'2108-02-01','2108-02-28',NULL,NULL,40740,0,NULL,1,0,0,1),(5842,NULL,'2108-03',2108,3,'2108-03-01','2108-03-31',NULL,NULL,40740,0,NULL,1,0,0,1),(5843,NULL,'2108-04',2108,4,'2108-04-01','2108-04-30',NULL,NULL,40740,0,NULL,1,0,0,1),(5844,NULL,'2108-05',2108,5,'2108-05-01','2108-05-31',NULL,NULL,40740,0,NULL,1,0,0,1),(5845,NULL,'2108-06',2108,6,'2108-06-01','2108-06-30',NULL,NULL,40740,0,NULL,1,0,0,1),(5846,NULL,'2108-07',2108,7,'2108-07-01','2108-07-31',NULL,NULL,40740,0,NULL,1,0,0,1),(5847,NULL,'2108-08',2108,8,'2108-08-01','2108-08-31',NULL,NULL,40740,0,NULL,1,0,0,1),(5848,NULL,'2108-09',2108,9,'2108-09-01','2108-09-30',NULL,NULL,40740,0,NULL,1,0,0,1),(5849,NULL,'2108-10',2108,10,'2108-10-01','2108-10-31',NULL,NULL,40740,0,NULL,1,0,0,1),(5850,NULL,'2108-11',2108,11,'2108-11-01','2108-11-30',NULL,NULL,40740,0,NULL,1,0,0,1),(5851,NULL,'2108-12',2108,12,'2108-12-01','2108-12-31',NULL,NULL,40740,0,NULL,1,0,0,1),(5855,NULL,'2109-01',2109,1,'2109-01-01','2109-01-31',NULL,NULL,40740,0,NULL,1,0,0,1),(5856,NULL,'2109-02',2109,2,'2109-02-01','2109-02-28',NULL,NULL,40740,0,NULL,1,0,0,1),(5857,NULL,'2109-03',2109,3,'2109-03-01','2109-03-31',NULL,NULL,40740,0,NULL,1,0,0,1),(5858,NULL,'2109-04',2109,4,'2109-04-01','2109-04-30',NULL,NULL,40740,0,NULL,1,0,0,1),(5859,NULL,'2109-05',2109,5,'2109-05-01','2109-05-31',NULL,NULL,40740,0,NULL,1,0,0,1),(5860,NULL,'2109-06',2109,6,'2109-06-01','2109-06-30',NULL,NULL,40740,0,NULL,1,0,0,1),(5861,NULL,'2109-07',2109,7,'2109-07-01','2109-07-31',NULL,NULL,40740,0,NULL,1,0,0,1),(5862,NULL,'2109-08',2109,8,'2109-08-01','2109-08-31',NULL,NULL,40740,0,NULL,1,0,0,1),(5863,NULL,'2109-09',2109,9,'2109-09-01','2109-09-30',NULL,NULL,40740,0,NULL,1,0,0,1),(5864,NULL,'2109-10',2109,10,'2109-10-01','2109-10-31',NULL,NULL,40740,0,NULL,1,0,0,1),(5865,NULL,'2109-11',2109,11,'2109-11-01','2109-11-30',NULL,NULL,40740,0,NULL,1,0,0,1),(5866,NULL,'2109-12',2109,12,'2109-12-01','2109-12-31',NULL,NULL,40740,0,NULL,1,0,0,1),(5870,NULL,'2110-01',2110,1,'2110-01-01','2110-01-31',NULL,NULL,40740,0,NULL,1,0,0,1),(5871,NULL,'2110-02',2110,2,'2110-02-01','2110-02-28',NULL,NULL,40740,0,NULL,1,0,0,1),(5872,NULL,'2110-03',2110,3,'2110-03-01','2110-03-31',NULL,NULL,40740,0,NULL,1,0,0,1),(5873,NULL,'2110-04',2110,4,'2110-04-01','2110-04-30',NULL,NULL,40740,0,NULL,1,0,0,1),(5874,NULL,'2110-05',2110,5,'2110-05-01','2110-05-31',NULL,NULL,40740,0,NULL,1,0,0,1),(5875,NULL,'2110-06',2110,6,'2110-06-01','2110-06-30',NULL,NULL,40740,0,NULL,1,0,0,1),(5876,NULL,'2110-07',2110,7,'2110-07-01','2110-07-31',NULL,NULL,40740,0,NULL,1,0,0,1),(5877,NULL,'2110-08',2110,8,'2110-08-01','2110-08-31',NULL,NULL,40740,0,NULL,1,0,0,1),(5878,NULL,'2110-09',2110,9,'2110-09-01','2110-09-30',NULL,NULL,40740,0,NULL,1,0,0,1),(5879,NULL,'2110-10',2110,10,'2110-10-01','2110-10-31',NULL,NULL,40740,0,NULL,1,0,0,1),(5880,NULL,'2110-11',2110,11,'2110-11-01','2110-11-30',NULL,NULL,40740,0,NULL,1,0,0,1),(5881,NULL,'2110-12',2110,12,'2110-12-01','2110-12-31',NULL,NULL,40740,0,NULL,1,0,0,1),(5885,NULL,'2111-01',2111,1,'2111-01-01','2111-01-31',NULL,NULL,40740,0,NULL,1,0,0,1),(5886,NULL,'2111-02',2111,2,'2111-02-01','2111-02-28',NULL,NULL,40740,0,NULL,1,0,0,1);
INSERT INTO `periods` VALUES (5887,NULL,'2111-03',2111,3,'2111-03-01','2111-03-31',NULL,NULL,40740,0,NULL,1,0,0,1),(5888,NULL,'2111-04',2111,4,'2111-04-01','2111-04-30',NULL,NULL,40740,0,NULL,1,0,0,1),(5889,NULL,'2111-05',2111,5,'2111-05-01','2111-05-31',NULL,NULL,40740,0,NULL,1,0,0,1),(5890,NULL,'2111-06',2111,6,'2111-06-01','2111-06-30',NULL,NULL,40740,0,NULL,1,0,0,1),(5891,NULL,'2111-07',2111,7,'2111-07-01','2111-07-31',NULL,NULL,40740,0,NULL,1,0,0,1),(5892,NULL,'2111-08',2111,8,'2111-08-01','2111-08-31',NULL,NULL,40740,0,NULL,1,0,0,1),(5893,NULL,'2111-09',2111,9,'2111-09-01','2111-09-30',NULL,NULL,40740,0,NULL,1,0,0,1),(5894,NULL,'2111-10',2111,10,'2111-10-01','2111-10-31',NULL,NULL,40740,0,NULL,1,0,0,1),(5895,NULL,'2111-11',2111,11,'2111-11-01','2111-11-30',NULL,NULL,40740,0,NULL,1,0,0,1),(5896,NULL,'2111-12',2111,12,'2111-12-01','2111-12-31',NULL,NULL,40740,0,NULL,1,0,0,1),(5900,NULL,'2112-01',2112,1,'2112-01-01','2112-01-31',NULL,NULL,40740,0,NULL,1,0,0,1),(5901,NULL,'2112-02',2112,2,'2112-02-01','2112-02-28',NULL,NULL,40740,0,NULL,1,0,0,1),(5902,NULL,'2112-03',2112,3,'2112-03-01','2112-03-31',NULL,NULL,40740,0,NULL,1,0,0,1),(5903,NULL,'2112-04',2112,4,'2112-04-01','2112-04-30',NULL,NULL,40740,0,NULL,1,0,0,1),(5904,NULL,'2112-05',2112,5,'2112-05-01','2112-05-31',NULL,NULL,40740,0,NULL,1,0,0,1),(5905,NULL,'2112-06',2112,6,'2112-06-01','2112-06-30',NULL,NULL,40740,0,NULL,1,0,0,1),(5906,NULL,'2112-07',2112,7,'2112-07-01','2112-07-31',NULL,NULL,40740,0,NULL,1,0,0,1),(5907,NULL,'2112-08',2112,8,'2112-08-01','2112-08-31',NULL,NULL,40740,0,NULL,1,0,0,1),(5908,NULL,'2112-09',2112,9,'2112-09-01','2112-09-30',NULL,NULL,40740,0,NULL,1,0,0,1),(5909,NULL,'2112-10',2112,10,'2112-10-01','2112-10-31',NULL,NULL,40740,0,NULL,1,0,0,1),(5910,NULL,'2112-11',2112,11,'2112-11-01','2112-11-30',NULL,NULL,40740,0,NULL,1,0,0,1),(5911,NULL,'2112-12',2112,12,'2112-12-01','2112-12-31',NULL,NULL,40740,0,NULL,1,0,0,1),(5915,NULL,'2113-01',2113,1,'2113-01-01','2113-01-31',NULL,NULL,40740,0,NULL,1,0,0,1),(5916,NULL,'2113-02',2113,2,'2113-02-01','2113-02-28',NULL,NULL,40740,0,NULL,1,0,0,1),(5917,NULL,'2113-03',2113,3,'2113-03-01','2113-03-31',NULL,NULL,40740,0,NULL,1,0,0,1),(5918,NULL,'2113-04',2113,4,'2113-04-01','2113-04-30',NULL,NULL,40740,0,NULL,1,0,0,1),(5919,NULL,'2113-05',2113,5,'2113-05-01','2113-05-31',NULL,NULL,40740,0,NULL,1,0,0,1),(5920,NULL,'2113-06',2113,6,'2113-06-01','2113-06-30',NULL,NULL,40740,0,NULL,1,0,0,1),(5921,NULL,'2113-07',2113,7,'2113-07-01','2113-07-31',NULL,NULL,40740,0,NULL,1,0,0,1),(5922,NULL,'2113-08',2113,8,'2113-08-01','2113-08-31',NULL,NULL,40740,0,NULL,1,0,0,1),(5923,NULL,'2113-09',2113,9,'2113-09-01','2113-09-30',NULL,NULL,40740,0,NULL,1,0,0,1),(5924,NULL,'2113-10',2113,10,'2113-10-01','2113-10-31',NULL,NULL,40740,0,NULL,1,0,0,1),(5925,NULL,'2113-11',2113,11,'2113-11-01','2113-11-30',NULL,NULL,40740,0,NULL,1,0,0,1),(5926,NULL,'2113-12',2113,12,'2113-12-01','2113-12-31',NULL,NULL,40740,0,NULL,1,0,0,1),(5930,NULL,'2114-01',2114,1,'2114-01-01','2114-01-31',NULL,NULL,40740,0,NULL,1,0,0,1),(5931,NULL,'2114-02',2114,2,'2114-02-01','2114-02-28',NULL,NULL,40740,0,NULL,1,0,0,1),(5932,NULL,'2114-03',2114,3,'2114-03-01','2114-03-31',NULL,NULL,40740,0,NULL,1,0,0,1),(5933,NULL,'2114-04',2114,4,'2114-04-01','2114-04-30',NULL,NULL,40740,0,NULL,1,0,0,1),(5934,NULL,'2114-05',2114,5,'2114-05-01','2114-05-31',NULL,NULL,40740,0,NULL,1,0,0,1),(5935,NULL,'2114-06',2114,6,'2114-06-01','2114-06-30',NULL,NULL,40740,0,NULL,1,0,0,1),(5936,NULL,'2114-07',2114,7,'2114-07-01','2114-07-31',NULL,NULL,40740,0,NULL,1,0,0,1),(5937,NULL,'2114-08',2114,8,'2114-08-01','2114-08-31',NULL,NULL,40740,0,NULL,1,0,0,1),(5938,NULL,'2114-09',2114,9,'2114-09-01','2114-09-30',NULL,NULL,40740,0,NULL,1,0,0,1),(5939,NULL,'2114-10',2114,10,'2114-10-01','2114-10-31',NULL,NULL,40740,0,NULL,1,0,0,1),(5940,NULL,'2114-11',2114,11,'2114-11-01','2114-11-30',NULL,NULL,40740,0,NULL,1,0,0,1),(5941,NULL,'2114-12',2114,12,'2114-12-01','2114-12-31',NULL,NULL,40740,0,NULL,1,0,0,1);
INSERT INTO `periods` VALUES (5945,NULL,'2115-01',2115,1,'2115-01-01','2115-01-31',NULL,NULL,40740,0,NULL,1,0,0,1),(5946,NULL,'2115-02',2115,2,'2115-02-01','2115-02-28',NULL,NULL,40740,0,NULL,1,0,0,1),(5947,NULL,'2115-03',2115,3,'2115-03-01','2115-03-31',NULL,NULL,40740,0,NULL,1,0,0,1),(5948,NULL,'2115-04',2115,4,'2115-04-01','2115-04-30',NULL,NULL,40740,0,NULL,1,0,0,1),(5949,NULL,'2115-05',2115,5,'2115-05-01','2115-05-31',NULL,NULL,40740,0,NULL,1,0,0,1),(5950,NULL,'2115-06',2115,6,'2115-06-01','2115-06-30',NULL,NULL,40740,0,NULL,1,0,0,1),(5951,NULL,'2115-07',2115,7,'2115-07-01','2115-07-31',NULL,NULL,40740,0,NULL,1,0,0,1),(5952,NULL,'2115-08',2115,8,'2115-08-01','2115-08-31',NULL,NULL,40740,0,NULL,1,0,0,1),(5953,NULL,'2115-09',2115,9,'2115-09-01','2115-09-30',NULL,NULL,40740,0,NULL,1,0,0,1),(5954,NULL,'2115-10',2115,10,'2115-10-01','2115-10-31',NULL,NULL,40740,0,NULL,1,0,0,1),(5955,NULL,'2115-11',2115,11,'2115-11-01','2115-11-30',NULL,NULL,40740,0,NULL,1,0,0,1),(5956,NULL,'2115-12',2115,12,'2115-12-01','2115-12-31',NULL,NULL,40740,0,NULL,1,0,0,1),(5960,NULL,'2116-01',2116,1,'2116-01-01','2116-01-31',NULL,NULL,40740,0,NULL,1,0,0,1),(5961,NULL,'2116-02',2116,2,'2116-02-01','2116-02-28',NULL,NULL,40740,0,NULL,1,0,0,1),(5962,NULL,'2116-03',2116,3,'2116-03-01','2116-03-31',NULL,NULL,40740,0,NULL,1,0,0,1),(5963,NULL,'2116-04',2116,4,'2116-04-01','2116-04-30',NULL,NULL,40740,0,NULL,1,0,0,1),(5964,NULL,'2116-05',2116,5,'2116-05-01','2116-05-31',NULL,NULL,40740,0,NULL,1,0,0,1),(5965,NULL,'2116-06',2116,6,'2116-06-01','2116-06-30',NULL,NULL,40740,0,NULL,1,0,0,1),(5966,NULL,'2116-07',2116,7,'2116-07-01','2116-07-31',NULL,NULL,40740,0,NULL,1,0,0,1),(5967,NULL,'2116-08',2116,8,'2116-08-01','2116-08-31',NULL,NULL,40740,0,NULL,1,0,0,1),(5968,NULL,'2116-09',2116,9,'2116-09-01','2116-09-30',NULL,NULL,40740,0,NULL,1,0,0,1),(5969,NULL,'2116-10',2116,10,'2116-10-01','2116-10-31',NULL,NULL,40740,0,NULL,1,0,0,1),(5970,NULL,'2116-11',2116,11,'2116-11-01','2116-11-30',NULL,NULL,40740,0,NULL,1,0,0,1),(5971,NULL,'2116-12',2116,12,'2116-12-01','2116-12-31',NULL,NULL,40740,0,NULL,1,0,0,1),(5975,NULL,'2117-01',2117,1,'2117-01-01','2117-01-31',NULL,NULL,40740,0,NULL,1,0,0,1),(5976,NULL,'2117-02',2117,2,'2117-02-01','2117-02-28',NULL,NULL,40740,0,NULL,1,0,0,1),(5977,NULL,'2117-03',2117,3,'2117-03-01','2117-03-31',NULL,NULL,40740,0,NULL,1,0,0,1),(5978,NULL,'2117-04',2117,4,'2117-04-01','2117-04-30',NULL,NULL,40740,0,NULL,1,0,0,1),(5979,NULL,'2117-05',2117,5,'2117-05-01','2117-05-31',NULL,NULL,40740,0,NULL,1,0,0,1),(5980,NULL,'2117-06',2117,6,'2117-06-01','2117-06-30',NULL,NULL,40740,0,NULL,1,0,0,1),(5981,NULL,'2117-07',2117,7,'2117-07-01','2117-07-31',NULL,NULL,40740,0,NULL,1,0,0,1),(5982,NULL,'2117-08',2117,8,'2117-08-01','2117-08-31',NULL,NULL,40740,0,NULL,1,0,0,1),(5983,NULL,'2117-09',2117,9,'2117-09-01','2117-09-30',NULL,NULL,40740,0,NULL,1,0,0,1),(5984,NULL,'2117-10',2117,10,'2117-10-01','2117-10-31',NULL,NULL,40740,0,NULL,1,0,0,1),(5985,NULL,'2117-11',2117,11,'2117-11-01','2117-11-30',NULL,NULL,40740,0,NULL,1,0,0,1),(5986,NULL,'2117-12',2117,12,'2117-12-01','2117-12-31',NULL,NULL,40740,0,NULL,1,0,0,1),(5990,NULL,'2118-01',2118,1,'2118-01-01','2118-01-31',NULL,NULL,40740,0,NULL,1,0,0,1),(5991,NULL,'2118-02',2118,2,'2118-02-01','2118-02-28',NULL,NULL,40740,0,NULL,1,0,0,1),(5992,NULL,'2118-03',2118,3,'2118-03-01','2118-03-31',NULL,NULL,40740,0,NULL,1,0,0,1),(5993,NULL,'2118-04',2118,4,'2118-04-01','2118-04-30',NULL,NULL,40740,0,NULL,1,0,0,1),(5994,NULL,'2118-05',2118,5,'2118-05-01','2118-05-31',NULL,NULL,40740,0,NULL,1,0,0,1),(5995,NULL,'2118-06',2118,6,'2118-06-01','2118-06-30',NULL,NULL,40740,0,NULL,1,0,0,1),(5996,NULL,'2118-07',2118,7,'2118-07-01','2118-07-31',NULL,NULL,40740,0,NULL,1,0,0,1),(5997,NULL,'2118-08',2118,8,'2118-08-01','2118-08-31',NULL,NULL,40740,0,NULL,1,0,0,1),(5998,NULL,'2118-09',2118,9,'2118-09-01','2118-09-30',NULL,NULL,40740,0,NULL,1,0,0,1),(5999,NULL,'2118-10',2118,10,'2118-10-01','2118-10-31',NULL,NULL,40740,0,NULL,1,0,0,1);
INSERT INTO `periods` VALUES (6000,NULL,'2118-11',2118,11,'2118-11-01','2118-11-30',NULL,NULL,40740,0,NULL,1,0,0,1),(6001,NULL,'2118-12',2118,12,'2118-12-01','2118-12-31',NULL,NULL,40740,0,NULL,1,0,0,1),(6005,NULL,'2119-01',2119,1,'2119-01-01','2119-01-31',NULL,NULL,40740,0,NULL,1,0,0,1),(6006,NULL,'2119-02',2119,2,'2119-02-01','2119-02-28',NULL,NULL,40740,0,NULL,1,0,0,1),(6007,NULL,'2119-03',2119,3,'2119-03-01','2119-03-31',NULL,NULL,40740,0,NULL,1,0,0,1),(6008,NULL,'2119-04',2119,4,'2119-04-01','2119-04-30',NULL,NULL,40740,0,NULL,1,0,0,1),(6009,NULL,'2119-05',2119,5,'2119-05-01','2119-05-31',NULL,NULL,40740,0,NULL,1,0,0,1),(6010,NULL,'2119-06',2119,6,'2119-06-01','2119-06-30',NULL,NULL,40740,0,NULL,1,0,0,1),(6011,NULL,'2119-07',2119,7,'2119-07-01','2119-07-31',NULL,NULL,40740,0,NULL,1,0,0,1),(6012,NULL,'2119-08',2119,8,'2119-08-01','2119-08-31',NULL,NULL,40740,0,NULL,1,0,0,1),(6013,NULL,'2119-09',2119,9,'2119-09-01','2119-09-30',NULL,NULL,40740,0,NULL,1,0,0,1),(6014,NULL,'2119-10',2119,10,'2119-10-01','2119-10-31',NULL,NULL,40740,0,NULL,1,0,0,1),(6015,NULL,'2119-11',2119,11,'2119-11-01','2119-11-30',NULL,NULL,40740,0,NULL,1,0,0,1),(6016,NULL,'2119-12',2119,12,'2119-12-01','2119-12-31',NULL,NULL,40740,0,NULL,1,0,0,1),(6020,NULL,'2120-01',2120,1,'2120-01-01','2120-01-31',NULL,NULL,40740,0,NULL,1,0,0,1),(6021,NULL,'2120-02',2120,2,'2120-02-01','2120-02-28',NULL,NULL,40740,0,NULL,1,0,0,1),(6022,NULL,'2120-03',2120,3,'2120-03-01','2120-03-31',NULL,NULL,40740,0,NULL,1,0,0,1),(6023,NULL,'2120-04',2120,4,'2120-04-01','2120-04-30',NULL,NULL,40740,0,NULL,1,0,0,1),(6024,NULL,'2120-05',2120,5,'2120-05-01','2120-05-31',NULL,NULL,40740,0,NULL,1,0,0,1),(6025,NULL,'2120-06',2120,6,'2120-06-01','2120-06-30',NULL,NULL,40740,0,NULL,1,0,0,1),(6026,NULL,'2120-07',2120,7,'2120-07-01','2120-07-31',NULL,NULL,40740,0,NULL,1,0,0,1),(6027,NULL,'2120-08',2120,8,'2120-08-01','2120-08-31',NULL,NULL,40740,0,NULL,1,0,0,1),(6028,NULL,'2120-09',2120,9,'2120-09-01','2120-09-30',NULL,NULL,40740,0,NULL,1,0,0,1),(6029,NULL,'2120-10',2120,10,'2120-10-01','2120-10-31',NULL,NULL,40740,0,NULL,1,0,0,1),(6030,NULL,'2120-11',2120,11,'2120-11-01','2120-11-30',NULL,NULL,40740,0,NULL,1,0,0,1),(6031,NULL,'2120-12',2120,12,'2120-12-01','2120-12-31',NULL,NULL,40740,0,NULL,1,0,0,1),(6035,NULL,'2121-01',2121,1,'2121-01-01','2121-01-31',NULL,NULL,40740,0,NULL,1,0,0,1),(6036,NULL,'2121-02',2121,2,'2121-02-01','2121-02-28',NULL,NULL,40740,0,NULL,1,0,0,1),(6037,NULL,'2121-03',2121,3,'2121-03-01','2121-03-31',NULL,NULL,40740,0,NULL,1,0,0,1),(6038,NULL,'2121-04',2121,4,'2121-04-01','2121-04-30',NULL,NULL,40740,0,NULL,1,0,0,1),(6039,NULL,'2121-05',2121,5,'2121-05-01','2121-05-31',NULL,NULL,40740,0,NULL,1,0,0,1),(6040,NULL,'2121-06',2121,6,'2121-06-01','2121-06-30',NULL,NULL,40740,0,NULL,1,0,0,1),(6041,NULL,'2121-07',2121,7,'2121-07-01','2121-07-31',NULL,NULL,40740,0,NULL,1,0,0,1),(6042,NULL,'2121-08',2121,8,'2121-08-01','2121-08-31',NULL,NULL,40740,0,NULL,1,0,0,1),(6043,NULL,'2121-09',2121,9,'2121-09-01','2121-09-30',NULL,NULL,40740,0,NULL,1,0,0,1),(6044,NULL,'2121-10',2121,10,'2121-10-01','2121-10-31',NULL,NULL,40740,0,NULL,1,0,0,1),(6045,NULL,'2121-11',2121,11,'2121-11-01','2121-11-30',NULL,NULL,40740,0,NULL,1,0,0,1),(6046,NULL,'2121-12',2121,12,'2121-12-01','2121-12-31',NULL,NULL,40740,0,NULL,1,0,0,1),(6050,NULL,'2122-01',2122,1,'2122-01-01','2122-01-31',NULL,NULL,40740,0,NULL,1,0,0,1),(6051,NULL,'2122-02',2122,2,'2122-02-01','2122-02-28',NULL,NULL,40740,0,NULL,1,0,0,1),(6052,NULL,'2122-03',2122,3,'2122-03-01','2122-03-31',NULL,NULL,40740,0,NULL,1,0,0,1),(6053,NULL,'2122-04',2122,4,'2122-04-01','2122-04-30',NULL,NULL,40740,0,NULL,1,0,0,1),(6054,NULL,'2122-05',2122,5,'2122-05-01','2122-05-31',NULL,NULL,40740,0,NULL,1,0,0,1),(6055,NULL,'2122-06',2122,6,'2122-06-01','2122-06-30',NULL,NULL,40740,0,NULL,1,0,0,1),(6056,NULL,'2122-07',2122,7,'2122-07-01','2122-07-31',NULL,NULL,40740,0,NULL,1,0,0,1),(6057,NULL,'2122-08',2122,8,'2122-08-01','2122-08-31',NULL,NULL,40740,0,NULL,1,0,0,1);
INSERT INTO `periods` VALUES (6058,NULL,'2122-09',2122,9,'2122-09-01','2122-09-30',NULL,NULL,40740,0,NULL,1,0,0,1),(6059,NULL,'2122-10',2122,10,'2122-10-01','2122-10-31',NULL,NULL,40740,0,NULL,1,0,0,1),(6060,NULL,'2122-11',2122,11,'2122-11-01','2122-11-30',NULL,NULL,40740,0,NULL,1,0,0,1),(6061,NULL,'2122-12',2122,12,'2122-12-01','2122-12-31',NULL,NULL,40740,0,NULL,1,0,0,1);

--
-- Table structure for table `person_activities`
--

CREATE TABLE `person_activities` (
  `id` int(10) unsigned NOT NULL AUTO_INCREMENT,
  `user_id` int(10) unsigned DEFAULT NULL,
  `person_id` int(10) unsigned NOT NULL,
  `activity_id` int(10) unsigned NOT NULL,
  `is_principal` tinyint(1) NOT NULL DEFAULT '0',
  `created_at` timestamp NULL DEFAULT NULL,
  `updated_at` timestamp NULL DEFAULT NULL,
  `deleted_at` timestamp NULL DEFAULT NULL,
  PRIMARY KEY (`id`),
  KEY `person_activities_person_id_foreign` (`person_id`),
  KEY `person_activities_activity_id_foreign` (`activity_id`),
  CONSTRAINT `person_activities_activity_id_foreign` FOREIGN KEY (`activity_id`) REFERENCES `activities` (`id`),
  CONSTRAINT `person_activities_person_id_foreign` FOREIGN KEY (`person_id`) REFERENCES `persons` (`id`)
) ENGINE=InnoDB AUTO_INCREMENT=7 DEFAULT CHARSET=utf8mb4 COLLATE=utf8mb4_unicode_ci;

--
-- Dumping data for table `person_activities`
--

INSERT INTO `person_activities` VALUES (2,1,40719,1,0,'2022-05-26 17:36:31','2022-05-26 17:36:31',NULL),(3,7272,40720,568,1,'2022-07-04 13:53:04','2022-07-04 13:53:04',NULL),(5,7272,40722,653,1,'2022-07-05 22:15:18','2022-07-05 22:15:18',NULL),(6,7272,40740,904,1,'2022-07-06 01:01:27','2022-07-06 01:01:27',NULL);

--
-- Table structure for table `person_cobrador`
--

CREATE TABLE `person_cobrador` (
  `id` bigint(20) unsigned NOT NULL AUTO_INCREMENT,
  `person_id` int(10) unsigned NOT NULL,
  `person_id_relationed` int(10) unsigned DEFAULT NULL,
  `cobrador_id` bigint(20) unsigned NOT NULL,
  `created_at` timestamp NULL DEFAULT NULL,
  `updated_at` timestamp NULL DEFAULT NULL,
  `deleted_at` timestamp NULL DEFAULT NULL,
  PRIMARY KEY (`id`),
  KEY `person_cobrador_person_id_foreign` (`person_id`),
  KEY `person_cobrador_cobrador_id_foreign` (`cobrador_id`),
  KEY `person_cobrador_person_id_relationed_foreign` (`person_id_relationed`),
  CONSTRAINT `person_cobrador_cobrador_id_foreign` FOREIGN KEY (`cobrador_id`) REFERENCES `cobradores` (`id`),
  CONSTRAINT `person_cobrador_person_id_foreign` FOREIGN KEY (`person_id`) REFERENCES `persons` (`id`),
  CONSTRAINT `person_cobrador_person_id_relationed_foreign` FOREIGN KEY (`person_id_relationed`) REFERENCES `persons` (`id`)
) ENGINE=InnoDB DEFAULT CHARSET=utf8mb4 COLLATE=utf8mb4_unicode_ci;

--
-- Dumping data for table `person_cobrador`
--


--
-- Table structure for table `person_configurations`
--

CREATE TABLE `person_configurations` (
  `id` int(10) unsigned NOT NULL AUTO_INCREMENT,
  `user_id` int(10) unsigned DEFAULT NULL,
  `person_id` int(10) unsigned NOT NULL,
  `period_id` int(10) unsigned DEFAULT NULL,
  `zone_id` int(10) unsigned DEFAULT NULL,
  `settle_calc_by_coef` int(11) NOT NULL DEFAULT '0',
  `created_at` timestamp NULL DEFAULT NULL,
  `updated_at` timestamp NULL DEFAULT NULL,
  `active` int(10) unsigned DEFAULT NULL,
  `enviarMail` int(11) DEFAULT '1',
  `honorario` decimal(16,2) DEFAULT '0.00',
  `cta_cte_tesoreria_cuenta_id` int(10) unsigned DEFAULT NULL,
  `month_close` int(10) unsigned DEFAULT NULL,
  `iva_condition_id` int(10) unsigned DEFAULT NULL,
  `obligation_sell` int(10) unsigned DEFAULT NULL,
  `obligation_buy` int(10) unsigned DEFAULT NULL,
  `obligation_iva` int(10) unsigned DEFAULT NULL,
  `obligation_electronic_receipt` int(10) unsigned DEFAULT NULL,
  `obligation_iibb` int(10) unsigned DEFAULT NULL,
  `obligation_other_taxes` int(10) unsigned DEFAULT NULL,
  `liquidation_start_period` varchar(7) COLLATE utf8mb4_unicode_ci DEFAULT NULL,
  `obligation_salaries` int(10) unsigned DEFAULT NULL,
  `empleada_domestica` tinyint(1) NOT NULL DEFAULT '0',
  `prorratear_iva` tinyint(1) NOT NULL DEFAULT '0',
  `is_itc` tinyint(1) NOT NULL DEFAULT '0',
  `priority_order` int(10) unsigned DEFAULT NULL,
  `person_id_administrador` int(11) DEFAULT NULL,
  `person_id_titular` int(11) DEFAULT NULL,
  `logo_path` varchar(180) COLLATE utf8mb4_unicode_ci DEFAULT NULL,
  `certificado_afip_path` varchar(180) COLLATE utf8mb4_unicode_ci DEFAULT NULL,
  `llave_afip_path` varchar(180) COLLATE utf8mb4_unicode_ci DEFAULT NULL,
  `access_electronic_receipt` int(10) unsigned DEFAULT '0',
  `ruta_logo_fa` varchar(100) COLLATE utf8mb4_unicode_ci DEFAULT NULL,
  `inicio_actividades` date DEFAULT NULL,
  `fecha_de_mono_to_ri` date DEFAULT NULL,
  `iibb` varchar(191) COLLATE utf8mb4_unicode_ci DEFAULT NULL,
  `fe_leyenda` varchar(191) COLLATE utf8mb4_unicode_ci DEFAULT NULL,
  `atencion_iva` tinyint(1) NOT NULL DEFAULT '0',
  `atencion_iva_comentario` varchar(191) COLLATE utf8mb4_unicode_ci DEFAULT NULL,
  `atencion_iibb` tinyint(1) NOT NULL DEFAULT '0',
  `atencion_iibb_comentario` varchar(191) COLLATE utf8mb4_unicode_ci DEFAULT NULL,
  `usar_multimoneda` tinyint(1) NOT NULL DEFAULT '0',
  `is_ag_per_ret` tinyint(1) NOT NULL DEFAULT '0',
  `deleted_at` timestamp NULL DEFAULT NULL,
  PRIMARY KEY (`id`),
  KEY `person_configurations_person_id_foreign` (`person_id`),
  KEY `person_configurations_period_id_foreign` (`period_id`),
  KEY `person_configurations_zone_id_foreign` (`zone_id`),
  KEY `person_configurations_iva_condition_id_foreign` (`iva_condition_id`),
  KEY `person_configurations_cta_cte_tesoreria_cuenta_id_foreign` (`cta_cte_tesoreria_cuenta_id`),
  CONSTRAINT `person_configurations_cta_cte_tesoreria_cuenta_id_foreign` FOREIGN KEY (`cta_cte_tesoreria_cuenta_id`) REFERENCES `cta_cte_tesoreria_cuentas` (`id`),
  CONSTRAINT `person_configurations_iva_condition_id_foreign` FOREIGN KEY (`iva_condition_id`) REFERENCES `iva_conditions` (`id`),
  CONSTRAINT `person_configurations_period_id_foreign` FOREIGN KEY (`period_id`) REFERENCES `periods` (`id`),
  CONSTRAINT `person_configurations_person_id_foreign` FOREIGN KEY (`person_id`) REFERENCES `persons` (`id`),
  CONSTRAINT `person_configurations_zone_id_foreign` FOREIGN KEY (`zone_id`) REFERENCES `zones` (`id`)
) ENGINE=InnoDB AUTO_INCREMENT=6 DEFAULT CHARSET=utf8mb4 COLLATE=utf8mb4_unicode_ci;

--
-- Dumping data for table `person_configurations`
--

INSERT INTO `person_configurations` VALUES (2,1,40719,NULL,NULL,0,'2022-05-26 17:36:31','2022-05-26 17:36:31',2,1,0.00,NULL,12,1,NULL,NULL,NULL,NULL,1,NULL,'2022-1',NULL,0,0,0,2,40719,40719,NULL,NULL,NULL,0,NULL,NULL,NULL,NULL,NULL,0,NULL,0,NULL,0,0,NULL),(3,7272,40720,NULL,NULL,0,'2022-07-04 13:53:04','2022-07-04 13:53:04',2,1,0.00,NULL,12,2,1,1,1,1,2,NULL,'2022-01',0,0,1,0,1,40720,40720,NULL,NULL,NULL,0,NULL,'0000-00-00',NULL,'27187495194',NULL,1,'enero',1,'enero',0,0,NULL),(4,7272,40722,NULL,NULL,0,'2022-07-05 22:14:29','2022-07-05 22:15:18',2,1,0.00,NULL,12,2,1,1,1,1,2,NULL,'2021-12',0,0,1,0,1,40722,40722,NULL,NULL,NULL,0,NULL,'2012-07-01',NULL,'20101279724',NULL,0,NULL,0,NULL,0,0,NULL),(5,7272,40740,NULL,NULL,0,'2022-07-06 01:01:27','2022-07-06 01:01:27',2,1,0.00,NULL,12,2,1,1,1,1,2,NULL,'2021-12',0,0,1,0,1,40740,40740,NULL,NULL,NULL,0,NULL,'2022-03-01',NULL,'20142235332',NULL,0,NULL,0,NULL,0,0,NULL);

--
-- Table structure for table `person_liquidators`
--

CREATE TABLE `person_liquidators` (
  `id` int(10) unsigned NOT NULL AUTO_INCREMENT,
  `user_id` int(10) unsigned DEFAULT NULL,
  `person_id` int(10) unsigned NOT NULL,
  `liquidator_id` int(10) unsigned NOT NULL,
  `created_at` timestamp NULL DEFAULT NULL,
  `updated_at` timestamp NULL DEFAULT NULL,
  `deleted_at` timestamp NULL DEFAULT NULL,
  PRIMARY KEY (`id`),
  KEY `person_liquidators_person_id_foreign` (`person_id`),
  KEY `person_liquidators_liquidator_id_foreign` (`liquidator_id`),
  CONSTRAINT `person_liquidators_liquidator_id_foreign` FOREIGN KEY (`liquidator_id`) REFERENCES `liquidators` (`id`),
  CONSTRAINT `person_liquidators_person_id_foreign` FOREIGN KEY (`person_id`) REFERENCES `persons` (`id`)
) ENGINE=InnoDB DEFAULT CHARSET=utf8mb4 COLLATE=utf8mb4_unicode_ci;

--
-- Dumping data for table `person_liquidators`
--


--
-- Table structure for table `person_pagos_lugares`
--

CREATE TABLE `person_pagos_lugares` (
  `id` bigint(20) unsigned NOT NULL AUTO_INCREMENT,
  `user_id` int(10) unsigned DEFAULT NULL,
  `person_id` int(10) unsigned NOT NULL,
  `person_id_relationed` int(10) unsigned NOT NULL,
  `descripcion` varchar(255) COLLATE utf8mb4_unicode_ci DEFAULT NULL,
  `contacto` varchar(191) COLLATE utf8mb4_unicode_ci DEFAULT NULL,
  `direccion` varchar(255) COLLATE utf8mb4_unicode_ci DEFAULT NULL,
  `localidad_id` int(10) unsigned DEFAULT NULL,
  `telefono` varchar(255) COLLATE utf8mb4_unicode_ci DEFAULT NULL,
  `mail` varchar(255) COLLATE utf8mb4_unicode_ci DEFAULT NULL,
  `horario_de_llamada` varchar(255) COLLATE utf8mb4_unicode_ci DEFAULT NULL,
  `horario_de_pago` varchar(255) COLLATE utf8mb4_unicode_ci DEFAULT NULL,
  `cobradores_metodo_id` bigint(20) unsigned DEFAULT NULL,
  `comentario` longtext COLLATE utf8mb4_unicode_ci,
  `habilitado` tinyint(1) NOT NULL DEFAULT '1',
  `created_at` timestamp NULL DEFAULT NULL,
  `updated_at` timestamp NULL DEFAULT NULL,
  `deleted_at` timestamp NULL DEFAULT NULL,
  PRIMARY KEY (`id`),
  KEY `person_pagos_lugares_person_id_foreign` (`person_id`),
  KEY `person_pagos_lugares_person_id_relationed_foreign` (`person_id_relationed`),
  KEY `person_pagos_lugares_localidad_id_foreign` (`localidad_id`),
  KEY `person_pagos_lugares_cobradores_metodo_id_foreign` (`cobradores_metodo_id`),
  CONSTRAINT `person_pagos_lugares_cobradores_metodo_id_foreign` FOREIGN KEY (`cobradores_metodo_id`) REFERENCES `cobradores_metodos` (`id`),
  CONSTRAINT `person_pagos_lugares_localidad_id_foreign` FOREIGN KEY (`localidad_id`) REFERENCES `localidad` (`id`),
  CONSTRAINT `person_pagos_lugares_person_id_foreign` FOREIGN KEY (`person_id`) REFERENCES `persons` (`id`),
  CONSTRAINT `person_pagos_lugares_person_id_relationed_foreign` FOREIGN KEY (`person_id_relationed`) REFERENCES `persons` (`id`)
) ENGINE=InnoDB DEFAULT CHARSET=utf8mb4 COLLATE=utf8mb4_unicode_ci;

--
-- Dumping data for table `person_pagos_lugares`
--


--
-- Table structure for table `person_pagos_promesas`
--

CREATE TABLE `person_pagos_promesas` (
  `id` bigint(20) unsigned NOT NULL AUTO_INCREMENT,
  `user_id` int(10) unsigned DEFAULT NULL,
  `person_id` int(10) unsigned NOT NULL,
  `person_id_relationed` int(10) unsigned NOT NULL,
  `person_pago_lugar_id` bigint(20) unsigned DEFAULT NULL,
  `fecha` datetime NOT NULL,
  `comentario` longtext COLLATE utf8mb4_unicode_ci,
  `created_at` timestamp NULL DEFAULT NULL,
  `updated_at` timestamp NULL DEFAULT NULL,
  `deleted_at` timestamp NULL DEFAULT NULL,
  PRIMARY KEY (`id`),
  KEY `person_pagos_promesas_person_id_foreign` (`person_id`),
  KEY `person_pagos_promesas_person_id_relationed_foreign` (`person_id_relationed`),
  CONSTRAINT `person_pagos_promesas_person_id_foreign` FOREIGN KEY (`person_id`) REFERENCES `persons` (`id`),
  CONSTRAINT `person_pagos_promesas_person_id_relationed_foreign` FOREIGN KEY (`person_id_relationed`) REFERENCES `persons` (`id`)
) ENGINE=InnoDB DEFAULT CHARSET=utf8mb4 COLLATE=utf8mb4_unicode_ci;

--
-- Dumping data for table `person_pagos_promesas`
--


--
-- Table structure for table `person_pay_methods`
--

CREATE TABLE `person_pay_methods` (
  `id` int(10) unsigned NOT NULL AUTO_INCREMENT,
  `user_id` int(10) unsigned DEFAULT NULL,
  `person_id` int(10) unsigned NOT NULL,
  `pay_method_id` int(10) unsigned NOT NULL,
  `created_at` timestamp NULL DEFAULT NULL,
  `updated_at` timestamp NULL DEFAULT NULL,
  `deleted_at` timestamp NULL DEFAULT NULL,
  PRIMARY KEY (`id`),
  KEY `person_pay_methods_person_id_foreign` (`person_id`),
  KEY `person_pay_methods_pay_method_id_foreign` (`pay_method_id`),
  CONSTRAINT `person_pay_methods_pay_method_id_foreign` FOREIGN KEY (`pay_method_id`) REFERENCES `pay_methods` (`id`),
  CONSTRAINT `person_pay_methods_person_id_foreign` FOREIGN KEY (`person_id`) REFERENCES `persons` (`id`)
) ENGINE=InnoDB DEFAULT CHARSET=utf8mb4 COLLATE=utf8mb4_unicode_ci;

--
-- Dumping data for table `person_pay_methods`
--


--
-- Table structure for table `person_relationeds`
--

CREATE TABLE `person_relationeds` (
  `id` bigint(20) unsigned NOT NULL AUTO_INCREMENT,
  `user_id` int(10) unsigned DEFAULT NULL,
  `person_id` int(10) unsigned NOT NULL,
  `client_id` int(10) unsigned NOT NULL,
  `cliente_relationed_id` int(10) unsigned NOT NULL,
  `created_at` timestamp NULL DEFAULT NULL,
  `updated_at` timestamp NULL DEFAULT NULL,
  `deleted_at` timestamp NULL DEFAULT NULL,
  PRIMARY KEY (`id`),
  KEY `person_relationeds_person_id_foreign` (`person_id`),
  KEY `person_relationeds_client_id_foreign` (`client_id`),
  KEY `person_relationeds_cliente_relationed_id_foreign` (`cliente_relationed_id`),
  CONSTRAINT `person_relationeds_client_id_foreign` FOREIGN KEY (`client_id`) REFERENCES `persons` (`id`),
  CONSTRAINT `person_relationeds_cliente_relationed_id_foreign` FOREIGN KEY (`cliente_relationed_id`) REFERENCES `persons` (`id`),
  CONSTRAINT `person_relationeds_person_id_foreign` FOREIGN KEY (`person_id`) REFERENCES `persons` (`id`)
) ENGINE=InnoDB DEFAULT CHARSET=utf8mb4 COLLATE=utf8mb4_unicode_ci;

--
-- Dumping data for table `person_relationeds`
--


--
-- Table structure for table `person_types`
--

CREATE TABLE `person_types` (
  `id` int(10) unsigned NOT NULL AUTO_INCREMENT,
  `user_id` int(10) unsigned DEFAULT NULL,
  `description` varchar(180) COLLATE utf8mb4_unicode_ci NOT NULL,
  `created_at` timestamp NULL DEFAULT NULL,
  `updated_at` timestamp NULL DEFAULT NULL,
  `deleted_at` timestamp NULL DEFAULT NULL,
  PRIMARY KEY (`id`),
  UNIQUE KEY `person_types_description_unique` (`description`)
) ENGINE=InnoDB AUTO_INCREMENT=3 DEFAULT CHARSET=utf8mb4 COLLATE=utf8mb4_unicode_ci;

--
-- Dumping data for table `person_types`
--

INSERT INTO `person_types` VALUES (1,NULL,'Persona Humana',NULL,NULL,NULL),(2,NULL,'Persona Juridica',NULL,NULL,NULL);

--
-- Table structure for table `person_zone_actividad`
--

CREATE TABLE `person_zone_actividad` (
  `id` int(10) unsigned NOT NULL AUTO_INCREMENT,
  `user_id` int(10) unsigned DEFAULT NULL,
  `person_id` int(10) unsigned NOT NULL,
  `zone_id` int(10) unsigned NOT NULL,
  `actividad_id` int(10) unsigned NOT NULL,
  `calculo_iibb` int(11) NOT NULL,
  `coef` decimal(16,5) NOT NULL DEFAULT '0.00000',
  `alicuota` decimal(16,5) NOT NULL DEFAULT '0.00000',
  `cm_articulo_regimen_id` int(10) unsigned NOT NULL DEFAULT '1',
  `habilitado` tinyint(1) NOT NULL DEFAULT '1',
  `created_at` timestamp NULL DEFAULT NULL,
  `updated_at` timestamp NULL DEFAULT NULL,
  `deleted_at` timestamp NULL DEFAULT NULL,
  PRIMARY KEY (`id`),
  KEY `person_zone_actividad_person_id_foreign` (`person_id`),
  KEY `person_zone_actividad_zone_id_foreign` (`zone_id`),
  KEY `person_zone_actividad_actividad_id_foreign` (`actividad_id`),
  KEY `person_zone_actividad_cm_articulo_regimen_id_foreign` (`cm_articulo_regimen_id`),
  CONSTRAINT `person_zone_actividad_actividad_id_foreign` FOREIGN KEY (`actividad_id`) REFERENCES `activities` (`id`),
  CONSTRAINT `person_zone_actividad_cm_articulo_regimen_id_foreign` FOREIGN KEY (`cm_articulo_regimen_id`) REFERENCES `cm_articulos_regimenes` (`id`),
  CONSTRAINT `person_zone_actividad_person_id_foreign` FOREIGN KEY (`person_id`) REFERENCES `persons` (`id`),
  CONSTRAINT `person_zone_actividad_zone_id_foreign` FOREIGN KEY (`zone_id`) REFERENCES `zones` (`id`)
) ENGINE=InnoDB AUTO_INCREMENT=5 DEFAULT CHARSET=utf8mb4 COLLATE=utf8mb4_unicode_ci;

--
-- Dumping data for table `person_zone_actividad`
--

INSERT INTO `person_zone_actividad` VALUES (1,7272,40720,22,568,1,0.00000,0.00000,1,1,'2022-07-04 13:53:04','2022-07-04 13:53:04',NULL),(3,7272,40722,22,653,1,0.00000,0.00000,1,1,'2022-07-05 22:15:18','2022-07-05 22:15:18',NULL),(4,7272,40740,22,904,1,0.00000,0.00000,1,1,'2022-07-06 01:01:27','2022-07-06 01:01:27',NULL);

--
-- Table structure for table `person_zones`
--

CREATE TABLE `person_zones` (
  `id` int(10) unsigned NOT NULL AUTO_INCREMENT,
  `user_id` int(10) unsigned DEFAULT NULL,
  `sifere_coef` decimal(8,4) NOT NULL DEFAULT '0.0000',
  `iibb_aliquot` decimal(8,4) NOT NULL DEFAULT '0.0000',
  `zone_id` int(10) unsigned NOT NULL,
  `is_principal` tinyint(1) NOT NULL DEFAULT '0',
  `iibb_perception_id` int(10) unsigned DEFAULT NULL,
  `retention_id` int(10) unsigned DEFAULT NULL,
  `activity_id` int(10) unsigned DEFAULT NULL,
  `created_at` timestamp NULL DEFAULT NULL,
  `updated_at` timestamp NULL DEFAULT NULL,
  `person_id` int(10) unsigned NOT NULL,
  `deleted_at` timestamp NULL DEFAULT NULL,
  PRIMARY KEY (`id`),
  KEY `person_zones_zone_id_foreign` (`zone_id`),
  KEY `person_zones_person_id_foreign` (`person_id`),
  CONSTRAINT `person_zones_person_id_foreign` FOREIGN KEY (`person_id`) REFERENCES `persons` (`id`),
  CONSTRAINT `person_zones_zone_id_foreign` FOREIGN KEY (`zone_id`) REFERENCES `zones` (`id`)
) ENGINE=InnoDB AUTO_INCREMENT=6 DEFAULT CHARSET=utf8mb4 COLLATE=utf8mb4_unicode_ci;

--
-- Dumping data for table `person_zones`
--

INSERT INTO `person_zones` VALUES (1,1,0.0000,0.0000,22,0,NULL,NULL,NULL,'2022-05-26 17:36:31','2022-05-26 17:36:31',40719,NULL),(2,7272,0.0000,0.0000,22,1,NULL,NULL,NULL,'2022-07-04 13:53:04','2022-07-04 13:53:04',40720,NULL),(4,7272,0.0000,0.0000,22,1,NULL,NULL,NULL,'2022-07-05 22:15:18','2022-07-05 22:15:18',40722,NULL),(5,7272,0.0000,0.0000,22,1,NULL,NULL,NULL,'2022-07-06 01:01:27','2022-07-06 01:01:27',40740,NULL);

--
-- Table structure for table `persons`
--

CREATE TABLE `persons` (
  `id` int(10) unsigned NOT NULL AUTO_INCREMENT,
  `user_id` int(10) unsigned DEFAULT NULL,
  `field_name1` varchar(255) COLLATE utf8mb4_unicode_ci NOT NULL,
  `fantasy_name` text COLLATE utf8mb4_unicode_ci,
  `codigo` varchar(191) COLLATE utf8mb4_unicode_ci DEFAULT NULL,
  `field_name2` varchar(255) COLLATE utf8mb4_unicode_ci DEFAULT NULL,
  `document_type` varchar(10) COLLATE utf8mb4_unicode_ci NOT NULL,
  `document` varchar(30) COLLATE utf8mb4_unicode_ci NOT NULL,
  `cond_frente_al_iva_id` int(10) unsigned DEFAULT NULL,
  `country_id` int(10) unsigned DEFAULT NULL,
  `state_id` int(10) unsigned DEFAULT NULL,
  `zone_id` int(10) unsigned DEFAULT NULL,
  `plan_cuenta_id` int(10) unsigned DEFAULT NULL,
  `iva_creditos_tipo_id` int(10) unsigned DEFAULT NULL,
  `created_at` timestamp NULL DEFAULT NULL,
  `updated_at` timestamp NULL DEFAULT NULL,
  `activity_id` int(10) unsigned DEFAULT NULL,
  `address` varchar(500) COLLATE utf8mb4_unicode_ci DEFAULT NULL,
  `localidad_id` int(10) unsigned DEFAULT NULL,
  `person_type_id` int(10) unsigned DEFAULT NULL,
  `fa_iva_condition_id` int(10) unsigned DEFAULT NULL,
  `fa_codigo_postal` varchar(180) COLLATE utf8mb4_unicode_ci DEFAULT NULL,
  `comentario` longtext COLLATE utf8mb4_unicode_ci,
  `email` varchar(180) COLLATE utf8mb4_unicode_ci DEFAULT NULL,
  `deleted_at` timestamp NULL DEFAULT NULL,
  PRIMARY KEY (`id`),
  UNIQUE KEY `document_UNIQUE` (`document`),
  KEY `persons_zone_id_foreign` (`zone_id`),
  KEY `persons_person_type_id_foreign` (`person_type_id`),
  KEY `persons_plan_cuenta_id_foreign` (`plan_cuenta_id`),
  KEY `persons_iva_creditos_tipo_id_foreign` (`iva_creditos_tipo_id`),
  KEY `persons_cond_frente_al_iva_id_foreign` (`cond_frente_al_iva_id`),
  KEY `persons_localidad_id_foreign` (`localidad_id`),
  CONSTRAINT `persons_cond_frente_al_iva_id_foreign` FOREIGN KEY (`cond_frente_al_iva_id`) REFERENCES `condicion_frente_al_iva` (`id`),
  CONSTRAINT `persons_iva_creditos_tipo_id_foreign` FOREIGN KEY (`iva_creditos_tipo_id`) REFERENCES `iva_creditos_tipos` (`id`),
  CONSTRAINT `persons_localidad_id_foreign` FOREIGN KEY (`localidad_id`) REFERENCES `localidad` (`id`),
  CONSTRAINT `persons_person_type_id_foreign` FOREIGN KEY (`person_type_id`) REFERENCES `person_types` (`id`),
  CONSTRAINT `persons_plan_cuenta_id_foreign` FOREIGN KEY (`plan_cuenta_id`) REFERENCES `conta_plan_cuenta` (`id`),
  CONSTRAINT `persons_zone_id_foreign` FOREIGN KEY (`zone_id`) REFERENCES `zones` (`id`)
) ENGINE=InnoDB AUTO_INCREMENT=40813 DEFAULT CHARSET=utf8mb4 COLLATE=utf8mb4_unicode_ci;

--
-- Dumping data for table `persons`
--

INSERT INTO `persons` VALUES (3,NULL,'Larzabal Hernan',NULL,'3',NULL,'cuit','20-28468190-9',NULL,NULL,22,22,NULL,NULL,'2018-05-12 20:55:07','2018-05-14 01:54:15',1,NULL,NULL,1,NULL,NULL,NULL,NULL,NULL),(40717,NULL,'Taxes Software',NULL,'40717',NULL,'cuit','30-71625124-8',NULL,NULL,22,22,NULL,NULL,NULL,NULL,NULL,NULL,NULL,2,NULL,NULL,NULL,NULL,NULL),(40718,NULL,'Consumidor Final',NULL,'40718',NULL,'cuit','20-11111111-2',NULL,NULL,22,22,NULL,NULL,NULL,NULL,NULL,NULL,NULL,NULL,NULL,NULL,NULL,NULL,NULL),(40719,1,'Vidal Carlos  Manuel',NULL,'40719',NULL,'cuit','20-07710737-2',NULL,NULL,NULL,NULL,NULL,NULL,'2022-05-26 23:36:01','2022-05-26 23:36:01',NULL,NULL,NULL,NULL,NULL,NULL,NULL,NULL,NULL),(40720,7272,'TRUONG MAY DUNG',NULL,'40720',NULL,'cuit','27-18749519-4',NULL,NULL,NULL,NULL,NULL,NULL,'2022-07-04 13:53:04','2022-07-04 13:53:04',NULL,'VEGA NICETO 5913',NULL,1,NULL,NULL,NULL,NULL,NULL),(40721,7272,'consumidor final',NULL,'40721',NULL,'cuit','00-00000000-0',5,NULL,22,22,NULL,9,'2022-07-05 17:38:28','2022-07-05 17:38:28',NULL,'caba',NULL,1,NULL,NULL,NULL,NULL,NULL),(40722,7272,'RICARDO EUGENIO ROISMAN',NULL,'40722',NULL,'cuit','20-10127972-4',NULL,NULL,NULL,NULL,NULL,NULL,'2022-07-05 22:14:28','2022-07-05 22:14:28',NULL,'MORENO DR MARIANO 2356',NULL,1,NULL,NULL,NULL,NULL,NULL),(40723,7272,'VEOLIA SERVICIOS Y GESTION DE ENERGIA ARGENTINA S.A.U',NULL,'40723',NULL,'cuit','30-57351847-7',NULL,NULL,NULL,NULL,NULL,NULL,'2022-07-05 22:59:23','2022-07-05 22:59:23',NULL,NULL,NULL,NULL,NULL,NULL,NULL,NULL,NULL),(40724,7272,'NSS SA',NULL,'40724',NULL,'cuit','30-70265297-5',NULL,NULL,NULL,NULL,NULL,NULL,'2022-07-05 22:59:23','2022-07-05 22:59:23',NULL,NULL,NULL,NULL,NULL,NULL,NULL,NULL,NULL),(40725,7272,'BANCO INDUSTRIAL SOCIEDAD ANONIMA',NULL,'40725',NULL,'cuit','30-68502995-9',NULL,NULL,NULL,NULL,NULL,NULL,'2022-07-05 22:59:23','2022-07-05 22:59:23',NULL,NULL,NULL,NULL,NULL,NULL,NULL,NULL,NULL),(40726,7272,'COTO CENTRO INTEGRAL DE COMERCIALIZACION SOCIEDAD ANONIMA',NULL,'40726',NULL,'cuit','30-54808315-6',NULL,NULL,NULL,NULL,NULL,NULL,'2022-07-06 00:35:01','2022-07-06 00:35:01',NULL,NULL,NULL,NULL,NULL,NULL,NULL,NULL,NULL),(40727,7272,'DEHEZA SOCIEDAD ANONIMA INDUSTRIAL COMERCIAL FINANCIERA INMOBILIARIA',NULL,'40727',NULL,'cuit','30-51618667-0',NULL,NULL,NULL,NULL,NULL,NULL,'2022-07-06 00:35:01','2022-07-06 00:35:01',NULL,NULL,NULL,NULL,NULL,NULL,NULL,NULL,NULL),(40728,7272,'TELEFONICA MOVILES ARGENTINA SOCIEDAD ANONIMA',NULL,'40728',NULL,'cuit','30-67881435-7',NULL,NULL,NULL,NULL,NULL,NULL,'2022-07-06 00:35:01','2022-07-06 00:35:01',NULL,NULL,NULL,NULL,NULL,NULL,NULL,NULL,NULL),(40729,7272,'TELEFONICA DE ARGENTINA SA',NULL,'40729',NULL,'cuit','30-63945397-5',NULL,NULL,NULL,NULL,NULL,NULL,'2022-07-06 00:35:02','2022-07-06 00:35:02',NULL,NULL,NULL,NULL,NULL,NULL,NULL,NULL,NULL),(40730,7272,'DIA ARGENTINA S A',NULL,'40730',NULL,'cuit','30-68584975-1',NULL,NULL,NULL,NULL,NULL,NULL,'2022-07-06 00:35:02','2022-07-06 00:35:02',NULL,NULL,NULL,NULL,NULL,NULL,NULL,NULL,NULL),(40731,7272,'PRODUCTOS ELECTRONICOS SRL',NULL,'40731',NULL,'cuit','30-71487498-1',NULL,NULL,NULL,NULL,NULL,NULL,'2022-07-06 00:35:02','2022-07-06 00:35:02',NULL,NULL,NULL,NULL,NULL,NULL,NULL,NULL,NULL),(40732,7272,'INC  SOCIEDAD ANONIMA',NULL,'40732',NULL,'cuit','30-68731043-4',NULL,NULL,NULL,NULL,NULL,NULL,'2022-07-06 00:35:02','2022-07-06 00:35:02',NULL,NULL,NULL,NULL,NULL,NULL,NULL,NULL,NULL),(40733,7272,'TELECOM ARGENTINA SOCIEDAD ANONIMA',NULL,'40733',NULL,'cuit','30-63945373-8',NULL,NULL,NULL,NULL,NULL,NULL,'2022-07-06 00:35:02','2022-07-06 00:35:02',NULL,NULL,NULL,NULL,NULL,NULL,NULL,NULL,NULL),(40734,7272,'TRANSPORTES DARIO SRL',NULL,'40734',NULL,'cuit','30-69672981-2',NULL,NULL,NULL,NULL,NULL,NULL,'2022-07-06 00:35:02','2022-07-06 00:35:02',NULL,NULL,NULL,NULL,NULL,NULL,NULL,NULL,NULL),(40735,7272,'CENCOSUD S A',NULL,'40735',NULL,'cuit','30-59036076-3',NULL,NULL,NULL,NULL,NULL,NULL,'2022-07-06 00:35:02','2022-07-06 00:35:02',NULL,NULL,NULL,NULL,NULL,NULL,NULL,NULL,NULL);
INSERT INTO `persons` VALUES (40736,7272,'SANITARIOS MITRE S. R. L.',NULL,'40736',NULL,'cuit','30-71723626-9',NULL,NULL,NULL,NULL,NULL,NULL,'2022-07-06 00:35:03','2022-07-06 00:35:03',NULL,NULL,NULL,NULL,NULL,NULL,NULL,NULL,NULL),(40737,7272,'ELECTROLAND TECNOLOGIA S.R.L.',NULL,'40737',NULL,'cuit','30-71570583-0',NULL,NULL,NULL,NULL,NULL,NULL,'2022-07-06 00:35:03','2022-07-06 00:35:03',NULL,NULL,NULL,NULL,NULL,NULL,NULL,NULL,NULL),(40738,7272,'ANIKA SHOP S.R.L.',NULL,'40738',NULL,'cuit','30-71687791-0',NULL,NULL,NULL,NULL,NULL,NULL,'2022-07-06 00:35:03','2022-07-06 00:35:03',NULL,NULL,NULL,NULL,NULL,NULL,NULL,NULL,NULL),(40739,7272,'GOOGLE ARGENTINA S.R.L.',NULL,'40739',NULL,'cuit','33-70958522-9',NULL,NULL,NULL,NULL,NULL,NULL,'2022-07-06 00:35:03','2022-07-06 00:35:03',NULL,NULL,NULL,NULL,NULL,NULL,NULL,NULL,NULL),(40740,7272,'ALBERTO PAMPIN',NULL,'40740',NULL,'cuit','20-14223533-2',NULL,NULL,NULL,NULL,NULL,NULL,'2022-07-06 01:01:27','2022-07-06 01:01:27',NULL,'RICARDO ROJAS 4535',NULL,1,NULL,NULL,NULL,NULL,NULL),(40741,7272,'BESAGONILL CARLOS RUBEN',NULL,'40741',NULL,'cuit','20-14983297-2',NULL,NULL,NULL,NULL,NULL,NULL,'2022-07-06 01:03:37','2022-07-06 01:03:37',NULL,NULL,NULL,NULL,NULL,NULL,NULL,NULL,NULL),(40742,7272,'FARMCITY SA',NULL,'40742',NULL,'cuit','30-69213874-7',NULL,NULL,NULL,NULL,NULL,NULL,'2022-07-06 01:03:37','2022-07-06 01:03:37',NULL,NULL,NULL,NULL,NULL,NULL,NULL,NULL,NULL),(40743,7272,'ALVAREZ GUSTAVO ADOLFO',NULL,'40743',NULL,'cuit','20-10795335-4',NULL,NULL,NULL,NULL,NULL,NULL,'2022-07-06 01:03:37','2022-07-06 01:03:37',NULL,NULL,NULL,NULL,NULL,NULL,NULL,NULL,NULL),(40744,7272,'DISTRIBUIDORA SUR SOCIEDAD DE RESPONSABILIDAD LIMITADA',NULL,'40744',NULL,'cuit','30-56230303-7',NULL,NULL,NULL,NULL,NULL,NULL,'2022-07-06 01:03:37','2022-07-06 01:03:37',NULL,NULL,NULL,NULL,NULL,NULL,NULL,NULL,NULL),(40745,7272,'SKANMAD S.R.L.',NULL,'40745',NULL,'cuit','30-70820328-5',NULL,NULL,NULL,NULL,NULL,NULL,'2022-07-06 01:03:37','2022-07-06 01:03:37',NULL,NULL,NULL,NULL,NULL,NULL,NULL,NULL,NULL),(40746,7272,'LIBERTAD 431 S.R.L.',NULL,'40746',NULL,'cuit','30-58462700-6',NULL,NULL,NULL,NULL,NULL,NULL,'2022-07-06 01:03:37','2022-07-06 01:03:37',NULL,NULL,NULL,NULL,NULL,NULL,NULL,NULL,NULL),(40747,7272,'CRISTOBAL COLON S R L',NULL,'40747',NULL,'cuit','30-63414402-8',NULL,NULL,NULL,NULL,NULL,NULL,'2022-07-06 01:03:37','2022-07-06 01:03:37',NULL,NULL,NULL,NULL,NULL,NULL,NULL,NULL,NULL),(40748,7272,'POLO ARIEL EDGARDO',NULL,'40748',NULL,'cuit','20-27745535-9',NULL,NULL,NULL,NULL,NULL,NULL,'2022-07-06 01:03:37','2022-07-06 01:03:37',NULL,NULL,NULL,NULL,NULL,NULL,NULL,NULL,NULL),(40749,7272,'REINTGEN WALTER HERNAN',NULL,'40749',NULL,'cuit','20-31940949-2',NULL,NULL,NULL,NULL,NULL,NULL,'2022-07-06 01:03:37','2022-07-06 01:03:37',NULL,NULL,NULL,NULL,NULL,NULL,NULL,NULL,NULL),(40750,7272,'ROSSI SEBASTIAN',NULL,'40750',NULL,'cuit','20-25704684-3',NULL,NULL,NULL,NULL,NULL,NULL,'2022-07-06 01:03:37','2022-07-06 01:03:37',NULL,NULL,NULL,NULL,NULL,NULL,NULL,NULL,NULL),(40751,7272,'D LED SOCIEDAD DE HECHO DE DIEGO NICOLAS BARSKY Y DAMIAN DANEL SPIVAK',NULL,'40751',NULL,'cuit','30-71073084-5',NULL,NULL,NULL,NULL,NULL,NULL,'2022-07-06 01:03:37','2022-07-06 01:03:37',NULL,NULL,NULL,NULL,NULL,NULL,NULL,NULL,NULL),(40752,7272,'VISION 101 S.A.',NULL,'40752',NULL,'cuit','30-70864841-4',NULL,NULL,NULL,NULL,NULL,NULL,'2022-07-06 01:03:37','2022-07-06 01:03:37',NULL,NULL,NULL,NULL,NULL,NULL,NULL,NULL,NULL),(40753,7272,'BRUNO CAMILA ANA LUCIA',NULL,'40753',NULL,'cuit','27-05658427-2',NULL,NULL,NULL,NULL,NULL,NULL,'2022-07-06 01:03:38','2022-07-06 01:03:38',NULL,NULL,NULL,NULL,NULL,NULL,NULL,NULL,NULL),(40754,7272,'SERVICIOS GASTRONOMICOS CAPASSO SRL',NULL,'40754',NULL,'cuit','30-71607564-4',NULL,NULL,NULL,NULL,NULL,NULL,'2022-07-06 01:03:38','2022-07-06 01:03:38',NULL,NULL,NULL,NULL,NULL,NULL,NULL,NULL,NULL),(40755,7272,'FERNANDEZ RAMOS ALEJANDRO RUBEN',NULL,'40755',NULL,'cuit','20-16521284-4',NULL,NULL,NULL,NULL,NULL,NULL,'2022-07-06 01:03:38','2022-07-06 01:03:38',NULL,NULL,NULL,NULL,NULL,NULL,NULL,NULL,NULL);
INSERT INTO `persons` VALUES (40756,7272,'HI1208 S.R.L.',NULL,'40756',NULL,'cuit','30-71673857-0',NULL,NULL,NULL,NULL,NULL,NULL,'2022-07-06 01:03:38','2022-07-06 01:03:38',NULL,NULL,NULL,NULL,NULL,NULL,NULL,NULL,NULL),(40757,7272,'NOBS S.A.',NULL,'40757',NULL,'cuit','30-71221568-9',NULL,NULL,NULL,NULL,NULL,NULL,'2022-07-06 01:03:38','2022-07-06 01:03:38',NULL,NULL,NULL,NULL,NULL,NULL,NULL,NULL,NULL),(40758,7272,'AMWAY ARGENTINA INC',NULL,'40758',NULL,'cuit','30-65615148-6',NULL,NULL,NULL,NULL,NULL,NULL,'2022-07-06 01:03:38','2022-07-06 01:03:38',NULL,NULL,NULL,NULL,NULL,NULL,NULL,NULL,NULL),(40759,7272,'CORREDORES VIALES SOCIEDAD ANONIMA',NULL,'40759',NULL,'cuit','30-71580481-2',NULL,NULL,NULL,NULL,NULL,NULL,'2022-07-06 01:03:38','2022-07-06 01:03:38',NULL,NULL,NULL,NULL,NULL,NULL,NULL,NULL,NULL),(40760,7272,'MONNI OSVALDO HECTOR',NULL,'40760',NULL,'cuit','20-16280430-9',NULL,NULL,NULL,NULL,NULL,NULL,'2022-07-06 01:03:38','2022-07-06 01:03:38',NULL,NULL,NULL,NULL,NULL,NULL,NULL,NULL,NULL),(40761,7272,'MAREK TRISTAN',NULL,'40761',NULL,'cuit','20-23454438-2',NULL,NULL,NULL,NULL,NULL,NULL,'2022-07-06 01:03:38','2022-07-06 01:03:38',NULL,NULL,NULL,NULL,NULL,NULL,NULL,NULL,NULL),(40762,7272,'PERTEAGUDO JEREMIAS',NULL,'40762',NULL,'cuit','20-36949404-0',NULL,NULL,NULL,NULL,NULL,NULL,'2022-07-06 01:03:38','2022-07-06 01:03:38',NULL,NULL,NULL,NULL,NULL,NULL,NULL,NULL,NULL),(40763,7272,'PAPELITO SRL',NULL,'40763',NULL,'cuit','30-71315420-9',NULL,NULL,NULL,NULL,NULL,NULL,'2022-07-06 01:03:38','2022-07-06 01:03:38',NULL,NULL,NULL,NULL,NULL,NULL,NULL,NULL,NULL),(40764,7272,'MEDIO ORIENTE SOCIEDAD DE RESPONSABILIDAD LIMITADA',NULL,'40764',NULL,'cuit','30-54849626-4',NULL,NULL,NULL,NULL,NULL,NULL,'2022-07-06 01:03:38','2022-07-06 01:03:38',NULL,NULL,NULL,NULL,NULL,NULL,NULL,NULL,NULL),(40765,7272,'GNC RIO CARCARAÑA S R L',NULL,'40765',NULL,'cuit','30-70701433-0',NULL,NULL,NULL,NULL,NULL,NULL,'2022-07-06 01:03:38','2022-07-06 01:03:38',NULL,NULL,NULL,NULL,NULL,NULL,NULL,NULL,NULL),(40766,7272,'PAN AMERICAN ENERGY, S.L.,  SUCURSAL ARGENTINA',NULL,'40766',NULL,'cuit','30-69554247-6',1,NULL,22,22,NULL,NULL,'2022-07-06 01:13:46','2022-07-06 01:13:46',NULL,'ALEM LEANDRO N. 1180 P9',NULL,2,NULL,NULL,NULL,NULL,NULL),(40767,7272,'ZABALETA Y MONTA#O SOCIEDAD DE HECHO',NULL,'40767',NULL,'cuit','30-54409402-1',1,NULL,18,18,NULL,NULL,'2022-07-06 01:14:31','2022-07-06 01:14:31',NULL,'J B ALBERDI Y RIVADA SN',NULL,2,NULL,NULL,NULL,NULL,NULL),(40768,7272,'CRITERIOS INFORMATICOS S.R.L.',NULL,'40768',NULL,'cuit','30-70747092-1',1,NULL,22,22,NULL,NULL,'2022-07-06 01:19:52','2022-07-06 01:19:52',NULL,'FLORIDA 537 Piso:1 Dpto:460',NULL,2,NULL,NULL,NULL,NULL,NULL),(40769,7272,'RONALDO DISTRIBUCION DE ALIMENTOS S.R.L',NULL,'40769',NULL,'cuit','30-71444917-2',NULL,NULL,NULL,NULL,NULL,NULL,'2022-07-11 19:51:47','2022-07-11 19:51:47',NULL,NULL,NULL,NULL,NULL,NULL,NULL,NULL,NULL),(40770,7272,'LOGISTICA LA SERENISIMA SA',NULL,'40770',NULL,'cuit','30-70721038-5',NULL,NULL,NULL,NULL,NULL,NULL,'2022-07-11 19:51:47','2022-07-11 19:51:47',NULL,NULL,NULL,NULL,NULL,NULL,NULL,NULL,NULL),(40771,7272,'ANSELMI ELISER EDMUNDO',NULL,'40771',NULL,'cuit','20-13781518-5',NULL,NULL,NULL,NULL,NULL,NULL,'2022-07-11 19:51:47','2022-07-11 19:51:47',NULL,NULL,NULL,NULL,NULL,NULL,NULL,NULL,NULL),(40772,7272,'AGUIRRE RICARDO ALBERTO',NULL,'40772',NULL,'cuit','20-14204436-7',NULL,NULL,NULL,NULL,NULL,NULL,'2022-07-11 19:51:47','2022-07-11 19:51:47',NULL,NULL,NULL,NULL,NULL,NULL,NULL,NULL,NULL),(40773,7272,'CIA INDUSTRIAL CERVECERA S A',NULL,'40773',NULL,'cuit','30-50577985-8',NULL,NULL,NULL,NULL,NULL,NULL,'2022-07-11 19:51:47','2022-07-11 19:51:47',NULL,NULL,NULL,NULL,NULL,NULL,NULL,NULL,NULL),(40774,7272,'CERVECERIA Y MALTERIA QUILMES SAICA Y G',NULL,'40774',NULL,'cuit','33-50835825-9',NULL,NULL,NULL,NULL,NULL,NULL,'2022-07-11 19:51:47','2022-07-11 19:51:47',NULL,NULL,NULL,NULL,NULL,NULL,NULL,NULL,NULL);
INSERT INTO `persons` VALUES (40775,7272,'BRANCOR S.R.L.',NULL,'40775',NULL,'cuit','30-71724386-9',NULL,NULL,NULL,NULL,NULL,NULL,'2022-07-11 19:51:47','2022-07-11 19:51:47',NULL,NULL,NULL,NULL,NULL,NULL,NULL,NULL,NULL),(40776,7272,'EL CARMEN SA',NULL,'40776',NULL,'cuit','30-51456241-1',NULL,NULL,NULL,NULL,NULL,NULL,'2022-07-11 19:51:47','2022-07-11 19:51:47',NULL,NULL,NULL,NULL,NULL,NULL,NULL,NULL,NULL),(40777,7272,'SANCOR COOPERATIVAS UNIDAS LIMITADA',NULL,'40777',NULL,'cuit','30-50167764-3',NULL,NULL,NULL,NULL,NULL,NULL,'2022-07-11 19:51:47','2022-07-11 19:51:47',NULL,NULL,NULL,NULL,NULL,NULL,NULL,NULL,NULL),(40778,7272,'AGUAS DANONE DE ARGENTINA SOCIEDAD ANONIMA',NULL,'40778',NULL,'cuit','30-51705022-5',NULL,NULL,NULL,NULL,NULL,NULL,'2022-07-11 19:51:47','2022-07-11 19:51:47',NULL,NULL,NULL,NULL,NULL,NULL,NULL,NULL,NULL),(40779,7272,'DISTRIBUIDORA LA PREFERIDA S.R.L.',NULL,'40779',NULL,'cuit','30-71084467-0',NULL,NULL,NULL,NULL,NULL,NULL,'2022-07-11 19:51:47','2022-07-11 19:51:47',NULL,NULL,NULL,NULL,NULL,NULL,NULL,NULL,NULL),(40780,7272,'COCA COLA FEMSA DE BUENOS AIRES S A',NULL,'40780',NULL,'cuit','30-52539008-6',NULL,NULL,NULL,NULL,NULL,NULL,'2022-07-11 19:51:47','2022-07-11 19:51:47',NULL,NULL,NULL,NULL,NULL,NULL,NULL,NULL,NULL),(40781,7272,'BAIRES DISTRIBUTION CENTER S.A.S.',NULL,'40781',NULL,'cuit','30-71723901-2',NULL,NULL,NULL,NULL,NULL,NULL,'2022-07-11 19:51:47','2022-07-11 19:51:47',NULL,NULL,NULL,NULL,NULL,NULL,NULL,NULL,NULL),(40782,7272,'ONCE KIOSCOS SERVICE SRL',NULL,'40782',NULL,'cuit','30-71109324-5',NULL,NULL,NULL,NULL,NULL,NULL,'2022-07-11 19:51:47','2022-07-11 19:51:47',NULL,NULL,NULL,NULL,NULL,NULL,NULL,NULL,NULL),(40783,7272,'GBRANDS GROUP S.A.',NULL,'40783',NULL,'cuit','30-71500366-6',NULL,NULL,NULL,NULL,NULL,NULL,'2022-07-11 19:51:48','2022-07-11 19:51:48',NULL,NULL,NULL,NULL,NULL,NULL,NULL,NULL,NULL),(40784,7272,'DISTRIBUIDORA PANDA S.A.',NULL,'40784',NULL,'cuit','30-71599858-7',NULL,NULL,NULL,NULL,NULL,NULL,'2022-07-11 19:51:48','2022-07-11 19:51:48',NULL,NULL,NULL,NULL,NULL,NULL,NULL,NULL,NULL),(40785,7272,'CARYMAX S.A.S.',NULL,'40785',NULL,'cuit','33-71613778-9',NULL,NULL,NULL,NULL,NULL,NULL,'2022-07-11 19:51:48','2022-07-11 19:51:48',NULL,NULL,NULL,NULL,NULL,NULL,NULL,NULL,NULL),(40786,7272,'SOVIJO SA',NULL,'40786',NULL,'cuit','30-71591842-7',NULL,NULL,NULL,NULL,NULL,NULL,'2022-07-11 19:51:48','2022-07-11 19:51:48',NULL,NULL,NULL,NULL,NULL,NULL,NULL,NULL,NULL),(40787,7272,'CAVIGO S.R.L.',NULL,'40787',NULL,'cuit','33-71743656-9',NULL,NULL,NULL,NULL,NULL,NULL,'2022-07-11 19:51:48','2022-07-11 19:51:48',NULL,NULL,NULL,NULL,NULL,NULL,NULL,NULL,NULL),(40788,7272,'ASOCIACION ARGENTINA DE LOS ADVENTISTAS DEL SEPTIMO DIA',NULL,'40788',NULL,'cuit','30-50097401-6',NULL,NULL,NULL,NULL,NULL,NULL,'2022-07-11 19:51:48','2022-07-11 19:51:48',NULL,NULL,NULL,NULL,NULL,NULL,NULL,NULL,NULL),(40789,7272,'GARDENAL CARLOS HECTOR',NULL,'40789',NULL,'cuit','20-26472663-9',NULL,NULL,NULL,NULL,NULL,NULL,'2022-07-11 19:51:48','2022-07-11 19:51:48',NULL,NULL,NULL,NULL,NULL,NULL,NULL,NULL,NULL),(40790,7272,'AUTOPISTAS URBANAS S A',NULL,'40790',NULL,'cuit','30-57487647-4',NULL,NULL,NULL,NULL,NULL,NULL,'2022-07-11 19:51:48','2022-07-11 19:51:48',NULL,NULL,NULL,NULL,NULL,NULL,NULL,NULL,NULL),(40791,7272,'BODEGAS Y VIÑEDOS LOPEZ S A I Y C',NULL,'40791',NULL,'cuit','30-55033224-4',NULL,NULL,NULL,NULL,NULL,NULL,'2022-07-11 19:51:49','2022-07-11 19:51:49',NULL,NULL,NULL,NULL,NULL,NULL,NULL,NULL,NULL),(40792,7272,'UNIKARD S.A.',NULL,'40792',NULL,'cuit','30-71215720-4',NULL,NULL,NULL,NULL,NULL,NULL,'2022-07-11 19:51:49','2022-07-11 19:51:49',NULL,NULL,NULL,NULL,NULL,NULL,NULL,NULL,NULL),(40793,7272,'PASINI JUAN BAUTISTA',NULL,'40793',NULL,'cuit','20-07699710-2',NULL,NULL,NULL,NULL,NULL,NULL,'2022-07-11 21:23:24','2022-07-11 21:23:24',NULL,NULL,NULL,NULL,NULL,NULL,NULL,NULL,NULL),(40794,7272,'VALLEJOS CESAR GERARDO',NULL,'40794',NULL,'cuit','20-11879658-7',NULL,NULL,NULL,NULL,NULL,NULL,'2022-07-11 21:23:24','2022-07-11 21:23:24',NULL,NULL,NULL,NULL,NULL,NULL,NULL,NULL,NULL);
INSERT INTO `persons` VALUES (40795,7272,'CAFES LA VIRGINIA S A',NULL,'40795',NULL,'cuit','30-50107713-1',NULL,NULL,NULL,NULL,NULL,NULL,'2022-07-11 21:23:24','2022-07-11 21:23:24',NULL,NULL,NULL,NULL,NULL,NULL,NULL,NULL,NULL),(40796,7272,'AUTOPISTAS DEL SOL S A',NULL,'40796',NULL,'cuit','30-67723711-9',NULL,NULL,NULL,NULL,NULL,NULL,'2022-07-11 21:23:25','2022-07-11 21:23:25',NULL,NULL,NULL,NULL,NULL,NULL,NULL,NULL,NULL),(40797,7272,'FERNANDEZ JORGELINA ALEJANDRA',NULL,'40797',NULL,'cuit','27-20729755-6',NULL,NULL,NULL,NULL,NULL,NULL,'2022-07-11 21:23:26','2022-07-11 21:23:26',NULL,NULL,NULL,NULL,NULL,NULL,NULL,NULL,NULL),(40798,7272,'DISTRI HOUSE DRINK',NULL,'40798',NULL,'cuit','30-71651509-1',1,NULL,23,23,5,1,'2022-07-12 16:09:17','2022-07-12 16:09:17',NULL,'CROVARA 3801',NULL,2,NULL,NULL,NULL,NULL,NULL),(40799,7272,'GASTRONOMIA GONZALEZ SRL.',NULL,'40799',NULL,'cuit','30-71626051-4',NULL,NULL,NULL,NULL,NULL,NULL,'2022-07-14 17:36:39','2022-07-14 17:36:39',NULL,NULL,NULL,NULL,NULL,NULL,NULL,NULL,NULL),(40800,7272,'CORTES FLORENCIA',NULL,'40800',NULL,'cuit','27-23086575-8',NULL,NULL,NULL,NULL,NULL,NULL,'2022-07-14 17:36:39','2022-07-14 17:36:39',NULL,NULL,NULL,NULL,NULL,NULL,NULL,NULL,NULL),(40801,7272,'IMPIERI, PIÑEIRO, RIZZO Y ASOC S.A.',NULL,'40801',NULL,'cuit','30-71228904-6',NULL,NULL,NULL,NULL,NULL,NULL,'2022-07-14 17:36:39','2022-07-14 17:36:39',NULL,NULL,NULL,NULL,NULL,NULL,NULL,NULL,NULL),(40802,7272,'SANITARIOS TH SA',NULL,'40802',NULL,'cuit','30-71537994-1',NULL,NULL,NULL,NULL,NULL,NULL,'2022-07-14 17:36:39','2022-07-14 17:36:39',NULL,NULL,NULL,NULL,NULL,NULL,NULL,NULL,NULL),(40803,7272,'MOMA FOOD S.R.L.',NULL,'40803',NULL,'cuit','30-71238739-0',NULL,NULL,NULL,NULL,NULL,NULL,'2022-07-14 17:36:39','2022-07-14 17:36:39',NULL,NULL,NULL,NULL,NULL,NULL,NULL,NULL,NULL),(40804,7272,'TRIPODORO NELIDA ALEJANDRA',NULL,'40804',NULL,'cuit','27-16386996-4',NULL,NULL,NULL,NULL,NULL,NULL,'2022-07-14 17:36:40','2022-07-14 17:36:40',NULL,NULL,NULL,NULL,NULL,NULL,NULL,NULL,NULL),(40805,7272,'RIOS AR SOCIEDAD ANONIMA',NULL,'40805',NULL,'cuit','30-60067869-4',NULL,NULL,NULL,NULL,NULL,NULL,'2022-07-14 20:58:44','2022-07-14 20:58:44',NULL,NULL,NULL,NULL,NULL,NULL,NULL,NULL,NULL),(40806,7272,'OPERADORA DE ESTACIONES DE SERVICIOS SA',NULL,'40806',NULL,'cuit','30-67877449-5',NULL,NULL,NULL,NULL,NULL,NULL,'2022-07-14 20:58:44','2022-07-14 20:58:44',NULL,NULL,NULL,NULL,NULL,NULL,NULL,NULL,NULL),(40807,7272,'PEREYRA RICARDO ALEJANDRO',NULL,'40807',NULL,'cuit','20-35373599-4',NULL,NULL,NULL,NULL,NULL,NULL,'2022-07-14 20:58:44','2022-07-14 20:58:44',NULL,NULL,NULL,NULL,NULL,NULL,NULL,NULL,NULL),(40808,7272,'KAZU S.R.L',NULL,'40808',NULL,'cuit','33-70714465-9',NULL,NULL,NULL,NULL,NULL,NULL,'2022-07-14 20:58:44','2022-07-14 20:58:44',NULL,NULL,NULL,NULL,NULL,NULL,NULL,NULL,NULL),(40809,7272,'TRAVEL AND SERVICES SRL',NULL,'40809',NULL,'cuit','30-71444131-7',NULL,NULL,NULL,NULL,NULL,NULL,'2022-07-14 20:58:44','2022-07-14 20:58:44',NULL,NULL,NULL,NULL,NULL,NULL,NULL,NULL,NULL),(40810,7272,'MINISTERIO DE CULTURA',NULL,'40810',NULL,'cuit','30-68727651-1',NULL,NULL,NULL,NULL,NULL,NULL,'2022-07-14 21:01:58','2022-07-14 21:01:58',NULL,NULL,NULL,NULL,NULL,NULL,NULL,NULL,NULL),(40811,7272,'\"FUNDACION GALICIA- AMERICA\"',NULL,'40811',NULL,'cuit','30-69373846-2',NULL,NULL,NULL,NULL,NULL,NULL,'2022-07-14 21:01:58','2022-07-14 21:01:58',NULL,NULL,NULL,NULL,NULL,NULL,NULL,NULL,NULL),(40812,7272,'CAPITAL INTELECTUAL S A',NULL,'40812',NULL,'cuit','30-69102743-7',NULL,NULL,NULL,NULL,NULL,NULL,'2022-07-14 21:01:58','2022-07-14 21:01:58',NULL,NULL,NULL,NULL,NULL,NULL,NULL,NULL,NULL);

--
-- Table structure for table `persons_datos`
--

CREATE TABLE `persons_datos` (
  `id` bigint(20) unsigned NOT NULL AUTO_INCREMENT,
  `user_id` int(10) unsigned DEFAULT NULL,
  `person_id` int(10) unsigned NOT NULL,
  `dato_1` longtext COLLATE utf8mb4_unicode_ci,
  `dato_2` longtext COLLATE utf8mb4_unicode_ci,
  `dato_3` longtext COLLATE utf8mb4_unicode_ci,
  `dato_4` longtext COLLATE utf8mb4_unicode_ci,
  `dato_5` longtext COLLATE utf8mb4_unicode_ci,
  `created_at` timestamp NULL DEFAULT NULL,
  `updated_at` timestamp NULL DEFAULT NULL,
  `deleted_at` timestamp NULL DEFAULT NULL,
  PRIMARY KEY (`id`),
  KEY `persons_datos_person_id_foreign` (`person_id`),
  CONSTRAINT `persons_datos_person_id_foreign` FOREIGN KEY (`person_id`) REFERENCES `persons` (`id`)
) ENGINE=InnoDB DEFAULT CHARSET=utf8mb4 COLLATE=utf8mb4_unicode_ci;

--
-- Dumping data for table `persons_datos`
--


--
-- Table structure for table `persons_sicore`
--

CREATE TABLE `persons_sicore` (
  `id` bigint(20) unsigned NOT NULL AUTO_INCREMENT,
  `person_id` int(10) unsigned NOT NULL,
  `is_inscripto` tinyint(1) NOT NULL,
  `sicore_regimen_id` bigint(20) unsigned NOT NULL,
  `deleted_at` timestamp NULL DEFAULT NULL,
  `created_at` timestamp NULL DEFAULT NULL,
  `updated_at` timestamp NULL DEFAULT NULL,
  PRIMARY KEY (`id`),
  KEY `persons_sicore_person_id_foreign` (`person_id`),
  KEY `persons_sicore_sicore_regimen_id_foreign` (`sicore_regimen_id`),
  CONSTRAINT `persons_sicore_person_id_foreign` FOREIGN KEY (`person_id`) REFERENCES `persons` (`id`),
  CONSTRAINT `persons_sicore_sicore_regimen_id_foreign` FOREIGN KEY (`sicore_regimen_id`) REFERENCES `sicore_regimenes` (`id`)
) ENGINE=InnoDB DEFAULT CHARSET=utf8mb4 COLLATE=utf8mb4_unicode_ci;

--
-- Dumping data for table `persons_sicore`
--


--
-- Table structure for table `plazo_de_pago`
--

CREATE TABLE `plazo_de_pago` (
  `id` bigint(20) unsigned NOT NULL AUTO_INCREMENT,
  `user_id` int(10) unsigned DEFAULT NULL,
  `descripcion` text COLLATE utf8mb4_unicode_ci NOT NULL,
  `habilitado` tinyint(1) NOT NULL DEFAULT '1',
  `created_at` timestamp NULL DEFAULT NULL,
  `updated_at` timestamp NULL DEFAULT NULL,
  `deleted_at` timestamp NULL DEFAULT NULL,
  PRIMARY KEY (`id`)
) ENGINE=InnoDB AUTO_INCREMENT=7 DEFAULT CHARSET=utf8mb4 COLLATE=utf8mb4_unicode_ci;

--
-- Dumping data for table `plazo_de_pago`
--

INSERT INTO `plazo_de_pago` VALUES (1,NULL,'0 dias FF',1,NULL,NULL,NULL),(2,NULL,'7 dias FF',1,NULL,NULL,NULL),(3,NULL,'15 dias FF',1,NULL,NULL,NULL),(4,NULL,'30 dias FF',1,NULL,NULL,NULL),(5,NULL,'45 dias FF',1,NULL,NULL,NULL),(6,NULL,'60 dias FF',1,NULL,NULL,NULL);

--
-- Table structure for table `presupuesto_config`
--

CREATE TABLE `presupuesto_config` (
  `id` int(10) unsigned NOT NULL AUTO_INCREMENT,
  `user_id` int(10) unsigned DEFAULT NULL,
  `person_id` int(10) unsigned NOT NULL,
  `num_inicial` int(10) unsigned NOT NULL DEFAULT '0',
  `created_at` timestamp NULL DEFAULT NULL,
  `updated_at` timestamp NULL DEFAULT NULL,
  `deleted_at` timestamp NULL DEFAULT NULL,
  PRIMARY KEY (`id`),
  KEY `presupuesto_config_person_id_foreign` (`person_id`),
  CONSTRAINT `presupuesto_config_person_id_foreign` FOREIGN KEY (`person_id`) REFERENCES `persons` (`id`)
) ENGINE=InnoDB DEFAULT CHARSET=utf8mb4 COLLATE=utf8mb4_unicode_ci;

--
-- Dumping data for table `presupuesto_config`
--


--
-- Table structure for table `presupuestos`
--

CREATE TABLE `presupuestos` (
  `id` int(10) unsigned NOT NULL AUTO_INCREMENT,
  `user_id` int(10) unsigned NOT NULL,
  `fecha` date NOT NULL DEFAULT '2019-12-23',
  `punto_venta_id` int(10) unsigned NOT NULL,
  `system_tax_id` int(10) unsigned NOT NULL DEFAULT '7',
  `numero` int(10) unsigned NOT NULL,
  `person_id` int(10) unsigned NOT NULL,
  `person_id_receptor` int(10) unsigned NOT NULL DEFAULT '3',
  `texto` longtext COLLATE utf8mb4_unicode_ci,
  `iva_si_no` tinyint(1) NOT NULL DEFAULT '0',
  `neto` decimal(16,2) NOT NULL DEFAULT '0.00',
  `iva` decimal(16,2) NOT NULL DEFAULT '0.00',
  `total` decimal(16,2) NOT NULL DEFAULT '0.00',
  `comentario` varchar(191) COLLATE utf8mb4_unicode_ci DEFAULT NULL,
  `created_at` timestamp NULL DEFAULT NULL,
  `updated_at` timestamp NULL DEFAULT NULL,
  `deleted_at` timestamp NULL DEFAULT NULL,
  PRIMARY KEY (`id`),
  KEY `presupuestos_punto_venta_id_foreign` (`punto_venta_id`),
  KEY `presupuestos_person_id_foreign` (`person_id`),
  KEY `presupuestos_person_id_receptor_foreign` (`person_id_receptor`),
  KEY `presupuestos_system_tax_id_foreign` (`system_tax_id`),
  CONSTRAINT `presupuestos_person_id_foreign` FOREIGN KEY (`person_id`) REFERENCES `persons` (`id`),
  CONSTRAINT `presupuestos_person_id_receptor_foreign` FOREIGN KEY (`person_id_receptor`) REFERENCES `persons` (`id`),
  CONSTRAINT `presupuestos_punto_venta_id_foreign` FOREIGN KEY (`punto_venta_id`) REFERENCES `fact_elec_puntos_venta` (`id`),
  CONSTRAINT `presupuestos_system_tax_id_foreign` FOREIGN KEY (`system_tax_id`) REFERENCES `system_taxes` (`id`)
) ENGINE=InnoDB DEFAULT CHARSET=utf8mb4 COLLATE=utf8mb4_unicode_ci;

--
-- Dumping data for table `presupuestos`
--


--
-- Table structure for table `querys`
--

CREATE TABLE `querys` (
  `id` bigint(20) unsigned NOT NULL AUTO_INCREMENT,
  `user_id` int(10) unsigned DEFAULT NULL,
  `descripcion` varchar(191) COLLATE utf8mb4_unicode_ci DEFAULT NULL,
  `habilitado` tinyint(1) NOT NULL DEFAULT '1',
  `created_at` timestamp NULL DEFAULT NULL,
  `updated_at` timestamp NULL DEFAULT NULL,
  `deleted_at` timestamp NULL DEFAULT NULL,
  PRIMARY KEY (`id`)
) ENGINE=InnoDB AUTO_INCREMENT=2 DEFAULT CHARSET=utf8mb4 COLLATE=utf8mb4_unicode_ci;

--
-- Dumping data for table `querys`
--

INSERT INTO `querys` VALUES (1,NULL,'Factura Electronica Masiva Productos',1,'2022-05-26 17:36:27','2022-05-26 17:36:27',NULL);

--
-- Table structure for table `querys_details`
--

CREATE TABLE `querys_details` (
  `id` bigint(20) unsigned NOT NULL AUTO_INCREMENT,
  `user_id` int(10) unsigned DEFAULT NULL,
  `person_id` int(10) unsigned DEFAULT NULL,
  `query_id` bigint(20) unsigned NOT NULL,
  `descripcion` longtext COLLATE utf8mb4_unicode_ci,
  `created_at` timestamp NULL DEFAULT NULL,
  `updated_at` timestamp NULL DEFAULT NULL,
  `deleted_at` timestamp NULL DEFAULT NULL,
  PRIMARY KEY (`id`),
  KEY `querys_details_query_id_foreign` (`query_id`),
  KEY `querys_details_person_id_foreign` (`person_id`),
  CONSTRAINT `querys_details_person_id_foreign` FOREIGN KEY (`person_id`) REFERENCES `persons` (`id`),
  CONSTRAINT `querys_details_query_id_foreign` FOREIGN KEY (`query_id`) REFERENCES `querys` (`id`)
) ENGINE=InnoDB DEFAULT CHARSET=utf8mb4 COLLATE=utf8mb4_unicode_ci;

--
-- Dumping data for table `querys_details`
--


--
-- Table structure for table `queue_proceso_resultado`
--

CREATE TABLE `queue_proceso_resultado` (
  `id` int(10) unsigned NOT NULL AUTO_INCREMENT,
  `user_id` int(10) unsigned DEFAULT NULL,
  `queue_proceso_id` int(10) unsigned DEFAULT NULL,
  `resultado` longtext COLLATE utf8mb4_unicode_ci,
  `created_at` timestamp NULL DEFAULT NULL,
  `updated_at` timestamp NULL DEFAULT NULL,
  `deleted_at` timestamp NULL DEFAULT NULL,
  PRIMARY KEY (`id`),
  KEY `queue_proceso_resultado_queue_proceso_id_foreign` (`queue_proceso_id`),
  CONSTRAINT `queue_proceso_resultado_queue_proceso_id_foreign` FOREIGN KEY (`queue_proceso_id`) REFERENCES `queue_procesos` (`id`)
) ENGINE=InnoDB DEFAULT CHARSET=utf8mb4 COLLATE=utf8mb4_unicode_ci;

--
-- Dumping data for table `queue_proceso_resultado`
--


--
-- Table structure for table `queue_procesos`
--

CREATE TABLE `queue_procesos` (
  `id` int(10) unsigned NOT NULL AUTO_INCREMENT,
  `user_id` int(10) unsigned DEFAULT NULL,
  `descripcion` text COLLATE utf8mb4_unicode_ci NOT NULL,
  `created_at` timestamp NULL DEFAULT NULL,
  `updated_at` timestamp NULL DEFAULT NULL,
  `deleted_at` timestamp NULL DEFAULT NULL,
  PRIMARY KEY (`id`)
) ENGINE=InnoDB AUTO_INCREMENT=5 DEFAULT CHARSET=utf8mb4 COLLATE=utf8mb4_unicode_ci;

--
-- Dumping data for table `queue_procesos`
--

INSERT INTO `queue_procesos` VALUES (1,NULL,'Importar - Excel',NULL,NULL,NULL),(2,NULL,'Importar - Mis Comprobantes',NULL,NULL,NULL),(3,NULL,'Importar - Portal IVA','2022-05-26 17:36:28','2022-05-26 17:36:28',NULL),(4,NULL,'Importar - Archivos PEM F8011','2022-07-10 23:07:36','2022-07-10 23:07:36',NULL);

--
-- Table structure for table `receipt_dc_ordenes`
--

CREATE TABLE `receipt_dc_ordenes` (
  `id` bigint(20) unsigned NOT NULL AUTO_INCREMENT,
  `user_id` int(10) unsigned DEFAULT NULL,
  `receipt_id` int(10) unsigned NOT NULL,
  `dc_orden_id` bigint(20) unsigned NOT NULL,
  `dc_orden_id_oc` bigint(20) unsigned NOT NULL,
  `importe` decimal(16,2) NOT NULL DEFAULT '0.00',
  `created_at` timestamp NULL DEFAULT NULL,
  `updated_at` timestamp NULL DEFAULT NULL,
  `deleted_at` timestamp NULL DEFAULT NULL,
  PRIMARY KEY (`id`),
  KEY `receipt_dc_ordenes_receipt_id_foreign` (`receipt_id`),
  KEY `receipt_dc_ordenes_dc_orden_id_foreign` (`dc_orden_id`),
  KEY `receipt_dc_ordenes_dc_orden_id_oc_foreign` (`dc_orden_id_oc`),
  CONSTRAINT `receipt_dc_ordenes_dc_orden_id_foreign` FOREIGN KEY (`dc_orden_id`) REFERENCES `dc_ordenes` (`id`),
  CONSTRAINT `receipt_dc_ordenes_dc_orden_id_oc_foreign` FOREIGN KEY (`dc_orden_id_oc`) REFERENCES `dc_ordenes` (`id`),
  CONSTRAINT `receipt_dc_ordenes_receipt_id_foreign` FOREIGN KEY (`receipt_id`) REFERENCES `receipts` (`id`)
) ENGINE=InnoDB DEFAULT CHARSET=utf8mb4 COLLATE=utf8mb4_unicode_ci;

--
-- Dumping data for table `receipt_dc_ordenes`
--


--
-- Table structure for table `receipt_taxes`
--

CREATE TABLE `receipt_taxes` (
  `id` int(10) unsigned NOT NULL AUTO_INCREMENT,
  `user_id` int(10) unsigned DEFAULT NULL,
  `receipt_id` int(10) unsigned NOT NULL,
  `tax_id` int(10) unsigned DEFAULT NULL,
  `amount` decimal(16,2) NOT NULL,
  `tax_amount` decimal(16,2) NOT NULL DEFAULT '0.00',
  `taxable_iibb` int(11) NOT NULL DEFAULT '0',
  `iva_iibb` int(11) NOT NULL DEFAULT '0',
  `created_at` timestamp NULL DEFAULT NULL,
  `updated_at` timestamp NULL DEFAULT NULL,
  `deleted_at` timestamp NULL DEFAULT NULL,
  PRIMARY KEY (`id`),
  KEY `receipt_taxes_receipt_id_foreign` (`receipt_id`),
  CONSTRAINT `receipt_taxes_receipt_id_foreign` FOREIGN KEY (`receipt_id`) REFERENCES `receipts` (`id`)
) ENGINE=InnoDB AUTO_INCREMENT=519 DEFAULT CHARSET=utf8mb4 COLLATE=utf8mb4_unicode_ci;

--
-- Dumping data for table `receipt_taxes`
--

INSERT INTO `receipt_taxes` VALUES (2,7272,2,2,10462.81,2197.19,2,1,'2022-07-05 18:01:54','2022-07-05 18:01:54',NULL),(4,7272,4,2,12507.44,2626.56,2,1,'2022-07-05 18:03:54','2022-07-05 18:03:54',NULL),(5,7272,5,2,12950.41,2719.59,2,1,'2022-07-05 18:04:53','2022-07-05 18:04:53',NULL),(6,7272,6,2,12123.97,2546.03,2,1,'2022-07-05 18:05:34','2022-07-05 18:05:34',NULL),(7,7272,7,2,14950.41,3139.59,2,1,'2022-07-05 18:06:23','2022-07-05 18:06:23',NULL),(8,7272,8,2,14884.30,3125.70,2,1,'2022-07-05 18:06:58','2022-07-05 18:06:58',NULL),(9,7272,9,2,4995.00,1048.95,2,1,'2022-07-05 22:59:23','2022-07-05 22:59:23',NULL),(10,7272,10,2,4995.00,1048.95,2,1,'2022-07-05 22:59:23','2022-07-05 22:59:23',NULL),(11,7272,11,2,68002.00,14280.42,2,1,'2022-07-05 22:59:23','2022-07-05 22:59:23',NULL),(12,7272,12,2,90150.00,18931.50,2,1,'2022-07-05 22:59:23','2022-07-05 22:59:23',NULL),(13,7272,13,2,9030.00,1896.30,2,1,'2022-07-05 22:59:23','2022-07-05 22:59:23',NULL),(14,7272,14,2,74000.00,15540.00,2,1,'2022-07-05 22:59:23','2022-07-05 22:59:23',NULL),(15,7272,15,2,75400.00,15834.00,2,1,'2022-07-05 22:59:23','2022-07-05 22:59:23',NULL),(16,7272,16,2,1804.65,364.12,2,1,'2022-07-06 00:35:01','2022-07-06 00:35:01',NULL),(17,7272,17,2,697.96,146.57,2,1,'2022-07-06 00:35:01','2022-07-06 00:35:01',NULL),(18,7272,18,2,1288.48,258.23,2,1,'2022-07-06 00:35:01','2022-07-06 00:35:01',NULL),(19,7272,19,2,1205.77,237.31,2,1,'2022-07-06 00:35:01','2022-07-06 00:35:01',NULL),(20,7272,20,2,589.16,123.72,2,1,'2022-07-06 00:35:01','2022-07-06 00:35:01',NULL),(21,7272,20,7,191.05,0.00,2,1,'2022-07-06 00:35:01','2022-07-06 00:35:01',NULL),(22,7272,21,2,58.80,12.35,2,1,'2022-07-06 00:35:01','2022-07-06 00:35:01',NULL),(23,7272,22,3,2031.00,548.37,2,1,'2022-07-06 00:35:01','2022-07-06 00:35:01',NULL),(24,7272,22,7,167.82,0.00,2,1,'2022-07-06 00:35:01','2022-07-06 00:35:01',NULL),(25,7272,23,2,307.62,64.60,2,1,'2022-07-06 00:35:02','2022-07-06 00:35:02',NULL),(26,7272,23,7,81.72,0.00,2,1,'2022-07-06 00:35:02','2022-07-06 00:35:02',NULL),(27,7272,24,2,1609.57,338.01,2,1,'2022-07-06 00:35:02','2022-07-06 00:35:02',NULL),(28,7272,25,1,190.04,28.19,2,1,'2022-07-06 00:35:02','2022-07-06 00:35:02',NULL),(29,7272,26,2,1320.10,268.74,2,1,'2022-07-06 00:35:02','2022-07-06 00:35:02',NULL),(30,7272,27,3,2342.81,632.56,2,1,'2022-07-06 00:35:02','2022-07-06 00:35:02',NULL),(31,7272,27,7,70.28,0.00,2,1,'2022-07-06 00:35:02','2022-07-06 00:35:02',NULL),(32,7272,28,2,1078.78,226.54,2,1,'2022-07-06 00:35:02','2022-07-06 00:35:02',NULL),(33,7272,29,1,1124.86,174.96,2,1,'2022-07-06 00:35:02','2022-07-06 00:35:02',NULL),(34,7272,30,2,669.10,140.51,2,1,'2022-07-06 00:35:02','2022-07-06 00:35:02',NULL),(35,7272,31,2,588.58,118.15,2,1,'2022-07-06 00:35:02','2022-07-06 00:35:02',NULL),(36,7272,32,2,1249.30,262.35,2,1,'2022-07-06 00:35:02','2022-07-06 00:35:02',NULL),(37,7272,33,1,1081.03,168.96,2,1,'2022-07-06 00:35:02','2022-07-06 00:35:02',NULL),(38,7272,34,1,880.01,150.33,2,1,'2022-07-06 00:35:02','2022-07-06 00:35:02',NULL),(39,7272,35,1,2535.75,266.25,2,1,'2022-07-06 00:35:02','2022-07-06 00:35:02',NULL),(40,7272,36,2,57850.41,12148.59,2,1,'2022-07-06 00:35:02','2022-07-06 00:35:02',NULL),(41,7272,36,7,1735.51,0.00,2,1,'2022-07-06 00:35:02','2022-07-06 00:35:02',NULL),(42,7272,37,2,4071.89,855.10,2,1,'2022-07-06 00:35:02','2022-07-06 00:35:02',NULL),(43,7272,37,7,122.15,0.00,2,1,'2022-07-06 00:35:02','2022-07-06 00:35:02',NULL),(44,7272,38,2,419.49,88.09,2,1,'2022-07-06 00:35:02','2022-07-06 00:35:02',NULL),(45,7272,39,2,15000.00,3150.00,2,1,'2022-07-06 00:35:02','2022-07-06 00:35:02',NULL),(46,7272,40,2,1112.73,233.67,2,1,'2022-07-06 00:35:02','2022-07-06 00:35:02',NULL),(47,7272,41,1,1362.62,234.91,2,1,'2022-07-06 00:35:02','2022-07-06 00:35:02',NULL),(48,7272,42,2,1240.78,260.56,2,1,'2022-07-06 00:35:02','2022-07-06 00:35:02',NULL),(49,7272,43,2,1240.78,260.56,2,1,'2022-07-06 00:35:02','2022-07-06 00:35:02',NULL),(50,7272,44,2,1240.78,260.56,2,1,'2022-07-06 00:35:02','2022-07-06 00:35:02',NULL);
INSERT INTO `receipt_taxes` VALUES (51,7272,45,2,2071.65,435.05,2,1,'2022-07-06 00:35:02','2022-07-06 00:35:02',NULL),(52,7272,46,2,527.01,110.67,2,1,'2022-07-06 00:35:02','2022-07-06 00:35:02',NULL),(53,7272,47,1,888.94,93.34,2,1,'2022-07-06 00:35:02','2022-07-06 00:35:02',NULL),(54,7272,48,2,401.38,84.29,2,1,'2022-07-06 00:35:02','2022-07-06 00:35:02',NULL),(55,7272,48,7,105.66,0.00,2,1,'2022-07-06 00:35:02','2022-07-06 00:35:02',NULL),(56,7272,49,2,227.95,47.87,2,1,'2022-07-06 00:35:02','2022-07-06 00:35:02',NULL),(57,7272,50,1,890.94,125.41,2,1,'2022-07-06 00:35:03','2022-07-06 00:35:03',NULL),(58,7272,51,2,775.81,154.80,2,1,'2022-07-06 00:35:03','2022-07-06 00:35:03',NULL),(59,7272,52,2,676.37,130.12,2,1,'2022-07-06 00:35:03','2022-07-06 00:35:03',NULL),(60,7272,53,2,182.50,38.32,2,1,'2022-07-06 00:35:03','2022-07-06 00:35:03',NULL),(61,7272,54,7,7000.00,0.00,2,1,'2022-07-06 00:35:03','2022-07-06 00:35:03',NULL),(62,7272,55,1,1563.96,259.23,2,1,'2022-07-06 00:35:03','2022-07-06 00:35:03',NULL),(63,7272,56,2,1921.22,403.46,2,1,'2022-07-06 00:35:03','2022-07-06 00:35:03',NULL),(64,7272,57,2,742.98,156.02,2,1,'2022-07-06 00:35:03','2022-07-06 00:35:03',NULL),(65,7272,58,1,1759.59,216.60,2,1,'2022-07-06 00:35:03','2022-07-06 00:35:03',NULL),(66,7272,59,2,2205.78,463.21,2,1,'2022-07-06 00:35:03','2022-07-06 00:35:03',NULL),(67,7272,60,1,855.07,140.84,2,1,'2022-07-06 00:35:03','2022-07-06 00:35:03',NULL),(68,7272,61,2,1873.77,369.46,2,1,'2022-07-06 00:35:03','2022-07-06 00:35:03',NULL),(69,7272,62,2,1123.74,203.42,2,1,'2022-07-06 00:35:03','2022-07-06 00:35:03',NULL),(70,7272,63,2,29883.37,6275.51,2,1,'2022-07-06 00:35:03','2022-07-06 00:35:03',NULL),(71,7272,63,7,896.50,0.00,2,1,'2022-07-06 00:35:03','2022-07-06 00:35:03',NULL),(72,7272,64,2,613.54,128.84,2,1,'2022-07-06 00:35:03','2022-07-06 00:35:03',NULL),(73,7272,65,2,1652.89,347.11,2,1,'2022-07-06 01:03:37','2022-07-06 01:03:37',NULL),(74,7272,66,2,56429.75,11850.25,2,1,'2022-07-06 01:03:37','2022-07-06 01:03:37',NULL),(75,7272,67,6,0.00,0.00,2,1,'2022-07-06 01:03:37','2022-07-06 01:03:37',NULL),(76,7272,67,7,16723.40,0.00,2,1,'2022-07-06 01:03:37','2022-07-06 01:03:37',NULL),(77,7272,68,7,28000.00,0.00,2,1,'2022-07-06 01:03:37','2022-07-06 01:03:37',NULL),(78,7272,69,2,6905.26,1450.10,2,1,'2022-07-06 01:03:37','2022-07-06 01:03:37',NULL),(79,7272,70,2,909.09,190.91,2,1,'2022-07-06 01:03:37','2022-07-06 01:03:37',NULL),(80,7272,71,2,8264.46,1735.54,2,1,'2022-07-06 01:03:37','2022-07-06 01:03:37',NULL),(81,7272,72,2,1073.55,225.45,2,1,'2022-07-06 01:03:37','2022-07-06 01:03:37',NULL),(82,7272,73,2,1652.89,347.11,2,1,'2022-07-06 01:03:37','2022-07-06 01:03:37',NULL),(83,7272,74,2,41735.54,8764.46,2,1,'2022-07-06 01:03:37','2022-07-06 01:03:37',NULL),(84,7272,75,2,1512.47,317.61,2,1,'2022-07-06 01:03:37','2022-07-06 01:03:37',NULL),(85,7272,76,2,1818.18,381.82,2,1,'2022-07-06 01:03:37','2022-07-06 01:03:37',NULL),(86,7272,77,2,1388.43,291.57,2,1,'2022-07-06 01:03:37','2022-07-06 01:03:37',NULL),(87,7272,77,7,111.07,0.00,2,1,'2022-07-06 01:03:37','2022-07-06 01:03:37',NULL),(88,7272,78,2,8821.00,1852.41,2,1,'2022-07-06 01:03:37','2022-07-06 01:03:37',NULL),(89,7272,79,2,2892.56,607.44,2,1,'2022-07-06 01:03:37','2022-07-06 01:03:37',NULL),(90,7272,80,2,10234.26,2149.19,2,1,'2022-07-06 01:03:38','2022-07-06 01:03:38',NULL),(91,7272,81,2,17.01,3.57,2,1,'2022-07-06 01:03:38','2022-07-06 01:03:38',NULL),(92,7272,82,2,11433.88,2401.12,2,1,'2022-07-06 01:03:38','2022-07-06 01:03:38',NULL),(93,7272,82,7,363.60,0.00,2,1,'2022-07-06 01:03:38','2022-07-06 01:03:38',NULL),(94,7272,83,2,4086.36,858.14,2,1,'2022-07-06 01:03:38','2022-07-06 01:03:38',NULL),(95,7272,84,2,2611.57,548.43,2,1,'2022-07-06 01:03:38','2022-07-06 01:03:38',NULL),(96,7272,85,2,1780.99,374.01,2,1,'2022-07-06 01:03:38','2022-07-06 01:03:38',NULL),(97,7272,86,2,6611.57,1388.43,2,1,'2022-07-06 01:03:38','2022-07-06 01:03:38',NULL),(98,7272,87,2,1818.18,381.82,2,1,'2022-07-06 01:03:38','2022-07-06 01:03:38',NULL);
INSERT INTO `receipt_taxes` VALUES (99,7272,88,2,6074.38,1275.62,2,1,'2022-07-06 01:03:38','2022-07-06 01:03:38',NULL),(100,7272,89,7,8000.00,0.00,2,1,'2022-07-06 01:03:38','2022-07-06 01:03:38',NULL),(101,7272,90,1,3100.34,364.59,2,1,'2022-07-06 01:03:38','2022-07-06 01:03:38',NULL),(102,7272,91,2,4714.05,989.95,2,1,'2022-07-06 01:03:38','2022-07-06 01:03:38',NULL),(103,7272,92,2,111.57,23.43,2,1,'2022-07-06 01:03:38','2022-07-06 01:03:38',NULL),(104,7272,93,7,22000.00,0.00,2,1,'2022-07-06 01:03:38','2022-07-06 01:03:38',NULL),(105,7272,94,2,1570.25,329.75,2,1,'2022-07-06 01:03:38','2022-07-06 01:03:38',NULL),(106,7272,95,2,198347.11,41652.89,2,1,'2022-07-06 01:03:38','2022-07-06 01:03:38',NULL),(107,7272,96,7,8000.00,0.00,2,1,'2022-07-06 01:03:38','2022-07-06 01:03:38',NULL),(108,7272,97,2,909.09,190.91,2,1,'2022-07-06 01:03:38','2022-07-06 01:03:38',NULL),(109,7272,98,2,499.17,104.83,2,1,'2022-07-06 01:03:38','2022-07-06 01:03:38',NULL),(110,7272,99,2,2016.55,423.48,2,1,'2022-07-06 01:03:38','2022-07-06 01:03:38',NULL),(111,7272,100,2,2884.80,605.81,2,1,'2022-07-06 01:03:38','2022-07-06 01:03:38',NULL),(112,7272,100,7,509.39,0.00,2,1,'2022-07-06 01:03:38','2022-07-06 01:03:38',NULL),(113,7272,101,2,5538.36,1163.06,2,1,'2022-07-06 01:13:54','2022-07-06 01:13:54',NULL),(114,7272,101,1000,166.15,0.00,2,1,'2022-07-06 01:13:54','2022-07-06 01:13:54',NULL),(115,7272,101,1001,899.67,0.00,2,3,'2022-07-06 01:13:54','2022-07-06 01:13:54',NULL),(116,7272,102,2,1512.40,317.60,2,1,'2022-07-06 01:15:15','2022-07-06 01:15:15',NULL),(117,7272,103,1,8393.66,881.33,2,1,'2022-07-06 01:21:03','2022-07-06 01:21:03',NULL),(118,7272,104,2,11551.32,2425.78,2,1,'2022-07-11 19:51:47','2022-07-11 19:51:47',NULL),(119,7272,105,2,158.29,33.24,2,1,'2022-07-11 19:51:47','2022-07-11 19:51:47',NULL),(120,7272,106,2,4530.20,951.34,2,1,'2022-07-11 19:51:47','2022-07-11 19:51:47',NULL),(121,7272,107,2,5007.14,1051.50,2,1,'2022-07-11 19:51:47','2022-07-11 19:51:47',NULL),(122,7272,107,7,50.07,0.00,2,1,'2022-07-11 19:51:47','2022-07-11 19:51:47',NULL),(123,7272,108,2,5920.15,1243.23,2,1,'2022-07-11 19:51:47','2022-07-11 19:51:47',NULL),(124,7272,108,7,1347.92,0.00,2,1,'2022-07-11 19:51:47','2022-07-11 19:51:47',NULL),(125,7272,109,2,5896.14,1238.19,2,1,'2022-07-11 19:51:47','2022-07-11 19:51:47',NULL),(126,7272,109,7,612.79,0.00,2,1,'2022-07-11 19:51:47','2022-07-11 19:51:47',NULL),(127,7272,110,2,5011.64,1052.44,2,1,'2022-07-11 19:51:47','2022-07-11 19:51:47',NULL),(128,7272,111,2,1844.62,387.37,2,1,'2022-07-11 19:51:47','2022-07-11 19:51:47',NULL),(129,7272,111,7,55.34,0.00,2,1,'2022-07-11 19:51:47','2022-07-11 19:51:47',NULL),(130,7272,112,2,3355.21,704.59,2,1,'2022-07-11 19:51:47','2022-07-11 19:51:47',NULL),(131,7272,112,7,100.66,0.00,2,1,'2022-07-11 19:51:47','2022-07-11 19:51:47',NULL),(132,7272,113,2,10588.00,2223.48,2,1,'2022-07-11 19:51:47','2022-07-11 19:51:47',NULL),(133,7272,113,7,230.16,0.00,2,1,'2022-07-11 19:51:47','2022-07-11 19:51:47',NULL),(134,7272,114,2,1322.43,277.71,2,1,'2022-07-11 19:51:47','2022-07-11 19:51:47',NULL),(135,7272,115,2,1244.55,261.36,2,1,'2022-07-11 19:51:47','2022-07-11 19:51:47',NULL),(136,7272,115,7,37.34,0.00,2,1,'2022-07-11 19:51:47','2022-07-11 19:51:47',NULL),(137,7272,116,2,6443.42,1353.10,2,1,'2022-07-11 19:51:47','2022-07-11 19:51:47',NULL),(138,7272,116,7,371.99,0.00,2,1,'2022-07-11 19:51:47','2022-07-11 19:51:47',NULL),(139,7272,117,2,5745.93,1206.65,2,1,'2022-07-11 19:51:47','2022-07-11 19:51:47',NULL),(140,7272,118,2,2226.51,467.57,2,1,'2022-07-11 19:51:47','2022-07-11 19:51:47',NULL),(141,7272,118,7,66.80,0.00,2,1,'2022-07-11 19:51:47','2022-07-11 19:51:47',NULL),(142,7272,119,2,7966.60,1672.99,2,1,'2022-07-11 19:51:47','2022-07-11 19:51:47',NULL),(143,7272,119,7,215.58,0.00,2,1,'2022-07-11 19:51:47','2022-07-11 19:51:47',NULL),(144,7272,120,2,1487.50,312.38,2,1,'2022-07-11 19:51:47','2022-07-11 19:51:47',NULL),(145,7272,121,2,4264.46,895.54,2,1,'2022-07-11 19:51:48','2022-07-11 19:51:48',NULL);
INSERT INTO `receipt_taxes` VALUES (146,7272,122,2,7886.46,1656.16,2,1,'2022-07-11 19:51:48','2022-07-11 19:51:48',NULL),(147,7272,123,2,3822.11,802.64,2,1,'2022-07-11 19:51:48','2022-07-11 19:51:48',NULL),(148,7272,124,2,1272.53,267.23,2,1,'2022-07-11 19:51:48','2022-07-11 19:51:48',NULL),(149,7272,124,7,38.18,0.00,2,1,'2022-07-11 19:51:48','2022-07-11 19:51:48',NULL),(150,7272,125,2,54.57,11.46,2,1,'2022-07-11 19:51:48','2022-07-11 19:51:48',NULL),(151,7272,126,2,3479.00,730.59,2,1,'2022-07-11 19:51:48','2022-07-11 19:51:48',NULL),(152,7272,127,2,6351.17,1333.75,2,1,'2022-07-11 19:51:48','2022-07-11 19:51:48',NULL),(153,7272,128,2,6948.70,1459.23,2,1,'2022-07-11 19:51:48','2022-07-11 19:51:48',NULL),(154,7272,128,7,779.92,0.00,2,1,'2022-07-11 19:51:48','2022-07-11 19:51:48',NULL),(155,7272,129,2,3171.57,666.03,2,1,'2022-07-11 19:51:48','2022-07-11 19:51:48',NULL),(156,7272,130,2,1233.10,258.95,2,1,'2022-07-11 19:51:48','2022-07-11 19:51:48',NULL),(157,7272,130,7,22.65,0.00,2,1,'2022-07-11 19:51:48','2022-07-11 19:51:48',NULL),(158,7272,131,2,8001.41,1680.30,2,1,'2022-07-11 19:51:48','2022-07-11 19:51:48',NULL),(159,7272,131,7,190.79,0.00,2,1,'2022-07-11 19:51:48','2022-07-11 19:51:48',NULL),(160,7272,132,2,1261.05,264.82,2,1,'2022-07-11 19:51:48','2022-07-11 19:51:48',NULL),(161,7272,132,7,37.83,0.00,2,1,'2022-07-11 19:51:48','2022-07-11 19:51:48',NULL),(162,7272,133,2,341.88,71.80,2,1,'2022-07-11 19:51:48','2022-07-11 19:51:48',NULL),(163,7272,134,2,5327.23,1118.71,2,1,'2022-07-11 19:51:48','2022-07-11 19:51:48',NULL),(164,7272,134,7,317.33,0.00,2,1,'2022-07-11 19:51:48','2022-07-11 19:51:48',NULL),(165,7272,135,2,4682.52,983.33,2,1,'2022-07-11 19:51:48','2022-07-11 19:51:48',NULL),(166,7272,136,2,1752.20,367.96,2,1,'2022-07-11 19:51:48','2022-07-11 19:51:48',NULL),(167,7272,137,2,3432.62,720.85,2,1,'2022-07-11 19:51:48','2022-07-11 19:51:48',NULL),(168,7272,137,7,92.49,0.00,2,1,'2022-07-11 19:51:48','2022-07-11 19:51:48',NULL),(169,7272,138,2,1276.07,267.97,2,1,'2022-07-11 19:51:48','2022-07-11 19:51:48',NULL),(170,7272,138,7,38.28,0.00,2,1,'2022-07-11 19:51:48','2022-07-11 19:51:48',NULL),(171,7272,139,2,1161.93,244.01,2,1,'2022-07-11 19:51:48','2022-07-11 19:51:48',NULL),(172,7272,139,7,34.86,0.00,2,1,'2022-07-11 19:51:48','2022-07-11 19:51:48',NULL),(173,7272,140,2,783.83,164.60,2,1,'2022-07-11 19:51:48','2022-07-11 19:51:48',NULL),(174,7272,141,2,2119.39,445.07,2,1,'2022-07-11 19:51:48','2022-07-11 19:51:48',NULL),(175,7272,142,2,2008.95,421.88,2,1,'2022-07-11 19:51:48','2022-07-11 19:51:48',NULL),(176,7272,142,7,60.27,0.00,2,1,'2022-07-11 19:51:48','2022-07-11 19:51:48',NULL),(177,7272,143,2,5147.79,1081.04,2,1,'2022-07-11 19:51:48','2022-07-11 19:51:48',NULL),(178,7272,144,2,10485.98,2202.06,2,1,'2022-07-11 19:51:48','2022-07-11 19:51:48',NULL),(179,7272,144,7,238.75,0.00,2,1,'2022-07-11 19:51:48','2022-07-11 19:51:48',NULL),(180,7272,145,2,6560.29,1377.67,2,1,'2022-07-11 19:51:48','2022-07-11 19:51:48',NULL),(181,7272,145,7,478.95,0.00,2,1,'2022-07-11 19:51:48','2022-07-11 19:51:48',NULL),(182,7272,146,2,5102.98,1071.63,2,1,'2022-07-11 19:51:48','2022-07-11 19:51:48',NULL),(183,7272,147,7,9500.00,0.00,2,1,'2022-07-11 19:51:48','2022-07-11 19:51:48',NULL),(184,7272,148,2,1526.29,320.52,2,1,'2022-07-11 19:51:48','2022-07-11 19:51:48',NULL),(185,7272,148,7,301.72,0.00,2,1,'2022-07-11 19:51:48','2022-07-11 19:51:48',NULL),(186,7272,149,2,5453.34,1145.19,2,1,'2022-07-11 19:51:48','2022-07-11 19:51:48',NULL),(187,7272,149,7,553.33,0.00,2,1,'2022-07-11 19:51:48','2022-07-11 19:51:48',NULL),(188,7272,150,2,559.87,117.57,2,1,'2022-07-11 19:51:48','2022-07-11 19:51:48',NULL),(189,7272,150,7,55.98,0.00,2,1,'2022-07-11 19:51:48','2022-07-11 19:51:48',NULL),(190,7272,151,2,4902.26,1029.47,2,1,'2022-07-11 19:51:49','2022-07-11 19:51:49',NULL),(191,7272,151,7,122.48,0.00,2,1,'2022-07-11 19:51:49','2022-07-11 19:51:49',NULL),(192,7272,152,2,1705.60,358.18,2,1,'2022-07-11 19:51:49','2022-07-11 19:51:49',NULL);
INSERT INTO `receipt_taxes` VALUES (193,7272,153,2,5199.84,1091.97,2,1,'2022-07-11 19:51:49','2022-07-11 19:51:49',NULL),(194,7272,154,2,2116.98,444.57,2,1,'2022-07-11 19:51:49','2022-07-11 19:51:49',NULL),(195,7272,155,2,4409.15,925.92,2,1,'2022-07-11 19:51:49','2022-07-11 19:51:49',NULL),(196,7272,155,7,125.07,0.00,2,1,'2022-07-11 19:51:49','2022-07-11 19:51:49',NULL),(197,7272,156,2,1084.17,227.68,2,1,'2022-07-11 19:51:49','2022-07-11 19:51:49',NULL),(198,7272,156,7,32.53,0.00,2,1,'2022-07-11 19:51:49','2022-07-11 19:51:49',NULL),(199,7272,157,2,3034.60,637.27,2,1,'2022-07-11 19:51:49','2022-07-11 19:51:49',NULL),(200,7272,158,2,3926.56,824.58,2,1,'2022-07-11 19:51:49','2022-07-11 19:51:49',NULL),(201,7272,159,2,5224.03,1097.05,2,1,'2022-07-11 19:51:49','2022-07-11 19:51:49',NULL),(202,7272,159,7,52.24,0.00,2,1,'2022-07-11 19:51:49','2022-07-11 19:51:49',NULL),(203,7272,160,2,2867.35,602.14,2,1,'2022-07-11 19:51:49','2022-07-11 19:51:49',NULL),(204,7272,161,2,2021.42,424.50,2,1,'2022-07-11 19:51:49','2022-07-11 19:51:49',NULL),(205,7272,162,2,2082.64,437.35,2,1,'2022-07-11 19:51:49','2022-07-11 19:51:49',NULL),(206,7272,162,7,62.48,0.00,2,1,'2022-07-11 19:51:49','2022-07-11 19:51:49',NULL),(207,7272,163,2,2683.32,563.50,2,1,'2022-07-11 19:51:49','2022-07-11 19:51:49',NULL),(208,7272,163,7,80.50,0.00,2,1,'2022-07-11 19:51:49','2022-07-11 19:51:49',NULL),(209,7272,164,2,8315.63,1746.28,2,1,'2022-07-11 19:51:49','2022-07-11 19:51:49',NULL),(210,7272,164,7,172.47,0.00,2,1,'2022-07-11 19:51:49','2022-07-11 19:51:49',NULL),(211,7272,165,2,3400.39,714.08,2,1,'2022-07-11 19:51:49','2022-07-11 19:51:49',NULL),(212,7272,166,2,54.57,11.46,2,1,'2022-07-11 19:51:49','2022-07-11 19:51:49',NULL),(213,7272,167,2,311.10,65.33,2,1,'2022-07-11 19:51:49','2022-07-11 19:51:49',NULL),(214,7272,168,2,1828.00,383.88,2,1,'2022-07-11 19:51:49','2022-07-11 19:51:49',NULL),(215,7272,169,2,3179.51,667.70,2,1,'2022-07-11 19:51:49','2022-07-11 19:51:49',NULL),(216,7272,169,7,95.39,0.00,2,1,'2022-07-11 19:51:49','2022-07-11 19:51:49',NULL),(217,7272,170,2,6884.43,1445.74,2,1,'2022-07-11 19:51:49','2022-07-11 19:51:49',NULL),(218,7272,170,7,413.07,0.00,2,1,'2022-07-11 19:51:49','2022-07-11 19:51:49',NULL),(219,7272,171,2,5333.10,1119.94,2,1,'2022-07-11 19:51:49','2022-07-11 19:51:49',NULL),(220,7272,171,7,298.03,0.00,2,1,'2022-07-11 19:51:49','2022-07-11 19:51:49',NULL),(221,7272,172,2,1744.12,366.27,2,1,'2022-07-11 19:51:49','2022-07-11 19:51:49',NULL),(222,7272,172,7,52.32,0.00,2,1,'2022-07-11 19:51:49','2022-07-11 19:51:49',NULL),(223,7272,173,2,4313.37,905.81,2,1,'2022-07-11 19:51:49','2022-07-11 19:51:49',NULL),(224,7272,174,2,1588.31,333.55,2,1,'2022-07-11 19:51:49','2022-07-11 19:51:49',NULL),(225,7272,175,2,3480.58,730.92,2,1,'2022-07-11 19:51:49','2022-07-11 19:51:49',NULL),(226,7272,175,7,104.42,0.00,2,1,'2022-07-11 19:51:49','2022-07-11 19:51:49',NULL),(227,7272,176,2,2926.31,614.53,2,1,'2022-07-11 19:51:49','2022-07-11 19:51:49',NULL),(228,7272,176,7,87.79,0.00,2,1,'2022-07-11 19:51:49','2022-07-11 19:51:49',NULL),(229,7272,177,2,3018.44,633.87,2,1,'2022-07-11 19:51:49','2022-07-11 19:51:49',NULL),(230,7272,178,2,13338.84,2801.16,2,1,'2022-07-11 20:09:27','2022-07-11 20:09:27',NULL),(231,7272,179,2,14190.25,2979.95,2,1,'2022-07-11 20:11:49','2022-07-11 20:11:49',NULL),(232,7272,180,2,14859.50,3120.50,2,1,'2022-07-11 20:13:33','2022-07-11 20:13:33',NULL),(233,7272,181,2,11479.34,2410.66,2,1,'2022-07-11 20:14:18','2022-07-11 20:14:18',NULL),(234,7272,182,2,13859.50,2910.50,2,1,'2022-07-11 20:15:04','2022-07-11 20:15:04',NULL),(235,7272,183,2,13463.64,2827.36,2,1,'2022-07-11 20:15:41','2022-07-11 20:15:41',NULL),(236,7272,184,2,13987.60,2937.40,2,1,'2022-07-11 20:16:16','2022-07-11 20:16:16',NULL),(237,7272,185,2,18276.86,3838.14,2,1,'2022-07-11 20:16:47','2022-07-11 20:16:47',NULL),(238,7272,186,2,12380.17,2599.84,2,1,'2022-07-11 20:23:25','2022-07-11 20:23:25',NULL),(244,7272,192,2,15869.34,3332.56,2,1,'2022-07-11 20:31:20','2022-07-11 20:31:20',NULL);
INSERT INTO `receipt_taxes` VALUES (245,7272,193,2,11983.47,2516.53,2,1,'2022-07-11 20:32:27','2022-07-11 20:32:27',NULL),(246,7272,194,2,17760.33,3729.67,2,1,'2022-07-11 20:32:58','2022-07-11 20:32:58',NULL),(247,7272,195,2,13834.71,2905.29,2,1,'2022-07-11 20:33:21','2022-07-11 20:33:21',NULL),(248,7272,196,2,10041.32,2108.68,2,1,'2022-07-11 20:39:32','2022-07-11 20:39:32',NULL),(249,7272,197,2,12198.35,2561.65,2,1,'2022-07-11 20:39:55','2022-07-11 20:39:55',NULL),(251,7272,199,2,12710.74,2669.26,2,1,'2022-07-11 20:44:42','2022-07-11 20:44:42',NULL),(252,7272,200,2,15553.72,3266.28,2,1,'2022-07-11 20:45:53','2022-07-11 20:45:53',NULL),(253,7272,201,2,12735.54,2674.46,2,1,'2022-07-11 20:46:38','2022-07-11 20:46:38',NULL),(254,7272,202,2,12652.89,2657.11,2,1,'2022-07-11 20:47:32','2022-07-11 20:47:32',NULL),(255,7272,203,2,11280.99,2369.01,2,1,'2022-07-11 20:48:06','2022-07-11 20:48:06',NULL),(256,7272,204,2,16314.05,3425.95,2,1,'2022-07-11 20:48:55','2022-07-11 20:48:55',NULL),(257,7272,205,2,11923.97,2504.03,2,1,'2022-07-11 20:49:22','2022-07-11 20:49:22',NULL),(258,7272,206,2,12822.31,2692.69,2,1,'2022-07-11 20:51:08','2022-07-11 20:51:08',NULL),(259,7272,207,2,15983.47,3356.53,2,1,'2022-07-11 20:52:50','2022-07-11 20:52:50',NULL),(260,7272,208,2,13284.30,2789.70,2,1,'2022-07-11 20:53:21','2022-07-11 20:53:21',NULL),(261,7272,209,2,16818.18,3531.82,2,1,'2022-07-11 21:01:13','2022-07-11 21:01:13',NULL),(262,7272,210,2,7421.49,1558.51,2,1,'2022-07-11 21:03:22','2022-07-11 21:03:22',NULL),(263,7272,211,2,16256.20,3413.80,2,1,'2022-07-11 21:04:21','2022-07-11 21:04:21',NULL),(264,7272,212,2,12181.82,2558.18,2,1,'2022-07-11 21:04:58','2022-07-11 21:04:58',NULL),(265,7272,213,2,15090.91,3169.09,2,1,'2022-07-11 21:05:46','2022-07-11 21:05:46',NULL),(266,7272,214,2,13041.32,2738.68,2,1,'2022-07-11 21:06:19','2022-07-11 21:06:19',NULL),(267,7272,215,2,14289.26,3000.74,2,1,'2022-07-11 21:06:52','2022-07-11 21:06:52',NULL),(268,7272,216,2,14570.25,3059.75,2,1,'2022-07-11 21:07:37','2022-07-11 21:07:37',NULL),(269,7272,217,2,14735.54,3094.46,2,1,'2022-07-11 21:09:14','2022-07-11 21:09:14',NULL),(270,7272,218,2,11099.17,2330.83,2,1,'2022-07-11 21:10:10','2022-07-11 21:10:10',NULL),(271,7272,219,2,13983.47,2936.53,2,1,'2022-07-11 21:10:55','2022-07-11 21:10:55',NULL),(272,7272,220,2,3356.84,704.94,2,1,'2022-07-11 21:23:23','2022-07-11 21:23:23',NULL),(273,7272,221,2,1152.78,242.08,2,1,'2022-07-11 21:23:23','2022-07-11 21:23:23',NULL),(274,7272,221,7,34.58,0.00,2,1,'2022-07-11 21:23:23','2022-07-11 21:23:23',NULL),(275,7272,222,2,2289.00,480.69,2,1,'2022-07-11 21:23:23','2022-07-11 21:23:23',NULL),(276,7272,223,2,1976.96,415.17,2,1,'2022-07-11 21:23:23','2022-07-11 21:23:23',NULL),(277,7272,223,7,59.31,0.00,2,1,'2022-07-11 21:23:23','2022-07-11 21:23:23',NULL),(278,7272,224,2,2513.00,527.73,2,1,'2022-07-11 21:23:23','2022-07-11 21:23:23',NULL),(279,7272,225,2,1999.58,419.91,2,1,'2022-07-11 21:23:23','2022-07-11 21:23:23',NULL),(280,7272,226,2,1305.04,274.06,2,1,'2022-07-11 21:23:23','2022-07-11 21:23:23',NULL),(281,7272,226,7,39.15,0.00,2,1,'2022-07-11 21:23:23','2022-07-11 21:23:23',NULL),(282,7272,227,2,2428.47,509.98,2,1,'2022-07-11 21:23:23','2022-07-11 21:23:23',NULL),(283,7272,228,2,4744.90,996.43,2,1,'2022-07-11 21:23:23','2022-07-11 21:23:23',NULL),(284,7272,228,7,142.35,0.00,2,1,'2022-07-11 21:23:23','2022-07-11 21:23:23',NULL),(285,7272,229,2,3213.30,674.79,2,1,'2022-07-11 21:23:23','2022-07-11 21:23:23',NULL),(286,7272,230,2,9500.15,1995.03,2,1,'2022-07-11 21:23:23','2022-07-11 21:23:23',NULL),(287,7272,230,7,47.50,0.00,2,1,'2022-07-11 21:23:23','2022-07-11 21:23:23',NULL),(288,7272,231,2,7388.91,1551.67,2,1,'2022-07-11 21:23:23','2022-07-11 21:23:23',NULL),(289,7272,231,7,1199.43,0.00,2,1,'2022-07-11 21:23:23','2022-07-11 21:23:23',NULL),(290,7272,232,2,5355.67,1124.69,2,1,'2022-07-11 21:23:23','2022-07-11 21:23:23',NULL),(291,7272,233,2,875.86,183.93,2,1,'2022-07-11 21:23:23','2022-07-11 21:23:23',NULL);
INSERT INTO `receipt_taxes` VALUES (292,7272,234,2,1968.24,413.33,2,1,'2022-07-11 21:23:23','2022-07-11 21:23:23',NULL),(293,7272,235,2,8150.54,1711.61,2,1,'2022-07-11 21:23:23','2022-07-11 21:23:23',NULL),(294,7272,235,7,176.28,0.00,2,1,'2022-07-11 21:23:23','2022-07-11 21:23:23',NULL),(295,7272,236,2,3581.76,752.17,2,1,'2022-07-11 21:23:23','2022-07-11 21:23:23',NULL),(296,7272,236,7,690.53,0.00,2,1,'2022-07-11 21:23:23','2022-07-11 21:23:23',NULL),(297,7272,237,2,581.10,122.03,2,1,'2022-07-11 21:23:23','2022-07-11 21:23:23',NULL),(298,7272,238,2,1146.41,240.75,2,1,'2022-07-11 21:23:23','2022-07-11 21:23:23',NULL),(299,7272,238,7,34.39,0.00,2,1,'2022-07-11 21:23:23','2022-07-11 21:23:23',NULL),(300,7272,239,2,8468.61,1778.41,2,1,'2022-07-11 21:23:23','2022-07-11 21:23:23',NULL),(301,7272,239,7,814.79,0.00,2,1,'2022-07-11 21:23:23','2022-07-11 21:23:23',NULL),(302,7272,240,2,8468.61,1778.41,2,1,'2022-07-11 21:23:23','2022-07-11 21:23:23',NULL),(303,7272,240,7,814.80,0.00,2,1,'2022-07-11 21:23:23','2022-07-11 21:23:23',NULL),(304,7272,241,2,4272.47,897.22,2,1,'2022-07-11 21:23:23','2022-07-11 21:23:23',NULL),(305,7272,242,2,2618.10,549.80,2,1,'2022-07-11 21:23:23','2022-07-11 21:23:23',NULL),(306,7272,243,2,1862.83,391.19,2,1,'2022-07-11 21:23:24','2022-07-11 21:23:24',NULL),(307,7272,243,7,55.88,0.00,2,1,'2022-07-11 21:23:24','2022-07-11 21:23:24',NULL),(308,7272,244,2,2854.05,599.35,2,1,'2022-07-11 21:23:24','2022-07-11 21:23:24',NULL),(309,7272,244,7,62.46,0.00,2,1,'2022-07-11 21:23:24','2022-07-11 21:23:24',NULL),(310,7272,245,2,1699.11,356.81,2,1,'2022-07-11 21:23:24','2022-07-11 21:23:24',NULL),(311,7272,246,7,5000.00,0.00,2,1,'2022-07-11 21:23:24','2022-07-11 21:23:24',NULL),(312,7272,247,1,81447.96,8552.04,2,1,'2022-07-11 21:23:24','2022-07-11 21:23:24',NULL),(313,7272,248,2,1229.00,258.09,2,1,'2022-07-11 21:23:24','2022-07-11 21:23:24',NULL),(314,7272,248,7,36.87,0.00,2,1,'2022-07-11 21:23:24','2022-07-11 21:23:24',NULL),(315,7272,249,2,4195.64,881.08,2,1,'2022-07-11 21:23:24','2022-07-11 21:23:24',NULL),(316,7272,249,7,125.87,0.00,2,1,'2022-07-11 21:23:24','2022-07-11 21:23:24',NULL),(317,7272,250,2,4987.34,1047.34,2,1,'2022-07-11 21:23:24','2022-07-11 21:23:24',NULL),(318,7272,250,7,459.20,0.00,2,1,'2022-07-11 21:23:24','2022-07-11 21:23:24',NULL),(319,7272,251,2,6395.92,1343.14,2,1,'2022-07-11 21:23:24','2022-07-11 21:23:24',NULL),(320,7272,251,7,383.76,0.00,2,1,'2022-07-11 21:23:24','2022-07-11 21:23:24',NULL),(321,7272,252,2,3801.70,798.36,2,1,'2022-07-11 21:23:24','2022-07-11 21:23:24',NULL),(322,7272,253,2,6844.80,1437.41,2,1,'2022-07-11 21:23:24','2022-07-11 21:23:24',NULL),(323,7272,253,7,68.45,0.00,2,1,'2022-07-11 21:23:24','2022-07-11 21:23:24',NULL),(324,7272,254,2,2538.40,533.06,2,1,'2022-07-11 21:23:24','2022-07-11 21:23:24',NULL),(325,7272,255,2,9555.18,2006.59,2,1,'2022-07-11 21:23:24','2022-07-11 21:23:24',NULL),(326,7272,255,7,783.57,0.00,2,1,'2022-07-11 21:23:24','2022-07-11 21:23:24',NULL),(327,7272,256,6,0.00,0.00,2,1,'2022-07-11 21:23:24','2022-07-11 21:23:24',NULL),(328,7272,257,6,0.00,0.00,2,1,'2022-07-11 21:23:24','2022-07-11 21:23:24',NULL),(329,7272,258,2,1844.62,387.37,2,1,'2022-07-11 21:23:24','2022-07-11 21:23:24',NULL),(330,7272,258,7,55.34,0.00,2,1,'2022-07-11 21:23:24','2022-07-11 21:23:24',NULL),(331,7272,259,7,9500.00,0.00,2,1,'2022-07-11 21:23:24','2022-07-11 21:23:24',NULL),(332,7272,260,2,6847.77,1438.03,2,1,'2022-07-11 21:23:24','2022-07-11 21:23:24',NULL),(333,7272,260,7,67.98,0.00,2,1,'2022-07-11 21:23:24','2022-07-11 21:23:24',NULL),(334,7272,261,2,2591.19,544.15,2,1,'2022-07-11 21:23:24','2022-07-11 21:23:24',NULL),(335,7272,261,7,132.49,0.00,2,1,'2022-07-11 21:23:24','2022-07-11 21:23:24',NULL),(336,7272,262,2,622.28,130.68,2,1,'2022-07-11 21:23:24','2022-07-11 21:23:24',NULL),(337,7272,262,7,18.67,0.00,2,1,'2022-07-11 21:23:24','2022-07-11 21:23:24',NULL),(338,7272,263,2,4497.14,944.40,2,1,'2022-07-11 21:23:24','2022-07-11 21:23:24',NULL);
INSERT INTO `receipt_taxes` VALUES (339,7272,264,2,5310.67,1115.24,2,1,'2022-07-11 21:23:24','2022-07-11 21:23:24',NULL),(340,7272,264,7,159.32,0.00,2,1,'2022-07-11 21:23:24','2022-07-11 21:23:24',NULL),(341,7272,265,2,3396.23,713.21,2,1,'2022-07-11 21:23:24','2022-07-11 21:23:24',NULL),(342,7272,265,7,101.89,0.00,2,1,'2022-07-11 21:23:24','2022-07-11 21:23:24',NULL),(343,7272,266,2,8245.75,1731.61,2,1,'2022-07-11 21:23:24','2022-07-11 21:23:24',NULL),(344,7272,267,2,2691.90,565.30,2,1,'2022-07-11 21:23:24','2022-07-11 21:23:24',NULL),(345,7272,268,2,164.12,34.47,2,1,'2022-07-11 21:23:24','2022-07-11 21:23:24',NULL),(346,7272,268,7,16.41,0.00,2,1,'2022-07-11 21:23:24','2022-07-11 21:23:24',NULL),(347,7272,269,2,78.51,16.49,2,1,'2022-07-11 21:23:25','2022-07-11 21:23:25',NULL),(348,7272,270,2,1757.47,369.07,2,1,'2022-07-11 21:23:25','2022-07-11 21:23:25',NULL),(349,7272,271,2,4360.41,915.68,2,1,'2022-07-11 21:23:25','2022-07-11 21:23:25',NULL),(350,7272,271,7,261.63,0.00,2,1,'2022-07-11 21:23:25','2022-07-11 21:23:25',NULL),(351,7272,272,2,2513.00,527.73,2,1,'2022-07-11 21:23:25','2022-07-11 21:23:25',NULL),(352,7272,273,2,4570.00,959.70,2,1,'2022-07-11 21:23:25','2022-07-11 21:23:25',NULL),(353,7272,274,2,13976.20,2935.01,2,1,'2022-07-11 21:23:25','2022-07-11 21:23:25',NULL),(354,7272,274,7,1316.40,0.00,2,1,'2022-07-11 21:23:25','2022-07-11 21:23:25',NULL),(355,7272,275,2,2670.00,560.70,2,1,'2022-07-11 21:23:25','2022-07-11 21:23:25',NULL),(356,7272,275,7,26.70,0.00,2,1,'2022-07-11 21:23:25','2022-07-11 21:23:25',NULL),(357,7272,276,2,3384.51,710.75,2,1,'2022-07-11 21:23:25','2022-07-11 21:23:25',NULL),(358,7272,277,2,991.73,208.26,2,1,'2022-07-11 21:23:25','2022-07-11 21:23:25',NULL),(359,7272,277,7,29.75,0.00,2,1,'2022-07-11 21:23:25','2022-07-11 21:23:25',NULL),(360,7272,278,2,12317.01,2586.57,2,1,'2022-07-11 21:23:25','2022-07-11 21:23:25',NULL),(361,7272,278,7,324.43,0.00,2,1,'2022-07-11 21:23:25','2022-07-11 21:23:25',NULL),(362,7272,279,2,1754.51,368.45,2,1,'2022-07-11 21:23:25','2022-07-11 21:23:25',NULL),(363,7272,279,7,73.16,0.00,2,1,'2022-07-11 21:23:25','2022-07-11 21:23:25',NULL),(364,7272,280,2,3316.40,696.44,2,1,'2022-07-11 21:23:25','2022-07-11 21:23:25',NULL),(365,7272,280,7,99.49,0.00,2,1,'2022-07-11 21:23:25','2022-07-11 21:23:25',NULL),(366,7272,281,2,622.28,130.68,2,1,'2022-07-11 21:23:25','2022-07-11 21:23:25',NULL),(367,7272,281,7,18.67,0.00,2,1,'2022-07-11 21:23:25','2022-07-11 21:23:25',NULL),(368,7272,282,2,4397.75,923.53,2,1,'2022-07-11 21:23:25','2022-07-11 21:23:25',NULL),(369,7272,283,2,2573.73,540.48,2,1,'2022-07-11 21:23:25','2022-07-11 21:23:25',NULL),(370,7272,284,2,1523.24,319.88,2,1,'2022-07-11 21:23:25','2022-07-11 21:23:25',NULL),(371,7272,284,7,45.70,0.00,2,1,'2022-07-11 21:23:25','2022-07-11 21:23:25',NULL),(372,7272,285,2,2923.90,614.02,2,1,'2022-07-11 21:23:25','2022-07-11 21:23:25',NULL),(373,7272,286,2,1244.01,261.24,2,1,'2022-07-11 21:23:25','2022-07-11 21:23:25',NULL),(374,7272,286,7,37.32,0.00,2,1,'2022-07-11 21:23:25','2022-07-11 21:23:25',NULL),(375,7272,287,2,6570.00,1379.70,2,1,'2022-07-11 21:23:25','2022-07-11 21:23:25',NULL),(376,7272,287,7,512.17,0.00,2,1,'2022-07-11 21:23:25','2022-07-11 21:23:25',NULL),(377,7272,288,2,11849.50,2488.40,2,1,'2022-07-11 21:23:25','2022-07-11 21:23:25',NULL),(378,7272,289,2,3269.45,686.58,2,1,'2022-07-11 21:23:25','2022-07-11 21:23:25',NULL),(379,7272,290,2,7991.52,1678.23,2,1,'2022-07-11 21:23:25','2022-07-11 21:23:25',NULL),(380,7272,290,7,832.51,0.00,2,1,'2022-07-11 21:23:25','2022-07-11 21:23:25',NULL),(381,7272,291,2,6406.53,1345.37,2,1,'2022-07-11 21:23:25','2022-07-11 21:23:25',NULL),(382,7272,291,7,192.20,0.00,2,1,'2022-07-11 21:23:25','2022-07-11 21:23:25',NULL),(383,7272,292,2,7987.05,1677.28,2,1,'2022-07-11 21:23:25','2022-07-11 21:23:25',NULL),(384,7272,292,7,216.45,0.00,2,1,'2022-07-11 21:23:25','2022-07-11 21:23:25',NULL),(385,7272,293,2,2158.83,453.35,2,1,'2022-07-11 21:23:25','2022-07-11 21:23:25',NULL);
INSERT INTO `receipt_taxes` VALUES (386,7272,293,7,64.76,0.00,2,1,'2022-07-11 21:23:25','2022-07-11 21:23:25',NULL),(387,7272,294,2,10463.25,2197.28,2,1,'2022-07-11 21:23:25','2022-07-11 21:23:25',NULL),(388,7272,295,2,2305.50,484.16,2,1,'2022-07-11 21:23:26','2022-07-11 21:23:26',NULL),(389,7272,296,2,3925.62,824.38,2,1,'2022-07-11 21:23:26','2022-07-11 21:23:26',NULL),(390,7272,297,2,1980.44,415.90,2,1,'2022-07-11 21:23:26','2022-07-11 21:23:26',NULL),(391,7272,297,7,59.41,0.00,2,1,'2022-07-11 21:23:26','2022-07-11 21:23:26',NULL),(392,7272,298,2,1674.12,351.57,2,1,'2022-07-11 21:23:26','2022-07-11 21:23:26',NULL),(393,7272,298,7,50.22,0.00,2,1,'2022-07-11 21:23:26','2022-07-11 21:23:26',NULL),(397,7272,187,2,13123.97,2756.03,2,1,'2022-07-12 16:44:28','2022-07-12 16:44:28',NULL),(398,7272,188,2,12023.14,2524.86,2,1,'2022-07-12 16:44:59','2022-07-12 16:44:59',NULL),(399,7272,189,2,11611.57,2438.43,2,1,'2022-07-12 16:45:23','2022-07-12 16:45:23',NULL),(400,7272,190,2,15355.37,3224.63,2,1,'2022-07-12 16:46:31','2022-07-12 16:46:31',NULL),(401,7272,191,2,14820.17,3112.24,2,1,'2022-07-12 16:47:30','2022-07-12 16:47:30',NULL),(402,7272,198,2,16685.95,3504.05,2,1,'2022-07-12 17:50:02','2022-07-12 17:50:02',NULL),(403,7272,302,2,12397.00,2603.37,2,1,'2022-07-14 17:35:42','2022-07-14 17:35:42',NULL),(404,7272,303,2,144655.72,30377.70,2,1,'2022-07-14 17:35:42','2022-07-14 17:35:42',NULL),(405,7272,304,2,6316.00,1326.36,2,1,'2022-07-14 17:35:42','2022-07-14 17:35:42',NULL),(406,7272,305,2,8622.00,1810.62,2,1,'2022-07-14 17:35:42','2022-07-14 17:35:42',NULL),(407,7272,306,2,4737.00,994.77,2,1,'2022-07-14 17:35:42','2022-07-14 17:35:42',NULL),(408,7272,307,2,9072.00,1905.12,2,1,'2022-07-14 17:35:42','2022-07-14 17:35:42',NULL),(409,7272,308,2,29783.00,6254.43,2,1,'2022-07-14 17:35:42','2022-07-14 17:35:42',NULL),(410,7272,309,2,9072.00,1905.12,2,1,'2022-07-14 17:35:42','2022-07-14 17:35:42',NULL),(411,7272,310,2,1813.84,380.91,2,1,'2022-07-14 17:36:39','2022-07-14 17:36:39',NULL),(412,7272,311,2,5541.32,1163.68,2,1,'2022-07-14 17:36:39','2022-07-14 17:36:39',NULL),(413,7272,312,2,383.32,80.50,2,1,'2022-07-14 17:36:39','2022-07-14 17:36:39',NULL),(414,7272,312,7,90.56,0.00,2,1,'2022-07-14 17:36:39','2022-07-14 17:36:39',NULL),(415,7272,313,1,2773.82,468.92,2,1,'2022-07-14 17:36:39','2022-07-14 17:36:39',NULL),(416,7272,314,2,2226.70,402.52,2,1,'2022-07-14 17:36:39','2022-07-14 17:36:39',NULL),(417,7272,315,1,3390.90,607.43,2,1,'2022-07-14 17:36:39','2022-07-14 17:36:39',NULL),(418,7272,315,7,71.83,0.00,2,1,'2022-07-14 17:36:39','2022-07-14 17:36:39',NULL),(419,7272,316,2,241.81,50.78,2,1,'2022-07-14 17:36:39','2022-07-14 17:36:39',NULL),(420,7272,316,7,57.91,0.00,2,1,'2022-07-14 17:36:39','2022-07-14 17:36:39',NULL),(421,7272,317,1,2474.81,265.04,2,1,'2022-07-14 17:36:39','2022-07-14 17:36:39',NULL),(422,7272,318,2,1332.08,257.56,2,1,'2022-07-14 17:36:39','2022-07-14 17:36:39',NULL),(423,7272,319,2,137.75,28.93,2,1,'2022-07-14 17:36:39','2022-07-14 17:36:39',NULL),(424,7272,320,2,2046.24,429.71,2,1,'2022-07-14 17:36:39','2022-07-14 17:36:39',NULL),(425,7272,320,7,61.39,0.00,2,1,'2022-07-14 17:36:39','2022-07-14 17:36:39',NULL),(426,7272,321,3,2780.83,750.82,2,1,'2022-07-14 17:36:39','2022-07-14 17:36:39',NULL),(427,7272,321,7,229.78,0.00,2,1,'2022-07-14 17:36:39','2022-07-14 17:36:39',NULL),(428,7272,322,2,396.36,83.24,2,1,'2022-07-14 17:36:39','2022-07-14 17:36:39',NULL),(429,7272,322,7,96.38,0.00,2,1,'2022-07-14 17:36:39','2022-07-14 17:36:39',NULL),(430,7272,323,2,3101.70,651.36,2,1,'2022-07-14 17:36:39','2022-07-14 17:36:39',NULL),(431,7272,324,2,602.28,126.48,2,1,'2022-07-14 17:36:39','2022-07-14 17:36:39',NULL),(432,7272,325,2,2598.92,528.78,2,1,'2022-07-14 17:36:39','2022-07-14 17:36:39',NULL),(433,7272,326,1,4458.25,738.32,2,1,'2022-07-14 17:36:39','2022-07-14 17:36:39',NULL),(434,7272,326,7,77.20,0.00,2,1,'2022-07-14 17:36:39','2022-07-14 17:36:39',NULL),(435,7272,327,2,542.26,113.88,2,1,'2022-07-14 17:36:39','2022-07-14 17:36:39',NULL);
INSERT INTO `receipt_taxes` VALUES (436,7272,328,2,2598.30,545.64,2,1,'2022-07-14 17:36:39','2022-07-14 17:36:39',NULL),(437,7272,329,2,1569.20,329.53,2,1,'2022-07-14 17:36:39','2022-07-14 17:36:39',NULL),(438,7272,330,2,1064.06,213.01,2,1,'2022-07-14 17:36:39','2022-07-14 17:36:39',NULL),(439,7272,330,7,3.67,0.00,2,1,'2022-07-14 17:36:39','2022-07-14 17:36:39',NULL),(440,7272,331,3,2615.51,706.19,2,1,'2022-07-14 17:36:39','2022-07-14 17:36:39',NULL),(441,7272,331,7,78.47,0.00,2,1,'2022-07-14 17:36:39','2022-07-14 17:36:39',NULL),(442,7272,332,2,6097.52,1280.48,2,1,'2022-07-14 17:36:40','2022-07-14 17:36:40',NULL),(443,7272,333,2,307.00,64.47,2,1,'2022-07-14 17:36:40','2022-07-14 17:36:40',NULL),(444,7272,333,7,72.53,0.00,2,1,'2022-07-14 17:36:40','2022-07-14 17:36:40',NULL),(445,7272,334,2,2717.99,529.83,2,1,'2022-07-14 17:36:40','2022-07-14 17:36:40',NULL),(446,7272,334,7,73.79,0.00,2,1,'2022-07-14 17:36:40','2022-07-14 17:36:40',NULL),(447,7272,335,7,9500.00,0.00,2,1,'2022-07-14 17:36:40','2022-07-14 17:36:40',NULL),(448,7272,336,2,3260.19,615.97,2,1,'2022-07-14 17:36:40','2022-07-14 17:36:40',NULL),(449,7272,336,7,78.19,0.00,2,1,'2022-07-14 17:36:40','2022-07-14 17:36:40',NULL),(450,7272,337,2,6724.63,1412.17,2,1,'2022-07-14 17:36:40','2022-07-14 17:36:40',NULL),(451,7272,337,7,201.74,0.00,2,1,'2022-07-14 17:36:40','2022-07-14 17:36:40',NULL),(452,7272,338,2,280.78,58.96,2,1,'2022-07-14 17:36:40','2022-07-14 17:36:40',NULL),(453,7272,338,7,68.27,0.00,2,1,'2022-07-14 17:36:40','2022-07-14 17:36:40',NULL),(454,7272,339,2,675.81,141.92,2,1,'2022-07-14 17:36:40','2022-07-14 17:36:40',NULL),(455,7272,339,7,186.22,0.00,2,1,'2022-07-14 17:36:40','2022-07-14 17:36:40',NULL),(456,7272,340,1,2093.37,271.49,2,1,'2022-07-14 17:36:40','2022-07-14 17:36:40',NULL),(457,7272,341,2,2689.82,564.86,2,1,'2022-07-14 17:36:40','2022-07-14 17:36:40',NULL),(458,7272,341,7,0.01,0.00,2,1,'2022-07-14 17:36:40','2022-07-14 17:36:40',NULL),(459,7272,342,2,981.82,206.18,2,1,'2022-07-14 17:36:40','2022-07-14 17:36:40',NULL),(460,7272,343,1,2147.33,283.91,2,1,'2022-07-14 17:36:40','2022-07-14 17:36:40',NULL),(461,7272,344,2,594.74,124.90,2,1,'2022-07-14 17:36:40','2022-07-14 17:36:40',NULL),(462,7272,345,2,463.97,97.43,2,1,'2022-07-14 17:36:40','2022-07-14 17:36:40',NULL),(463,7272,346,2,1379.75,289.75,2,1,'2022-07-14 17:36:40','2022-07-14 17:36:40',NULL),(464,7272,347,1,2820.62,380.48,2,1,'2022-07-14 17:36:40','2022-07-14 17:36:40',NULL),(465,7272,348,2,308.72,64.83,2,1,'2022-07-14 17:36:40','2022-07-14 17:36:40',NULL),(466,7272,348,7,72.94,0.00,2,1,'2022-07-14 17:36:40','2022-07-14 17:36:40',NULL),(467,7272,349,2,2973.24,546.87,2,1,'2022-07-14 17:36:40','2022-07-14 17:36:40',NULL),(468,7272,349,7,67.05,0.00,2,1,'2022-07-14 17:36:40','2022-07-14 17:36:40',NULL),(469,7272,350,2,460.56,96.72,2,1,'2022-07-14 17:36:40','2022-07-14 17:36:40',NULL),(470,7272,351,2,337.20,70.81,2,1,'2022-07-14 17:36:40','2022-07-14 17:36:40',NULL),(471,7272,351,7,80.76,0.00,2,1,'2022-07-14 17:36:40','2022-07-14 17:36:40',NULL),(472,7272,352,2,702.85,129.52,2,1,'2022-07-14 17:36:40','2022-07-14 17:36:40',NULL),(473,7272,353,1,6502.81,1125.03,2,1,'2022-07-14 17:36:40','2022-07-14 17:36:40',NULL),(474,7272,353,7,118.88,0.00,2,1,'2022-07-14 17:36:40','2022-07-14 17:36:40',NULL),(475,7272,354,1,1472.70,238.98,2,1,'2022-07-14 17:36:40','2022-07-14 17:36:40',NULL),(476,7272,355,1,2157.01,255.65,2,1,'2022-07-14 17:36:40','2022-07-14 17:36:40',NULL),(477,7272,356,2,1179.79,247.75,2,1,'2022-07-14 17:36:40','2022-07-14 17:36:40',NULL),(478,7272,357,2,323.60,67.96,2,1,'2022-07-14 17:36:41','2022-07-14 17:36:41',NULL),(479,7272,357,7,73.71,0.00,2,1,'2022-07-14 17:36:41','2022-07-14 17:36:41',NULL),(480,7272,358,2,680.69,142.95,2,1,'2022-07-14 17:36:41','2022-07-14 17:36:41',NULL),(481,7272,359,2,565.99,118.86,2,1,'2022-07-14 17:36:41','2022-07-14 17:36:41',NULL),(482,7272,360,1,1364.12,204.93,2,1,'2022-07-14 17:36:41','2022-07-14 17:36:41',NULL),(483,7272,361,2,437.35,91.84,2,1,'2022-07-14 17:36:41','2022-07-14 17:36:41',NULL);
INSERT INTO `receipt_taxes` VALUES (484,7272,362,2,48726.40,10232.54,2,1,'2022-07-14 17:36:41','2022-07-14 17:36:41',NULL),(485,7272,362,7,1461.79,0.00,2,1,'2022-07-14 17:36:41','2022-07-14 17:36:41',NULL),(486,7272,363,7,28000.00,0.00,2,1,'2022-07-14 20:58:44','2022-07-14 20:58:44',NULL),(487,7272,364,2,909.09,190.91,2,1,'2022-07-14 20:58:44','2022-07-14 20:58:44',NULL),(488,7272,365,7,8000.00,0.00,2,1,'2022-07-14 20:58:44','2022-07-14 20:58:44',NULL),(489,7272,366,5,10269.81,419.96,2,1,'2022-07-14 20:58:44','2022-07-14 20:58:44',NULL),(490,7272,366,7,10540.69,0.00,2,1,'2022-07-14 20:58:44','2022-07-14 20:58:44',NULL),(491,7272,366,8,10121.73,0.00,2,1,'2022-07-14 20:58:44','2022-07-14 20:58:44',NULL),(492,7272,367,2,5165.29,1084.71,2,1,'2022-07-14 20:58:44','2022-07-14 20:58:44',NULL),(493,7272,368,2,3183.13,668.46,2,1,'2022-07-14 20:58:44','2022-07-14 20:58:44',NULL),(494,7272,368,7,600.61,0.00,2,1,'2022-07-14 20:58:44','2022-07-14 20:58:44',NULL),(495,7272,369,2,1239.67,260.33,2,1,'2022-07-14 20:58:44','2022-07-14 20:58:44',NULL),(496,7272,370,2,909.09,190.91,2,1,'2022-07-14 20:58:44','2022-07-14 20:58:44',NULL),(497,7272,371,2,4380.17,919.83,2,1,'2022-07-14 20:58:44','2022-07-14 20:58:44',NULL),(498,7272,372,7,16000.00,0.00,2,1,'2022-07-14 20:58:44','2022-07-14 20:58:44',NULL),(499,7272,373,2,909.09,190.91,2,1,'2022-07-14 20:58:44','2022-07-14 20:58:44',NULL),(500,7272,374,2,6.75,1.42,2,1,'2022-07-14 20:58:44','2022-07-14 20:58:44',NULL),(501,7272,375,2,14.38,3.02,2,1,'2022-07-14 20:58:44','2022-07-14 20:58:44',NULL),(502,7272,376,2,18.04,3.79,2,1,'2022-07-14 20:58:44','2022-07-14 20:58:44',NULL),(503,7272,377,2,2074.37,435.62,2,1,'2022-07-14 20:58:44','2022-07-14 20:58:44',NULL),(504,7272,377,7,62.23,0.00,2,1,'2022-07-14 20:58:44','2022-07-14 20:58:44',NULL),(505,7272,378,2,3794.01,796.74,2,1,'2022-07-14 20:58:44','2022-07-14 20:58:44',NULL),(506,7272,378,7,1022.46,0.00,2,1,'2022-07-14 20:58:44','2022-07-14 20:58:44',NULL),(507,7272,379,2,269.42,56.58,2,1,'2022-07-14 20:58:44','2022-07-14 20:58:44',NULL),(508,7272,380,2,4636.36,973.64,2,1,'2022-07-14 20:58:44','2022-07-14 20:58:44',NULL),(509,7272,381,6,0.00,0.00,2,1,'2022-07-14 20:58:44','2022-07-14 20:58:44',NULL),(510,7272,381,7,876.88,0.00,2,1,'2022-07-14 20:58:44','2022-07-14 20:58:44',NULL),(511,7272,381,8,73073.12,0.00,2,1,'2022-07-14 20:58:44','2022-07-14 20:58:44',NULL),(512,7272,382,2,1474.36,309.62,2,1,'2022-07-14 20:58:44','2022-07-14 20:58:44',NULL),(513,7272,383,7,8000.00,0.00,2,1,'2022-07-14 20:58:44','2022-07-14 20:58:44',NULL),(514,7272,384,7,8000.00,0.00,2,1,'2022-07-14 20:58:44','2022-07-14 20:58:44',NULL),(515,7272,385,2,105326.45,22118.55,2,1,'2022-07-14 21:01:58','2022-07-14 21:01:58',NULL),(516,7272,386,2,36800.00,7728.00,2,1,'2022-07-14 21:01:58','2022-07-14 21:01:58',NULL),(517,7272,387,2,164000.00,34440.00,2,1,'2022-07-14 21:01:58','2022-07-14 21:01:58',NULL),(518,7272,388,2,169000.00,35490.00,2,1,'2022-07-14 21:01:58','2022-07-14 21:01:58',NULL);

--
-- Table structure for table `receipt_types`
--

CREATE TABLE `receipt_types` (
  `id` int(10) unsigned NOT NULL AUTO_INCREMENT,
  `user_id` int(10) unsigned DEFAULT NULL,
  `created_at` timestamp NULL DEFAULT NULL,
  `updated_at` timestamp NULL DEFAULT NULL,
  `name` varchar(255) COLLATE utf8mb4_unicode_ci NOT NULL,
  `code` varchar(255) COLLATE utf8mb4_unicode_ci DEFAULT NULL,
  `credit` int(11) DEFAULT '0',
  `agroup_iva_module` int(10) unsigned DEFAULT NULL,
  `sell_no_taxabled` int(11) DEFAULT '0',
  `buy_no_taxabled` int(11) DEFAULT '0',
  `iva_condition_id` int(11) DEFAULT NULL,
  `is_fce_pyme` tinyint(1) NOT NULL DEFAULT '0',
  `afip_comprobante_id` int(11) DEFAULT NULL,
  `tipo` varchar(255) COLLATE utf8mb4_unicode_ci DEFAULT NULL,
  `letra` varchar(255) COLLATE utf8mb4_unicode_ci DEFAULT NULL,
  `facta_electronica` int(10) unsigned NOT NULL DEFAULT '0',
  `is_stock_lpg` tinyint(1) NOT NULL DEFAULT '0',
  `show_from_total` tinyint(1) NOT NULL DEFAULT '0',
  `deleted_at` timestamp NULL DEFAULT NULL,
  PRIMARY KEY (`id`)
) ENGINE=InnoDB AUTO_INCREMENT=72 DEFAULT CHARSET=utf8mb4 COLLATE=utf8mb4_unicode_ci;

--
-- Dumping data for table `receipt_types`
--

INSERT INTO `receipt_types` VALUES (1,NULL,NULL,'2019-07-29 22:19:32','Factura A','1',0,1,0,0,2,0,1,'Factura','A',1,0,0,NULL),(2,NULL,NULL,'2019-07-29 22:19:32','Nota de débito A','2',0,1,0,0,2,0,2,'Nota de Débito','A',1,0,0,NULL),(3,NULL,NULL,'2019-07-29 22:19:32','Nota de crédito A','3',1,NULL,0,0,2,0,3,'Nota de Crédito','A',1,0,0,NULL),(4,NULL,NULL,'2022-05-26 17:36:13','Factura B','6',0,2,0,1,2,0,6,'Factura','B',1,0,1,NULL),(5,NULL,NULL,'2022-05-26 17:36:13','Nota de débito B','7',0,2,0,1,2,0,7,'Nota de Débito','B',1,0,1,NULL),(6,NULL,NULL,'2022-05-26 17:36:13','Nota de crédito B','8',1,NULL,0,1,2,0,8,'Nota de Crédito','B',1,0,1,NULL),(7,NULL,NULL,'2019-07-29 22:19:32','Factura C','11',0,0,1,1,1,0,11,'Factura','C',1,0,0,NULL),(8,NULL,NULL,'2019-07-29 22:19:32','Nota de débito C','12',0,0,1,1,1,0,12,'Nota de Débito','C',1,0,0,NULL),(9,NULL,NULL,'2019-07-29 22:19:32','Nota de crédito C','13',1,NULL,1,1,1,0,13,'Nota de Crédito','C',1,0,0,NULL),(10,NULL,NULL,NULL,'RECIBO A','4',0,1,0,0,2,0,4,'RECIBO','A',0,0,0,NULL),(11,NULL,NULL,'2022-05-26 17:36:13','RECIBO B','9',0,2,0,1,2,0,9,'RECIBO','B',0,0,1,NULL),(12,NULL,NULL,NULL,'RECIBO C','15',0,0,1,1,1,0,15,'RECIBO','C',0,0,0,NULL),(13,NULL,NULL,'2020-02-27 02:46:40','Factura E','19',0,0,1,0,2,0,19,'Factura','E',0,0,0,NULL),(14,NULL,NULL,'2020-02-27 02:46:40','Nota de débito E','20',0,0,1,0,2,0,20,'Nota de Débito','E',0,0,0,NULL),(15,NULL,NULL,'2020-02-27 02:46:40','Nota de Crédito E','21',1,NULL,1,0,2,0,21,'Nota de Crédito','E',0,0,0,NULL),(16,NULL,NULL,'2022-05-26 17:36:25','Factura M','51',0,1,0,0,2,0,51,'Factura','M',1,0,0,NULL),(17,NULL,NULL,'2020-02-27 02:46:40','Despacho de Importacion','66',0,NULL,0,0,0,0,66,NULL,NULL,0,0,0,NULL),(18,NULL,NULL,'2022-05-26 17:36:25','Nota de Credito M','53',1,NULL,0,0,2,0,53,'Nota de Crédito','M',1,0,0,NULL),(19,NULL,NULL,'2022-05-26 17:36:25','Nota de Debito M','52',1,1,0,0,2,0,52,'Nota de Débito','M',1,0,0,NULL),(20,NULL,NULL,NULL,'Recibo M','54',0,1,0,0,2,0,54,'RECIBO','M',0,0,0,NULL),(21,NULL,NULL,NULL,'Recibo E',NULL,1,0,1,0,2,0,NULL,'RECIBO','E',0,0,0,NULL),(22,NULL,'2019-05-14 21:22:16','2022-05-26 17:36:13','Liquidacion Primaria de Granos','33',0,1,0,0,2,0,33,'Liquidacion Primaria de Granos','A',0,1,0,NULL),(23,NULL,'2019-11-05 19:00:05','2019-11-05 19:00:05','FACTURA DE CRÉDITO ELECTRÓNICA MiPyMEs (FCE) A','201',0,1,0,0,2,1,201,'FACTURA DE CRÉDITO ELECTRÓNICA MiPyMEs (FCE)','A',1,0,0,NULL),(24,NULL,'2019-11-05 19:00:05','2019-11-05 19:00:05','NOTA DE DEBITO ELECTRÓNICA MiPyMEs (FCE) A','202',0,1,0,0,2,1,202,'NOTA DEBITO DE CRÉDITO ELECTRÓNICA MiPyMEs (FCE)','A',1,0,0,NULL),(25,NULL,'2019-11-05 19:00:05','2019-11-05 19:00:05','NOTA DE CREDITO ELECTRÓNICA MiPyMEs (FCE) A','203',1,NULL,0,0,2,1,203,'NOTA CREDITO DE CRÉDITO ELECTRÓNICA MiPyMEs (FCE)','A',1,0,0,NULL),(26,NULL,'2019-11-05 19:00:05','2022-05-26 17:36:13','FACTURA DE CRÉDITO ELECTRÓNICA MiPyMEs (FCE) B','206',0,2,0,1,2,1,206,'FACTURA DE CRÉDITO ELECTRÓNICA MiPyMEs (FCE)','B',1,0,1,NULL),(27,NULL,'2019-11-05 19:00:05','2022-05-26 17:36:13','NOTA DE DEBITO ELECTRÓNICA MiPyMEs (FCE) B','207',0,2,0,1,2,1,207,'NOTA DEBITO DE CRÉDITO ELECTRÓNICA MiPyMEs (FCE)','B',1,0,1,NULL),(28,NULL,'2019-11-05 19:00:05','2022-05-26 17:36:13','NOTA DE CREDITO ELECTRÓNICA MiPyMEs (FCE) B','208',1,NULL,0,1,2,1,208,'NOTA CREDITO DE CRÉDITO ELECTRÓNICA MiPyMEs (FCE)','B',1,0,1,NULL),(29,NULL,'2019-11-05 19:00:05','2019-11-05 19:00:05','FACTURA DE CRÉDITO ELECTRÓNICA MiPyMEs (FCE) C','211',0,0,1,1,1,1,211,'FACTURA DE CRÉDITO ELECTRÓNICA MiPyMEs (FCE)','C',1,0,0,NULL),(30,NULL,'2019-11-05 19:00:05','2019-11-05 19:00:05','NOTA DE DEBITO ELECTRÓNICA MiPyMEs (FCE) C','212',0,0,1,1,1,1,212,'NOTA DEBITO DE CRÉDITO ELECTRÓNICA MiPyMEs (FCE)','C',1,0,0,NULL),(31,NULL,'2019-11-05 19:00:05','2019-11-05 19:00:05','NOTA DE CRÉDITO ELECTRÓNICA MiPyMEs (FCE) C','213',1,NULL,1,1,1,1,213,'NOTA CREDITO DE CRÉDITO ELECTRÓNICA MiPyMEs (FCE)','C',1,0,0,NULL);
INSERT INTO `receipt_types` VALUES (32,NULL,'2020-01-28 01:59:55','2022-05-26 17:36:13','Tique (Informe Diario Z)','83',0,2,0,0,2,0,83,'Cierre Diario Informe Z','Z',0,0,1,NULL),(33,NULL,'2020-02-19 04:48:11','2020-02-19 04:48:11','Comprobantes de Compra de Bienes No Registrables a Consumidores Finales','49',0,1,0,0,2,0,49,'Comprobantes de Compra de Bienes No Registrables','a Consumidores Finales',0,0,0,NULL),(34,NULL,'2022-05-26 17:36:10','2022-08-17 11:25:39','Cuenta de Venta y Líquido Producto A','60',0,1,0,0,2,1,60,'Cuentas de Venta y Liquido Producto A','A',1,0,0,NULL),(35,NULL,'2022-05-26 17:36:10','2022-08-17 11:25:39','Cuenta de Venta y Líquido Producto B','61',0,2,0,1,2,1,61,'Cuentas de Venta y Liquido Producto B','B',1,0,1,NULL),(36,NULL,'2022-05-26 17:36:10','2022-05-26 17:36:14','Liquidaciones A','63',0,1,0,0,2,1,63,'Liquidaciones A','A',1,0,0,NULL),(37,NULL,'2022-05-26 17:36:10','2022-05-26 17:36:14','Liquidaciones B','64',0,2,0,1,2,1,64,'Liquidaciones B','B',1,0,1,NULL),(38,NULL,'2022-05-26 17:36:13','2022-05-26 17:36:17','Tique Factura A','81',0,1,0,0,2,1,81,'Tique Factura','A',0,0,0,NULL),(39,NULL,'2022-05-26 17:36:13','2022-05-26 17:36:17','Tique Factura B','82',0,2,0,1,2,1,82,'Tique Factura','B',0,0,1,NULL),(40,NULL,'2022-05-26 17:36:13','2022-05-26 17:36:22','OTROS COMPROBANTES QUE NO CUMPLEN O ESTÁN EXCEPTUADOS DE LA R.G. 1415 Y SUS MODIF','99',0,1,1,1,1,1,99,'OTROS COMPROBANTES QUE NO CUMPLEN O ESTÁN EXCEPTUADOS DE LA R.G. 1415 Y SUS MODIF ','OTROS',0,0,0,NULL),(41,NULL,'2022-05-26 17:36:13','2022-05-26 17:36:13','Liquidacion de Compra A - Sector Pecuario','183',0,1,0,0,2,0,183,'Liquidacion de Compra','A',0,0,0,NULL),(42,NULL,'2022-05-26 17:36:13','2022-05-26 17:36:13','Liquidacion de Compra B - Sector Pecuario','185',0,2,0,1,2,0,185,'Liquidacion de Compra','B',0,0,1,NULL),(43,NULL,'2022-05-26 17:36:15','2022-05-26 17:36:17','Liquidacion de Venta Directa A - Sector Pecuario','190',0,1,0,0,2,1,190,'Liquidacion de Venta Directa','A',0,0,0,NULL),(44,NULL,'2022-05-26 17:36:15','2022-05-26 17:36:17','Liquidacion de Venta Directa B - Sector Pecuario','191',0,2,0,1,2,1,191,'Liquidacion de Venta Directa','B',0,0,0,NULL),(45,NULL,'2022-05-26 17:36:16','2022-05-26 17:36:17','Liquidacion Secundaria de Granos','331',0,1,0,0,2,1,331,'Liquidacion Secundaria de Granos','LSG',0,0,0,NULL),(46,NULL,'2022-05-26 17:36:16','2022-05-26 17:36:17','Certificado de Deposito','332',0,1,0,0,2,1,332,'Certificado de Deposito','CD',0,0,0,NULL),(47,NULL,'2022-05-26 17:36:16','2022-05-26 17:36:17','Liquidacion de Servicios Publicos Clase A','17',0,1,0,0,2,1,17,'Liquidacion de Servicios Publicos Clase A','LSPCA',0,0,0,NULL),(48,NULL,'2022-05-26 17:36:22','2022-05-26 17:36:22','Liquidacion de Servicios Publicos Clase B','18',0,2,0,1,2,1,18,'Liquidacion de Servicios Publicos Clase B','LSPCA',1,0,0,NULL),(49,NULL,NULL,NULL,'Factura Clase T','195',0,1,0,0,2,0,195,'Factura Clase T','T',0,0,0,NULL),(50,NULL,NULL,NULL,'Nota de Debito Clase T','196',0,1,0,0,2,0,196,'Factura Clase T','T',0,0,0,NULL),(51,NULL,NULL,NULL,'Nota de Credito Clase T','197',1,NULL,0,0,2,0,197,'Factura Clase T','T',0,0,0,NULL),(52,NULL,NULL,'2022-08-17 11:25:39','Cuenta de Venta y Líquido Producto A - Sector Pecuario','180',0,1,0,0,2,0,180,'Cuenta de Venta y Líquido Producto A','A',0,0,0,NULL),(53,NULL,NULL,'2022-08-17 11:25:39','Cuenta de Venta y Líquido Producto B - Sector Pecuario','182',0,2,0,1,2,0,182,'Cuenta de Venta y Líquido Producto B','B',0,0,0,NULL),(54,NULL,NULL,NULL,'Liquidación de Compra A','183',0,1,0,0,2,0,183,'Liquidación de Compra A ','A',0,0,0,NULL),(55,NULL,NULL,NULL,'Liquidación de Compra B','185',0,2,0,1,2,0,185,'Liquidación de Compra B ','B',0,0,0,NULL),(56,NULL,NULL,NULL,'Liquidación de Compra Directa A','186',0,1,0,0,2,0,186,'Liquidación de Compra Directa A','A',0,0,0,NULL),(57,NULL,NULL,NULL,'Liquidación de Compra Directa B','188',0,2,0,1,2,0,188,'Liquidación de Compra Directa B ','B',0,0,0,NULL);
INSERT INTO `receipt_types` VALUES (58,NULL,NULL,NULL,'Liquidación de Compra Directa C','189',0,0,1,1,1,0,189,'Liquidación de Compra Directa C ','C',0,0,0,NULL),(59,NULL,NULL,NULL,'Liquidación de Venta Directa A','190',0,1,0,0,2,0,190,'Liquidación de Venta Directa A','A',0,0,0,NULL),(60,NULL,NULL,NULL,'Liquidación de Venta Directa B','191',0,2,0,1,2,0,191,'Liquidación de Venta Directa B ','B',0,0,0,NULL),(61,NULL,NULL,NULL,'Tique Factura C','109',0,0,0,1,1,0,109,NULL,'C',1,0,0,NULL),(62,NULL,NULL,NULL,'Tique Nota de Débito A','115',0,1,0,0,2,0,115,'Tique Nota de Débito A','A',1,0,0,NULL),(63,NULL,NULL,NULL,'Tique Nota de Crédito C','114',1,0,1,1,1,0,114,'Tique Nota de Crédito C','C',1,0,0,NULL),(64,NULL,NULL,NULL,'Otro Comprobante A que cumple con la RG 1415','39',0,1,0,0,2,0,39,'Otro Comprobante A que cumple con la RG 1415','A',0,0,0,NULL),(65,NULL,NULL,NULL,'Tique Nota de Crédito A','112',1,0,0,0,2,0,112,'Tique Nota de Crédito A','A',0,0,0,NULL),(66,NULL,NULL,NULL,'Tique Nota de Crédito B','113',1,NULL,0,0,2,0,113,'Tique Nota de Crédito B','B',0,0,0,NULL),(67,NULL,NULL,NULL,'Tique Nota de Debito B','116',0,2,0,1,2,0,116,'Tique Nota de Debito B','B',0,0,0,NULL),(68,NULL,NULL,NULL,'Tique Nota de Debito C','117',0,0,1,1,1,0,117,'Tique Nota de Debito C','C',0,0,0,NULL),(69,NULL,NULL,NULL,'Tique Factura M','118',0,1,0,0,2,0,118,'Tique Factura M','M',0,0,0,NULL),(70,NULL,NULL,NULL,'Tique Nota de Credito M','119',1,NULL,0,0,2,0,119,'Tique Nota de Credito M','M',0,0,0,NULL),(71,NULL,NULL,NULL,'Tique Nota de Debito M','120',0,1,0,0,2,0,120,'Tique Nota de Debito M','M',0,0,0,NULL);

--
-- Table structure for table `receipts`
--

CREATE TABLE `receipts` (
  `id` int(10) unsigned NOT NULL AUTO_INCREMENT,
  `user_id` int(10) unsigned DEFAULT NULL,
  `type_id` int(10) unsigned NOT NULL,
  `type_receipt_id` int(10) unsigned DEFAULT NULL,
  `comprobanteAfip` int(11) DEFAULT NULL,
  `fact_elec_receipt_id` int(10) unsigned DEFAULT NULL,
  `period_id` int(10) unsigned NOT NULL,
  `zone_id` int(10) unsigned DEFAULT NULL,
  `plan_cuenta_id` int(10) unsigned DEFAULT NULL,
  `conta_centro_costo_id` bigint(20) unsigned DEFAULT NULL,
  `activity_id` int(10) unsigned DEFAULT NULL,
  `iva_creditos_tipo_id` int(10) unsigned NOT NULL DEFAULT '1',
  `retention_type_id` int(10) unsigned DEFAULT NULL,
  `person_id_owner` int(10) unsigned NOT NULL,
  `person_id_relationed` int(10) unsigned DEFAULT NULL,
  `number` int(8) unsigned zerofill DEFAULT NULL,
  `hasta` int(8) unsigned zerofill DEFAULT NULL,
  `reference` int(11) DEFAULT NULL,
  `receipt_date` date DEFAULT NULL,
  `expiration_date` date DEFAULT NULL,
  `code_ticket` int(4) unsigned zerofill DEFAULT NULL,
  `status_id` int(10) unsigned DEFAULT NULL,
  `tax_account_id` int(10) unsigned DEFAULT NULL,
  `amount` decimal(16,2) NOT NULL,
  `pendiente` decimal(16,2) NOT NULL DEFAULT '0.00',
  `moneda_id` int(10) unsigned NOT NULL DEFAULT '1',
  `cotizacion` decimal(9,2) NOT NULL DEFAULT '1.00',
  `dc_firma_id` bigint(20) unsigned NOT NULL DEFAULT '3',
  `condicion_venta_id` int(10) unsigned DEFAULT NULL,
  `is_pago_adelantado` tinyint(1) DEFAULT NULL,
  `plazo_de_pago_id` int(10) unsigned DEFAULT NULL,
  `file` varchar(255) COLLATE utf8mb4_unicode_ci DEFAULT NULL,
  `comentario` longtext COLLATE utf8mb4_unicode_ci,
  `created_at` timestamp NULL DEFAULT NULL,
  `updated_at` timestamp NULL DEFAULT NULL,
  `deleted_at` timestamp NULL DEFAULT NULL,
  PRIMARY KEY (`id`),
  KEY `receipts_type_id_foreign` (`type_id`),
  KEY `receipts_type_receipt_id_foreign` (`type_receipt_id`),
  KEY `receipts_tax_account_id_foreign` (`tax_account_id`),
  KEY `receipts_zone_id_foreign` (`zone_id`),
  KEY `receipts_activity_id_foreign` (`activity_id`),
  KEY `receipts_retention_type_id_foreign` (`retention_type_id`),
  KEY `receipts_status_id_foreign` (`status_id`),
  KEY `receipts_person_id_owner_foreign` (`person_id_owner`),
  KEY `receipts_person_id_relationed_foreign` (`person_id_relationed`),
  KEY `receipts_period_id_foreign` (`period_id`),
  KEY `receipts_plan_cuenta_id_foreign` (`plan_cuenta_id`),
  KEY `receipts_fact_elec_receipt_id_foreign` (`fact_elec_receipt_id`),
  KEY `receipts_iva_creditos_tipo_id_foreign` (`iva_creditos_tipo_id`),
  KEY `receipts_conta_centro_costo_id_foreign` (`conta_centro_costo_id`),
  KEY `receipts_moneda_id_foreign` (`moneda_id`),
  KEY `receipts_dc_firma_id_foreign` (`dc_firma_id`),
  CONSTRAINT `receipts_activity_id_foreign` FOREIGN KEY (`activity_id`) REFERENCES `activities` (`id`),
  CONSTRAINT `receipts_conta_centro_costo_id_foreign` FOREIGN KEY (`conta_centro_costo_id`) REFERENCES `conta_centro_costos` (`id`),
  CONSTRAINT `receipts_dc_firma_id_foreign` FOREIGN KEY (`dc_firma_id`) REFERENCES `dc_firmas` (`id`),
  CONSTRAINT `receipts_fact_elec_receipt_id_foreign` FOREIGN KEY (`fact_elec_receipt_id`) REFERENCES `fact_elec_receipts` (`id`),
  CONSTRAINT `receipts_iva_creditos_tipo_id_foreign` FOREIGN KEY (`iva_creditos_tipo_id`) REFERENCES `iva_creditos_tipos` (`id`),
  CONSTRAINT `receipts_moneda_id_foreign` FOREIGN KEY (`moneda_id`) REFERENCES `monedas` (`id`),
  CONSTRAINT `receipts_period_id_foreign` FOREIGN KEY (`period_id`) REFERENCES `periods` (`id`),
  CONSTRAINT `receipts_person_id_owner_foreign` FOREIGN KEY (`person_id_owner`) REFERENCES `persons` (`id`),
  CONSTRAINT `receipts_person_id_relationed_foreign` FOREIGN KEY (`person_id_relationed`) REFERENCES `persons` (`id`),
  CONSTRAINT `receipts_plan_cuenta_id_foreign` FOREIGN KEY (`plan_cuenta_id`) REFERENCES `conta_plan_cuenta` (`id`),
  CONSTRAINT `receipts_retention_type_id_foreign` FOREIGN KEY (`retention_type_id`) REFERENCES `retention_types` (`id`),
  CONSTRAINT `receipts_status_id_foreign` FOREIGN KEY (`status_id`) REFERENCES `status` (`id`),
  CONSTRAINT `receipts_tax_account_id_foreign` FOREIGN KEY (`tax_account_id`) REFERENCES `tax_accounts` (`id`),
  CONSTRAINT `receipts_type_id_foreign` FOREIGN KEY (`type_id`) REFERENCES `types` (`id`),
  CONSTRAINT `receipts_type_receipt_id_foreign` FOREIGN KEY (`type_receipt_id`) REFERENCES `receipt_types` (`id`),
  CONSTRAINT `receipts_zone_id_foreign` FOREIGN KEY (`zone_id`) REFERENCES `zones` (`id`)
) ENGINE=InnoDB AUTO_INCREMENT=389 DEFAULT CHARSET=utf8mb4 COLLATE=utf8mb4_unicode_ci;

--
-- Dumping data for table `receipts`
--

INSERT INTO `receipts` VALUES (1,7272,1,32,NULL,NULL,7,22,NULL,NULL,1,1,NULL,40719,40718,00041265,00041291,NULL,'2022-05-02','2022-05-02',0002,1,NULL,10462.81,10462.81,1,1.00,3,NULL,NULL,NULL,NULL,'','2022-07-05 17:55:42','2022-07-12 16:07:01','2022-07-12 16:07:01'),(2,7272,1,32,NULL,NULL,1522,22,NULL,NULL,568,1,NULL,40720,40721,00041265,00041291,NULL,'2022-05-02','2022-05-02',0002,1,NULL,12660.00,12660.00,1,1.00,3,NULL,NULL,NULL,NULL,'','2022-07-05 18:01:54','2022-07-05 18:01:54',NULL),(3,7272,1,32,NULL,NULL,1522,22,NULL,NULL,568,1,NULL,40720,40721,00041266,00041291,NULL,'2022-05-02','2022-05-02',0002,1,NULL,12660.00,12660.00,1,1.00,3,NULL,NULL,NULL,NULL,'','2022-07-05 18:03:00','2022-07-05 18:08:19','2022-07-05 18:08:19'),(4,7272,1,32,NULL,NULL,1522,22,NULL,NULL,568,1,NULL,40720,40721,00041292,00041321,NULL,'2022-05-03','2022-05-03',0002,1,NULL,15134.00,15134.00,1,1.00,3,NULL,NULL,NULL,NULL,'','2022-07-05 18:03:54','2022-07-05 18:03:54',NULL),(5,7272,1,32,NULL,NULL,1522,22,NULL,NULL,568,1,NULL,40720,40721,00041321,00041341,NULL,'2022-05-04','2022-05-04',0002,1,NULL,15670.00,15670.00,1,1.00,3,NULL,NULL,NULL,NULL,'','2022-07-05 18:04:53','2022-07-05 18:04:53',NULL),(6,7272,1,32,NULL,NULL,1522,22,NULL,NULL,568,1,NULL,40720,40721,00041342,00041367,NULL,'2022-05-05','2022-05-05',0002,1,NULL,14670.00,14670.00,1,1.00,3,NULL,NULL,NULL,NULL,'','2022-07-05 18:05:34','2022-07-05 18:05:34',NULL),(7,7272,1,32,NULL,NULL,1522,22,NULL,NULL,568,1,NULL,40720,40721,00041368,00041434,NULL,'2022-05-07','2022-05-07',0002,1,NULL,18090.00,18090.00,1,1.00,3,NULL,NULL,NULL,NULL,'','2022-07-05 18:06:23','2022-07-05 18:06:23',NULL),(8,7272,1,32,NULL,NULL,1522,22,NULL,NULL,568,1,NULL,40720,40721,00041434,00041465,NULL,'2022-05-09','2022-05-09',0002,1,NULL,18010.00,18010.00,1,1.00,3,NULL,NULL,NULL,NULL,'','2022-07-05 18:06:58','2022-07-05 18:06:58',NULL),(9,7272,1,1,NULL,NULL,3034,22,NULL,NULL,653,1,NULL,40722,40723,00001346,NULL,NULL,'2022-01-07','2022-01-07',0002,1,NULL,6043.95,6043.95,1,1.00,3,NULL,NULL,NULL,NULL,'','2022-07-05 22:59:23','2022-07-05 22:59:23',NULL),(10,7272,1,1,NULL,NULL,3034,22,NULL,NULL,653,1,NULL,40722,40723,00001347,NULL,NULL,'2022-01-07','2022-01-07',0002,1,NULL,6043.95,6043.95,1,1.00,3,NULL,NULL,NULL,NULL,'','2022-07-05 22:59:23','2022-07-05 22:59:23',NULL),(11,7272,1,1,NULL,NULL,3034,22,NULL,NULL,653,1,NULL,40722,40724,00001348,NULL,NULL,'2022-01-07','2022-01-07',0002,1,NULL,82282.42,82282.42,1,1.00,3,NULL,NULL,NULL,NULL,'','2022-07-05 22:59:23','2022-07-05 22:59:23',NULL),(12,7272,1,1,NULL,NULL,3034,22,NULL,NULL,653,1,NULL,40722,40724,00001349,NULL,NULL,'2022-01-14','2022-01-14',0002,1,NULL,109081.50,109081.50,1,1.00,3,NULL,NULL,NULL,NULL,'','2022-07-05 22:59:23','2022-07-05 22:59:23',NULL),(13,7272,1,1,NULL,NULL,3034,22,NULL,NULL,653,1,NULL,40722,40725,00001350,NULL,NULL,'2022-01-17','2022-01-17',0002,1,NULL,10926.30,10926.30,1,1.00,3,NULL,NULL,NULL,NULL,'','2022-07-05 22:59:23','2022-07-05 22:59:23',NULL),(14,7272,1,1,NULL,NULL,3034,22,NULL,NULL,653,1,NULL,40722,40723,00001351,NULL,NULL,'2022-01-25','2022-01-25',0002,1,NULL,89540.00,89540.00,1,1.00,3,NULL,NULL,NULL,NULL,'','2022-07-05 22:59:23','2022-07-05 22:59:23',NULL),(15,7272,1,1,NULL,NULL,3034,22,NULL,NULL,653,1,NULL,40722,40724,00001352,NULL,NULL,'2022-01-31','2022-01-31',0002,1,NULL,91234.00,91234.00,1,1.00,3,NULL,NULL,NULL,NULL,'','2022-07-05 22:59:23','2022-07-05 22:59:23',NULL),(16,7272,2,1,NULL,NULL,3034,22,217,NULL,653,1,NULL,40722,40726,00012574,NULL,NULL,'2022-01-02','2022-01-02',2061,1,NULL,2168.77,2168.77,1,1.00,3,NULL,NULL,NULL,NULL,'','2022-07-06 00:35:01','2022-07-06 00:35:01',NULL),(17,7272,2,4,NULL,NULL,3034,22,217,NULL,653,1,NULL,40722,40726,02507011,NULL,NULL,'2022-01-03','2022-01-03',2061,1,NULL,844.53,844.53,1,1.00,3,NULL,NULL,NULL,NULL,'','2022-07-06 00:35:01','2022-07-06 00:35:01',NULL),(18,7272,2,1,NULL,NULL,3034,22,217,NULL,653,1,NULL,40722,40726,00012575,NULL,NULL,'2022-01-03','2022-01-03',2061,1,NULL,1546.71,1546.71,1,1.00,3,NULL,NULL,NULL,NULL,'','2022-07-06 00:35:01','2022-07-06 00:35:01',NULL);
INSERT INTO `receipts` VALUES (19,7272,2,1,NULL,NULL,3034,22,217,NULL,653,1,NULL,40722,40726,00012608,NULL,NULL,'2022-01-05','2022-01-05',2061,1,NULL,1443.08,1443.08,1,1.00,3,NULL,NULL,NULL,NULL,'','2022-07-06 00:35:01','2022-07-06 00:35:01',NULL),(20,7272,2,1,NULL,NULL,3034,22,217,NULL,653,1,NULL,40722,40727,00025840,NULL,NULL,'2022-01-06','2022-01-06',2031,1,NULL,903.93,903.93,1,1.00,3,NULL,NULL,NULL,NULL,'','2022-07-06 00:35:01','2022-07-06 00:35:01',NULL),(21,7272,2,4,NULL,NULL,3034,22,217,NULL,653,1,NULL,40722,40726,02515071,NULL,NULL,'2022-01-07','2022-01-07',2061,1,NULL,71.15,71.15,1,1.00,3,NULL,NULL,NULL,NULL,'','2022-07-06 00:35:01','2022-07-06 00:35:01',NULL),(22,7272,2,1,NULL,NULL,3034,22,217,NULL,653,1,NULL,40722,40728,00605022,NULL,NULL,'2022-01-07','2022-01-07',2465,1,NULL,2747.19,2747.19,1,1.00,3,NULL,NULL,NULL,NULL,'','2022-07-06 00:35:01','2022-07-06 00:35:01',NULL),(23,7272,2,1,NULL,NULL,3034,22,217,NULL,653,1,NULL,40722,40727,00014828,NULL,NULL,'2022-01-07','2022-01-07',2003,1,NULL,453.94,453.94,1,1.00,3,NULL,NULL,NULL,NULL,'','2022-07-06 00:35:02','2022-07-06 00:35:02',NULL),(24,7272,2,1,NULL,NULL,3034,22,217,NULL,653,1,NULL,40722,40726,00012643,NULL,NULL,'2022-01-09','2022-01-09',2061,1,NULL,1947.58,1947.58,1,1.00,3,NULL,NULL,NULL,NULL,'','2022-07-06 00:35:02','2022-07-06 00:35:02',NULL),(25,7272,2,4,NULL,NULL,3034,22,217,NULL,653,1,NULL,40722,40726,02522362,NULL,NULL,'2022-01-10','2022-01-10',2061,1,NULL,218.23,218.23,1,1.00,3,NULL,NULL,NULL,NULL,'','2022-07-06 00:35:02','2022-07-06 00:35:02',NULL),(26,7272,2,4,NULL,NULL,3034,22,217,NULL,653,1,NULL,40722,40726,02526813,NULL,NULL,'2022-01-12','2022-01-12',2061,1,NULL,1588.84,1588.84,1,1.00,3,NULL,NULL,NULL,NULL,'','2022-07-06 00:35:02','2022-07-06 00:35:02',NULL),(27,7272,2,1,NULL,NULL,3034,22,217,NULL,653,1,NULL,40722,40729,01700506,NULL,NULL,'2022-01-12','2022-01-12',0949,1,NULL,3045.65,3045.65,1,1.00,3,NULL,NULL,NULL,NULL,'','2022-07-06 00:35:02','2022-07-06 00:35:02',NULL),(28,7272,2,1,NULL,NULL,3034,22,217,NULL,653,1,NULL,40722,40726,00012679,NULL,NULL,'2022-01-12','2022-01-12',2061,1,NULL,1305.32,1305.32,1,1.00,3,NULL,NULL,NULL,NULL,'','2022-07-06 00:35:02','2022-07-06 00:35:02',NULL),(29,7272,2,1,NULL,NULL,3034,22,217,NULL,653,1,NULL,40722,40726,00012684,NULL,NULL,'2022-01-13','2022-01-13',2061,1,NULL,1299.82,1299.82,1,1.00,3,NULL,NULL,NULL,NULL,'','2022-07-06 00:35:02','2022-07-06 00:35:02',NULL),(30,7272,2,1,NULL,NULL,3034,22,217,NULL,653,1,NULL,40722,40726,00012686,NULL,NULL,'2022-01-13','2022-01-13',2061,1,NULL,809.61,809.61,1,1.00,3,NULL,NULL,NULL,NULL,'','2022-07-06 00:35:02','2022-07-06 00:35:02',NULL),(31,7272,2,4,NULL,NULL,3034,22,217,NULL,653,1,NULL,40722,40726,02530103,NULL,NULL,'2022-01-14','2022-01-14',2061,1,NULL,706.73,706.73,1,1.00,3,NULL,NULL,NULL,NULL,'','2022-07-06 00:35:02','2022-07-06 00:35:02',NULL),(32,7272,2,1,NULL,NULL,3034,22,217,NULL,653,1,NULL,40722,40730,00000091,NULL,NULL,'2022-01-14','2022-01-14',10232,1,NULL,1511.65,1511.65,1,1.00,3,NULL,NULL,NULL,NULL,'','2022-07-06 00:35:02','2022-07-06 00:35:02',NULL),(33,7272,2,1,NULL,NULL,3034,22,217,NULL,653,1,NULL,40722,40726,00012720,NULL,NULL,'2022-01-16','2022-01-16',2061,1,NULL,1249.99,1249.99,1,1.00,3,NULL,NULL,NULL,NULL,'','2022-07-06 00:35:02','2022-07-06 00:35:02',NULL),(34,7272,2,1,NULL,NULL,3034,22,217,NULL,653,1,NULL,40722,40726,00012732,NULL,NULL,'2022-01-17','2022-01-17',2061,1,NULL,1030.34,1030.34,1,1.00,3,NULL,NULL,NULL,NULL,'','2022-07-06 00:35:02','2022-07-06 00:35:02',NULL),(35,7272,2,1,NULL,NULL,3034,22,217,NULL,653,1,NULL,40722,40731,00024389,NULL,NULL,'2022-01-18','2022-01-18',0003,1,NULL,2802.00,2802.00,1,1.00,3,NULL,NULL,NULL,NULL,'','2022-07-06 00:35:02','2022-07-06 00:35:02',NULL),(36,7272,2,1,NULL,NULL,3034,22,217,NULL,653,1,NULL,40722,40732,00000209,NULL,NULL,'2022-01-19','2022-01-19',14459,1,NULL,71734.51,71734.51,1,1.00,3,NULL,NULL,NULL,NULL,'','2022-07-06 00:35:02','2022-07-06 00:35:02',NULL);
INSERT INTO `receipts` VALUES (37,7272,2,1,NULL,NULL,3034,22,217,NULL,653,1,NULL,40722,40733,03324565,NULL,NULL,'2022-01-19','2022-01-19',6723,1,NULL,5049.14,5049.14,1,1.00,3,NULL,NULL,NULL,NULL,'','2022-07-06 00:35:02','2022-07-06 00:35:02',NULL),(38,7272,2,4,NULL,NULL,3034,22,217,NULL,653,1,NULL,40722,40726,02544536,NULL,NULL,'2022-01-20','2022-01-20',2061,1,NULL,507.58,507.58,1,1.00,3,NULL,NULL,NULL,NULL,'','2022-07-06 00:35:02','2022-07-06 00:35:02',NULL),(39,7272,2,1,NULL,NULL,3034,22,217,NULL,653,1,NULL,40722,40734,00003162,NULL,NULL,'2022-01-20','2022-01-20',0005,1,NULL,18150.00,18150.00,1,1.00,3,NULL,NULL,NULL,NULL,'','2022-07-06 00:35:02','2022-07-06 00:35:02',NULL),(40,7272,2,1,NULL,NULL,3034,22,217,NULL,653,1,NULL,40722,40735,00000057,NULL,NULL,'2022-01-20','2022-01-20',12361,1,NULL,1346.40,1346.40,1,1.00,3,NULL,NULL,NULL,NULL,'','2022-07-06 00:35:02','2022-07-06 00:35:02',NULL),(41,7272,2,1,NULL,NULL,3034,22,217,NULL,653,1,NULL,40722,40726,00012773,NULL,NULL,'2022-01-20','2022-01-20',2061,1,NULL,1597.53,1597.53,1,1.00,3,NULL,NULL,NULL,NULL,'','2022-07-06 00:35:02','2022-07-06 00:35:02',NULL),(42,7272,2,1,NULL,NULL,3034,22,217,NULL,653,1,NULL,40722,40726,00012790,NULL,NULL,'2022-01-21','2022-01-21',2061,1,NULL,1501.34,1501.34,1,1.00,3,NULL,NULL,NULL,NULL,'','2022-07-06 00:35:02','2022-07-06 00:35:02',NULL),(43,7272,2,3,NULL,NULL,3034,22,217,NULL,653,1,NULL,40722,40726,00000195,NULL,NULL,'2022-01-21','2022-01-21',2061,1,NULL,1501.34,1501.34,1,1.00,3,NULL,NULL,NULL,NULL,'','2022-07-06 00:35:02','2022-07-06 00:35:02',NULL),(44,7272,2,1,NULL,NULL,3034,22,217,NULL,653,1,NULL,40722,40726,00000012,NULL,NULL,'2022-01-21','2022-01-21',4515,1,NULL,1501.34,1501.34,1,1.00,3,NULL,NULL,NULL,NULL,'','2022-07-06 00:35:02','2022-07-06 00:35:02',NULL),(45,7272,2,1,NULL,NULL,3034,22,217,NULL,653,1,NULL,40722,40730,00000127,NULL,NULL,'2022-01-22','2022-01-22',10634,1,NULL,2506.70,2506.70,1,1.00,3,NULL,NULL,NULL,NULL,'','2022-07-06 00:35:02','2022-07-06 00:35:02',NULL),(46,7272,2,1,NULL,NULL,3034,22,217,NULL,653,1,NULL,40722,40726,00012815,NULL,NULL,'2022-01-23','2022-01-23',2061,1,NULL,637.68,637.68,1,1.00,3,NULL,NULL,NULL,NULL,'','2022-07-06 00:35:02','2022-07-06 00:35:02',NULL),(47,7272,2,1,NULL,NULL,3034,22,217,NULL,653,1,NULL,40722,40726,00012823,NULL,NULL,'2022-01-24','2022-01-24',2061,1,NULL,982.28,982.28,1,1.00,3,NULL,NULL,NULL,NULL,'','2022-07-06 00:35:02','2022-07-06 00:35:02',NULL),(48,7272,2,1,NULL,NULL,3034,22,217,NULL,653,1,NULL,40722,40727,00027355,NULL,NULL,'2022-01-24','2022-01-24',2031,1,NULL,591.33,591.33,1,1.00,3,NULL,NULL,NULL,NULL,'','2022-07-06 00:35:02','2022-07-06 00:35:02',NULL),(49,7272,2,4,NULL,NULL,3034,22,217,NULL,653,1,NULL,40722,40726,02556083,NULL,NULL,'2022-01-25','2022-01-25',2061,1,NULL,275.82,275.82,1,1.00,3,NULL,NULL,NULL,NULL,'','2022-07-06 00:35:02','2022-07-06 00:35:02',NULL),(50,7272,2,1,NULL,NULL,3034,22,217,NULL,653,1,NULL,40722,40726,00012846,NULL,NULL,'2022-01-26','2022-01-26',2061,1,NULL,1016.35,1016.35,1,1.00,3,NULL,NULL,NULL,NULL,'','2022-07-06 00:35:03','2022-07-06 00:35:03',NULL),(51,7272,2,1,NULL,NULL,3034,22,217,NULL,653,1,NULL,40722,40726,00012856,NULL,NULL,'2022-01-26','2022-01-26',2061,1,NULL,930.61,930.61,1,1.00,3,NULL,NULL,NULL,NULL,'','2022-07-06 00:35:03','2022-07-06 00:35:03',NULL),(52,7272,2,1,NULL,NULL,3034,22,217,NULL,653,1,NULL,40722,40726,00012865,NULL,NULL,'2022-01-27','2022-01-27',2061,1,NULL,806.49,806.49,1,1.00,3,NULL,NULL,NULL,NULL,'','2022-07-06 00:35:03','2022-07-06 00:35:03',NULL),(53,7272,2,4,NULL,NULL,3034,22,217,NULL,653,1,NULL,40722,40726,02562707,NULL,NULL,'2022-01-28','2022-01-28',2061,1,NULL,220.82,220.82,1,1.00,3,NULL,NULL,NULL,NULL,'','2022-07-06 00:35:03','2022-07-06 00:35:03',NULL),(54,7272,2,12,NULL,NULL,3034,22,250,NULL,653,1,NULL,40722,40719,00000180,NULL,NULL,'2022-01-28','2022-01-28',0002,1,NULL,7000.00,7000.00,1,1.00,3,NULL,NULL,NULL,NULL,'','2022-07-06 00:35:03','2022-07-06 00:35:03',NULL);
INSERT INTO `receipts` VALUES (55,7272,2,1,NULL,NULL,3034,22,217,NULL,653,1,NULL,40722,40735,00000046,NULL,NULL,'2022-01-28','2022-01-28',12357,1,NULL,1823.19,1823.19,1,1.00,3,NULL,NULL,NULL,NULL,'','2022-07-06 00:35:03','2022-07-06 00:35:03',NULL),(56,7272,2,1,NULL,NULL,3034,22,217,NULL,653,1,NULL,40722,40736,00000342,NULL,NULL,'2022-01-28','2022-01-28',0003,1,NULL,2324.68,2324.68,1,1.00,3,NULL,NULL,NULL,NULL,'','2022-07-06 00:35:03','2022-07-06 00:35:03',NULL),(57,7272,2,1,NULL,NULL,3034,22,217,NULL,653,1,NULL,40722,40737,00036197,NULL,NULL,'2022-01-28','2022-01-28',0005,1,NULL,899.00,899.00,1,1.00,3,NULL,NULL,NULL,NULL,'','2022-07-06 00:35:03','2022-07-06 00:35:03',NULL),(58,7272,2,1,NULL,NULL,3034,22,217,NULL,653,1,NULL,40722,40726,00012880,NULL,NULL,'2022-01-29','2022-01-29',2061,1,NULL,1976.19,1976.19,1,1.00,3,NULL,NULL,NULL,NULL,'','2022-07-06 00:35:03','2022-07-06 00:35:03',NULL),(59,7272,2,1,NULL,NULL,3034,22,217,NULL,653,1,NULL,40722,40738,00001158,NULL,NULL,'2022-01-29','2022-01-29',0001,1,NULL,2668.99,2668.99,1,1.00,3,NULL,NULL,NULL,NULL,'','2022-07-06 00:35:03','2022-07-06 00:35:03',NULL),(60,7272,2,1,NULL,NULL,3034,22,217,NULL,653,1,NULL,40722,40735,00000027,NULL,NULL,'2022-01-30','2022-01-30',12359,1,NULL,995.91,995.91,1,1.00,3,NULL,NULL,NULL,NULL,'','2022-07-06 00:35:03','2022-07-06 00:35:03',NULL),(61,7272,2,1,NULL,NULL,3034,22,217,NULL,653,1,NULL,40722,40726,00052950,NULL,NULL,'2022-01-30','2022-01-30',4181,1,NULL,2243.23,2243.23,1,1.00,3,NULL,NULL,NULL,NULL,'','2022-07-06 00:35:03','2022-07-06 00:35:03',NULL),(62,7272,2,1,NULL,NULL,3034,22,217,NULL,653,1,NULL,40722,40726,00012916,NULL,NULL,'2022-01-31','2022-01-31',2061,1,NULL,1327.16,1327.16,1,1.00,3,NULL,NULL,NULL,NULL,'','2022-07-06 00:35:03','2022-07-06 00:35:03',NULL),(63,7272,2,1,NULL,NULL,3034,22,217,NULL,653,1,NULL,40722,40739,00614491,NULL,NULL,'2022-01-31','2022-01-31',0011,1,NULL,37055.38,37055.38,1,1.00,3,NULL,NULL,NULL,NULL,'','2022-07-06 00:35:03','2022-07-06 00:35:03',NULL),(64,7272,2,3,NULL,NULL,3034,22,217,NULL,653,1,NULL,40722,40739,00483034,NULL,NULL,'2022-01-31','2022-01-31',0011,1,NULL,742.38,742.38,1,1.00,3,NULL,NULL,NULL,NULL,'','2022-07-06 00:35:03','2022-07-06 00:35:03',NULL),(65,7272,2,4,NULL,NULL,4554,22,217,NULL,904,1,NULL,40740,40741,00007428,NULL,NULL,'2022-05-01','2022-05-01',0002,1,NULL,2000.00,2000.00,1,1.00,3,NULL,NULL,NULL,NULL,'','2022-07-06 01:03:37','2022-07-06 01:03:37',NULL),(66,7272,2,1,NULL,NULL,4554,22,217,NULL,904,1,NULL,40740,40741,00001474,NULL,NULL,'2022-05-01','2022-05-01',0002,1,NULL,68280.00,68280.00,1,1.00,3,NULL,NULL,NULL,NULL,'','2022-07-06 01:03:37','2022-07-06 01:03:37',NULL),(67,7272,2,4,NULL,NULL,4554,22,250,NULL,904,1,NULL,40740,40742,00002265,NULL,NULL,'2022-05-03','2022-05-03',2747,1,NULL,16723.40,16723.40,1,1.00,3,NULL,NULL,NULL,NULL,'','2022-07-06 01:03:37','2022-07-06 01:03:37',NULL),(68,7272,2,7,NULL,NULL,4554,22,250,NULL,904,1,NULL,40740,40743,00000150,NULL,NULL,'2022-05-03','2022-05-03',0003,1,NULL,28000.00,28000.00,1,1.00,3,NULL,NULL,NULL,NULL,'','2022-07-06 01:03:37','2022-07-06 01:03:37',NULL),(69,7272,2,1,NULL,NULL,4554,22,217,NULL,904,1,NULL,40740,40744,00007271,NULL,NULL,'2022-05-03','2022-05-03',0011,1,NULL,8355.36,8355.36,1,1.00,3,NULL,NULL,NULL,NULL,'','2022-07-06 01:03:37','2022-07-06 01:03:37',NULL),(70,7272,2,1,NULL,NULL,4554,22,217,NULL,904,1,NULL,40740,40745,00000209,NULL,NULL,'2022-05-04','2022-05-04',0004,1,NULL,1100.00,1100.00,1,1.00,3,NULL,NULL,NULL,NULL,'','2022-07-06 01:03:37','2022-07-06 01:03:37',NULL),(71,7272,2,1,NULL,NULL,4554,22,217,NULL,904,1,NULL,40740,40746,00000252,NULL,NULL,'2022-05-07','2022-05-07',0008,1,NULL,10000.00,10000.00,1,1.00,3,NULL,NULL,NULL,NULL,'','2022-07-06 01:03:37','2022-07-06 01:03:37',NULL),(72,7272,2,1,NULL,NULL,4554,22,217,NULL,904,1,NULL,40740,40747,00000060,NULL,NULL,'2022-05-08','2022-05-08',2082,1,NULL,1299.00,1299.00,1,1.00,3,NULL,NULL,NULL,NULL,'','2022-07-06 01:03:37','2022-07-06 01:03:37',NULL);
INSERT INTO `receipts` VALUES (73,7272,2,1,NULL,NULL,4554,22,217,NULL,904,1,NULL,40740,40748,00005429,NULL,NULL,'2022-05-08','2022-05-08',0004,1,NULL,2000.00,2000.00,1,1.00,3,NULL,NULL,NULL,NULL,'','2022-07-06 01:03:37','2022-07-06 01:03:37',NULL),(74,7272,2,1,NULL,NULL,4554,22,217,NULL,904,1,NULL,40740,40749,00000048,NULL,NULL,'2022-05-09','2022-05-09',0003,1,NULL,50500.00,50500.00,1,1.00,3,NULL,NULL,NULL,NULL,'','2022-07-06 01:03:37','2022-07-06 01:03:37',NULL),(75,7272,2,1,NULL,NULL,4554,22,217,NULL,904,1,NULL,40740,40750,00000497,NULL,NULL,'2022-05-09','2022-05-09',0003,1,NULL,1830.08,1830.08,1,1.00,3,NULL,NULL,NULL,NULL,'','2022-07-06 01:03:37','2022-07-06 01:03:37',NULL),(76,7272,2,1,NULL,NULL,4554,22,217,NULL,904,1,NULL,40740,40745,00000210,NULL,NULL,'2022-05-10','2022-05-10',0004,1,NULL,2200.00,2200.00,1,1.00,3,NULL,NULL,NULL,NULL,'','2022-07-06 01:03:37','2022-07-06 01:03:37',NULL),(77,7272,2,1,NULL,NULL,4554,22,217,NULL,904,1,NULL,40740,40735,00004698,NULL,NULL,'2022-05-11','2022-05-11',8257,1,NULL,1791.07,1791.07,1,1.00,3,NULL,NULL,NULL,NULL,'','2022-07-06 01:03:37','2022-07-06 01:03:37',NULL),(78,7272,2,1,NULL,NULL,4554,22,217,NULL,904,1,NULL,40740,40751,00012536,NULL,NULL,'2022-05-11','2022-05-11',0050,1,NULL,10673.41,10673.41,1,1.00,3,NULL,NULL,NULL,NULL,'','2022-07-06 01:03:37','2022-07-06 01:03:37',NULL),(79,7272,2,1,NULL,NULL,4554,22,217,NULL,904,1,NULL,40740,40752,00000008,NULL,NULL,'2022-05-12','2022-05-12',2962,1,NULL,3500.00,3500.00,1,1.00,3,NULL,NULL,NULL,NULL,'','2022-07-06 01:03:37','2022-07-06 01:03:37',NULL),(80,7272,2,1,NULL,NULL,4554,22,217,NULL,904,1,NULL,40740,40753,00003509,NULL,NULL,'2022-05-13','2022-05-13',0006,1,NULL,12383.45,12383.45,1,1.00,3,NULL,NULL,NULL,NULL,'','2022-07-06 01:03:38','2022-07-06 01:03:38',NULL),(81,7272,2,3,NULL,NULL,4554,22,217,NULL,904,1,NULL,40740,40735,00001080,NULL,NULL,'2022-05-13','2022-05-13',8369,1,NULL,20.58,20.58,1,1.00,3,NULL,NULL,NULL,NULL,'','2022-07-06 01:03:38','2022-07-06 01:03:38',NULL),(82,7272,2,1,NULL,NULL,4554,22,217,NULL,904,1,NULL,40740,40735,00000028,NULL,NULL,'2022-05-13','2022-05-13',8364,1,NULL,14198.60,14198.60,1,1.00,3,NULL,NULL,NULL,NULL,'','2022-07-06 01:03:38','2022-07-06 01:03:38',NULL),(83,7272,2,1,NULL,NULL,4554,22,217,NULL,904,1,NULL,40740,40753,00003513,NULL,NULL,'2022-05-14','2022-05-14',0006,1,NULL,4944.50,4944.50,1,1.00,3,NULL,NULL,NULL,NULL,'','2022-07-06 01:03:38','2022-07-06 01:03:38',NULL),(84,7272,2,1,NULL,NULL,4554,22,217,NULL,904,1,NULL,40740,40754,00000207,NULL,NULL,'2022-05-14','2022-05-14',0006,1,NULL,3160.00,3160.00,1,1.00,3,NULL,NULL,NULL,NULL,'','2022-07-06 01:03:38','2022-07-06 01:03:38',NULL),(85,7272,2,1,NULL,NULL,4554,22,217,NULL,904,1,NULL,40740,40733,03971176,NULL,NULL,'2022-05-15','2022-05-15',6723,1,NULL,2155.00,2155.00,1,1.00,3,NULL,NULL,NULL,NULL,'','2022-07-06 01:03:38','2022-07-06 01:03:38',NULL),(86,7272,2,1,NULL,NULL,4554,22,217,NULL,904,1,NULL,40740,40755,00000014,NULL,NULL,'2022-05-17','2022-05-17',0002,1,NULL,8000.00,8000.00,1,1.00,3,NULL,NULL,NULL,NULL,'','2022-07-06 01:03:38','2022-07-06 01:03:38',NULL),(87,7272,2,1,NULL,NULL,4554,22,217,NULL,904,1,NULL,40740,40745,00000212,NULL,NULL,'2022-05-17','2022-05-17',0004,1,NULL,2200.00,2200.00,1,1.00,3,NULL,NULL,NULL,NULL,'','2022-07-06 01:03:38','2022-07-06 01:03:38',NULL),(88,7272,2,1,NULL,NULL,4554,22,217,NULL,904,1,NULL,40740,40756,00000147,NULL,NULL,'2022-05-17','2022-05-17',0005,1,NULL,7350.00,7350.00,1,1.00,3,NULL,NULL,NULL,NULL,'','2022-07-06 01:03:38','2022-07-06 01:03:38',NULL),(89,7272,2,12,NULL,NULL,4554,22,250,NULL,904,1,NULL,40740,40719,00000196,NULL,NULL,'2022-05-19','2022-05-19',0002,1,NULL,8000.00,8000.00,1,1.00,3,NULL,NULL,NULL,NULL,'','2022-07-06 01:03:38','2022-07-06 01:03:38',NULL),(90,7272,2,1,NULL,NULL,4554,22,217,NULL,904,1,NULL,40740,40757,00004251,NULL,NULL,'2022-05-19','2022-05-19',0386,1,NULL,3464.93,3464.93,1,1.00,3,NULL,NULL,NULL,NULL,'','2022-07-06 01:03:38','2022-07-06 01:03:38',NULL);
INSERT INTO `receipts` VALUES (91,7272,2,1,NULL,NULL,4554,22,217,NULL,904,1,NULL,40740,40758,00051796,NULL,NULL,'2022-05-20','2022-05-20',0121,1,NULL,5704.00,5704.00,1,1.00,3,NULL,NULL,NULL,NULL,'','2022-07-06 01:03:38','2022-07-06 01:03:38',NULL),(92,7272,2,4,NULL,NULL,4554,22,217,NULL,904,1,NULL,40740,40759,04426992,NULL,NULL,'2022-05-23','2022-05-23',0700,1,NULL,135.00,135.00,1,1.00,3,NULL,NULL,NULL,NULL,'','2022-07-06 01:03:38','2022-07-06 01:03:38',NULL),(93,7272,2,7,NULL,NULL,4554,22,250,NULL,904,1,NULL,40740,40760,00000030,NULL,NULL,'2022-05-23','2022-05-23',0002,1,NULL,22000.00,22000.00,1,1.00,3,NULL,NULL,NULL,NULL,'','2022-07-06 01:03:38','2022-07-06 01:03:38',NULL),(94,7272,2,1,NULL,NULL,4554,22,217,NULL,904,1,NULL,40740,40761,00001064,NULL,NULL,'2022-05-23','2022-05-23',0005,1,NULL,1900.00,1900.00,1,1.00,3,NULL,NULL,NULL,NULL,'','2022-07-06 01:03:38','2022-07-06 01:03:38',NULL),(95,7272,2,1,NULL,NULL,4554,22,217,NULL,904,1,NULL,40740,40755,00000015,NULL,NULL,'2022-05-23','2022-05-23',0002,1,NULL,240000.00,240000.00,1,1.00,3,NULL,NULL,NULL,NULL,'','2022-07-06 01:03:38','2022-07-06 01:03:38',NULL),(96,7272,2,7,NULL,NULL,4554,22,250,NULL,904,1,NULL,40740,40762,00000040,NULL,NULL,'2022-05-23','2022-05-23',0002,1,NULL,8000.00,8000.00,1,1.00,3,NULL,NULL,NULL,NULL,'','2022-07-06 01:03:38','2022-07-06 01:03:38',NULL),(97,7272,2,1,NULL,NULL,4554,22,217,NULL,904,1,NULL,40740,40745,00000213,NULL,NULL,'2022-05-26','2022-05-26',0004,1,NULL,1100.00,1100.00,1,1.00,3,NULL,NULL,NULL,NULL,'','2022-07-06 01:03:38','2022-07-06 01:03:38',NULL),(98,7272,2,1,NULL,NULL,4554,22,217,NULL,904,1,NULL,40740,40763,00006954,NULL,NULL,'2022-05-26','2022-05-26',0004,1,NULL,604.00,604.00,1,1.00,3,NULL,NULL,NULL,NULL,'','2022-07-06 01:03:38','2022-07-06 01:03:38',NULL),(99,7272,2,1,NULL,NULL,4554,22,217,NULL,904,1,NULL,40740,40764,00000083,NULL,NULL,'2022-05-27','2022-05-27',0003,1,NULL,2440.03,2440.03,1,1.00,3,NULL,NULL,NULL,NULL,'','2022-07-06 01:03:38','2022-07-06 01:03:38',NULL),(100,7272,2,1,NULL,NULL,4554,22,217,NULL,904,1,NULL,40740,40765,00005519,NULL,NULL,'2022-05-29','2022-05-29',0003,1,NULL,4000.00,4000.00,1,1.00,3,NULL,NULL,NULL,NULL,'','2022-07-06 01:03:38','2022-07-06 01:03:38',NULL),(101,7272,2,1,NULL,NULL,4554,22,217,NULL,904,3,NULL,40740,40766,00007598,00007598,NULL,'2022-05-31','2022-05-31',5320,1,NULL,7767.24,7767.24,1,1.00,3,NULL,NULL,NULL,NULL,'','2022-07-06 01:13:54','2022-07-06 01:13:54',NULL),(102,7272,2,1,NULL,NULL,4554,22,217,NULL,904,3,NULL,40740,40767,00030215,00030215,NULL,'2022-05-31','2022-05-31',0008,1,NULL,1830.00,1830.00,1,1.00,3,NULL,NULL,NULL,NULL,'','2022-07-06 01:15:15','2022-07-06 01:15:15',NULL),(103,7272,2,1,NULL,NULL,4554,22,217,NULL,904,1,NULL,40740,40768,00005543,00005543,NULL,'2022-05-16','2022-05-16',0001,1,NULL,9274.99,9274.99,1,1.00,3,NULL,NULL,NULL,NULL,'','2022-07-06 01:21:03','2022-07-06 01:21:03',NULL),(104,7272,2,1,NULL,NULL,1523,22,217,NULL,568,1,NULL,40720,40769,00218315,NULL,NULL,'2022-06-01','2022-06-01',0002,1,NULL,13977.10,13977.10,1,1.00,3,NULL,NULL,NULL,NULL,'','2022-07-11 19:51:47','2022-07-11 19:51:47',NULL),(105,7272,2,1,NULL,NULL,1523,22,217,NULL,568,1,NULL,40720,40770,13315118,NULL,NULL,'2022-06-01','2022-06-01',8190,1,NULL,191.53,191.53,1,1.00,3,NULL,NULL,NULL,NULL,'','2022-07-11 19:51:47','2022-07-11 19:51:47',NULL),(106,7272,2,1,NULL,NULL,1523,22,217,NULL,568,1,NULL,40720,40771,00027756,NULL,NULL,'2022-06-02','2022-06-02',0003,1,NULL,5481.54,5481.54,1,1.00,3,NULL,NULL,NULL,NULL,'','2022-07-11 19:51:47','2022-07-11 19:51:47',NULL),(107,7272,2,1,NULL,NULL,1523,22,217,NULL,568,1,NULL,40720,40772,00024543,NULL,NULL,'2022-06-02','2022-06-02',0003,1,NULL,6108.71,6108.71,1,1.00,3,NULL,NULL,NULL,NULL,'','2022-07-11 19:51:47','2022-07-11 19:51:47',NULL),(108,7272,2,1,NULL,NULL,1523,22,217,NULL,568,1,NULL,40720,40773,02570473,NULL,NULL,'2022-06-02','2022-06-02',0228,1,NULL,8511.30,8511.30,1,1.00,3,NULL,NULL,NULL,NULL,'','2022-07-11 19:51:47','2022-07-11 19:51:47',NULL);
INSERT INTO `receipts` VALUES (109,7272,2,1,NULL,NULL,1523,22,217,NULL,568,1,NULL,40720,40774,04714828,NULL,NULL,'2022-06-02','2022-06-02',9407,1,NULL,7747.12,7747.12,1,1.00,3,NULL,NULL,NULL,NULL,'','2022-07-11 19:51:47','2022-07-11 19:51:47',NULL),(110,7272,2,1,NULL,NULL,1523,22,217,NULL,568,1,NULL,40720,40775,00026955,NULL,NULL,'2022-06-02','2022-06-02',0002,1,NULL,6064.08,6064.08,1,1.00,3,NULL,NULL,NULL,NULL,'','2022-07-11 19:51:47','2022-07-11 19:51:47',NULL),(111,7272,2,1,NULL,NULL,1523,22,217,NULL,568,1,NULL,40720,40776,00572305,NULL,NULL,'2022-06-03','2022-06-03',0027,1,NULL,2287.33,2287.33,1,1.00,3,NULL,NULL,NULL,NULL,'','2022-07-11 19:51:47','2022-07-11 19:51:47',NULL),(112,7272,2,1,NULL,NULL,1523,22,217,NULL,568,1,NULL,40720,40777,05296695,NULL,NULL,'2022-06-03','2022-06-03',1229,1,NULL,4160.46,4160.46,1,1.00,3,NULL,NULL,NULL,NULL,'','2022-07-11 19:51:47','2022-07-11 19:51:47',NULL),(113,7272,2,1,NULL,NULL,1523,22,217,NULL,568,1,NULL,40720,40770,13333054,NULL,NULL,'2022-06-03','2022-06-03',8190,1,NULL,13041.64,13041.64,1,1.00,3,NULL,NULL,NULL,NULL,'','2022-07-11 19:51:47','2022-07-11 19:51:47',NULL),(114,7272,2,1,NULL,NULL,1523,22,217,NULL,568,1,NULL,40720,40778,01312146,NULL,NULL,'2022-06-03','2022-06-03',5002,1,NULL,1600.14,1600.14,1,1.00,3,NULL,NULL,NULL,NULL,'','2022-07-11 19:51:47','2022-07-11 19:51:47',NULL),(115,7272,2,1,NULL,NULL,1523,22,217,NULL,568,1,NULL,40720,40779,00316394,NULL,NULL,'2022-06-03','2022-06-03',0002,1,NULL,1543.25,1543.25,1,1.00,3,NULL,NULL,NULL,NULL,'','2022-07-11 19:51:47','2022-07-11 19:51:47',NULL),(116,7272,2,1,NULL,NULL,1523,22,217,NULL,568,1,NULL,40720,40780,02439692,NULL,NULL,'2022-06-04','2022-06-04',0618,1,NULL,8168.51,8168.51,1,1.00,3,NULL,NULL,NULL,NULL,'','2022-07-11 19:51:47','2022-07-11 19:51:47',NULL),(117,7272,2,1,NULL,NULL,1523,22,217,NULL,568,1,NULL,40720,40781,00020483,NULL,NULL,'2022-06-06','2022-06-06',0001,1,NULL,6952.58,6952.58,1,1.00,3,NULL,NULL,NULL,NULL,'','2022-07-11 19:51:47','2022-07-11 19:51:47',NULL),(118,7272,2,1,NULL,NULL,1523,22,217,NULL,568,1,NULL,40720,40782,00255549,NULL,NULL,'2022-06-06','2022-06-06',0002,1,NULL,2760.88,2760.88,1,1.00,3,NULL,NULL,NULL,NULL,'','2022-07-11 19:51:47','2022-07-11 19:51:47',NULL),(119,7272,2,1,NULL,NULL,1523,22,217,NULL,568,1,NULL,40720,40770,13346816,NULL,NULL,'2022-06-06','2022-06-06',8190,1,NULL,9855.17,9855.17,1,1.00,3,NULL,NULL,NULL,NULL,'','2022-07-11 19:51:47','2022-07-11 19:51:47',NULL),(120,7272,2,1,NULL,NULL,1523,22,217,NULL,568,1,NULL,40720,40771,00027848,NULL,NULL,'2022-06-06','2022-06-06',0003,1,NULL,1799.88,1799.88,1,1.00,3,NULL,NULL,NULL,NULL,'','2022-07-11 19:51:47','2022-07-11 19:51:47',NULL),(121,7272,2,1,NULL,NULL,1523,22,217,NULL,568,1,NULL,40720,40783,00066104,NULL,NULL,'2022-06-06','2022-06-06',0002,1,NULL,5160.00,5160.00,1,1.00,3,NULL,NULL,NULL,NULL,'','2022-07-11 19:51:48','2022-07-11 19:51:48',NULL),(122,7272,2,1,NULL,NULL,1523,22,217,NULL,568,1,NULL,40720,40784,00071839,NULL,NULL,'2022-06-06','2022-06-06',0002,1,NULL,9542.62,9542.62,1,1.00,3,NULL,NULL,NULL,NULL,'','2022-07-11 19:51:48','2022-07-11 19:51:48',NULL),(123,7272,2,1,NULL,NULL,1523,22,217,NULL,568,1,NULL,40720,40785,00043534,NULL,NULL,'2022-06-06','2022-06-06',0004,1,NULL,4624.75,4624.75,1,1.00,3,NULL,NULL,NULL,NULL,'','2022-07-11 19:51:48','2022-07-11 19:51:48',NULL),(124,7272,2,1,NULL,NULL,1523,22,217,NULL,568,1,NULL,40720,40779,00316917,NULL,NULL,'2022-06-07','2022-06-07',0002,1,NULL,1577.94,1577.94,1,1.00,3,NULL,NULL,NULL,NULL,'','2022-07-11 19:51:48','2022-07-11 19:51:48',NULL),(125,7272,2,1,NULL,NULL,1523,22,217,NULL,568,1,NULL,40720,40770,13364493,NULL,NULL,'2022-06-08','2022-06-08',8190,1,NULL,66.03,66.03,1,1.00,3,NULL,NULL,NULL,NULL,'','2022-07-11 19:51:48','2022-07-11 19:51:48',NULL),(126,7272,2,1,NULL,NULL,1523,22,217,NULL,568,1,NULL,40720,40771,00027928,NULL,NULL,'2022-06-09','2022-06-09',0003,1,NULL,4209.59,4209.59,1,1.00,3,NULL,NULL,NULL,NULL,'','2022-07-11 19:51:48','2022-07-11 19:51:48',NULL);
INSERT INTO `receipts` VALUES (127,7272,2,1,NULL,NULL,1523,22,217,NULL,568,1,NULL,40720,40786,00096975,NULL,NULL,'2022-06-09','2022-06-09',0003,1,NULL,7684.92,7684.92,1,1.00,3,NULL,NULL,NULL,NULL,'','2022-07-11 19:51:48','2022-07-11 19:51:48',NULL),(128,7272,2,1,NULL,NULL,1523,22,217,NULL,568,1,NULL,40720,40774,04724498,NULL,NULL,'2022-06-09','2022-06-09',9407,1,NULL,9187.85,9187.85,1,1.00,3,NULL,NULL,NULL,NULL,'','2022-07-11 19:51:48','2022-07-11 19:51:48',NULL),(129,7272,2,1,NULL,NULL,1523,22,217,NULL,568,1,NULL,40720,40787,00003195,NULL,NULL,'2022-06-09','2022-06-09',0007,1,NULL,3837.60,3837.60,1,1.00,3,NULL,NULL,NULL,NULL,'','2022-07-11 19:51:48','2022-07-11 19:51:48',NULL),(130,7272,2,1,NULL,NULL,1523,22,217,NULL,568,1,NULL,40720,40778,01317593,NULL,NULL,'2022-06-10','2022-06-10',5002,1,NULL,1514.70,1514.70,1,1.00,3,NULL,NULL,NULL,NULL,'','2022-07-11 19:51:48','2022-07-11 19:51:48',NULL),(131,7272,2,1,NULL,NULL,1523,22,217,NULL,568,1,NULL,40720,40770,13383607,NULL,NULL,'2022-06-10','2022-06-10',8190,1,NULL,9872.50,9872.50,1,1.00,3,NULL,NULL,NULL,NULL,'','2022-07-11 19:51:48','2022-07-11 19:51:48',NULL),(132,7272,2,1,NULL,NULL,1523,22,217,NULL,568,1,NULL,40720,40779,00317797,NULL,NULL,'2022-06-10','2022-06-10',0002,1,NULL,1563.70,1563.70,1,1.00,3,NULL,NULL,NULL,NULL,'','2022-07-11 19:51:48','2022-07-11 19:51:48',NULL),(133,7272,2,3,NULL,NULL,1523,22,217,NULL,568,1,NULL,40720,40780,00177760,NULL,NULL,'2022-06-11','2022-06-11',0618,1,NULL,413.68,413.68,1,1.00,3,NULL,NULL,NULL,NULL,'','2022-07-11 19:51:48','2022-07-11 19:51:48',NULL),(134,7272,2,1,NULL,NULL,1523,22,217,NULL,568,1,NULL,40720,40780,02444071,NULL,NULL,'2022-06-11','2022-06-11',0618,1,NULL,6763.27,6763.27,1,1.00,3,NULL,NULL,NULL,NULL,'','2022-07-11 19:51:48','2022-07-11 19:51:48',NULL),(135,7272,2,1,NULL,NULL,1523,22,217,NULL,568,1,NULL,40720,40781,00021460,NULL,NULL,'2022-06-13','2022-06-13',0001,1,NULL,5665.85,5665.85,1,1.00,3,NULL,NULL,NULL,NULL,'','2022-07-11 19:51:48','2022-07-11 19:51:48',NULL),(136,7272,2,1,NULL,NULL,1523,22,217,NULL,568,1,NULL,40720,40771,00028018,NULL,NULL,'2022-06-13','2022-06-13',0003,1,NULL,2120.16,2120.16,1,1.00,3,NULL,NULL,NULL,NULL,'','2022-07-11 19:51:48','2022-07-11 19:51:48',NULL),(137,7272,2,1,NULL,NULL,1523,22,217,NULL,568,1,NULL,40720,40770,13396647,NULL,NULL,'2022-06-13','2022-06-13',8190,1,NULL,4245.96,4245.96,1,1.00,3,NULL,NULL,NULL,NULL,'','2022-07-11 19:51:48','2022-07-11 19:51:48',NULL),(138,7272,2,1,NULL,NULL,1523,22,217,NULL,568,1,NULL,40720,40782,00256901,NULL,NULL,'2022-06-13','2022-06-13',0002,1,NULL,1582.32,1582.32,1,1.00,3,NULL,NULL,NULL,NULL,'','2022-07-11 19:51:48','2022-07-11 19:51:48',NULL),(139,7272,2,1,NULL,NULL,1523,22,217,NULL,568,1,NULL,40720,40788,00757046,NULL,NULL,'2022-06-13','2022-06-13',0294,1,NULL,1440.80,1440.80,1,1.00,3,NULL,NULL,NULL,NULL,'','2022-07-11 19:51:48','2022-07-11 19:51:48',NULL),(140,7272,2,1,NULL,NULL,1523,22,217,NULL,568,1,NULL,40720,40777,05306813,NULL,NULL,'2022-06-14','2022-06-14',1229,1,NULL,948.43,948.43,1,1.00,3,NULL,NULL,NULL,NULL,'','2022-07-11 19:51:48','2022-07-11 19:51:48',NULL),(141,7272,2,1,NULL,NULL,1523,22,217,NULL,568,1,NULL,40720,40789,00081012,NULL,NULL,'2022-06-14','2022-06-14',0007,1,NULL,2564.46,2564.46,1,1.00,3,NULL,NULL,NULL,NULL,'','2022-07-11 19:51:48','2022-07-11 19:51:48',NULL),(142,7272,2,1,NULL,NULL,1523,22,217,NULL,568,1,NULL,40720,40779,00318273,NULL,NULL,'2022-06-14','2022-06-14',0002,1,NULL,2491.10,2491.10,1,1.00,3,NULL,NULL,NULL,NULL,'','2022-07-11 19:51:48','2022-07-11 19:51:48',NULL),(143,7272,2,1,NULL,NULL,1523,22,217,NULL,568,1,NULL,40720,40769,00225283,NULL,NULL,'2022-06-15','2022-06-15',0002,1,NULL,6228.83,6228.83,1,1.00,3,NULL,NULL,NULL,NULL,'','2022-07-11 19:51:48','2022-07-11 19:51:48',NULL),(144,7272,2,1,NULL,NULL,1523,22,217,NULL,568,1,NULL,40720,40770,13415655,NULL,NULL,'2022-06-15','2022-06-15',8190,1,NULL,12926.79,12926.79,1,1.00,3,NULL,NULL,NULL,NULL,'','2022-07-11 19:51:48','2022-07-11 19:51:48',NULL);
INSERT INTO `receipts` VALUES (145,7272,2,1,NULL,NULL,1523,22,217,NULL,568,1,NULL,40720,40780,02445882,NULL,NULL,'2022-06-15','2022-06-15',0618,1,NULL,8416.91,8416.91,1,1.00,3,NULL,NULL,NULL,NULL,'','2022-07-11 19:51:48','2022-07-11 19:51:48',NULL),(146,7272,2,1,NULL,NULL,1523,22,217,NULL,568,1,NULL,40720,40775,00029293,NULL,NULL,'2022-06-15','2022-06-15',0002,1,NULL,6174.61,6174.61,1,1.00,3,NULL,NULL,NULL,NULL,'','2022-07-11 19:51:48','2022-07-11 19:51:48',NULL),(147,7272,2,12,NULL,NULL,1523,22,250,NULL,568,1,NULL,40720,40719,00000197,NULL,NULL,'2022-06-16','2022-06-16',0002,1,NULL,9500.00,9500.00,1,1.00,3,NULL,NULL,NULL,NULL,'','2022-07-11 19:51:48','2022-07-11 19:51:48',NULL),(148,7272,2,1,NULL,NULL,1523,22,217,NULL,568,1,NULL,40720,40773,02579730,NULL,NULL,'2022-06-16','2022-06-16',0228,1,NULL,2148.53,2148.53,1,1.00,3,NULL,NULL,NULL,NULL,'','2022-07-11 19:51:48','2022-07-11 19:51:48',NULL),(149,7272,2,1,NULL,NULL,1523,22,217,NULL,568,1,NULL,40720,40774,04734296,NULL,NULL,'2022-06-16','2022-06-16',9407,1,NULL,7151.86,7151.86,1,1.00,3,NULL,NULL,NULL,NULL,'','2022-07-11 19:51:48','2022-07-11 19:51:48',NULL),(150,7272,2,4,NULL,NULL,1523,22,217,NULL,568,1,NULL,40720,40790,00426539,NULL,NULL,'2022-06-17','2022-06-17',5008,1,NULL,733.42,733.42,1,1.00,3,NULL,NULL,NULL,NULL,'','2022-07-11 19:51:48','2022-07-11 19:51:48',NULL),(151,7272,2,1,NULL,NULL,1523,22,217,NULL,568,1,NULL,40720,40770,13434815,NULL,NULL,'2022-06-17','2022-06-17',8190,1,NULL,6054.21,6054.21,1,1.00,3,NULL,NULL,NULL,NULL,'','2022-07-11 19:51:49','2022-07-11 19:51:49',NULL),(152,7272,2,1,NULL,NULL,1523,22,217,NULL,568,1,NULL,40720,40771,00028170,NULL,NULL,'2022-06-20','2022-06-20',0003,1,NULL,2063.78,2063.78,1,1.00,3,NULL,NULL,NULL,NULL,'','2022-07-11 19:51:49','2022-07-11 19:51:49',NULL),(153,7272,2,1,NULL,NULL,1523,22,217,NULL,568,1,NULL,40720,40781,00022194,NULL,NULL,'2022-06-21','2022-06-21',0001,1,NULL,6291.81,6291.81,1,1.00,3,NULL,NULL,NULL,NULL,'','2022-07-11 19:51:49','2022-07-11 19:51:49',NULL),(154,7272,2,1,NULL,NULL,1523,22,217,NULL,568,1,NULL,40720,40769,00227607,NULL,NULL,'2022-06-22','2022-06-22',0002,1,NULL,2561.55,2561.55,1,1.00,3,NULL,NULL,NULL,NULL,'','2022-07-11 19:51:49','2022-07-11 19:51:49',NULL),(155,7272,2,1,NULL,NULL,1523,22,217,NULL,568,1,NULL,40720,40770,13457880,NULL,NULL,'2022-06-22','2022-06-22',8190,1,NULL,5460.14,5460.14,1,1.00,3,NULL,NULL,NULL,NULL,'','2022-07-11 19:51:49','2022-07-11 19:51:49',NULL),(156,7272,2,1,NULL,NULL,1523,22,217,NULL,568,1,NULL,40720,40779,00319529,NULL,NULL,'2022-06-22','2022-06-22',0002,1,NULL,1344.38,1344.38,1,1.00,3,NULL,NULL,NULL,NULL,'','2022-07-11 19:51:49','2022-07-11 19:51:49',NULL),(157,7272,2,1,NULL,NULL,1523,22,217,NULL,568,1,NULL,40720,40771,00028242,NULL,NULL,'2022-06-23','2022-06-23',0003,1,NULL,3671.87,3671.87,1,1.00,3,NULL,NULL,NULL,NULL,'','2022-07-11 19:51:49','2022-07-11 19:51:49',NULL),(158,7272,2,1,NULL,NULL,1523,22,217,NULL,568,1,NULL,40720,40786,00098252,NULL,NULL,'2022-06-23','2022-06-23',0003,1,NULL,4751.14,4751.14,1,1.00,3,NULL,NULL,NULL,NULL,'','2022-07-11 19:51:49','2022-07-11 19:51:49',NULL),(159,7272,2,1,NULL,NULL,1523,22,217,NULL,568,1,NULL,40720,40772,00024854,NULL,NULL,'2022-06-23','2022-06-23',0003,1,NULL,6373.32,6373.32,1,1.00,3,NULL,NULL,NULL,NULL,'','2022-07-11 19:51:49','2022-07-11 19:51:49',NULL),(160,7272,2,1,NULL,NULL,1523,22,217,NULL,568,1,NULL,40720,40775,00030460,NULL,NULL,'2022-06-23','2022-06-23',0002,1,NULL,3469.49,3469.49,1,1.00,3,NULL,NULL,NULL,NULL,'','2022-07-11 19:51:49','2022-07-11 19:51:49',NULL),(161,7272,2,1,NULL,NULL,1523,22,217,NULL,568,1,NULL,40720,40787,00004243,NULL,NULL,'2022-06-23','2022-06-23',0007,1,NULL,2445.92,2445.92,1,1.00,3,NULL,NULL,NULL,NULL,'','2022-07-11 19:51:49','2022-07-11 19:51:49',NULL),(162,7272,2,1,NULL,NULL,1523,22,217,NULL,568,1,NULL,40720,40776,00577083,NULL,NULL,'2022-06-24','2022-06-24',0027,1,NULL,2582.47,2582.47,1,1.00,3,NULL,NULL,NULL,NULL,'','2022-07-11 19:51:49','2022-07-11 19:51:49',NULL);
INSERT INTO `receipts` VALUES (163,7272,2,1,NULL,NULL,1523,22,217,NULL,568,1,NULL,40720,40777,05316202,NULL,NULL,'2022-06-24','2022-06-24',1229,1,NULL,3327.32,3327.32,1,1.00,3,NULL,NULL,NULL,NULL,'','2022-07-11 19:51:49','2022-07-11 19:51:49',NULL),(164,7272,2,1,NULL,NULL,1523,22,217,NULL,568,1,NULL,40720,40770,13478126,NULL,NULL,'2022-06-24','2022-06-24',8190,1,NULL,10234.38,10234.38,1,1.00,3,NULL,NULL,NULL,NULL,'','2022-07-11 19:51:49','2022-07-11 19:51:49',NULL),(165,7272,2,1,NULL,NULL,1523,22,217,NULL,568,1,NULL,40720,40781,00023055,NULL,NULL,'2022-06-27','2022-06-27',0001,1,NULL,4114.47,4114.47,1,1.00,3,NULL,NULL,NULL,NULL,'','2022-07-11 19:51:49','2022-07-11 19:51:49',NULL),(166,7272,2,1,NULL,NULL,1523,22,217,NULL,568,1,NULL,40720,40770,13491462,NULL,NULL,'2022-06-27','2022-06-27',8190,1,NULL,66.03,66.03,1,1.00,3,NULL,NULL,NULL,NULL,'','2022-07-11 19:51:49','2022-07-11 19:51:49',NULL),(167,7272,2,3,NULL,NULL,1523,22,217,NULL,568,1,NULL,40720,40770,01204084,NULL,NULL,'2022-06-27','2022-06-27',8190,1,NULL,376.43,376.43,1,1.00,3,NULL,NULL,NULL,NULL,'','2022-07-11 19:51:49','2022-07-11 19:51:49',NULL),(168,7272,2,1,NULL,NULL,1523,22,217,NULL,568,1,NULL,40720,40771,00028326,NULL,NULL,'2022-06-27','2022-06-27',0003,1,NULL,2211.88,2211.88,1,1.00,3,NULL,NULL,NULL,NULL,'','2022-07-11 19:51:49','2022-07-11 19:51:49',NULL),(169,7272,2,1,NULL,NULL,1523,22,217,NULL,568,1,NULL,40720,40782,00259529,NULL,NULL,'2022-06-27','2022-06-27',0002,1,NULL,3942.60,3942.60,1,1.00,3,NULL,NULL,NULL,NULL,'','2022-07-11 19:51:49','2022-07-11 19:51:49',NULL),(170,7272,2,1,NULL,NULL,1523,22,217,NULL,568,1,NULL,40720,40788,00758676,NULL,NULL,'2022-06-27','2022-06-27',0294,1,NULL,8743.24,8743.24,1,1.00,3,NULL,NULL,NULL,NULL,'','2022-07-11 19:51:49','2022-07-11 19:51:49',NULL),(171,7272,2,1,NULL,NULL,1523,22,217,NULL,568,1,NULL,40720,40780,02451976,NULL,NULL,'2022-06-27','2022-06-27',0618,1,NULL,6751.07,6751.07,1,1.00,3,NULL,NULL,NULL,NULL,'','2022-07-11 19:51:49','2022-07-11 19:51:49',NULL),(172,7272,2,1,NULL,NULL,1523,22,217,NULL,568,1,NULL,40720,40779,00320810,NULL,NULL,'2022-06-28','2022-06-28',0002,1,NULL,2162.71,2162.71,1,1.00,3,NULL,NULL,NULL,NULL,'','2022-07-11 19:51:49','2022-07-11 19:51:49',NULL),(173,7272,2,1,NULL,NULL,1523,22,217,NULL,568,1,NULL,40720,40769,00231065,NULL,NULL,'2022-06-29','2022-06-29',0002,1,NULL,5219.18,5219.18,1,1.00,3,NULL,NULL,NULL,NULL,'','2022-07-11 19:51:49','2022-07-11 19:51:49',NULL),(174,7272,2,1,NULL,NULL,1523,22,217,NULL,568,1,NULL,40720,40791,00772581,NULL,NULL,'2022-06-29','2022-06-29',0025,1,NULL,1921.86,1921.86,1,1.00,3,NULL,NULL,NULL,NULL,'','2022-07-11 19:51:49','2022-07-11 19:51:49',NULL),(175,7272,2,1,NULL,NULL,1523,22,217,NULL,568,1,NULL,40720,40770,13509677,NULL,NULL,'2022-06-29','2022-06-29',8190,1,NULL,4315.92,4315.92,1,1.00,3,NULL,NULL,NULL,NULL,'','2022-07-11 19:51:49','2022-07-11 19:51:49',NULL),(176,7272,2,1,NULL,NULL,1523,22,217,NULL,568,1,NULL,40720,40792,00565716,NULL,NULL,'2022-06-30','2022-06-30',0002,1,NULL,3628.63,3628.63,1,1.00,3,NULL,NULL,NULL,NULL,'','2022-07-11 19:51:49','2022-07-11 19:51:49',NULL),(177,7272,2,1,NULL,NULL,1523,22,217,NULL,568,1,NULL,40720,40775,00031814,NULL,NULL,'2022-06-30','2022-06-30',0002,1,NULL,3652.31,3652.31,1,1.00,3,NULL,NULL,NULL,NULL,'','2022-07-11 19:51:49','2022-07-11 19:51:49',NULL),(178,7272,1,32,NULL,NULL,1522,22,NULL,NULL,568,1,NULL,40720,40718,00041368,00041403,NULL,'2022-05-06','2022-05-06',0002,1,NULL,16140.00,16140.00,1,1.00,3,NULL,NULL,NULL,NULL,'','2022-07-11 20:09:27','2022-07-11 20:09:27',NULL),(179,7272,1,32,NULL,NULL,1522,22,NULL,NULL,568,1,NULL,40720,40718,00000001,00000001,NULL,'2022-05-10','2022-05-10',0004,1,NULL,17170.20,17170.20,1,1.00,3,NULL,NULL,NULL,NULL,'','2022-07-11 20:11:49','2022-07-11 20:11:49',NULL),(180,7272,1,32,NULL,NULL,1522,22,NULL,NULL,568,1,NULL,40720,40718,00000002,00000002,NULL,'2022-05-11','2022-05-11',0004,1,NULL,17979.99,17979.99,1,1.00,3,NULL,NULL,NULL,NULL,'','2022-07-11 20:13:33','2022-07-11 20:13:33',NULL);
INSERT INTO `receipts` VALUES (181,7272,1,32,NULL,NULL,1522,22,NULL,NULL,568,1,NULL,40720,40718,00000003,00000003,NULL,'2022-05-12','2022-05-12',0004,1,NULL,13890.00,13890.00,1,1.00,3,NULL,NULL,NULL,NULL,'','2022-07-11 20:14:18','2022-07-11 20:14:18',NULL),(182,7272,1,32,NULL,NULL,1522,22,NULL,NULL,568,1,NULL,40720,40718,00000005,00000005,NULL,'2022-05-13','2022-05-13',0004,1,NULL,16769.99,16769.99,1,1.00,3,NULL,NULL,NULL,NULL,'','2022-07-11 20:15:04','2022-07-11 20:15:04',NULL),(183,7272,1,32,NULL,NULL,1522,22,NULL,NULL,568,1,NULL,40720,40718,00000008,00000008,NULL,'2022-05-14','2022-05-14',0004,1,NULL,16291.00,16291.00,1,1.00,3,NULL,NULL,NULL,NULL,'','2022-07-11 20:15:41','2022-07-11 20:15:41',NULL),(184,7272,1,32,NULL,NULL,1522,22,NULL,NULL,568,1,NULL,40720,40718,00000009,00000009,NULL,'2022-05-16','2022-05-16',0004,1,NULL,16925.00,16925.00,1,1.00,3,NULL,NULL,NULL,NULL,'','2022-07-11 20:16:16','2022-07-11 20:16:16',NULL),(185,7272,1,32,NULL,NULL,1522,22,NULL,NULL,568,1,NULL,40720,40718,00000012,00000012,NULL,'2022-05-17','2022-05-17',0004,1,NULL,22115.00,22115.00,1,1.00,3,NULL,NULL,NULL,NULL,'','2022-07-11 20:16:47','2022-07-11 20:16:47',NULL),(186,7272,1,32,NULL,NULL,1522,22,NULL,NULL,568,1,NULL,40720,40718,00000013,00000013,NULL,'2022-05-19','2022-05-19',0004,1,NULL,14980.01,14980.01,1,1.00,3,NULL,NULL,NULL,NULL,'','2022-07-11 20:23:25','2022-07-11 20:23:25',NULL),(187,7272,1,32,NULL,NULL,1522,22,NULL,NULL,568,1,NULL,40720,40718,00000014,00000014,NULL,'2022-05-20','2022-05-20',0004,1,NULL,15880.00,15880.00,1,1.00,3,NULL,NULL,NULL,NULL,'','2022-07-11 20:24:00','2022-07-12 16:44:28',NULL),(188,7272,1,32,NULL,NULL,1522,22,NULL,NULL,568,1,NULL,40720,40718,00000015,00000015,NULL,'2022-05-21','2022-05-21',0004,1,NULL,14548.00,14548.00,1,1.00,3,NULL,NULL,NULL,NULL,'','2022-07-11 20:26:17','2022-07-12 16:44:59',NULL),(189,7272,1,32,NULL,NULL,1522,22,NULL,NULL,568,1,NULL,40720,40718,00000016,00000016,NULL,'2022-05-23','2022-05-23',0004,1,NULL,14050.00,14050.00,1,1.00,3,NULL,NULL,NULL,NULL,'','2022-07-11 20:28:47','2022-07-12 16:45:23',NULL),(190,7272,1,32,NULL,NULL,1522,22,NULL,NULL,568,1,NULL,40720,40718,00000017,00000017,NULL,'2022-05-24','2022-05-24',0004,1,NULL,18580.00,18580.00,1,1.00,3,NULL,NULL,NULL,NULL,'','2022-07-11 20:29:09','2022-07-12 16:46:31',NULL),(191,7272,1,32,NULL,NULL,1522,22,NULL,NULL,568,1,NULL,40720,40718,00000018,00000018,NULL,'2022-05-26','2022-05-26',0004,1,NULL,17932.41,17932.41,1,1.00,3,NULL,NULL,NULL,NULL,'','2022-07-11 20:30:43','2022-07-12 16:47:30',NULL),(192,7272,1,32,NULL,NULL,1522,22,NULL,NULL,568,1,NULL,40720,40718,00000019,00000019,NULL,'2022-05-27','2022-05-27',0004,1,NULL,19201.90,19201.90,1,1.00,3,NULL,NULL,NULL,NULL,'','2022-07-11 20:31:20','2022-07-11 20:31:20',NULL),(193,7272,1,32,NULL,NULL,1522,22,NULL,NULL,568,1,NULL,40720,40718,00000020,00000020,NULL,'2022-05-28','2022-05-28',0004,1,NULL,14500.00,14500.00,1,1.00,3,NULL,NULL,NULL,NULL,'','2022-07-11 20:32:27','2022-07-11 20:32:27',NULL),(194,7272,1,32,NULL,NULL,1522,22,NULL,NULL,568,1,NULL,40720,40718,00000021,00000021,NULL,'2022-05-30','2022-05-30',0004,1,NULL,21490.00,21490.00,1,1.00,3,NULL,NULL,NULL,NULL,'','2022-07-11 20:32:58','2022-07-11 20:32:58',NULL),(195,7272,1,32,NULL,NULL,1522,22,NULL,NULL,568,1,NULL,40720,40718,00000022,00000022,NULL,'2022-05-31','2022-05-31',0004,1,NULL,16740.00,16740.00,1,1.00,3,NULL,NULL,NULL,NULL,'','2022-07-11 20:33:21','2022-07-11 20:33:21',NULL),(196,7272,1,32,NULL,NULL,1523,22,NULL,NULL,568,1,NULL,40720,40718,00000023,00000023,NULL,'2022-06-01','2022-06-01',0004,1,NULL,12150.00,12150.00,1,1.00,3,NULL,NULL,NULL,NULL,'','2022-07-11 20:39:32','2022-07-11 20:39:32',NULL),(197,7272,1,32,NULL,NULL,1523,22,NULL,NULL,568,1,NULL,40720,40718,00000024,00000024,NULL,'2022-06-02','2022-06-02',0004,1,NULL,14760.00,14760.00,1,1.00,3,NULL,NULL,NULL,NULL,'','2022-07-11 20:39:55','2022-07-11 20:39:55',NULL);
INSERT INTO `receipts` VALUES (198,7272,1,32,NULL,NULL,1523,22,NULL,NULL,568,1,NULL,40720,40718,00000025,00000025,NULL,'2022-06-03','2022-06-03',0004,1,NULL,20190.00,20190.00,1,1.00,3,NULL,NULL,NULL,NULL,'','2022-07-11 20:44:00','2022-07-12 17:50:02',NULL),(199,7272,1,32,NULL,NULL,1523,22,NULL,NULL,568,1,NULL,40720,40718,00000026,00000026,NULL,'2022-06-04','2022-06-04',0004,1,NULL,15380.00,15380.00,1,1.00,3,NULL,NULL,NULL,NULL,'','2022-07-11 20:44:42','2022-07-11 20:44:42',NULL),(200,7272,1,32,NULL,NULL,1523,22,NULL,NULL,568,1,NULL,40720,40718,00000027,00000027,NULL,'2022-06-06','2022-06-06',0004,1,NULL,18820.00,18820.00,1,1.00,3,NULL,NULL,NULL,NULL,'','2022-07-11 20:45:53','2022-07-11 20:45:53',NULL),(201,7272,1,32,NULL,NULL,1523,22,NULL,NULL,568,1,NULL,40720,40718,00000028,00000028,NULL,'2022-06-07','2022-06-07',0004,1,NULL,15410.00,15410.00,1,1.00,3,NULL,NULL,NULL,NULL,'','2022-07-11 20:46:38','2022-07-11 20:46:38',NULL),(202,7272,1,32,NULL,NULL,1523,22,NULL,NULL,568,1,NULL,40720,40718,00000029,00000029,NULL,'2022-06-08','2022-06-08',0004,1,NULL,15310.00,15310.00,1,1.00,3,NULL,NULL,NULL,NULL,'','2022-07-11 20:47:32','2022-07-11 20:47:32',NULL),(203,7272,1,32,NULL,NULL,1523,22,NULL,NULL,568,1,NULL,40720,40718,00000030,00000030,NULL,'2022-06-09','2022-06-09',0004,1,NULL,13650.00,13650.00,1,1.00,3,NULL,NULL,NULL,NULL,'','2022-07-11 20:48:06','2022-07-11 20:48:06',NULL),(204,7272,1,32,NULL,NULL,1523,22,NULL,NULL,568,1,NULL,40720,40718,00000031,00000031,NULL,'2022-06-10','2022-06-10',0004,1,NULL,19740.00,19740.00,1,1.00,3,NULL,NULL,NULL,NULL,'','2022-07-11 20:48:55','2022-07-11 20:48:55',NULL),(205,7272,1,32,NULL,NULL,1523,22,NULL,NULL,568,1,NULL,40720,40718,00000032,00000032,NULL,'2022-06-11','2022-06-11',0004,1,NULL,14428.00,14428.00,1,1.00,3,NULL,NULL,NULL,NULL,'','2022-07-11 20:49:22','2022-07-11 20:49:22',NULL),(206,7272,1,32,NULL,NULL,1523,22,NULL,NULL,568,1,NULL,40720,40718,00000033,00000033,NULL,'2022-06-13','2022-06-13',0004,1,NULL,15515.00,15515.00,1,1.00,3,NULL,NULL,NULL,NULL,'','2022-07-11 20:51:08','2022-07-11 20:51:08',NULL),(207,7272,1,32,NULL,NULL,1523,22,NULL,NULL,568,1,NULL,40720,40718,00000036,00000036,NULL,'2022-06-14','2022-06-14',0004,1,NULL,19340.00,19340.00,1,1.00,3,NULL,NULL,NULL,NULL,'','2022-07-11 20:52:50','2022-07-11 20:52:50',NULL),(208,7272,1,32,NULL,NULL,1523,22,NULL,NULL,568,1,NULL,40720,40718,00000037,00000037,NULL,'2022-06-15','2022-06-15',0004,1,NULL,16074.00,16074.00,1,1.00,3,NULL,NULL,NULL,NULL,'','2022-07-11 20:53:21','2022-07-11 20:53:21',NULL),(209,7272,1,32,NULL,NULL,1523,22,NULL,NULL,568,1,NULL,40720,40718,00000038,00000038,NULL,'2022-06-16','2022-06-16',0004,1,NULL,20350.00,20350.00,1,1.00,3,NULL,NULL,NULL,NULL,'','2022-07-11 21:01:13','2022-07-11 21:01:13',NULL),(210,7272,1,32,NULL,NULL,1523,22,NULL,NULL,568,1,NULL,40720,40718,00000039,00000039,NULL,'2022-06-18','2022-06-18',0004,1,NULL,8980.00,8980.00,1,1.00,3,NULL,NULL,NULL,NULL,'','2022-07-11 21:03:22','2022-07-11 21:03:22',NULL),(211,7272,1,32,NULL,NULL,1523,22,NULL,NULL,568,1,NULL,40720,40718,00000040,00000040,NULL,'2022-06-21','2022-06-21',0004,1,NULL,19670.00,19670.00,1,1.00,3,NULL,NULL,NULL,NULL,'','2022-07-11 21:04:21','2022-07-11 21:04:21',NULL),(212,7272,1,32,NULL,NULL,1523,22,NULL,NULL,568,1,NULL,40720,40718,00000041,00000041,NULL,'2022-06-22','2022-06-22',0004,1,NULL,14740.00,14740.00,1,1.00,3,NULL,NULL,NULL,NULL,'','2022-07-11 21:04:58','2022-07-11 21:04:58',NULL),(213,7272,1,32,NULL,NULL,1523,22,NULL,NULL,568,1,NULL,40720,40718,00000042,00000042,NULL,'2022-06-23','2022-06-23',0004,1,NULL,18260.00,18260.00,1,1.00,3,NULL,NULL,NULL,NULL,'','2022-07-11 21:05:46','2022-07-11 21:05:46',NULL),(214,7272,1,32,NULL,NULL,1523,22,NULL,NULL,568,1,NULL,40720,40718,00000043,00000043,NULL,'2022-06-24','2022-06-24',0004,1,NULL,15780.00,15780.00,1,1.00,3,NULL,NULL,NULL,NULL,'','2022-07-11 21:06:19','2022-07-11 21:06:19',NULL);
INSERT INTO `receipts` VALUES (215,7272,1,32,NULL,NULL,1523,22,NULL,NULL,568,1,NULL,40720,40718,00000044,00000044,NULL,'2022-06-25','2022-06-25',0004,1,NULL,17290.00,17290.00,1,1.00,3,NULL,NULL,NULL,NULL,'','2022-07-11 21:06:52','2022-07-11 21:06:52',NULL),(216,7272,1,32,NULL,NULL,1523,22,NULL,NULL,568,1,NULL,40720,40718,00000045,00000045,NULL,'2022-06-27','2022-06-27',0004,1,NULL,17630.00,17630.00,1,1.00,3,NULL,NULL,NULL,NULL,'','2022-07-11 21:07:37','2022-07-11 21:07:37',NULL),(217,7272,1,32,NULL,NULL,1523,22,NULL,NULL,568,1,NULL,40720,40718,00000046,00000046,NULL,'2022-06-28','2022-06-28',0004,1,NULL,17830.00,17830.00,1,1.00,3,NULL,NULL,NULL,NULL,'','2022-07-11 21:09:14','2022-07-11 21:09:14',NULL),(218,7272,1,32,NULL,NULL,1523,22,NULL,NULL,568,1,NULL,40720,40718,00000047,00000047,NULL,'2022-06-29','2022-06-29',0004,1,NULL,13430.00,13430.00,1,1.00,3,NULL,NULL,NULL,NULL,'','2022-07-11 21:10:10','2022-07-11 21:10:10',NULL),(219,7272,1,32,NULL,NULL,1523,22,NULL,NULL,568,1,NULL,40720,40718,00000048,00000048,NULL,'2022-06-30','2022-06-30',0004,1,NULL,16920.00,16920.00,1,1.00,3,NULL,NULL,NULL,NULL,'','2022-07-11 21:10:55','2022-07-11 21:10:55',NULL),(220,7272,2,1,NULL,NULL,1522,22,217,NULL,568,1,NULL,40720,40770,13100530,NULL,NULL,'2022-05-02','2022-05-02',8190,1,NULL,4061.78,4061.78,1,1.00,3,NULL,NULL,NULL,NULL,'','2022-07-11 21:23:23','2022-07-11 21:23:23',NULL),(221,7272,2,1,NULL,NULL,1522,22,217,NULL,568,1,NULL,40720,40782,00248856,NULL,NULL,'2022-05-02','2022-05-02',0002,1,NULL,1429.44,1429.44,1,1.00,3,NULL,NULL,NULL,NULL,'','2022-07-11 21:23:23','2022-07-11 21:23:23',NULL),(222,7272,2,1,NULL,NULL,1522,22,217,NULL,568,1,NULL,40720,40771,00027074,NULL,NULL,'2022-05-02','2022-05-02',0003,1,NULL,2769.69,2769.69,1,1.00,3,NULL,NULL,NULL,NULL,'','2022-07-11 21:23:23','2022-07-11 21:23:23',NULL),(223,7272,2,1,NULL,NULL,1522,22,217,NULL,568,1,NULL,40720,40788,00750795,NULL,NULL,'2022-05-02','2022-05-02',0294,1,NULL,2451.44,2451.44,1,1.00,3,NULL,NULL,NULL,NULL,'','2022-07-11 21:23:23','2022-07-11 21:23:23',NULL),(224,7272,2,1,NULL,NULL,1522,22,217,NULL,568,1,NULL,40720,40789,00078926,NULL,NULL,'2022-05-02','2022-05-02',0007,1,NULL,3040.73,3040.73,1,1.00,3,NULL,NULL,NULL,NULL,'','2022-07-11 21:23:23','2022-07-11 21:23:23',NULL),(225,7272,2,1,NULL,NULL,1522,22,217,NULL,568,1,NULL,40720,40789,00079019,NULL,NULL,'2022-05-03','2022-05-03',0007,1,NULL,2419.49,2419.49,1,1.00,3,NULL,NULL,NULL,NULL,'','2022-07-11 21:23:23','2022-07-11 21:23:23',NULL),(226,7272,2,1,NULL,NULL,1522,22,217,NULL,568,1,NULL,40720,40779,00310420,NULL,NULL,'2022-05-03','2022-05-03',0002,1,NULL,1618.25,1618.25,1,1.00,3,NULL,NULL,NULL,NULL,'','2022-07-11 21:23:23','2022-07-11 21:23:23',NULL),(227,7272,2,1,NULL,NULL,1522,22,217,NULL,568,1,NULL,40720,40769,00204617,NULL,NULL,'2022-05-04','2022-05-04',0002,1,NULL,2938.45,2938.45,1,1.00,3,NULL,NULL,NULL,NULL,'','2022-07-11 21:23:23','2022-07-11 21:23:23',NULL),(228,7272,2,1,NULL,NULL,1522,22,217,NULL,568,1,NULL,40720,40770,13118900,NULL,NULL,'2022-05-04','2022-05-04',8190,1,NULL,5883.68,5883.68,1,1.00,3,NULL,NULL,NULL,NULL,'','2022-07-11 21:23:23','2022-07-11 21:23:23',NULL),(229,7272,2,1,NULL,NULL,1522,22,217,NULL,568,1,NULL,40720,40771,00027146,NULL,NULL,'2022-05-05','2022-05-05',0003,1,NULL,3888.09,3888.09,1,1.00,3,NULL,NULL,NULL,NULL,'','2022-07-11 21:23:23','2022-07-11 21:23:23',NULL),(230,7272,2,1,NULL,NULL,1522,22,217,NULL,568,1,NULL,40720,40772,00024082,NULL,NULL,'2022-05-05','2022-05-05',0003,1,NULL,11542.68,11542.68,1,1.00,3,NULL,NULL,NULL,NULL,'','2022-07-11 21:23:23','2022-07-11 21:23:23',NULL),(231,7272,2,1,NULL,NULL,1522,22,217,NULL,568,1,NULL,40720,40774,04678613,NULL,NULL,'2022-05-05','2022-05-05',9407,1,NULL,10140.01,10140.01,1,1.00,3,NULL,NULL,NULL,NULL,'','2022-07-11 21:23:23','2022-07-11 21:23:23',NULL),(232,7272,2,1,NULL,NULL,1522,22,217,NULL,568,1,NULL,40720,40775,00022609,NULL,NULL,'2022-05-05','2022-05-05',0002,1,NULL,6480.36,6480.36,1,1.00,3,NULL,NULL,NULL,NULL,'','2022-07-11 21:23:23','2022-07-11 21:23:23',NULL);
INSERT INTO `receipts` VALUES (233,7272,2,1,NULL,NULL,1522,22,217,NULL,568,1,NULL,40720,40777,05269718,NULL,NULL,'2022-05-06','2022-05-06',1229,1,NULL,1059.79,1059.79,1,1.00,3,NULL,NULL,NULL,NULL,'','2022-07-11 21:23:23','2022-07-11 21:23:23',NULL),(234,7272,2,1,NULL,NULL,1522,22,217,NULL,568,1,NULL,40720,40778,01288973,NULL,NULL,'2022-05-06','2022-05-06',5002,1,NULL,2381.57,2381.57,1,1.00,3,NULL,NULL,NULL,NULL,'','2022-07-11 21:23:23','2022-07-11 21:23:23',NULL),(235,7272,2,1,NULL,NULL,1522,22,217,NULL,568,1,NULL,40720,40770,13136628,NULL,NULL,'2022-05-06','2022-05-06',8190,1,NULL,10038.43,10038.43,1,1.00,3,NULL,NULL,NULL,NULL,'','2022-07-11 21:23:23','2022-07-11 21:23:23',NULL),(236,7272,2,3,NULL,NULL,1522,22,217,NULL,568,1,NULL,40720,40774,00742605,NULL,NULL,'2022-05-06','2022-05-06',9408,1,NULL,5024.46,5024.46,1,1.00,3,NULL,NULL,NULL,NULL,'','2022-07-11 21:23:23','2022-07-11 21:23:23',NULL),(237,7272,2,1,NULL,NULL,1522,22,217,NULL,568,1,NULL,40720,40775,00022810,NULL,NULL,'2022-05-06','2022-05-06',0002,1,NULL,703.13,703.13,1,1.00,3,NULL,NULL,NULL,NULL,'','2022-07-11 21:23:23','2022-07-11 21:23:23',NULL),(238,7272,2,1,NULL,NULL,1522,22,217,NULL,568,1,NULL,40720,40779,00311242,NULL,NULL,'2022-05-06','2022-05-06',0002,1,NULL,1421.55,1421.55,1,1.00,3,NULL,NULL,NULL,NULL,'','2022-07-11 21:23:23','2022-07-11 21:23:23',NULL),(239,7272,2,3,NULL,NULL,1522,22,217,NULL,568,1,NULL,40720,40780,00309962,NULL,NULL,'2022-05-07','2022-05-07',0620,1,NULL,11061.81,11061.81,1,1.00,3,NULL,NULL,NULL,NULL,'','2022-07-11 21:23:23','2022-07-11 21:23:23',NULL),(240,7272,2,1,NULL,NULL,1522,22,217,NULL,568,1,NULL,40720,40780,02423677,NULL,NULL,'2022-05-07','2022-05-07',0618,1,NULL,11061.82,11061.82,1,1.00,3,NULL,NULL,NULL,NULL,'','2022-07-11 21:23:23','2022-07-11 21:23:23',NULL),(241,7272,2,1,NULL,NULL,1522,22,217,NULL,568,1,NULL,40720,40781,00016818,NULL,NULL,'2022-05-09','2022-05-09',0001,1,NULL,5169.69,5169.69,1,1.00,3,NULL,NULL,NULL,NULL,'','2022-07-11 21:23:23','2022-07-11 21:23:23',NULL),(242,7272,2,1,NULL,NULL,1522,22,217,NULL,568,1,NULL,40720,40771,00027213,NULL,NULL,'2022-05-09','2022-05-09',0003,1,NULL,3167.90,3167.90,1,1.00,3,NULL,NULL,NULL,NULL,'','2022-07-11 21:23:23','2022-07-11 21:23:23',NULL),(243,7272,2,1,NULL,NULL,1522,22,217,NULL,568,1,NULL,40720,40782,00250170,NULL,NULL,'2022-05-09','2022-05-09',0002,1,NULL,2309.90,2309.90,1,1.00,3,NULL,NULL,NULL,NULL,'','2022-07-11 21:23:24','2022-07-11 21:23:24',NULL),(244,7272,2,1,NULL,NULL,1522,22,217,NULL,568,1,NULL,40720,40770,13149554,NULL,NULL,'2022-05-09','2022-05-09',8190,1,NULL,3515.86,3515.86,1,1.00,3,NULL,NULL,NULL,NULL,'','2022-07-11 21:23:24','2022-07-11 21:23:24',NULL),(245,7272,2,1,NULL,NULL,1522,22,217,NULL,568,1,NULL,40720,40785,00041811,NULL,NULL,'2022-05-09','2022-05-09',0004,1,NULL,2055.92,2055.92,1,1.00,3,NULL,NULL,NULL,NULL,'','2022-07-11 21:23:24','2022-07-11 21:23:24',NULL),(246,7272,2,7,NULL,NULL,1522,22,250,NULL,568,1,NULL,40720,40793,00000091,NULL,NULL,'2022-05-10','2022-05-10',0002,1,NULL,5000.00,5000.00,1,1.00,3,NULL,NULL,NULL,NULL,'','2022-07-11 21:23:24','2022-07-11 21:23:24',NULL),(247,7272,2,1,NULL,NULL,1522,22,217,NULL,568,1,NULL,40720,40794,00000374,NULL,NULL,'2022-05-10','2022-05-10',0002,1,NULL,90000.00,90000.00,1,1.00,3,NULL,NULL,NULL,NULL,'','2022-07-11 21:23:24','2022-07-11 21:23:24',NULL),(248,7272,2,1,NULL,NULL,1522,22,217,NULL,568,1,NULL,40720,40779,00311704,NULL,NULL,'2022-05-10','2022-05-10',0002,1,NULL,1523.96,1523.96,1,1.00,3,NULL,NULL,NULL,NULL,'','2022-07-11 21:23:24','2022-07-11 21:23:24',NULL),(249,7272,2,1,NULL,NULL,1522,22,217,NULL,568,1,NULL,40720,40770,13168666,NULL,NULL,'2022-05-11','2022-05-11',8190,1,NULL,5202.59,5202.59,1,1.00,3,NULL,NULL,NULL,NULL,'','2022-07-11 21:23:24','2022-07-11 21:23:24',NULL),(250,7272,2,1,NULL,NULL,1522,22,217,NULL,568,1,NULL,40720,40780,02425621,NULL,NULL,'2022-05-11','2022-05-11',0618,1,NULL,6493.88,6493.88,1,1.00,3,NULL,NULL,NULL,NULL,'','2022-07-11 21:23:24','2022-07-11 21:23:24',NULL);
INSERT INTO `receipts` VALUES (251,7272,2,1,NULL,NULL,1522,22,217,NULL,568,1,NULL,40720,40795,00560144,NULL,NULL,'2022-05-12','2022-05-12',0178,1,NULL,8122.82,8122.82,1,1.00,3,NULL,NULL,NULL,NULL,'','2022-07-11 21:23:24','2022-07-11 21:23:24',NULL),(252,7272,2,1,NULL,NULL,1522,22,217,NULL,568,1,NULL,40720,40771,00027310,NULL,NULL,'2022-05-12','2022-05-12',0003,1,NULL,4600.06,4600.06,1,1.00,3,NULL,NULL,NULL,NULL,'','2022-07-11 21:23:24','2022-07-11 21:23:24',NULL),(253,7272,2,1,NULL,NULL,1522,22,217,NULL,568,1,NULL,40720,40772,00024211,NULL,NULL,'2022-05-12','2022-05-12',0003,1,NULL,8350.66,8350.66,1,1.00,3,NULL,NULL,NULL,NULL,'','2022-07-11 21:23:24','2022-07-11 21:23:24',NULL),(254,7272,2,1,NULL,NULL,1522,22,217,NULL,568,1,NULL,40720,40786,00094387,NULL,NULL,'2022-05-12','2022-05-12',0003,1,NULL,3071.46,3071.46,1,1.00,3,NULL,NULL,NULL,NULL,'','2022-07-11 21:23:24','2022-07-11 21:23:24',NULL),(255,7272,2,1,NULL,NULL,1522,22,217,NULL,568,1,NULL,40720,40774,04689670,NULL,NULL,'2022-05-12','2022-05-12',9407,1,NULL,12345.34,12345.34,1,1.00,3,NULL,NULL,NULL,NULL,'','2022-07-11 21:23:24','2022-07-11 21:23:24',NULL),(256,7272,2,1,NULL,NULL,1522,22,250,NULL,568,1,NULL,40720,40774,04689669,NULL,NULL,'2022-05-12','2022-05-12',9407,1,NULL,0.00,0.00,1,1.00,3,NULL,NULL,NULL,NULL,'','2022-07-11 21:23:24','2022-07-11 21:23:24',NULL),(257,7272,2,1,NULL,NULL,1522,22,250,NULL,568,1,NULL,40720,40774,04689671,NULL,NULL,'2022-05-12','2022-05-12',9407,1,NULL,0.00,0.00,1,1.00,3,NULL,NULL,NULL,NULL,'','2022-07-11 21:23:24','2022-07-11 21:23:24',NULL),(258,7272,2,1,NULL,NULL,1522,22,217,NULL,568,1,NULL,40720,40776,00566801,NULL,NULL,'2022-05-13','2022-05-13',0027,1,NULL,2287.33,2287.33,1,1.00,3,NULL,NULL,NULL,NULL,'','2022-07-11 21:23:24','2022-07-11 21:23:24',NULL),(259,7272,2,12,NULL,NULL,1522,22,250,NULL,568,1,NULL,40720,40719,00000195,NULL,NULL,'2022-05-13','2022-05-13',0002,1,NULL,9500.00,9500.00,1,1.00,3,NULL,NULL,NULL,NULL,'','2022-07-11 21:23:24','2022-07-11 21:23:24',NULL),(260,7272,2,1,NULL,NULL,1522,22,217,NULL,568,1,NULL,40720,40770,13185808,NULL,NULL,'2022-05-13','2022-05-13',8190,1,NULL,8353.78,8353.78,1,1.00,3,NULL,NULL,NULL,NULL,'','2022-07-11 21:23:24','2022-07-11 21:23:24',NULL),(261,7272,2,1,NULL,NULL,1522,22,217,NULL,568,1,NULL,40720,40778,01294873,NULL,NULL,'2022-05-13','2022-05-13',5002,1,NULL,3267.83,3267.83,1,1.00,3,NULL,NULL,NULL,NULL,'','2022-07-11 21:23:24','2022-07-11 21:23:24',NULL),(262,7272,2,1,NULL,NULL,1522,22,217,NULL,568,1,NULL,40720,40779,00312581,NULL,NULL,'2022-05-13','2022-05-13',0002,1,NULL,771.63,771.63,1,1.00,3,NULL,NULL,NULL,NULL,'','2022-07-11 21:23:24','2022-07-11 21:23:24',NULL),(263,7272,2,1,NULL,NULL,1522,22,217,NULL,568,1,NULL,40720,40781,00017855,NULL,NULL,'2022-05-14','2022-05-14',0001,1,NULL,5441.54,5441.54,1,1.00,3,NULL,NULL,NULL,NULL,'','2022-07-11 21:23:24','2022-07-11 21:23:24',NULL),(264,7272,2,1,NULL,NULL,1522,22,217,NULL,568,1,NULL,40720,40770,13200052,NULL,NULL,'2022-05-16','2022-05-16',8190,1,NULL,6585.23,6585.23,1,1.00,3,NULL,NULL,NULL,NULL,'','2022-07-11 21:23:24','2022-07-11 21:23:24',NULL),(265,7272,2,1,NULL,NULL,1522,22,217,NULL,568,1,NULL,40720,40782,00251470,NULL,NULL,'2022-05-16','2022-05-16',0002,1,NULL,4211.33,4211.33,1,1.00,3,NULL,NULL,NULL,NULL,'','2022-07-11 21:23:24','2022-07-11 21:23:24',NULL),(266,7272,2,1,NULL,NULL,1522,22,217,NULL,568,1,NULL,40720,40783,00064426,NULL,NULL,'2022-05-16','2022-05-16',0002,1,NULL,9977.36,9977.36,1,1.00,3,NULL,NULL,NULL,NULL,'','2022-07-11 21:23:24','2022-07-11 21:23:24',NULL),(267,7272,2,1,NULL,NULL,1522,22,217,NULL,568,1,NULL,40720,40784,00069460,NULL,NULL,'2022-05-16','2022-05-16',0002,1,NULL,3257.20,3257.20,1,1.00,3,NULL,NULL,NULL,NULL,'','2022-07-11 21:23:24','2022-07-11 21:23:24',NULL),(268,7272,2,4,NULL,NULL,1522,22,217,NULL,568,1,NULL,40720,40790,00415058,NULL,NULL,'2022-05-17','2022-05-17',5008,1,NULL,215.00,215.00,1,1.00,3,NULL,NULL,NULL,NULL,'','2022-07-11 21:23:24','2022-07-11 21:23:24',NULL);
INSERT INTO `receipts` VALUES (269,7272,2,4,NULL,NULL,1522,22,217,NULL,568,1,NULL,40720,40796,21663042,NULL,NULL,'2022-05-17','2022-05-17',0711,1,NULL,95.00,95.00,1,1.00,3,NULL,NULL,NULL,NULL,'','2022-07-11 21:23:25','2022-07-11 21:23:25',NULL),(270,7272,2,1,NULL,NULL,1522,22,217,NULL,568,1,NULL,40720,40777,05280621,NULL,NULL,'2022-05-17','2022-05-17',1229,1,NULL,2126.54,2126.54,1,1.00,3,NULL,NULL,NULL,NULL,'','2022-07-11 21:23:25','2022-07-11 21:23:25',NULL),(271,7272,2,1,NULL,NULL,1522,22,217,NULL,568,1,NULL,40720,40788,00752998,NULL,NULL,'2022-05-17','2022-05-17',0294,1,NULL,5537.72,5537.72,1,1.00,3,NULL,NULL,NULL,NULL,'','2022-07-11 21:23:25','2022-07-11 21:23:25',NULL),(272,7272,2,1,NULL,NULL,1522,22,217,NULL,568,1,NULL,40720,40789,00079748,NULL,NULL,'2022-05-17','2022-05-17',0007,1,NULL,3040.73,3040.73,1,1.00,3,NULL,NULL,NULL,NULL,'','2022-07-11 21:23:25','2022-07-11 21:23:25',NULL),(273,7272,2,1,NULL,NULL,1522,22,217,NULL,568,1,NULL,40720,40771,00027459,NULL,NULL,'2022-05-19','2022-05-19',0003,1,NULL,5529.70,5529.70,1,1.00,3,NULL,NULL,NULL,NULL,'','2022-07-11 21:23:25','2022-07-11 21:23:25',NULL),(274,7272,2,1,NULL,NULL,1522,22,217,NULL,568,1,NULL,40720,40780,02429972,NULL,NULL,'2022-05-19','2022-05-19',0618,1,NULL,18227.61,18227.61,1,1.00,3,NULL,NULL,NULL,NULL,'','2022-07-11 21:23:25','2022-07-11 21:23:25',NULL),(275,7272,2,1,NULL,NULL,1522,22,217,NULL,568,1,NULL,40720,40772,00024302,NULL,NULL,'2022-05-19','2022-05-19',0003,1,NULL,3257.40,3257.40,1,1.00,3,NULL,NULL,NULL,NULL,'','2022-07-11 21:23:25','2022-07-11 21:23:25',NULL),(276,7272,2,1,NULL,NULL,1522,22,217,NULL,568,1,NULL,40720,40775,00024723,NULL,NULL,'2022-05-19','2022-05-19',0002,1,NULL,4095.26,4095.26,1,1.00,3,NULL,NULL,NULL,NULL,'','2022-07-11 21:23:25','2022-07-11 21:23:25',NULL),(277,7272,2,1,NULL,NULL,1522,22,217,NULL,568,1,NULL,40720,40776,00568492,NULL,NULL,'2022-05-20','2022-05-20',0027,1,NULL,1229.74,1229.74,1,1.00,3,NULL,NULL,NULL,NULL,'','2022-07-11 21:23:25','2022-07-11 21:23:25',NULL),(278,7272,2,1,NULL,NULL,1522,22,217,NULL,568,1,NULL,40720,40770,13230222,NULL,NULL,'2022-05-20','2022-05-20',8190,1,NULL,15228.01,15228.01,1,1.00,3,NULL,NULL,NULL,NULL,'','2022-07-11 21:23:25','2022-07-11 21:23:25',NULL),(279,7272,2,1,NULL,NULL,1522,22,217,NULL,568,1,NULL,40720,40778,01299781,NULL,NULL,'2022-05-20','2022-05-20',5002,1,NULL,2196.12,2196.12,1,1.00,3,NULL,NULL,NULL,NULL,'','2022-07-11 21:23:25','2022-07-11 21:23:25',NULL),(280,7272,2,3,NULL,NULL,1522,22,217,NULL,568,1,NULL,40720,40770,01175169,NULL,NULL,'2022-05-21','2022-05-21',8190,1,NULL,4112.33,4112.33,1,1.00,3,NULL,NULL,NULL,NULL,'','2022-07-11 21:23:25','2022-07-11 21:23:25',NULL),(281,7272,2,1,NULL,NULL,1522,22,217,NULL,568,1,NULL,40720,40779,00313907,NULL,NULL,'2022-05-21','2022-05-21',0002,1,NULL,771.63,771.63,1,1.00,3,NULL,NULL,NULL,NULL,'','2022-07-11 21:23:25','2022-07-11 21:23:25',NULL),(282,7272,2,1,NULL,NULL,1522,22,217,NULL,568,1,NULL,40720,40781,00018743,NULL,NULL,'2022-05-23','2022-05-23',0001,1,NULL,5321.28,5321.28,1,1.00,3,NULL,NULL,NULL,NULL,'','2022-07-11 21:23:25','2022-07-11 21:23:25',NULL),(283,7272,2,1,NULL,NULL,1522,22,217,NULL,568,1,NULL,40720,40770,13245647,NULL,NULL,'2022-05-23','2022-05-23',8190,1,NULL,3114.21,3114.21,1,1.00,3,NULL,NULL,NULL,NULL,'','2022-07-11 21:23:25','2022-07-11 21:23:25',NULL),(284,7272,2,1,NULL,NULL,1522,22,217,NULL,568,1,NULL,40720,40782,00252653,NULL,NULL,'2022-05-23','2022-05-23',0002,1,NULL,1888.82,1888.82,1,1.00,3,NULL,NULL,NULL,NULL,'','2022-07-11 21:23:25','2022-07-11 21:23:25',NULL),(285,7272,2,1,NULL,NULL,1522,22,217,NULL,568,1,NULL,40720,40771,00027543,NULL,NULL,'2022-05-23','2022-05-23',0003,1,NULL,3537.92,3537.92,1,1.00,3,NULL,NULL,NULL,NULL,'','2022-07-11 21:23:25','2022-07-11 21:23:25',NULL),(286,7272,2,1,NULL,NULL,1522,22,217,NULL,568,1,NULL,40720,40779,00314356,NULL,NULL,'2022-05-24','2022-05-24',0002,1,NULL,1542.57,1542.57,1,1.00,3,NULL,NULL,NULL,NULL,'','2022-07-11 21:23:25','2022-07-11 21:23:25',NULL);
INSERT INTO `receipts` VALUES (287,7272,2,1,NULL,NULL,1522,22,217,NULL,568,1,NULL,40720,40780,02433673,NULL,NULL,'2022-05-26','2022-05-26',0618,1,NULL,8461.87,8461.87,1,1.00,3,NULL,NULL,NULL,NULL,'','2022-07-11 21:23:25','2022-07-11 21:23:25',NULL),(288,7272,2,1,NULL,NULL,1522,22,217,NULL,568,1,NULL,40720,40786,00095625,NULL,NULL,'2022-05-26','2022-05-26',0003,1,NULL,14337.90,14337.90,1,1.00,3,NULL,NULL,NULL,NULL,'','2022-07-11 21:23:25','2022-07-11 21:23:25',NULL),(289,7272,2,1,NULL,NULL,1522,22,217,NULL,568,1,NULL,40720,40775,00025847,NULL,NULL,'2022-05-26','2022-05-26',0002,1,NULL,3956.03,3956.03,1,1.00,3,NULL,NULL,NULL,NULL,'','2022-07-11 21:23:25','2022-07-11 21:23:25',NULL),(290,7272,2,1,NULL,NULL,1522,22,217,NULL,568,1,NULL,40720,40774,04705747,NULL,NULL,'2022-05-26','2022-05-26',9407,1,NULL,10502.26,10502.26,1,1.00,3,NULL,NULL,NULL,NULL,'','2022-07-11 21:23:25','2022-07-11 21:23:25',NULL),(291,7272,2,1,NULL,NULL,1522,22,217,NULL,568,1,NULL,40720,40777,05289822,NULL,NULL,'2022-05-27','2022-05-27',1229,1,NULL,7944.10,7944.10,1,1.00,3,NULL,NULL,NULL,NULL,'','2022-07-11 21:23:25','2022-07-11 21:23:25',NULL),(292,7272,2,1,NULL,NULL,1522,22,217,NULL,568,1,NULL,40720,40770,13282476,NULL,NULL,'2022-05-27','2022-05-27',8190,1,NULL,9880.78,9880.78,1,1.00,3,NULL,NULL,NULL,NULL,'','2022-07-11 21:23:25','2022-07-11 21:23:25',NULL),(293,7272,2,1,NULL,NULL,1522,22,217,NULL,568,1,NULL,40720,40778,01305601,NULL,NULL,'2022-05-27','2022-05-27',5002,1,NULL,2676.94,2676.94,1,1.00,3,NULL,NULL,NULL,NULL,'','2022-07-11 21:23:25','2022-07-11 21:23:25',NULL),(294,7272,2,1,NULL,NULL,1522,22,217,NULL,568,1,NULL,40720,40781,00019524,NULL,NULL,'2022-05-30','2022-05-30',0001,1,NULL,12660.53,12660.53,1,1.00,3,NULL,NULL,NULL,NULL,'','2022-07-11 21:23:25','2022-07-11 21:23:25',NULL),(295,7272,2,1,NULL,NULL,1522,22,217,NULL,568,1,NULL,40720,40770,13296970,NULL,NULL,'2022-05-30','2022-05-30',8190,1,NULL,2789.66,2789.66,1,1.00,3,NULL,NULL,NULL,NULL,'','2022-07-11 21:23:26','2022-07-11 21:23:26',NULL),(296,7272,2,1,NULL,NULL,1522,22,217,NULL,568,1,NULL,40720,40797,00002291,NULL,NULL,'2022-05-30','2022-05-30',0002,1,NULL,4750.00,4750.00,1,1.00,3,NULL,NULL,NULL,NULL,'','2022-07-11 21:23:26','2022-07-11 21:23:26',NULL),(297,7272,2,1,NULL,NULL,1522,22,217,NULL,568,1,NULL,40720,40788,00023762,NULL,NULL,'2022-05-31','2022-05-31',0547,1,NULL,2455.75,2455.75,1,1.00,3,NULL,NULL,NULL,NULL,'','2022-07-11 21:23:26','2022-07-11 21:23:26',NULL),(298,7272,2,1,NULL,NULL,1522,22,217,NULL,568,1,NULL,40720,40779,00315660,NULL,NULL,'2022-05-31','2022-05-31',0002,1,NULL,2075.91,2075.91,1,1.00,3,NULL,NULL,NULL,NULL,'','2022-07-11 21:23:26','2022-07-11 21:23:26',NULL),(299,7272,2,1,NULL,NULL,1523,22,217,NULL,568,1,NULL,40720,40798,00014145,00014145,NULL,'2022-06-24','2022-06-24',0001,1,NULL,2431.16,2431.16,1,1.00,3,NULL,NULL,NULL,NULL,'','2022-07-12 16:09:49','2022-07-12 16:28:24','2022-07-12 16:28:24'),(300,7272,2,1,NULL,NULL,1523,22,217,NULL,568,1,NULL,40720,40798,00014065,00014065,NULL,'2022-06-17','2022-06-17',0001,1,NULL,4136.14,4136.14,1,1.00,3,NULL,NULL,NULL,NULL,'','2022-07-12 16:10:19','2022-07-12 16:28:32','2022-07-12 16:28:32'),(301,7272,1,32,NULL,NULL,1522,22,NULL,NULL,568,1,NULL,40720,40718,00041265,00041291,NULL,'2022-05-02','2022-05-02',0002,1,NULL,12660.00,12660.00,1,1.00,3,NULL,NULL,NULL,NULL,'','2022-07-12 16:36:48','2022-07-12 16:37:35','2022-07-12 16:37:35'),(302,7272,1,1,NULL,NULL,3039,22,NULL,NULL,653,1,NULL,40722,40723,00001409,NULL,NULL,'2022-06-01','2022-06-01',0002,1,NULL,15000.37,15000.37,1,1.00,3,NULL,NULL,NULL,NULL,'','2022-07-14 17:35:42','2022-07-14 17:35:42',NULL),(303,7272,1,1,NULL,NULL,3039,22,NULL,NULL,653,1,NULL,40722,40724,00001410,NULL,NULL,'2022-06-02','2022-06-02',0002,1,NULL,175033.42,175033.42,1,1.00,3,NULL,NULL,NULL,NULL,'','2022-07-14 17:35:42','2022-07-14 17:35:42',NULL),(304,7272,1,1,NULL,NULL,3039,22,NULL,NULL,653,1,NULL,40722,40723,00001411,NULL,NULL,'2022-06-03','2022-06-03',0002,1,NULL,7642.36,7642.36,1,1.00,3,NULL,NULL,NULL,NULL,'','2022-07-14 17:35:42','2022-07-14 17:35:42',NULL);
INSERT INTO `receipts` VALUES (305,7272,1,1,NULL,NULL,3039,22,NULL,NULL,653,1,NULL,40722,40725,00001412,NULL,NULL,'2022-06-06','2022-06-06',0002,1,NULL,10432.62,10432.62,1,1.00,3,NULL,NULL,NULL,NULL,'','2022-07-14 17:35:42','2022-07-14 17:35:42',NULL),(306,7272,1,1,NULL,NULL,3039,22,NULL,NULL,653,1,NULL,40722,40723,00001413,NULL,NULL,'2022-06-14','2022-06-14',0002,1,NULL,5731.77,5731.77,1,1.00,3,NULL,NULL,NULL,NULL,'','2022-07-14 17:35:42','2022-07-14 17:35:42',NULL),(307,7272,1,1,NULL,NULL,3039,22,NULL,NULL,653,1,NULL,40722,40723,00001414,NULL,NULL,'2022-06-14','2022-06-14',0002,1,NULL,10977.12,10977.12,1,1.00,3,NULL,NULL,NULL,NULL,'','2022-07-14 17:35:42','2022-07-14 17:35:42',NULL),(308,7272,1,1,NULL,NULL,3039,22,NULL,NULL,653,1,NULL,40722,40725,00001415,NULL,NULL,'2022-06-22','2022-06-22',0002,1,NULL,36037.43,36037.43,1,1.00,3,NULL,NULL,NULL,NULL,'','2022-07-14 17:35:42','2022-07-14 17:35:42',NULL),(309,7272,1,1,NULL,NULL,3039,22,NULL,NULL,653,1,NULL,40722,40723,00001416,NULL,NULL,'2022-06-24','2022-06-24',0002,1,NULL,10977.12,10977.12,1,1.00,3,NULL,NULL,NULL,NULL,'','2022-07-14 17:35:42','2022-07-14 17:35:42',NULL),(310,7272,2,1,NULL,NULL,3039,22,217,NULL,653,1,NULL,40722,40799,00008597,NULL,NULL,'2022-06-01','2022-06-01',0002,1,NULL,2194.75,2194.75,1,1.00,3,NULL,NULL,NULL,NULL,'','2022-07-14 17:36:39','2022-07-14 17:36:39',NULL),(311,7272,2,1,NULL,NULL,3039,22,217,NULL,653,1,NULL,40722,40800,00001575,NULL,NULL,'2022-06-01','2022-06-01',0002,1,NULL,6705.00,6705.00,1,1.00,3,NULL,NULL,NULL,NULL,'','2022-07-14 17:36:39','2022-07-14 17:36:39',NULL),(312,7272,2,1,NULL,NULL,3039,22,217,NULL,653,1,NULL,40722,40727,00046753,NULL,NULL,'2022-06-01','2022-06-01',2034,1,NULL,554.38,554.38,1,1.00,3,NULL,NULL,NULL,NULL,'','2022-07-14 17:36:39','2022-07-14 17:36:39',NULL),(313,7272,2,1,NULL,NULL,3039,22,217,NULL,653,1,NULL,40722,40726,00014497,NULL,NULL,'2022-06-02','2022-06-02',2061,1,NULL,3242.74,3242.74,1,1.00,3,NULL,NULL,NULL,NULL,'','2022-07-14 17:36:39','2022-07-14 17:36:39',NULL),(314,7272,2,1,NULL,NULL,3039,22,217,NULL,653,1,NULL,40722,40726,00014499,NULL,NULL,'2022-06-03','2022-06-03',2061,1,NULL,2629.22,2629.22,1,1.00,3,NULL,NULL,NULL,NULL,'','2022-07-14 17:36:39','2022-07-14 17:36:39',NULL),(315,7272,2,1,NULL,NULL,3039,22,217,NULL,653,1,NULL,40722,40726,00022301,NULL,NULL,'2022-06-04','2022-06-04',2108,1,NULL,4070.16,4070.16,1,1.00,3,NULL,NULL,NULL,NULL,'','2022-07-14 17:36:39','2022-07-14 17:36:39',NULL),(316,7272,2,1,NULL,NULL,3039,22,217,NULL,653,1,NULL,40722,40727,00026089,NULL,NULL,'2022-06-04','2022-06-04',2003,1,NULL,350.50,350.50,1,1.00,3,NULL,NULL,NULL,NULL,'','2022-07-14 17:36:39','2022-07-14 17:36:39',NULL),(317,7272,2,1,NULL,NULL,3039,22,217,NULL,653,1,NULL,40722,40726,00014539,NULL,NULL,'2022-06-05','2022-06-05',2061,1,NULL,2739.85,2739.85,1,1.00,3,NULL,NULL,NULL,NULL,'','2022-07-14 17:36:39','2022-07-14 17:36:39',NULL),(318,7272,2,1,NULL,NULL,3039,22,217,NULL,653,1,NULL,40722,40730,00000204,NULL,NULL,'2022-06-06','2022-06-06',10232,1,NULL,1589.64,1589.64,1,1.00,3,NULL,NULL,NULL,NULL,'','2022-07-14 17:36:39','2022-07-14 17:36:39',NULL),(319,7272,2,4,NULL,NULL,3039,22,217,NULL,653,1,NULL,40722,40726,02868045,NULL,NULL,'2022-06-07','2022-06-07',2061,1,NULL,166.68,166.68,1,1.00,3,NULL,NULL,NULL,NULL,'','2022-07-14 17:36:39','2022-07-14 17:36:39',NULL),(320,7272,2,1,NULL,NULL,3039,22,217,NULL,653,1,NULL,40722,40726,00014571,NULL,NULL,'2022-06-07','2022-06-07',2061,1,NULL,2537.34,2537.34,1,1.00,3,NULL,NULL,NULL,NULL,'','2022-07-14 17:36:39','2022-07-14 17:36:39',NULL),(321,7272,2,1,NULL,NULL,3039,22,217,NULL,653,1,NULL,40722,40728,00730487,NULL,NULL,'2022-06-07','2022-06-07',2465,1,NULL,3761.43,3761.43,1,1.00,3,NULL,NULL,NULL,NULL,'','2022-07-14 17:36:39','2022-07-14 17:36:39',NULL),(322,7272,2,1,NULL,NULL,3039,22,217,NULL,653,1,NULL,40722,40801,00001898,NULL,NULL,'2022-06-08','2022-06-08',1004,1,NULL,575.98,575.98,1,1.00,3,NULL,NULL,NULL,NULL,'','2022-07-14 17:36:39','2022-07-14 17:36:39',NULL);
INSERT INTO `receipts` VALUES (323,7272,2,4,NULL,NULL,3039,22,217,NULL,653,1,NULL,40722,40802,00509206,NULL,NULL,'2022-06-09','2022-06-09',0001,1,NULL,3753.06,3753.06,1,1.00,3,NULL,NULL,NULL,NULL,'','2022-07-14 17:36:39','2022-07-14 17:36:39',NULL),(324,7272,2,4,NULL,NULL,3039,22,217,NULL,653,1,NULL,40722,40726,02874613,NULL,NULL,'2022-06-10','2022-06-10',2061,1,NULL,728.76,728.76,1,1.00,3,NULL,NULL,NULL,NULL,'','2022-07-14 17:36:39','2022-07-14 17:36:39',NULL),(325,7272,2,1,NULL,NULL,3039,22,217,NULL,653,1,NULL,40722,40730,00000207,NULL,NULL,'2022-06-10','2022-06-10',10232,1,NULL,3127.70,3127.70,1,1.00,3,NULL,NULL,NULL,NULL,'','2022-07-14 17:36:39','2022-07-14 17:36:39',NULL),(326,7272,2,1,NULL,NULL,3039,22,217,NULL,653,1,NULL,40722,40726,00014620,NULL,NULL,'2022-06-10','2022-06-10',2061,1,NULL,5273.77,5273.77,1,1.00,3,NULL,NULL,NULL,NULL,'','2022-07-14 17:36:39','2022-07-14 17:36:39',NULL),(327,7272,2,4,NULL,NULL,3039,22,217,NULL,653,1,NULL,40722,40726,02877528,NULL,NULL,'2022-06-11','2022-06-11',2061,1,NULL,656.14,656.14,1,1.00,3,NULL,NULL,NULL,NULL,'','2022-07-14 17:36:39','2022-07-14 17:36:39',NULL),(328,7272,2,1,NULL,NULL,3039,22,217,NULL,653,1,NULL,40722,40803,00003537,NULL,NULL,'2022-06-11','2022-06-11',0005,1,NULL,3143.94,3143.94,1,1.00,3,NULL,NULL,NULL,NULL,'','2022-07-14 17:36:39','2022-07-14 17:36:39',NULL),(329,7272,2,1,NULL,NULL,3039,22,217,NULL,653,1,NULL,40722,40730,00000262,NULL,NULL,'2022-06-12','2022-06-12',10634,1,NULL,1898.73,1898.73,1,1.00,3,NULL,NULL,NULL,NULL,'','2022-07-14 17:36:39','2022-07-14 17:36:39',NULL),(330,7272,2,1,NULL,NULL,3039,22,217,NULL,653,1,NULL,40722,40732,00000135,NULL,NULL,'2022-06-12','2022-06-12',16013,1,NULL,1280.74,1280.74,1,1.00,3,NULL,NULL,NULL,NULL,'','2022-07-14 17:36:39','2022-07-14 17:36:39',NULL),(331,7272,2,1,NULL,NULL,3039,22,217,NULL,653,1,NULL,40722,40729,02170846,NULL,NULL,'2022-06-12','2022-06-12',0949,1,NULL,3400.17,3400.17,1,1.00,3,NULL,NULL,NULL,NULL,'','2022-07-14 17:36:39','2022-07-14 17:36:39',NULL),(332,7272,2,4,NULL,NULL,3039,22,217,NULL,653,1,NULL,40722,40804,00089891,NULL,NULL,'2022-06-13','2022-06-13',0009,1,NULL,7378.00,7378.00,1,1.00,3,NULL,NULL,NULL,NULL,'','2022-07-14 17:36:40','2022-07-14 17:36:40',NULL),(333,7272,2,1,NULL,NULL,3039,22,217,NULL,653,1,NULL,40722,40727,00046677,NULL,NULL,'2022-06-13','2022-06-13',2031,1,NULL,444.00,444.00,1,1.00,3,NULL,NULL,NULL,NULL,'','2022-07-14 17:36:40','2022-07-14 17:36:40',NULL),(334,7272,2,1,NULL,NULL,3039,22,217,NULL,653,1,NULL,40722,40735,00000074,NULL,NULL,'2022-06-14','2022-06-14',12359,1,NULL,3321.61,3321.61,1,1.00,3,NULL,NULL,NULL,NULL,'','2022-07-14 17:36:40','2022-07-14 17:36:40',NULL),(335,7272,2,12,NULL,NULL,3039,22,250,NULL,653,1,NULL,40722,40719,00000200,NULL,NULL,'2022-06-16','2022-06-16',0002,1,NULL,9500.00,9500.00,1,1.00,3,NULL,NULL,NULL,NULL,'','2022-07-14 17:36:40','2022-07-14 17:36:40',NULL),(336,7272,2,1,NULL,NULL,3039,22,217,NULL,653,1,NULL,40722,40726,00014705,NULL,NULL,'2022-06-16','2022-06-16',2061,1,NULL,3954.35,3954.35,1,1.00,3,NULL,NULL,NULL,NULL,'','2022-07-14 17:36:40','2022-07-14 17:36:40',NULL),(337,7272,2,1,NULL,NULL,3039,22,217,NULL,653,1,NULL,40722,40733,04100889,NULL,NULL,'2022-06-16','2022-06-16',6723,1,NULL,8338.54,8338.54,1,1.00,3,NULL,NULL,NULL,NULL,'','2022-07-14 17:36:40','2022-07-14 17:36:40',NULL),(338,7272,2,1,NULL,NULL,3039,22,217,NULL,653,1,NULL,40722,40801,00002098,NULL,NULL,'2022-06-17','2022-06-17',1004,1,NULL,408.01,408.01,1,1.00,3,NULL,NULL,NULL,NULL,'','2022-07-14 17:36:40','2022-07-14 17:36:40',NULL),(339,7272,2,1,NULL,NULL,3039,22,217,NULL,653,1,NULL,40722,40727,00015656,NULL,NULL,'2022-06-17','2022-06-17',2001,1,NULL,1003.95,1003.95,1,1.00,3,NULL,NULL,NULL,NULL,'','2022-07-14 17:36:40','2022-07-14 17:36:40',NULL),(340,7272,2,1,NULL,NULL,3039,22,217,NULL,653,1,NULL,40722,40726,00022619,NULL,NULL,'2022-06-18','2022-06-18',2108,1,NULL,2364.86,2364.86,1,1.00,3,NULL,NULL,NULL,NULL,'','2022-07-14 17:36:40','2022-07-14 17:36:40',NULL);
INSERT INTO `receipts` VALUES (341,7272,2,1,NULL,NULL,3039,22,217,NULL,653,1,NULL,40722,40730,00000273,NULL,NULL,'2022-06-19','2022-06-19',10634,1,NULL,3254.69,3254.69,1,1.00,3,NULL,NULL,NULL,NULL,'','2022-07-14 17:36:40','2022-07-14 17:36:40',NULL),(342,7272,2,1,NULL,NULL,3039,22,217,NULL,653,1,NULL,40722,40726,00014769,NULL,NULL,'2022-06-19','2022-06-19',2061,1,NULL,1188.00,1188.00,1,1.00,3,NULL,NULL,NULL,NULL,'','2022-07-14 17:36:40','2022-07-14 17:36:40',NULL),(343,7272,2,1,NULL,NULL,3039,22,217,NULL,653,1,NULL,40722,40726,00014759,NULL,NULL,'2022-06-19','2022-06-19',2061,1,NULL,2431.24,2431.24,1,1.00,3,NULL,NULL,NULL,NULL,'','2022-07-14 17:36:40','2022-07-14 17:36:40',NULL),(344,7272,2,4,NULL,NULL,3039,22,217,NULL,653,1,NULL,40722,40726,02899934,NULL,NULL,'2022-06-20','2022-06-20',2061,1,NULL,719.64,719.64,1,1.00,3,NULL,NULL,NULL,NULL,'','2022-07-14 17:36:40','2022-07-14 17:36:40',NULL),(345,7272,2,1,NULL,NULL,3039,22,217,NULL,653,1,NULL,40722,40730,00000276,NULL,NULL,'2022-06-20','2022-06-20',10634,1,NULL,561.40,561.40,1,1.00,3,NULL,NULL,NULL,NULL,'','2022-07-14 17:36:40','2022-07-14 17:36:40',NULL),(346,7272,2,1,NULL,NULL,3039,22,217,NULL,653,1,NULL,40722,40730,00000275,NULL,NULL,'2022-06-20','2022-06-20',10634,1,NULL,1669.50,1669.50,1,1.00,3,NULL,NULL,NULL,NULL,'','2022-07-14 17:36:40','2022-07-14 17:36:40',NULL),(347,7272,2,1,NULL,NULL,3039,22,217,NULL,653,1,NULL,40722,40726,00014794,NULL,NULL,'2022-06-21','2022-06-21',2061,1,NULL,3201.10,3201.10,1,1.00,3,NULL,NULL,NULL,NULL,'','2022-07-14 17:36:40','2022-07-14 17:36:40',NULL),(348,7272,2,1,NULL,NULL,3039,22,217,NULL,653,1,NULL,40722,40727,00047657,NULL,NULL,'2022-06-21','2022-06-21',2031,1,NULL,446.49,446.49,1,1.00,3,NULL,NULL,NULL,NULL,'','2022-07-14 17:36:40','2022-07-14 17:36:40',NULL),(349,7272,2,1,NULL,NULL,3039,22,217,NULL,653,1,NULL,40722,40726,00014817,NULL,NULL,'2022-06-23','2022-06-23',2061,1,NULL,3587.16,3587.16,1,1.00,3,NULL,NULL,NULL,NULL,'','2022-07-14 17:36:40','2022-07-14 17:36:40',NULL),(350,7272,2,1,NULL,NULL,3039,22,217,NULL,653,1,NULL,40722,40726,00014804,NULL,NULL,'2022-06-23','2022-06-23',2061,1,NULL,557.28,557.28,1,1.00,3,NULL,NULL,NULL,NULL,'','2022-07-14 17:36:40','2022-07-14 17:36:40',NULL),(351,7272,2,1,NULL,NULL,3039,22,217,NULL,653,1,NULL,40722,40727,00027666,NULL,NULL,'2022-06-23','2022-06-23',2003,1,NULL,488.77,488.77,1,1.00,3,NULL,NULL,NULL,NULL,'','2022-07-14 17:36:40','2022-07-14 17:36:40',NULL),(352,7272,2,1,NULL,NULL,3039,22,217,NULL,653,1,NULL,40722,40726,00014834,NULL,NULL,'2022-06-24','2022-06-24',2061,1,NULL,832.37,832.37,1,1.00,3,NULL,NULL,NULL,NULL,'','2022-07-14 17:36:40','2022-07-14 17:36:40',NULL),(353,7272,2,1,NULL,NULL,3039,22,217,NULL,653,1,NULL,40722,40726,00022753,NULL,NULL,'2022-06-25','2022-06-25',2108,1,NULL,7746.72,7746.72,1,1.00,3,NULL,NULL,NULL,NULL,'','2022-07-14 17:36:40','2022-07-14 17:36:40',NULL),(354,7272,2,1,NULL,NULL,3039,22,217,NULL,653,1,NULL,40722,40726,00014867,NULL,NULL,'2022-06-27','2022-06-27',2061,1,NULL,1711.68,1711.68,1,1.00,3,NULL,NULL,NULL,NULL,'','2022-07-14 17:36:40','2022-07-14 17:36:40',NULL),(355,7272,2,1,NULL,NULL,3039,22,217,NULL,653,1,NULL,40722,40726,00014885,NULL,NULL,'2022-06-28','2022-06-28',2061,1,NULL,2412.66,2412.66,1,1.00,3,NULL,NULL,NULL,NULL,'','2022-07-14 17:36:40','2022-07-14 17:36:40',NULL),(356,7272,2,1,NULL,NULL,3039,22,217,NULL,653,1,NULL,40722,40730,00000288,NULL,NULL,'2022-06-29','2022-06-29',10634,1,NULL,1427.54,1427.54,1,1.00,3,NULL,NULL,NULL,NULL,'','2022-07-14 17:36:40','2022-07-14 17:36:40',NULL),(357,7272,2,1,NULL,NULL,3039,22,217,NULL,653,1,NULL,40722,40801,00002254,NULL,NULL,'2022-06-29','2022-06-29',1004,1,NULL,465.27,465.27,1,1.00,3,NULL,NULL,NULL,NULL,'','2022-07-14 17:36:41','2022-07-14 17:36:41',NULL),(358,7272,2,4,NULL,NULL,3039,22,217,NULL,653,1,NULL,40722,40726,02922794,NULL,NULL,'2022-06-30','2022-06-30',2061,1,NULL,823.64,823.64,1,1.00,3,NULL,NULL,NULL,NULL,'','2022-07-14 17:36:41','2022-07-14 17:36:41',NULL);
INSERT INTO `receipts` VALUES (359,7272,2,1,NULL,NULL,3039,22,217,NULL,653,1,NULL,40722,40730,00000224,NULL,NULL,'2022-06-30','2022-06-30',10232,1,NULL,684.85,684.85,1,1.00,3,NULL,NULL,NULL,NULL,'','2022-07-14 17:36:41','2022-07-14 17:36:41',NULL),(360,7272,2,1,NULL,NULL,3039,22,217,NULL,653,1,NULL,40722,40726,00014912,NULL,NULL,'2022-06-30','2022-06-30',2061,1,NULL,1569.05,1569.05,1,1.00,3,NULL,NULL,NULL,NULL,'','2022-07-14 17:36:41','2022-07-14 17:36:41',NULL),(361,7272,2,3,NULL,NULL,3039,22,217,NULL,653,1,NULL,40722,40739,00517227,NULL,NULL,'2022-06-30','2022-06-30',0011,1,NULL,529.19,529.19,1,1.00,3,NULL,NULL,NULL,NULL,'','2022-07-14 17:36:41','2022-07-14 17:36:41',NULL),(362,7272,2,1,NULL,NULL,3039,22,217,NULL,653,1,NULL,40722,40739,00672435,NULL,NULL,'2022-06-30','2022-06-30',0011,1,NULL,60420.73,60420.73,1,1.00,3,NULL,NULL,NULL,NULL,'','2022-07-14 17:36:41','2022-07-14 17:36:41',NULL),(363,7272,2,7,NULL,NULL,4555,22,250,NULL,904,1,NULL,40740,40743,00000153,NULL,NULL,'2022-06-01','2022-06-01',0003,1,NULL,28000.00,28000.00,1,1.00,3,NULL,NULL,NULL,NULL,'','2022-07-14 20:58:44','2022-07-14 20:58:44',NULL),(364,7272,2,1,NULL,NULL,4555,22,217,NULL,904,1,NULL,40740,40745,00000215,NULL,NULL,'2022-06-01','2022-06-01',0004,1,NULL,1100.00,1100.00,1,1.00,3,NULL,NULL,NULL,NULL,'','2022-07-14 20:58:44','2022-07-14 20:58:44',NULL),(365,7272,2,7,NULL,NULL,4555,22,250,NULL,904,1,NULL,40740,40762,00000043,NULL,NULL,'2022-06-02','2022-06-02',0002,1,NULL,8000.00,8000.00,1,1.00,3,NULL,NULL,NULL,NULL,'','2022-07-14 20:58:44','2022-07-14 20:58:44',NULL),(366,7272,2,4,NULL,NULL,4555,22,217,NULL,904,1,NULL,40740,40805,00010537,NULL,NULL,'2022-06-03','2022-06-03',0054,1,NULL,31352.19,31352.19,1,1.00,3,NULL,NULL,NULL,NULL,'','2022-07-14 20:58:44','2022-07-14 20:58:44',NULL),(367,7272,2,1,NULL,NULL,4555,22,217,NULL,904,1,NULL,40740,40756,00000014,NULL,NULL,'2022-06-04','2022-06-04',0008,1,NULL,6250.00,6250.00,1,1.00,3,NULL,NULL,NULL,NULL,'','2022-07-14 20:58:44','2022-07-14 20:58:44',NULL),(368,7272,2,1,NULL,NULL,4555,22,217,NULL,904,1,NULL,40740,40806,00007366,NULL,NULL,'2022-06-05','2022-06-05',8100,1,NULL,4452.20,4452.20,1,1.00,3,NULL,NULL,NULL,NULL,'','2022-07-14 20:58:44','2022-07-14 20:58:44',NULL),(369,7272,2,1,NULL,NULL,4555,22,217,NULL,904,1,NULL,40740,40750,00000540,NULL,NULL,'2022-06-07','2022-06-07',0003,1,NULL,1500.00,1500.00,1,1.00,3,NULL,NULL,NULL,NULL,'','2022-07-14 20:58:44','2022-07-14 20:58:44',NULL),(370,7272,2,1,NULL,NULL,4555,22,217,NULL,904,1,NULL,40740,40745,00000217,NULL,NULL,'2022-06-08','2022-06-08',0004,1,NULL,1100.00,1100.00,1,1.00,3,NULL,NULL,NULL,NULL,'','2022-07-14 20:58:44','2022-07-14 20:58:44',NULL),(371,7272,2,1,NULL,NULL,4555,22,217,NULL,904,1,NULL,40740,40744,00007583,NULL,NULL,'2022-06-08','2022-06-08',0011,1,NULL,5300.00,5300.00,1,1.00,3,NULL,NULL,NULL,NULL,'','2022-07-14 20:58:44','2022-07-14 20:58:44',NULL),(372,7272,2,7,NULL,NULL,4555,22,250,NULL,904,1,NULL,40740,40807,00000073,NULL,NULL,'2022-06-10','2022-06-10',0002,1,NULL,16000.00,16000.00,1,1.00,3,NULL,NULL,NULL,NULL,'','2022-07-14 20:58:44','2022-07-14 20:58:44',NULL),(373,7272,2,1,NULL,NULL,4555,22,217,NULL,904,1,NULL,40740,40745,00000220,NULL,NULL,'2022-06-13','2022-06-13',0004,1,NULL,1100.00,1100.00,1,1.00,3,NULL,NULL,NULL,NULL,'','2022-07-14 20:58:44','2022-07-14 20:58:44',NULL),(374,7272,2,5,NULL,NULL,4555,22,217,NULL,904,1,NULL,40740,40759,00107662,NULL,NULL,'2022-06-15','2022-06-15',0700,1,NULL,8.17,8.17,1,1.00,3,NULL,NULL,NULL,NULL,'','2022-07-14 20:58:44','2022-07-14 20:58:44',NULL),(375,7272,2,5,NULL,NULL,4555,22,217,NULL,904,1,NULL,40740,40759,00107663,NULL,NULL,'2022-06-15','2022-06-15',0700,1,NULL,17.40,17.40,1,1.00,3,NULL,NULL,NULL,NULL,'','2022-07-14 20:58:44','2022-07-14 20:58:44',NULL),(376,7272,2,5,NULL,NULL,4555,22,217,NULL,904,1,NULL,40740,40759,00107664,NULL,NULL,'2022-06-15','2022-06-15',0700,1,NULL,21.83,21.83,1,1.00,3,NULL,NULL,NULL,NULL,'','2022-07-14 20:58:44','2022-07-14 20:58:44',NULL);
INSERT INTO `receipts` VALUES (377,7272,2,1,NULL,NULL,4555,22,217,NULL,904,1,NULL,40740,40733,04151279,NULL,NULL,'2022-06-16','2022-06-16',6723,1,NULL,2572.22,2572.22,1,1.00,3,NULL,NULL,NULL,NULL,'','2022-07-14 20:58:44','2022-07-14 20:58:44',NULL),(378,7272,2,1,NULL,NULL,4555,22,217,NULL,904,1,NULL,40740,40727,00043023,NULL,NULL,'2022-06-17','2022-06-17',2004,1,NULL,5613.21,5613.21,1,1.00,3,NULL,NULL,NULL,NULL,'','2022-07-14 20:58:44','2022-07-14 20:58:44',NULL),(379,7272,2,4,NULL,NULL,4555,22,217,NULL,904,1,NULL,40740,40796,22856579,NULL,NULL,'2022-06-18','2022-06-18',0711,1,NULL,326.00,326.00,1,1.00,3,NULL,NULL,NULL,NULL,'','2022-07-14 20:58:44','2022-07-14 20:58:44',NULL),(380,7272,2,1,NULL,NULL,4555,22,217,NULL,904,1,NULL,40740,40808,00000024,NULL,NULL,'2022-06-18','2022-06-18',0100,1,NULL,5610.00,5610.00,1,1.00,3,NULL,NULL,NULL,NULL,'','2022-07-14 20:58:44','2022-07-14 20:58:44',NULL),(381,7272,2,1,NULL,NULL,4555,22,250,NULL,904,1,NULL,40740,40809,00000502,NULL,NULL,'2022-06-24','2022-06-24',0008,1,NULL,73950.00,73950.00,1,1.00,3,NULL,NULL,NULL,NULL,'','2022-07-14 20:58:44','2022-07-14 20:58:44',NULL),(382,7272,2,1,NULL,NULL,4555,22,217,NULL,904,1,NULL,40740,40763,00007204,NULL,NULL,'2022-06-24','2022-06-24',0004,1,NULL,1783.98,1783.98,1,1.00,3,NULL,NULL,NULL,NULL,'','2022-07-14 20:58:44','2022-07-14 20:58:44',NULL),(383,7272,2,12,NULL,NULL,4555,22,250,NULL,904,1,NULL,40740,40719,00000201,NULL,NULL,'2022-06-26','2022-06-26',0002,1,NULL,8000.00,8000.00,1,1.00,3,NULL,NULL,NULL,NULL,'','2022-07-14 20:58:44','2022-07-14 20:58:44',NULL),(384,7272,2,7,NULL,NULL,4555,22,250,NULL,904,1,NULL,40740,40762,00000044,NULL,NULL,'2022-06-30','2022-06-30',0002,1,NULL,8000.00,8000.00,1,1.00,3,NULL,NULL,NULL,NULL,'','2022-07-14 20:58:44','2022-07-14 20:58:44',NULL),(385,7272,1,4,NULL,NULL,4555,22,NULL,NULL,904,1,NULL,40740,40810,00000002,NULL,NULL,'2022-06-01','2022-06-01',0003,1,NULL,127445.00,127445.00,1,1.00,3,NULL,NULL,NULL,NULL,'','2022-07-14 21:01:58','2022-07-14 21:01:58',NULL),(386,7272,1,4,NULL,NULL,4555,22,NULL,NULL,904,1,NULL,40740,40811,00000003,NULL,NULL,'2022-06-15','2022-06-15',0003,1,NULL,44528.00,44528.00,1,1.00,3,NULL,NULL,NULL,NULL,'','2022-07-14 21:01:58','2022-07-14 21:01:58',NULL),(387,7272,1,16,NULL,NULL,4555,22,NULL,NULL,904,1,NULL,40740,40812,00000009,NULL,NULL,'2022-06-16','2022-06-16',0003,1,NULL,198440.00,198440.00,1,1.00,3,NULL,NULL,NULL,NULL,'','2022-07-14 21:01:58','2022-07-14 21:01:58',NULL),(388,7272,1,16,NULL,NULL,4555,22,NULL,NULL,904,1,NULL,40740,40812,00000010,NULL,NULL,'2022-06-23','2022-06-23',0003,1,NULL,204490.00,204490.00,1,1.00,3,NULL,NULL,NULL,NULL,'','2022-07-14 21:01:58','2022-07-14 21:01:58',NULL);

--
